2026-07-22 15:30:20.589 8 INFO placement.requestlog [None req-7b148c3a-b1c3-4d67-9263-ca9a14491e16 4011ba8c455c4e2ba95ef2bf179df314 daa6b506ce93425592035649aac7f9fe - - 61ea86f6f5e740cfbe062016b557289d 61ea86f6f5e740cfbe062016b557289d] 10.0.0.37 "GET /resource_providers/79e33fb7-1c75-43f8-bcb8-4bc42fa613f3/aggregates" status: 404 len: 235 microversion: 1.1 [pid: 8|app: 0|req: 576/1156] 10.0.0.37 () {32 vars in 815 bytes} [Wed Jul 22 15:30:20 2026] GET /resource_providers/79e33fb7-1c75-43f8-bcb8-4bc42fa613f3/aggregates => generated 235 bytes in 13 msecs (HTTP/1.1 404) 5 headers in 202 bytes (1 switches on core 0)
2026-07-22 15:30:20.617 7 INFO placement.requestlog [None req-ba0ac097-a66c-4381-a5c1-65c1a864cb98 4011ba8c455c4e2ba95ef2bf179df314 daa6b506ce93425592035649aac7f9fe - - 61ea86f6f5e740cfbe062016b557289d 61ea86f6f5e740cfbe062016b557289d] 10.0.0.37 "DELETE /resource_providers/79e33fb7-1c75-43f8-bcb8-4bc42fa613f3" status: 404 len: 246 microversion: 1.1 [pid: 7|app: 0|req: 581/1157] 10.0.0.37 () {34 vars in 815 bytes} [Wed Jul 22 15:30:20 2026] DELETE /resource_providers/79e33fb7-1c75-43f8-bcb8-4bc42fa613f3 => generated 246 bytes in 11 msecs (HTTP/1.1 404) 6 headers in 231 bytes (1 switches on core 0)
2026-07-22 15:30:20.622 8 INFO placement.requestlog [None req-465bade7-a9e4-49f4-bedf-9d5058f26dd0 4011ba8c455c4e2ba95ef2bf179df314 daa6b506ce93425592035649aac7f9fe - - 61ea86f6f5e740cfbe062016b557289d 61ea86f6f5e740cfbe062016b557289d] 10.0.0.37 "DELETE /resource_providers/79e33fb7-1c75-43f8-bcb8-4bc42fa613f3" status: 404 len: 246 microversion: 1.1 [pid: 8|app: 0|req: 577/1158] 10.0.0.37 () {34 vars in 815 bytes} [Wed Jul 22 15:30:20 2026] DELETE /resource_providers/79e33fb7-1c75-43f8-bcb8-4bc42fa613f3 => generated 246 bytes in 18 msecs (HTTP/1.1 404) 6 headers in 231 bytes (1 switches on core 0)
2026-07-22 15:30:21.469 7 INFO placement.requestlog [None req-d77f7d69-9edb-4464-bb2d-9c9c4f1b3ad9 4011ba8c455c4e2ba95ef2bf179df314 daa6b506ce93425592035649aac7f9fe - - 61ea86f6f5e740cfbe062016b557289d 61ea86f6f5e740cfbe062016b557289d] 10.0.0.37 "GET /resource_providers/81a19396-89bc-4c75-a31e-3994324587fc/aggregates" status: 404 len: 235 microversion: 1.1 [pid: 7|app: 0|req: 582/1159] 10.0.0.37 () {32 vars in 815 bytes} [Wed Jul 22 15:30:21 2026] GET /resource_providers/81a19396-89bc-4c75-a31e-3994324587fc/aggregates => generated 235 bytes in 10 msecs (HTTP/1.1 404) 5 headers in 202 bytes (1 switches on core 0)
2026-07-22 15:30:21.475 8 INFO placement.requestlog [None req-7074b48b-bc23-4e5d-8ffc-b1bdeac30936 4011ba8c455c4e2ba95ef2bf179df314 daa6b506ce93425592035649aac7f9fe - - 61ea86f6f5e740cfbe062016b557289d 61ea86f6f5e740cfbe062016b557289d] 10.0.0.37 "GET /resource_providers/81a19396-89bc-4c75-a31e-3994324587fc/aggregates" status: 404 len: 235 microversion: 1.1 [pid: 8|app: 0|req: 578/1160] 10.0.0.37 () {32 vars in 815 bytes} [Wed Jul 22 15:30:21 2026] GET /resource_providers/81a19396-89bc-4c75-a31e-3994324587fc/aggregates => generated 235 bytes in 16 msecs (HTTP/1.1 404) 5 headers in 202 bytes (1 switches on core 0)
2026-07-22 15:30:21.514 8 INFO placement.requestlog [None req-6c6706d7-6cf9-4d80-809c-6f23e53e3404 4011ba8c455c4e2ba95ef2bf179df314 daa6b506ce93425592035649aac7f9fe - - 61ea86f6f5e740cfbe062016b557289d 61ea86f6f5e740cfbe062016b557289d] 10.0.0.37 "DELETE /resource_providers/81a19396-89bc-4c75-a31e-3994324587fc" status: 404 len: 246 microversion: 1.1 [pid: 8|app: 0|req: 579/1161] 10.0.0.37 () {34 vars in 815 bytes} [Wed Jul 22 15:30:21 2026] DELETE /resource_providers/81a19396-89bc-4c75-a31e-3994324587fc => generated 246 bytes in 22 msecs (HTTP/1.1 404) 6 headers in 231 bytes (1 switches on core 0)
2026-07-22 15:30:21.515 7 INFO placement.requestlog [None req-d297b7fc-cb18-4990-87f8-cbe96bd5d59e 4011ba8c455c4e2ba95ef2bf179df314 daa6b506ce93425592035649aac7f9fe - - 61ea86f6f5e740cfbe062016b557289d 61ea86f6f5e740cfbe062016b557289d] 10.0.0.37 "DELETE /resource_providers/81a19396-89bc-4c75-a31e-3994324587fc" status: 404 len: 246 microversion: 1.1 [pid: 7|app: 0|req: 583/1162] 10.0.0.37 () {34 vars in 815 bytes} [Wed Jul 22 15:30:21 2026] DELETE /resource_providers/81a19396-89bc-4c75-a31e-3994324587fc => generated 246 bytes in 24 msecs (HTTP/1.1 404) 6 headers in 231 bytes (1 switches on core 0)
2026-07-22 15:30:21.541 8 INFO placement.requestlog [None req-bddf9d8d-6b95-4e17-83b7-b91273ade058 4011ba8c455c4e2ba95ef2bf179df314 daa6b506ce93425592035649aac7f9fe - - 61ea86f6f5e740cfbe062016b557289d 61ea86f6f5e740cfbe062016b557289d] 10.0.0.37 "GET /resource_providers/ec06c938-b184-4c5c-b9d0-69af9fd2c88e/aggregates" status: 404 len: 235 microversion: 1.1 [pid: 8|app: 0|req: 580/1163] 10.0.0.37 () {32 vars in 815 bytes} [Wed Jul 22 15:30:21 2026] GET /resource_providers/ec06c938-b184-4c5c-b9d0-69af9fd2c88e/aggregates => generated 235 bytes in 9 msecs (HTTP/1.1 404) 5 headers in 202 bytes (1 switches on core 0)
2026-07-22 15:30:21.542 7 INFO placement.requestlog [None req-e9e3e266-4e10-47f7-9ef2-2e1b7a18b8c3 4011ba8c455c4e2ba95ef2bf179df314 daa6b506ce93425592035649aac7f9fe - - 61ea86f6f5e740cfbe062016b557289d 61ea86f6f5e740cfbe062016b557289d] 10.0.0.37 "GET /resource_providers/ec06c938-b184-4c5c-b9d0-69af9fd2c88e/aggregates" status: 404 len: 235 microversion: 1.1 [pid: 7|app: 0|req: 584/1164] 10.0.0.37 () {32 vars in 815 bytes} [Wed Jul 22 15:30:21 2026] GET /resource_providers/ec06c938-b184-4c5c-b9d0-69af9fd2c88e/aggregates => generated 235 bytes in 9 msecs (HTTP/1.1 404) 5 headers in 202 bytes (1 switches on core 0)
2026-07-22 15:30:21.577 8 INFO placement.requestlog [None req-93a86a5b-80f2-4577-a723-4249ba95bb0a 4011ba8c455c4e2ba95ef2bf179df314 daa6b506ce93425592035649aac7f9fe - - 61ea86f6f5e740cfbe062016b557289d 61ea86f6f5e740cfbe062016b557289d] 10.0.0.37 "DELETE /resource_providers/ec06c938-b184-4c5c-b9d0-69af9fd2c88e" status: 404 len: 246 microversion: 1.1 [pid: 8|app: 0|req: 581/1165] 10.0.0.37 () {34 vars in 815 bytes} [Wed Jul 22 15:30:21 2026] DELETE /resource_providers/ec06c938-b184-4c5c-b9d0-69af9fd2c88e => generated 246 bytes in 10 msecs (HTTP/1.1 404) 6 headers in 231 bytes (1 switches on core 0)
2026-07-22 15:30:21.577 7 INFO placement.requestlog [None req-e3502b0d-58a3-4942-accf-b8664fcc0214 4011ba8c455c4e2ba95ef2bf179df314 daa6b506ce93425592035649aac7f9fe - - 61ea86f6f5e740cfbe062016b557289d 61ea86f6f5e740cfbe062016b557289d] 10.0.0.37 "DELETE /resource_providers/ec06c938-b184-4c5c-b9d0-69af9fd2c88e" status: 404 len: 246 microversion: 1.1 [pid: 7|app: 0|req: 585/1166] 10.0.0.37 () {34 vars in 815 bytes} [Wed Jul 22 15:30:21 2026] DELETE /resource_providers/ec06c938-b184-4c5c-b9d0-69af9fd2c88e => generated 246 bytes in 10 msecs (HTTP/1.1 404) 6 headers in 231 bytes (1 switches on core 0)
2026-07-22 15:30:21.603 7 INFO placement.requestlog [None req-3bcdec81-b934-49e1-9510-d0fb4d1236a4 4011ba8c455c4e2ba95ef2bf179df314 daa6b506ce93425592035649aac7f9fe - - 61ea86f6f5e740cfbe062016b557289d 61ea86f6f5e740cfbe062016b557289d] 10.0.0.37 "GET /resource_providers/a54fbec8-e00d-4393-a67e-e745646044ea/aggregates" status: 404 len: 235 microversion: 1.1 [pid: 7|app: 0|req: 586/1167] 10.0.0.37 () {32 vars in 815 bytes} [Wed Jul 22 15:30:21 2026] GET /resource_providers/a54fbec8-e00d-4393-a67e-e745646044ea/aggregates => generated 235 bytes in 13 msecs (HTTP/1.1 404) 5 headers in 202 bytes (1 switches on core 0)
2026-07-22 15:30:21.604 8 INFO placement.requestlog [None req-9c90bfeb-c417-49c8-aa59-7af8356d942f 4011ba8c455c4e2ba95ef2bf179df314 daa6b506ce93425592035649aac7f9fe - - 61ea86f6f5e740cfbe062016b557289d 61ea86f6f5e740cfbe062016b557289d] 10.0.0.37 "GET /resource_providers/a54fbec8-e00d-4393-a67e-e745646044ea/aggregates" status: 404 len: 235 microversion: 1.1 [pid: 8|app: 0|req: 582/1168] 10.0.0.37 () {32 vars in 815 bytes} [Wed Jul 22 15:30:21 2026] GET /resource_providers/a54fbec8-e00d-4393-a67e-e745646044ea/aggregates => generated 235 bytes in 13 msecs (HTTP/1.1 404) 5 headers in 202 bytes (1 switches on core 0)
2026-07-22 15:30:21.625 8 INFO placement.requestlog [None req-1ad67f14-2201-4c66-b751-d58b9290c855 4011ba8c455c4e2ba95ef2bf179df314 daa6b506ce93425592035649aac7f9fe - - 61ea86f6f5e740cfbe062016b557289d 61ea86f6f5e740cfbe062016b557289d] 10.0.0.37 "DELETE /resource_providers/a54fbec8-e00d-4393-a67e-e745646044ea" status: 404 len: 246 microversion: 1.1 [pid: 8|app: 0|req: 583/1169] 10.0.0.37 () {34 vars in 815 bytes} [Wed Jul 22 15:30:21 2026] DELETE /resource_providers/a54fbec8-e00d-4393-a67e-e745646044ea => generated 246 bytes in 12 msecs (HTTP/1.1 404) 6 headers in 231 bytes (1 switches on core 0)
2026-07-22 15:30:21.626 7 INFO placement.requestlog [None req-fc0a3ba7-c66d-4b7e-bd6e-303bd1494093 4011ba8c455c4e2ba95ef2bf179df314 daa6b506ce93425592035649aac7f9fe - - 61ea86f6f5e740cfbe062016b557289d 61ea86f6f5e740cfbe062016b557289d] 10.0.0.37 "DELETE /resource_providers/a54fbec8-e00d-4393-a67e-e745646044ea" status: 404 len: 246 microversion: 1.1 [pid: 7|app: 0|req: 587/1170] 10.0.0.37 () {34 vars in 815 bytes} [Wed Jul 22 15:30:21 2026] DELETE /resource_providers/a54fbec8-e00d-4393-a67e-e745646044ea => generated 246 bytes in 13 msecs (HTTP/1.1 404) 6 headers in 231 bytes (1 switches on core 0)
2026-07-22 15:30:22.080 8 INFO placement.requestlog [req-5d132864-bf72-4700-937f-0d173b5dc381 req-8869c588-be1e-4a9e-a3e0-9404effbbc17 3d5c99ec9ac94b3eac39ff4982b80e43 daa6b506ce93425592035649aac7f9fe - - 61ea86f6f5e740cfbe062016b557289d 61ea86f6f5e740cfbe062016b557289d] 10.0.0.56 "GET /allocation_candidates?limit=1000&resources=DISK_GB%3A1%2CMEMORY_MB%3A512%2CVCPU%3A1&root_required=%21COMPUTE_STATUS_DISABLED" status: 200 len: 2149 microversion: 1.36 [pid: 8|app: 0|req: 584/1171] 10.0.0.56 () {34 vars in 1011 bytes} [Wed Jul 22 15:30:22 2026] GET /allocation_candidates?limit=1000&resources=DISK_GB%3A1%2CMEMORY_MB%3A512%2CVCPU%3A1&root_required=%21COMPUTE_STATUS_DISABLED => generated 2149 bytes in 49 msecs (HTTP/1.1 200) 8 headers in 297 bytes (1 switches on core 0)
2026-07-22 15:30:22.118 7 INFO placement.requestlog [req-5d132864-bf72-4700-937f-0d173b5dc381 req-f5938d75-1314-4789-854f-33a84593c42b 3d5c99ec9ac94b3eac39ff4982b80e43 daa6b506ce93425592035649aac7f9fe - - 61ea86f6f5e740cfbe062016b557289d 61ea86f6f5e740cfbe062016b557289d] 10.0.0.56 "GET /allocations/0240e0b3-006c-470b-9055-f55532da6929" status: 200 len: 19 microversion: 1.28 [pid: 7|app: 0|req: 588/1172] 10.0.0.56 () {34 vars in 860 bytes} [Wed Jul 22 15:30:22 2026] GET /allocations/0240e0b3-006c-470b-9055-f55532da6929 => generated 19 bytes in 14 msecs (HTTP/1.1 200) 8 headers in 295 bytes (1 switches on core 0)
2026-07-22 15:30:22.189 8 INFO placement.requestlog [req-5d132864-bf72-4700-937f-0d173b5dc381 req-84fe01b8-c322-4c14-a2f4-0a27914a6bd1 3d5c99ec9ac94b3eac39ff4982b80e43 daa6b506ce93425592035649aac7f9fe - - 61ea86f6f5e740cfbe062016b557289d 61ea86f6f5e740cfbe062016b557289d] 10.0.0.56 "PUT /allocations/0240e0b3-006c-470b-9055-f55532da6929" status: 204 len: 0 microversion: 1.36 [pid: 8|app: 0|req: 585/1173] 10.0.0.56 () {38 vars in 913 bytes} [Wed Jul 22 15:30:22 2026] PUT /allocations/0240e0b3-006c-470b-9055-f55532da6929 => generated 0 bytes in 64 msecs (HTTP/1.1 204) 5 headers in 199 bytes (1 switches on core 0)
2026-07-22 15:30:22.441 7 INFO placement.requestlog [req-5d132864-bf72-4700-937f-0d173b5dc381 req-d332b863-f96b-4aa8-8cf8-abb39f5dbc4b 3d5c99ec9ac94b3eac39ff4982b80e43 daa6b506ce93425592035649aac7f9fe - - 61ea86f6f5e740cfbe062016b557289d 61ea86f6f5e740cfbe062016b557289d] 199.204.45.235 "GET /allocations/0240e0b3-006c-470b-9055-f55532da6929" status: 200 len: 258 microversion: 1.28 [pid: 7|app: 0|req: 589/1174] 199.204.45.235 () {34 vars in 863 bytes} [Wed Jul 22 15:30:22 2026] GET /allocations/0240e0b3-006c-470b-9055-f55532da6929 => generated 258 bytes in 13 msecs (HTTP/1.1 200) 8 headers in 296 bytes (1 switches on core 0)
2026-07-22 15:30:22.566 8 INFO placement.requestlog [req-5d132864-bf72-4700-937f-0d173b5dc381 req-1d80f6d7-58ed-4169-84b2-6e6509ceb65e 3d5c99ec9ac94b3eac39ff4982b80e43 daa6b506ce93425592035649aac7f9fe - - 61ea86f6f5e740cfbe062016b557289d 61ea86f6f5e740cfbe062016b557289d] 199.204.45.235 "GET /resource_providers/8faec509-7555-40ee-9729-9c092a34c6b2/allocations" status: 200 len: 253 microversion: 1.0 [pid: 8|app: 0|req: 586/1175] 199.204.45.235 () {32 vars in 857 bytes} [Wed Jul 22 15:30:22 2026] GET /resource_providers/8faec509-7555-40ee-9729-9c092a34c6b2/allocations => generated 253 bytes in 32 msecs (HTTP/1.1 200) 6 headers in 224 bytes (1 switches on core 0)
2026-07-22 15:30:22.590 7 INFO placement.requestlog [req-5d132864-bf72-4700-937f-0d173b5dc381 req-20094ec9-e105-47e2-878c-1e0498954399 3d5c99ec9ac94b3eac39ff4982b80e43 daa6b506ce93425592035649aac7f9fe - - 61ea86f6f5e740cfbe062016b557289d 61ea86f6f5e740cfbe062016b557289d] 199.204.45.235 "GET /allocations/ed717654-0a22-4ec0-bc50-1e56b7f5cc54" status: 200 len: 258 microversion: 1.28 [pid: 7|app: 0|req: 590/1176] 199.204.45.235 () {34 vars in 863 bytes} [Wed Jul 22 15:30:22 2026] GET /allocations/ed717654-0a22-4ec0-bc50-1e56b7f5cc54 => generated 258 bytes in 16 msecs (HTTP/1.1 200) 8 headers in 296 bytes (1 switches on core 0)
2026-07-22 15:30:22.620 8 INFO placement.requestlog [req-5d132864-bf72-4700-937f-0d173b5dc381 req-7ee16d08-7d94-44d4-bdad-a3fbf883dfc9 3d5c99ec9ac94b3eac39ff4982b80e43 daa6b506ce93425592035649aac7f9fe - - 61ea86f6f5e740cfbe062016b557289d 61ea86f6f5e740cfbe062016b557289d] 199.204.45.235 "GET /allocations/0240e0b3-006c-470b-9055-f55532da6929" status: 200 len: 258 microversion: 1.28 [pid: 8|app: 0|req: 587/1177] 199.204.45.235 () {34 vars in 863 bytes} [Wed Jul 22 15:30:22 2026] GET /allocations/0240e0b3-006c-470b-9055-f55532da6929 => generated 258 bytes in 19 msecs (HTTP/1.1 200) 8 headers in 296 bytes (1 switches on core 0)
2026-07-22 15:30:22.653 7 INFO placement.requestlog [None req-cd2b1a27-81a0-4bc9-9ea3-c3d7b2d0bb37 4011ba8c455c4e2ba95ef2bf179df314 daa6b506ce93425592035649aac7f9fe - - 61ea86f6f5e740cfbe062016b557289d 61ea86f6f5e740cfbe062016b557289d] 10.0.0.37 "GET /resource_providers/12b09a26-3a6f-4b96-a8b2-4a80e21322e8/aggregates" status: 404 len: 235 microversion: 1.1 [pid: 7|app: 0|req: 591/1178] 10.0.0.37 () {32 vars in 815 bytes} [Wed Jul 22 15:30:22 2026] GET /resource_providers/12b09a26-3a6f-4b96-a8b2-4a80e21322e8/aggregates => generated 235 bytes in 11 msecs (HTTP/1.1 404) 5 headers in 202 bytes (1 switches on core 0)
2026-07-22 15:30:22.659 8 INFO placement.requestlog [None req-a62adbfc-1481-4de8-93ee-f11a7e433c75 4011ba8c455c4e2ba95ef2bf179df314 daa6b506ce93425592035649aac7f9fe - - 61ea86f6f5e740cfbe062016b557289d 61ea86f6f5e740cfbe062016b557289d] 10.0.0.37 "GET /resource_providers/12b09a26-3a6f-4b96-a8b2-4a80e21322e8/aggregates" status: 404 len: 235 microversion: 1.1 [pid: 8|app: 0|req: 588/1179] 10.0.0.37 () {32 vars in 815 bytes} [Wed Jul 22 15:30:22 2026] GET /resource_providers/12b09a26-3a6f-4b96-a8b2-4a80e21322e8/aggregates => generated 235 bytes in 16 msecs (HTTP/1.1 404) 5 headers in 202 bytes (1 switches on core 0)
2026-07-22 15:30:22.676 7 INFO placement.requestlog [None req-0f7794e2-5bb1-4354-b542-a15712c881ba 4011ba8c455c4e2ba95ef2bf179df314 daa6b506ce93425592035649aac7f9fe - - 61ea86f6f5e740cfbe062016b557289d 61ea86f6f5e740cfbe062016b557289d] 10.0.0.37 "DELETE /resource_providers/12b09a26-3a6f-4b96-a8b2-4a80e21322e8" status: 404 len: 246 microversion: 1.1 [pid: 7|app: 0|req: 592/1180] 10.0.0.37 () {34 vars in 815 bytes} [Wed Jul 22 15:30:22 2026] DELETE /resource_providers/12b09a26-3a6f-4b96-a8b2-4a80e21322e8 => generated 246 bytes in 13 msecs (HTTP/1.1 404) 6 headers in 231 bytes (1 switches on core 0)
2026-07-22 15:30:22.681 8 INFO placement.requestlog [None req-5030eb2d-2c42-459a-8b32-1a36ff866f73 4011ba8c455c4e2ba95ef2bf179df314 daa6b506ce93425592035649aac7f9fe - - 61ea86f6f5e740cfbe062016b557289d 61ea86f6f5e740cfbe062016b557289d] 10.0.0.37 "DELETE /resource_providers/12b09a26-3a6f-4b96-a8b2-4a80e21322e8" status: 404 len: 246 microversion: 1.1 [pid: 8|app: 0|req: 589/1181] 10.0.0.37 () {34 vars in 815 bytes} [Wed Jul 22 15:30:22 2026] DELETE /resource_providers/12b09a26-3a6f-4b96-a8b2-4a80e21322e8 => generated 246 bytes in 11 msecs (HTTP/1.1 404) 6 headers in 231 bytes (1 switches on core 0)
2026-07-22 15:30:22.964 7 INFO placement.requestlog [None req-b07cde0e-c99b-424e-b758-df956099381f - - - - - -] 10.0.0.195 "GET /" status: 200 len: 136 microversion: 1.0
2026-07-22 15:30:22.964 8 INFO placement.requestlog [None req-8ed31827-7b05-4dbd-9597-3f6aa14c74f4 - - - - - -] 10.0.0.195 "GET /" status: 200 len: 136 microversion: 1.0
2026-07-22 15:30:30.076 7 INFO placement.requestlog [None req-7cd298f8-542a-446b-8fa8-ae40e61c2d86 4011ba8c455c4e2ba95ef2bf179df314 daa6b506ce93425592035649aac7f9fe - - 61ea86f6f5e740cfbe062016b557289d 61ea86f6f5e740cfbe062016b557289d] 10.0.0.37 "GET /resource_providers/dbf97879-8b8e-45d9-a012-94212aa09bc3/aggregates" status: 404 len: 235 microversion: 1.1 [pid: 7|app: 0|req: 594/1184] 10.0.0.37 () {32 vars in 815 bytes} [Wed Jul 22 15:30:30 2026] GET /resource_providers/dbf97879-8b8e-45d9-a012-94212aa09bc3/aggregates => generated 235 bytes in 16 msecs (HTTP/1.1 404) 5 headers in 202 bytes (1 switches on core 0)
2026-07-22 15:30:30.084 8 INFO placement.requestlog [None req-89c0d1dd-130f-4cc8-91ed-52fc569c30bf 4011ba8c455c4e2ba95ef2bf179df314 daa6b506ce93425592035649aac7f9fe - - 61ea86f6f5e740cfbe062016b557289d 61ea86f6f5e740cfbe062016b557289d] 10.0.0.37 "GET /resource_providers/dbf97879-8b8e-45d9-a012-94212aa09bc3/aggregates" status: 404 len: 235 microversion: 1.1 [pid: 8|app: 0|req: 591/1185] 10.0.0.37 () {32 vars in 815 bytes} [Wed Jul 22 15:30:30 2026] GET /resource_providers/dbf97879-8b8e-45d9-a012-94212aa09bc3/aggregates => generated 235 bytes in 15 msecs (HTTP/1.1 404) 5 headers in 202 bytes (1 switches on core 0)
2026-07-22 15:30:30.114 8 INFO placement.requestlog [None req-06d56f29-00ae-4c69-b8bb-e09cbb94fe2e 4011ba8c455c4e2ba95ef2bf179df314 daa6b506ce93425592035649aac7f9fe - - 61ea86f6f5e740cfbe062016b557289d 61ea86f6f5e740cfbe062016b557289d] 10.0.0.37 "DELETE /resource_providers/dbf97879-8b8e-45d9-a012-94212aa09bc3" status: 404 len: 246 microversion: 1.1 [pid: 8|app: 0|req: 592/1186] 10.0.0.37 () {34 vars in 815 bytes} [Wed Jul 22 15:30:30 2026] DELETE /resource_providers/dbf97879-8b8e-45d9-a012-94212aa09bc3 => generated 246 bytes in 13 msecs (HTTP/1.1 404) 6 headers in 231 bytes (1 switches on core 0)
2026-07-22 15:30:30.123 7 INFO placement.requestlog [None req-165a9c14-4cbe-43ce-8748-4308358c0c0a 4011ba8c455c4e2ba95ef2bf179df314 daa6b506ce93425592035649aac7f9fe - - 61ea86f6f5e740cfbe062016b557289d 61ea86f6f5e740cfbe062016b557289d] 10.0.0.37 "DELETE /resource_providers/dbf97879-8b8e-45d9-a012-94212aa09bc3" status: 404 len: 246 microversion: 1.1 [pid: 7|app: 0|req: 595/1187] 10.0.0.37 () {34 vars in 815 bytes} [Wed Jul 22 15:30:30 2026] DELETE /resource_providers/dbf97879-8b8e-45d9-a012-94212aa09bc3 => generated 246 bytes in 23 msecs (HTTP/1.1 404) 6 headers in 231 bytes (1 switches on core 0)
2026-07-22 15:30:32.963 8 INFO placement.requestlog [None req-6002de09-6026-4775-8113-1adc2702f6a9 - - - - - -] 10.0.0.195 "GET /" status: 200 len: 136 microversion: 1.0
2026-07-22 15:30:32.964 7 INFO placement.requestlog [None req-96822ec2-792e-4f22-885b-d5f35a27bc36 - - - - - -] 10.0.0.195 "GET /" status: 200 len: 136 microversion: 1.0
2026-07-22 15:30:37.327 8 INFO placement.requestlog [req-a268f205-60a2-4ffa-b8ed-09c301c0038f req-abc889b5-7def-48fa-973a-14a553b78522 3d5c99ec9ac94b3eac39ff4982b80e43 daa6b506ce93425592035649aac7f9fe - - 61ea86f6f5e740cfbe062016b557289d 61ea86f6f5e740cfbe062016b557289d] 199.204.45.235 "GET /resource_providers/8faec509-7555-40ee-9729-9c092a34c6b2/allocations" status: 200 len: 253 microversion: 1.0 [pid: 8|app: 0|req: 594/1190] 199.204.45.235 () {32 vars in 857 bytes} [Wed Jul 22 15:30:37 2026] GET /resource_providers/8faec509-7555-40ee-9729-9c092a34c6b2/allocations => generated 253 bytes in 185 msecs (HTTP/1.1 200) 6 headers in 224 bytes (1 switches on core 0)
2026-07-22 15:30:37.362 7 INFO placement.requestlog [req-a268f205-60a2-4ffa-b8ed-09c301c0038f req-a73a0571-39d3-4a24-a49e-4cdabb33d39a 3d5c99ec9ac94b3eac39ff4982b80e43 daa6b506ce93425592035649aac7f9fe - - 61ea86f6f5e740cfbe062016b557289d 61ea86f6f5e740cfbe062016b557289d] 199.204.45.235 "GET /resource_providers?in_tree=8faec509-7555-40ee-9729-9c092a34c6b2" status: 200 len: 798 microversion: 1.14 [pid: 7|app: 0|req: 597/1191] 199.204.45.235 () {34 vars in 892 bytes} [Wed Jul 22 15:30:37 2026] GET /resource_providers?in_tree=8faec509-7555-40ee-9729-9c092a34c6b2 => generated 798 bytes in 25 msecs (HTTP/1.1 200) 6 headers in 225 bytes (1 switches on core 0)
2026-07-22 15:30:37.390 8 INFO placement.requestlog [req-a268f205-60a2-4ffa-b8ed-09c301c0038f req-126910ab-02e2-45e6-adbe-ceb13d6c3cbc 3d5c99ec9ac94b3eac39ff4982b80e43 daa6b506ce93425592035649aac7f9fe - - 61ea86f6f5e740cfbe062016b557289d 61ea86f6f5e740cfbe062016b557289d] 199.204.45.235 "GET /resource_providers/8faec509-7555-40ee-9729-9c092a34c6b2/inventories" status: 200 len: 401 microversion: 1.0 [pid: 8|app: 0|req: 595/1192] 199.204.45.235 () {32 vars in 857 bytes} [Wed Jul 22 15:30:37 2026] GET /resource_providers/8faec509-7555-40ee-9729-9c092a34c6b2/inventories => generated 401 bytes in 21 msecs (HTTP/1.1 200) 6 headers in 224 bytes (1 switches on core 0)
2026-07-22 15:30:37.416 7 INFO placement.requestlog [req-a268f205-60a2-4ffa-b8ed-09c301c0038f req-1d91acfe-7dd2-451b-9a2b-5e4e087f5548 3d5c99ec9ac94b3eac39ff4982b80e43 daa6b506ce93425592035649aac7f9fe - - 61ea86f6f5e740cfbe062016b557289d 61ea86f6f5e740cfbe062016b557289d] 199.204.45.235 "GET /resource_providers/8faec509-7555-40ee-9729-9c092a34c6b2/aggregates" status: 200 len: 54 microversion: 1.19 [pid: 7|app: 0|req: 598/1193] 199.204.45.235 () {34 vars in 899 bytes} [Wed Jul 22 15:30:37 2026] GET /resource_providers/8faec509-7555-40ee-9729-9c092a34c6b2/aggregates => generated 54 bytes in 18 msecs (HTTP/1.1 200) 8 headers in 295 bytes (1 switches on core 0)
2026-07-22 15:30:37.453 8 INFO placement.requestlog [req-a268f205-60a2-4ffa-b8ed-09c301c0038f req-3c4dde56-0210-4fd7-a53b-62c95af721f2 3d5c99ec9ac94b3eac39ff4982b80e43 daa6b506ce93425592035649aac7f9fe - - 61ea86f6f5e740cfbe062016b557289d 61ea86f6f5e740cfbe062016b557289d] 199.204.45.235 "GET /resource_providers/8faec509-7555-40ee-9729-9c092a34c6b2/traits" status: 200 len: 1683 microversion: 1.6 [pid: 8|app: 0|req: 596/1194] 199.204.45.235 () {34 vars in 890 bytes} [Wed Jul 22 15:30:37 2026] GET /resource_providers/8faec509-7555-40ee-9729-9c092a34c6b2/traits => generated 1683 bytes in 28 msecs (HTTP/1.1 200) 6 headers in 225 bytes (1 switches on core 0)
2026-07-22 15:30:37.490 7 INFO placement.requestlog [req-a268f205-60a2-4ffa-b8ed-09c301c0038f req-99d6cc79-9601-4a4f-80c6-2577ecaa5567 3d5c99ec9ac94b3eac39ff4982b80e43 daa6b506ce93425592035649aac7f9fe - - 61ea86f6f5e740cfbe062016b557289d 61ea86f6f5e740cfbe062016b557289d] 199.204.45.235 "GET /resource_providers/8faec509-7555-40ee-9729-9c092a34c6b2/allocations" status: 200 len: 253 microversion: 1.0 [pid: 7|app: 0|req: 599/1195] 199.204.45.235 () {32 vars in 857 bytes} [Wed Jul 22 15:30:37 2026] GET /resource_providers/8faec509-7555-40ee-9729-9c092a34c6b2/allocations => generated 253 bytes in 28 msecs (HTTP/1.1 200) 6 headers in 224 bytes (1 switches on core 0)
2026-07-22 15:30:37.524 8 INFO placement.requestlog [req-a268f205-60a2-4ffa-b8ed-09c301c0038f req-41a539d0-521b-4ef7-a6ac-a0502875b070 3d5c99ec9ac94b3eac39ff4982b80e43 daa6b506ce93425592035649aac7f9fe - - 61ea86f6f5e740cfbe062016b557289d 61ea86f6f5e740cfbe062016b557289d] 199.204.45.235 "GET /allocations/ed717654-0a22-4ec0-bc50-1e56b7f5cc54" status: 200 len: 258 microversion: 1.28 [pid: 8|app: 0|req: 597/1196] 199.204.45.235 () {34 vars in 863 bytes} [Wed Jul 22 15:30:37 2026] GET /allocations/ed717654-0a22-4ec0-bc50-1e56b7f5cc54 => generated 258 bytes in 25 msecs (HTTP/1.1 200) 8 headers in 296 bytes (1 switches on core 0)
2026-07-22 15:30:37.546 7 INFO placement.requestlog [req-a268f205-60a2-4ffa-b8ed-09c301c0038f req-7d1b432e-e375-42c1-9223-b5356b5f8de3 3d5c99ec9ac94b3eac39ff4982b80e43 daa6b506ce93425592035649aac7f9fe - - 61ea86f6f5e740cfbe062016b557289d 61ea86f6f5e740cfbe062016b557289d] 199.204.45.235 "GET /allocations/0240e0b3-006c-470b-9055-f55532da6929" status: 200 len: 258 microversion: 1.28 [pid: 7|app: 0|req: 600/1197] 199.204.45.235 () {34 vars in 863 bytes} [Wed Jul 22 15:30:37 2026] GET /allocations/0240e0b3-006c-470b-9055-f55532da6929 => generated 258 bytes in 12 msecs (HTTP/1.1 200) 8 headers in 296 bytes (1 switches on core 0)
2026-07-22 15:30:42.935 8 INFO placement.requestlog [req-35ba9aff-bc9c-4051-a764-5268b7d2823c req-3debf591-4623-4c08-a79f-bcad8d4cd09b 3d5c99ec9ac94b3eac39ff4982b80e43 daa6b506ce93425592035649aac7f9fe - - 61ea86f6f5e740cfbe062016b557289d 61ea86f6f5e740cfbe062016b557289d] 199.204.45.235 "GET /resource_providers/8faec509-7555-40ee-9729-9c092a34c6b2/allocations" status: 200 len: 253 microversion: 1.0 [pid: 8|app: 0|req: 598/1198] 199.204.45.235 () {32 vars in 857 bytes} [Wed Jul 22 15:30:42 2026] GET /resource_providers/8faec509-7555-40ee-9729-9c092a34c6b2/allocations => generated 253 bytes in 42 msecs (HTTP/1.1 200) 6 headers in 224 bytes (1 switches on core 0)
2026-07-22 15:30:42.963 8 INFO placement.requestlog [None req-3a458cd0-18f5-4042-ab90-6cb4d4a29e85 - - - - - -] 10.0.0.195 "GET /" status: 200 len: 136 microversion: 1.0
2026-07-22 15:30:42.965 8 INFO placement.requestlog [None req-b9218d42-814e-445f-845e-0eab7772cbbd - - - - - -] 10.0.0.195 "GET /" status: 200 len: 136 microversion: 1.0
2026-07-22 15:30:42.966 7 INFO placement.requestlog [req-35ba9aff-bc9c-4051-a764-5268b7d2823c req-e8bb7c60-9bb8-4f20-bc24-e4e1cf6d88df 3d5c99ec9ac94b3eac39ff4982b80e43 daa6b506ce93425592035649aac7f9fe - - 61ea86f6f5e740cfbe062016b557289d 61ea86f6f5e740cfbe062016b557289d] 199.204.45.235 "GET /allocations/ed717654-0a22-4ec0-bc50-1e56b7f5cc54" status: 200 len: 258 microversion: 1.28 [pid: 7|app: 0|req: 601/1201] 199.204.45.235 () {34 vars in 863 bytes} [Wed Jul 22 15:30:42 2026] GET /allocations/ed717654-0a22-4ec0-bc50-1e56b7f5cc54 => generated 258 bytes in 21 msecs (HTTP/1.1 200) 8 headers in 296 bytes (1 switches on core 0)
2026-07-22 15:30:42.991 8 INFO placement.requestlog [req-35ba9aff-bc9c-4051-a764-5268b7d2823c req-9567cf71-f5f6-444b-9d94-a194287e0758 3d5c99ec9ac94b3eac39ff4982b80e43 daa6b506ce93425592035649aac7f9fe - - 61ea86f6f5e740cfbe062016b557289d 61ea86f6f5e740cfbe062016b557289d] 199.204.45.235 "GET /allocations/0240e0b3-006c-470b-9055-f55532da6929" status: 200 len: 258 microversion: 1.28 [pid: 8|app: 0|req: 601/1202] 199.204.45.235 () {34 vars in 863 bytes} [Wed Jul 22 15:30:42 2026] GET /allocations/0240e0b3-006c-470b-9055-f55532da6929 => generated 258 bytes in 16 msecs (HTTP/1.1 200) 8 headers in 296 bytes (1 switches on core 0)
2026-07-22 15:30:43.082 7 INFO placement.requestlog [req-35ba9aff-bc9c-4051-a764-5268b7d2823c req-72dc4515-f452-45ec-99d4-524b5603f4da 3d5c99ec9ac94b3eac39ff4982b80e43 daa6b506ce93425592035649aac7f9fe - - 61ea86f6f5e740cfbe062016b557289d 61ea86f6f5e740cfbe062016b557289d] 199.204.45.235 "DELETE /allocations/0240e0b3-006c-470b-9055-f55532da6929" status: 204 len: 0 microversion: 1.0 [pid: 7|app: 0|req: 602/1203] 199.204.45.235 () {34 vars in 841 bytes} [Wed Jul 22 15:30:43 2026] DELETE /allocations/0240e0b3-006c-470b-9055-f55532da6929 => generated 0 bytes in 29 msecs (HTTP/1.1 204) 5 headers in 198 bytes (1 switches on core 0)
2026-07-22 15:30:44.966 8 INFO placement.requestlog [req-36c298a4-b377-4480-a902-7c32a1be42be req-67d11fdc-2f5d-4fe2-b043-6e441480d9c7 3d5c99ec9ac94b3eac39ff4982b80e43 daa6b506ce93425592035649aac7f9fe - - 61ea86f6f5e740cfbe062016b557289d 61ea86f6f5e740cfbe062016b557289d] 199.204.45.235 "GET /resource_providers/8faec509-7555-40ee-9729-9c092a34c6b2/allocations" status: 200 len: 153 microversion: 1.0 [pid: 8|app: 0|req: 602/1204] 199.204.45.235 () {32 vars in 857 bytes} [Wed Jul 22 15:30:44 2026] GET /resource_providers/8faec509-7555-40ee-9729-9c092a34c6b2/allocations => generated 153 bytes in 23 msecs (HTTP/1.1 200) 6 headers in 224 bytes (1 switches on core 0)
2026-07-22 15:30:44.989 7 INFO placement.requestlog [req-36c298a4-b377-4480-a902-7c32a1be42be req-62d3bd45-515d-455b-a2dd-721ca65682ae 3d5c99ec9ac94b3eac39ff4982b80e43 daa6b506ce93425592035649aac7f9fe - - 61ea86f6f5e740cfbe062016b557289d 61ea86f6f5e740cfbe062016b557289d] 199.204.45.235 "GET /allocations/ed717654-0a22-4ec0-bc50-1e56b7f5cc54" status: 200 len: 258 microversion: 1.28 [pid: 7|app: 0|req: 603/1205] 199.204.45.235 () {34 vars in 863 bytes} [Wed Jul 22 15:30:44 2026] GET /allocations/ed717654-0a22-4ec0-bc50-1e56b7f5cc54 => generated 258 bytes in 16 msecs (HTTP/1.1 200) 8 headers in 296 bytes (1 switches on core 0)
2026-07-22 15:30:45.069 8 INFO placement.requestlog [req-36c298a4-b377-4480-a902-7c32a1be42be req-19873d81-6aa2-4ebe-97cc-8d9c5763727d 3d5c99ec9ac94b3eac39ff4982b80e43 daa6b506ce93425592035649aac7f9fe - - 61ea86f6f5e740cfbe062016b557289d 61ea86f6f5e740cfbe062016b557289d] 199.204.45.235 "DELETE /allocations/ed717654-0a22-4ec0-bc50-1e56b7f5cc54" status: 204 len: 0 microversion: 1.0 [pid: 8|app: 0|req: 603/1206] 199.204.45.235 () {34 vars in 841 bytes} [Wed Jul 22 15:30:45 2026] DELETE /allocations/ed717654-0a22-4ec0-bc50-1e56b7f5cc54 => generated 0 bytes in 26 msecs (HTTP/1.1 204) 5 headers in 198 bytes (1 switches on core 0)
2026-07-22 15:30:49.240 8 INFO placement.requestlog [None req-8f7c5283-5abe-4a5d-80a8-ec035e456451 4011ba8c455c4e2ba95ef2bf179df314 daa6b506ce93425592035649aac7f9fe - - 61ea86f6f5e740cfbe062016b557289d 61ea86f6f5e740cfbe062016b557289d] 10.0.0.37 "GET /resource_providers/01983381-6f76-4800-86cc-19607ba09085/aggregates" status: 404 len: 235 microversion: 1.1
2026-07-22 15:30:49.240 7 INFO placement.requestlog [None req-4d918835-10e8-4514-80b1-a494aeab1bf1 4011ba8c455c4e2ba95ef2bf179df314 daa6b506ce93425592035649aac7f9fe - - 61ea86f6f5e740cfbe062016b557289d 61ea86f6f5e740cfbe062016b557289d] 10.0.0.37 "GET /resource_providers/01983381-6f76-4800-86cc-19607ba09085/aggregates" status: 404 len: 235 microversion: 1.1 [pid: 8|app: 0|req: 604/1207] 10.0.0.37 () {32 vars in 815 bytes} [Wed Jul 22 15:30:49 2026] GET /resource_providers/01983381-6f76-4800-86cc-19607ba09085/aggregates => generated 235 bytes in 13 msecs (HTTP/1.1 404) 5 headers in 202 bytes (1 switches on core 0) [pid: 7|app: 0|req: 604/1208] 10.0.0.37 () {32 vars in 815 bytes} [Wed Jul 22 15:30:49 2026] GET /resource_providers/01983381-6f76-4800-86cc-19607ba09085/aggregates => generated 235 bytes in 13 msecs (HTTP/1.1 404) 5 headers in 202 bytes (1 switches on core 0)
2026-07-22 15:30:49.262 7 INFO placement.requestlog [None req-10904e15-52f1-4965-a0af-70adef80a180 4011ba8c455c4e2ba95ef2bf179df314 daa6b506ce93425592035649aac7f9fe - - 61ea86f6f5e740cfbe062016b557289d 61ea86f6f5e740cfbe062016b557289d] 10.0.0.37 "DELETE /resource_providers/01983381-6f76-4800-86cc-19607ba09085" status: 404 len: 246 microversion: 1.1 [pid: 7|app: 0|req: 605/1209] 10.0.0.37 () {34 vars in 815 bytes} [Wed Jul 22 15:30:49 2026] DELETE /resource_providers/01983381-6f76-4800-86cc-19607ba09085 => generated 246 bytes in 10 msecs (HTTP/1.1 404) 6 headers in 231 bytes (1 switches on core 0)
2026-07-22 15:30:49.264 8 INFO placement.requestlog [None req-39667e3e-b78d-408d-966e-e883e5bcca92 4011ba8c455c4e2ba95ef2bf179df314 daa6b506ce93425592035649aac7f9fe - - 61ea86f6f5e740cfbe062016b557289d 61ea86f6f5e740cfbe062016b557289d] 10.0.0.37 "DELETE /resource_providers/01983381-6f76-4800-86cc-19607ba09085" status: 404 len: 246 microversion: 1.1 [pid: 8|app: 0|req: 605/1210] 10.0.0.37 () {34 vars in 815 bytes} [Wed Jul 22 15:30:49 2026] DELETE /resource_providers/01983381-6f76-4800-86cc-19607ba09085 => generated 246 bytes in 13 msecs (HTTP/1.1 404) 6 headers in 231 bytes (1 switches on core 0)
2026-07-22 15:30:49.528 7 INFO placement.requestlog [None req-43d2f599-5555-477d-90fa-d5dfa42d398d 4011ba8c455c4e2ba95ef2bf179df314 daa6b506ce93425592035649aac7f9fe - - 61ea86f6f5e740cfbe062016b557289d 61ea86f6f5e740cfbe062016b557289d] 10.0.0.37 "GET /resource_providers/1d5aace7-f327-45a1-abbf-aa4ab284f000/aggregates" status: 404 len: 235 microversion: 1.1 [pid: 7|app: 0|req: 606/1211] 10.0.0.37 () {32 vars in 815 bytes} [Wed Jul 22 15:30:49 2026] GET /resource_providers/1d5aace7-f327-45a1-abbf-aa4ab284f000/aggregates => generated 235 bytes in 10 msecs (HTTP/1.1 404) 5 headers in 202 bytes (1 switches on core 0)
2026-07-22 15:30:49.542 8 INFO placement.requestlog [None req-a391068d-e108-4855-9050-278bd033fa8a 4011ba8c455c4e2ba95ef2bf179df314 daa6b506ce93425592035649aac7f9fe - - 61ea86f6f5e740cfbe062016b557289d 61ea86f6f5e740cfbe062016b557289d] 10.0.0.37 "GET /resource_providers/1d5aace7-f327-45a1-abbf-aa4ab284f000/aggregates" status: 404 len: 235 microversion: 1.1 [pid: 8|app: 0|req: 606/1212] 10.0.0.37 () {32 vars in 815 bytes} [Wed Jul 22 15:30:49 2026] GET /resource_providers/1d5aace7-f327-45a1-abbf-aa4ab284f000/aggregates => generated 235 bytes in 23 msecs (HTTP/1.1 404) 5 headers in 202 bytes (1 switches on core 0)
2026-07-22 15:30:49.549 7 INFO placement.requestlog [None req-37ffde60-7cd2-4ef7-b356-a8e4473df4d0 4011ba8c455c4e2ba95ef2bf179df314 daa6b506ce93425592035649aac7f9fe - - 61ea86f6f5e740cfbe062016b557289d 61ea86f6f5e740cfbe062016b557289d] 10.0.0.37 "DELETE /resource_providers/1d5aace7-f327-45a1-abbf-aa4ab284f000" status: 404 len: 246 microversion: 1.1 [pid: 7|app: 0|req: 607/1213] 10.0.0.37 () {34 vars in 815 bytes} [Wed Jul 22 15:30:49 2026] DELETE /resource_providers/1d5aace7-f327-45a1-abbf-aa4ab284f000 => generated 246 bytes in 9 msecs (HTTP/1.1 404) 6 headers in 231 bytes (1 switches on core 0)
2026-07-22 15:30:49.566 8 INFO placement.requestlog [None req-ab8a4f2d-abb2-4875-9205-4686803225c5 4011ba8c455c4e2ba95ef2bf179df314 daa6b506ce93425592035649aac7f9fe - - 61ea86f6f5e740cfbe062016b557289d 61ea86f6f5e740cfbe062016b557289d] 10.0.0.37 "DELETE /resource_providers/1d5aace7-f327-45a1-abbf-aa4ab284f000" status: 404 len: 246 microversion: 1.1 [pid: 8|app: 0|req: 607/1214] 10.0.0.37 () {34 vars in 815 bytes} [Wed Jul 22 15:30:49 2026] DELETE /resource_providers/1d5aace7-f327-45a1-abbf-aa4ab284f000 => generated 246 bytes in 13 msecs (HTTP/1.1 404) 6 headers in 231 bytes (1 switches on core 0)
2026-07-22 15:30:52.964 7 INFO placement.requestlog [None req-a95ffe09-201b-4a72-b3a0-d7551a68b713 - - - - - -] 10.0.0.195 "GET /" status: 200 len: 136 microversion: 1.0
2026-07-22 15:30:52.964 8 INFO placement.requestlog [None req-1ac7ba4c-e46b-4e3b-a045-54e1760120b0 - - - - - -] 10.0.0.195 "GET /" status: 200 len: 136 microversion: 1.0
2026-07-22 15:31:02.963 8 INFO placement.requestlog [None req-1861808b-ef81-40a2-8d12-abbc4dc1113f - - - - - -] 10.0.0.195 "GET /" status: 200 len: 136 microversion: 1.0
2026-07-22 15:31:02.963 7 INFO placement.requestlog [None req-444b55bc-91e8-4ea8-97ac-9bd3b5119d6d - - - - - -] 10.0.0.195 "GET /" status: 200 len: 136 microversion: 1.0
2026-07-22 15:31:11.938 7 INFO placement.requestlog [None req-e012ab35-253b-4e8a-afef-a69b21854adf 4011ba8c455c4e2ba95ef2bf179df314 daa6b506ce93425592035649aac7f9fe - - 61ea86f6f5e740cfbe062016b557289d 61ea86f6f5e740cfbe062016b557289d] 10.0.0.37 "GET /resource_providers/6bed759b-326e-4462-a5f2-ac46cc28f9ba/aggregates" status: 404 len: 235 microversion: 1.1
2026-07-22 15:31:11.938 8 INFO placement.requestlog [None req-ac0ff3d7-2c49-44bd-be19-9b62db5f3bb1 4011ba8c455c4e2ba95ef2bf179df314 daa6b506ce93425592035649aac7f9fe - - 61ea86f6f5e740cfbe062016b557289d 61ea86f6f5e740cfbe062016b557289d] 10.0.0.37 "GET /resource_providers/6bed759b-326e-4462-a5f2-ac46cc28f9ba/aggregates" status: 404 len: 235 microversion: 1.1 [pid: 7|app: 0|req: 610/1219] 10.0.0.37 () {32 vars in 815 bytes} [Wed Jul 22 15:31:11 2026] GET /resource_providers/6bed759b-326e-4462-a5f2-ac46cc28f9ba/aggregates => generated 235 bytes in 12 msecs (HTTP/1.1 404) 5 headers in 202 bytes (1 switches on core 0) [pid: 8|app: 0|req: 610/1220] 10.0.0.37 () {32 vars in 815 bytes} [Wed Jul 22 15:31:11 2026] GET /resource_providers/6bed759b-326e-4462-a5f2-ac46cc28f9ba/aggregates => generated 235 bytes in 19 msecs (HTTP/1.1 404) 5 headers in 202 bytes (1 switches on core 0)
2026-07-22 15:31:11.972 8 INFO placement.requestlog [None req-6b0f421d-00b3-441c-af81-0ee0cf7525c2 4011ba8c455c4e2ba95ef2bf179df314 daa6b506ce93425592035649aac7f9fe - - 61ea86f6f5e740cfbe062016b557289d 61ea86f6f5e740cfbe062016b557289d] 10.0.0.37 "DELETE /resource_providers/6bed759b-326e-4462-a5f2-ac46cc28f9ba" status: 404 len: 246 microversion: 1.1 [pid: 8|app: 0|req: 611/1221] 10.0.0.37 () {34 vars in 815 bytes} [Wed Jul 22 15:31:11 2026] DELETE /resource_providers/6bed759b-326e-4462-a5f2-ac46cc28f9ba => generated 246 bytes in 13 msecs (HTTP/1.1 404) 6 headers in 231 bytes (1 switches on core 0)
2026-07-22 15:31:11.974 7 INFO placement.requestlog [None req-872b6a9a-8a7b-43b7-9864-b2b19062af9e 4011ba8c455c4e2ba95ef2bf179df314 daa6b506ce93425592035649aac7f9fe - - 61ea86f6f5e740cfbe062016b557289d 61ea86f6f5e740cfbe062016b557289d] 10.0.0.37 "DELETE /resource_providers/6bed759b-326e-4462-a5f2-ac46cc28f9ba" status: 404 len: 246 microversion: 1.1 [pid: 7|app: 0|req: 611/1222] 10.0.0.37 () {34 vars in 815 bytes} [Wed Jul 22 15:31:11 2026] DELETE /resource_providers/6bed759b-326e-4462-a5f2-ac46cc28f9ba => generated 246 bytes in 21 msecs (HTTP/1.1 404) 6 headers in 231 bytes (1 switches on core 0)
2026-07-22 15:31:12.203 8 INFO placement.requestlog [None req-d54952cd-185f-45e8-9a84-8c0b8d481bd5 4011ba8c455c4e2ba95ef2bf179df314 daa6b506ce93425592035649aac7f9fe - - 61ea86f6f5e740cfbe062016b557289d 61ea86f6f5e740cfbe062016b557289d] 10.0.0.37 "GET /resource_providers/411bae46-4846-46c0-bc86-f18dc4f21852/aggregates" status: 404 len: 235 microversion: 1.1 [pid: 8|app: 0|req: 612/1223] 10.0.0.37 () {32 vars in 815 bytes} [Wed Jul 22 15:31:12 2026] GET /resource_providers/411bae46-4846-46c0-bc86-f18dc4f21852/aggregates => generated 235 bytes in 12 msecs (HTTP/1.1 404) 5 headers in 202 bytes (1 switches on core 0)
2026-07-22 15:31:12.207 7 INFO placement.requestlog [None req-6c24fc78-2454-409f-b1c1-9e784b114a9c 4011ba8c455c4e2ba95ef2bf179df314 daa6b506ce93425592035649aac7f9fe - - 61ea86f6f5e740cfbe062016b557289d 61ea86f6f5e740cfbe062016b557289d] 10.0.0.37 "GET /resource_providers/411bae46-4846-46c0-bc86-f18dc4f21852/aggregates" status: 404 len: 235 microversion: 1.1 [pid: 7|app: 0|req: 612/1224] 10.0.0.37 () {32 vars in 815 bytes} [Wed Jul 22 15:31:12 2026] GET /resource_providers/411bae46-4846-46c0-bc86-f18dc4f21852/aggregates => generated 235 bytes in 9 msecs (HTTP/1.1 404) 5 headers in 202 bytes (1 switches on core 0)
2026-07-22 15:31:12.244 7 INFO placement.requestlog [None req-915a920b-8336-4fe4-9447-c1453e57bd69 4011ba8c455c4e2ba95ef2bf179df314 daa6b506ce93425592035649aac7f9fe - - 61ea86f6f5e740cfbe062016b557289d 61ea86f6f5e740cfbe062016b557289d] 10.0.0.37 "DELETE /resource_providers/411bae46-4846-46c0-bc86-f18dc4f21852" status: 404 len: 246 microversion: 1.1 [pid: 7|app: 0|req: 613/1225] 10.0.0.37 () {34 vars in 815 bytes} [Wed Jul 22 15:31:12 2026] DELETE /resource_providers/411bae46-4846-46c0-bc86-f18dc4f21852 => generated 246 bytes in 11 msecs (HTTP/1.1 404) 6 headers in 231 bytes (1 switches on core 0)
2026-07-22 15:31:12.246 8 INFO placement.requestlog [None req-3d8d06d9-7acf-4dde-8c0c-0e8fbcd6f5f6 4011ba8c455c4e2ba95ef2bf179df314 daa6b506ce93425592035649aac7f9fe - - 61ea86f6f5e740cfbe062016b557289d 61ea86f6f5e740cfbe062016b557289d] 10.0.0.37 "DELETE /resource_providers/411bae46-4846-46c0-bc86-f18dc4f21852" status: 404 len: 246 microversion: 1.1 [pid: 8|app: 0|req: 613/1226] 10.0.0.37 () {34 vars in 815 bytes} [Wed Jul 22 15:31:12 2026] DELETE /resource_providers/411bae46-4846-46c0-bc86-f18dc4f21852 => generated 246 bytes in 14 msecs (HTTP/1.1 404) 6 headers in 231 bytes (1 switches on core 0)
2026-07-22 15:31:12.963 7 INFO placement.requestlog [None req-04370c9f-0406-48d0-966b-435b01dd454a - - - - - -] 10.0.0.195 "GET /" status: 200 len: 136 microversion: 1.0
2026-07-22 15:31:12.963 8 INFO placement.requestlog [None req-27d5c417-f582-4bd7-af0d-a59dd14ff464 - - - - - -] 10.0.0.195 "GET /" status: 200 len: 136 microversion: 1.0
2026-07-22 15:31:14.208 8 INFO placement.requestlog [None req-da1944b9-fbd2-48ea-beda-e6a8c5d19abf 4011ba8c455c4e2ba95ef2bf179df314 daa6b506ce93425592035649aac7f9fe - - 61ea86f6f5e740cfbe062016b557289d 61ea86f6f5e740cfbe062016b557289d] 10.0.0.37 "GET /resource_providers/610adec2-9e7b-46e7-a655-d3313b79fe41/aggregates" status: 404 len: 235 microversion: 1.1
2026-07-22 15:31:14.210 7 INFO placement.requestlog [None req-14bd44a2-ff0d-4492-9146-13fe230a8fcb 4011ba8c455c4e2ba95ef2bf179df314 daa6b506ce93425592035649aac7f9fe - - 61ea86f6f5e740cfbe062016b557289d 61ea86f6f5e740cfbe062016b557289d] 10.0.0.37 "GET /resource_providers/610adec2-9e7b-46e7-a655-d3313b79fe41/aggregates" status: 404 len: 235 microversion: 1.1 [pid: 8|app: 0|req: 615/1229] 10.0.0.37 () {32 vars in 815 bytes} [Wed Jul 22 15:31:14 2026] GET /resource_providers/610adec2-9e7b-46e7-a655-d3313b79fe41/aggregates => generated 235 bytes in 14 msecs (HTTP/1.1 404) 5 headers in 202 bytes (1 switches on core 0) [pid: 7|app: 0|req: 615/1230] 10.0.0.37 () {32 vars in 815 bytes} [Wed Jul 22 15:31:14 2026] GET /resource_providers/610adec2-9e7b-46e7-a655-d3313b79fe41/aggregates => generated 235 bytes in 14 msecs (HTTP/1.1 404) 5 headers in 202 bytes (1 switches on core 0)
2026-07-22 15:31:14.225 8 INFO placement.requestlog [None req-c81f1feb-bc77-4a2d-a002-72107a53a13b 4011ba8c455c4e2ba95ef2bf179df314 daa6b506ce93425592035649aac7f9fe - - 61ea86f6f5e740cfbe062016b557289d 61ea86f6f5e740cfbe062016b557289d] 10.0.0.37 "DELETE /resource_providers/610adec2-9e7b-46e7-a655-d3313b79fe41" status: 404 len: 246 microversion: 1.1 [pid: 8|app: 0|req: 616/1231] 10.0.0.37 () {34 vars in 815 bytes} [Wed Jul 22 15:31:14 2026] DELETE /resource_providers/610adec2-9e7b-46e7-a655-d3313b79fe41 => generated 246 bytes in 10 msecs (HTTP/1.1 404) 6 headers in 231 bytes (1 switches on core 0)
2026-07-22 15:31:14.233 7 INFO placement.requestlog [None req-a50b1404-4e33-4762-aa92-174136afd120 4011ba8c455c4e2ba95ef2bf179df314 daa6b506ce93425592035649aac7f9fe - - 61ea86f6f5e740cfbe062016b557289d 61ea86f6f5e740cfbe062016b557289d] 10.0.0.37 "DELETE /resource_providers/610adec2-9e7b-46e7-a655-d3313b79fe41" status: 404 len: 246 microversion: 1.1 [pid: 7|app: 0|req: 616/1232] 10.0.0.37 () {34 vars in 815 bytes} [Wed Jul 22 15:31:14 2026] DELETE /resource_providers/610adec2-9e7b-46e7-a655-d3313b79fe41 => generated 246 bytes in 12 msecs (HTTP/1.1 404) 6 headers in 231 bytes (1 switches on core 0)
2026-07-22 15:31:14.241 8 INFO placement.requestlog [None req-b5b511aa-54d3-42b7-9b1a-0b7aab9b3a4a 4011ba8c455c4e2ba95ef2bf179df314 daa6b506ce93425592035649aac7f9fe - - 61ea86f6f5e740cfbe062016b557289d 61ea86f6f5e740cfbe062016b557289d] 10.0.0.37 "GET /resource_providers/e8ee3fa9-a501-4755-bd09-5f24e938fad2/aggregates" status: 404 len: 235 microversion: 1.1 [pid: 8|app: 0|req: 617/1233] 10.0.0.37 () {32 vars in 815 bytes} [Wed Jul 22 15:31:14 2026] GET /resource_providers/e8ee3fa9-a501-4755-bd09-5f24e938fad2/aggregates => generated 235 bytes in 10 msecs (HTTP/1.1 404) 5 headers in 202 bytes (1 switches on core 0)
2026-07-22 15:31:14.249 7 INFO placement.requestlog [None req-3a3e5462-5c47-4cdb-9452-229a2d2195fe 4011ba8c455c4e2ba95ef2bf179df314 daa6b506ce93425592035649aac7f9fe - - 61ea86f6f5e740cfbe062016b557289d 61ea86f6f5e740cfbe062016b557289d] 10.0.0.37 "GET /resource_providers/e8ee3fa9-a501-4755-bd09-5f24e938fad2/aggregates" status: 404 len: 235 microversion: 1.1 [pid: 7|app: 0|req: 617/1234] 10.0.0.37 () {32 vars in 815 bytes} [Wed Jul 22 15:31:14 2026] GET /resource_providers/e8ee3fa9-a501-4755-bd09-5f24e938fad2/aggregates => generated 235 bytes in 10 msecs (HTTP/1.1 404) 5 headers in 202 bytes (1 switches on core 0)
2026-07-22 15:31:14.261 8 INFO placement.requestlog [None req-d99eb375-e483-4d55-9333-b4695c0565a0 4011ba8c455c4e2ba95ef2bf179df314 daa6b506ce93425592035649aac7f9fe - - 61ea86f6f5e740cfbe062016b557289d 61ea86f6f5e740cfbe062016b557289d] 10.0.0.37 "DELETE /resource_providers/e8ee3fa9-a501-4755-bd09-5f24e938fad2" status: 404 len: 246 microversion: 1.1 [pid: 8|app: 0|req: 618/1235] 10.0.0.37 () {34 vars in 815 bytes} [Wed Jul 22 15:31:14 2026] DELETE /resource_providers/e8ee3fa9-a501-4755-bd09-5f24e938fad2 => generated 246 bytes in 11 msecs (HTTP/1.1 404) 6 headers in 231 bytes (1 switches on core 0)
2026-07-22 15:31:14.262 7 INFO placement.requestlog [None req-b0e8c503-eede-4a48-b13a-923f8adbb69b 4011ba8c455c4e2ba95ef2bf179df314 daa6b506ce93425592035649aac7f9fe - - 61ea86f6f5e740cfbe062016b557289d 61ea86f6f5e740cfbe062016b557289d] 10.0.0.37 "DELETE /resource_providers/e8ee3fa9-a501-4755-bd09-5f24e938fad2" status: 404 len: 246 microversion: 1.1 [pid: 7|app: 0|req: 618/1236] 10.0.0.37 () {34 vars in 815 bytes} [Wed Jul 22 15:31:14 2026] DELETE /resource_providers/e8ee3fa9-a501-4755-bd09-5f24e938fad2 => generated 246 bytes in 7 msecs (HTTP/1.1 404) 6 headers in 231 bytes (1 switches on core 0)
2026-07-22 15:31:14.451 8 INFO placement.requestlog [None req-e09161d9-dd43-4891-be2a-2e05cb7f7319 4011ba8c455c4e2ba95ef2bf179df314 daa6b506ce93425592035649aac7f9fe - - 61ea86f6f5e740cfbe062016b557289d 61ea86f6f5e740cfbe062016b557289d] 10.0.0.37 "GET /resource_providers/9a57f4a9-70e0-44a1-9ae5-c1c45d5907f5/aggregates" status: 404 len: 235 microversion: 1.1 [pid: 8|app: 0|req: 619/1237] 10.0.0.37 () {32 vars in 815 bytes} [Wed Jul 22 15:31:14 2026] GET /resource_providers/9a57f4a9-70e0-44a1-9ae5-c1c45d5907f5/aggregates => generated 235 bytes in 13 msecs (HTTP/1.1 404) 5 headers in 202 bytes (1 switches on core 0)
2026-07-22 15:31:14.460 7 INFO placement.requestlog [None req-8c5335f9-b0e1-45d6-a46c-bed0f376cf57 4011ba8c455c4e2ba95ef2bf179df314 daa6b506ce93425592035649aac7f9fe - - 61ea86f6f5e740cfbe062016b557289d 61ea86f6f5e740cfbe062016b557289d] 10.0.0.37 "GET /resource_providers/9a57f4a9-70e0-44a1-9ae5-c1c45d5907f5/aggregates" status: 404 len: 235 microversion: 1.1 [pid: 7|app: 0|req: 619/1238] 10.0.0.37 () {32 vars in 815 bytes} [Wed Jul 22 15:31:14 2026] GET /resource_providers/9a57f4a9-70e0-44a1-9ae5-c1c45d5907f5/aggregates => generated 235 bytes in 10 msecs (HTTP/1.1 404) 5 headers in 202 bytes (1 switches on core 0)
2026-07-22 15:31:14.476 8 INFO placement.requestlog [None req-8b24e63b-2083-4a20-8158-d4dd29966b0c 4011ba8c455c4e2ba95ef2bf179df314 daa6b506ce93425592035649aac7f9fe - - 61ea86f6f5e740cfbe062016b557289d 61ea86f6f5e740cfbe062016b557289d] 10.0.0.37 "DELETE /resource_providers/9a57f4a9-70e0-44a1-9ae5-c1c45d5907f5" status: 404 len: 246 microversion: 1.1 [pid: 8|app: 0|req: 620/1239] 10.0.0.37 () {34 vars in 815 bytes} [Wed Jul 22 15:31:14 2026] DELETE /resource_providers/9a57f4a9-70e0-44a1-9ae5-c1c45d5907f5 => generated 246 bytes in 10 msecs (HTTP/1.1 404) 6 headers in 231 bytes (1 switches on core 0)
2026-07-22 15:31:14.480 7 INFO placement.requestlog [None req-21b41d4a-924f-4839-8c45-963841826d13 4011ba8c455c4e2ba95ef2bf179df314 daa6b506ce93425592035649aac7f9fe - - 61ea86f6f5e740cfbe062016b557289d 61ea86f6f5e740cfbe062016b557289d] 10.0.0.37 "DELETE /resource_providers/9a57f4a9-70e0-44a1-9ae5-c1c45d5907f5" status: 404 len: 246 microversion: 1.1 [pid: 7|app: 0|req: 620/1240] 10.0.0.37 () {34 vars in 815 bytes} [Wed Jul 22 15:31:14 2026] DELETE /resource_providers/9a57f4a9-70e0-44a1-9ae5-c1c45d5907f5 => generated 246 bytes in 12 msecs (HTTP/1.1 404) 6 headers in 231 bytes (1 switches on core 0)
2026-07-22 15:31:20.730 7 INFO placement.requestlog [None req-e1e88913-8daf-4d9b-850e-429a385e9e49 4011ba8c455c4e2ba95ef2bf179df314 daa6b506ce93425592035649aac7f9fe - - 61ea86f6f5e740cfbe062016b557289d 61ea86f6f5e740cfbe062016b557289d] 10.0.0.37 "GET /resource_providers/001a24b6-6001-46d7-b83b-4c1195172ae9/aggregates" status: 404 len: 235 microversion: 1.1 [pid: 7|app: 0|req: 621/1241] 10.0.0.37 () {32 vars in 815 bytes} [Wed Jul 22 15:31:20 2026] GET /resource_providers/001a24b6-6001-46d7-b83b-4c1195172ae9/aggregates => generated 235 bytes in 119 msecs (HTTP/1.1 404) 5 headers in 202 bytes (1 switches on core 0)
2026-07-22 15:31:20.741 8 INFO placement.requestlog [None req-881efa1d-01c1-4e4b-8762-a502991d82d6 4011ba8c455c4e2ba95ef2bf179df314 daa6b506ce93425592035649aac7f9fe - - 61ea86f6f5e740cfbe062016b557289d 61ea86f6f5e740cfbe062016b557289d] 10.0.0.37 "GET /resource_providers/001a24b6-6001-46d7-b83b-4c1195172ae9/aggregates" status: 404 len: 235 microversion: 1.1 [pid: 8|app: 0|req: 621/1242] 10.0.0.37 () {32 vars in 815 bytes} [Wed Jul 22 15:31:20 2026] GET /resource_providers/001a24b6-6001-46d7-b83b-4c1195172ae9/aggregates => generated 235 bytes in 130 msecs (HTTP/1.1 404) 5 headers in 202 bytes (1 switches on core 0)
2026-07-22 15:31:21.757 8 INFO placement.requestlog [None req-96c48f56-e080-45cd-8f77-8cd8aea7f707 4011ba8c455c4e2ba95ef2bf179df314 daa6b506ce93425592035649aac7f9fe - - 61ea86f6f5e740cfbe062016b557289d 61ea86f6f5e740cfbe062016b557289d] 10.0.0.37 "DELETE /resource_providers/001a24b6-6001-46d7-b83b-4c1195172ae9" status: 404 len: 246 microversion: 1.1 [pid: 8|app: 0|req: 622/1243] 10.0.0.37 () {34 vars in 815 bytes} [Wed Jul 22 15:31:21 2026] DELETE /resource_providers/001a24b6-6001-46d7-b83b-4c1195172ae9 => generated 246 bytes in 14 msecs (HTTP/1.1 404) 6 headers in 231 bytes (1 switches on core 0)
