2026-07-21 07:56:55.102 7 INFO neutron.db.ovn_revision_numbers_db [None req-56a15d7b-0f5d-4ada-be8e-9bac28c07dab d853afdc64b44f16a5f148ee9b6152c9 5f971b6b5f904fa3a00820017c9d7f70 - - default default] Successfully bumped revision number for resource 8c8cf32d-94b5-4547-88f4-22510db3acc9 (type: routers) to 2 [pid: 7|app: 0|req: 578/1222] 10.0.0.16 () {34 vars in 668 bytes} [Tue Jul 21 07:56:53 2026] POST /v2.0/routers => generated 972 bytes in 1355 msecs (HTTP/1.1 201) 4 headers in 162 bytes (1 switches on core 0)
2026-07-21 07:56:55.122 7 INFO neutron.notifiers.nova [-] Nova event matching ['req-567c7099-6988-4831-a053-e1b2e36895cb'] response: {'server_uuid': 'dd844a1d-dfbb-4eca-b74f-ad64718ec028', 'name': 'network-vif-plugged', 'status': 'completed', 'tag': '727db240-fba1-4a7b-9872-047c519b0747', 'code': 200} [pid: 7|app: 0|req: 579/1223] 10.0.0.20 () {34 vars in 989 bytes} [Tue Jul 21 07:56:55 2026] GET /v2.0/ports?device_id=dd844a1d-dfbb-4eca-b74f-ad64718ec028 => generated 971 bytes in 40 msecs (HTTP/1.1 200) 4 headers in 157 bytes (1 switches on core 0)
2026-07-21 07:56:55.371 7 WARNING neutron.scheduler.dhcp_agent_scheduler [None req-c47ac560-4581-42e2-9caf-5dac010f0bf4 ccd1ca8d87a048bf8eee282780c35f11 0baecdf4936c48fa844944ab642cc9eb - - default default] No more DHCP agents
2026-07-21 07:56:55.372 7 WARNING neutron.api.rpc.agentnotifiers.dhcp_rpc_agent_api [None req-c47ac560-4581-42e2-9caf-5dac010f0bf4 ccd1ca8d87a048bf8eee282780c35f11 0baecdf4936c48fa844944ab642cc9eb - - default default] Unable to schedule network dc2149c7-82ef-4a0c-8075-438d11d7bf93: no agents available; will retry on subsequent port and subnet creation events.
2026-07-21 07:56:55.471 7 INFO neutron.db.ovn_revision_numbers_db [None req-c47ac560-4581-42e2-9caf-5dac010f0bf4 ccd1ca8d87a048bf8eee282780c35f11 0baecdf4936c48fa844944ab642cc9eb - - default default] Successfully bumped revision number for resource 3f3e05cd-dbaa-4424-9f9b-f9bc52e53de6 (type: ports) to 1
2026-07-21 07:56:55.523 8 INFO neutron.db.ovn_revision_numbers_db [None req-681a2310-3001-4779-b319-99052e4610ae 25669bb5136b42288fcdd2b6aa60f1a3 d92e5956f3854fcbbb975bc3d7ddbe47 - - default default] Successfully bumped revision number for resource a7438bda-940f-4ce4-b8d1-1842452b776e (type: security_groups) to 1 [pid: 7|app: 0|req: 580/1224] 10.0.0.16 () {34 vars in 664 bytes} [Tue Jul 21 07:56:55 2026] POST /v2.0/ports => generated 775 bytes in 370 msecs (HTTP/1.1 201) 4 headers in 162 bytes (1 switches on core 0) /var/lib/openstack/lib/python3.12/site-packages/pycadf/identifier.py:70: UserWarning: Invalid uuid: neutron. To ensure interoperability, identifiers should be a valid uuid. warnings.warn(('Invalid uuid: %s. To ensure interoperability, '
2026-07-21 07:56:55.543 8 INFO neutron.db.ovn_revision_numbers_db [None req-681a2310-3001-4779-b319-99052e4610ae 25669bb5136b42288fcdd2b6aa60f1a3 d92e5956f3854fcbbb975bc3d7ddbe47 - - default default] Successfully bumped revision number for resource 1c81168f-7bfc-48ad-ab08-e6baac7628e8 (type: security_group_rules) to 0
2026-07-21 07:56:55.561 8 INFO neutron.db.ovn_revision_numbers_db [None req-681a2310-3001-4779-b319-99052e4610ae 25669bb5136b42288fcdd2b6aa60f1a3 d92e5956f3854fcbbb975bc3d7ddbe47 - - default default] Successfully bumped revision number for resource 2452ed9e-9d90-4547-9ce8-8286153cd48a (type: security_group_rules) to 0
2026-07-21 07:56:55.587 8 INFO neutron.db.ovn_revision_numbers_db [None req-681a2310-3001-4779-b319-99052e4610ae 25669bb5136b42288fcdd2b6aa60f1a3 d92e5956f3854fcbbb975bc3d7ddbe47 - - default default] Successfully bumped revision number for resource b2dc8981-2592-4ac8-8a59-99ad2556f2d5 (type: security_group_rules) to 0
2026-07-21 07:56:55.611 8 INFO neutron.db.ovn_revision_numbers_db [None req-681a2310-3001-4779-b319-99052e4610ae 25669bb5136b42288fcdd2b6aa60f1a3 d92e5956f3854fcbbb975bc3d7ddbe47 - - default default] Successfully bumped revision number for resource c8f95873-22bb-4cf7-bd9f-b9c0b12a9c39 (type: security_group_rules) to 0
2026-07-21 07:56:55.735 8 INFO neutron.db.segments_db [None req-681a2310-3001-4779-b319-99052e4610ae 25669bb5136b42288fcdd2b6aa60f1a3 d92e5956f3854fcbbb975bc3d7ddbe47 - - default default] Added segment 139f6b7b-9506-46da-8aae-ac0f7f224f92 of type geneve for network 5dd3594c-22a4-47c7-8994-f6cef1f96159
2026-07-21 07:56:55.858 8 INFO neutron.db.segments_db [None req-681a2310-3001-4779-b319-99052e4610ae 25669bb5136b42288fcdd2b6aa60f1a3 d92e5956f3854fcbbb975bc3d7ddbe47 - - default default] Added segment c48b0aa9-82b6-4473-b90d-46dcfd4b0635 of type geneve for network 42fbadb0-48c3-4eea-adf2-624a314b8c82
2026-07-21 07:56:56.008 7 WARNING neutron.scheduler.dhcp_agent_scheduler [None req-5d701e4a-d281-4348-83e2-6bc60c733b87 d853afdc64b44f16a5f148ee9b6152c9 5f971b6b5f904fa3a00820017c9d7f70 - - default default] No more DHCP agents
2026-07-21 07:56:56.009 7 WARNING neutron.api.rpc.agentnotifiers.dhcp_rpc_agent_api [None req-5d701e4a-d281-4348-83e2-6bc60c733b87 d853afdc64b44f16a5f148ee9b6152c9 5f971b6b5f904fa3a00820017c9d7f70 - - default default] Unable to schedule network 8a7416f6-26fa-4b2b-a844-47081c26a100: no agents available; will retry on subsequent port and subnet creation events.
2026-07-21 07:56:56.038 8 INFO neutron.db.ovn_revision_numbers_db [None req-681a2310-3001-4779-b319-99052e4610ae 25669bb5136b42288fcdd2b6aa60f1a3 d92e5956f3854fcbbb975bc3d7ddbe47 - - default default] Successfully bumped revision number for resource 5dd3594c-22a4-47c7-8994-f6cef1f96159 (type: networks) to 1
2026-07-21 07:56:56.154 7 INFO neutron.db.ovn_revision_numbers_db [None req-5d701e4a-d281-4348-83e2-6bc60c733b87 d853afdc64b44f16a5f148ee9b6152c9 5f971b6b5f904fa3a00820017c9d7f70 - - default default] Successfully bumped revision number for resource ff91fc75-a39f-4640-94b2-c09e6ef26bfc (type: ports) to 1
2026-07-21 07:56:56.333 8 WARNING neutron.scheduler.dhcp_agent_scheduler [None req-681a2310-3001-4779-b319-99052e4610ae 25669bb5136b42288fcdd2b6aa60f1a3 d92e5956f3854fcbbb975bc3d7ddbe47 - - default default] No more DHCP agents
2026-07-21 07:56:56.337 8 WARNING neutron.api.rpc.agentnotifiers.dhcp_rpc_agent_api [None req-681a2310-3001-4779-b319-99052e4610ae 25669bb5136b42288fcdd2b6aa60f1a3 d92e5956f3854fcbbb975bc3d7ddbe47 - - default default] Unable to schedule network 5dd3594c-22a4-47c7-8994-f6cef1f96159: no agents available; will retry on subsequent port and subnet creation events.
2026-07-21 07:56:56.350 8 INFO neutron.db.ovn_revision_numbers_db [None req-e4756ede-7c9a-4913-bf17-cb74a070af5c - - - - - -] Successfully bumped revision number for resource 3000bd37-817d-4fc5-aa6a-7a15b9855097 (type: ports) to 4
2026-07-21 07:56:56.418 7 INFO neutron.plugins.ml2.drivers.ovn.mech_driver.mech_driver [None req-96b5e604-4200-401f-a5cc-f3ab9e3e6769 - - - - - -] OVN reports status down for port: a1614eae-0312-4a3c-aa1d-c46ea96fd5c5
2026-07-21 07:56:56.481 8 INFO neutron.db.ovn_revision_numbers_db [None req-681a2310-3001-4779-b319-99052e4610ae 25669bb5136b42288fcdd2b6aa60f1a3 d92e5956f3854fcbbb975bc3d7ddbe47 - - default default] Successfully bumped revision number for resource a1614eae-0312-4a3c-aa1d-c46ea96fd5c5 (type: ports) to 1
2026-07-21 07:56:56.613 8 INFO neutron.db.ovn_revision_numbers_db [None req-681a2310-3001-4779-b319-99052e4610ae 25669bb5136b42288fcdd2b6aa60f1a3 d92e5956f3854fcbbb975bc3d7ddbe47 - - default default] Successfully bumped revision number for resource 42fbadb0-48c3-4eea-adf2-624a314b8c82 (type: networks) to 1
2026-07-21 07:56:56.886 8 INFO neutron.db.ovn_revision_numbers_db [None req-e4756ede-7c9a-4913-bf17-cb74a070af5c - - - - - -] Successfully bumped revision number for resource 3000bd37-817d-4fc5-aa6a-7a15b9855097 (type: ports) to 5
2026-07-21 07:56:56.893 7 WARNING neutron.scheduler.dhcp_agent_scheduler [None req-5d701e4a-d281-4348-83e2-6bc60c733b87 d853afdc64b44f16a5f148ee9b6152c9 5f971b6b5f904fa3a00820017c9d7f70 - - default default] No more DHCP agents
2026-07-21 07:56:56.894 7 WARNING neutron.api.rpc.agentnotifiers.dhcp_rpc_agent_api [None req-5d701e4a-d281-4348-83e2-6bc60c733b87 d853afdc64b44f16a5f148ee9b6152c9 5f971b6b5f904fa3a00820017c9d7f70 - - default default] Unable to schedule network 8a7416f6-26fa-4b2b-a844-47081c26a100: no agents available; will retry on subsequent port and subnet creation events.
2026-07-21 07:56:56.936 8 WARNING neutron.scheduler.dhcp_agent_scheduler [None req-681a2310-3001-4779-b319-99052e4610ae 25669bb5136b42288fcdd2b6aa60f1a3 d92e5956f3854fcbbb975bc3d7ddbe47 - - default default] No more DHCP agents
2026-07-21 07:56:56.938 8 WARNING neutron.api.rpc.agentnotifiers.dhcp_rpc_agent_api [None req-681a2310-3001-4779-b319-99052e4610ae 25669bb5136b42288fcdd2b6aa60f1a3 d92e5956f3854fcbbb975bc3d7ddbe47 - - default default] Unable to schedule network 42fbadb0-48c3-4eea-adf2-624a314b8c82: no agents available; will retry on subsequent port and subnet creation events.
2026-07-21 07:56:57.049 8 INFO neutron.db.ovn_revision_numbers_db [None req-681a2310-3001-4779-b319-99052e4610ae 25669bb5136b42288fcdd2b6aa60f1a3 d92e5956f3854fcbbb975bc3d7ddbe47 - - default default] Successfully bumped revision number for resource cbad9b00-7e6d-4c3a-af12-9eb6049e5bcb (type: ports) to 1 [pid: 8|app: 0|req: 645/1225] 10.0.0.16 () {34 vars in 669 bytes} [Tue Jul 21 07:56:55 2026] POST /v2.0/networks => generated 1245 bytes in 2037 msecs (HTTP/1.1 201) 4 headers in 163 bytes (1 switches on core 0) [pid: 8|app: 0|req: 646/1226] 10.0.0.20 () {34 vars in 1039 bytes} [Tue Jul 21 07:56:57 2026] GET /v2.0/security-groups?id=ab90d253-9887-4bde-bf54-f16064964b41&fields=id&fields=name => generated 88 bytes in 33 msecs (HTTP/1.1 200) 4 headers in 156 bytes (1 switches on core 0)
2026-07-21 07:56:57.415 7 INFO neutron.db.ovn_revision_numbers_db [None req-5d701e4a-d281-4348-83e2-6bc60c733b87 d853afdc64b44f16a5f148ee9b6152c9 5f971b6b5f904fa3a00820017c9d7f70 - - default default] Successfully bumped revision number for resource ff91fc75-a39f-4640-94b2-c09e6ef26bfc (type: router_ports) to 1 [pid: 7|app: 0|req: 581/1227] 10.0.0.16 () {34 vars in 782 bytes} [Tue Jul 21 07:56:55 2026] PUT /v2.0/routers/8c8cf32d-94b5-4547-88f4-22510db3acc9/add_router_interface => generated 309 bytes in 1893 msecs (HTTP/1.1 200) 4 headers in 157 bytes (1 switches on core 0)
2026-07-21 07:56:57.425 8 INFO neutron.db.ovn_revision_numbers_db [None req-0068aadc-e68d-41b9-8b98-424cc853ab1a ccd1ca8d87a048bf8eee282780c35f11 0baecdf4936c48fa844944ab642cc9eb - - default default] Successfully bumped revision number for resource 3f3e05cd-dbaa-4424-9f9b-f9bc52e53de6 (type: ports) to 2 [pid: 7|app: 0|req: 582/1228] 10.0.0.16 () {32 vars in 648 bytes} [Tue Jul 21 07:56:57 2026] GET /v2.0/networks => generated 1856 bytes in 47 msecs (HTTP/1.1 200) 4 headers in 158 bytes (1 switches on core 0) [pid: 8|app: 0|req: 647/1229] 10.0.0.16 () {34 vars in 736 bytes} [Tue Jul 21 07:56:57 2026] PUT /v2.0/ports/3f3e05cd-dbaa-4424-9f9b-f9bc52e53de6 => generated 752 bytes in 371 msecs (HTTP/1.1 200) 4 headers in 157 bytes (1 switches on core 0) /var/lib/openstack/lib/python3.12/site-packages/pycadf/identifier.py:70: UserWarning: Invalid uuid: neutron. To ensure interoperability, identifiers should be a valid uuid. warnings.warn(('Invalid uuid: %s. To ensure interoperability, ' [pid: 7|app: 0|req: 583/1230] 10.0.0.20 () {34 vars in 989 bytes} [Tue Jul 21 07:56:57 2026] GET /v2.0/ports?device_id=dd844a1d-dfbb-4eca-b74f-ad64718ec028 => generated 971 bytes in 70 msecs (HTTP/1.1 200) 4 headers in 157 bytes (1 switches on core 0)
2026-07-21 07:56:57.606 8 INFO neutron_taas.services.taas.taas_plugin [None req-663ff2ea-5223-4384-b648-ebe94cc16175 25669bb5136b42288fcdd2b6aa60f1a3 d92e5956f3854fcbbb975bc3d7ddbe47 - - default default] TaaS: Handle Delete Port: a1614eae-0312-4a3c-aa1d-c46ea96fd5c5
2026-07-21 07:56:57.613 8 INFO neutron_taas.services.taas.tap_mirror_plugin [None req-663ff2ea-5223-4384-b648-ebe94cc16175 25669bb5136b42288fcdd2b6aa60f1a3 d92e5956f3854fcbbb975bc3d7ddbe47 - - default default] Tap Mirror: Handle Delete Port: a1614eae-0312-4a3c-aa1d-c46ea96fd5c5
2026-07-21 07:56:57.666 7 INFO neutron_taas.services.taas.taas_plugin [None req-69ceaef0-46b2-4af0-86a2-6d7734f059ca ccd1ca8d87a048bf8eee282780c35f11 0baecdf4936c48fa844944ab642cc9eb - - default default] TaaS: Handle Delete Port: 3f3e05cd-dbaa-4424-9f9b-f9bc52e53de6
2026-07-21 07:56:57.669 7 INFO neutron_taas.services.taas.tap_mirror_plugin [None req-69ceaef0-46b2-4af0-86a2-6d7734f059ca ccd1ca8d87a048bf8eee282780c35f11 0baecdf4936c48fa844944ab642cc9eb - - default default] Tap Mirror: Handle Delete Port: 3f3e05cd-dbaa-4424-9f9b-f9bc52e53de6 [pid: 7|app: 0|req: 584/1231] 10.0.0.16 () {32 vars in 719 bytes} [Tue Jul 21 07:56:57 2026] DELETE /v2.0/ports/3f3e05cd-dbaa-4424-9f9b-f9bc52e53de6 => generated 0 bytes in 245 msecs (HTTP/1.1 204) 3 headers in 131 bytes (1 switches on core 0)
2026-07-21 07:56:57.801 8 INFO neutron.services.segments.plugin [-] Segment 139f6b7b-9506-46da-8aae-ac0f7f224f92 resource provider aggregate not found
2026-07-21 07:56:57.806 8 INFO neutron.services.segments.plugin [-] Segment 139f6b7b-9506-46da-8aae-ac0f7f224f92 resource provider aggregate not found
2026-07-21 07:56:57.815 8 INFO neutron.services.segments.plugin [-] Client error retrieving segment 139f6b7b-9506-46da-8aae-ac0f7f224f92 resource provider; error: Placement Client Error (4xx): {"errors": [{"status": 404, "title": "Not Found", "detail": "The resource could not be found.\n\n No resource provider with uuid 139f6b7b-9506-46da-8aae-ac0f7f224f92 found for delete ", "request_id": "req-16262392-20ce-4a8f-ad07-14ce404db788"}]} [pid: 7|app: 0|req: 585/1232] 10.0.0.20 () {34 vars in 1039 bytes} [Tue Jul 21 07:56:57 2026] GET /v2.0/security-groups?id=ab90d253-9887-4bde-bf54-f16064964b41&fields=id&fields=name => generated 88 bytes in 36 msecs (HTTP/1.1 200) 4 headers in 156 bytes (1 switches on core 0)
2026-07-21 07:56:57.827 8 INFO neutron.services.segments.plugin [-] Client error retrieving segment 139f6b7b-9506-46da-8aae-ac0f7f224f92 resource provider; error: Placement Client Error (4xx): {"errors": [{"status": 404, "title": "Not Found", "detail": "The resource could not be found.\n\n No resource provider with uuid 139f6b7b-9506-46da-8aae-ac0f7f224f92 found for delete ", "request_id": "req-40344bbb-f8c6-4e5f-9dce-b211c25566fa"}]} [pid: 8|app: 0|req: 648/1233] 10.0.0.16 () {32 vars in 725 bytes} [Tue Jul 21 07:56:57 2026] DELETE /v2.0/networks/5dd3594c-22a4-47c7-8994-f6cef1f96159 => generated 0 bytes in 363 msecs (HTTP/1.1 204) 3 headers in 131 bytes (1 switches on core 0) [pid: 7|app: 0|req: 586/1234] 10.0.0.16 () {32 vars in 642 bytes} [Tue Jul 21 07:56:57 2026] GET /v2.0/ports => generated 1534 bytes in 55 msecs (HTTP/1.1 200) 4 headers in 158 bytes (1 switches on core 0)
2026-07-21 07:56:57.911 7 INFO neutron.pecan_wsgi.hooks.translation [None req-b05c6c7b-9772-4185-b8c3-72d649f5abac ccd1ca8d87a048bf8eee282780c35f11 0baecdf4936c48fa844944ab642cc9eb - - default default] GET failed (client error): The resource could not be found. [pid: 7|app: 0|req: 587/1235] 10.0.0.16 () {32 vars in 716 bytes} [Tue Jul 21 07:56:57 2026] GET /v2.0/ports/3f3e05cd-dbaa-4424-9f9b-f9bc52e53de6 => generated 132 bytes in 28 msecs (HTTP/1.1 404) 4 headers in 164 bytes (1 switches on core 0) [pid: 7|app: 0|req: 588/1236] 10.0.0.16 () {32 vars in 642 bytes} [Tue Jul 21 07:56:57 2026] GET /v2.0/ports => generated 1534 bytes in 54 msecs (HTTP/1.1 200) 4 headers in 158 bytes (1 switches on core 0)
2026-07-21 07:56:58.002 8 INFO neutron_taas.services.taas.taas_plugin [None req-ae08adf8-6f02-43c7-a69b-d850d847826d 25669bb5136b42288fcdd2b6aa60f1a3 d92e5956f3854fcbbb975bc3d7ddbe47 - - default default] TaaS: Handle Delete Port: cbad9b00-7e6d-4c3a-af12-9eb6049e5bcb
2026-07-21 07:56:58.006 8 INFO neutron_taas.services.taas.tap_mirror_plugin [None req-ae08adf8-6f02-43c7-a69b-d850d847826d 25669bb5136b42288fcdd2b6aa60f1a3 d92e5956f3854fcbbb975bc3d7ddbe47 - - default default] Tap Mirror: Handle Delete Port: cbad9b00-7e6d-4c3a-af12-9eb6049e5bcb
2026-07-21 07:56:58.080 7 INFO neutron.db.ovn_revision_numbers_db [None req-c8db1611-f146-4106-8722-fb19a7c6675f aafc652660c2491e8e8ea0a0e96aa783 02b721d809ca4cab81ce57fb3ebb9249 - - default default] Successfully bumped revision number for resource 23a00c42-5ed6-49ef-9068-12e130d2c69b (type: security_groups) to 1
2026-07-21 07:56:58.093 7 INFO neutron.db.ovn_revision_numbers_db [None req-c8db1611-f146-4106-8722-fb19a7c6675f aafc652660c2491e8e8ea0a0e96aa783 02b721d809ca4cab81ce57fb3ebb9249 - - default default] Successfully bumped revision number for resource 05483f9c-e5a5-498a-b21c-9d715df57a6a (type: security_group_rules) to 0
2026-07-21 07:56:58.093 8 INFO neutron.plugins.ml2.drivers.ovn.mech_driver.mech_driver [None req-a45c2ba5-818e-45d8-9665-9f05404efa31 - - - - - -] OVN reports status down for port: 3f3e05cd-dbaa-4424-9f9b-f9bc52e53de6
2026-07-21 07:56:58.107 7 INFO neutron.db.ovn_revision_numbers_db [None req-c8db1611-f146-4106-8722-fb19a7c6675f aafc652660c2491e8e8ea0a0e96aa783 02b721d809ca4cab81ce57fb3ebb9249 - - default default] Successfully bumped revision number for resource 6aad5ae4-3196-4093-95fb-97dd3e35fa04 (type: security_group_rules) to 0
2026-07-21 07:56:58.112 8 INFO neutron.plugins.ml2.drivers.ovn.mech_driver.mech_driver [None req-a45c2ba5-818e-45d8-9665-9f05404efa31 - - - - - -] OVN reports status down for port: ff91fc75-a39f-4640-94b2-c09e6ef26bfc [pid: 7|app: 0|req: 589/1237] 10.0.0.16 () {34 vars in 684 bytes} [Tue Jul 21 07:56:57 2026] POST /v2.0/security-groups => generated 1659 bytes in 166 msecs (HTTP/1.1 201) 4 headers in 163 bytes (1 switches on core 0) [pid: 7|app: 0|req: 590/1238] 10.0.0.16 () {32 vars in 716 bytes} [Tue Jul 21 07:56:58 2026] GET /v2.0/ports/caa18237-1d21-451e-b8e8-e036b7306625 => generated 775 bytes in 45 msecs (HTTP/1.1 200) 4 headers in 157 bytes (1 switches on core 0)
2026-07-21 07:56:58.215 8 INFO neutron.plugins.ml2.drivers.ovn.mech_driver.mech_driver [None req-a45c2ba5-818e-45d8-9665-9f05404efa31 - - - - - -] OVN reports status up for port: ff91fc75-a39f-4640-94b2-c09e6ef26bfc
2026-07-21 07:56:58.233 8 INFO neutron.plugins.ml2.plugin [None req-a45c2ba5-818e-45d8-9665-9f05404efa31 - - - - - -] Attempt 1 to provision port ff91fc75-a39f-4640-94b2-c09e6ef26bfc
2026-07-21 07:56:58.305 7 INFO neutron.db.ovn_revision_numbers_db [None req-7318841a-5ca1-47e2-9dac-b6cf25125954 aafc652660c2491e8e8ea0a0e96aa783 02b721d809ca4cab81ce57fb3ebb9249 - - default default] Successfully bumped revision number for resource 9e131870-15a2-4517-811b-a86217d77967 (type: security_group_rules) to 0 [pid: 7|app: 0|req: 591/1239] 10.0.0.16 () {34 vars in 694 bytes} [Tue Jul 21 07:56:58 2026] POST /v2.0/security-group-rules => generated 597 bytes in 147 msecs (HTTP/1.1 201) 4 headers in 162 bytes (1 switches on core 0) [pid: 8|app: 0|req: 649/1240] 10.0.0.16 () {32 vars in 725 bytes} [Tue Jul 21 07:56:57 2026] DELETE /v2.0/networks/42fbadb0-48c3-4eea-adf2-624a314b8c82 => generated 0 bytes in 498 msecs (HTTP/1.1 204) 3 headers in 131 bytes (1 switches on core 0)
2026-07-21 07:56:58.352 7 INFO neutron.pecan_wsgi.hooks.translation [None req-8a0737bc-4b73-45fb-aa74-2552793a40c4 ccd1ca8d87a048bf8eee282780c35f11 0baecdf4936c48fa844944ab642cc9eb - - default default] DELETE failed (client error): The resource could not be found. [pid: 7|app: 0|req: 592/1241] 10.0.0.16 () {32 vars in 719 bytes} [Tue Jul 21 07:56:58 2026] DELETE /v2.0/ports/58da4760-afd4-419e-ac4d-84208da51441 => generated 132 bytes in 17 msecs (HTTP/1.1 404) 4 headers in 164 bytes (1 switches on core 0) [pid: 7|app: 0|req: 593/1242] 10.0.0.16 () {32 vars in 648 bytes} [Tue Jul 21 07:56:58 2026] GET /v2.0/networks => generated 651 bytes in 48 msecs (HTTP/1.1 200) 4 headers in 157 bytes (1 switches on core 0)
2026-07-21 07:56:58.417 7 INFO neutron.pecan_wsgi.hooks.translation [None req-c7af2637-0734-4bcf-b9c9-ab0d212dd98e ccd1ca8d87a048bf8eee282780c35f11 0baecdf4936c48fa844944ab642cc9eb - - default default] DELETE failed (client error): The resource could not be found. [pid: 7|app: 0|req: 594/1243] 10.0.0.16 () {32 vars in 723 bytes} [Tue Jul 21 07:56:58 2026] DELETE /v2.0/subnets/0a288b6a-3ce5-4abb-8a48-bfe0b9240e47 => generated 136 bytes in 15 msecs (HTTP/1.1 404) 4 headers in 164 bytes (1 switches on core 0)
2026-07-21 07:56:58.443 7 INFO neutron.plugins.ml2.drivers.ovn.mech_driver.mech_driver [None req-96b5e604-4200-401f-a5cc-f3ab9e3e6769 - - - - - -] OVN reports status down for port: 727db240-fba1-4a7b-9872-047c519b0747
2026-07-21 07:56:58.567 7 INFO neutron.db.segments_db [None req-e0a92424-3d48-4d14-acb4-463cd4b2be27 25669bb5136b42288fcdd2b6aa60f1a3 d92e5956f3854fcbbb975bc3d7ddbe47 - - default default] Added segment 49cca735-3ae8-4d96-9ce1-7a8f7665062b of type geneve for network 6930ab71-0c7a-40ca-8c32-af6bcee36fa7
2026-07-21 07:56:58.628 8 INFO neutron.db.ovn_revision_numbers_db [None req-673d1e1e-ea87-4e14-a641-7badff09cf86 aafc652660c2491e8e8ea0a0e96aa783 02b721d809ca4cab81ce57fb3ebb9249 - - default default] Successfully bumped revision number for resource 1a0206d6-c980-4660-8917-6349b5841994 (type: security_group_rules) to 0 [pid: 8|app: 0|req: 650/1244] 10.0.0.16 () {34 vars in 694 bytes} [Tue Jul 21 07:56:58 2026] POST /v2.0/security-group-rules => generated 602 bytes in 345 msecs (HTTP/1.1 201) 4 headers in 162 bytes (1 switches on core 0)
2026-07-21 07:56:58.703 7 INFO neutron.notifiers.nova [-] Nova event matching ['req-84e3108a-76df-4f0a-949e-94e9a432436a'] response: {'server_uuid': 'dd844a1d-dfbb-4eca-b74f-ad64718ec028', 'name': 'network-vif-unplugged', 'status': 'completed', 'tag': '727db240-fba1-4a7b-9872-047c519b0747', 'code': 200}
2026-07-21 07:56:58.714 8 INFO neutron.pecan_wsgi.hooks.translation [None req-e563fb61-ea09-46e1-b48f-8fa9bfff6520 ccd1ca8d87a048bf8eee282780c35f11 0baecdf4936c48fa844944ab642cc9eb - - default default] DELETE failed (client error): The resource could not be found. [pid: 8|app: 0|req: 651/1245] 10.0.0.16 () {32 vars in 723 bytes} [Tue Jul 21 07:56:58 2026] DELETE /v2.0/subnets/dc408776-c0a9-4bef-9f7e-3afa2362d731 => generated 136 bytes in 32 msecs (HTTP/1.1 404) 4 headers in 164 bytes (1 switches on core 0)
2026-07-21 07:56:58.802 7 INFO neutron.db.ovn_revision_numbers_db [None req-e0a92424-3d48-4d14-acb4-463cd4b2be27 25669bb5136b42288fcdd2b6aa60f1a3 d92e5956f3854fcbbb975bc3d7ddbe47 - - default default] Successfully bumped revision number for resource 6930ab71-0c7a-40ca-8c32-af6bcee36fa7 (type: networks) to 1
2026-07-21 07:56:58.966 7 INFO neutron.db.ovn_revision_numbers_db [None req-96b5e604-4200-401f-a5cc-f3ab9e3e6769 - - - - - -] Successfully bumped revision number for resource 727db240-fba1-4a7b-9872-047c519b0747 (type: ports) to 6
2026-07-21 07:56:58.973 8 INFO neutron.db.ovn_revision_numbers_db [None req-a45c2ba5-818e-45d8-9665-9f05404efa31 - - - - - -] Successfully bumped revision number for resource ff91fc75-a39f-4640-94b2-c09e6ef26bfc (type: ports) to 2
2026-07-21 07:56:59.140 7 WARNING neutron.scheduler.dhcp_agent_scheduler [None req-e0a92424-3d48-4d14-acb4-463cd4b2be27 25669bb5136b42288fcdd2b6aa60f1a3 d92e5956f3854fcbbb975bc3d7ddbe47 - - default default] No more DHCP agents
2026-07-21 07:56:59.141 7 WARNING neutron.api.rpc.agentnotifiers.dhcp_rpc_agent_api [None req-e0a92424-3d48-4d14-acb4-463cd4b2be27 25669bb5136b42288fcdd2b6aa60f1a3 d92e5956f3854fcbbb975bc3d7ddbe47 - - default default] Unable to schedule network 6930ab71-0c7a-40ca-8c32-af6bcee36fa7: no agents available; will retry on subsequent port and subnet creation events.
2026-07-21 07:56:59.153 8 INFO neutron.plugins.ml2.drivers.ovn.mech_driver.mech_driver [None req-9089cfa2-e42d-4394-be4a-227db6fa0f63 - - - - - -] OVN reports status down for port: cbad9b00-7e6d-4c3a-af12-9eb6049e5bcb
2026-07-21 07:56:59.190 8 INFO neutron.plugins.ml2.drivers.ovn.mech_driver.mech_driver [None req-9089cfa2-e42d-4394-be4a-227db6fa0f63 - - - - - -] OVN reports status down for port: 3f3e05cd-dbaa-4424-9f9b-f9bc52e53de6
2026-07-21 07:56:59.219 7 INFO neutron.db.ovn_revision_numbers_db [None req-e0a92424-3d48-4d14-acb4-463cd4b2be27 25669bb5136b42288fcdd2b6aa60f1a3 d92e5956f3854fcbbb975bc3d7ddbe47 - - default default] Successfully bumped revision number for resource 55058296-9112-4432-912a-b060c9e85207 (type: ports) to 1 [pid: 7|app: 0|req: 595/1246] 10.0.0.16 () {34 vars in 669 bytes} [Tue Jul 21 07:56:58 2026] POST /v2.0/networks => generated 654 bytes in 823 msecs (HTTP/1.1 201) 4 headers in 162 bytes (1 switches on core 0) /var/lib/openstack/lib/python3.12/site-packages/pycadf/identifier.py:70: UserWarning: Invalid uuid: neutron. To ensure interoperability, identifiers should be a valid uuid. warnings.warn(('Invalid uuid: %s. To ensure interoperability, '
2026-07-21 07:56:59.248 8 WARNING neutron.scheduler.dhcp_agent_scheduler [None req-25bf4123-a11f-4c84-8799-502d12ee6600 aafc652660c2491e8e8ea0a0e96aa783 02b721d809ca4cab81ce57fb3ebb9249 - - default default] No more DHCP agents
2026-07-21 07:56:59.250 8 WARNING neutron.api.rpc.agentnotifiers.dhcp_rpc_agent_api [None req-25bf4123-a11f-4c84-8799-502d12ee6600 aafc652660c2491e8e8ea0a0e96aa783 02b721d809ca4cab81ce57fb3ebb9249 - - default default] Unable to schedule network c63a7e8d-30ac-4d43-a14a-5423ac786860: no agents available; will retry on subsequent port and subnet creation events.
2026-07-21 07:56:59.340 8 INFO neutron.db.ovn_revision_numbers_db [None req-9089cfa2-e42d-4394-be4a-227db6fa0f63 - - - - - -] Successfully bumped revision number for resource ff91fc75-a39f-4640-94b2-c09e6ef26bfc (type: router_ports) to 2
2026-07-21 07:56:59.354 7 INFO neutron_taas.services.taas.taas_plugin [None req-e8b8423d-644d-4f97-8013-82798f2d821a ccd1ca8d87a048bf8eee282780c35f11 0baecdf4936c48fa844944ab642cc9eb - - default default] TaaS: Handle Delete Port: caa18237-1d21-451e-b8e8-e036b7306625
2026-07-21 07:56:59.357 7 INFO neutron_taas.services.taas.tap_mirror_plugin [None req-e8b8423d-644d-4f97-8013-82798f2d821a ccd1ca8d87a048bf8eee282780c35f11 0baecdf4936c48fa844944ab642cc9eb - - default default] Tap Mirror: Handle Delete Port: caa18237-1d21-451e-b8e8-e036b7306625
2026-07-21 07:56:59.415 8 INFO neutron.plugins.ml2.drivers.ovn.mech_driver.mech_driver [None req-9089cfa2-e42d-4394-be4a-227db6fa0f63 - - - - - -] OVN reports status down for port: 55058296-9112-4432-912a-b060c9e85207 [pid: 7|app: 0|req: 596/1247] 10.0.0.16 () {32 vars in 719 bytes} [Tue Jul 21 07:56:59 2026] DELETE /v2.0/ports/caa18237-1d21-451e-b8e8-e036b7306625 => generated 0 bytes in 194 msecs (HTTP/1.1 204) 3 headers in 131 bytes (1 switches on core 0) [pid: 7|app: 0|req: 597/1248] 10.0.0.20 () {34 vars in 989 bytes} [Tue Jul 21 07:56:59 2026] GET /v2.0/ports?device_id=dd844a1d-dfbb-4eca-b74f-ad64718ec028 => generated 969 bytes in 29 msecs (HTTP/1.1 200) 4 headers in 157 bytes (1 switches on core 0)
2026-07-21 07:56:59.559 7 INFO neutron.db.segments_db [None req-324335e0-c9c6-469f-ba3d-e01dff8d2b3c 25669bb5136b42288fcdd2b6aa60f1a3 d92e5956f3854fcbbb975bc3d7ddbe47 - - default default] Added segment c3a3d9d9-30c7-4b78-b95a-85038f50ce1c of type geneve for network e289cb3f-83ca-4447-9edb-4142d2c06936
2026-07-21 07:56:59.669 7 INFO neutron.db.ovn_revision_numbers_db [None req-324335e0-c9c6-469f-ba3d-e01dff8d2b3c 25669bb5136b42288fcdd2b6aa60f1a3 d92e5956f3854fcbbb975bc3d7ddbe47 - - default default] Successfully bumped revision number for resource e289cb3f-83ca-4447-9edb-4142d2c06936 (type: networks) to 1 [pid: 8|app: 0|req: 652/1249] 10.0.0.16 () {34 vars in 675 bytes} [Tue Jul 21 07:56:58 2026] POST /v2.0/floatingips => generated 552 bytes in 991 msecs (HTTP/1.1 201) 4 headers in 162 bytes (1 switches on core 0)
2026-07-21 07:56:59.845 8 INFO neutron_taas.services.taas.taas_plugin [None req-f57e6fcc-a392-4bd4-9a97-48517477ab1b ccd1ca8d87a048bf8eee282780c35f11 0baecdf4936c48fa844944ab642cc9eb - - default default] TaaS: Handle Delete Port: deb20a36-401f-46cc-a8fe-d7ff252d7da1
2026-07-21 07:56:59.851 8 INFO neutron_taas.services.taas.tap_mirror_plugin [None req-f57e6fcc-a392-4bd4-9a97-48517477ab1b ccd1ca8d87a048bf8eee282780c35f11 0baecdf4936c48fa844944ab642cc9eb - - default default] Tap Mirror: Handle Delete Port: deb20a36-401f-46cc-a8fe-d7ff252d7da1
2026-07-21 07:56:59.858 8 INFO neutron.services.segments.plugin [-] Segment c48b0aa9-82b6-4473-b90d-46dcfd4b0635 resource provider aggregate not found
2026-07-21 07:56:59.863 8 INFO neutron.services.segments.plugin [-] Segment c48b0aa9-82b6-4473-b90d-46dcfd4b0635 resource provider aggregate not found
2026-07-21 07:56:59.885 8 INFO neutron.services.segments.plugin [-] Client error retrieving segment c48b0aa9-82b6-4473-b90d-46dcfd4b0635 resource provider; error: Placement Client Error (4xx): {"errors": [{"status": 404, "title": "Not Found", "detail": "The resource could not be found.\n\n No resource provider with uuid c48b0aa9-82b6-4473-b90d-46dcfd4b0635 found for delete ", "request_id": "req-6cd9f1e5-3869-4440-b5df-3f116de5172f"}]}
2026-07-21 07:56:59.889 8 INFO neutron.services.segments.plugin [-] Client error retrieving segment c48b0aa9-82b6-4473-b90d-46dcfd4b0635 resource provider; error: Placement Client Error (4xx): {"errors": [{"status": 404, "title": "Not Found", "detail": "The resource could not be found.\n\n No resource provider with uuid c48b0aa9-82b6-4473-b90d-46dcfd4b0635 found for delete ", "request_id": "req-eecaf288-55ba-4bb4-9f03-fa0be64b2f64"}]}
2026-07-21 07:56:59.891 7 WARNING neutron.scheduler.dhcp_agent_scheduler [None req-324335e0-c9c6-469f-ba3d-e01dff8d2b3c 25669bb5136b42288fcdd2b6aa60f1a3 d92e5956f3854fcbbb975bc3d7ddbe47 - - default default] No more DHCP agents
2026-07-21 07:56:59.892 7 WARNING neutron.api.rpc.agentnotifiers.dhcp_rpc_agent_api [None req-324335e0-c9c6-469f-ba3d-e01dff8d2b3c 25669bb5136b42288fcdd2b6aa60f1a3 d92e5956f3854fcbbb975bc3d7ddbe47 - - default default] Unable to schedule network e289cb3f-83ca-4447-9edb-4142d2c06936: no agents available; will retry on subsequent port and subnet creation events.
2026-07-21 07:56:59.948 7 INFO neutron.plugins.ml2.drivers.ovn.mech_driver.mech_driver [None req-97cbd6e0-76e8-44b1-a2c2-4fae73261695 - - - - - -] OVN reports status down for port: 55d5f391-ff46-482a-8450-de3a89711dde
2026-07-21 07:57:00.020 7 INFO neutron.db.ovn_revision_numbers_db [None req-324335e0-c9c6-469f-ba3d-e01dff8d2b3c 25669bb5136b42288fcdd2b6aa60f1a3 d92e5956f3854fcbbb975bc3d7ddbe47 - - default default] Successfully bumped revision number for resource 55d5f391-ff46-482a-8450-de3a89711dde (type: ports) to 1 [pid: 7|app: 0|req: 598/1250] 10.0.0.16 () {34 vars in 669 bytes} [Tue Jul 21 07:56:59 2026] POST /v2.0/networks => generated 653 bytes in 596 msecs (HTTP/1.1 201) 4 headers in 162 bytes (1 switches on core 0) [pid: 7|app: 0|req: 599/1251] 10.0.0.20 () {34 vars in 1039 bytes} [Tue Jul 21 07:57:00 2026] GET /v2.0/security-groups?id=ab90d253-9887-4bde-bf54-f16064964b41&fields=id&fields=name => generated 88 bytes in 46 msecs (HTTP/1.1 200) 4 headers in 156 bytes (1 switches on core 0) [pid: 7|app: 0|req: 600/1252] 199.19.213.11 () {34 vars in 993 bytes} [Tue Jul 21 07:57:00 2026] GET /v2.0/ports?device_id=dd844a1d-dfbb-4eca-b74f-ad64718ec028 => generated 969 bytes in 37 msecs (HTTP/1.1 200) 4 headers in 157 bytes (1 switches on core 0) [pid: 8|app: 0|req: 653/1253] 10.0.0.16 () {32 vars in 725 bytes} [Tue Jul 21 07:56:59 2026] DELETE /v2.0/networks/dc2149c7-82ef-4a0c-8075-438d11d7bf93 => generated 0 bytes in 443 msecs (HTTP/1.1 204) 3 headers in 131 bytes (1 switches on core 0)
2026-07-21 07:57:00.307 8 INFO neutron_taas.services.taas.taas_plugin [req-ebe92611-1812-4081-8349-74fda43d3cab req-dc746faf-ce88-47e5-a5a8-ff724d3153e7 88b1da49ea6e4741839b71e6767c288c 48a8c6333227411f929128f08944a268 - - default default] TaaS: Handle Delete Port: 727db240-fba1-4a7b-9872-047c519b0747
2026-07-21 07:57:00.310 8 INFO neutron_taas.services.taas.tap_mirror_plugin [req-ebe92611-1812-4081-8349-74fda43d3cab req-dc746faf-ce88-47e5-a5a8-ff724d3153e7 88b1da49ea6e4741839b71e6767c288c 48a8c6333227411f929128f08944a268 - - default default] Tap Mirror: Handle Delete Port: 727db240-fba1-4a7b-9872-047c519b0747 [pid: 8|app: 0|req: 654/1254] 199.19.213.11 () {36 vars in 996 bytes} [Tue Jul 21 07:57:00 2026] DELETE /v2.0/ports/727db240-fba1-4a7b-9872-047c519b0747 => generated 0 bytes in 281 msecs (HTTP/1.1 204) 3 headers in 131 bytes (1 switches on core 0)
2026-07-21 07:57:00.497 8 INFO neutron.notifiers.nova [-] Nova event matching ['req-faa50993-881e-432f-885e-9f773d5ee710'] response: {'server_uuid': 'dd844a1d-dfbb-4eca-b74f-ad64718ec028', 'name': 'network-vif-deleted', 'tag': '727db240-fba1-4a7b-9872-047c519b0747', 'status': 'completed', 'code': 200}
2026-07-21 07:57:00.528 7 WARNING neutron.scheduler.dhcp_agent_scheduler [None req-f843cf12-10f2-4488-8e19-5e68dcc3ee69 25669bb5136b42288fcdd2b6aa60f1a3 d92e5956f3854fcbbb975bc3d7ddbe47 - - default default] No more DHCP agents
2026-07-21 07:57:00.529 7 WARNING neutron.api.rpc.agentnotifiers.dhcp_rpc_agent_api [None req-f843cf12-10f2-4488-8e19-5e68dcc3ee69 25669bb5136b42288fcdd2b6aa60f1a3 d92e5956f3854fcbbb975bc3d7ddbe47 - - default default] Unable to schedule network 6930ab71-0c7a-40ca-8c32-af6bcee36fa7: no agents available; will retry on subsequent port and subnet creation events.
2026-07-21 07:57:00.587 8 INFO neutron.plugins.ml2.drivers.ovn.mech_driver.mech_driver [None req-9089cfa2-e42d-4394-be4a-227db6fa0f63 - - - - - -] OVN reports status down for port: 9e466b48-dde6-4d06-864b-6ec95d9c9307
2026-07-21 07:57:00.617 7 INFO neutron.db.ovn_revision_numbers_db [None req-f843cf12-10f2-4488-8e19-5e68dcc3ee69 25669bb5136b42288fcdd2b6aa60f1a3 d92e5956f3854fcbbb975bc3d7ddbe47 - - default default] Successfully bumped revision number for resource 9e466b48-dde6-4d06-864b-6ec95d9c9307 (type: ports) to 1
2026-07-21 07:57:00.683 7 WARNING neutron.scheduler.dhcp_agent_scheduler [None req-f843cf12-10f2-4488-8e19-5e68dcc3ee69 25669bb5136b42288fcdd2b6aa60f1a3 d92e5956f3854fcbbb975bc3d7ddbe47 - - default default] No more DHCP agents
2026-07-21 07:57:00.684 7 WARNING neutron.api.rpc.agentnotifiers.dhcp_rpc_agent_api [None req-f843cf12-10f2-4488-8e19-5e68dcc3ee69 25669bb5136b42288fcdd2b6aa60f1a3 d92e5956f3854fcbbb975bc3d7ddbe47 - - default default] Unable to schedule network e289cb3f-83ca-4447-9edb-4142d2c06936: no agents available; will retry on subsequent port and subnet creation events.
2026-07-21 07:57:00.740 7 INFO neutron.plugins.ml2.drivers.ovn.mech_driver.mech_driver [None req-97cbd6e0-76e8-44b1-a2c2-4fae73261695 - - - - - -] OVN reports status down for port: aba080db-479f-4c40-a3f2-7e49fcd5bf58
2026-07-21 07:57:00.745 7 INFO neutron.notifiers.nova [-] Nova event matching ['req-080fb95c-5ae4-4d51-9397-7116c48aab2f'] response: {'server_uuid': 'dd844a1d-dfbb-4eca-b74f-ad64718ec028', 'name': 'network-vif-unplugged', 'status': 'completed', 'tag': '727db240-fba1-4a7b-9872-047c519b0747', 'code': 200}
2026-07-21 07:57:00.803 7 INFO neutron.db.ovn_revision_numbers_db [None req-f843cf12-10f2-4488-8e19-5e68dcc3ee69 25669bb5136b42288fcdd2b6aa60f1a3 d92e5956f3854fcbbb975bc3d7ddbe47 - - default default] Successfully bumped revision number for resource aba080db-479f-4c40-a3f2-7e49fcd5bf58 (type: ports) to 1 [pid: 8|app: 0|req: 655/1255] 10.0.0.16 () {32 vars in 773 bytes} [Tue Jul 21 07:57:00 2026] GET /v2.0/security-groups?tenant_id=0baecdf4936c48fa844944ab642cc9eb&name=default => generated 2925 bytes in 132 msecs (HTTP/1.1 200) 4 headers in 158 bytes (1 switches on core 0) [pid: 7|app: 0|req: 601/1256] 10.0.0.16 () {34 vars in 664 bytes} [Tue Jul 21 07:57:00 2026] POST /v2.0/ports => generated 1506 bytes in 794 msecs (HTTP/1.1 201) 4 headers in 163 bytes (1 switches on core 0) /var/lib/openstack/lib/python3.12/site-packages/pycadf/identifier.py:70: UserWarning: Invalid uuid: neutron. To ensure interoperability, identifiers should be a valid uuid. warnings.warn(('Invalid uuid: %s. To ensure interoperability, ' [pid: 7|app: 0|req: 602/1257] 10.0.0.16 () {32 vars in 642 bytes} [Tue Jul 21 07:57:00 2026] GET /v2.0/ports => generated 3018 bytes in 46 msecs (HTTP/1.1 200) 4 headers in 158 bytes (1 switches on core 0) [pid: 8|app: 0|req: 656/1258] 10.0.0.16 () {32 vars in 739 bytes} [Tue Jul 21 07:57:00 2026] DELETE /v2.0/security-groups/ddfbfd3c-348a-4b35-bedc-04744e2a1f79 => generated 0 bytes in 228 msecs (HTTP/1.1 204) 2 headers in 112 bytes (1 switches on core 0)
2026-07-21 07:57:01.119 7 INFO neutron_taas.services.taas.taas_plugin [None req-c9ea8d30-0f2f-418d-8ab7-d32f816e1064 25669bb5136b42288fcdd2b6aa60f1a3 d92e5956f3854fcbbb975bc3d7ddbe47 - - default default] TaaS: Handle Delete Port: 9e466b48-dde6-4d06-864b-6ec95d9c9307
2026-07-21 07:57:01.122 7 INFO neutron_taas.services.taas.tap_mirror_plugin [None req-c9ea8d30-0f2f-418d-8ab7-d32f816e1064 25669bb5136b42288fcdd2b6aa60f1a3 d92e5956f3854fcbbb975bc3d7ddbe47 - - default default] Tap Mirror: Handle Delete Port: 9e466b48-dde6-4d06-864b-6ec95d9c9307 [pid: 8|app: 0|req: 657/1259] 10.0.0.20 () {34 vars in 989 bytes} [Tue Jul 21 07:57:01 2026] GET /v2.0/ports?device_id=dd844a1d-dfbb-4eca-b74f-ad64718ec028 => generated 12 bytes in 20 msecs (HTTP/1.1 200) 4 headers in 156 bytes (1 switches on core 0) [pid: 7|app: 0|req: 603/1260] 10.0.0.16 () {32 vars in 719 bytes} [Tue Jul 21 07:57:01 2026] DELETE /v2.0/ports/9e466b48-dde6-4d06-864b-6ec95d9c9307 => generated 0 bytes in 229 msecs (HTTP/1.1 204) 3 headers in 131 bytes (1 switches on core 0)
2026-07-21 07:57:01.360 8 INFO neutron_taas.services.taas.taas_plugin [None req-308dce4c-e98a-4ab4-8184-f08d011bf8e3 25669bb5136b42288fcdd2b6aa60f1a3 d92e5956f3854fcbbb975bc3d7ddbe47 - - default default] TaaS: Handle Delete Port: aba080db-479f-4c40-a3f2-7e49fcd5bf58
2026-07-21 07:57:01.363 8 INFO neutron_taas.services.taas.tap_mirror_plugin [None req-308dce4c-e98a-4ab4-8184-f08d011bf8e3 25669bb5136b42288fcdd2b6aa60f1a3 d92e5956f3854fcbbb975bc3d7ddbe47 - - default default] Tap Mirror: Handle Delete Port: aba080db-479f-4c40-a3f2-7e49fcd5bf58 [pid: 8|app: 0|req: 658/1261] 10.0.0.16 () {32 vars in 719 bytes} [Tue Jul 21 07:57:01 2026] DELETE /v2.0/ports/aba080db-479f-4c40-a3f2-7e49fcd5bf58 => generated 0 bytes in 236 msecs (HTTP/1.1 204) 3 headers in 131 bytes (1 switches on core 0) [pid: 7|app: 0|req: 604/1262] 10.0.0.16 () {32 vars in 642 bytes} [Tue Jul 21 07:57:01 2026] GET /v2.0/ports => generated 1523 bytes in 39 msecs (HTTP/1.1 200) 4 headers in 158 bytes (1 switches on core 0)
2026-07-21 07:57:01.600 8 INFO neutron.db.segments_db [None req-5744e2ba-c5c5-416b-aef5-add8336c08de 25669bb5136b42288fcdd2b6aa60f1a3 d92e5956f3854fcbbb975bc3d7ddbe47 - - default default] Added segment fdb77409-ea0c-4544-967c-38a85d271a01 of type geneve for network a0c16e26-d1ce-4eb0-951d-51019fed7ad4
2026-07-21 07:57:01.721 8 INFO neutron.db.ovn_revision_numbers_db [None req-5744e2ba-c5c5-416b-aef5-add8336c08de 25669bb5136b42288fcdd2b6aa60f1a3 d92e5956f3854fcbbb975bc3d7ddbe47 - - default default] Successfully bumped revision number for resource a0c16e26-d1ce-4eb0-951d-51019fed7ad4 (type: networks) to 1
2026-07-21 07:57:01.879 8 WARNING neutron.scheduler.dhcp_agent_scheduler [None req-5744e2ba-c5c5-416b-aef5-add8336c08de 25669bb5136b42288fcdd2b6aa60f1a3 d92e5956f3854fcbbb975bc3d7ddbe47 - - default default] No more DHCP agents
2026-07-21 07:57:01.881 8 WARNING neutron.api.rpc.agentnotifiers.dhcp_rpc_agent_api [None req-5744e2ba-c5c5-416b-aef5-add8336c08de 25669bb5136b42288fcdd2b6aa60f1a3 d92e5956f3854fcbbb975bc3d7ddbe47 - - default default] Unable to schedule network a0c16e26-d1ce-4eb0-951d-51019fed7ad4: no agents available; will retry on subsequent port and subnet creation events.
2026-07-21 07:57:01.909 8 INFO neutron.services.segments.plugin [-] Segment 7302f372-6a82-46fb-8e9c-4f6c2c69766d resource provider aggregate not found
2026-07-21 07:57:01.918 8 INFO neutron.services.segments.plugin [-] Segment 7302f372-6a82-46fb-8e9c-4f6c2c69766d resource provider aggregate not found
2026-07-21 07:57:01.939 8 INFO neutron.services.segments.plugin [-] Client error retrieving segment 7302f372-6a82-46fb-8e9c-4f6c2c69766d resource provider; error: Placement Client Error (4xx): {"errors": [{"status": 404, "title": "Not Found", "detail": "The resource could not be found.\n\n No resource provider with uuid 7302f372-6a82-46fb-8e9c-4f6c2c69766d found for delete ", "request_id": "req-d79df1ed-f17c-498f-934d-5beb1084dc8e"}]}
2026-07-21 07:57:01.944 8 INFO neutron.services.segments.plugin [-] Client error retrieving segment 7302f372-6a82-46fb-8e9c-4f6c2c69766d resource provider; error: Placement Client Error (4xx): {"errors": [{"status": 404, "title": "Not Found", "detail": "The resource could not be found.\n\n No resource provider with uuid 7302f372-6a82-46fb-8e9c-4f6c2c69766d found for delete ", "request_id": "req-d3b32e8f-8a38-4c0f-8d0d-5905a7dfa6ab"}]}
2026-07-21 07:57:01.978 8 INFO neutron.plugins.ml2.drivers.ovn.mech_driver.mech_driver [None req-9089cfa2-e42d-4394-be4a-227db6fa0f63 - - - - - -] OVN reports status down for port: cf56860f-85fb-48bd-ad77-626a56d64782
2026-07-21 07:57:02.038 8 INFO neutron.db.ovn_revision_numbers_db [None req-5744e2ba-c5c5-416b-aef5-add8336c08de 25669bb5136b42288fcdd2b6aa60f1a3 d92e5956f3854fcbbb975bc3d7ddbe47 - - default default] Successfully bumped revision number for resource cf56860f-85fb-48bd-ad77-626a56d64782 (type: ports) to 1 [pid: 8|app: 0|req: 659/1263] 10.0.0.16 () {34 vars in 669 bytes} [Tue Jul 21 07:57:01 2026] POST /v2.0/networks => generated 653 bytes in 561 msecs (HTTP/1.1 201) 4 headers in 162 bytes (1 switches on core 0)
2026-07-21 07:57:02.165 7 INFO neutron.db.segments_db [None req-42946c1a-9410-4838-b28c-dd4787fe3682 25669bb5136b42288fcdd2b6aa60f1a3 d92e5956f3854fcbbb975bc3d7ddbe47 - - default default] Added segment 8b4c0549-cddb-43c1-90c0-a7aa4245f879 of type geneve for network 23c4e5f9-ab7c-4365-8519-ef7a0a930665
2026-07-21 07:57:02.272 7 INFO neutron.db.ovn_revision_numbers_db [None req-42946c1a-9410-4838-b28c-dd4787fe3682 25669bb5136b42288fcdd2b6aa60f1a3 d92e5956f3854fcbbb975bc3d7ddbe47 - - default default] Successfully bumped revision number for resource 23c4e5f9-ab7c-4365-8519-ef7a0a930665 (type: networks) to 1 [pid: 8|app: 0|req: 660/1264] 10.0.0.20 () {34 vars in 989 bytes} [Tue Jul 21 07:57:02 2026] GET /v2.0/ports?device_id=dd844a1d-dfbb-4eca-b74f-ad64718ec028 => generated 12 bytes in 21 msecs (HTTP/1.1 200) 4 headers in 156 bytes (1 switches on core 0)
2026-07-21 07:57:02.422 7 WARNING neutron.scheduler.dhcp_agent_scheduler [None req-42946c1a-9410-4838-b28c-dd4787fe3682 25669bb5136b42288fcdd2b6aa60f1a3 d92e5956f3854fcbbb975bc3d7ddbe47 - - default default] No more DHCP agents
2026-07-21 07:57:02.423 7 WARNING neutron.api.rpc.agentnotifiers.dhcp_rpc_agent_api [None req-42946c1a-9410-4838-b28c-dd4787fe3682 25669bb5136b42288fcdd2b6aa60f1a3 d92e5956f3854fcbbb975bc3d7ddbe47 - - default default] Unable to schedule network 23c4e5f9-ab7c-4365-8519-ef7a0a930665: no agents available; will retry on subsequent port and subnet creation events.
2026-07-21 07:57:02.466 7 INFO neutron.plugins.ml2.drivers.ovn.mech_driver.mech_driver [None req-97cbd6e0-76e8-44b1-a2c2-4fae73261695 - - - - - -] OVN reports status down for port: 92b13b10-84b7-4339-9870-9d41b4a62625
2026-07-21 07:57:02.544 7 INFO neutron.db.ovn_revision_numbers_db [None req-42946c1a-9410-4838-b28c-dd4787fe3682 25669bb5136b42288fcdd2b6aa60f1a3 d92e5956f3854fcbbb975bc3d7ddbe47 - - default default] Successfully bumped revision number for resource 92b13b10-84b7-4339-9870-9d41b4a62625 (type: ports) to 1 [pid: 7|app: 0|req: 605/1265] 10.0.0.16 () {34 vars in 669 bytes} [Tue Jul 21 07:57:02 2026] POST /v2.0/networks => generated 654 bytes in 503 msecs (HTTP/1.1 201) 4 headers in 162 bytes (1 switches on core 0) [pid: 7|app: 0|req: 606/1266] 10.0.0.20 () {34 vars in 989 bytes} [Tue Jul 21 07:57:03 2026] GET /v2.0/ports?device_id=dd844a1d-dfbb-4eca-b74f-ad64718ec028 => generated 12 bytes in 21 msecs (HTTP/1.1 200) 4 headers in 156 bytes (1 switches on core 0)
2026-07-21 07:57:03.379 8 WARNING neutron.scheduler.dhcp_agent_scheduler [None req-a4955f14-6a5c-475f-8dae-8af1e2b7e45e 25669bb5136b42288fcdd2b6aa60f1a3 d92e5956f3854fcbbb975bc3d7ddbe47 - - default default] No more DHCP agents
2026-07-21 07:57:03.380 8 WARNING neutron.api.rpc.agentnotifiers.dhcp_rpc_agent_api [None req-a4955f14-6a5c-475f-8dae-8af1e2b7e45e 25669bb5136b42288fcdd2b6aa60f1a3 d92e5956f3854fcbbb975bc3d7ddbe47 - - default default] Unable to schedule network a0c16e26-d1ce-4eb0-951d-51019fed7ad4: no agents available; will retry on subsequent port and subnet creation events.
2026-07-21 07:57:03.415 8 INFO neutron.db.ovn_revision_numbers_db [None req-a4955f14-6a5c-475f-8dae-8af1e2b7e45e 25669bb5136b42288fcdd2b6aa60f1a3 d92e5956f3854fcbbb975bc3d7ddbe47 - - default default] Successfully bumped revision number for resource b40524bd-1a79-406c-9230-fd615413bdbd (type: subnets) to 0
2026-07-21 07:57:03.442 8 WARNING neutron.scheduler.dhcp_agent_scheduler [None req-a4955f14-6a5c-475f-8dae-8af1e2b7e45e 25669bb5136b42288fcdd2b6aa60f1a3 d92e5956f3854fcbbb975bc3d7ddbe47 - - default default] No more DHCP agents
2026-07-21 07:57:03.443 8 WARNING neutron.api.rpc.agentnotifiers.dhcp_rpc_agent_api [None req-a4955f14-6a5c-475f-8dae-8af1e2b7e45e 25669bb5136b42288fcdd2b6aa60f1a3 d92e5956f3854fcbbb975bc3d7ddbe47 - - default default] Unable to schedule network 23c4e5f9-ab7c-4365-8519-ef7a0a930665: no agents available; will retry on subsequent port and subnet creation events.
2026-07-21 07:57:03.481 8 INFO neutron.db.ovn_revision_numbers_db [None req-a4955f14-6a5c-475f-8dae-8af1e2b7e45e 25669bb5136b42288fcdd2b6aa60f1a3 d92e5956f3854fcbbb975bc3d7ddbe47 - - default default] Successfully bumped revision number for resource 836a0a7a-98e2-4c36-92eb-e92f3f60f9bc (type: subnets) to 0 [pid: 8|app: 0|req: 661/1267] 10.0.0.16 () {34 vars in 668 bytes} [Tue Jul 21 07:57:03 2026] POST /v2.0/subnets => generated 1324 bytes in 432 msecs (HTTP/1.1 201) 4 headers in 163 bytes (1 switches on core 0) [pid: 7|app: 0|req: 607/1268] 10.0.0.16 () {32 vars in 646 bytes} [Tue Jul 21 07:57:03 2026] GET /v2.0/subnets => generated 1960 bytes in 34 msecs (HTTP/1.1 200) 4 headers in 158 bytes (1 switches on core 0) [pid: 8|app: 0|req: 662/1269] 10.0.0.16 () {32 vars in 723 bytes} [Tue Jul 21 07:57:03 2026] DELETE /v2.0/subnets/b40524bd-1a79-406c-9230-fd615413bdbd => generated 0 bytes in 160 msecs (HTTP/1.1 204) 3 headers in 131 bytes (1 switches on core 0) [pid: 7|app: 0|req: 608/1270] 10.0.0.16 () {32 vars in 723 bytes} [Tue Jul 21 07:57:03 2026] DELETE /v2.0/subnets/836a0a7a-98e2-4c36-92eb-e92f3f60f9bc => generated 0 bytes in 135 msecs (HTTP/1.1 204) 3 headers in 131 bytes (1 switches on core 0) [pid: 8|app: 0|req: 663/1271] 10.0.0.16 () {32 vars in 646 bytes} [Tue Jul 21 07:57:03 2026] GET /v2.0/subnets => generated 649 bytes in 35 msecs (HTTP/1.1 200) 4 headers in 157 bytes (1 switches on core 0)
2026-07-21 07:57:04.014 7 INFO neutron_taas.services.taas.taas_plugin [None req-0910ea50-2530-4dca-9243-076eca85fd8f 25669bb5136b42288fcdd2b6aa60f1a3 d92e5956f3854fcbbb975bc3d7ddbe47 - - default default] TaaS: Handle Delete Port: 92b13b10-84b7-4339-9870-9d41b4a62625
2026-07-21 07:57:04.017 7 INFO neutron_taas.services.taas.tap_mirror_plugin [None req-0910ea50-2530-4dca-9243-076eca85fd8f 25669bb5136b42288fcdd2b6aa60f1a3 d92e5956f3854fcbbb975bc3d7ddbe47 - - default default] Tap Mirror: Handle Delete Port: 92b13b10-84b7-4339-9870-9d41b4a62625
2026-07-21 07:57:04.195 7 INFO neutron.services.segments.plugin [-] Segment 8b4c0549-cddb-43c1-90c0-a7aa4245f879 resource provider aggregate not found
2026-07-21 07:57:04.202 7 INFO neutron.services.segments.plugin [-] Segment 8b4c0549-cddb-43c1-90c0-a7aa4245f879 resource provider aggregate not found
2026-07-21 07:57:04.219 7 INFO neutron.services.segments.plugin [-] Client error retrieving segment 8b4c0549-cddb-43c1-90c0-a7aa4245f879 resource provider; error: Placement Client Error (4xx): {"errors": [{"status": 404, "title": "Not Found", "detail": "The resource could not be found.\n\n No resource provider with uuid 8b4c0549-cddb-43c1-90c0-a7aa4245f879 found for delete ", "request_id": "req-5e58a85d-2836-43ac-9550-8dc485f656c1"}]}
2026-07-21 07:57:04.233 7 INFO neutron.services.segments.plugin [-] Client error retrieving segment 8b4c0549-cddb-43c1-90c0-a7aa4245f879 resource provider; error: Placement Client Error (4xx): {"errors": [{"status": 404, "title": "Not Found", "detail": "The resource could not be found.\n\n No resource provider with uuid 8b4c0549-cddb-43c1-90c0-a7aa4245f879 found for delete ", "request_id": "req-f99913c4-fa28-4f31-b01c-caf61be15253"}]} [pid: 7|app: 0|req: 609/1272] 10.0.0.16 () {32 vars in 725 bytes} [Tue Jul 21 07:57:03 2026] DELETE /v2.0/networks/23c4e5f9-ab7c-4365-8519-ef7a0a930665 => generated 0 bytes in 344 msecs (HTTP/1.1 204) 3 headers in 131 bytes (1 switches on core 0)
2026-07-21 07:57:04.379 8 INFO neutron_taas.services.taas.taas_plugin [None req-04378a8e-6b4e-4bb8-8713-4bc45f2843be 25669bb5136b42288fcdd2b6aa60f1a3 d92e5956f3854fcbbb975bc3d7ddbe47 - - default default] TaaS: Handle Delete Port: cf56860f-85fb-48bd-ad77-626a56d64782
2026-07-21 07:57:04.383 8 INFO neutron_taas.services.taas.tap_mirror_plugin [None req-04378a8e-6b4e-4bb8-8713-4bc45f2843be 25669bb5136b42288fcdd2b6aa60f1a3 d92e5956f3854fcbbb975bc3d7ddbe47 - - default default] Tap Mirror: Handle Delete Port: cf56860f-85fb-48bd-ad77-626a56d64782 [pid: 7|app: 0|req: 610/1273] 10.0.0.20 () {34 vars in 1097 bytes} [Tue Jul 21 07:57:04 2026] GET /v2.0/security-groups?name=tempest-securitygroup--835248095&fields=id&tenant_id=02b721d809ca4cab81ce57fb3ebb9249 => generated 69 bytes in 31 msecs (HTTP/1.1 200) 4 headers in 156 bytes (1 switches on core 0)
2026-07-21 07:57:04.572 8 INFO neutron.services.segments.plugin [-] Segment fdb77409-ea0c-4544-967c-38a85d271a01 resource provider aggregate not found
2026-07-21 07:57:04.574 8 INFO neutron.services.segments.plugin [-] Segment fdb77409-ea0c-4544-967c-38a85d271a01 resource provider aggregate not found
