2026-07-21 07:59:04.666 8 WARNING neutron.scheduler.dhcp_agent_scheduler [None req-1e078e0d-ffc7-4b17-82de-91be633d3c2c e2f18786e362463697f715abc99c57b7 6ef8760804f14211874d2b1261ddea4e - - default default] No more DHCP agents
2026-07-21 07:59:04.667 8 WARNING neutron.api.rpc.agentnotifiers.dhcp_rpc_agent_api [None req-1e078e0d-ffc7-4b17-82de-91be633d3c2c e2f18786e362463697f715abc99c57b7 6ef8760804f14211874d2b1261ddea4e - - default default] Unable to schedule network 6d4a0aa9-84f7-4442-a060-4401c09f8469: no agents available; will retry on subsequent port and subnet creation events.
2026-07-21 07:59:05.062 7 WARNING neutron.scheduler.dhcp_agent_scheduler [None req-a25ce207-7c8c-49fa-8dd4-1efc45cddd11 - - - - - -] No more DHCP agents
2026-07-21 07:59:05.064 7 WARNING neutron.api.rpc.agentnotifiers.dhcp_rpc_agent_api [None req-a25ce207-7c8c-49fa-8dd4-1efc45cddd11 - - - - - -] Unable to schedule network c63a7e8d-30ac-4d43-a14a-5423ac786860: no agents available; will retry on subsequent port and subnet creation events.
2026-07-21 07:59:05.147 8 INFO neutron.db.ovn_revision_numbers_db [None req-e08a177d-983e-4c40-b0db-95877a01ce93 - - - - - -] Successfully bumped revision number for resource 2c284c08-424f-458f-8df8-118a8337d99e (type: ports) to 2
2026-07-21 07:59:05.196 8 INFO neutron.db.ovn_revision_numbers_db [None req-e08a177d-983e-4c40-b0db-95877a01ce93 - - - - - -] Successfully bumped revision number for resource 31595245-0d8f-40a4-96e6-2151f7514599 (type: subnets) to 0 [pid: 8|app: 0|req: 1139/2110] 10.0.0.16 () {34 vars in 668 bytes} [Tue Jul 21 07:59:04 2026] POST /v2.0/subnets => generated 641 bytes in 813 msecs (HTTP/1.1 201) 4 headers in 162 bytes (1 switches on core 0)
2026-07-21 07:59:05.221 7 INFO neutron.db.ovn_revision_numbers_db [None req-a25ce207-7c8c-49fa-8dd4-1efc45cddd11 - - - - - -] Successfully bumped revision number for resource 67498f9b-fc30-4f1e-8690-892be77f572e (type: ports) to 1 [pid: 8|app: 0|req: 1140/2111] 199.19.213.11 () {34 vars in 1057 bytes} [Tue Jul 21 07:59:05 2026] GET /v2.0/floatingips?fixed_ip_address=10.100.0.5&port_id=f7f00809-b6a5-4a10-aaa7-f7aa2cbc1c04 => generated 860 bytes in 31 msecs (HTTP/1.1 200) 4 headers in 157 bytes (1 switches on core 0)
2026-07-21 07:59:05.339 8 INFO neutron.db.segments_db [None req-6246c56e-3cf8-4b9a-8a50-dc4ed7905da1 e2f18786e362463697f715abc99c57b7 6ef8760804f14211874d2b1261ddea4e - - default default] Added segment b2af2656-6191-48e5-9296-fc63fd2eebe8 of type geneve for network 0fa42a58-cbba-472a-a0d3-064e11da465b
2026-07-21 07:59:05.461 8 INFO neutron.db.ovn_revision_numbers_db [None req-6246c56e-3cf8-4b9a-8a50-dc4ed7905da1 e2f18786e362463697f715abc99c57b7 6ef8760804f14211874d2b1261ddea4e - - default default] Successfully bumped revision number for resource 0fa42a58-cbba-472a-a0d3-064e11da465b (type: networks) to 1
2026-07-21 07:59:05.478 7 INFO neutron.db.ovn_revision_numbers_db [None req-a25ce207-7c8c-49fa-8dd4-1efc45cddd11 - - - - - -] Successfully bumped revision number for resource 67498f9b-fc30-4f1e-8690-892be77f572e (type: ports) to 3
2026-07-21 07:59:05.552 7 INFO neutron.db.segments_db [None req-a25ce207-7c8c-49fa-8dd4-1efc45cddd11 - - - - - -] Added segment 2d98d480-ffdd-44db-81b8-d408ddcf6a79 of type geneve for network 9fbdbae7-47c3-4fe5-9f6f-90d28a7624ff
2026-07-21 07:59:05.623 8 WARNING neutron.scheduler.dhcp_agent_scheduler [None req-6246c56e-3cf8-4b9a-8a50-dc4ed7905da1 e2f18786e362463697f715abc99c57b7 6ef8760804f14211874d2b1261ddea4e - - default default] No more DHCP agents
2026-07-21 07:59:05.624 8 WARNING neutron.api.rpc.agentnotifiers.dhcp_rpc_agent_api [None req-6246c56e-3cf8-4b9a-8a50-dc4ed7905da1 e2f18786e362463697f715abc99c57b7 6ef8760804f14211874d2b1261ddea4e - - default default] Unable to schedule network 0fa42a58-cbba-472a-a0d3-064e11da465b: no agents available; will retry on subsequent port and subnet creation events.
2026-07-21 07:59:05.685 7 INFO neutron.db.ovn_revision_numbers_db [None req-00f6df15-69ab-4e25-940a-f44c797a430c - - - - - -] Successfully bumped revision number for resource 9fbdbae7-47c3-4fe5-9f6f-90d28a7624ff (type: networks) to 1
2026-07-21 07:59:05.705 8 INFO neutron.db.ovn_revision_numbers_db [None req-6246c56e-3cf8-4b9a-8a50-dc4ed7905da1 e2f18786e362463697f715abc99c57b7 6ef8760804f14211874d2b1261ddea4e - - default default] Successfully bumped revision number for resource 593e5d48-af03-4c21-aa07-835272752eb6 (type: ports) to 1
2026-07-21 07:59:05.705 7 INFO neutron.plugins.ml2.drivers.ovn.mech_driver.mech_driver [None req-6a41bbb4-0702-4200-86ea-07e42a366ed8 - - - - - -] OVN reports status down for port: 593e5d48-af03-4c21-aa07-835272752eb6 [pid: 8|app: 0|req: 1141/2112] 10.0.0.16 () {34 vars in 669 bytes} [Tue Jul 21 07:59:05 2026] POST /v2.0/networks => generated 643 bytes in 475 msecs (HTTP/1.1 201) 4 headers in 162 bytes (1 switches on core 0) [pid: 8|app: 0|req: 1142/2113] 199.19.213.11 () {34 vars in 983 bytes} [Tue Jul 21 07:59:05 2026] GET /v2.0/subnets?id=51bd7c17-8aa7-4dce-a729-95393a6aeeee => generated 677 bytes in 22 msecs (HTTP/1.1 200) 4 headers in 157 bytes (1 switches on core 0)
2026-07-21 07:59:05.870 8 INFO neutron.db.ovn_revision_numbers_db [None req-307099be-ef05-4072-8cbd-168d8e8a7a91 e2f18786e362463697f715abc99c57b7 6ef8760804f14211874d2b1261ddea4e - - default default] Successfully bumped revision number for resource 0fa42a58-cbba-472a-a0d3-064e11da465b (type: networks) to 2 [pid: 8|app: 0|req: 1143/2114] 10.0.0.16 () {34 vars in 742 bytes} [Tue Jul 21 07:59:05 2026] PUT /v2.0/networks/0fa42a58-cbba-472a-a0d3-064e11da465b => generated 598 bytes in 132 msecs (HTTP/1.1 200) 4 headers in 157 bytes (1 switches on core 0) [pid: 8|app: 0|req: 1144/2115] 199.19.213.11 () {34 vars in 1051 bytes} [Tue Jul 21 07:59:05 2026] GET /v2.0/ports?network_id=86689878-9db1-40d4-b5f3-068c4cc4bf17&device_owner=network%3Adhcp => generated 12 bytes in 20 msecs (HTTP/1.1 200) 4 headers in 156 bytes (1 switches on core 0)
2026-07-21 07:59:05.905 7 WARNING neutron.scheduler.dhcp_agent_scheduler [None req-00f6df15-69ab-4e25-940a-f44c797a430c - - - - - -] No more DHCP agents
2026-07-21 07:59:05.908 7 WARNING neutron.api.rpc.agentnotifiers.dhcp_rpc_agent_api [None req-00f6df15-69ab-4e25-940a-f44c797a430c - - - - - -] Unable to schedule network 9fbdbae7-47c3-4fe5-9f6f-90d28a7624ff: no agents available; will retry on subsequent port and subnet creation events.
2026-07-21 07:59:05.995 7 INFO neutron.db.ovn_revision_numbers_db [None req-00f6df15-69ab-4e25-940a-f44c797a430c - - - - - -] Successfully bumped revision number for resource 22d381da-d29b-41eb-b0e6-919188764327 (type: ports) to 1
2026-07-21 07:59:06.097 7 WARNING neutron.scheduler.dhcp_agent_scheduler [None req-00f6df15-69ab-4e25-940a-f44c797a430c - - - - - -] No more DHCP agents
2026-07-21 07:59:06.099 7 WARNING neutron.api.rpc.agentnotifiers.dhcp_rpc_agent_api [None req-00f6df15-69ab-4e25-940a-f44c797a430c - - - - - -] Unable to schedule network 9fbdbae7-47c3-4fe5-9f6f-90d28a7624ff: no agents available; will retry on subsequent port and subnet creation events.
2026-07-21 07:59:06.116 8 WARNING neutron.scheduler.dhcp_agent_scheduler [None req-d43f4f0e-2633-47cf-b439-32b912bf2afd e2f18786e362463697f715abc99c57b7 6ef8760804f14211874d2b1261ddea4e - - default default] No more DHCP agents
2026-07-21 07:59:06.117 8 WARNING neutron.api.rpc.agentnotifiers.dhcp_rpc_agent_api [None req-d43f4f0e-2633-47cf-b439-32b912bf2afd e2f18786e362463697f715abc99c57b7 6ef8760804f14211874d2b1261ddea4e - - default default] Unable to schedule network 0fa42a58-cbba-472a-a0d3-064e11da465b: no agents available; will retry on subsequent port and subnet creation events.
2026-07-21 07:59:06.118 7 INFO neutron.db.ovn_revision_numbers_db [None req-00f6df15-69ab-4e25-940a-f44c797a430c - - - - - -] Successfully bumped revision number for resource 07949301-68c8-4d94-b58c-19e33a914a26 (type: subnets) to 0
2026-07-21 07:59:06.523 7 WARNING neutron.scheduler.dhcp_agent_scheduler [None req-00f6df15-69ab-4e25-940a-f44c797a430c - - - - - -] No more DHCP agents
2026-07-21 07:59:06.527 7 WARNING neutron.api.rpc.agentnotifiers.dhcp_rpc_agent_api [None req-00f6df15-69ab-4e25-940a-f44c797a430c - - - - - -] Unable to schedule network 9fbdbae7-47c3-4fe5-9f6f-90d28a7624ff: no agents available; will retry on subsequent port and subnet creation events.
2026-07-21 07:59:06.553 8 INFO neutron.db.ovn_revision_numbers_db [None req-32963f2f-286f-4b34-92fc-7d743bd9b268 - - - - - -] Successfully bumped revision number for resource 593e5d48-af03-4c21-aa07-835272752eb6 (type: ports) to 2
2026-07-21 07:59:06.586 8 INFO neutron.db.ovn_revision_numbers_db [None req-32963f2f-286f-4b34-92fc-7d743bd9b268 - - - - - -] Successfully bumped revision number for resource 74f74106-f063-41fb-96c0-1a65157b7d22 (type: subnets) to 0 [pid: 8|app: 0|req: 1145/2116] 10.0.0.16 () {34 vars in 668 bytes} [Tue Jul 21 07:59:05 2026] POST /v2.0/subnets => generated 626 bytes in 710 msecs (HTTP/1.1 201) 4 headers in 162 bytes (1 switches on core 0)
2026-07-21 07:59:06.662 7 INFO neutron.db.ovn_revision_numbers_db [None req-00f6df15-69ab-4e25-940a-f44c797a430c - - - - - -] Successfully bumped revision number for resource 16ec31b7-3470-4085-b1b9-ba0268df1809 (type: ports) to 1 [pid: 8|app: 0|req: 1146/2117] 199.19.213.11 () {34 vars in 1011 bytes} [Tue Jul 21 07:59:06 2026] GET /v2.0/networks/86689878-9db1-40d4-b5f3-068c4cc4bf17?fields=segments => generated 14 bytes in 72 msecs (HTTP/1.1 200) 4 headers in 156 bytes (1 switches on core 0)
2026-07-21 07:59:06.928 8 INFO neutron.db.ovn_revision_numbers_db [None req-4ac30776-e492-42e1-930c-0c6df166b9d4 e2f18786e362463697f715abc99c57b7 6ef8760804f14211874d2b1261ddea4e - - default default] Successfully bumped revision number for resource 74f74106-f063-41fb-96c0-1a65157b7d22 (type: subnets) to 1 [pid: 8|app: 0|req: 1147/2118] 10.0.0.16 () {34 vars in 740 bytes} [Tue Jul 21 07:59:06 2026] PUT /v2.0/subnets/74f74106-f063-41fb-96c0-1a65157b7d22 => generated 636 bytes in 251 msecs (HTTP/1.1 200) 4 headers in 157 bytes (1 switches on core 0) [pid: 8|app: 0|req: 1148/2119] 199.19.213.11 () {34 vars in 1111 bytes} [Tue Jul 21 07:59:06 2026] GET /v2.0/networks/86689878-9db1-40d4-b5f3-068c4cc4bf17?fields=provider%3Aphysical_network&fields=provider%3Anetwork_type => generated 79 bytes in 50 msecs (HTTP/1.1 200) 4 headers in 156 bytes (1 switches on core 0)
2026-07-21 07:59:07.129 8 INFO neutron_taas.services.taas.taas_plugin [None req-ee181a81-a452-4854-89d7-ddf2af9617e8 e2f18786e362463697f715abc99c57b7 6ef8760804f14211874d2b1261ddea4e - - default default] TaaS: Handle Delete Port: 593e5d48-af03-4c21-aa07-835272752eb6
2026-07-21 07:59:07.131 8 INFO neutron_taas.services.taas.tap_mirror_plugin [None req-ee181a81-a452-4854-89d7-ddf2af9617e8 e2f18786e362463697f715abc99c57b7 6ef8760804f14211874d2b1261ddea4e - - default default] Tap Mirror: Handle Delete Port: 593e5d48-af03-4c21-aa07-835272752eb6
2026-07-21 07:59:07.324 7 WARNING neutron.scheduler.dhcp_agent_scheduler [None req-00f6df15-69ab-4e25-940a-f44c797a430c - - - - - -] No more DHCP agents
2026-07-21 07:59:07.326 7 WARNING neutron.api.rpc.agentnotifiers.dhcp_rpc_agent_api [None req-00f6df15-69ab-4e25-940a-f44c797a430c - - - - - -] Unable to schedule network 9fbdbae7-47c3-4fe5-9f6f-90d28a7624ff: no agents available; will retry on subsequent port and subnet creation events.
2026-07-21 07:59:07.479 8 INFO neutron.services.segments.plugin [-] Segment b2af2656-6191-48e5-9296-fc63fd2eebe8 resource provider aggregate not found
2026-07-21 07:59:07.486 8 INFO neutron.services.segments.plugin [-] Segment b2af2656-6191-48e5-9296-fc63fd2eebe8 resource provider aggregate not found
2026-07-21 07:59:07.501 8 INFO neutron.services.segments.plugin [-] Client error retrieving segment b2af2656-6191-48e5-9296-fc63fd2eebe8 resource provider; error: Placement Client Error (4xx): {"errors": [{"status": 404, "title": "Not Found", "detail": "The resource could not be found.\n\n No resource provider with uuid b2af2656-6191-48e5-9296-fc63fd2eebe8 found for delete ", "request_id": "req-2fa9a263-c3f7-4149-96c0-82e7a08da3f1"}]}
2026-07-21 07:59:07.510 8 INFO neutron.services.segments.plugin [-] Client error retrieving segment b2af2656-6191-48e5-9296-fc63fd2eebe8 resource provider; error: Placement Client Error (4xx): {"errors": [{"status": 404, "title": "Not Found", "detail": "The resource could not be found.\n\n No resource provider with uuid b2af2656-6191-48e5-9296-fc63fd2eebe8 found for delete ", "request_id": "req-6cd78177-f0bb-4995-b6cc-90f971f71b1a"}]} [pid: 8|app: 0|req: 1151/2122] 10.0.0.16 () {32 vars in 725 bytes} [Tue Jul 21 07:59:06 2026] DELETE /v2.0/networks/0fa42a58-cbba-472a-a0d3-064e11da465b => generated 0 bytes in 537 msecs (HTTP/1.1 204) 3 headers in 131 bytes (1 switches on core 0)
2026-07-21 07:59:07.539 8 INFO neutron.pecan_wsgi.hooks.translation [None req-bf47bc24-2deb-42ac-89a0-5c732559fef7 e2f18786e362463697f715abc99c57b7 6ef8760804f14211874d2b1261ddea4e - - default default] DELETE failed (client error): The resource could not be found. [pid: 8|app: 0|req: 1152/2123] 10.0.0.16 () {32 vars in 725 bytes} [Tue Jul 21 07:59:07 2026] DELETE /v2.0/networks/0fa42a58-cbba-472a-a0d3-064e11da465b => generated 138 bytes in 13 msecs (HTTP/1.1 404) 4 headers in 164 bytes (1 switches on core 0) [pid: 8|app: 0|req: 1153/2124] 10.0.0.16 () {32 vars in 693 bytes} [Tue Jul 21 07:59:07 2026] GET /v2.0/networks?router%3Aexternal=True => generated 651 bytes in 46 msecs (HTTP/1.1 200) 4 headers in 157 bytes (1 switches on core 0) [pid: 8|app: 0|req: 1154/2125] 10.0.0.16 () {32 vars in 741 bytes} [Tue Jul 21 07:59:07 2026] GET /v2.0/subnets?network_id=c63a7e8d-30ac-4d43-a14a-5423ac786860 => generated 649 bytes in 24 msecs (HTTP/1.1 200) 4 headers in 157 bytes (1 switches on core 0) [pid: 8|app: 0|req: 1155/2126] 10.0.0.16 () {32 vars in 652 bytes} [Tue Jul 21 07:59:07 2026] GET /v2.0/extensions => generated 20118 bytes in 5 msecs (HTTP/1.1 200) 4 headers in 159 bytes (1 switches on core 0)
2026-07-21 07:59:07.686 8 WARNING neutron.plugins.ml2.drivers.ovn.mech_driver.ovsdb.ovn_client [None req-4c33ef18-365a-457c-bc8d-fad6eebdd3d7 - - - - - -] No hosting information found for port e0044c0b-6451-4a30-a73f-8e4541ccff52: RuntimeError: No hosting information found for port e0044c0b-6451-4a30-a73f-8e4541ccff52
2026-07-21 07:59:07.722 8 INFO neutron.plugins.ml2.drivers.ovn.mech_driver.mech_driver [None req-4c33ef18-365a-457c-bc8d-fad6eebdd3d7 - - - - - -] OVN reports status down for port: 0c8af395-defc-4649-9455-f4245df97076 [pid: 8|app: 0|req: 1156/2127] 10.0.0.16 () {32 vars in 648 bytes} [Tue Jul 21 07:59:07 2026] GET /v2.0/networks => generated 1309 bytes in 92 msecs (HTTP/1.1 200) 4 headers in 158 bytes (1 switches on core 0) /var/lib/openstack/lib/python3.12/site-packages/pycadf/identifier.py:70: UserWarning: Invalid uuid: neutron. To ensure interoperability, identifiers should be a valid uuid. warnings.warn(('Invalid uuid: %s. To ensure interoperability, '
2026-07-21 07:59:07.804 7 INFO neutron.db.ovn_revision_numbers_db [None req-00f6df15-69ab-4e25-940a-f44c797a430c - - - - - -] Successfully bumped revision number for resource 16ec31b7-3470-4085-b1b9-ba0268df1809 (type: router_ports) to 1 [pid: 8|app: 0|req: 1157/2128] 10.0.0.16 () {32 vars in 646 bytes} [Tue Jul 21 07:59:07 2026] GET /v2.0/subnets => generated 1280 bytes in 82 msecs (HTTP/1.1 200) 4 headers in 158 bytes (1 switches on core 0)
2026-07-21 07:59:07.934 8 INFO neutron.plugins.ml2.drivers.ovn.mech_driver.mech_driver [None req-4c33ef18-365a-457c-bc8d-fad6eebdd3d7 - - - - - -] OVN reports status up for port: 0c8af395-defc-4649-9455-f4245df97076 [pid: 8|app: 0|req: 1158/2129] 10.0.0.16 () {32 vars in 722 bytes} [Tue Jul 21 07:59:07 2026] GET /v2.0/networks/6d4a0aa9-84f7-4442-a060-4401c09f8469 => generated 669 bytes in 165 msecs (HTTP/1.1 200) 4 headers in 157 bytes (1 switches on core 0)
2026-07-21 07:59:07.990 8 INFO neutron.plugins.ml2.plugin [None req-4c33ef18-365a-457c-bc8d-fad6eebdd3d7 - - - - - -] Attempt 1 to provision port 0c8af395-defc-4649-9455-f4245df97076
2026-07-21 07:59:08.039 7 WARNING neutron.scheduler.dhcp_agent_scheduler [None req-00f6df15-69ab-4e25-940a-f44c797a430c - - - - - -] No more DHCP agents
2026-07-21 07:59:08.041 7 WARNING neutron.api.rpc.agentnotifiers.dhcp_rpc_agent_api [None req-00f6df15-69ab-4e25-940a-f44c797a430c - - - - - -] Unable to schedule network 9fbdbae7-47c3-4fe5-9f6f-90d28a7624ff: no agents available; will retry on subsequent port and subnet creation events. [pid: 8|app: 0|req: 1159/2130] 10.0.0.16 () {32 vars in 720 bytes} [Tue Jul 21 07:59:07 2026] GET /v2.0/subnets/31595245-0d8f-40a4-96e6-2151f7514599 => generated 641 bytes in 51 msecs (HTTP/1.1 200) 4 headers in 157 bytes (1 switches on core 0)
2026-07-21 07:59:08.066 8 INFO neutron.pecan_wsgi.hooks.translation [None req-3b43a55b-f14d-4c98-99cc-f640320ffa2a e2f18786e362463697f715abc99c57b7 6ef8760804f14211874d2b1261ddea4e - - default default] DELETE failed (client error): The resource could not be found. [pid: 8|app: 0|req: 1160/2131] 10.0.0.16 () {32 vars in 723 bytes} [Tue Jul 21 07:59:08 2026] DELETE /v2.0/subnets/74f74106-f063-41fb-96c0-1a65157b7d22 => generated 136 bytes in 24 msecs (HTTP/1.1 404) 4 headers in 164 bytes (1 switches on core 0)
2026-07-21 07:59:08.095 8 INFO neutron.pecan_wsgi.hooks.translation [None req-236251ad-7be2-4ef5-9a4e-7d147c10e46e e2f18786e362463697f715abc99c57b7 6ef8760804f14211874d2b1261ddea4e - - default default] DELETE failed (client error): The resource could not be found. [pid: 8|app: 0|req: 1161/2132] 10.0.0.16 () {32 vars in 725 bytes} [Tue Jul 21 07:59:08 2026] DELETE /v2.0/networks/0fa42a58-cbba-472a-a0d3-064e11da465b => generated 138 bytes in 27 msecs (HTTP/1.1 404) 4 headers in 164 bytes (1 switches on core 0)
2026-07-21 07:59:08.147 7 INFO neutron.plugins.ml2.drivers.ovn.mech_driver.mech_driver [None req-6a41bbb4-0702-4200-86ea-07e42a366ed8 - - - - - -] OVN reports status down for port: e46ccd55-f803-4106-940f-a108064118a1
2026-07-21 07:59:08.200 7 INFO neutron.db.ovn_revision_numbers_db [None req-00f6df15-69ab-4e25-940a-f44c797a430c - - - - - -] Successfully bumped revision number for resource e46ccd55-f803-4106-940f-a108064118a1 (type: ports) to 1
2026-07-21 07:59:08.439 7 INFO neutron.db.ovn_revision_numbers_db [None req-00f6df15-69ab-4e25-940a-f44c797a430c - - - - - -] Successfully bumped revision number for resource e46ccd55-f803-4106-940f-a108064118a1 (type: ports) to 3 [pid: 8|app: 0|req: 1162/2133] 10.0.0.16 () {32 vars in 723 bytes} [Tue Jul 21 07:59:08 2026] DELETE /v2.0/subnets/31595245-0d8f-40a4-96e6-2151f7514599 => generated 0 bytes in 349 msecs (HTTP/1.1 204) 3 headers in 131 bytes (1 switches on core 0) [pid: 7|app: 0|req: 972/2134] 10.0.0.16 () {34 vars in 684 bytes} [Tue Jul 21 07:59:04 2026] POST /v2.0/vpn/vpnservices => generated 458 bytes in 4077 msecs (HTTP/1.1 201) 4 headers in 162 bytes (1 switches on core 0) [pid: 7|app: 0|req: 973/2135] 10.0.0.16 () {32 vars in 662 bytes} [Tue Jul 21 07:59:08 2026] GET /v2.0/vpn/vpnservices => generated 1314 bytes in 13 msecs (HTTP/1.1 200) 4 headers in 158 bytes (1 switches on core 0)
2026-07-21 07:59:08.689 8 INFO neutron_taas.services.taas.taas_plugin [None req-625b092e-5281-498b-b5e8-922d2da3b8d7 e2f18786e362463697f715abc99c57b7 6ef8760804f14211874d2b1261ddea4e - - default default] TaaS: Handle Delete Port: 2c284c08-424f-458f-8df8-118a8337d99e
2026-07-21 07:59:08.698 8 INFO neutron_taas.services.taas.tap_mirror_plugin [None req-625b092e-5281-498b-b5e8-922d2da3b8d7 e2f18786e362463697f715abc99c57b7 6ef8760804f14211874d2b1261ddea4e - - default default] Tap Mirror: Handle Delete Port: 2c284c08-424f-458f-8df8-118a8337d99e
2026-07-21 07:59:08.705 8 INFO neutron.db.ovn_revision_numbers_db [None req-4c33ef18-365a-457c-bc8d-fad6eebdd3d7 - - - - - -] Successfully bumped revision number for resource 0c8af395-defc-4649-9455-f4245df97076 (type: ports) to 2
2026-07-21 07:59:08.825 8 INFO neutron.plugins.ml2.drivers.ovn.mech_driver.mech_driver [None req-0318c1cf-7737-465a-8489-602c35fd9ca1 - - - - - -] OVN reports status down for port: 2c284c08-424f-458f-8df8-118a8337d99e
2026-07-21 07:59:08.932 7 INFO neutron_taas.services.taas.taas_plugin [None req-9e0c1aef-0ea6-4010-85f8-b450df7493e5 ddb6aa3774b7439d860fd08db70c80b4 1042901430df4b06a7a2803178e85065 - - default default] TaaS: Handle Delete Port: 67498f9b-fc30-4f1e-8690-892be77f572e
2026-07-21 07:59:08.935 7 INFO neutron_taas.services.taas.tap_mirror_plugin [None req-9e0c1aef-0ea6-4010-85f8-b450df7493e5 ddb6aa3774b7439d860fd08db70c80b4 1042901430df4b06a7a2803178e85065 - - default default] Tap Mirror: Handle Delete Port: 67498f9b-fc30-4f1e-8690-892be77f572e
2026-07-21 07:59:09.004 8 INFO neutron.db.ovn_revision_numbers_db [None req-0318c1cf-7737-465a-8489-602c35fd9ca1 - - - - - -] Successfully bumped revision number for resource 0c8af395-defc-4649-9455-f4245df97076 (type: router_ports) to 2
2026-07-21 07:59:09.005 8 INFO neutron.plugins.ml2.drivers.ovn.mech_driver.mech_driver [None req-0318c1cf-7737-465a-8489-602c35fd9ca1 - - - - - -] OVN reports status down for port: 67498f9b-fc30-4f1e-8690-892be77f572e
2026-07-21 07:59:09.052 8 INFO neutron.plugins.ml2.db [None req-0318c1cf-7737-465a-8489-602c35fd9ca1 - - - - - -] No ports have port_id starting with 67498f9b-fc30-4f1e-8690-892be77f572e
2026-07-21 07:59:09.062 8 INFO neutron.plugins.ml2.drivers.ovn.mech_driver.mech_driver [None req-0318c1cf-7737-465a-8489-602c35fd9ca1 - - - - - -] OVN reports status down for port: 22d381da-d29b-41eb-b0e6-919188764327 [pid: 8|app: 0|req: 1163/2136] 10.0.0.16 () {32 vars in 725 bytes} [Tue Jul 21 07:59:08 2026] DELETE /v2.0/networks/6d4a0aa9-84f7-4442-a060-4401c09f8469 => generated 0 bytes in 642 msecs (HTTP/1.1 204) 3 headers in 131 bytes (1 switches on core 0)
2026-07-21 07:59:09.164 8 INFO neutron.plugins.ml2.drivers.ovn.mech_driver.mech_driver [None req-0318c1cf-7737-465a-8489-602c35fd9ca1 - - - - - -] OVN reports status down for port: 16ec31b7-3470-4085-b1b9-ba0268df1809
2026-07-21 07:59:09.217 8 INFO neutron.plugins.ml2.drivers.ovn.mech_driver.mech_driver [None req-0318c1cf-7737-465a-8489-602c35fd9ca1 - - - - - -] OVN reports status up for port: 16ec31b7-3470-4085-b1b9-ba0268df1809
2026-07-21 07:59:09.226 8 INFO neutron.plugins.ml2.plugin [None req-0318c1cf-7737-465a-8489-602c35fd9ca1 - - - - - -] Attempt 1 to provision port 16ec31b7-3470-4085-b1b9-ba0268df1809
2026-07-21 07:59:09.236 7 INFO neutron_taas.services.taas.taas_plugin [None req-f4a7195f-a6f1-4348-83e4-f0c9d91394cd - - - - - -] TaaS: Handle Delete Port: e46ccd55-f803-4106-940f-a108064118a1
2026-07-21 07:59:09.239 7 INFO neutron_taas.services.taas.tap_mirror_plugin [None req-f4a7195f-a6f1-4348-83e4-f0c9d91394cd - - - - - -] Tap Mirror: Handle Delete Port: e46ccd55-f803-4106-940f-a108064118a1
2026-07-21 07:59:09.522 8 INFO neutron.services.segments.plugin [-] Segment c457d99d-b79d-4d96-bc44-d823698321fc resource provider aggregate not found
2026-07-21 07:59:09.535 8 INFO neutron.services.segments.plugin [-] Segment c457d99d-b79d-4d96-bc44-d823698321fc resource provider aggregate not found
2026-07-21 07:59:09.544 8 INFO neutron.services.segments.plugin [-] Client error retrieving segment c457d99d-b79d-4d96-bc44-d823698321fc resource provider; error: Placement Client Error (4xx): {"errors": [{"status": 404, "title": "Not Found", "detail": "The resource could not be found.\n\n No resource provider with uuid c457d99d-b79d-4d96-bc44-d823698321fc found for delete ", "request_id": "req-0a315f52-71ea-4c62-8632-93fe976fae1d"}]}
2026-07-21 07:59:09.565 8 INFO neutron.services.segments.plugin [-] Client error retrieving segment c457d99d-b79d-4d96-bc44-d823698321fc resource provider; error: Placement Client Error (4xx): {"errors": [{"status": 404, "title": "Not Found", "detail": "The resource could not be found.\n\n No resource provider with uuid c457d99d-b79d-4d96-bc44-d823698321fc found for delete ", "request_id": "req-771b5245-8fc3-4f82-a4ba-462cb135fb73"}]}
2026-07-21 07:59:09.652 8 INFO neutron.db.ovn_revision_numbers_db [None req-0318c1cf-7737-465a-8489-602c35fd9ca1 - - - - - -] Successfully bumped revision number for resource 16ec31b7-3470-4085-b1b9-ba0268df1809 (type: ports) to 2
2026-07-21 07:59:09.696 7 INFO neutron_taas.services.taas.taas_plugin [None req-b0103034-7b9e-4eb6-a0bb-3ea6f4eeda0b - - - - - -] TaaS: Handle Delete Port: 16ec31b7-3470-4085-b1b9-ba0268df1809
2026-07-21 07:59:09.699 7 INFO neutron_taas.services.taas.tap_mirror_plugin [None req-b0103034-7b9e-4eb6-a0bb-3ea6f4eeda0b - - - - - -] Tap Mirror: Handle Delete Port: 16ec31b7-3470-4085-b1b9-ba0268df1809 [pid: 8|app: 0|req: 1164/2137] 10.0.0.16 () {32 vars in 773 bytes} [Tue Jul 21 07:59:09 2026] GET /v2.0/security-groups?tenant_id=6ef8760804f14211874d2b1261ddea4e&name=default => generated 2925 bytes in 165 msecs (HTTP/1.1 200) 4 headers in 158 bytes (1 switches on core 0)
2026-07-21 07:59:09.857 8 ERROR ovsdbapp.event [None req-0cd3cbf0-ce51-4119-b423-4bae6ce98f84 - - - - - -] Unexpected exception in notify_loop: neutron.db.ovn_revision_numbers_db.StandardAttributeIDNotFound: Standard attribute ID not found for 16ec31b7-3470-4085-b1b9-ba0268df1809
2026-07-21 07:59:09.857 8 ERROR ovsdbapp.event
Traceback (most recent call last):
2026-07-21 07:59:09.857 8 ERROR ovsdbapp.event
File "/var/lib/openstack/lib/python3.12/site-packages/neutron/db/ovn_revision_numbers_db.py", line 88, in _get_standard_attr_id
2026-07-21 07:59:09.857 8 ERROR ovsdbapp.event id=resource_uuid).one()
2026-07-21 07:59:09.857 8 ERROR ovsdbapp.event ^^^^^
2026-07-21 07:59:09.857 8 ERROR ovsdbapp.event
File "/var/lib/openstack/lib/python3.12/site-packages/sqlalchemy/orm/query.py", line 2804, in one
2026-07-21 07:59:09.857 8 ERROR ovsdbapp.event return self._iter().one() # type: ignore
2026-07-21 07:59:09.857 8 ERROR ovsdbapp.event ^^^^^^^^^^^^^^^^^^
2026-07-21 07:59:09.857 8 ERROR ovsdbapp.event
File "/var/lib/openstack/lib/python3.12/site-packages/sqlalchemy/engine/result.py", line 1808, in one
2026-07-21 07:59:09.857 8 ERROR ovsdbapp.event return self._only_one_row(
2026-07-21 07:59:09.857 8 ERROR ovsdbapp.event ^^^^^^^^^^^^^^^^^^^
2026-07-21 07:59:09.857 8 ERROR ovsdbapp.event
File "/var/lib/openstack/lib/python3.12/site-packages/sqlalchemy/engine/result.py", line 752, in _only_one_row
2026-07-21 07:59:09.857 8 ERROR ovsdbapp.event raise exc.NoResultFound(
2026-07-21 07:59:09.857 8 ERROR ovsdbapp.event sqlalchemy.exc.NoResultFound: No row was found when one was required
2026-07-21 07:59:09.857 8 ERROR ovsdbapp.event
2026-07-21 07:59:09.857 8 ERROR ovsdbapp.event During handling of the above exception, another exception occurred:
2026-07-21 07:59:09.857 8 ERROR ovsdbapp.event
2026-07-21 07:59:09.857 8 ERROR ovsdbapp.event
Traceback (most recent call last):
2026-07-21 07:59:09.857 8 ERROR ovsdbapp.event
File "/var/lib/openstack/lib/python3.12/site-packages/ovsdbapp/event.py", line 177, in notify_loop
2026-07-21 07:59:09.857 8 ERROR ovsdbapp.event match.run(event, row, updates)
2026-07-21 07:59:09.857 8 ERROR ovsdbapp.event
File "/var/lib/openstack/lib/python3.12/site-packages/neutron/plugins/ml2/drivers/ovn/mech_driver/ovsdb/ovsdb_monitor.py", line 591, in run
2026-07-21 07:59:09.857 8 ERROR ovsdbapp.event self.l3_plugin._ovn_client.update_router_port(
2026-07-21 07:59:09.857 8 ERROR ovsdbapp.event
File "/var/lib/openstack/lib/python3.12/site-packages/neutron/plugins/ml2/drivers/ovn/mech_driver/ovsdb/ovn_client.py", line 1941, in update_router_port
2026-07-21 07:59:09.857 8 ERROR ovsdbapp.event db_rev.bump_revision(
2026-07-21 07:59:09.857 8 ERROR ovsdbapp.event
File "/var/lib/openstack/lib/python3.12/site-packages/neutron_lib/db/api.py", line 223, in wrapped
2026-07-21 07:59:09.857 8 ERROR ovsdbapp.event return f_with_retry(*args, **kwargs,
2026-07-21 07:59:09.857 8 ERROR ovsdbapp.event ^^^^^^^^^^^^^^^^^^^^^^^^^^^^^
2026-07-21 07:59:09.857 8 ERROR ovsdbapp.event
File "/var/lib/openstack/lib/python3.12/site-packages/neutron_lib/db/api.py", line 137, in wrapped
2026-07-21 07:59:09.857 8 ERROR ovsdbapp.event with excutils.save_and_reraise_exception():
2026-07-21 07:59:09.857 8 ERROR ovsdbapp.event
File "/var/lib/openstack/lib/python3.12/site-packages/oslo_utils/excutils.py", line 227, in __exit__
2026-07-21 07:59:09.857 8 ERROR ovsdbapp.event self.force_reraise()
2026-07-21 07:59:09.857 8 ERROR ovsdbapp.event
File "/var/lib/openstack/lib/python3.12/site-packages/oslo_utils/excutils.py", line 200, in force_reraise
2026-07-21 07:59:09.857 8 ERROR ovsdbapp.event raise self.value
2026-07-21 07:59:09.857 8 ERROR ovsdbapp.event
File "/var/lib/openstack/lib/python3.12/site-packages/neutron_lib/db/api.py", line 135, in wrapped
2026-07-21 07:59:09.857 8 ERROR ovsdbapp.event return f(*args, **kwargs)
2026-07-21 07:59:09.857 8 ERROR ovsdbapp.event ^^^^^^^^^^^^^^^^^^
2026-07-21 07:59:09.857 8 ERROR ovsdbapp.event
File "/var/lib/openstack/lib/python3.12/site-packages/oslo_db/api.py", line 144, in wrapper
2026-07-21 07:59:09.857 8 ERROR ovsdbapp.event with excutils.save_and_reraise_exception() as ectxt:
2026-07-21 07:59:09.857 8 ERROR ovsdbapp.event
File "/var/lib/openstack/lib/python3.12/site-packages/oslo_utils/excutils.py", line 227, in __exit__
2026-07-21 07:59:09.857 8 ERROR ovsdbapp.event self.force_reraise()
2026-07-21 07:59:09.857 8 ERROR ovsdbapp.event
File "/var/lib/openstack/lib/python3.12/site-packages/oslo_utils/excutils.py", line 200, in force_reraise
2026-07-21 07:59:09.857 8 ERROR ovsdbapp.event raise self.value
2026-07-21 07:59:09.857 8 ERROR ovsdbapp.event
File "/var/lib/openstack/lib/python3.12/site-packages/oslo_db/api.py", line 142, in wrapper
2026-07-21 07:59:09.857 8 ERROR ovsdbapp.event return f(*args, **kwargs)
2026-07-21 07:59:09.857 8 ERROR ovsdbapp.event ^^^^^^^^^^^^^^^^^^
2026-07-21 07:59:09.857 8 ERROR ovsdbapp.event
File "/var/lib/openstack/lib/python3.12/site-packages/neutron_lib/db/api.py", line 183, in wrapped
2026-07-21 07:59:09.857 8 ERROR ovsdbapp.event with excutils.save_and_reraise_exception():
2026-07-21 07:59:09.857 8 ERROR ovsdbapp.event
File "/var/lib/openstack/lib/python3.12/site-packages/oslo_utils/excutils.py", line 227, in __exit__
2026-07-21 07:59:09.857 8 ERROR ovsdbapp.event self.force_reraise()
2026-07-21 07:59:09.857 8 ERROR ovsdbapp.event
File "/var/lib/openstack/lib/python3.12/site-packages/oslo_utils/excutils.py", line 200, in force_reraise
2026-07-21 07:59:09.857 8 ERROR ovsdbapp.event raise self.value
2026-07-21 07:59:09.857 8 ERROR ovsdbapp.event
File "/var/lib/openstack/lib/python3.12/site-packages/neutron_lib/db/api.py", line 181, in wrapped
2026-07-21 07:59:09.857 8 ERROR ovsdbapp.event return f(*dup_args, **dup_kwargs)
2026-07-21 07:59:09.857 8 ERROR ovsdbapp.event ^^^^^^^^^^^^^^^^^^^^^^^^^^
2026-07-21 07:59:09.857 8 ERROR ovsdbapp.event
File "/var/lib/openstack/lib/python3.12/site-packages/neutron/db/ovn_revision_numbers_db.py", line 186, in bump_revision
2026-07-21 07:59:09.857 8 ERROR ovsdbapp.event std_attr_id = _get_standard_attr_id(context, resource['id'],
2026-07-21 07:59:09.857 8 ERROR ovsdbapp.event ^^^^^^^^^^^^^^^^^^^^^^^^^^^^^^^^^^^^^^^^^^^^^^
2026-07-21 07:59:09.857 8 ERROR ovsdbapp.event
File "/var/lib/openstack/lib/python3.12/site-packages/neutron/db/ovn_revision_numbers_db.py", line 91, in _get_standard_attr_id
2026-07-21 07:59:09.857 8 ERROR ovsdbapp.event raise StandardAttributeIDNotFound(resource_uuid=resource_uuid)
2026-07-21 07:59:09.857 8 ERROR ovsdbapp.event neutron.db.ovn_revision_numbers_db.StandardAttributeIDNotFound: Standard attribute ID not found for 16ec31b7-3470-4085-b1b9-ba0268df1809
2026-07-21 07:59:09.857 8 ERROR ovsdbapp.event [pid: 8|app: 0|req: 1165/2138] 10.0.0.16 () {32 vars in 739 bytes} [Tue Jul 21 07:59:09 2026] DELETE /v2.0/security-groups/1f5de0eb-71f8-44aa-bc17-f8978105112b => generated 0 bytes in 386 msecs (HTTP/1.1 204) 2 headers in 112 bytes (1 switches on core 0)
2026-07-21 07:59:10.556 7 INFO neutron_taas.services.taas.taas_plugin [None req-b0103034-7b9e-4eb6-a0bb-3ea6f4eeda0b - - - - - -] TaaS: Handle Delete Port: 22d381da-d29b-41eb-b0e6-919188764327
2026-07-21 07:59:10.560 7 INFO neutron_taas.services.taas.tap_mirror_plugin [None req-b0103034-7b9e-4eb6-a0bb-3ea6f4eeda0b - - - - - -] Tap Mirror: Handle Delete Port: 22d381da-d29b-41eb-b0e6-919188764327
2026-07-21 07:59:10.752 7 INFO neutron.services.segments.plugin [-] Segment 2d98d480-ffdd-44db-81b8-d408ddcf6a79 resource provider aggregate not found
2026-07-21 07:59:10.757 7 INFO neutron.services.segments.plugin [-] Segment 2d98d480-ffdd-44db-81b8-d408ddcf6a79 resource provider aggregate not found
2026-07-21 07:59:10.770 7 INFO neutron.services.segments.plugin [-] Client error retrieving segment 2d98d480-ffdd-44db-81b8-d408ddcf6a79 resource provider; error: Placement Client Error (4xx): {"errors": [{"status": 404, "title": "Not Found", "detail": "The resource could not be found.\n\n No resource provider with uuid 2d98d480-ffdd-44db-81b8-d408ddcf6a79 found for delete ", "request_id": "req-7a6bfadf-69a8-4749-87fb-9f640b0598d4"}]}
2026-07-21 07:59:10.773 7 INFO neutron.services.segments.plugin [-] Client error retrieving segment 2d98d480-ffdd-44db-81b8-d408ddcf6a79 resource provider; error: Placement Client Error (4xx): {"errors": [{"status": 404, "title": "Not Found", "detail": "The resource could not be found.\n\n No resource provider with uuid 2d98d480-ffdd-44db-81b8-d408ddcf6a79 found for delete ", "request_id": "req-86b84cb3-f972-49db-9813-a77ec1dd61f7"}]} [pid: 7|app: 0|req: 974/2139] 10.0.0.16 () {32 vars in 739 bytes} [Tue Jul 21 07:59:08 2026] DELETE /v2.0/vpn/vpnservices/1828ae23-12cb-4c1e-83bd-9e4d370af1dd => generated 0 bytes in 2176 msecs (HTTP/1.1 204) 2 headers in 112 bytes (1 switches on core 0) [pid: 8|app: 0|req: 1166/2140] 10.0.0.16 () {32 vars in 662 bytes} [Tue Jul 21 07:59:10 2026] GET /v2.0/vpn/vpnservices => generated 870 bytes in 12 msecs (HTTP/1.1 200) 4 headers in 157 bytes (1 switches on core 0) /var/lib/openstack/lib/python3.12/site-packages/pycadf/identifier.py:70: UserWarning: Invalid uuid: neutron. To ensure interoperability, identifiers should be a valid uuid. warnings.warn(('Invalid uuid: %s. To ensure interoperability, '
2026-07-21 07:59:10.916 7 INFO neutron.api.v2.resource [None req-18955dcd-3153-4b08-8a70-8ab03716ba94 ddb6aa3774b7439d860fd08db70c80b4 1042901430df4b06a7a2803178e85065 - - default default] create failed (client error): The server could not comply with the request since it is either malformed or otherwise incorrect. [pid: 7|app: 0|req: 975/2141] 10.0.0.16 () {34 vars in 706 bytes} [Tue Jul 21 07:59:10 2026] POST /v2.0/vpn/ipsec-site-connections => generated 127 bytes in 83 msecs (HTTP/1.1 400) 4 headers in 166 bytes (1 switches on core 0)
2026-07-21 07:59:10.986 8 INFO neutron.api.v2.resource [None req-f5aa0eb8-85bf-4f02-b095-107d658aacc3 ddb6aa3774b7439d860fd08db70c80b4 1042901430df4b06a7a2803178e85065 - - default default] create failed (client error): The server could not comply with the request since it is either malformed or otherwise incorrect. [pid: 8|app: 0|req: 1167/2142] 10.0.0.16 () {34 vars in 706 bytes} [Tue Jul 21 07:59:10 2026] POST /v2.0/vpn/ipsec-site-connections => generated 136 bytes in 64 msecs (HTTP/1.1 400) 4 headers in 166 bytes (1 switches on core 0)
2026-07-21 07:59:11.001 7 WARNING neutron.api.v2.base [None req-7456db89-8564-4934-a82d-556d5573c759 ddb6aa3774b7439d860fd08db70c80b4 1042901430df4b06a7a2803178e85065 - - default default] An exception happened while processing the request body. The exception message is [Invalid input for dpd. Reason: '59' is not a dictionary.].: webob.exc.HTTPBadRequest: Invalid input for dpd. Reason: '59' is not a dictionary.
2026-07-21 07:59:11.001 7 INFO neutron.api.v2.resource [None req-7456db89-8564-4934-a82d-556d5573c759 ddb6aa3774b7439d860fd08db70c80b4 1042901430df4b06a7a2803178e85065 - - default default] create failed (client error): Invalid input for dpd. Reason: '59' is not a dictionary. [pid: 7|app: 0|req: 976/2143] 10.0.0.16 () {34 vars in 706 bytes} [Tue Jul 21 07:59:10 2026] POST /v2.0/vpn/ipsec-site-connections => generated 129 bytes in 7 msecs (HTTP/1.1 400) 4 headers in 166 bytes (1 switches on core 0) [pid: 8|app: 0|req: 1168/2144] 10.0.0.16 () {34 vars in 692 bytes} [Tue Jul 21 07:59:11 2026] POST /v2.0/vpn/endpoint-groups => generated 294 bytes in 41 msecs (HTTP/1.1 201) 4 headers in 162 bytes (1 switches on core 0)
2026-07-21 07:59:11.090 7 INFO neutron.api.v2.resource [None req-df627763-9f8e-42ef-9710-74d7e2d022fd ddb6aa3774b7439d860fd08db70c80b4 1042901430df4b06a7a2803178e85065 - - default default] create failed (client error): The server could not comply with the request since it is either malformed or otherwise incorrect. [pid: 7|app: 0|req: 977/2145] 10.0.0.16 () {34 vars in 706 bytes} [Tue Jul 21 07:59:11 2026] POST /v2.0/vpn/ipsec-site-connections => generated 149 bytes in 39 msecs (HTTP/1.1 400) 4 headers in 166 bytes (1 switches on core 0) [pid: 8|app: 0|req: 1169/2146] 10.0.0.16 () {32 vars in 670 bytes} [Tue Jul 21 07:59:11 2026] GET /v2.0/vpn/endpoint-groups => generated 908 bytes in 12 msecs (HTTP/1.1 200) 4 headers in 157 bytes (1 switches on core 0) [pid: 7|app: 0|req: 978/2147] 10.0.0.16 () {32 vars in 747 bytes} [Tue Jul 21 07:59:11 2026] DELETE /v2.0/vpn/endpoint-groups/64c20e0c-126d-4afb-a2ea-c17b20196624 => generated 0 bytes in 22 msecs (HTTP/1.1 204) 2 headers in 112 bytes (1 switches on core 0) [pid: 8|app: 0|req: 1170/2148] 10.0.0.16 () {32 vars in 670 bytes} [Tue Jul 21 07:59:11 2026] GET /v2.0/vpn/endpoint-groups => generated 632 bytes in 11 msecs (HTTP/1.1 200) 4 headers in 157 bytes (1 switches on core 0) [pid: 7|app: 0|req: 979/2149] 10.0.0.16 () {34 vars in 692 bytes} [Tue Jul 21 07:59:11 2026] POST /v2.0/vpn/endpoint-groups => generated 301 bytes in 58 msecs (HTTP/1.1 201) 4 headers in 162 bytes (1 switches on core 0)
2026-07-21 07:59:11.259 8 INFO neutron.api.v2.resource [None req-3175cd57-0b83-4c88-a5e9-762491ad3d19 ddb6aa3774b7439d860fd08db70c80b4 1042901430df4b06a7a2803178e85065 - - default default] create failed (client error): The server could not comply with the request since it is either malformed or otherwise incorrect. [pid: 8|app: 0|req: 1171/2150] 10.0.0.16 () {34 vars in 706 bytes} [Tue Jul 21 07:59:11 2026] POST /v2.0/vpn/ipsec-site-connections => generated 148 bytes in 43 msecs (HTTP/1.1 400) 4 headers in 166 bytes (1 switches on core 0) [pid: 7|app: 0|req: 980/2151] 10.0.0.16 () {32 vars in 670 bytes} [Tue Jul 21 07:59:11 2026] GET /v2.0/vpn/endpoint-groups => generated 915 bytes in 12 msecs (HTTP/1.1 200) 4 headers in 157 bytes (1 switches on core 0) [pid: 8|app: 0|req: 1172/2152] 10.0.0.16 () {32 vars in 747 bytes} [Tue Jul 21 07:59:11 2026] DELETE /v2.0/vpn/endpoint-groups/70d4d841-4fef-4604-be2a-586d470b0a17 => generated 0 bytes in 60 msecs (HTTP/1.1 204) 2 headers in 112 bytes (1 switches on core 0) [pid: 7|app: 0|req: 981/2153] 10.0.0.16 () {32 vars in 670 bytes} [Tue Jul 21 07:59:11 2026] GET /v2.0/vpn/endpoint-groups => generated 632 bytes in 10 msecs (HTTP/1.1 200) 4 headers in 157 bytes (1 switches on core 0)
2026-07-21 07:59:11.370 8 WARNING neutron.api.v2.base [None req-b4b96eef-99fd-4f29-bc71-1d3a833cb423 ddb6aa3774b7439d860fd08db70c80b4 1042901430df4b06a7a2803178e85065 - - default default] An exception happened while processing the request body. The exception message is [Invalid input for peer_cidrs. Reason: '1.0.0.0/33' is not a valid IP subnet.].: webob.exc.HTTPBadRequest: Invalid input for peer_cidrs. Reason: '1.0.0.0/33' is not a valid IP subnet.
2026-07-21 07:59:11.371 8 INFO neutron.api.v2.resource [None req-b4b96eef-99fd-4f29-bc71-1d3a833cb423 ddb6aa3774b7439d860fd08db70c80b4 1042901430df4b06a7a2803178e85065 - - default default] create failed (client error): Invalid input for peer_cidrs. Reason: '1.0.0.0/33' is not a valid IP subnet. [pid: 8|app: 0|req: 1173/2154] 10.0.0.16 () {34 vars in 706 bytes} [Tue Jul 21 07:59:11 2026] POST /v2.0/vpn/ipsec-site-connections => generated 149 bytes in 9 msecs (HTTP/1.1 400) 4 headers in 166 bytes (1 switches on core 0)
2026-07-21 07:59:11.461 7 INFO neutron.db.segments_db [None req-f6be8c9c-85d2-4384-bcd7-d626be5f1236 ddb6aa3774b7439d860fd08db70c80b4 1042901430df4b06a7a2803178e85065 - - default default] Added segment 4c60caa3-238f-40eb-8327-564b7b52d50c of type geneve for network 255bed02-652c-4108-880f-a6fe05817666
2026-07-21 07:59:11.568 7 INFO neutron.db.ovn_revision_numbers_db [None req-f6be8c9c-85d2-4384-bcd7-d626be5f1236 ddb6aa3774b7439d860fd08db70c80b4 1042901430df4b06a7a2803178e85065 - - default default] Successfully bumped revision number for resource 255bed02-652c-4108-880f-a6fe05817666 (type: networks) to 1
2026-07-21 07:59:11.740 7 WARNING neutron.scheduler.dhcp_agent_scheduler [None req-f6be8c9c-85d2-4384-bcd7-d626be5f1236 ddb6aa3774b7439d860fd08db70c80b4 1042901430df4b06a7a2803178e85065 - - default default] No more DHCP agents
2026-07-21 07:59:11.741 7 WARNING neutron.api.rpc.agentnotifiers.dhcp_rpc_agent_api [None req-f6be8c9c-85d2-4384-bcd7-d626be5f1236 ddb6aa3774b7439d860fd08db70c80b4 1042901430df4b06a7a2803178e85065 - - default default] Unable to schedule network 255bed02-652c-4108-880f-a6fe05817666: no agents available; will retry on subsequent port and subnet creation events.
2026-07-21 07:59:12.269 8 INFO neutron.db.ovn_revision_numbers_db [None req-8b06d159-0ebe-4a14-b841-f64394c2a01b 0527246cff504dac99cd754a4c4f628a 4ea73097b1e84143840e9e2415a6513e - - default default] Successfully bumped revision number for resource 42242414-3fe1-492f-ba1c-5759a144113c (type: security_groups) to 1
2026-07-21 07:59:12.272 8 INFO neutron.plugins.ml2.drivers.ovn.mech_driver.mech_driver [None req-0cd3cbf0-ce51-4119-b423-4bae6ce98f84 - - - - - -] OVN reports status down for port: 46acbd2a-a715-4b0a-8bc5-6a55764fc6bc
2026-07-21 07:59:12.283 7 INFO neutron.db.ovn_revision_numbers_db [None req-f6be8c9c-85d2-4384-bcd7-d626be5f1236 ddb6aa3774b7439d860fd08db70c80b4 1042901430df4b06a7a2803178e85065 - - default default] Successfully bumped revision number for resource 46acbd2a-a715-4b0a-8bc5-6a55764fc6bc (type: ports) to 1
2026-07-21 07:59:12.300 8 INFO neutron.db.ovn_revision_numbers_db [None req-8b06d159-0ebe-4a14-b841-f64394c2a01b 0527246cff504dac99cd754a4c4f628a 4ea73097b1e84143840e9e2415a6513e - - default default] Successfully bumped revision number for resource 72be33af-062e-41ac-b4ed-b6d99920a6d6 (type: security_group_rules) to 0 [pid: 7|app: 0|req: 982/2155] 10.0.0.16 () {34 vars in 669 bytes} [Tue Jul 21 07:59:11 2026] POST /v2.0/networks => generated 632 bytes in 927 msecs (HTTP/1.1 201) 4 headers in 162 bytes (1 switches on core 0)
2026-07-21 07:59:12.326 8 INFO neutron.db.ovn_revision_numbers_db [None req-8b06d159-0ebe-4a14-b841-f64394c2a01b 0527246cff504dac99cd754a4c4f628a 4ea73097b1e84143840e9e2415a6513e - - default default] Successfully bumped revision number for resource 91495838-5511-426e-b408-9c12d1be984d (type: security_group_rules) to 0
2026-07-21 07:59:12.348 8 INFO neutron.db.ovn_revision_numbers_db [None req-8b06d159-0ebe-4a14-b841-f64394c2a01b 0527246cff504dac99cd754a4c4f628a 4ea73097b1e84143840e9e2415a6513e - - default default] Successfully bumped revision number for resource b818d2e8-1012-4a7b-89e8-bbbba7ba614b (type: security_group_rules) to 0 [pid: 7|app: 0|req: 983/2156] 10.0.0.134 () {34 vars in 990 bytes} [Tue Jul 21 07:59:12 2026] GET /v2.0/ports?device_id=d2183e91-ac70-4953-8140-c788e698bb5a => generated 1209 bytes in 50 msecs (HTTP/1.1 200) 4 headers in 158 bytes (1 switches on core 0)
2026-07-21 07:59:12.377 8 INFO neutron.db.ovn_revision_numbers_db [None req-8b06d159-0ebe-4a14-b841-f64394c2a01b 0527246cff504dac99cd754a4c4f628a 4ea73097b1e84143840e9e2415a6513e - - default default] Successfully bumped revision number for resource c87efb09-cb7c-4251-a1bf-da975b71009a (type: security_group_rules) to 0
2026-07-21 07:59:12.471 8 INFO neutron.db.segments_db [None req-8b06d159-0ebe-4a14-b841-f64394c2a01b 0527246cff504dac99cd754a4c4f628a 4ea73097b1e84143840e9e2415a6513e - - default default] Added segment 2e89ece3-30f0-4940-9d8c-a6cc3b96f974 of type geneve for network 2e530f33-2d76-4cde-a16e-a698e0321be5
2026-07-21 07:59:12.520 7 WARNING neutron.scheduler.dhcp_agent_scheduler [None req-13b5609f-8ce1-4fa0-96ba-5c98365f81dd ddb6aa3774b7439d860fd08db70c80b4 1042901430df4b06a7a2803178e85065 - - default default] No more DHCP agents
2026-07-21 07:59:12.521 7 WARNING neutron.api.rpc.agentnotifiers.dhcp_rpc_agent_api [None req-13b5609f-8ce1-4fa0-96ba-5c98365f81dd ddb6aa3774b7439d860fd08db70c80b4 1042901430df4b06a7a2803178e85065 - - default default] Unable to schedule network 255bed02-652c-4108-880f-a6fe05817666: no agents available; will retry on subsequent port and subnet creation events.
2026-07-21 07:59:12.598 8 INFO neutron.db.ovn_revision_numbers_db [None req-8b06d159-0ebe-4a14-b841-f64394c2a01b 0527246cff504dac99cd754a4c4f628a 4ea73097b1e84143840e9e2415a6513e - - default default] Successfully bumped revision number for resource 2e530f33-2d76-4cde-a16e-a698e0321be5 (type: networks) to 1
2026-07-21 07:59:12.893 8 WARNING neutron.scheduler.dhcp_agent_scheduler [None req-8b06d159-0ebe-4a14-b841-f64394c2a01b 0527246cff504dac99cd754a4c4f628a 4ea73097b1e84143840e9e2415a6513e - - default default] No more DHCP agents
2026-07-21 07:59:12.896 8 WARNING neutron.api.rpc.agentnotifiers.dhcp_rpc_agent_api [None req-8b06d159-0ebe-4a14-b841-f64394c2a01b 0527246cff504dac99cd754a4c4f628a 4ea73097b1e84143840e9e2415a6513e - - default default] Unable to schedule network 2e530f33-2d76-4cde-a16e-a698e0321be5: no agents available; will retry on subsequent port and subnet creation events.
2026-07-21 07:59:12.981 7 INFO neutron.plugins.ml2.drivers.ovn.mech_driver.mech_driver [None req-6a41bbb4-0702-4200-86ea-07e42a366ed8 - - - - - -] OVN reports status down for port: aa2eaeeb-a6da-4185-bdac-47f9667b6cb7
2026-07-21 07:59:13.012 8 INFO neutron.db.ovn_revision_numbers_db [None req-8b06d159-0ebe-4a14-b841-f64394c2a01b 0527246cff504dac99cd754a4c4f628a 4ea73097b1e84143840e9e2415a6513e - - default default] Successfully bumped revision number for resource aa2eaeeb-a6da-4185-bdac-47f9667b6cb7 (type: ports) to 1 [pid: 8|app: 0|req: 1174/2157] 10.0.0.16 () {34 vars in 669 bytes} [Tue Jul 21 07:59:11 2026] POST /v2.0/networks => generated 633 bytes in 1196 msecs (HTTP/1.1 201) 4 headers in 162 bytes (1 switches on core 0) [pid: 8|app: 0|req: 1175/2158] 10.0.0.134 () {34 vars in 1040 bytes} [Tue Jul 21 07:59:13 2026] GET /v2.0/security-groups?id=f286a42e-4bf7-49f6-9fa8-215d0acbd9da&fields=id&fields=name => generated 113 bytes in 32 msecs (HTTP/1.1 200) 4 headers in 157 bytes (1 switches on core 0)
2026-07-21 07:59:13.168 8 INFO neutron.db.segments_db [None req-77564fac-64c1-417d-9f45-6bcb5549e062 0527246cff504dac99cd754a4c4f628a 4ea73097b1e84143840e9e2415a6513e - - default default] Added segment 5cdd59fc-f3e8-43ee-a537-00d437bcbce5 of type geneve for network 78d29e4b-a46a-4c58-9299-2d3a50350ea5
2026-07-21 07:59:13.183 7 INFO neutron.db.ovn_revision_numbers_db [None req-52d146bf-feac-4cc2-9f8e-dac3015aefe1 - - - - - -] Successfully bumped revision number for resource 46acbd2a-a715-4b0a-8bc5-6a55764fc6bc (type: ports) to 2
2026-07-21 07:59:13.230 7 INFO neutron.db.ovn_revision_numbers_db [None req-52d146bf-feac-4cc2-9f8e-dac3015aefe1 - - - - - -] Successfully bumped revision number for resource 9933fe35-c66a-4983-a8dd-a93835ff346d (type: subnets) to 0 [pid: 7|app: 0|req: 984/2159] 10.0.0.16 () {34 vars in 668 bytes} [Tue Jul 21 07:59:12 2026] POST /v2.0/subnets => generated 629 bytes in 892 msecs (HTTP/1.1 201) 4 headers in 162 bytes (1 switches on core 0)
2026-07-21 07:59:13.306 8 INFO neutron.db.ovn_revision_numbers_db [None req-77564fac-64c1-417d-9f45-6bcb5549e062 0527246cff504dac99cd754a4c4f628a 4ea73097b1e84143840e9e2415a6513e - - default default] Successfully bumped revision number for resource 78d29e4b-a46a-4c58-9299-2d3a50350ea5 (type: networks) to 1
2026-07-21 07:59:13.505 8 WARNING neutron.scheduler.dhcp_agent_scheduler [None req-77564fac-64c1-417d-9f45-6bcb5549e062 0527246cff504dac99cd754a4c4f628a 4ea73097b1e84143840e9e2415a6513e - - default default] No more DHCP agents
2026-07-21 07:59:13.507 8 WARNING neutron.api.rpc.agentnotifiers.dhcp_rpc_agent_api [None req-77564fac-64c1-417d-9f45-6bcb5549e062 0527246cff504dac99cd754a4c4f628a 4ea73097b1e84143840e9e2415a6513e - - default default] Unable to schedule network 78d29e4b-a46a-4c58-9299-2d3a50350ea5: no agents available; will retry on subsequent port and subnet creation events.
2026-07-21 07:59:13.556 8 INFO neutron.plugins.ml2.drivers.ovn.mech_driver.mech_driver [None req-0cd3cbf0-ce51-4119-b423-4bae6ce98f84 - - - - - -] OVN reports status down for port: 4d5553ea-7c38-44dc-81f3-3ed3b25fbb6d
2026-07-21 07:59:13.615 8 INFO neutron.db.ovn_revision_numbers_db [None req-77564fac-64c1-417d-9f45-6bcb5549e062 0527246cff504dac99cd754a4c4f628a 4ea73097b1e84143840e9e2415a6513e - - default default] Successfully bumped revision number for resource 4d5553ea-7c38-44dc-81f3-3ed3b25fbb6d (type: ports) to 1 [pid: 8|app: 0|req: 1176/2160] 10.0.0.16 () {34 vars in 669 bytes} [Tue Jul 21 07:59:13 2026] POST /v2.0/networks => generated 633 bytes in 588 msecs (HTTP/1.1 201) 4 headers in 162 bytes (1 switches on core 0)
2026-07-21 07:59:13.707 7 WARNING neutron.scheduler.dhcp_agent_scheduler [None req-c22addab-4a0d-4a73-8a71-56b55da8515c ddb6aa3774b7439d860fd08db70c80b4 1042901430df4b06a7a2803178e85065 - - default default] No more DHCP agents
2026-07-21 07:59:13.709 7 WARNING neutron.api.rpc.agentnotifiers.dhcp_rpc_agent_api [None req-c22addab-4a0d-4a73-8a71-56b55da8515c ddb6aa3774b7439d860fd08db70c80b4 1042901430df4b06a7a2803178e85065 - - default default] Unable to schedule network c63a7e8d-30ac-4d43-a14a-5423ac786860: no agents available; will retry on subsequent port and subnet creation events.
