2026-07-21 07:57:29.012 7 INFO neutron.api.v2.resource [None req-a87e6bff-d78b-41e5-8847-431435ba34f0 2edb1cd05995496781de4211ce6028d0 5995634b02d34e848551903585ee46e4 - - default default] create failed (client error): Invalid input for target_tenant. Reason: '1234123412341234123412341234123412341234123412341234123412341234123412341234123412341234123412341234123412341234123412341234123412341234123412341234123412341234123412341234123412341234123412341234123412341234123412341234123412341234123412341234123412341234123412341234123412341234123412341234123412341234123412341234123412341234123412341234123412341234123412341234123412341234123412341234123412341234' exceeds maximum length of 255. [pid: 7|app: 0|req: 685/1429] 10.0.0.16 () {34 vars in 680 bytes} [Tue Jul 21 07:57:29 2026] POST /v2.0/rbac-policies => generated 547 bytes in 5 msecs (HTTP/1.1 400) 4 headers in 166 bytes (1 switches on core 0)
2026-07-21 07:57:29.161 8 INFO neutron_taas.services.taas.taas_plugin [None req-dcb74246-2cb5-4115-be36-f2d9923626d5 2edb1cd05995496781de4211ce6028d0 5995634b02d34e848551903585ee46e4 - - default default] TaaS: Handle Delete Port: 493814d2-870e-4a0a-b1a6-f5e78600a6d7
2026-07-21 07:57:29.165 8 INFO neutron_taas.services.taas.tap_mirror_plugin [None req-dcb74246-2cb5-4115-be36-f2d9923626d5 2edb1cd05995496781de4211ce6028d0 5995634b02d34e848551903585ee46e4 - - default default] Tap Mirror: Handle Delete Port: 493814d2-870e-4a0a-b1a6-f5e78600a6d7 [pid: 7|app: 0|req: 686/1430] 10.0.0.16 () {32 vars in 739 bytes} [Tue Jul 21 07:57:29 2026] DELETE /v2.0/security-groups/23a00c42-5ed6-49ef-9068-12e130d2c69b => generated 0 bytes in 164 msecs (HTTP/1.1 204) 2 headers in 112 bytes (1 switches on core 0)
2026-07-21 07:57:29.580 7 INFO neutron.api.v2.resource [None req-6c0c7dfa-8e72-4ee5-9848-54d1de77b6a5 aafc652660c2491e8e8ea0a0e96aa783 02b721d809ca4cab81ce57fb3ebb9249 - - default default] show failed (client error): The resource could not be found. [pid: 7|app: 0|req: 687/1431] 10.0.0.16 () {32 vars in 736 bytes} [Tue Jul 21 07:57:29 2026] GET /v2.0/security-groups/23a00c42-5ed6-49ef-9068-12e130d2c69b => generated 146 bytes in 19 msecs (HTTP/1.1 404) 4 headers in 164 bytes (1 switches on core 0) [pid: 8|app: 0|req: 745/1432] 10.0.0.16 () {32 vars in 725 bytes} [Tue Jul 21 07:57:29 2026] DELETE /v2.0/networks/937c1362-5614-47d3-a45b-d863c5148d2c => generated 0 bytes in 566 msecs (HTTP/1.1 204) 3 headers in 131 bytes (1 switches on core 0)
2026-07-21 07:57:29.704 8 INFO neutron.db.segments_db [None req-a9983e35-0fe6-4df5-90df-a933c968d5f9 2edb1cd05995496781de4211ce6028d0 5995634b02d34e848551903585ee46e4 - - default default] Added segment 07897f23-7f83-4aae-a0df-849ca9716225 of type geneve for network deeadb12-1904-4a43-a0f6-fd56ecd7a8bf
2026-07-21 07:57:29.726 7 INFO neutron_taas.services.taas.taas_plugin [None req-9be8cecc-5207-40fe-931f-d2f5ac64fd92 aafc652660c2491e8e8ea0a0e96aa783 02b721d809ca4cab81ce57fb3ebb9249 - - default default] TaaS: Handle Delete Port: 22b290cd-2b4c-4b46-b387-375e964902e1
2026-07-21 07:57:29.728 7 INFO neutron_taas.services.taas.tap_mirror_plugin [None req-9be8cecc-5207-40fe-931f-d2f5ac64fd92 aafc652660c2491e8e8ea0a0e96aa783 02b721d809ca4cab81ce57fb3ebb9249 - - default default] Tap Mirror: Handle Delete Port: 22b290cd-2b4c-4b46-b387-375e964902e1
2026-07-21 07:57:29.762 8 INFO neutron.services.segments.plugin [-] Segment 8c84950e-e79e-498d-add5-2ced3600d3e1 resource provider aggregate not found
2026-07-21 07:57:29.767 8 INFO neutron.services.segments.plugin [-] Segment 8c84950e-e79e-498d-add5-2ced3600d3e1 resource provider aggregate not found
2026-07-21 07:57:29.784 8 INFO neutron.services.segments.plugin [-] Client error retrieving segment 8c84950e-e79e-498d-add5-2ced3600d3e1 resource provider; error: Placement Client Error (4xx): {"errors": [{"status": 404, "title": "Not Found", "detail": "The resource could not be found.\n\n No resource provider with uuid 8c84950e-e79e-498d-add5-2ced3600d3e1 found for delete ", "request_id": "req-42849263-0b70-4c5a-9d3f-534939cea5f6"}]}
2026-07-21 07:57:29.787 8 INFO neutron.services.segments.plugin [-] Client error retrieving segment 8c84950e-e79e-498d-add5-2ced3600d3e1 resource provider; error: Placement Client Error (4xx): {"errors": [{"status": 404, "title": "Not Found", "detail": "The resource could not be found.\n\n No resource provider with uuid 8c84950e-e79e-498d-add5-2ced3600d3e1 found for delete ", "request_id": "req-7646bd80-5466-45ca-b530-1d31783a37a0"}]}
2026-07-21 07:57:29.844 8 INFO neutron.db.ovn_revision_numbers_db [None req-a9983e35-0fe6-4df5-90df-a933c968d5f9 2edb1cd05995496781de4211ce6028d0 5995634b02d34e848551903585ee46e4 - - default default] Successfully bumped revision number for resource deeadb12-1904-4a43-a0f6-fd56ecd7a8bf (type: networks) to 1 [pid: 7|app: 0|req: 688/1433] 10.0.0.16 () {32 vars in 731 bytes} [Tue Jul 21 07:57:29 2026] DELETE /v2.0/floatingips/ae5fd9aa-55f0-4bf3-a805-c2949d1db243 => generated 0 bytes in 325 msecs (HTTP/1.1 204) 2 headers in 112 bytes (1 switches on core 0)
2026-07-21 07:57:30.006 8 WARNING neutron.scheduler.dhcp_agent_scheduler [None req-a9983e35-0fe6-4df5-90df-a933c968d5f9 2edb1cd05995496781de4211ce6028d0 5995634b02d34e848551903585ee46e4 - - default default] No more DHCP agents
2026-07-21 07:57:30.008 8 WARNING neutron.api.rpc.agentnotifiers.dhcp_rpc_agent_api [None req-a9983e35-0fe6-4df5-90df-a933c968d5f9 2edb1cd05995496781de4211ce6028d0 5995634b02d34e848551903585ee46e4 - - default default] Unable to schedule network deeadb12-1904-4a43-a0f6-fd56ecd7a8bf: no agents available; will retry on subsequent port and subnet creation events.
2026-07-21 07:57:30.061 7 INFO neutron.plugins.ml2.drivers.ovn.mech_driver.mech_driver [None req-325b8523-8a90-47ef-add3-ccd795e9af3d - - - - - -] OVN reports status down for port: 8e87c8b3-6577-4145-9e0f-42307f8e43a5
2026-07-21 07:57:30.085 8 INFO neutron.db.ovn_revision_numbers_db [None req-a9983e35-0fe6-4df5-90df-a933c968d5f9 2edb1cd05995496781de4211ce6028d0 5995634b02d34e848551903585ee46e4 - - default default] Successfully bumped revision number for resource 8e87c8b3-6577-4145-9e0f-42307f8e43a5 (type: ports) to 1 [pid: 8|app: 0|req: 746/1434] 10.0.0.16 () {34 vars in 669 bytes} [Tue Jul 21 07:57:29 2026] POST /v2.0/networks => generated 729 bytes in 513 msecs (HTTP/1.1 201) 4 headers in 162 bytes (1 switches on core 0)
2026-07-21 07:57:30.218 7 INFO neutron.db.ovn_revision_numbers_db [None req-54ce286f-47d7-483b-958c-fdf1f39d462c d853afdc64b44f16a5f148ee9b6152c9 5f971b6b5f904fa3a00820017c9d7f70 - - default default] Successfully bumped revision number for resource 571930b8-b3c5-43a2-aee1-09d1ef38941b (type: security_groups) to 1
2026-07-21 07:57:30.228 7 INFO neutron.db.ovn_revision_numbers_db [None req-54ce286f-47d7-483b-958c-fdf1f39d462c d853afdc64b44f16a5f148ee9b6152c9 5f971b6b5f904fa3a00820017c9d7f70 - - default default] Successfully bumped revision number for resource 1be8fcdd-36e0-4a90-a5e4-f27253e1fce3 (type: security_group_rules) to 0
2026-07-21 07:57:30.238 7 INFO neutron.db.ovn_revision_numbers_db [None req-54ce286f-47d7-483b-958c-fdf1f39d462c d853afdc64b44f16a5f148ee9b6152c9 5f971b6b5f904fa3a00820017c9d7f70 - - default default] Successfully bumped revision number for resource 73b86218-003e-4a23-a6a5-0a619ef791d2 (type: security_group_rules) to 0
2026-07-21 07:57:30.247 7 INFO neutron.db.ovn_revision_numbers_db [None req-54ce286f-47d7-483b-958c-fdf1f39d462c d853afdc64b44f16a5f148ee9b6152c9 5f971b6b5f904fa3a00820017c9d7f70 - - default default] Successfully bumped revision number for resource 9d1c172f-5d9a-4c2d-8842-843e0f86bb2b (type: security_group_rules) to 0
2026-07-21 07:57:30.259 7 INFO neutron.db.ovn_revision_numbers_db [None req-54ce286f-47d7-483b-958c-fdf1f39d462c d853afdc64b44f16a5f148ee9b6152c9 5f971b6b5f904fa3a00820017c9d7f70 - - default default] Successfully bumped revision number for resource d7e744bf-d7b8-42c7-83ae-e2194205d159 (type: security_group_rules) to 0 [pid: 7|app: 0|req: 689/1435] 10.0.0.16 () {32 vars in 773 bytes} [Tue Jul 21 07:57:29 2026] GET /v2.0/security-groups?tenant_id=6dddc6288f564905b274aeba7a1f9cbb&name=default => generated 2925 bytes in 401 msecs (HTTP/1.1 200) 4 headers in 158 bytes (1 switches on core 0)
2026-07-21 07:57:30.394 8 INFO neutron_taas.services.taas.taas_plugin [None req-51675fc9-2ecb-4007-a452-6e7c20fbd0b9 d853afdc64b44f16a5f148ee9b6152c9 5f971b6b5f904fa3a00820017c9d7f70 - - default default] TaaS: Handle Delete Port: ff91fc75-a39f-4640-94b2-c09e6ef26bfc
2026-07-21 07:57:30.397 8 INFO neutron_taas.services.taas.tap_mirror_plugin [None req-51675fc9-2ecb-4007-a452-6e7c20fbd0b9 d853afdc64b44f16a5f148ee9b6152c9 5f971b6b5f904fa3a00820017c9d7f70 - - default default] Tap Mirror: Handle Delete Port: ff91fc75-a39f-4640-94b2-c09e6ef26bfc
2026-07-21 07:57:30.430 7 WARNING neutron.scheduler.dhcp_agent_scheduler [None req-8f40c172-9c4d-4542-81e6-c24ea2d92d1a 2edb1cd05995496781de4211ce6028d0 5995634b02d34e848551903585ee46e4 - - default default] No more DHCP agents
2026-07-21 07:57:30.431 7 WARNING neutron.api.rpc.agentnotifiers.dhcp_rpc_agent_api [None req-8f40c172-9c4d-4542-81e6-c24ea2d92d1a 2edb1cd05995496781de4211ce6028d0 5995634b02d34e848551903585ee46e4 - - default default] Unable to schedule network deeadb12-1904-4a43-a0f6-fd56ecd7a8bf: no agents available; will retry on subsequent port and subnet creation events.
2026-07-21 07:57:30.848 7 INFO neutron.db.ovn_revision_numbers_db [None req-d8b39c07-c0e3-4e71-86c3-98269748a7bd - - - - - -] Successfully bumped revision number for resource 8e87c8b3-6577-4145-9e0f-42307f8e43a5 (type: ports) to 2
2026-07-21 07:57:30.887 7 INFO neutron.db.ovn_revision_numbers_db [None req-d8b39c07-c0e3-4e71-86c3-98269748a7bd - - - - - -] Successfully bumped revision number for resource bc1f3e42-6b35-4dc5-b939-a788d5737af0 (type: subnets) to 0 [pid: 7|app: 0|req: 690/1436] 10.0.0.16 () {34 vars in 668 bytes} [Tue Jul 21 07:57:30 2026] POST /v2.0/subnets => generated 647 bytes in 595 msecs (HTTP/1.1 201) 4 headers in 162 bytes (1 switches on core 0) [pid: 8|app: 0|req: 747/1437] 10.0.0.16 () {34 vars in 788 bytes} [Tue Jul 21 07:57:30 2026] PUT /v2.0/routers/8c8cf32d-94b5-4547-88f4-22510db3acc9/remove_router_interface => generated 309 bytes in 907 msecs (HTTP/1.1 200) 4 headers in 157 bytes (1 switches on core 0) /var/lib/openstack/lib/python3.12/site-packages/pycadf/identifier.py:70: UserWarning: Invalid uuid: neutron. To ensure interoperability, identifiers should be a valid uuid. warnings.warn(('Invalid uuid: %s. To ensure interoperability, ' [pid: 7|app: 0|req: 691/1438] 10.0.0.16 () {32 vars in 739 bytes} [Tue Jul 21 07:57:30 2026] DELETE /v2.0/security-groups/571930b8-b3c5-43a2-aee1-09d1ef38941b => generated 0 bytes in 254 msecs (HTTP/1.1 204) 2 headers in 112 bytes (1 switches on core 0)
2026-07-21 07:57:31.266 8 INFO neutron.db.ovn_revision_numbers_db [None req-3f243832-1c49-41a3-9b6d-87ac6bdce9b2 d853afdc64b44f16a5f148ee9b6152c9 5f971b6b5f904fa3a00820017c9d7f70 - - default default] Successfully bumped revision number for resource 70007fd3-4a1f-4fc7-843d-da6add9629eb (type: security_groups) to 1
2026-07-21 07:57:31.278 8 INFO neutron.db.ovn_revision_numbers_db [None req-3f243832-1c49-41a3-9b6d-87ac6bdce9b2 d853afdc64b44f16a5f148ee9b6152c9 5f971b6b5f904fa3a00820017c9d7f70 - - default default] Successfully bumped revision number for resource 15544572-f595-40de-9d41-53bf2960577b (type: security_group_rules) to 0
2026-07-21 07:57:31.288 8 INFO neutron.db.ovn_revision_numbers_db [None req-3f243832-1c49-41a3-9b6d-87ac6bdce9b2 d853afdc64b44f16a5f148ee9b6152c9 5f971b6b5f904fa3a00820017c9d7f70 - - default default] Successfully bumped revision number for resource 1e0402ff-2406-4f90-8d2c-74114b7aaab7 (type: security_group_rules) to 0
2026-07-21 07:57:31.299 8 INFO neutron.db.ovn_revision_numbers_db [None req-3f243832-1c49-41a3-9b6d-87ac6bdce9b2 d853afdc64b44f16a5f148ee9b6152c9 5f971b6b5f904fa3a00820017c9d7f70 - - default default] Successfully bumped revision number for resource 246473a9-ebd7-4b75-a4a9-c0818279c7b6 (type: security_group_rules) to 0
2026-07-21 07:57:31.311 8 INFO neutron.db.ovn_revision_numbers_db [None req-3f243832-1c49-41a3-9b6d-87ac6bdce9b2 d853afdc64b44f16a5f148ee9b6152c9 5f971b6b5f904fa3a00820017c9d7f70 - - default default] Successfully bumped revision number for resource 74d9b71a-7338-4d91-9c58-ca3ee773aa44 (type: security_group_rules) to 0 [pid: 8|app: 0|req: 748/1439] 10.0.0.16 () {32 vars in 773 bytes} [Tue Jul 21 07:57:31 2026] GET /v2.0/security-groups?tenant_id=b475387bf75642d29c71e2288a1faf6a&name=default => generated 2925 bytes in 331 msecs (HTTP/1.1 200) 4 headers in 158 bytes (1 switches on core 0) [pid: 7|app: 0|req: 692/1440] 10.0.0.16 () {34 vars in 680 bytes} [Tue Jul 21 07:57:31 2026] POST /v2.0/rbac-policies => generated 324 bytes in 230 msecs (HTTP/1.1 201) 4 headers in 162 bytes (1 switches on core 0)
2026-07-21 07:57:31.508 7 INFO neutron.db.ovn_revision_numbers_db [None req-1166b47e-3d6c-4854-90b0-8a8e6d279ee2 d853afdc64b44f16a5f148ee9b6152c9 5f971b6b5f904fa3a00820017c9d7f70 - - default default] Successfully bumped revision number for resource 1da2e3d9-7a90-4565-809b-13f031025f37 (type: security_groups) to 1
2026-07-21 07:57:31.519 7 INFO neutron.db.ovn_revision_numbers_db [None req-1166b47e-3d6c-4854-90b0-8a8e6d279ee2 d853afdc64b44f16a5f148ee9b6152c9 5f971b6b5f904fa3a00820017c9d7f70 - - default default] Successfully bumped revision number for resource 5837fadc-07f4-42f6-ae65-21684c0dbdd0 (type: security_group_rules) to 0
2026-07-21 07:57:31.537 7 INFO neutron.db.ovn_revision_numbers_db [None req-1166b47e-3d6c-4854-90b0-8a8e6d279ee2 d853afdc64b44f16a5f148ee9b6152c9 5f971b6b5f904fa3a00820017c9d7f70 - - default default] Successfully bumped revision number for resource 98a185d5-8db8-40f9-bdba-57e0d221e962 (type: security_group_rules) to 0
2026-07-21 07:57:31.550 7 INFO neutron.db.ovn_revision_numbers_db [None req-1166b47e-3d6c-4854-90b0-8a8e6d279ee2 d853afdc64b44f16a5f148ee9b6152c9 5f971b6b5f904fa3a00820017c9d7f70 - - default default] Successfully bumped revision number for resource af95a1b3-b116-46fc-a2de-86f66ef57e59 (type: security_group_rules) to 0
2026-07-21 07:57:31.560 7 INFO neutron.db.ovn_revision_numbers_db [None req-1166b47e-3d6c-4854-90b0-8a8e6d279ee2 d853afdc64b44f16a5f148ee9b6152c9 5f971b6b5f904fa3a00820017c9d7f70 - - default default] Successfully bumped revision number for resource b0058246-96ef-4966-be8b-d2200e1a3b99 (type: security_group_rules) to 0 [pid: 7|app: 0|req: 693/1441] 10.0.0.16 () {32 vars in 773 bytes} [Tue Jul 21 07:57:31 2026] GET /v2.0/security-groups?tenant_id=f6ffc804909d4070aa9bfeb0bc58545b&name=default => generated 2925 bytes in 205 msecs (HTTP/1.1 200) 4 headers in 158 bytes (1 switches on core 0)
2026-07-21 07:57:31.685 8 INFO neutron_taas.services.taas.taas_plugin [None req-e4f7ec63-3c16-412c-ae72-ed7567090ed2 d853afdc64b44f16a5f148ee9b6152c9 5f971b6b5f904fa3a00820017c9d7f70 - - default default] TaaS: Handle Delete Port: 3000bd37-817d-4fc5-aa6a-7a15b9855097
2026-07-21 07:57:31.688 8 INFO neutron_taas.services.taas.tap_mirror_plugin [None req-e4f7ec63-3c16-412c-ae72-ed7567090ed2 d853afdc64b44f16a5f148ee9b6152c9 5f971b6b5f904fa3a00820017c9d7f70 - - default default] Tap Mirror: Handle Delete Port: 3000bd37-817d-4fc5-aa6a-7a15b9855097 [pid: 7|app: 0|req: 694/1442] 10.0.0.16 () {32 vars in 739 bytes} [Tue Jul 21 07:57:31 2026] DELETE /v2.0/security-groups/70007fd3-4a1f-4fc7-843d-da6add9629eb => generated 0 bytes in 212 msecs (HTTP/1.1 204) 2 headers in 112 bytes (1 switches on core 0) [pid: 7|app: 0|req: 695/1443] 10.0.0.16 () {32 vars in 739 bytes} [Tue Jul 21 07:57:31 2026] DELETE /v2.0/security-groups/1da2e3d9-7a90-4565-809b-13f031025f37 => generated 0 bytes in 243 msecs (HTTP/1.1 204) 2 headers in 112 bytes (1 switches on core 0) [pid: 8|app: 0|req: 749/1444] 10.0.0.16 () {32 vars in 723 bytes} [Tue Jul 21 07:57:31 2026] DELETE /v2.0/routers/8c8cf32d-94b5-4547-88f4-22510db3acc9 => generated 0 bytes in 818 msecs (HTTP/1.1 204) 2 headers in 112 bytes (1 switches on core 0) [pid: 8|app: 0|req: 750/1445] 10.0.0.16 () {32 vars in 723 bytes} [Tue Jul 21 07:57:32 2026] DELETE /v2.0/subnets/a06a0cc3-d581-48c4-b0d7-951aa4e6db4d => generated 0 bytes in 184 msecs (HTTP/1.1 204) 3 headers in 131 bytes (1 switches on core 0) [pid: 7|app: 0|req: 696/1446] 10.0.0.16 () {32 vars in 722 bytes} [Tue Jul 21 07:57:32 2026] GET /v2.0/networks/deeadb12-1904-4a43-a0f6-fd56ecd7a8bf => generated 654 bytes in 359 msecs (HTTP/1.1 200) 4 headers in 157 bytes (1 switches on core 0)
2026-07-21 07:57:32.481 8 INFO neutron_taas.services.taas.taas_plugin [None req-1bbad951-9e6e-4f21-8f12-5607b96f655d d853afdc64b44f16a5f148ee9b6152c9 5f971b6b5f904fa3a00820017c9d7f70 - - default default] TaaS: Handle Delete Port: b043a022-7bec-418f-8760-6b04c33ab392
2026-07-21 07:57:32.485 8 INFO neutron_taas.services.taas.tap_mirror_plugin [None req-1bbad951-9e6e-4f21-8f12-5607b96f655d d853afdc64b44f16a5f148ee9b6152c9 5f971b6b5f904fa3a00820017c9d7f70 - - default default] Tap Mirror: Handle Delete Port: b043a022-7bec-418f-8760-6b04c33ab392
2026-07-21 07:57:32.705 8 INFO neutron.services.segments.plugin [-] Segment e1c8ada6-fa05-47a3-95e5-3e04046eed6e resource provider aggregate not found
2026-07-21 07:57:32.711 8 INFO neutron.services.segments.plugin [-] Segment e1c8ada6-fa05-47a3-95e5-3e04046eed6e resource provider aggregate not found
2026-07-21 07:57:32.728 8 INFO neutron.services.segments.plugin [-] Client error retrieving segment e1c8ada6-fa05-47a3-95e5-3e04046eed6e resource provider; error: Placement Client Error (4xx): {"errors": [{"status": 404, "title": "Not Found", "detail": "The resource could not be found.\n\n No resource provider with uuid e1c8ada6-fa05-47a3-95e5-3e04046eed6e found for delete ", "request_id": "req-822cba5d-7b6a-4d5f-b742-87b2ee003ffe"}]}
2026-07-21 07:57:32.731 8 INFO neutron.services.segments.plugin [-] Client error retrieving segment e1c8ada6-fa05-47a3-95e5-3e04046eed6e resource provider; error: Placement Client Error (4xx): {"errors": [{"status": 404, "title": "Not Found", "detail": "The resource could not be found.\n\n No resource provider with uuid e1c8ada6-fa05-47a3-95e5-3e04046eed6e found for delete ", "request_id": "req-6335002e-e964-4d05-8e43-3f9162699d02"}]} [pid: 8|app: 0|req: 751/1447] 10.0.0.16 () {32 vars in 725 bytes} [Tue Jul 21 07:57:32 2026] DELETE /v2.0/networks/8a7416f6-26fa-4b2b-a844-47081c26a100 => generated 0 bytes in 393 msecs (HTTP/1.1 204) 3 headers in 131 bytes (1 switches on core 0)
2026-07-21 07:57:32.894 7 INFO neutron.pecan_wsgi.hooks.translation [None req-4c5bc727-e383-4b75-8442-b6179fddfd8e c61c05c9b5a84a7182de64b3b5925592 6eaf6b9046074d6dbf4ecdc278199214 - - default default] GET failed (client error): The resource could not be found. [pid: 7|app: 0|req: 697/1448] 10.0.0.16 () {32 vars in 722 bytes} [Tue Jul 21 07:57:32 2026] GET /v2.0/networks/deeadb12-1904-4a43-a0f6-fd56ecd7a8bf => generated 138 bytes in 126 msecs (HTTP/1.1 404) 4 headers in 164 bytes (1 switches on core 0) [pid: 7|app: 0|req: 698/1449] 10.0.0.16 () {32 vars in 773 bytes} [Tue Jul 21 07:57:32 2026] GET /v2.0/security-groups?tenant_id=02b721d809ca4cab81ce57fb3ebb9249&name=default => generated 2925 bytes in 40 msecs (HTTP/1.1 200) 4 headers in 158 bytes (1 switches on core 0)
2026-07-21 07:57:33.044 8 INFO neutron_taas.services.taas.taas_plugin [None req-eeb0617e-4eb8-4ecc-aaf6-4a5e3586ba43 2edb1cd05995496781de4211ce6028d0 5995634b02d34e848551903585ee46e4 - - default default] TaaS: Handle Delete Port: 8e87c8b3-6577-4145-9e0f-42307f8e43a5
2026-07-21 07:57:33.046 8 INFO neutron_taas.services.taas.tap_mirror_plugin [None req-eeb0617e-4eb8-4ecc-aaf6-4a5e3586ba43 2edb1cd05995496781de4211ce6028d0 5995634b02d34e848551903585ee46e4 - - default default] Tap Mirror: Handle Delete Port: 8e87c8b3-6577-4145-9e0f-42307f8e43a5 [pid: 7|app: 0|req: 699/1450] 10.0.0.16 () {32 vars in 739 bytes} [Tue Jul 21 07:57:32 2026] DELETE /v2.0/security-groups/1176134e-96c6-48fb-9d05-403ccbf31db1 => generated 0 bytes in 250 msecs (HTTP/1.1 204) 2 headers in 112 bytes (1 switches on core 0) [pid: 8|app: 0|req: 752/1451] 10.0.0.16 () {32 vars in 725 bytes} [Tue Jul 21 07:57:32 2026] DELETE /v2.0/networks/deeadb12-1904-4a43-a0f6-fd56ecd7a8bf => generated 0 bytes in 510 msecs (HTTP/1.1 204) 3 headers in 131 bytes (1 switches on core 0)
2026-07-21 07:57:33.431 7 INFO neutron.pecan_wsgi.hooks.translation [None req-0e565c78-28b5-4fc9-b0ea-8c0e3e9c5a61 2edb1cd05995496781de4211ce6028d0 5995634b02d34e848551903585ee46e4 - - default default] DELETE failed (client error): The resource could not be found. [pid: 7|app: 0|req: 700/1452] 10.0.0.16 () {32 vars in 723 bytes} [Tue Jul 21 07:57:33 2026] DELETE /v2.0/subnets/5d11e599-0643-431a-80c4-6a3fad4b137f => generated 136 bytes in 19 msecs (HTTP/1.1 404) 4 headers in 164 bytes (1 switches on core 0)
2026-07-21 07:57:33.457 8 INFO neutron.pecan_wsgi.hooks.translation [None req-16b4c72a-2bd4-4547-b2eb-1a6316a307c1 2edb1cd05995496781de4211ce6028d0 5995634b02d34e848551903585ee46e4 - - default default] DELETE failed (client error): The resource could not be found. [pid: 8|app: 0|req: 753/1453] 10.0.0.16 () {32 vars in 723 bytes} [Tue Jul 21 07:57:33 2026] DELETE /v2.0/subnets/27f63358-5d12-4ef2-8686-e52338c21eaf => generated 136 bytes in 23 msecs (HTTP/1.1 404) 4 headers in 164 bytes (1 switches on core 0)
2026-07-21 07:57:33.484 7 INFO neutron.pecan_wsgi.hooks.translation [None req-08a56cbe-ddba-49a1-9ebc-40f217aa70ba 2edb1cd05995496781de4211ce6028d0 5995634b02d34e848551903585ee46e4 - - default default] DELETE failed (client error): The resource could not be found. [pid: 7|app: 0|req: 701/1454] 10.0.0.16 () {32 vars in 723 bytes} [Tue Jul 21 07:57:33 2026] DELETE /v2.0/subnets/bc1f3e42-6b35-4dc5-b939-a788d5737af0 => generated 136 bytes in 17 msecs (HTTP/1.1 404) 4 headers in 164 bytes (1 switches on core 0)
2026-07-21 07:57:34.524 8 INFO neutron.db.ovn_revision_numbers_db [None req-6766685d-48d0-48e7-bb47-5bed7909f3cf d853afdc64b44f16a5f148ee9b6152c9 5f971b6b5f904fa3a00820017c9d7f70 - - default default] Successfully bumped revision number for resource a0ba2afa-f066-4999-8057-fb52412a839d (type: security_groups) to 1
2026-07-21 07:57:34.534 8 INFO neutron.db.ovn_revision_numbers_db [None req-6766685d-48d0-48e7-bb47-5bed7909f3cf d853afdc64b44f16a5f148ee9b6152c9 5f971b6b5f904fa3a00820017c9d7f70 - - default default] Successfully bumped revision number for resource 24ecbf7a-c9d7-4860-bf5f-f93ea51500fa (type: security_group_rules) to 0
2026-07-21 07:57:34.551 8 INFO neutron.db.ovn_revision_numbers_db [None req-6766685d-48d0-48e7-bb47-5bed7909f3cf d853afdc64b44f16a5f148ee9b6152c9 5f971b6b5f904fa3a00820017c9d7f70 - - default default] Successfully bumped revision number for resource 30574905-eee6-4242-aac3-f43c4ec2e6b1 (type: security_group_rules) to 0
2026-07-21 07:57:34.562 8 INFO neutron.db.ovn_revision_numbers_db [None req-6766685d-48d0-48e7-bb47-5bed7909f3cf d853afdc64b44f16a5f148ee9b6152c9 5f971b6b5f904fa3a00820017c9d7f70 - - default default] Successfully bumped revision number for resource 6c47e7f3-d8de-4e40-8a4f-860b134931ae (type: security_group_rules) to 0
2026-07-21 07:57:34.574 8 INFO neutron.db.ovn_revision_numbers_db [None req-6766685d-48d0-48e7-bb47-5bed7909f3cf d853afdc64b44f16a5f148ee9b6152c9 5f971b6b5f904fa3a00820017c9d7f70 - - default default] Successfully bumped revision number for resource 9fac9d8d-811e-4af5-bf29-eb77f3ea161b (type: security_group_rules) to 0 [pid: 8|app: 0|req: 754/1455] 10.0.0.16 () {32 vars in 773 bytes} [Tue Jul 21 07:57:34 2026] GET /v2.0/security-groups?tenant_id=6eaf6b9046074d6dbf4ecdc278199214&name=default => generated 2925 bytes in 381 msecs (HTTP/1.1 200) 4 headers in 158 bytes (1 switches on core 0)
2026-07-21 07:57:34.752 8 INFO neutron.services.segments.plugin [-] Segment 07897f23-7f83-4aae-a0df-849ca9716225 resource provider aggregate not found
2026-07-21 07:57:34.760 8 INFO neutron.services.segments.plugin [-] Segment 07897f23-7f83-4aae-a0df-849ca9716225 resource provider aggregate not found
2026-07-21 07:57:34.767 8 INFO neutron.services.segments.plugin [-] Client error retrieving segment 07897f23-7f83-4aae-a0df-849ca9716225 resource provider; error: Placement Client Error (4xx): {"errors": [{"status": 404, "title": "Not Found", "detail": "The resource could not be found.\n\n No resource provider with uuid 07897f23-7f83-4aae-a0df-849ca9716225 found for delete ", "request_id": "req-98737363-46d8-4fbc-83a3-8c46d311eddc"}]}
2026-07-21 07:57:34.779 8 INFO neutron.services.segments.plugin [-] Client error retrieving segment 07897f23-7f83-4aae-a0df-849ca9716225 resource provider; error: Placement Client Error (4xx): {"errors": [{"status": 404, "title": "Not Found", "detail": "The resource could not be found.\n\n No resource provider with uuid 07897f23-7f83-4aae-a0df-849ca9716225 found for delete ", "request_id": "req-6c45c3f4-11e0-475e-8c5e-86cabc4d7a32"}]} [pid: 7|app: 0|req: 702/1456] 10.0.0.16 () {32 vars in 739 bytes} [Tue Jul 21 07:57:34 2026] DELETE /v2.0/security-groups/a0ba2afa-f066-4999-8057-fb52412a839d => generated 0 bytes in 258 msecs (HTTP/1.1 204) 2 headers in 112 bytes (1 switches on core 0) [pid: 8|app: 0|req: 755/1457] 10.0.0.16 () {32 vars in 773 bytes} [Tue Jul 21 07:57:35 2026] GET /v2.0/security-groups?tenant_id=5995634b02d34e848551903585ee46e4&name=default => generated 2925 bytes in 32 msecs (HTTP/1.1 200) 4 headers in 158 bytes (1 switches on core 0) [pid: 8|app: 0|req: 756/1458] 10.0.0.16 () {32 vars in 739 bytes} [Tue Jul 21 07:57:35 2026] DELETE /v2.0/security-groups/e5a80de4-79ca-4d46-8d96-f7940f932872 => generated 0 bytes in 237 msecs (HTTP/1.1 204) 2 headers in 112 bytes (1 switches on core 0)
2026-07-21 07:57:35.386 7 INFO neutron.db.ovn_revision_numbers_db [None req-f6e26644-57fa-47b5-949d-37f8525c434a d853afdc64b44f16a5f148ee9b6152c9 5f971b6b5f904fa3a00820017c9d7f70 - - default default] Successfully bumped revision number for resource b20fca3e-32b0-40d6-befb-673f79c60c5f (type: security_groups) to 1
2026-07-21 07:57:35.398 7 INFO neutron.db.ovn_revision_numbers_db [None req-f6e26644-57fa-47b5-949d-37f8525c434a d853afdc64b44f16a5f148ee9b6152c9 5f971b6b5f904fa3a00820017c9d7f70 - - default default] Successfully bumped revision number for resource 1afe41a4-def0-4256-a775-dc47ce2f3534 (type: security_group_rules) to 0
2026-07-21 07:57:35.409 7 INFO neutron.db.ovn_revision_numbers_db [None req-f6e26644-57fa-47b5-949d-37f8525c434a d853afdc64b44f16a5f148ee9b6152c9 5f971b6b5f904fa3a00820017c9d7f70 - - default default] Successfully bumped revision number for resource 3fa54aec-2f22-49ce-a6d7-bfa1eb268798 (type: security_group_rules) to 0
2026-07-21 07:57:35.421 7 INFO neutron.db.ovn_revision_numbers_db [None req-f6e26644-57fa-47b5-949d-37f8525c434a d853afdc64b44f16a5f148ee9b6152c9 5f971b6b5f904fa3a00820017c9d7f70 - - default default] Successfully bumped revision number for resource 4a3d3128-9c8e-4db8-ac6d-7338486df62b (type: security_group_rules) to 0
2026-07-21 07:57:35.439 7 INFO neutron.db.ovn_revision_numbers_db [None req-f6e26644-57fa-47b5-949d-37f8525c434a d853afdc64b44f16a5f148ee9b6152c9 5f971b6b5f904fa3a00820017c9d7f70 - - default default] Successfully bumped revision number for resource 9b099e73-5dc2-4ae8-ae10-7d72d6054a62 (type: security_group_rules) to 0
2026-07-21 07:57:35.457 8 INFO neutron.db.ovn_revision_numbers_db [None req-7edc0d52-6429-4c91-bd8d-43e61cfc59b0 d853afdc64b44f16a5f148ee9b6152c9 5f971b6b5f904fa3a00820017c9d7f70 - - default default] Successfully bumped revision number for resource e1750399-1b8d-4c30-8ec1-b08867eadfc8 (type: security_groups) to 1
2026-07-21 07:57:35.474 8 INFO neutron.db.ovn_revision_numbers_db [None req-7edc0d52-6429-4c91-bd8d-43e61cfc59b0 d853afdc64b44f16a5f148ee9b6152c9 5f971b6b5f904fa3a00820017c9d7f70 - - default default] Successfully bumped revision number for resource 0439a225-6570-49f5-997f-98189231f62e (type: security_group_rules) to 0
2026-07-21 07:57:35.488 8 INFO neutron.db.ovn_revision_numbers_db [None req-7edc0d52-6429-4c91-bd8d-43e61cfc59b0 d853afdc64b44f16a5f148ee9b6152c9 5f971b6b5f904fa3a00820017c9d7f70 - - default default] Successfully bumped revision number for resource 68ecb932-756d-4756-8166-5dae9870732c (type: security_group_rules) to 0
2026-07-21 07:57:35.498 8 INFO neutron.db.ovn_revision_numbers_db [None req-7edc0d52-6429-4c91-bd8d-43e61cfc59b0 d853afdc64b44f16a5f148ee9b6152c9 5f971b6b5f904fa3a00820017c9d7f70 - - default default] Successfully bumped revision number for resource 7d919ead-c962-449b-a44f-da1576a9141d (type: security_group_rules) to 0
2026-07-21 07:57:35.512 8 INFO neutron.db.ovn_revision_numbers_db [None req-7edc0d52-6429-4c91-bd8d-43e61cfc59b0 d853afdc64b44f16a5f148ee9b6152c9 5f971b6b5f904fa3a00820017c9d7f70 - - default default] Successfully bumped revision number for resource 8ec78ce4-6abe-4741-8174-9ed229df70ad (type: security_group_rules) to 0
2026-07-21 07:57:35.517 7 INFO neutron.db.segments_db [None req-f6e26644-57fa-47b5-949d-37f8525c434a d853afdc64b44f16a5f148ee9b6152c9 5f971b6b5f904fa3a00820017c9d7f70 - - default default] Added segment 1299e6d9-c156-43ba-b2a2-714d78728de9 of type geneve for network b0767ad7-4d20-4538-bd3d-3c465675c81d [pid: 8|app: 0|req: 757/1459] 10.0.0.16 () {32 vars in 773 bytes} [Tue Jul 21 07:57:35 2026] GET /v2.0/security-groups?tenant_id=34e6056c192e4aa28b67dc4c3a6668a4&name=default => generated 2925 bytes in 251 msecs (HTTP/1.1 200) 4 headers in 158 bytes (1 switches on core 0)
2026-07-21 07:57:35.624 7 INFO neutron.db.ovn_revision_numbers_db [None req-f6e26644-57fa-47b5-949d-37f8525c434a d853afdc64b44f16a5f148ee9b6152c9 5f971b6b5f904fa3a00820017c9d7f70 - - default default] Successfully bumped revision number for resource b0767ad7-4d20-4538-bd3d-3c465675c81d (type: networks) to 1
2026-07-21 07:57:35.691 8 INFO neutron.db.ovn_revision_numbers_db [None req-771ad0bd-67da-45d2-a5d9-cd3633e5f71e d853afdc64b44f16a5f148ee9b6152c9 5f971b6b5f904fa3a00820017c9d7f70 - - default default] Successfully bumped revision number for resource f9f85bc0-e5c6-43c4-b8b2-e8008b69e034 (type: security_groups) to 1
2026-07-21 07:57:35.703 8 INFO neutron.db.ovn_revision_numbers_db [None req-771ad0bd-67da-45d2-a5d9-cd3633e5f71e d853afdc64b44f16a5f148ee9b6152c9 5f971b6b5f904fa3a00820017c9d7f70 - - default default] Successfully bumped revision number for resource 106c20c6-8fd9-4a62-916b-a0e6baa584ab (type: security_group_rules) to 0
2026-07-21 07:57:35.713 8 INFO neutron.db.ovn_revision_numbers_db [None req-771ad0bd-67da-45d2-a5d9-cd3633e5f71e d853afdc64b44f16a5f148ee9b6152c9 5f971b6b5f904fa3a00820017c9d7f70 - - default default] Successfully bumped revision number for resource 35d5b353-d2a8-417d-a176-adc9537ae9b6 (type: security_group_rules) to 0
2026-07-21 07:57:35.723 8 INFO neutron.db.ovn_revision_numbers_db [None req-771ad0bd-67da-45d2-a5d9-cd3633e5f71e d853afdc64b44f16a5f148ee9b6152c9 5f971b6b5f904fa3a00820017c9d7f70 - - default default] Successfully bumped revision number for resource cff22813-4b05-400a-967c-d4fa2eb000e7 (type: security_group_rules) to 0
2026-07-21 07:57:35.734 8 INFO neutron.db.ovn_revision_numbers_db [None req-771ad0bd-67da-45d2-a5d9-cd3633e5f71e d853afdc64b44f16a5f148ee9b6152c9 5f971b6b5f904fa3a00820017c9d7f70 - - default default] Successfully bumped revision number for resource fe8941c2-944f-44b5-941c-8714a578f013 (type: security_group_rules) to 0 [pid: 8|app: 0|req: 758/1460] 10.0.0.16 () {32 vars in 773 bytes} [Tue Jul 21 07:57:35 2026] GET /v2.0/security-groups?tenant_id=e93986280bd9485689076983d198bd75&name=default => generated 2925 bytes in 225 msecs (HTTP/1.1 200) 4 headers in 158 bytes (1 switches on core 0)
2026-07-21 07:57:35.788 7 WARNING neutron.scheduler.dhcp_agent_scheduler [None req-f6e26644-57fa-47b5-949d-37f8525c434a d853afdc64b44f16a5f148ee9b6152c9 5f971b6b5f904fa3a00820017c9d7f70 - - default default] No more DHCP agents
2026-07-21 07:57:35.790 7 WARNING neutron.api.rpc.agentnotifiers.dhcp_rpc_agent_api [None req-f6e26644-57fa-47b5-949d-37f8525c434a d853afdc64b44f16a5f148ee9b6152c9 5f971b6b5f904fa3a00820017c9d7f70 - - default default] Unable to schedule network b0767ad7-4d20-4538-bd3d-3c465675c81d: no agents available; will retry on subsequent port and subnet creation events.
2026-07-21 07:57:35.866 7 INFO neutron.db.ovn_revision_numbers_db [None req-f6e26644-57fa-47b5-949d-37f8525c434a d853afdc64b44f16a5f148ee9b6152c9 5f971b6b5f904fa3a00820017c9d7f70 - - default default] Successfully bumped revision number for resource efccd975-7c39-4064-a745-36b882ac3b2a (type: ports) to 1
2026-07-21 07:57:35.867 8 INFO neutron.plugins.ml2.drivers.ovn.mech_driver.mech_driver [None req-9089cfa2-e42d-4394-be4a-227db6fa0f63 - - - - - -] OVN reports status down for port: efccd975-7c39-4064-a745-36b882ac3b2a [pid: 7|app: 0|req: 703/1461] 10.0.0.16 () {34 vars in 670 bytes} [Tue Jul 21 07:57:35 2026] POST /v2.0/networks => generated 747 bytes in 865 msecs (HTTP/1.1 201) 4 headers in 162 bytes (1 switches on core 0) [pid: 8|app: 0|req: 759/1462] 10.0.0.16 () {32 vars in 739 bytes} [Tue Jul 21 07:57:35 2026] DELETE /v2.0/security-groups/e1750399-1b8d-4c30-8ec1-b08867eadfc8 => generated 0 bytes in 301 msecs (HTTP/1.1 204) 2 headers in 112 bytes (1 switches on core 0) [pid: 7|app: 0|req: 704/1463] 10.0.0.16 () {32 vars in 739 bytes} [Tue Jul 21 07:57:35 2026] DELETE /v2.0/security-groups/f9f85bc0-e5c6-43c4-b8b2-e8008b69e034 => generated 0 bytes in 231 msecs (HTTP/1.1 204) 2 headers in 112 bytes (1 switches on core 0)
2026-07-21 07:57:36.183 8 WARNING neutron.scheduler.dhcp_agent_scheduler [None req-10eba87f-d28e-49c2-8d38-959a726661d1 d853afdc64b44f16a5f148ee9b6152c9 5f971b6b5f904fa3a00820017c9d7f70 - - default default] No more DHCP agents
2026-07-21 07:57:36.184 8 WARNING neutron.api.rpc.agentnotifiers.dhcp_rpc_agent_api [None req-10eba87f-d28e-49c2-8d38-959a726661d1 d853afdc64b44f16a5f148ee9b6152c9 5f971b6b5f904fa3a00820017c9d7f70 - - default default] Unable to schedule network b0767ad7-4d20-4538-bd3d-3c465675c81d: no agents available; will retry on subsequent port and subnet creation events.
2026-07-21 07:57:36.633 8 INFO neutron.db.ovn_revision_numbers_db [None req-ca3cfab8-d54a-46cb-a8cd-e93ac3582a64 - - - - - -] Successfully bumped revision number for resource efccd975-7c39-4064-a745-36b882ac3b2a (type: ports) to 2
2026-07-21 07:57:36.665 8 INFO neutron.db.ovn_revision_numbers_db [None req-ca3cfab8-d54a-46cb-a8cd-e93ac3582a64 - - - - - -] Successfully bumped revision number for resource 247bee97-7d67-4da1-93f8-e214459f3349 (type: subnets) to 0 [pid: 8|app: 0|req: 760/1464] 10.0.0.16 () {34 vars in 668 bytes} [Tue Jul 21 07:57:36 2026] POST /v2.0/subnets => generated 691 bytes in 607 msecs (HTTP/1.1 201) 4 headers in 162 bytes (1 switches on core 0)
2026-07-21 07:57:37.120 7 WARNING neutron.scheduler.dhcp_agent_scheduler [None req-1225c94b-b382-4409-9254-e9661c27584d d853afdc64b44f16a5f148ee9b6152c9 5f971b6b5f904fa3a00820017c9d7f70 - - default default] No more DHCP agents
2026-07-21 07:57:37.121 7 WARNING neutron.api.rpc.agentnotifiers.dhcp_rpc_agent_api [None req-1225c94b-b382-4409-9254-e9661c27584d d853afdc64b44f16a5f148ee9b6152c9 5f971b6b5f904fa3a00820017c9d7f70 - - default default] Unable to schedule network c63a7e8d-30ac-4d43-a14a-5423ac786860: no agents available; will retry on subsequent port and subnet creation events.
2026-07-21 07:57:37.241 8 INFO neutron.plugins.ml2.drivers.ovn.mech_driver.mech_driver [None req-9089cfa2-e42d-4394-be4a-227db6fa0f63 - - - - - -] OVN reports status down for port: 6fc087e1-eb48-401d-92cf-9ded0c94a8a8
2026-07-21 07:57:37.265 7 INFO neutron.db.ovn_revision_numbers_db [None req-1225c94b-b382-4409-9254-e9661c27584d d853afdc64b44f16a5f148ee9b6152c9 5f971b6b5f904fa3a00820017c9d7f70 - - default default] Successfully bumped revision number for resource 6fc087e1-eb48-401d-92cf-9ded0c94a8a8 (type: ports) to 1
2026-07-21 07:57:37.370 8 INFO neutron.db.ovn_revision_numbers_db [None req-796e670a-9dfb-4c8c-a260-b35e2c9452d7 d853afdc64b44f16a5f148ee9b6152c9 5f971b6b5f904fa3a00820017c9d7f70 - - default default] Successfully bumped revision number for resource 7db0c0a5-2b92-4ae6-b4cb-abad534459a2 (type: security_groups) to 1
2026-07-21 07:57:37.384 8 INFO neutron.db.ovn_revision_numbers_db [None req-796e670a-9dfb-4c8c-a260-b35e2c9452d7 d853afdc64b44f16a5f148ee9b6152c9 5f971b6b5f904fa3a00820017c9d7f70 - - default default] Successfully bumped revision number for resource 03cd6f59-c628-4510-b6e6-db9ac70bfc32 (type: security_group_rules) to 0
2026-07-21 07:57:37.421 8 INFO neutron.db.ovn_revision_numbers_db [None req-796e670a-9dfb-4c8c-a260-b35e2c9452d7 d853afdc64b44f16a5f148ee9b6152c9 5f971b6b5f904fa3a00820017c9d7f70 - - default default] Successfully bumped revision number for resource 13e7203a-5120-4dd1-8e9b-31b3eaacc541 (type: security_group_rules) to 0
2026-07-21 07:57:37.432 8 INFO neutron.db.ovn_revision_numbers_db [None req-796e670a-9dfb-4c8c-a260-b35e2c9452d7 d853afdc64b44f16a5f148ee9b6152c9 5f971b6b5f904fa3a00820017c9d7f70 - - default default] Successfully bumped revision number for resource 88bd2a6a-707b-4a94-8938-553dffc5a89f (type: security_group_rules) to 0
2026-07-21 07:57:37.442 8 INFO neutron.db.ovn_revision_numbers_db [None req-796e670a-9dfb-4c8c-a260-b35e2c9452d7 d853afdc64b44f16a5f148ee9b6152c9 5f971b6b5f904fa3a00820017c9d7f70 - - default default] Successfully bumped revision number for resource ff75d344-83cc-47e2-9d61-6b09235622d0 (type: security_group_rules) to 0 [pid: 8|app: 0|req: 763/1467] 10.0.0.16 () {32 vars in 773 bytes} [Tue Jul 21 07:57:37 2026] GET /v2.0/security-groups?tenant_id=742547eee97b41d3be1afee5dc399993&name=default => generated 2925 bytes in 509 msecs (HTTP/1.1 200) 4 headers in 158 bytes (1 switches on core 0) [pid: 8|app: 0|req: 764/1468] 10.0.0.16 () {32 vars in 739 bytes} [Tue Jul 21 07:57:37 2026] DELETE /v2.0/security-groups/7db0c0a5-2b92-4ae6-b4cb-abad534459a2 => generated 0 bytes in 257 msecs (HTTP/1.1 204) 2 headers in 112 bytes (1 switches on core 0)
2026-07-21 07:57:38.477 7 INFO neutron.plugins.ml2.drivers.ovn.mech_driver.ovsdb.commands [None req-7f4aae40-e3a6-444f-97ff-19e2cfc8cbd0 - - - - - -] Schedule LRP lrp-6fc087e1-eb48-401d-92cf-9ded0c94a8a8 on gateway 926c8f04-6759-4a3f-8dcb-6a4a3b8effd0 with priority 1
2026-07-21 07:57:38.531 8 INFO neutron.plugins.ml2.drivers.ovn.mech_driver.ovsdb.ovsdb_monitor [None req-e4756ede-7c9a-4913-bf17-cb74a070af5c - - - - - -] Router 718b679a-b15e-4d63-821b-fd5a4e82c2be is bound to host instance
2026-07-21 07:57:38.546 8 INFO neutron.plugins.ml2.drivers.ovn.mech_driver.mech_driver [None req-9089cfa2-e42d-4394-be4a-227db6fa0f63 - - - - - -] OVN reports status up for port: 6fc087e1-eb48-401d-92cf-9ded0c94a8a8
2026-07-21 07:57:38.571 7 INFO neutron.db.ovn_revision_numbers_db [None req-1225c94b-b382-4409-9254-e9661c27584d d853afdc64b44f16a5f148ee9b6152c9 5f971b6b5f904fa3a00820017c9d7f70 - - default default] Successfully bumped revision number for resource 6fc087e1-eb48-401d-92cf-9ded0c94a8a8 (type: router_ports) to 1
2026-07-21 07:57:38.579 8 INFO neutron.plugins.ml2.plugin [None req-9089cfa2-e42d-4394-be4a-227db6fa0f63 - - - - - -] Attempt 1 to provision port 6fc087e1-eb48-401d-92cf-9ded0c94a8a8
2026-07-21 07:57:38.662 7 INFO neutron.db.ovn_revision_numbers_db [None req-1225c94b-b382-4409-9254-e9661c27584d d853afdc64b44f16a5f148ee9b6152c9 5f971b6b5f904fa3a00820017c9d7f70 - - default default] Successfully bumped revision number for resource 718b679a-b15e-4d63-821b-fd5a4e82c2be (type: routers) to 2 [pid: 7|app: 0|req: 705/1469] 10.0.0.16 () {34 vars in 668 bytes} [Tue Jul 21 07:57:36 2026] POST /v2.0/routers => generated 969 bytes in 2006 msecs (HTTP/1.1 201) 4 headers in 162 bytes (1 switches on core 0)
2026-07-21 07:57:39.566 8 WARNING neutron.scheduler.dhcp_agent_scheduler [None req-8081bff8-1819-4006-81a3-63a5ec12b817 d853afdc64b44f16a5f148ee9b6152c9 5f971b6b5f904fa3a00820017c9d7f70 - - default default] No more DHCP agents
2026-07-21 07:57:39.568 8 WARNING neutron.api.rpc.agentnotifiers.dhcp_rpc_agent_api [None req-8081bff8-1819-4006-81a3-63a5ec12b817 d853afdc64b44f16a5f148ee9b6152c9 5f971b6b5f904fa3a00820017c9d7f70 - - default default] Unable to schedule network b0767ad7-4d20-4538-bd3d-3c465675c81d: no agents available; will retry on subsequent port and subnet creation events.
2026-07-21 07:57:39.751 7 INFO neutron.plugins.ml2.drivers.ovn.mech_driver.mech_driver [None req-325b8523-8a90-47ef-add3-ccd795e9af3d - - - - - -] OVN reports status down for port: 13501b8b-9c00-4271-9e56-2e58a5fcbfe8
2026-07-21 07:57:39.797 8 INFO neutron.db.ovn_revision_numbers_db [None req-8081bff8-1819-4006-81a3-63a5ec12b817 d853afdc64b44f16a5f148ee9b6152c9 5f971b6b5f904fa3a00820017c9d7f70 - - default default] Successfully bumped revision number for resource 13501b8b-9c00-4271-9e56-2e58a5fcbfe8 (type: ports) to 1
2026-07-21 07:57:39.905 7 INFO neutron.db.ovn_revision_numbers_db [None req-6feb92c3-0445-4c02-80b6-cef1fd4c4395 d853afdc64b44f16a5f148ee9b6152c9 5f971b6b5f904fa3a00820017c9d7f70 - - default default] Successfully bumped revision number for resource aa8cbd7a-1d03-459f-a2b8-8a4d88de7906 (type: security_groups) to 1
2026-07-21 07:57:39.916 7 INFO neutron.db.ovn_revision_numbers_db [None req-6feb92c3-0445-4c02-80b6-cef1fd4c4395 d853afdc64b44f16a5f148ee9b6152c9 5f971b6b5f904fa3a00820017c9d7f70 - - default default] Successfully bumped revision number for resource 05d150cb-938b-444d-a2a1-fc92e9f6db4f (type: security_group_rules) to 0
2026-07-21 07:57:39.927 7 INFO neutron.db.ovn_revision_numbers_db [None req-6feb92c3-0445-4c02-80b6-cef1fd4c4395 d853afdc64b44f16a5f148ee9b6152c9 5f971b6b5f904fa3a00820017c9d7f70 - - default default] Successfully bumped revision number for resource e31b181f-ed9a-4004-877c-41be34180a54 (type: security_group_rules) to 0
2026-07-21 07:57:39.945 7 INFO neutron.db.ovn_revision_numbers_db [None req-6feb92c3-0445-4c02-80b6-cef1fd4c4395 d853afdc64b44f16a5f148ee9b6152c9 5f971b6b5f904fa3a00820017c9d7f70 - - default default] Successfully bumped revision number for resource f389c459-4360-4bd9-aa2b-eb17c913d627 (type: security_group_rules) to 0
2026-07-21 07:57:39.959 7 INFO neutron.db.ovn_revision_numbers_db [None req-6feb92c3-0445-4c02-80b6-cef1fd4c4395 d853afdc64b44f16a5f148ee9b6152c9 5f971b6b5f904fa3a00820017c9d7f70 - - default default] Successfully bumped revision number for resource f573d940-808d-4335-9122-662878326e19 (type: security_group_rules) to 0 [pid: 7|app: 0|req: 706/1470] 10.0.0.16 () {32 vars in 773 bytes} [Tue Jul 21 07:57:39 2026] GET /v2.0/security-groups?tenant_id=963bcde04eba4a01ac33729b8b36b999&name=default => generated 2925 bytes in 579 msecs (HTTP/1.1 200) 4 headers in 158 bytes (1 switches on core 0)
2026-07-21 07:57:40.261 8 INFO neutron.db.ovn_revision_numbers_db [None req-29ecb1e7-5391-4b50-a132-20486f14b023 - - - - - -] Successfully bumped revision number for resource 6fc087e1-eb48-401d-92cf-9ded0c94a8a8 (type: ports) to 4
2026-07-21 07:57:40.416 7 INFO neutron.db.ovn_revision_numbers_db [None req-27587f00-74e1-4b73-83f9-061fe9d1a0d8 694a0cf1866c4433b05985008d0656e4 a799b4ab121f47299a0bbcc42c3466f2 - - default default] Successfully bumped revision number for resource f949402f-3baa-4dc4-a23b-6a33fccb0069 (type: security_groups) to 1
2026-07-21 07:57:40.449 7 INFO neutron.db.ovn_revision_numbers_db [None req-27587f00-74e1-4b73-83f9-061fe9d1a0d8 694a0cf1866c4433b05985008d0656e4 a799b4ab121f47299a0bbcc42c3466f2 - - default default] Successfully bumped revision number for resource 845199e2-446a-44fb-a1d9-bfe204896cdb (type: security_group_rules) to 0
2026-07-21 07:57:40.464 7 INFO neutron.db.ovn_revision_numbers_db [None req-27587f00-74e1-4b73-83f9-061fe9d1a0d8 694a0cf1866c4433b05985008d0656e4 a799b4ab121f47299a0bbcc42c3466f2 - - default default] Successfully bumped revision number for resource 8bc3d210-a2b0-428e-a1ff-9c28126d6418 (type: security_group_rules) to 0
2026-07-21 07:57:40.475 7 INFO neutron.db.ovn_revision_numbers_db [None req-27587f00-74e1-4b73-83f9-061fe9d1a0d8 694a0cf1866c4433b05985008d0656e4 a799b4ab121f47299a0bbcc42c3466f2 - - default default] Successfully bumped revision number for resource 9dcb5239-8426-4318-b32f-1c15eb8306c1 (type: security_group_rules) to 0
2026-07-21 07:57:40.488 7 INFO neutron.db.ovn_revision_numbers_db [None req-27587f00-74e1-4b73-83f9-061fe9d1a0d8 694a0cf1866c4433b05985008d0656e4 a799b4ab121f47299a0bbcc42c3466f2 - - default default] Successfully bumped revision number for resource d77da048-fc32-4346-ad6c-cd68148920b2 (type: security_group_rules) to 0
2026-07-21 07:57:40.561 7 INFO neutron.db.segments_db [None req-27587f00-74e1-4b73-83f9-061fe9d1a0d8 694a0cf1866c4433b05985008d0656e4 a799b4ab121f47299a0bbcc42c3466f2 - - default default] Added segment 63dcc431-1e51-4945-a5d6-dd4c34bb30cf of type geneve for network 265a925b-43bf-4d96-9df3-87fe4af20682
2026-07-21 07:57:40.687 7 INFO neutron.db.ovn_revision_numbers_db [None req-27587f00-74e1-4b73-83f9-061fe9d1a0d8 694a0cf1866c4433b05985008d0656e4 a799b4ab121f47299a0bbcc42c3466f2 - - default default] Successfully bumped revision number for resource 265a925b-43bf-4d96-9df3-87fe4af20682 (type: networks) to 1
2026-07-21 07:57:40.868 7 WARNING neutron.scheduler.dhcp_agent_scheduler [None req-27587f00-74e1-4b73-83f9-061fe9d1a0d8 694a0cf1866c4433b05985008d0656e4 a799b4ab121f47299a0bbcc42c3466f2 - - default default] No more DHCP agents
2026-07-21 07:57:40.869 7 WARNING neutron.api.rpc.agentnotifiers.dhcp_rpc_agent_api [None req-27587f00-74e1-4b73-83f9-061fe9d1a0d8 694a0cf1866c4433b05985008d0656e4 a799b4ab121f47299a0bbcc42c3466f2 - - default default] Unable to schedule network 265a925b-43bf-4d96-9df3-87fe4af20682: no agents available; will retry on subsequent port and subnet creation events.
2026-07-21 07:57:40.951 7 INFO neutron.db.ovn_revision_numbers_db [None req-27587f00-74e1-4b73-83f9-061fe9d1a0d8 694a0cf1866c4433b05985008d0656e4 a799b4ab121f47299a0bbcc42c3466f2 - - default default] Successfully bumped revision number for resource 01a5aa77-1758-4727-9112-0ddfd286599b (type: ports) to 1 [pid: 7|app: 0|req: 707/1471] 10.0.0.16 () {34 vars in 669 bytes} [Tue Jul 21 07:57:39 2026] POST /v2.0/networks => generated 649 bytes in 981 msecs (HTTP/1.1 201) 4 headers in 162 bytes (1 switches on core 0) [pid: 7|app: 0|req: 708/1472] 10.0.0.16 () {32 vars in 739 bytes} [Tue Jul 21 07:57:40 2026] DELETE /v2.0/security-groups/aa8cbd7a-1d03-459f-a2b8-8a4d88de7906 => generated 0 bytes in 228 msecs (HTTP/1.1 204) 2 headers in 112 bytes (1 switches on core 0)
2026-07-21 07:57:41.420 7 INFO neutron.plugins.ml2.drivers.ovn.mech_driver.mech_driver [None req-325b8523-8a90-47ef-add3-ccd795e9af3d - - - - - -] OVN reports status up for port: 13501b8b-9c00-4271-9e56-2e58a5fcbfe8
2026-07-21 07:57:41.445 8 INFO neutron.db.ovn_revision_numbers_db [None req-29ecb1e7-5391-4b50-a132-20486f14b023 - - - - - -] Successfully bumped revision number for resource 6fc087e1-eb48-401d-92cf-9ded0c94a8a8 (type: ports) to 5
2026-07-21 07:57:41.446 7 INFO neutron.plugins.ml2.plugin [None req-325b8523-8a90-47ef-add3-ccd795e9af3d - - - - - -] Attempt 1 to provision port 13501b8b-9c00-4271-9e56-2e58a5fcbfe8
2026-07-21 07:57:41.516 8 INFO neutron.plugins.ml2.drivers.ovn.mech_driver.mech_driver [None req-9089cfa2-e42d-4394-be4a-227db6fa0f63 - - - - - -] OVN reports status down for port: 01a5aa77-1758-4727-9112-0ddfd286599b
2026-07-21 07:57:41.555 7 WARNING neutron.scheduler.dhcp_agent_scheduler [None req-04ca2e85-d8b8-4998-b267-168c2ecf2c33 3caa0bbf10b5425893d3a88a80e775a4 47af53c2f39f44ca9fb8fa4753e3950c - - default default] No more DHCP agents
2026-07-21 07:57:41.557 7 WARNING neutron.api.rpc.agentnotifiers.dhcp_rpc_agent_api [None req-04ca2e85-d8b8-4998-b267-168c2ecf2c33 3caa0bbf10b5425893d3a88a80e775a4 47af53c2f39f44ca9fb8fa4753e3950c - - default default] Unable to schedule network c63a7e8d-30ac-4d43-a14a-5423ac786860: no agents available; will retry on subsequent port and subnet creation events.
2026-07-21 07:57:41.570 8 WARNING neutron.scheduler.dhcp_agent_scheduler [None req-8081bff8-1819-4006-81a3-63a5ec12b817 d853afdc64b44f16a5f148ee9b6152c9 5f971b6b5f904fa3a00820017c9d7f70 - - default default] No more DHCP agents
2026-07-21 07:57:41.579 8 WARNING neutron.api.rpc.agentnotifiers.dhcp_rpc_agent_api [None req-8081bff8-1819-4006-81a3-63a5ec12b817 d853afdc64b44f16a5f148ee9b6152c9 5f971b6b5f904fa3a00820017c9d7f70 - - default default] Unable to schedule network b0767ad7-4d20-4538-bd3d-3c465675c81d: no agents available; will retry on subsequent port and subnet creation events.
2026-07-21 07:57:42.083 8 INFO neutron.db.ovn_revision_numbers_db [None req-8081bff8-1819-4006-81a3-63a5ec12b817 d853afdc64b44f16a5f148ee9b6152c9 5f971b6b5f904fa3a00820017c9d7f70 - - default default] Successfully bumped revision number for resource 13501b8b-9c00-4271-9e56-2e58a5fcbfe8 (type: router_ports) to 1 [pid: 8|app: 0|req: 765/1473] 10.0.0.16 () {34 vars in 782 bytes} [Tue Jul 21 07:57:38 2026] PUT /v2.0/routers/718b679a-b15e-4d63-821b-fd5a4e82c2be/add_router_interface => generated 309 bytes in 3395 msecs (HTTP/1.1 200) 4 headers in 157 bytes (1 switches on core 0) [pid: 7|app: 0|req: 709/1474] 10.0.0.16 () {34 vars in 675 bytes} [Tue Jul 21 07:57:41 2026] POST /v2.0/floatingips => generated 552 bytes in 963 msecs (HTTP/1.1 201) 4 headers in 162 bytes (1 switches on core 0)
2026-07-21 07:57:42.314 8 WARNING neutron.scheduler.dhcp_agent_scheduler [None req-b9030b71-3a61-4a3b-8189-989646fcb692 694a0cf1866c4433b05985008d0656e4 a799b4ab121f47299a0bbcc42c3466f2 - - default default] No more DHCP agents
2026-07-21 07:57:42.315 8 WARNING neutron.api.rpc.agentnotifiers.dhcp_rpc_agent_api [None req-b9030b71-3a61-4a3b-8189-989646fcb692 694a0cf1866c4433b05985008d0656e4 a799b4ab121f47299a0bbcc42c3466f2 - - default default] Unable to schedule network 265a925b-43bf-4d96-9df3-87fe4af20682: no agents available; will retry on subsequent port and subnet creation events.
