2026-07-21 07:57:49.804 8 INFO neutron.db.ovn_revision_numbers_db [None req-9de50c07-ad5d-48aa-a314-b316c86b0633 d853afdc64b44f16a5f148ee9b6152c9 5f971b6b5f904fa3a00820017c9d7f70 - - default default] Successfully bumped revision number for resource 1e2b07c8-10b9-4868-af29-0a2631388dad (type: security_group_rules) to 0
2026-07-21 07:57:49.815 8 INFO neutron.db.ovn_revision_numbers_db [None req-9de50c07-ad5d-48aa-a314-b316c86b0633 d853afdc64b44f16a5f148ee9b6152c9 5f971b6b5f904fa3a00820017c9d7f70 - - default default] Successfully bumped revision number for resource 256f674b-387f-4a61-b7c5-ef4c61ea0175 (type: security_group_rules) to 0
2026-07-21 07:57:49.837 8 INFO neutron.db.ovn_revision_numbers_db [None req-9de50c07-ad5d-48aa-a314-b316c86b0633 d853afdc64b44f16a5f148ee9b6152c9 5f971b6b5f904fa3a00820017c9d7f70 - - default default] Successfully bumped revision number for resource 57f41635-8f47-4a7b-a17c-de55e2093056 (type: security_group_rules) to 0 [pid: 8|app: 0|req: 798/1554] 10.0.0.16 () {32 vars in 773 bytes} [Tue Jul 21 07:57:49 2026] GET /v2.0/security-groups?tenant_id=744897dd510645bf92d8ae4b07fb87f3&name=default => generated 2925 bytes in 235 msecs (HTTP/1.1 200) 4 headers in 158 bytes (1 switches on core 0) [pid: 7|app: 0|req: 757/1555] 10.0.0.16 () {32 vars in 739 bytes} [Tue Jul 21 07:57:49 2026] DELETE /v2.0/security-groups/f949402f-3baa-4dc4-a23b-6a33fccb0069 => generated 0 bytes in 261 msecs (HTTP/1.1 204) 2 headers in 112 bytes (1 switches on core 0) [pid: 7|app: 0|req: 758/1556] 199.19.213.11 () {34 vars in 985 bytes} [Tue Jul 21 07:57:50 2026] GET /v2.0/networks?id=b0767ad7-4d20-4538-bd3d-3c465675c81d => generated 676 bytes in 71 msecs (HTTP/1.1 200) 4 headers in 157 bytes (1 switches on core 0) [pid: 7|app: 0|req: 759/1557] 199.19.213.11 () {34 vars in 1049 bytes} [Tue Jul 21 07:57:50 2026] GET /v2.0/security-groups?fields=id&fields=name&tenant_id=130113f636ae481f87659a154db35323 => generated 181 bytes in 51 msecs (HTTP/1.1 200) 4 headers in 157 bytes (1 switches on core 0) [pid: 8|app: 0|req: 799/1558] 10.0.0.16 () {32 vars in 739 bytes} [Tue Jul 21 07:57:49 2026] DELETE /v2.0/security-groups/68a5e900-2e5e-4428-a470-58179a4a07fb => generated 0 bytes in 288 msecs (HTTP/1.1 204) 2 headers in 112 bytes (1 switches on core 0) [pid: 8|app: 0|req: 800/1559] 10.0.0.20 () {34 vars in 989 bytes} [Tue Jul 21 07:57:50 2026] GET /v2.0/ports?device_id=b7a4505f-f639-4e4a-a983-4645a28dfb97 => generated 12 bytes in 30 msecs (HTTP/1.1 200) 4 headers in 156 bytes (1 switches on core 0)
2026-07-21 07:57:50.460 7 WARNING neutron.scheduler.dhcp_agent_scheduler [req-4c21e3e0-52da-45b4-8fe1-6d12c3e1f56a req-2c17eef4-42ee-4a50-ab5e-3701c919a528 2003981190734da0ac5a68e47d98ec41 130113f636ae481f87659a154db35323 - - default default] No more DHCP agents
2026-07-21 07:57:50.462 7 WARNING neutron.api.rpc.agentnotifiers.dhcp_rpc_agent_api [req-4c21e3e0-52da-45b4-8fe1-6d12c3e1f56a req-2c17eef4-42ee-4a50-ab5e-3701c919a528 2003981190734da0ac5a68e47d98ec41 130113f636ae481f87659a154db35323 - - default default] Unable to schedule network b0767ad7-4d20-4538-bd3d-3c465675c81d: no agents available; will retry on subsequent port and subnet creation events.
2026-07-21 07:57:50.585 8 INFO neutron.plugins.ml2.drivers.ovn.mech_driver.mech_driver [None req-9089cfa2-e42d-4394-be4a-227db6fa0f63 - - - - - -] OVN reports status down for port: c84f689f-ef76-4507-be14-bc788397ee2f
2026-07-21 07:57:50.611 7 INFO neutron.db.ovn_revision_numbers_db [req-4c21e3e0-52da-45b4-8fe1-6d12c3e1f56a req-2c17eef4-42ee-4a50-ab5e-3701c919a528 2003981190734da0ac5a68e47d98ec41 130113f636ae481f87659a154db35323 - - default default] Successfully bumped revision number for resource c84f689f-ef76-4507-be14-bc788397ee2f (type: ports) to 1 [pid: 7|app: 0|req: 760/1560] 199.19.213.11 () {38 vars in 954 bytes} [Tue Jul 21 07:57:50 2026] POST /v2.0/ports => generated 954 bytes in 522 msecs (HTTP/1.1 201) 4 headers in 162 bytes (1 switches on core 0)
2026-07-21 07:57:51.053 8 INFO neutron.db.ovn_revision_numbers_db [req-4c21e3e0-52da-45b4-8fe1-6d12c3e1f56a req-6c7d75d1-8f51-411c-85e1-86364a1e81f2 b0e16577d0454722939ee1a350226434 8c2c98cb451443aebd74369131c03fc5 - - 32106ee077b04fb3afa539eadd07645c 32106ee077b04fb3afa539eadd07645c] Successfully bumped revision number for resource c84f689f-ef76-4507-be14-bc788397ee2f (type: ports) to 2
2026-07-21 07:57:51.279 8 INFO neutron.db.ovn_revision_numbers_db [req-4c21e3e0-52da-45b4-8fe1-6d12c3e1f56a req-6c7d75d1-8f51-411c-85e1-86364a1e81f2 b0e16577d0454722939ee1a350226434 8c2c98cb451443aebd74369131c03fc5 - - 32106ee077b04fb3afa539eadd07645c 32106ee077b04fb3afa539eadd07645c] Successfully bumped revision number for resource c84f689f-ef76-4507-be14-bc788397ee2f (type: ports) to 4 /var/lib/openstack/lib/python3.12/site-packages/pycadf/identifier.py:70: UserWarning: Invalid uuid: neutron. To ensure interoperability, identifiers should be a valid uuid. warnings.warn(('Invalid uuid: %s. To ensure interoperability, ' [pid: 8|app: 0|req: 801/1561] 199.19.213.11 () {38 vars in 1027 bytes} [Tue Jul 21 07:57:50 2026] PUT /v2.0/ports/c84f689f-ef76-4507-be14-bc788397ee2f => generated 1204 bytes in 627 msecs (HTTP/1.1 200) 4 headers in 158 bytes (1 switches on core 0)
2026-07-21 07:57:51.349 8 INFO neutron.notifiers.nova [-] Nova event matching ['req-25f6a624-5a84-4a56-a06c-a9294e3119f9'] response: {'name': 'network-changed', 'server_uuid': 'b7a4505f-f639-4e4a-a983-4645a28dfb97', 'tag': 'c84f689f-ef76-4507-be14-bc788397ee2f', 'status': 'completed', 'code': 200} [pid: 7|app: 0|req: 761/1562] 10.0.0.20 () {34 vars in 989 bytes} [Tue Jul 21 07:57:51 2026] GET /v2.0/ports?device_id=b7a4505f-f639-4e4a-a983-4645a28dfb97 => generated 969 bytes in 53 msecs (HTTP/1.1 200) 4 headers in 157 bytes (1 switches on core 0) /var/lib/openstack/lib/python3.12/site-packages/pycadf/identifier.py:70: UserWarning: Invalid uuid: neutron. To ensure interoperability, identifiers should be a valid uuid. warnings.warn(('Invalid uuid: %s. To ensure interoperability, ' [pid: 8|app: 0|req: 802/1563] 10.0.0.20 () {34 vars in 1039 bytes} [Tue Jul 21 07:57:51 2026] GET /v2.0/security-groups?id=26b1f7d4-4317-405c-90cb-ee583f52d900&fields=id&fields=name => generated 114 bytes in 33 msecs (HTTP/1.1 200) 4 headers in 157 bytes (1 switches on core 0) [pid: 7|app: 0|req: 762/1564] 199.19.213.11 () {34 vars in 1079 bytes} [Tue Jul 21 07:57:51 2026] GET /v2.0/ports?tenant_id=130113f636ae481f87659a154db35323&device_id=b7a4505f-f639-4e4a-a983-4645a28dfb97 => generated 1207 bytes in 31 msecs (HTTP/1.1 200) 4 headers in 158 bytes (1 switches on core 0) [pid: 8|app: 0|req: 803/1567] 199.19.213.11 () {34 vars in 1017 bytes} [Tue Jul 21 07:57:51 2026] GET /v2.0/networks?tenant_id=130113f636ae481f87659a154db35323&shared=False => generated 775 bytes in 40 msecs (HTTP/1.1 200) 4 headers in 157 bytes (1 switches on core 0) [pid: 7|app: 0|req: 765/1568] 199.19.213.11 () {34 vars in 929 bytes} [Tue Jul 21 07:57:51 2026] GET /v2.0/networks?shared=True => generated 753 bytes in 47 msecs (HTTP/1.1 200) 4 headers in 157 bytes (1 switches on core 0) [pid: 8|app: 0|req: 804/1569] 10.0.0.20 () {34 vars in 989 bytes} [Tue Jul 21 07:57:52 2026] GET /v2.0/ports?device_id=b7a4505f-f639-4e4a-a983-4645a28dfb97 => generated 969 bytes in 77 msecs (HTTP/1.1 200) 4 headers in 157 bytes (1 switches on core 0) [pid: 7|app: 0|req: 766/1570] 10.0.0.20 () {34 vars in 1039 bytes} [Tue Jul 21 07:57:52 2026] GET /v2.0/security-groups?id=26b1f7d4-4317-405c-90cb-ee583f52d900&fields=id&fields=name => generated 114 bytes in 32 msecs (HTTP/1.1 200) 4 headers in 157 bytes (1 switches on core 0)
2026-07-21 07:57:52.931 8 INFO neutron.db.ovn_revision_numbers_db [None req-f5b7f264-4b2f-4ffb-a8b1-a89987b247cd 61153d8076184e43b21460dfeab842dc 4d79860aae5341ff831862de55d01ea0 - - default default] Successfully bumped revision number for resource 188af297-1f54-4346-bd97-0b33c7cbd7eb (type: security_groups) to 1
2026-07-21 07:57:52.946 8 INFO neutron.db.ovn_revision_numbers_db [None req-f5b7f264-4b2f-4ffb-a8b1-a89987b247cd 61153d8076184e43b21460dfeab842dc 4d79860aae5341ff831862de55d01ea0 - - default default] Successfully bumped revision number for resource 13e8669a-94d5-46b1-9ec1-1bfb76a7836d (type: security_group_rules) to 0
2026-07-21 07:57:52.963 8 INFO neutron.db.ovn_revision_numbers_db [None req-f5b7f264-4b2f-4ffb-a8b1-a89987b247cd 61153d8076184e43b21460dfeab842dc 4d79860aae5341ff831862de55d01ea0 - - default default] Successfully bumped revision number for resource 9f406a3c-c487-4f96-854d-524f3a2d6a02 (type: security_group_rules) to 0
2026-07-21 07:57:52.975 8 INFO neutron.db.ovn_revision_numbers_db [None req-f5b7f264-4b2f-4ffb-a8b1-a89987b247cd 61153d8076184e43b21460dfeab842dc 4d79860aae5341ff831862de55d01ea0 - - default default] Successfully bumped revision number for resource c06fbd06-d88a-4cac-8996-e136ac68c0f3 (type: security_group_rules) to 0
2026-07-21 07:57:52.987 8 INFO neutron.db.ovn_revision_numbers_db [None req-f5b7f264-4b2f-4ffb-a8b1-a89987b247cd 61153d8076184e43b21460dfeab842dc 4d79860aae5341ff831862de55d01ea0 - - default default] Successfully bumped revision number for resource e52fd75a-89a0-40aa-8a8a-a442202ca859 (type: security_group_rules) to 0 [pid: 7|app: 0|req: 767/1571] 199.19.213.11 () {34 vars in 1079 bytes} [Tue Jul 21 07:57:53 2026] GET /v2.0/ports?tenant_id=130113f636ae481f87659a154db35323&device_id=b7a4505f-f639-4e4a-a983-4645a28dfb97 => generated 1207 bytes in 32 msecs (HTTP/1.1 200) 4 headers in 158 bytes (1 switches on core 0)
2026-07-21 07:57:53.061 8 INFO neutron.db.segments_db [None req-f5b7f264-4b2f-4ffb-a8b1-a89987b247cd 61153d8076184e43b21460dfeab842dc 4d79860aae5341ff831862de55d01ea0 - - default default] Added segment 361ba8cc-a422-4c77-ae6e-8e66af068b7e of type geneve for network bc056280-a0ae-4318-a3c7-2b7af738787e [pid: 7|app: 0|req: 768/1572] 199.19.213.11 () {34 vars in 1057 bytes} [Tue Jul 21 07:57:53 2026] GET /v2.0/floatingips?fixed_ip_address=10.100.0.6&port_id=c84f689f-ef76-4507-be14-bc788397ee2f => generated 19 bytes in 20 msecs (HTTP/1.1 200) 4 headers in 156 bytes (1 switches on core 0) [pid: 7|app: 0|req: 769/1573] 199.19.213.11 () {34 vars in 983 bytes} [Tue Jul 21 07:57:53 2026] GET /v2.0/subnets?id=247bee97-7d67-4da1-93f8-e214459f3349 => generated 694 bytes in 28 msecs (HTTP/1.1 200) 4 headers in 157 bytes (1 switches on core 0)
2026-07-21 07:57:53.145 8 INFO neutron.db.ovn_revision_numbers_db [None req-f5b7f264-4b2f-4ffb-a8b1-a89987b247cd 61153d8076184e43b21460dfeab842dc 4d79860aae5341ff831862de55d01ea0 - - default default] Successfully bumped revision number for resource bc056280-a0ae-4318-a3c7-2b7af738787e (type: networks) to 1 [pid: 7|app: 0|req: 770/1574] 199.19.213.11 () {34 vars in 1051 bytes} [Tue Jul 21 07:57:53 2026] GET /v2.0/ports?network_id=b0767ad7-4d20-4538-bd3d-3c465675c81d&device_owner=network%3Adhcp => generated 12 bytes in 24 msecs (HTTP/1.1 200) 4 headers in 156 bytes (1 switches on core 0) [pid: 7|app: 0|req: 771/1575] 199.19.213.11 () {34 vars in 1011 bytes} [Tue Jul 21 07:57:53 2026] GET /v2.0/networks/b0767ad7-4d20-4538-bd3d-3c465675c81d?fields=segments => generated 14 bytes in 43 msecs (HTTP/1.1 200) 4 headers in 156 bytes (1 switches on core 0) [pid: 7|app: 0|req: 772/1576] 199.19.213.11 () {34 vars in 1111 bytes} [Tue Jul 21 07:57:53 2026] GET /v2.0/networks/b0767ad7-4d20-4538-bd3d-3c465675c81d?fields=provider%3Aphysical_network&fields=provider%3Anetwork_type => generated 79 bytes in 36 msecs (HTTP/1.1 200) 4 headers in 156 bytes (1 switches on core 0)
2026-07-21 07:57:53.301 8 WARNING neutron.scheduler.dhcp_agent_scheduler [None req-f5b7f264-4b2f-4ffb-a8b1-a89987b247cd 61153d8076184e43b21460dfeab842dc 4d79860aae5341ff831862de55d01ea0 - - default default] No more DHCP agents
2026-07-21 07:57:53.304 8 WARNING neutron.api.rpc.agentnotifiers.dhcp_rpc_agent_api [None req-f5b7f264-4b2f-4ffb-a8b1-a89987b247cd 61153d8076184e43b21460dfeab842dc 4d79860aae5341ff831862de55d01ea0 - - default default] Unable to schedule network bc056280-a0ae-4318-a3c7-2b7af738787e: no agents available; will retry on subsequent port and subnet creation events.
2026-07-21 07:57:53.340 7 INFO neutron.plugins.ml2.drivers.ovn.mech_driver.mech_driver [None req-d6e95d6e-ae1b-40d6-ad9f-5e189d9db701 - - - - - -] OVN reports status down for port: 99bb519d-a308-413a-a0e5-e20108f3a143
2026-07-21 07:57:53.374 8 INFO neutron.db.ovn_revision_numbers_db [None req-f5b7f264-4b2f-4ffb-a8b1-a89987b247cd 61153d8076184e43b21460dfeab842dc 4d79860aae5341ff831862de55d01ea0 - - default default] Successfully bumped revision number for resource 99bb519d-a308-413a-a0e5-e20108f3a143 (type: ports) to 1 [pid: 8|app: 0|req: 805/1577] 10.0.0.16 () {34 vars in 669 bytes} [Tue Jul 21 07:57:52 2026] POST /v2.0/networks => generated 630 bytes in 782 msecs (HTTP/1.1 201) 4 headers in 162 bytes (1 switches on core 0)
2026-07-21 07:57:53.494 7 INFO neutron.db.segments_db [None req-64a731f4-5e67-4725-9e92-6643e1acd58b 61153d8076184e43b21460dfeab842dc 4d79860aae5341ff831862de55d01ea0 - - default default] Added segment c89d67d2-69e6-496d-bdae-e6ed7f17c127 of type geneve for network 10c27918-7b61-4cca-8135-d4d957168107
2026-07-21 07:57:53.593 7 INFO neutron.db.ovn_revision_numbers_db [None req-64a731f4-5e67-4725-9e92-6643e1acd58b 61153d8076184e43b21460dfeab842dc 4d79860aae5341ff831862de55d01ea0 - - default default] Successfully bumped revision number for resource 10c27918-7b61-4cca-8135-d4d957168107 (type: networks) to 1 [pid: 8|app: 0|req: 806/1578] 10.0.0.20 () {34 vars in 989 bytes} [Tue Jul 21 07:57:53 2026] GET /v2.0/ports?device_id=b7a4505f-f639-4e4a-a983-4645a28dfb97 => generated 969 bytes in 52 msecs (HTTP/1.1 200) 4 headers in 157 bytes (1 switches on core 0) [pid: 8|app: 0|req: 807/1579] 10.0.0.20 () {34 vars in 1039 bytes} [Tue Jul 21 07:57:53 2026] GET /v2.0/security-groups?id=26b1f7d4-4317-405c-90cb-ee583f52d900&fields=id&fields=name => generated 114 bytes in 27 msecs (HTTP/1.1 200) 4 headers in 157 bytes (1 switches on core 0)
2026-07-21 07:57:53.766 7 WARNING neutron.scheduler.dhcp_agent_scheduler [None req-64a731f4-5e67-4725-9e92-6643e1acd58b 61153d8076184e43b21460dfeab842dc 4d79860aae5341ff831862de55d01ea0 - - default default] No more DHCP agents
2026-07-21 07:57:53.767 7 WARNING neutron.api.rpc.agentnotifiers.dhcp_rpc_agent_api [None req-64a731f4-5e67-4725-9e92-6643e1acd58b 61153d8076184e43b21460dfeab842dc 4d79860aae5341ff831862de55d01ea0 - - default default] Unable to schedule network 10c27918-7b61-4cca-8135-d4d957168107: no agents available; will retry on subsequent port and subnet creation events.
2026-07-21 07:57:53.816 8 INFO neutron.plugins.ml2.drivers.ovn.mech_driver.mech_driver [None req-9089cfa2-e42d-4394-be4a-227db6fa0f63 - - - - - -] OVN reports status down for port: 0926e3fa-3a54-4280-8899-f104d2106c9d
2026-07-21 07:57:53.858 7 INFO neutron.db.ovn_revision_numbers_db [None req-64a731f4-5e67-4725-9e92-6643e1acd58b 61153d8076184e43b21460dfeab842dc 4d79860aae5341ff831862de55d01ea0 - - default default] Successfully bumped revision number for resource 0926e3fa-3a54-4280-8899-f104d2106c9d (type: ports) to 1 [pid: 7|app: 0|req: 773/1580] 10.0.0.16 () {34 vars in 669 bytes} [Tue Jul 21 07:57:53 2026] POST /v2.0/networks => generated 630 bytes in 494 msecs (HTTP/1.1 201) 4 headers in 162 bytes (1 switches on core 0)
2026-07-21 07:57:54.097 8 WARNING neutron.scheduler.dhcp_agent_scheduler [None req-47e2fca3-d035-4bbb-ac9f-acb5c5e47179 61153d8076184e43b21460dfeab842dc 4d79860aae5341ff831862de55d01ea0 - - default default] No more DHCP agents
2026-07-21 07:57:54.098 8 WARNING neutron.api.rpc.agentnotifiers.dhcp_rpc_agent_api [None req-47e2fca3-d035-4bbb-ac9f-acb5c5e47179 61153d8076184e43b21460dfeab842dc 4d79860aae5341ff831862de55d01ea0 - - default default] Unable to schedule network bc056280-a0ae-4318-a3c7-2b7af738787e: no agents available; will retry on subsequent port and subnet creation events.
2026-07-21 07:57:54.526 8 INFO neutron.db.ovn_revision_numbers_db [None req-8294cb3b-b7bc-4f86-a8ea-75e7cd4dc2f5 - - - - - -] Successfully bumped revision number for resource 99bb519d-a308-413a-a0e5-e20108f3a143 (type: ports) to 2
2026-07-21 07:57:54.555 8 INFO neutron.db.ovn_revision_numbers_db [None req-8294cb3b-b7bc-4f86-a8ea-75e7cd4dc2f5 - - - - - -] Successfully bumped revision number for resource 368cdb7f-9170-4079-815a-e7baff3022ae (type: subnets) to 0 [pid: 8|app: 0|req: 808/1581] 10.0.0.16 () {34 vars in 668 bytes} [Tue Jul 21 07:57:53 2026] POST /v2.0/subnets => generated 626 bytes in 670 msecs (HTTP/1.1 201) 4 headers in 162 bytes (1 switches on core 0)
2026-07-21 07:57:54.750 7 WARNING neutron.scheduler.dhcp_agent_scheduler [None req-6190bead-1e66-4856-b666-fdc930d49439 61153d8076184e43b21460dfeab842dc 4d79860aae5341ff831862de55d01ea0 - - default default] No more DHCP agents
2026-07-21 07:57:54.752 7 WARNING neutron.api.rpc.agentnotifiers.dhcp_rpc_agent_api [None req-6190bead-1e66-4856-b666-fdc930d49439 61153d8076184e43b21460dfeab842dc 4d79860aae5341ff831862de55d01ea0 - - default default] Unable to schedule network 10c27918-7b61-4cca-8135-d4d957168107: no agents available; will retry on subsequent port and subnet creation events. [pid: 8|app: 0|req: 809/1582] 10.0.0.20 () {34 vars in 989 bytes} [Tue Jul 21 07:57:54 2026] GET /v2.0/ports?device_id=b7a4505f-f639-4e4a-a983-4645a28dfb97 => generated 969 bytes in 35 msecs (HTTP/1.1 200) 4 headers in 157 bytes (1 switches on core 0) [pid: 8|app: 0|req: 810/1583] 10.0.0.20 () {34 vars in 1039 bytes} [Tue Jul 21 07:57:54 2026] GET /v2.0/security-groups?id=26b1f7d4-4317-405c-90cb-ee583f52d900&fields=id&fields=name => generated 114 bytes in 42 msecs (HTTP/1.1 200) 4 headers in 157 bytes (1 switches on core 0)
2026-07-21 07:57:55.233 7 INFO neutron.db.ovn_revision_numbers_db [None req-0ef44c7b-abaa-43a3-9927-0b4b9b965d68 - - - - - -] Successfully bumped revision number for resource 0926e3fa-3a54-4280-8899-f104d2106c9d (type: ports) to 2
2026-07-21 07:57:55.267 7 INFO neutron.db.ovn_revision_numbers_db [None req-0ef44c7b-abaa-43a3-9927-0b4b9b965d68 - - - - - -] Successfully bumped revision number for resource 785de9f5-7b34-4256-be26-53ddaa3c3f8b (type: subnets) to 0 [pid: 7|app: 0|req: 774/1584] 10.0.0.16 () {34 vars in 668 bytes} [Tue Jul 21 07:57:54 2026] POST /v2.0/subnets => generated 626 bytes in 711 msecs (HTTP/1.1 201) 4 headers in 162 bytes (1 switches on core 0)
2026-07-21 07:57:55.385 7 INFO neutron.db.ovn_revision_numbers_db [None req-6c22fc81-027c-40d8-a9ae-f1952ab73d63 61153d8076184e43b21460dfeab842dc 4d79860aae5341ff831862de55d01ea0 - - default default] Successfully bumped revision number for resource 83a9527a-b07b-4d2c-86d7-0fd52b1cfef5 (type: routers) to 1 [pid: 7|app: 0|req: 775/1585] 10.0.0.16 () {34 vars in 668 bytes} [Tue Jul 21 07:57:55 2026] POST /v2.0/routers => generated 602 bytes in 113 msecs (HTTP/1.1 201) 4 headers in 162 bytes (1 switches on core 0)
2026-07-21 07:57:55.564 7 INFO neutron.db.ovn_revision_numbers_db [None req-e32601d1-2ded-4c9a-a8d2-af73bbef946e d853afdc64b44f16a5f148ee9b6152c9 5f971b6b5f904fa3a00820017c9d7f70 - - default default] Successfully bumped revision number for resource fa903be7-cf52-48d9-9e94-553056e00a3a (type: security_groups) to 1
2026-07-21 07:57:55.572 8 INFO neutron.db.ovn_revision_numbers_db [None req-d8b766d8-0781-47ac-aec6-b9c6038a9e93 ece621ef96fd4bf5bab0e9af30051121 53a40829aecc480cb4b3327906add500 - - default default] Successfully bumped revision number for resource 362ba99a-746c-469c-b5e8-6399cc4e1915 (type: security_groups) to 1
2026-07-21 07:57:55.579 7 INFO neutron.db.ovn_revision_numbers_db [None req-e32601d1-2ded-4c9a-a8d2-af73bbef946e d853afdc64b44f16a5f148ee9b6152c9 5f971b6b5f904fa3a00820017c9d7f70 - - default default] Successfully bumped revision number for resource 251532ee-696c-4163-908b-582c45cff88f (type: security_group_rules) to 0
2026-07-21 07:57:55.585 8 INFO neutron.db.ovn_revision_numbers_db [None req-d8b766d8-0781-47ac-aec6-b9c6038a9e93 ece621ef96fd4bf5bab0e9af30051121 53a40829aecc480cb4b3327906add500 - - default default] Successfully bumped revision number for resource 1ab168c1-0d34-4294-8df0-ae102f3e1d39 (type: security_group_rules) to 0
2026-07-21 07:57:55.587 7 INFO neutron.db.ovn_revision_numbers_db [None req-e32601d1-2ded-4c9a-a8d2-af73bbef946e d853afdc64b44f16a5f148ee9b6152c9 5f971b6b5f904fa3a00820017c9d7f70 - - default default] Successfully bumped revision number for resource 39b98b9f-8f18-46a7-8972-07c198972af6 (type: security_group_rules) to 0
2026-07-21 07:57:55.598 7 INFO neutron.db.ovn_revision_numbers_db [None req-e32601d1-2ded-4c9a-a8d2-af73bbef946e d853afdc64b44f16a5f148ee9b6152c9 5f971b6b5f904fa3a00820017c9d7f70 - - default default] Successfully bumped revision number for resource 762b40bc-72fa-49fd-9ebc-a4bbcb171642 (type: security_group_rules) to 0
2026-07-21 07:57:55.599 8 INFO neutron.db.ovn_revision_numbers_db [None req-d8b766d8-0781-47ac-aec6-b9c6038a9e93 ece621ef96fd4bf5bab0e9af30051121 53a40829aecc480cb4b3327906add500 - - default default] Successfully bumped revision number for resource 41186ab4-9e36-4c4a-8082-d53451ac4136 (type: security_group_rules) to 0
2026-07-21 07:57:55.609 7 INFO neutron.db.ovn_revision_numbers_db [None req-e32601d1-2ded-4c9a-a8d2-af73bbef946e d853afdc64b44f16a5f148ee9b6152c9 5f971b6b5f904fa3a00820017c9d7f70 - - default default] Successfully bumped revision number for resource fb435318-677a-43dc-9c7d-40c6f324592e (type: security_group_rules) to 0
2026-07-21 07:57:55.610 8 INFO neutron.db.ovn_revision_numbers_db [None req-d8b766d8-0781-47ac-aec6-b9c6038a9e93 ece621ef96fd4bf5bab0e9af30051121 53a40829aecc480cb4b3327906add500 - - default default] Successfully bumped revision number for resource a0aaf5d8-7d79-4af8-91e4-7f4dd174fb60 (type: security_group_rules) to 0
2026-07-21 07:57:55.624 8 INFO neutron.db.ovn_revision_numbers_db [None req-d8b766d8-0781-47ac-aec6-b9c6038a9e93 ece621ef96fd4bf5bab0e9af30051121 53a40829aecc480cb4b3327906add500 - - default default] Successfully bumped revision number for resource df8e9b02-812f-454a-bd37-66fb43b17406 (type: security_group_rules) to 0 [pid: 7|app: 0|req: 776/1586] 10.0.0.16 () {32 vars in 773 bytes} [Tue Jul 21 07:57:55 2026] GET /v2.0/security-groups?tenant_id=d1b03cddd30c4f1fbdc8e1a5bbf631e7&name=default => generated 2925 bytes in 238 msecs (HTTP/1.1 200) 4 headers in 158 bytes (1 switches on core 0)
2026-07-21 07:57:55.701 8 INFO neutron.db.segments_db [None req-d8b766d8-0781-47ac-aec6-b9c6038a9e93 ece621ef96fd4bf5bab0e9af30051121 53a40829aecc480cb4b3327906add500 - - default default] Added segment a8150ea1-0f9a-4886-998f-1f1fe2e88636 of type geneve for network 288bc442-43fb-4600-8cb8-bc5935f27516
2026-07-21 07:57:55.794 8 INFO neutron.db.ovn_revision_numbers_db [None req-d8b766d8-0781-47ac-aec6-b9c6038a9e93 ece621ef96fd4bf5bab0e9af30051121 53a40829aecc480cb4b3327906add500 - - default default] Successfully bumped revision number for resource 288bc442-43fb-4600-8cb8-bc5935f27516 (type: networks) to 1
2026-07-21 07:57:55.889 8 INFO neutron.plugins.ml2.drivers.ovn.mech_driver.mech_driver [None req-9089cfa2-e42d-4394-be4a-227db6fa0f63 - - - - - -] OVN reports status up for port: c84f689f-ef76-4507-be14-bc788397ee2f
2026-07-21 07:57:55.909 8 INFO neutron.plugins.ml2.plugin [None req-9089cfa2-e42d-4394-be4a-227db6fa0f63 - - - - - -] Attempt 1 to provision port c84f689f-ef76-4507-be14-bc788397ee2f
2026-07-21 07:57:56.001 7 WARNING neutron.scheduler.dhcp_agent_scheduler [None req-301626c8-4ab1-45e7-a787-d1e7867a5b17 61153d8076184e43b21460dfeab842dc 4d79860aae5341ff831862de55d01ea0 - - default default] No more DHCP agents
2026-07-21 07:57:56.002 7 WARNING neutron.api.rpc.agentnotifiers.dhcp_rpc_agent_api [None req-301626c8-4ab1-45e7-a787-d1e7867a5b17 61153d8076184e43b21460dfeab842dc 4d79860aae5341ff831862de55d01ea0 - - default default] Unable to schedule network bc056280-a0ae-4318-a3c7-2b7af738787e: no agents available; will retry on subsequent port and subnet creation events.
2026-07-21 07:57:56.035 8 WARNING neutron.scheduler.dhcp_agent_scheduler [None req-d8b766d8-0781-47ac-aec6-b9c6038a9e93 ece621ef96fd4bf5bab0e9af30051121 53a40829aecc480cb4b3327906add500 - - default default] No more DHCP agents
2026-07-21 07:57:56.038 8 WARNING neutron.api.rpc.agentnotifiers.dhcp_rpc_agent_api [None req-d8b766d8-0781-47ac-aec6-b9c6038a9e93 ece621ef96fd4bf5bab0e9af30051121 53a40829aecc480cb4b3327906add500 - - default default] Unable to schedule network 288bc442-43fb-4600-8cb8-bc5935f27516: no agents available; will retry on subsequent port and subnet creation events.
2026-07-21 07:57:56.120 7 INFO neutron.plugins.ml2.drivers.ovn.mech_driver.mech_driver [None req-d6e95d6e-ae1b-40d6-ad9f-5e189d9db701 - - - - - -] OVN reports status down for port: 174f2238-4eb2-4513-a152-d0288f08d772
2026-07-21 07:57:56.144 8 INFO neutron.notifiers.nova [-] Nova event matching ['req-ea9bb64d-5c92-4e21-9a96-15cf4325086c'] response: {'server_uuid': 'b7a4505f-f639-4e4a-a983-4645a28dfb97', 'name': 'network-vif-plugged', 'status': 'completed', 'tag': 'c84f689f-ef76-4507-be14-bc788397ee2f', 'code': 200}
2026-07-21 07:57:56.192 7 INFO neutron.db.ovn_revision_numbers_db [None req-301626c8-4ab1-45e7-a787-d1e7867a5b17 61153d8076184e43b21460dfeab842dc 4d79860aae5341ff831862de55d01ea0 - - default default] Successfully bumped revision number for resource 174f2238-4eb2-4513-a152-d0288f08d772 (type: ports) to 1
2026-07-21 07:57:56.209 8 INFO neutron.db.ovn_revision_numbers_db [None req-d8b766d8-0781-47ac-aec6-b9c6038a9e93 ece621ef96fd4bf5bab0e9af30051121 53a40829aecc480cb4b3327906add500 - - default default] Successfully bumped revision number for resource ea7f5b18-03e3-4fa3-8fba-9d328c7f4fa2 (type: ports) to 1 [pid: 8|app: 0|req: 811/1587] 10.0.0.16 () {34 vars in 669 bytes} [Tue Jul 21 07:57:55 2026] POST /v2.0/networks => generated 631 bytes in 985 msecs (HTTP/1.1 201) 4 headers in 162 bytes (1 switches on core 0)
2026-07-21 07:57:56.348 8 INFO neutron.db.ovn_revision_numbers_db [None req-9089cfa2-e42d-4394-be4a-227db6fa0f63 - - - - - -] Successfully bumped revision number for resource c84f689f-ef76-4507-be14-bc788397ee2f (type: ports) to 5
2026-07-21 07:57:56.467 8 INFO neutron.plugins.ml2.drivers.ovn.mech_driver.mech_driver [None req-76ae21dd-2793-4a4b-afd4-d37f561c753b - - - - - -] OVN reports status down for port: ea7f5b18-03e3-4fa3-8fba-9d328c7f4fa2 [pid: 8|app: 0|req: 812/1588] 10.0.0.16 () {32 vars in 739 bytes} [Tue Jul 21 07:57:56 2026] DELETE /v2.0/security-groups/fa903be7-cf52-48d9-9e94-553056e00a3a => generated 0 bytes in 335 msecs (HTTP/1.1 204) 2 headers in 112 bytes (1 switches on core 0) /var/lib/openstack/lib/python3.12/site-packages/pycadf/identifier.py:70: UserWarning: Invalid uuid: neutron. To ensure interoperability, identifiers should be a valid uuid. warnings.warn(('Invalid uuid: %s. To ensure interoperability, ' [pid: 8|app: 0|req: 813/1589] 10.0.0.20 () {34 vars in 989 bytes} [Tue Jul 21 07:57:56 2026] GET /v2.0/ports?device_id=b7a4505f-f639-4e4a-a983-4645a28dfb97 => generated 971 bytes in 42 msecs (HTTP/1.1 200) 4 headers in 157 bytes (1 switches on core 0)
2026-07-21 07:57:56.711 7 INFO neutron.plugins.ml2.drivers.ovn.mech_driver.mech_driver [None req-d6e95d6e-ae1b-40d6-ad9f-5e189d9db701 - - - - - -] OVN reports status up for port: 174f2238-4eb2-4513-a152-d0288f08d772
2026-07-21 07:57:56.731 7 INFO neutron.plugins.ml2.plugin [None req-d6e95d6e-ae1b-40d6-ad9f-5e189d9db701 - - - - - -] Attempt 1 to provision port 174f2238-4eb2-4513-a152-d0288f08d772
2026-07-21 07:57:56.799 8 WARNING neutron.scheduler.dhcp_agent_scheduler [None req-36220f66-6d7e-4010-80fe-ab91ca80a16e ece621ef96fd4bf5bab0e9af30051121 53a40829aecc480cb4b3327906add500 - - default default] No more DHCP agents
2026-07-21 07:57:56.800 8 WARNING neutron.api.rpc.agentnotifiers.dhcp_rpc_agent_api [None req-36220f66-6d7e-4010-80fe-ab91ca80a16e ece621ef96fd4bf5bab0e9af30051121 53a40829aecc480cb4b3327906add500 - - default default] Unable to schedule network 288bc442-43fb-4600-8cb8-bc5935f27516: no agents available; will retry on subsequent port and subnet creation events.
2026-07-21 07:57:56.854 7 WARNING neutron.scheduler.dhcp_agent_scheduler [None req-301626c8-4ab1-45e7-a787-d1e7867a5b17 61153d8076184e43b21460dfeab842dc 4d79860aae5341ff831862de55d01ea0 - - default default] No more DHCP agents
2026-07-21 07:57:56.865 7 WARNING neutron.api.rpc.agentnotifiers.dhcp_rpc_agent_api [None req-301626c8-4ab1-45e7-a787-d1e7867a5b17 61153d8076184e43b21460dfeab842dc 4d79860aae5341ff831862de55d01ea0 - - default default] Unable to schedule network bc056280-a0ae-4318-a3c7-2b7af738787e: no agents available; will retry on subsequent port and subnet creation events.
2026-07-21 07:57:57.307 7 INFO neutron.db.ovn_revision_numbers_db [None req-301626c8-4ab1-45e7-a787-d1e7867a5b17 61153d8076184e43b21460dfeab842dc 4d79860aae5341ff831862de55d01ea0 - - default default] Successfully bumped revision number for resource 174f2238-4eb2-4513-a152-d0288f08d772 (type: router_ports) to 1 [pid: 7|app: 0|req: 777/1590] 10.0.0.16 () {34 vars in 782 bytes} [Tue Jul 21 07:57:55 2026] PUT /v2.0/routers/83a9527a-b07b-4d2c-86d7-0fd52b1cfef5/add_router_interface => generated 309 bytes in 1677 msecs (HTTP/1.1 200) 4 headers in 157 bytes (1 switches on core 0)
2026-07-21 07:57:57.337 8 INFO neutron.db.ovn_revision_numbers_db [None req-be8b3762-6b64-44bd-bed2-a383e651e6f0 - - - - - -] Successfully bumped revision number for resource ea7f5b18-03e3-4fa3-8fba-9d328c7f4fa2 (type: ports) to 2
2026-07-21 07:57:57.373 8 INFO neutron.db.ovn_revision_numbers_db [None req-be8b3762-6b64-44bd-bed2-a383e651e6f0 - - - - - -] Successfully bumped revision number for resource 1b9e22a3-8ebb-4fba-a028-15b62cc30175 (type: subnets) to 0 [pid: 7|app: 0|req: 778/1591] 10.0.0.20 () {34 vars in 1039 bytes} [Tue Jul 21 07:57:57 2026] GET /v2.0/security-groups?id=26b1f7d4-4317-405c-90cb-ee583f52d900&fields=id&fields=name => generated 114 bytes in 61 msecs (HTTP/1.1 200) 4 headers in 157 bytes (1 switches on core 0)
2026-07-21 07:57:57.389 7 INFO neutron.db.ovn_revision_numbers_db [None req-d6e95d6e-ae1b-40d6-ad9f-5e189d9db701 - - - - - -] Successfully bumped revision number for resource 174f2238-4eb2-4513-a152-d0288f08d772 (type: ports) to 2 [pid: 8|app: 0|req: 814/1592] 10.0.0.16 () {34 vars in 668 bytes} [Tue Jul 21 07:57:56 2026] POST /v2.0/subnets => generated 626 bytes in 766 msecs (HTTP/1.1 201) 4 headers in 162 bytes (1 switches on core 0)
2026-07-21 07:57:57.485 8 INFO neutron.db.segments_db [None req-32e372c2-424c-4d87-ada9-8e9af086f060 ece621ef96fd4bf5bab0e9af30051121 53a40829aecc480cb4b3327906add500 - - default default] Added segment d705de44-4747-41bd-bb86-f1fbdbf951e8 of type geneve for network 3c97dd9a-c063-4aac-8b02-af3853cdac12 [pid: 7|app: 0|req: 779/1593] 10.0.0.16 () {32 vars in 716 bytes} [Tue Jul 21 07:57:57 2026] GET /v2.0/ports/174f2238-4eb2-4513-a152-d0288f08d772 => generated 943 bytes in 116 msecs (HTTP/1.1 200) 4 headers in 157 bytes (1 switches on core 0)
2026-07-21 07:57:57.632 8 INFO neutron.db.ovn_revision_numbers_db [None req-32e372c2-424c-4d87-ada9-8e9af086f060 ece621ef96fd4bf5bab0e9af30051121 53a40829aecc480cb4b3327906add500 - - default default] Successfully bumped revision number for resource 3c97dd9a-c063-4aac-8b02-af3853cdac12 (type: networks) to 1
2026-07-21 07:57:57.690 7 INFO neutron.db.ovn_revision_numbers_db [None req-0154543d-119a-4a15-9b61-4eeca383a1d0 - - - - - -] Successfully bumped revision number for resource 174f2238-4eb2-4513-a152-d0288f08d772 (type: router_ports) to 2
2026-07-21 07:57:57.826 8 WARNING neutron.scheduler.dhcp_agent_scheduler [None req-32e372c2-424c-4d87-ada9-8e9af086f060 ece621ef96fd4bf5bab0e9af30051121 53a40829aecc480cb4b3327906add500 - - default default] No more DHCP agents
2026-07-21 07:57:57.829 8 WARNING neutron.api.rpc.agentnotifiers.dhcp_rpc_agent_api [None req-32e372c2-424c-4d87-ada9-8e9af086f060 ece621ef96fd4bf5bab0e9af30051121 53a40829aecc480cb4b3327906add500 - - default default] Unable to schedule network 3c97dd9a-c063-4aac-8b02-af3853cdac12: no agents available; will retry on subsequent port and subnet creation events.
2026-07-21 07:57:57.879 8 INFO neutron.plugins.ml2.drivers.ovn.mech_driver.mech_driver [None req-76ae21dd-2793-4a4b-afd4-d37f561c753b - - - - - -] OVN reports status down for port: c77773ca-1448-4800-9bfa-a97cfe885fe1
2026-07-21 07:57:57.948 8 INFO neutron.db.ovn_revision_numbers_db [None req-32e372c2-424c-4d87-ada9-8e9af086f060 ece621ef96fd4bf5bab0e9af30051121 53a40829aecc480cb4b3327906add500 - - default default] Successfully bumped revision number for resource c77773ca-1448-4800-9bfa-a97cfe885fe1 (type: ports) to 1 [pid: 8|app: 0|req: 815/1594] 10.0.0.16 () {34 vars in 669 bytes} [Tue Jul 21 07:57:57 2026] POST /v2.0/networks => generated 631 bytes in 591 msecs (HTTP/1.1 201) 4 headers in 162 bytes (1 switches on core 0)
2026-07-21 07:57:58.064 7 WARNING neutron.scheduler.dhcp_agent_scheduler [None req-a72f7812-2a7e-42f5-8e50-89ab5882cfd9 61153d8076184e43b21460dfeab842dc 4d79860aae5341ff831862de55d01ea0 - - default default] No more DHCP agents
2026-07-21 07:57:58.065 7 WARNING neutron.api.rpc.agentnotifiers.dhcp_rpc_agent_api [None req-a72f7812-2a7e-42f5-8e50-89ab5882cfd9 61153d8076184e43b21460dfeab842dc 4d79860aae5341ff831862de55d01ea0 - - default default] Unable to schedule network 10c27918-7b61-4cca-8135-d4d957168107: no agents available; will retry on subsequent port and subnet creation events.
2026-07-21 07:57:58.164 8 WARNING neutron.scheduler.dhcp_agent_scheduler [None req-867662ee-5f80-49f8-927e-b0978d71ebde ece621ef96fd4bf5bab0e9af30051121 53a40829aecc480cb4b3327906add500 - - default default] No more DHCP agents
2026-07-21 07:57:58.166 8 WARNING neutron.api.rpc.agentnotifiers.dhcp_rpc_agent_api [None req-867662ee-5f80-49f8-927e-b0978d71ebde ece621ef96fd4bf5bab0e9af30051121 53a40829aecc480cb4b3327906add500 - - default default] Unable to schedule network 3c97dd9a-c063-4aac-8b02-af3853cdac12: no agents available; will retry on subsequent port and subnet creation events.
2026-07-21 07:57:58.183 8 INFO neutron.notifiers.nova [-] Nova event matching ['req-856fa85e-dfcd-4d34-8179-eb5ad4532efa'] response: {'server_uuid': 'b7a4505f-f639-4e4a-a983-4645a28dfb97', 'name': 'network-vif-plugged', 'status': 'completed', 'tag': 'c84f689f-ef76-4507-be14-bc788397ee2f', 'code': 200}
2026-07-21 07:57:58.196 8 INFO neutron.plugins.ml2.drivers.ovn.mech_driver.mech_driver [None req-76ae21dd-2793-4a4b-afd4-d37f561c753b - - - - - -] OVN reports status down for port: 4ce3575c-32ce-4443-b6fc-12cbad43dd08
2026-07-21 07:57:58.220 7 INFO neutron.db.ovn_revision_numbers_db [None req-a72f7812-2a7e-42f5-8e50-89ab5882cfd9 61153d8076184e43b21460dfeab842dc 4d79860aae5341ff831862de55d01ea0 - - default default] Successfully bumped revision number for resource 4ce3575c-32ce-4443-b6fc-12cbad43dd08 (type: ports) to 1
2026-07-21 07:57:58.691 8 INFO neutron.db.ovn_revision_numbers_db [None req-158edd38-995b-4806-9c92-7da59e1da2fe - - - - - -] Successfully bumped revision number for resource c77773ca-1448-4800-9bfa-a97cfe885fe1 (type: ports) to 2
2026-07-21 07:57:58.727 8 INFO neutron.db.ovn_revision_numbers_db [None req-158edd38-995b-4806-9c92-7da59e1da2fe - - - - - -] Successfully bumped revision number for resource 2ccec721-7d74-4087-ac74-fd27ad23166f (type: subnets) to 0 [pid: 8|app: 0|req: 816/1595] 10.0.0.16 () {34 vars in 668 bytes} [Tue Jul 21 07:57:57 2026] POST /v2.0/subnets => generated 629 bytes in 748 msecs (HTTP/1.1 201) 4 headers in 162 bytes (1 switches on core 0) [pid: 8|app: 0|req: 817/1596] 10.0.0.20 () {34 vars in 989 bytes} [Tue Jul 21 07:57:58 2026] GET /v2.0/ports?device_id=b7a4505f-f639-4e4a-a983-4645a28dfb97 => generated 971 bytes in 82 msecs (HTTP/1.1 200) 4 headers in 157 bytes (1 switches on core 0)
2026-07-21 07:57:58.906 8 INFO neutron.plugins.ml2.drivers.ovn.mech_driver.mech_driver [None req-76ae21dd-2793-4a4b-afd4-d37f561c753b - - - - - -] OVN reports status up for port: 4ce3575c-32ce-4443-b6fc-12cbad43dd08
2026-07-21 07:57:58.925 8 INFO neutron.db.segments_db [None req-5a2981e6-f99c-40cb-8f4d-b404c0a4fd8c ece621ef96fd4bf5bab0e9af30051121 53a40829aecc480cb4b3327906add500 - - default default] Added segment 00627403-c83b-4217-a527-94faa9e2dffd of type geneve for network d0ba1848-4d37-4aca-8089-4d70bf14841f
2026-07-21 07:57:58.926 8 INFO neutron.plugins.ml2.plugin [None req-76ae21dd-2793-4a4b-afd4-d37f561c753b - - - - - -] Attempt 1 to provision port 4ce3575c-32ce-4443-b6fc-12cbad43dd08
2026-07-21 07:57:58.988 7 WARNING neutron.scheduler.dhcp_agent_scheduler [None req-a72f7812-2a7e-42f5-8e50-89ab5882cfd9 61153d8076184e43b21460dfeab842dc 4d79860aae5341ff831862de55d01ea0 - - default default] No more DHCP agents
2026-07-21 07:57:58.990 7 WARNING neutron.api.rpc.agentnotifiers.dhcp_rpc_agent_api [None req-a72f7812-2a7e-42f5-8e50-89ab5882cfd9 61153d8076184e43b21460dfeab842dc 4d79860aae5341ff831862de55d01ea0 - - default default] Unable to schedule network 10c27918-7b61-4cca-8135-d4d957168107: no agents available; will retry on subsequent port and subnet creation events.
2026-07-21 07:57:59.170 8 INFO neutron.db.ovn_revision_numbers_db [None req-5a2981e6-f99c-40cb-8f4d-b404c0a4fd8c ece621ef96fd4bf5bab0e9af30051121 53a40829aecc480cb4b3327906add500 - - default default] Successfully bumped revision number for resource d0ba1848-4d37-4aca-8089-4d70bf14841f (type: networks) to 1
2026-07-21 07:57:59.193 7 INFO neutron.db.ovn_revision_numbers_db [None req-a72f7812-2a7e-42f5-8e50-89ab5882cfd9 61153d8076184e43b21460dfeab842dc 4d79860aae5341ff831862de55d01ea0 - - default default] Successfully bumped revision number for resource 4ce3575c-32ce-4443-b6fc-12cbad43dd08 (type: router_ports) to 1 [pid: 7|app: 0|req: 780/1597] 10.0.0.16 () {34 vars in 782 bytes} [Tue Jul 21 07:57:57 2026] PUT /v2.0/routers/83a9527a-b07b-4d2c-86d7-0fd52b1cfef5/add_router_interface => generated 309 bytes in 1702 msecs (HTTP/1.1 200) 4 headers in 157 bytes (1 switches on core 0) [pid: 7|app: 0|req: 781/1598] 10.0.0.20 () {34 vars in 1039 bytes} [Tue Jul 21 07:57:59 2026] GET /v2.0/security-groups?id=26b1f7d4-4317-405c-90cb-ee583f52d900&fields=id&fields=name => generated 114 bytes in 25 msecs (HTTP/1.1 200) 4 headers in 157 bytes (1 switches on core 0) [pid: 7|app: 0|req: 782/1599] 10.0.0.16 () {32 vars in 716 bytes} [Tue Jul 21 07:57:59 2026] GET /v2.0/ports/4ce3575c-32ce-4443-b6fc-12cbad43dd08 => generated 941 bytes in 41 msecs (HTTP/1.1 200) 4 headers in 157 bytes (1 switches on core 0) [pid: 7|app: 0|req: 783/1600] 10.0.0.16 () {32 vars in 716 bytes} [Tue Jul 21 07:57:59 2026] GET /v2.0/ports/4ce3575c-32ce-4443-b6fc-12cbad43dd08 => generated 943 bytes in 34 msecs (HTTP/1.1 200) 4 headers in 157 bytes (1 switches on core 0) [pid: 7|app: 0|req: 784/1601] 10.0.0.20 () {34 vars in 989 bytes} [Tue Jul 21 07:57:59 2026] GET /v2.0/ports?device_id=b7a4505f-f639-4e4a-a983-4645a28dfb97 => generated 971 bytes in 76 msecs (HTTP/1.1 200) 4 headers in 157 bytes (1 switches on core 0)
2026-07-21 07:57:59.524 8 WARNING neutron.scheduler.dhcp_agent_scheduler [None req-5a2981e6-f99c-40cb-8f4d-b404c0a4fd8c ece621ef96fd4bf5bab0e9af30051121 53a40829aecc480cb4b3327906add500 - - default default] No more DHCP agents
2026-07-21 07:57:59.528 8 WARNING neutron.api.rpc.agentnotifiers.dhcp_rpc_agent_api [None req-5a2981e6-f99c-40cb-8f4d-b404c0a4fd8c ece621ef96fd4bf5bab0e9af30051121 53a40829aecc480cb4b3327906add500 - - default default] Unable to schedule network d0ba1848-4d37-4aca-8089-4d70bf14841f: no agents available; will retry on subsequent port and subnet creation events.
2026-07-21 07:57:59.666 7 INFO neutron.plugins.ml2.drivers.ovn.mech_driver.mech_driver [None req-0154543d-119a-4a15-9b61-4eeca383a1d0 - - - - - -] OVN reports status down for port: d8ec8b58-4cd1-49a5-8ab4-438a1a559724
2026-07-21 07:57:59.721 8 INFO neutron.db.ovn_revision_numbers_db [None req-5a2981e6-f99c-40cb-8f4d-b404c0a4fd8c ece621ef96fd4bf5bab0e9af30051121 53a40829aecc480cb4b3327906add500 - - default default] Successfully bumped revision number for resource d8ec8b58-4cd1-49a5-8ab4-438a1a559724 (type: ports) to 1
2026-07-21 07:57:59.731 8 INFO neutron.db.ovn_revision_numbers_db [None req-76ae21dd-2793-4a4b-afd4-d37f561c753b - - - - - -] Successfully bumped revision number for resource 4ce3575c-32ce-4443-b6fc-12cbad43dd08 (type: ports) to 2
2026-07-21 07:57:59.749 7 INFO neutron_taas.services.taas.taas_plugin [None req-4e92886a-c7e3-4995-8f8a-e8865b624edd 61153d8076184e43b21460dfeab842dc 4d79860aae5341ff831862de55d01ea0 - - default default] TaaS: Handle Delete Port: 4ce3575c-32ce-4443-b6fc-12cbad43dd08
2026-07-21 07:57:59.752 7 INFO neutron_taas.services.taas.tap_mirror_plugin [None req-4e92886a-c7e3-4995-8f8a-e8865b624edd 61153d8076184e43b21460dfeab842dc 4d79860aae5341ff831862de55d01ea0 - - default default] Tap Mirror: Handle Delete Port: 4ce3575c-32ce-4443-b6fc-12cbad43dd08 [pid: 8|app: 0|req: 818/1602] 10.0.0.16 () {34 vars in 669 bytes} [Tue Jul 21 07:57:58 2026] POST /v2.0/networks => generated 632 bytes in 929 msecs (HTTP/1.1 201) 4 headers in 162 bytes (1 switches on core 0)
2026-07-21 07:58:00.001 8 ERROR ovsdbapp.event [None req-cd4134bb-eb2a-4276-8847-50cb3940c5ad - - - - - -] Unexpected exception in notify_loop: neutron.db.ovn_revision_numbers_db.StandardAttributeIDNotFound: Standard attribute ID not found for 4ce3575c-32ce-4443-b6fc-12cbad43dd08
2026-07-21 07:58:00.001 8 ERROR ovsdbapp.event
Traceback (most recent call last):
2026-07-21 07:58:00.001 8 ERROR ovsdbapp.event
File "/var/lib/openstack/lib/python3.12/site-packages/neutron/db/ovn_revision_numbers_db.py", line 88, in _get_standard_attr_id
2026-07-21 07:58:00.001 8 ERROR ovsdbapp.event id=resource_uuid).one()
2026-07-21 07:58:00.001 8 ERROR ovsdbapp.event ^^^^^
2026-07-21 07:58:00.001 8 ERROR ovsdbapp.event
File "/var/lib/openstack/lib/python3.12/site-packages/sqlalchemy/orm/query.py", line 2804, in one
2026-07-21 07:58:00.001 8 ERROR ovsdbapp.event return self._iter().one() # type: ignore
2026-07-21 07:58:00.001 8 ERROR ovsdbapp.event ^^^^^^^^^^^^^^^^^^
2026-07-21 07:58:00.001 8 ERROR ovsdbapp.event
File "/var/lib/openstack/lib/python3.12/site-packages/sqlalchemy/engine/result.py", line 1808, in one
2026-07-21 07:58:00.001 8 ERROR ovsdbapp.event return self._only_one_row(
2026-07-21 07:58:00.001 8 ERROR ovsdbapp.event ^^^^^^^^^^^^^^^^^^^
2026-07-21 07:58:00.001 8 ERROR ovsdbapp.event
File "/var/lib/openstack/lib/python3.12/site-packages/sqlalchemy/engine/result.py", line 752, in _only_one_row
2026-07-21 07:58:00.001 8 ERROR ovsdbapp.event raise exc.NoResultFound(
2026-07-21 07:58:00.001 8 ERROR ovsdbapp.event sqlalchemy.exc.NoResultFound: No row was found when one was required
2026-07-21 07:58:00.001 8 ERROR ovsdbapp.event
2026-07-21 07:58:00.001 8 ERROR ovsdbapp.event During handling of the above exception, another exception occurred:
2026-07-21 07:58:00.001 8 ERROR ovsdbapp.event
2026-07-21 07:58:00.001 8 ERROR ovsdbapp.event
Traceback (most recent call last):
2026-07-21 07:58:00.001 8 ERROR ovsdbapp.event
File "/var/lib/openstack/lib/python3.12/site-packages/ovsdbapp/event.py", line 177, in notify_loop
2026-07-21 07:58:00.001 8 ERROR ovsdbapp.event match.run(event, row, updates)
2026-07-21 07:58:00.001 8 ERROR ovsdbapp.event
File "/var/lib/openstack/lib/python3.12/site-packages/neutron/plugins/ml2/drivers/ovn/mech_driver/ovsdb/ovsdb_monitor.py", line 591, in run
2026-07-21 07:58:00.001 8 ERROR ovsdbapp.event self.l3_plugin._ovn_client.update_router_port(
2026-07-21 07:58:00.001 8 ERROR ovsdbapp.event
File "/var/lib/openstack/lib/python3.12/site-packages/neutron/plugins/ml2/drivers/ovn/mech_driver/ovsdb/ovn_client.py", line 1941, in update_router_port
2026-07-21 07:58:00.001 8 ERROR ovsdbapp.event db_rev.bump_revision(
2026-07-21 07:58:00.001 8 ERROR ovsdbapp.event
File "/var/lib/openstack/lib/python3.12/site-packages/neutron_lib/db/api.py", line 223, in wrapped
2026-07-21 07:58:00.001 8 ERROR ovsdbapp.event return f_with_retry(*args, **kwargs,
2026-07-21 07:58:00.001 8 ERROR ovsdbapp.event ^^^^^^^^^^^^^^^^^^^^^^^^^^^^^
2026-07-21 07:58:00.001 8 ERROR ovsdbapp.event
File "/var/lib/openstack/lib/python3.12/site-packages/neutron_lib/db/api.py", line 137, in wrapped
2026-07-21 07:58:00.001 8 ERROR ovsdbapp.event with excutils.save_and_reraise_exception():
2026-07-21 07:58:00.001 8 ERROR ovsdbapp.event
File "/var/lib/openstack/lib/python3.12/site-packages/oslo_utils/excutils.py", line 227, in __exit__
2026-07-21 07:58:00.001 8 ERROR ovsdbapp.event self.force_reraise()
2026-07-21 07:58:00.001 8 ERROR ovsdbapp.event
File "/var/lib/openstack/lib/python3.12/site-packages/oslo_utils/excutils.py", line 200, in force_reraise
2026-07-21 07:58:00.001 8 ERROR ovsdbapp.event raise self.value
2026-07-21 07:58:00.001 8 ERROR ovsdbapp.event
File "/var/lib/openstack/lib/python3.12/site-packages/neutron_lib/db/api.py", line 135, in wrapped
2026-07-21 07:58:00.001 8 ERROR ovsdbapp.event return f(*args, **kwargs)
2026-07-21 07:58:00.001 8 ERROR ovsdbapp.event ^^^^^^^^^^^^^^^^^^
2026-07-21 07:58:00.001 8 ERROR ovsdbapp.event
File "/var/lib/openstack/lib/python3.12/site-packages/oslo_db/api.py", line 144, in wrapper
2026-07-21 07:58:00.001 8 ERROR ovsdbapp.event with excutils.save_and_reraise_exception() as ectxt:
2026-07-21 07:58:00.001 8 ERROR ovsdbapp.event
File "/var/lib/openstack/lib/python3.12/site-packages/oslo_utils/excutils.py", line 227, in __exit__
2026-07-21 07:58:00.001 8 ERROR ovsdbapp.event self.force_reraise()
2026-07-21 07:58:00.001 8 ERROR ovsdbapp.event
File "/var/lib/openstack/lib/python3.12/site-packages/oslo_utils/excutils.py", line 200, in force_reraise
2026-07-21 07:58:00.001 8 ERROR ovsdbapp.event raise self.value
2026-07-21 07:58:00.001 8 ERROR ovsdbapp.event
File "/var/lib/openstack/lib/python3.12/site-packages/oslo_db/api.py", line 142, in wrapper
2026-07-21 07:58:00.001 8 ERROR ovsdbapp.event return f(*args, **kwargs)
2026-07-21 07:58:00.001 8 ERROR ovsdbapp.event ^^^^^^^^^^^^^^^^^^
2026-07-21 07:58:00.001 8 ERROR ovsdbapp.event
File "/var/lib/openstack/lib/python3.12/site-packages/neutron_lib/db/api.py", line 183, in wrapped
2026-07-21 07:58:00.001 8 ERROR ovsdbapp.event with excutils.save_and_reraise_exception():
2026-07-21 07:58:00.001 8 ERROR ovsdbapp.event
File "/var/lib/openstack/lib/python3.12/site-packages/oslo_utils/excutils.py", line 227, in __exit__
2026-07-21 07:58:00.001 8 ERROR ovsdbapp.event self.force_reraise()
2026-07-21 07:58:00.001 8 ERROR ovsdbapp.event
File "/var/lib/openstack/lib/python3.12/site-packages/oslo_utils/excutils.py", line 200, in force_reraise
2026-07-21 07:58:00.001 8 ERROR ovsdbapp.event raise self.value
2026-07-21 07:58:00.001 8 ERROR ovsdbapp.event
File "/var/lib/openstack/lib/python3.12/site-packages/neutron_lib/db/api.py", line 181, in wrapped
2026-07-21 07:58:00.001 8 ERROR ovsdbapp.event return f(*dup_args, **dup_kwargs)
2026-07-21 07:58:00.001 8 ERROR ovsdbapp.event ^^^^^^^^^^^^^^^^^^^^^^^^^^
2026-07-21 07:58:00.001 8 ERROR ovsdbapp.event
File "/var/lib/openstack/lib/python3.12/site-packages/neutron/db/ovn_revision_numbers_db.py", line 186, in bump_revision
2026-07-21 07:58:00.001 8 ERROR ovsdbapp.event std_attr_id = _get_standard_attr_id(context, resource['id'],
2026-07-21 07:58:00.001 8 ERROR ovsdbapp.event ^^^^^^^^^^^^^^^^^^^^^^^^^^^^^^^^^^^^^^^^^^^^^^
2026-07-21 07:58:00.001 8 ERROR ovsdbapp.event
File "/var/lib/openstack/lib/python3.12/site-packages/neutron/db/ovn_revision_numbers_db.py", line 91, in _get_standard_attr_id
2026-07-21 07:58:00.001 8 ERROR ovsdbapp.event raise StandardAttributeIDNotFound(resource_uuid=resource_uuid)
2026-07-21 07:58:00.001 8 ERROR ovsdbapp.event neutron.db.ovn_revision_numbers_db.StandardAttributeIDNotFound: Standard attribute ID not found for 4ce3575c-32ce-4443-b6fc-12cbad43dd08
2026-07-21 07:58:00.001 8 ERROR ovsdbapp.event [pid: 7|app: 0|req: 785/1603] 10.0.0.16 () {34 vars in 788 bytes} [Tue Jul 21 07:57:59 2026] PUT /v2.0/routers/83a9527a-b07b-4d2c-86d7-0fd52b1cfef5/remove_router_interface => generated 309 bytes in 802 msecs (HTTP/1.1 200) 4 headers in 157 bytes (1 switches on core 0) /var/lib/openstack/lib/python3.12/site-packages/pycadf/identifier.py:70: UserWarning: Invalid uuid: neutron. To ensure interoperability, identifiers should be a valid uuid. warnings.warn(('Invalid uuid: %s. To ensure interoperability, '
2026-07-21 07:58:00.359 8 INFO neutron.db.ovn_revision_numbers_db [None req-1faa1ea4-fdcd-402d-afe6-5e349d0c10c7 2003981190734da0ac5a68e47d98ec41 130113f636ae481f87659a154db35323 - - default default] Successfully bumped revision number for resource ebe19331-d84e-47b5-b746-de09658d1f55 (type: floatingips) to 1
2026-07-21 07:58:00.430 7 WARNING neutron.scheduler.dhcp_agent_scheduler [None req-02ef5b7d-d64f-4cde-921c-4f766ab27096 ece621ef96fd4bf5bab0e9af30051121 53a40829aecc480cb4b3327906add500 - - default default] No more DHCP agents
2026-07-21 07:58:00.431 7 WARNING neutron.api.rpc.agentnotifiers.dhcp_rpc_agent_api [None req-02ef5b7d-d64f-4cde-921c-4f766ab27096 ece621ef96fd4bf5bab0e9af30051121 53a40829aecc480cb4b3327906add500 - - default default] Unable to schedule network d0ba1848-4d37-4aca-8089-4d70bf14841f: no agents available; will retry on subsequent port and subnet creation events.
2026-07-21 07:58:00.501 8 INFO neutron.db.ovn_revision_numbers_db [None req-1faa1ea4-fdcd-402d-afe6-5e349d0c10c7 2003981190734da0ac5a68e47d98ec41 130113f636ae481f87659a154db35323 - - default default] Successfully bumped revision number for resource ebe19331-d84e-47b5-b746-de09658d1f55 (type: floatingips) to 2
