2026-07-21 07:58:41.469 7 INFO neutron.plugins.ml2.plugin [None req-2472f7d3-a540-4422-a06a-32594b51801a - - - - - -] Attempt 1 to provision port 66c98077-5c82-45d7-82b7-52649c3fd358
2026-07-21 07:58:41.492 8 INFO neutron.db.ovn_revision_numbers_db [None req-55c269e9-0c6d-4a56-a6b1-f32944ee25c7 df9208bc72494851af149d4e8d088990 dbd20c431da94161929c1d5b866ef3d2 - - default default] Successfully bumped revision number for resource 66c98077-5c82-45d7-82b7-52649c3fd358 (type: router_ports) to 1
2026-07-21 07:58:41.595 8 INFO neutron.db.ovn_revision_numbers_db [None req-55c269e9-0c6d-4a56-a6b1-f32944ee25c7 df9208bc72494851af149d4e8d088990 dbd20c431da94161929c1d5b866ef3d2 - - default default] Successfully bumped revision number for resource ee02689b-e4c8-45f6-ac18-cb99a1491186 (type: routers) to 2 [pid: 8|app: 0|req: 1025/1935] 10.0.0.16 () {34 vars in 668 bytes} [Tue Jul 21 07:58:40 2026] POST /v2.0/routers => generated 954 bytes in 1445 msecs (HTTP/1.1 201) 4 headers in 162 bytes (1 switches on core 0) [pid: 7|app: 0|req: 911/1936] 10.0.0.16 () {32 vars in 775 bytes} [Tue Jul 21 07:58:41 2026] GET /v2.0/subnets?project_id=dbd20c431da94161929c1d5b866ef3d2&cidr=10.100.0.0%2F28 => generated 14 bytes in 70 msecs (HTTP/1.1 200) 4 headers in 156 bytes (1 switches on core 0) [pid: 8|app: 0|req: 1026/1937] 10.0.0.16 () {32 vars in 693 bytes} [Tue Jul 21 07:58:41 2026] GET /v2.0/networks?router%3Aexternal=True => generated 753 bytes in 71 msecs (HTTP/1.1 200) 4 headers in 157 bytes (1 switches on core 0) [pid: 7|app: 0|req: 912/1938] 10.0.0.16 () {32 vars in 783 bytes} [Tue Jul 21 07:58:41 2026] GET /v2.0/subnets?network_id=c63a7e8d-30ac-4d43-a14a-5423ac786860&cidr=10.100.0.0%2F28 => generated 14 bytes in 26 msecs (HTTP/1.1 200) 4 headers in 156 bytes (1 switches on core 0) [pid: 7|app: 0|req: 913/1939] 10.0.0.16 () {34 vars in 684 bytes} [Tue Jul 21 07:58:41 2026] POST /v2.0/vpn/ikepolicies => generated 403 bytes in 78 msecs (HTTP/1.1 201) 4 headers in 162 bytes (1 switches on core 0) [pid: 7|app: 0|req: 914/1940] 10.0.0.16 () {32 vars in 662 bytes} [Tue Jul 21 07:58:41 2026] GET /v2.0/vpn/ikepolicies => generated 798 bytes in 15 msecs (HTTP/1.1 200) 4 headers in 157 bytes (1 switches on core 0) [pid: 7|app: 0|req: 915/1941] 10.0.0.16 () {32 vars in 739 bytes} [Tue Jul 21 07:58:41 2026] DELETE /v2.0/vpn/ikepolicies/590498bf-9e0c-4cfd-a0a1-b83d34bc65e3 => generated 0 bytes in 40 msecs (HTTP/1.1 204) 2 headers in 112 bytes (1 switches on core 0) [pid: 7|app: 0|req: 916/1942] 10.0.0.16 () {34 vars in 688 bytes} [Tue Jul 21 07:58:41 2026] POST /v2.0/vpn/ipsecpolicies => generated 412 bytes in 37 msecs (HTTP/1.1 201) 4 headers in 162 bytes (1 switches on core 0) [pid: 7|app: 0|req: 917/1943] 10.0.0.16 () {32 vars in 666 bytes} [Tue Jul 21 07:58:41 2026] GET /v2.0/vpn/ipsecpolicies => generated 814 bytes in 11 msecs (HTTP/1.1 200) 4 headers in 157 bytes (1 switches on core 0) [pid: 7|app: 0|req: 918/1944] 10.0.0.16 () {32 vars in 743 bytes} [Tue Jul 21 07:58:42 2026] DELETE /v2.0/vpn/ipsecpolicies/4426f512-f457-41d5-b303-861171acbe52 => generated 0 bytes in 30 msecs (HTTP/1.1 204) 2 headers in 112 bytes (1 switches on core 0)
2026-07-21 07:58:42.134 7 INFO neutron.db.segments_db [None req-a382f403-a654-4d57-9240-1d477cc54f9b ddb6aa3774b7439d860fd08db70c80b4 1042901430df4b06a7a2803178e85065 - - default default] Added segment 17ff9e4c-2e90-458d-9e10-ae2dfb6445ea of type geneve for network 35b401c4-ead6-4829-a887-f8880de55fb8
2026-07-21 07:58:42.163 8 WARNING neutron.scheduler.dhcp_agent_scheduler [None req-ba796f96-496d-4053-9884-c35083d88588 df9208bc72494851af149d4e8d088990 dbd20c431da94161929c1d5b866ef3d2 - - default default] No more DHCP agents
2026-07-21 07:58:42.166 8 WARNING neutron.api.rpc.agentnotifiers.dhcp_rpc_agent_api [None req-ba796f96-496d-4053-9884-c35083d88588 df9208bc72494851af149d4e8d088990 dbd20c431da94161929c1d5b866ef3d2 - - default default] Unable to schedule network 86689878-9db1-40d4-b5f3-068c4cc4bf17: no agents available; will retry on subsequent port and subnet creation events.
2026-07-21 07:58:42.256 7 INFO neutron.db.ovn_revision_numbers_db [None req-a382f403-a654-4d57-9240-1d477cc54f9b ddb6aa3774b7439d860fd08db70c80b4 1042901430df4b06a7a2803178e85065 - - default default] Successfully bumped revision number for resource 35b401c4-ead6-4829-a887-f8880de55fb8 (type: networks) to 1
2026-07-21 07:58:42.432 7 WARNING neutron.scheduler.dhcp_agent_scheduler [None req-a382f403-a654-4d57-9240-1d477cc54f9b ddb6aa3774b7439d860fd08db70c80b4 1042901430df4b06a7a2803178e85065 - - default default] No more DHCP agents
2026-07-21 07:58:42.433 7 WARNING neutron.api.rpc.agentnotifiers.dhcp_rpc_agent_api [None req-a382f403-a654-4d57-9240-1d477cc54f9b ddb6aa3774b7439d860fd08db70c80b4 1042901430df4b06a7a2803178e85065 - - default default] Unable to schedule network 35b401c4-ead6-4829-a887-f8880de55fb8: no agents available; will retry on subsequent port and subnet creation events.
2026-07-21 07:58:42.505 8 INFO neutron.plugins.ml2.drivers.ovn.mech_driver.mech_driver [None req-e18394e6-6bb5-431e-bd8c-f6888c53d9da - - - - - -] OVN reports status down for port: 864fedda-127e-44de-9fba-e03b04f44d34
2026-07-21 07:58:42.511 7 INFO neutron.db.ovn_revision_numbers_db [None req-a382f403-a654-4d57-9240-1d477cc54f9b ddb6aa3774b7439d860fd08db70c80b4 1042901430df4b06a7a2803178e85065 - - default default] Successfully bumped revision number for resource 864fedda-127e-44de-9fba-e03b04f44d34 (type: ports) to 1 [pid: 7|app: 0|req: 919/1945] 10.0.0.16 () {34 vars in 669 bytes} [Tue Jul 21 07:58:42 2026] POST /v2.0/networks => generated 632 bytes in 481 msecs (HTTP/1.1 201) 4 headers in 162 bytes (1 switches on core 0)
2026-07-21 07:58:42.753 7 WARNING neutron.scheduler.dhcp_agent_scheduler [None req-b5b1c4ae-87a4-4e0e-80f7-ff24cc95f075 ddb6aa3774b7439d860fd08db70c80b4 1042901430df4b06a7a2803178e85065 - - default default] No more DHCP agents
2026-07-21 07:58:42.754 7 WARNING neutron.api.rpc.agentnotifiers.dhcp_rpc_agent_api [None req-b5b1c4ae-87a4-4e0e-80f7-ff24cc95f075 ddb6aa3774b7439d860fd08db70c80b4 1042901430df4b06a7a2803178e85065 - - default default] Unable to schedule network 35b401c4-ead6-4829-a887-f8880de55fb8: no agents available; will retry on subsequent port and subnet creation events.
2026-07-21 07:58:42.799 8 INFO neutron.db.ovn_revision_numbers_db [None req-62ac8bc6-2eaa-43d6-8589-56f707b8e9bd - - - - - -] Successfully bumped revision number for resource 66c98077-5c82-45d7-82b7-52649c3fd358 (type: ports) to 4
2026-07-21 07:58:43.053 8 INFO neutron.db.ovn_revision_numbers_db [None req-005050b0-becc-4696-b782-d5562abcae41 - - - - - -] Successfully bumped revision number for resource 82502c68-8f95-4890-92ba-028c8628144d (type: ports) to 2
2026-07-21 07:58:43.118 8 INFO neutron.db.ovn_revision_numbers_db [None req-005050b0-becc-4696-b782-d5562abcae41 - - - - - -] Successfully bumped revision number for resource 51bd7c17-8aa7-4dce-a729-95393a6aeeee (type: subnets) to 0 [pid: 8|app: 0|req: 1027/1946] 10.0.0.16 () {34 vars in 668 bytes} [Tue Jul 21 07:58:41 2026] POST /v2.0/subnets => generated 656 bytes in 1340 msecs (HTTP/1.1 201) 4 headers in 162 bytes (1 switches on core 0)
2026-07-21 07:58:43.254 7 INFO neutron.db.ovn_revision_numbers_db [None req-6fa5ae22-97fa-4790-9bcb-8eba73865cda - - - - - -] Successfully bumped revision number for resource 864fedda-127e-44de-9fba-e03b04f44d34 (type: ports) to 2
2026-07-21 07:58:43.289 7 INFO neutron.db.ovn_revision_numbers_db [None req-6fa5ae22-97fa-4790-9bcb-8eba73865cda - - - - - -] Successfully bumped revision number for resource 95bd1673-7b0d-42ba-8aa6-063a1d92da27 (type: subnets) to 0 [pid: 7|app: 0|req: 920/1947] 10.0.0.16 () {34 vars in 668 bytes} [Tue Jul 21 07:58:42 2026] POST /v2.0/subnets => generated 629 bytes in 765 msecs (HTTP/1.1 201) 4 headers in 162 bytes (1 switches on core 0) [pid: 8|app: 0|req: 1028/1948] 10.0.0.20 () {34 vars in 989 bytes} [Tue Jul 21 07:58:43 2026] GET /v2.0/ports?device_id=b7a4505f-f639-4e4a-a983-4645a28dfb97 => generated 971 bytes in 162 msecs (HTTP/1.1 200) 4 headers in 157 bytes (1 switches on core 0) [pid: 8|app: 0|req: 1029/1949] 10.0.0.20 () {34 vars in 1039 bytes} [Tue Jul 21 07:58:43 2026] GET /v2.0/security-groups?id=26b1f7d4-4317-405c-90cb-ee583f52d900&fields=id&fields=name => generated 114 bytes in 81 msecs (HTTP/1.1 200) 4 headers in 157 bytes (1 switches on core 0)
2026-07-21 07:58:43.429 8 INFO neutron.db.ovn_revision_numbers_db [None req-62ac8bc6-2eaa-43d6-8589-56f707b8e9bd - - - - - -] Successfully bumped revision number for resource 66c98077-5c82-45d7-82b7-52649c3fd358 (type: ports) to 5
2026-07-21 07:58:43.820 7 WARNING neutron.scheduler.dhcp_agent_scheduler [None req-c881e1fb-c4cd-4e3b-b6d6-3cf7aaa4eb67 df9208bc72494851af149d4e8d088990 dbd20c431da94161929c1d5b866ef3d2 - - default default] No more DHCP agents
2026-07-21 07:58:43.823 7 WARNING neutron.api.rpc.agentnotifiers.dhcp_rpc_agent_api [None req-c881e1fb-c4cd-4e3b-b6d6-3cf7aaa4eb67 df9208bc72494851af149d4e8d088990 dbd20c431da94161929c1d5b866ef3d2 - - default default] Unable to schedule network 86689878-9db1-40d4-b5f3-068c4cc4bf17: no agents available; will retry on subsequent port and subnet creation events.
2026-07-21 07:58:43.893 8 WARNING neutron.scheduler.dhcp_agent_scheduler [None req-1a801ef6-8707-49e1-be93-fde9c1bfc9ba ddb6aa3774b7439d860fd08db70c80b4 1042901430df4b06a7a2803178e85065 - - default default] No more DHCP agents
2026-07-21 07:58:43.895 8 WARNING neutron.api.rpc.agentnotifiers.dhcp_rpc_agent_api [None req-1a801ef6-8707-49e1-be93-fde9c1bfc9ba ddb6aa3774b7439d860fd08db70c80b4 1042901430df4b06a7a2803178e85065 - - default default] Unable to schedule network c63a7e8d-30ac-4d43-a14a-5423ac786860: no agents available; will retry on subsequent port and subnet creation events.
2026-07-21 07:58:44.005 8 INFO neutron.plugins.ml2.drivers.ovn.mech_driver.mech_driver [None req-e18394e6-6bb5-431e-bd8c-f6888c53d9da - - - - - -] OVN reports status down for port: 01a008d2-d080-432b-b490-faa1b7401159
2026-07-21 07:58:44.012 7 INFO neutron.db.ovn_revision_numbers_db [None req-c881e1fb-c4cd-4e3b-b6d6-3cf7aaa4eb67 df9208bc72494851af149d4e8d088990 dbd20c431da94161929c1d5b866ef3d2 - - default default] Successfully bumped revision number for resource 01a008d2-d080-432b-b490-faa1b7401159 (type: ports) to 1
2026-07-21 07:58:44.065 7 INFO neutron.plugins.ml2.drivers.ovn.mech_driver.mech_driver [None req-2472f7d3-a540-4422-a06a-32594b51801a - - - - - -] OVN reports status down for port: 9990ab4a-aadb-43d0-a47f-bb5fda051d52
2026-07-21 07:58:44.112 8 INFO neutron.db.ovn_revision_numbers_db [None req-1a801ef6-8707-49e1-be93-fde9c1bfc9ba ddb6aa3774b7439d860fd08db70c80b4 1042901430df4b06a7a2803178e85065 - - default default] Successfully bumped revision number for resource 9990ab4a-aadb-43d0-a47f-bb5fda051d52 (type: ports) to 1
2026-07-21 07:58:44.605 8 INFO neutron.plugins.ml2.drivers.ovn.mech_driver.mech_driver [None req-e18394e6-6bb5-431e-bd8c-f6888c53d9da - - - - - -] OVN reports status down for port: c84f689f-ef76-4507-be14-bc788397ee2f
2026-07-21 07:58:44.795 7 WARNING neutron.scheduler.dhcp_agent_scheduler [None req-c881e1fb-c4cd-4e3b-b6d6-3cf7aaa4eb67 df9208bc72494851af149d4e8d088990 dbd20c431da94161929c1d5b866ef3d2 - - default default] No more DHCP agents
2026-07-21 07:58:44.796 7 WARNING neutron.api.rpc.agentnotifiers.dhcp_rpc_agent_api [None req-c881e1fb-c4cd-4e3b-b6d6-3cf7aaa4eb67 df9208bc72494851af149d4e8d088990 dbd20c431da94161929c1d5b866ef3d2 - - default default] Unable to schedule network 86689878-9db1-40d4-b5f3-068c4cc4bf17: no agents available; will retry on subsequent port and subnet creation events.
2026-07-21 07:58:44.863 8 INFO neutron.notifiers.nova [-] Nova event matching ['req-49f268a6-15d5-4350-9bbe-5c53dcaae6a6'] response: {'server_uuid': 'b7a4505f-f639-4e4a-a983-4645a28dfb97', 'name': 'network-vif-unplugged', 'status': 'completed', 'tag': 'c84f689f-ef76-4507-be14-bc788397ee2f', 'code': 200}
2026-07-21 07:58:44.905 8 INFO neutron.plugins.ml2.drivers.ovn.mech_driver.ovsdb.commands [None req-1562d81f-bbf5-49c9-99a2-2e1ffbc3e2a1 - - - - - -] Schedule LRP lrp-9990ab4a-aadb-43d0-a47f-bb5fda051d52 on gateway 926c8f04-6759-4a3f-8dcb-6a4a3b8effd0 with priority 1
2026-07-21 07:58:44.966 7 INFO neutron.plugins.ml2.drivers.ovn.mech_driver.mech_driver [None req-2472f7d3-a540-4422-a06a-32594b51801a - - - - - -] OVN reports status up for port: 9990ab4a-aadb-43d0-a47f-bb5fda051d52
2026-07-21 07:58:44.990 7 INFO neutron.plugins.ml2.plugin [None req-2472f7d3-a540-4422-a06a-32594b51801a - - - - - -] Attempt 1 to provision port 9990ab4a-aadb-43d0-a47f-bb5fda051d52
2026-07-21 07:58:44.991 8 INFO neutron.db.ovn_revision_numbers_db [None req-1a801ef6-8707-49e1-be93-fde9c1bfc9ba ddb6aa3774b7439d860fd08db70c80b4 1042901430df4b06a7a2803178e85065 - - default default] Successfully bumped revision number for resource 9990ab4a-aadb-43d0-a47f-bb5fda051d52 (type: router_ports) to 1
2026-07-21 07:58:45.096 8 INFO neutron.db.ovn_revision_numbers_db [None req-e18394e6-6bb5-431e-bd8c-f6888c53d9da - - - - - -] Successfully bumped revision number for resource c84f689f-ef76-4507-be14-bc788397ee2f (type: ports) to 8
2026-07-21 07:58:45.117 8 INFO neutron.db.ovn_revision_numbers_db [None req-1a801ef6-8707-49e1-be93-fde9c1bfc9ba ddb6aa3774b7439d860fd08db70c80b4 1042901430df4b06a7a2803178e85065 - - default default] Successfully bumped revision number for resource c673c5e0-b9be-439e-ba49-6076e67ccd0e (type: routers) to 2 [pid: 8|app: 0|req: 1030/1950] 10.0.0.16 () {34 vars in 668 bytes} [Tue Jul 21 07:58:43 2026] POST /v2.0/routers => generated 937 bytes in 1753 msecs (HTTP/1.1 201) 4 headers in 162 bytes (1 switches on core 0)
2026-07-21 07:58:45.195 8 INFO neutron.plugins.ml2.drivers.ovn.mech_driver.mech_driver [None req-8b5914b8-a687-40e5-b5f8-ec33aca0b0ce - - - - - -] OVN reports status up for port: 01a008d2-d080-432b-b490-faa1b7401159 [pid: 8|app: 0|req: 1031/1951] 10.0.0.20 () {34 vars in 989 bytes} [Tue Jul 21 07:58:45 2026] GET /v2.0/ports?device_id=b7a4505f-f639-4e4a-a983-4645a28dfb97 => generated 969 bytes in 63 msecs (HTTP/1.1 200) 4 headers in 157 bytes (1 switches on core 0)
2026-07-21 07:58:45.220 8 INFO neutron.plugins.ml2.plugin [None req-8b5914b8-a687-40e5-b5f8-ec33aca0b0ce - - - - - -] Attempt 1 to provision port 01a008d2-d080-432b-b490-faa1b7401159 /var/lib/openstack/lib/python3.12/site-packages/pycadf/identifier.py:70: UserWarning: Invalid uuid: neutron. To ensure interoperability, identifiers should be a valid uuid. warnings.warn(('Invalid uuid: %s. To ensure interoperability, '
2026-07-21 07:58:45.291 7 INFO neutron.db.ovn_revision_numbers_db [None req-c881e1fb-c4cd-4e3b-b6d6-3cf7aaa4eb67 df9208bc72494851af149d4e8d088990 dbd20c431da94161929c1d5b866ef3d2 - - default default] Successfully bumped revision number for resource 01a008d2-d080-432b-b490-faa1b7401159 (type: router_ports) to 1 [pid: 7|app: 0|req: 921/1952] 10.0.0.16 () {34 vars in 782 bytes} [Tue Jul 21 07:58:43 2026] PUT /v2.0/routers/ee02689b-e4c8-45f6-ac18-cb99a1491186/add_router_interface => generated 309 bytes in 1990 msecs (HTTP/1.1 200) 4 headers in 157 bytes (1 switches on core 0) [pid: 8|app: 0|req: 1032/1953] 10.0.0.139 () {28 vars in 579 bytes} [Tue Jul 21 07:58:45 2026] GET /v2.0/ports => generated 23154 bytes in 437 msecs (HTTP/1.1 200) 4 headers in 159 bytes (1 switches on core 0) [pid: 8|app: 0|req: 1033/1954] 10.0.0.20 () {34 vars in 1039 bytes} [Tue Jul 21 07:58:45 2026] GET /v2.0/security-groups?id=26b1f7d4-4317-405c-90cb-ee583f52d900&fields=id&fields=name => generated 114 bytes in 44 msecs (HTTP/1.1 200) 4 headers in 157 bytes (1 switches on core 0)
2026-07-21 07:58:45.784 7 WARNING neutron.scheduler.dhcp_agent_scheduler [None req-3e2b9718-33d9-4555-ac76-b7f3a4697fc2 ddb6aa3774b7439d860fd08db70c80b4 1042901430df4b06a7a2803178e85065 - - default default] No more DHCP agents
2026-07-21 07:58:45.786 7 WARNING neutron.api.rpc.agentnotifiers.dhcp_rpc_agent_api [None req-3e2b9718-33d9-4555-ac76-b7f3a4697fc2 ddb6aa3774b7439d860fd08db70c80b4 1042901430df4b06a7a2803178e85065 - - default default] Unable to schedule network 35b401c4-ead6-4829-a887-f8880de55fb8: no agents available; will retry on subsequent port and subnet creation events. [pid: 8|app: 0|req: 1034/1955] 10.0.0.16 () {32 vars in 648 bytes} [Tue Jul 21 07:58:45 2026] GET /v2.0/networks => generated 5869 bytes in 139 msecs (HTTP/1.1 200) 4 headers in 158 bytes (1 switches on core 0) [pid: 8|app: 0|req: 1035/1956] 10.0.0.139 () {28 vars in 581 bytes} [Tue Jul 21 07:58:45 2026] GET /v2.0/agents => generated 1214 bytes in 34 msecs (HTTP/1.1 200) 4 headers in 158 bytes (1 switches on core 0)
2026-07-21 07:58:45.953 7 INFO neutron.db.ovn_revision_numbers_db [None req-3e2b9718-33d9-4555-ac76-b7f3a4697fc2 ddb6aa3774b7439d860fd08db70c80b4 1042901430df4b06a7a2803178e85065 - - default default] Successfully bumped revision number for resource 94ff5e33-3cf7-4dc1-ba12-6f7855c9098d (type: ports) to 1 [pid: 8|app: 0|req: 1036/1957] 199.19.213.11 () {34 vars in 993 bytes} [Tue Jul 21 07:58:45 2026] GET /v2.0/ports?device_id=b7a4505f-f639-4e4a-a983-4645a28dfb97 => generated 969 bytes in 110 msecs (HTTP/1.1 200) 4 headers in 157 bytes (1 switches on core 0) [pid: 8|app: 0|req: 1037/1958] 10.0.0.16 () {32 vars in 646 bytes} [Tue Jul 21 07:58:45 2026] GET /v2.0/subnets => generated 4618 bytes in 86 msecs (HTTP/1.1 200) 4 headers in 158 bytes (1 switches on core 0) [pid: 8|app: 0|req: 1038/1959] 10.0.0.139 () {28 vars in 619 bytes} [Tue Jul 21 07:58:46 2026] GET /v2.0/network-ip-availabilities => generated 3283 bytes in 30 msecs (HTTP/1.1 200) 4 headers in 158 bytes (1 switches on core 0)
2026-07-21 07:58:46.114 8 INFO neutron.db.ovn_revision_numbers_db [None req-8b5914b8-a687-40e5-b5f8-ec33aca0b0ce - - - - - -] Successfully bumped revision number for resource 01a008d2-d080-432b-b490-faa1b7401159 (type: ports) to 2
2026-07-21 07:58:46.304 8 INFO neutron_taas.services.taas.taas_plugin [req-50366283-8db9-4f5e-a028-ec033bc506cf req-31502364-9f12-46ac-898f-bfdcb8721788 2003981190734da0ac5a68e47d98ec41 130113f636ae481f87659a154db35323 - - default default] TaaS: Handle Delete Port: c84f689f-ef76-4507-be14-bc788397ee2f
2026-07-21 07:58:46.309 8 INFO neutron_taas.services.taas.tap_mirror_plugin [req-50366283-8db9-4f5e-a028-ec033bc506cf req-31502364-9f12-46ac-898f-bfdcb8721788 2003981190734da0ac5a68e47d98ec41 130113f636ae481f87659a154db35323 - - default default] Tap Mirror: Handle Delete Port: c84f689f-ef76-4507-be14-bc788397ee2f
2026-07-21 07:58:46.337 8 INFO neutron.db.ovn_revision_numbers_db [None req-2c5b0df7-16e1-4572-a62c-42e8cc2a1598 - - - - - -] Successfully bumped revision number for resource 01a008d2-d080-432b-b490-faa1b7401159 (type: router_ports) to 2
2026-07-21 07:58:46.514 8 INFO neutron.db.l3_db [req-50366283-8db9-4f5e-a028-ec033bc506cf req-31502364-9f12-46ac-898f-bfdcb8721788 2003981190734da0ac5a68e47d98ec41 130113f636ae481f87659a154db35323 - - default default] Floating IP ebe19331-d84e-47b5-b746-de09658d1f55 disassociated. External IP: 10.96.250.214, port: c84f689f-ef76-4507-be14-bc788397ee2f.
2026-07-21 07:58:46.555 7 WARNING neutron.scheduler.dhcp_agent_scheduler [None req-3e2b9718-33d9-4555-ac76-b7f3a4697fc2 ddb6aa3774b7439d860fd08db70c80b4 1042901430df4b06a7a2803178e85065 - - default default] No more DHCP agents
2026-07-21 07:58:46.556 7 WARNING neutron.api.rpc.agentnotifiers.dhcp_rpc_agent_api [None req-3e2b9718-33d9-4555-ac76-b7f3a4697fc2 ddb6aa3774b7439d860fd08db70c80b4 1042901430df4b06a7a2803178e85065 - - default default] Unable to schedule network 35b401c4-ead6-4829-a887-f8880de55fb8: no agents available; will retry on subsequent port and subnet creation events. [pid: 8|app: 0|req: 1039/1960] 199.19.213.11 () {36 vars in 996 bytes} [Tue Jul 21 07:58:46 2026] DELETE /v2.0/ports/c84f689f-ef76-4507-be14-bc788397ee2f => generated 0 bytes in 499 msecs (HTTP/1.1 204) 3 headers in 131 bytes (1 switches on core 0) [pid: 8|app: 0|req: 1040/1961] 10.0.0.16 () {32 vars in 646 bytes} [Tue Jul 21 07:58:46 2026] GET /v2.0/routers => generated 3940 bytes in 50 msecs (HTTP/1.1 200) 4 headers in 158 bytes (1 switches on core 0) [pid: 8|app: 0|req: 1041/1962] 10.0.0.139 () {28 vars in 583 bytes} [Tue Jul 21 07:58:46 2026] GET /v2.0/subnets => generated 4618 bytes in 31 msecs (HTTP/1.1 200) 4 headers in 158 bytes (1 switches on core 0) [pid: 8|app: 0|req: 1042/1963] 10.0.0.139 () {28 vars in 583 bytes} [Tue Jul 21 07:58:46 2026] GET /v2.0/subnets => generated 4618 bytes in 32 msecs (HTTP/1.1 200) 4 headers in 158 bytes (1 switches on core 0)
2026-07-21 07:58:46.790 8 INFO neutron.db.ovn_revision_numbers_db [None req-2660662c-4718-453a-bc06-2ea4e2698465 df9208bc72494851af149d4e8d088990 dbd20c431da94161929c1d5b866ef3d2 - - default default] Successfully bumped revision number for resource f286a42e-4bf7-49f6-9fa8-215d0acbd9da (type: security_groups) to 1
2026-07-21 07:58:46.799 8 INFO neutron.db.ovn_revision_numbers_db [None req-2660662c-4718-453a-bc06-2ea4e2698465 df9208bc72494851af149d4e8d088990 dbd20c431da94161929c1d5b866ef3d2 - - default default] Successfully bumped revision number for resource 183f8b4c-83a0-4c69-b228-a055c17507af (type: security_group_rules) to 0
2026-07-21 07:58:46.808 8 INFO neutron.db.ovn_revision_numbers_db [None req-2660662c-4718-453a-bc06-2ea4e2698465 df9208bc72494851af149d4e8d088990 dbd20c431da94161929c1d5b866ef3d2 - - default default] Successfully bumped revision number for resource c0e9a7fd-7324-4ab1-a1ec-711b514ac651 (type: security_group_rules) to 0 [pid: 8|app: 0|req: 1043/1964] 10.0.0.16 () {34 vars in 684 bytes} [Tue Jul 21 07:58:46 2026] POST /v2.0/security-groups => generated 1673 bytes in 125 msecs (HTTP/1.1 201) 4 headers in 163 bytes (1 switches on core 0) [pid: 8|app: 0|req: 1044/1965] 10.0.0.139 () {28 vars in 591 bytes} [Tue Jul 21 07:58:46 2026] GET /v2.0/subnetpools => generated 19 bytes in 15 msecs (HTTP/1.1 200) 4 headers in 156 bytes (1 switches on core 0) [pid: 8|app: 0|req: 1045/1966] 10.0.0.20 () {34 vars in 989 bytes} [Tue Jul 21 07:58:46 2026] GET /v2.0/ports?device_id=b7a4505f-f639-4e4a-a983-4645a28dfb97 => generated 12 bytes in 19 msecs (HTTP/1.1 200) 4 headers in 156 bytes (1 switches on core 0)
2026-07-21 07:58:46.908 8 INFO neutron.notifiers.nova [-] Nova event matching ['req-dd28ad14-5052-4872-9104-1723210e2783'] response: {'server_uuid': 'b7a4505f-f639-4e4a-a983-4645a28dfb97', 'name': 'network-vif-unplugged', 'status': 'completed', 'tag': 'c84f689f-ef76-4507-be14-bc788397ee2f', 'code': 200}
2026-07-21 07:58:46.908 8 INFO neutron.notifiers.nova [-] Nova event matching ['req-dd28ad14-5052-4872-9104-1723210e2783'] response: {'server_uuid': 'b7a4505f-f639-4e4a-a983-4645a28dfb97', 'name': 'network-vif-deleted', 'tag': 'c84f689f-ef76-4507-be14-bc788397ee2f', 'status': 'completed', 'code': 200}
2026-07-21 07:58:46.964 7 INFO neutron.db.ovn_revision_numbers_db [None req-3e2b9718-33d9-4555-ac76-b7f3a4697fc2 ddb6aa3774b7439d860fd08db70c80b4 1042901430df4b06a7a2803178e85065 - - default default] Successfully bumped revision number for resource 94ff5e33-3cf7-4dc1-ba12-6f7855c9098d (type: router_ports) to 1 [pid: 7|app: 0|req: 922/1967] 10.0.0.16 () {34 vars in 782 bytes} [Tue Jul 21 07:58:45 2026] PUT /v2.0/routers/c673c5e0-b9be-439e-ba49-6076e67ccd0e/add_router_interface => generated 309 bytes in 1671 msecs (HTTP/1.1 200) 4 headers in 157 bytes (1 switches on core 0)
2026-07-21 07:58:46.996 8 INFO neutron.db.ovn_revision_numbers_db [None req-cf03ff02-de67-4890-b776-6a1c644f00b3 df9208bc72494851af149d4e8d088990 dbd20c431da94161929c1d5b866ef3d2 - - default default] Successfully bumped revision number for resource 3e6cbbcf-1361-4a94-a203-a46fb4ce6d89 (type: security_group_rules) to 0 [pid: 7|app: 0|req: 923/1968] 10.0.0.139 () {28 vars in 591 bytes} [Tue Jul 21 07:58:46 2026] GET /v2.0/floatingips => generated 555 bytes in 53 msecs (HTTP/1.1 200) 4 headers in 157 bytes (1 switches on core 0) [pid: 8|app: 0|req: 1046/1969] 10.0.0.16 () {34 vars in 694 bytes} [Tue Jul 21 07:58:46 2026] POST /v2.0/security-group-rules => generated 597 bytes in 161 msecs (HTTP/1.1 201) 4 headers in 162 bytes (1 switches on core 0) [pid: 8|app: 0|req: 1047/1970] 10.0.0.139 () {28 vars in 585 bytes} [Tue Jul 21 07:58:47 2026] GET /v2.0/networks => generated 5869 bytes in 76 msecs (HTTP/1.1 200) 4 headers in 158 bytes (1 switches on core 0)
2026-07-21 07:58:47.227 8 INFO neutron.db.ovn_revision_numbers_db [None req-61197362-5317-40d3-84c3-600f411b5b9b df9208bc72494851af149d4e8d088990 dbd20c431da94161929c1d5b866ef3d2 - - default default] Successfully bumped revision number for resource 77904b46-006b-4a18-a0e1-f8d1047d5aca (type: security_group_rules) to 0 [pid: 8|app: 0|req: 1048/1971] 10.0.0.16 () {34 vars in 694 bytes} [Tue Jul 21 07:58:47 2026] POST /v2.0/security-group-rules => generated 596 bytes in 144 msecs (HTTP/1.1 201) 4 headers in 162 bytes (1 switches on core 0) [pid: 8|app: 0|req: 1049/1972] 10.0.0.139 () {28 vars in 583 bytes} [Tue Jul 21 07:58:47 2026] GET /v2.0/routers => generated 3940 bytes in 66 msecs (HTTP/1.1 200) 4 headers in 158 bytes (1 switches on core 0)
2026-07-21 07:58:47.446 8 INFO neutron.db.ovn_revision_numbers_db [None req-520cbe2f-8aab-4dd9-b36b-41eab6f25193 df9208bc72494851af149d4e8d088990 dbd20c431da94161929c1d5b866ef3d2 - - default default] Successfully bumped revision number for resource c9820430-3178-47dd-a257-c824aa2496f6 (type: security_group_rules) to 0 [pid: 8|app: 0|req: 1050/1973] 10.0.0.16 () {34 vars in 694 bytes} [Tue Jul 21 07:58:47 2026] POST /v2.0/security-group-rules => generated 602 bytes in 155 msecs (HTTP/1.1 201) 4 headers in 162 bytes (1 switches on core 0) [pid: 8|app: 0|req: 1051/1974] 10.0.0.139 () {28 vars in 624 bytes} [Tue Jul 21 07:58:47 2026] GET /v2.0/agents?binary=ovn-controller => generated 416 bytes in 10 msecs (HTTP/1.1 200) 4 headers in 157 bytes (1 switches on core 0)
2026-07-21 07:58:47.532 7 WARNING neutron.scheduler.dhcp_agent_scheduler [None req-83263d1e-28df-4733-873f-12b0a3ef5683 - - - - - -] No more DHCP agents
2026-07-21 07:58:47.533 7 WARNING neutron.api.rpc.agentnotifiers.dhcp_rpc_agent_api [None req-83263d1e-28df-4733-873f-12b0a3ef5683 - - - - - -] Unable to schedule network c63a7e8d-30ac-4d43-a14a-5423ac786860: no agents available; will retry on subsequent port and subnet creation events.
2026-07-21 07:58:47.611 8 INFO neutron.db.ovn_revision_numbers_db [None req-59fc7238-3af8-4c7a-b70e-bcbe35a5bbb7 df9208bc72494851af149d4e8d088990 dbd20c431da94161929c1d5b866ef3d2 - - default default] Successfully bumped revision number for resource 97b46e77-e11d-43ce-bcf3-73ec04ae654d (type: security_group_rules) to 0
2026-07-21 07:58:47.637 8 INFO neutron.plugins.ml2.drivers.ovn.mech_driver.mech_driver [None req-2c5b0df7-16e1-4572-a62c-42e8cc2a1598 - - - - - -] OVN reports status down for port: c752dfa4-bfcb-4c28-99a9-181b5e261ee8 [pid: 8|app: 0|req: 1052/1975] 10.0.0.16 () {34 vars in 694 bytes} [Tue Jul 21 07:58:47 2026] POST /v2.0/security-group-rules => generated 601 bytes in 183 msecs (HTTP/1.1 201) 4 headers in 162 bytes (1 switches on core 0)
2026-07-21 07:58:47.668 7 INFO neutron.db.ovn_revision_numbers_db [None req-83263d1e-28df-4733-873f-12b0a3ef5683 - - - - - -] Successfully bumped revision number for resource c752dfa4-bfcb-4c28-99a9-181b5e261ee8 (type: ports) to 1 [pid: 8|app: 0|req: 1053/1976] 10.0.0.139 () {28 vars in 599 bytes} [Tue Jul 21 07:58:47 2026] GET /v2.0/security-groups => generated 33076 bytes in 62 msecs (HTTP/1.1 200) 4 headers in 159 bytes (1 switches on core 0)
2026-07-21 07:58:47.769 8 INFO neutron.db.securitygroups_db [None req-d1d553cd-5855-48a0-93a0-5cf1e4a0b8b6 df9208bc72494851af149d4e8d088990 dbd20c431da94161929c1d5b866ef3d2 - - default default] Project dbd20c431da94161929c1d5b866ef3d2 added a security group rule with legacy IPv6 ICMP protocol name icmp, ipv6-icmp should be used instead. It was automatically converted.
2026-07-21 07:58:47.872 8 INFO neutron.db.ovn_revision_numbers_db [None req-d1d553cd-5855-48a0-93a0-5cf1e4a0b8b6 df9208bc72494851af149d4e8d088990 dbd20c431da94161929c1d5b866ef3d2 - - default default] Successfully bumped revision number for resource 095659e1-ca08-4ab8-bf6c-f7437fad21d5 (type: security_group_rules) to 0 [pid: 8|app: 0|req: 1054/1977] 10.0.0.16 () {34 vars in 694 bytes} [Tue Jul 21 07:58:47 2026] POST /v2.0/security-group-rules => generated 607 bytes in 199 msecs (HTTP/1.1 201) 4 headers in 162 bytes (1 switches on core 0)
2026-07-21 07:58:47.942 7 INFO neutron.db.ovn_revision_numbers_db [None req-83263d1e-28df-4733-873f-12b0a3ef5683 - - - - - -] Successfully bumped revision number for resource c752dfa4-bfcb-4c28-99a9-181b5e261ee8 (type: ports) to 3
2026-07-21 07:58:47.972 8 INFO neutron.db.securitygroups_db [None req-2a42c1b1-e153-4966-a78b-b6c0fd0e9e8a df9208bc72494851af149d4e8d088990 dbd20c431da94161929c1d5b866ef3d2 - - default default] Project dbd20c431da94161929c1d5b866ef3d2 added a security group rule with legacy IPv6 ICMP protocol name icmp, ipv6-icmp should be used instead. It was automatically converted.
2026-07-21 07:58:48.017 7 INFO neutron.db.segments_db [None req-83263d1e-28df-4733-873f-12b0a3ef5683 - - - - - -] Added segment a28faaa5-dd7a-4f41-ab74-0be8e2ef2ab1 of type geneve for network c49c5aa1-cb0f-4215-83c0-bcf4e5273e18
2026-07-21 07:58:48.081 8 INFO neutron.db.ovn_revision_numbers_db [None req-2a42c1b1-e153-4966-a78b-b6c0fd0e9e8a df9208bc72494851af149d4e8d088990 dbd20c431da94161929c1d5b866ef3d2 - - default default] Successfully bumped revision number for resource f087fa83-b744-4447-b069-348cb04cf2d7 (type: security_group_rules) to 0 [pid: 8|app: 0|req: 1055/1978] 10.0.0.16 () {34 vars in 694 bytes} [Tue Jul 21 07:58:47 2026] POST /v2.0/security-group-rules => generated 606 bytes in 172 msecs (HTTP/1.1 201) 4 headers in 162 bytes (1 switches on core 0)
2026-07-21 07:58:48.123 7 INFO neutron.db.ovn_revision_numbers_db [None req-ef2f02f9-442b-438c-8b74-dff11fa4f4e4 - - - - - -] Successfully bumped revision number for resource c49c5aa1-cb0f-4215-83c0-bcf4e5273e18 (type: networks) to 1 [pid: 8|app: 0|req: 1056/1979] 10.0.0.20 () {34 vars in 989 bytes} [Tue Jul 21 07:58:48 2026] GET /v2.0/ports?device_id=b7a4505f-f639-4e4a-a983-4645a28dfb97 => generated 12 bytes in 17 msecs (HTTP/1.1 200) 4 headers in 156 bytes (1 switches on core 0)
2026-07-21 07:58:48.261 7 WARNING neutron.scheduler.dhcp_agent_scheduler [None req-ef2f02f9-442b-438c-8b74-dff11fa4f4e4 - - - - - -] No more DHCP agents
2026-07-21 07:58:48.262 7 WARNING neutron.api.rpc.agentnotifiers.dhcp_rpc_agent_api [None req-ef2f02f9-442b-438c-8b74-dff11fa4f4e4 - - - - - -] Unable to schedule network c49c5aa1-cb0f-4215-83c0-bcf4e5273e18: no agents available; will retry on subsequent port and subnet creation events.
2026-07-21 07:58:48.304 8 INFO neutron.plugins.ml2.drivers.ovn.mech_driver.mech_driver [None req-2c5b0df7-16e1-4572-a62c-42e8cc2a1598 - - - - - -] OVN reports status down for port: e3044002-3e28-48fc-b74a-daef6471597b
2026-07-21 07:58:48.352 7 INFO neutron.db.ovn_revision_numbers_db [None req-ef2f02f9-442b-438c-8b74-dff11fa4f4e4 - - - - - -] Successfully bumped revision number for resource e3044002-3e28-48fc-b74a-daef6471597b (type: ports) to 1
2026-07-21 07:58:48.471 7 WARNING neutron.scheduler.dhcp_agent_scheduler [None req-ef2f02f9-442b-438c-8b74-dff11fa4f4e4 - - - - - -] No more DHCP agents
2026-07-21 07:58:48.472 7 WARNING neutron.api.rpc.agentnotifiers.dhcp_rpc_agent_api [None req-ef2f02f9-442b-438c-8b74-dff11fa4f4e4 - - - - - -] Unable to schedule network c49c5aa1-cb0f-4215-83c0-bcf4e5273e18: no agents available; will retry on subsequent port and subnet creation events. [pid: 8|app: 0|req: 1057/1980] 10.0.0.16 () {32 vars in 648 bytes} [Tue Jul 21 07:58:48 2026] GET /v2.0/networks => generated 1297 bytes in 83 msecs (HTTP/1.1 200) 4 headers in 158 bytes (1 switches on core 0)
2026-07-21 07:58:48.497 7 INFO neutron.db.ovn_revision_numbers_db [None req-ef2f02f9-442b-438c-8b74-dff11fa4f4e4 - - - - - -] Successfully bumped revision number for resource db0f98f7-fdf8-402a-8de7-f80c51bb8d36 (type: subnets) to 0 [pid: 8|app: 0|req: 1058/1981] 10.0.0.20 () {34 vars in 1097 bytes} [Tue Jul 21 07:58:48 2026] GET /v2.0/security-groups?name=tempest-secgroup-smoke-620229128&fields=id&tenant_id=dbd20c431da94161929c1d5b866ef3d2 => generated 69 bytes in 32 msecs (HTTP/1.1 200) 4 headers in 156 bytes (1 switches on core 0) [pid: 8|app: 0|req: 1059/1982] 10.0.0.20 () {34 vars in 981 bytes} [Tue Jul 21 07:58:48 2026] GET /v2.0/networks?id=86689878-9db1-40d4-b5f3-068c4cc4bf17 => generated 660 bytes in 43 msecs (HTTP/1.1 200) 4 headers in 157 bytes (1 switches on core 0) [pid: 8|app: 0|req: 1060/1983] 10.0.0.20 () {34 vars in 964 bytes} [Tue Jul 21 07:58:48 2026] GET /v2.0/quotas/dbd20c431da94161929c1d5b866ef3d2 => generated 292 bytes in 12 msecs (HTTP/1.1 200) 4 headers in 157 bytes (1 switches on core 0) [pid: 8|app: 0|req: 1061/1984] 10.0.0.20 () {34 vars in 1001 bytes} [Tue Jul 21 07:58:48 2026] GET /v2.0/ports?tenant_id=dbd20c431da94161929c1d5b866ef3d2&fields=id => generated 103 bytes in 60 msecs (HTTP/1.1 200) 4 headers in 157 bytes (1 switches on core 0) [pid: 8|app: 0|req: 1062/1985] 10.0.0.20 () {34 vars in 1007 bytes} [Tue Jul 21 07:58:48 2026] GET /v2.0/networks/86689878-9db1-40d4-b5f3-068c4cc4bf17?fields=segments => generated 14 bytes in 46 msecs (HTTP/1.1 200) 4 headers in 156 bytes (1 switches on core 0) [pid: 8|app: 0|req: 1063/1986] 10.0.0.20 () {34 vars in 1107 bytes} [Tue Jul 21 07:58:48 2026] GET /v2.0/networks/86689878-9db1-40d4-b5f3-068c4cc4bf17?fields=provider%3Aphysical_network&fields=provider%3Anetwork_type => generated 79 bytes in 48 msecs (HTTP/1.1 200) 4 headers in 156 bytes (1 switches on core 0)
2026-07-21 07:58:48.880 7 WARNING neutron.scheduler.dhcp_agent_scheduler [None req-ef2f02f9-442b-438c-8b74-dff11fa4f4e4 - - - - - -] No more DHCP agents
2026-07-21 07:58:48.882 7 WARNING neutron.api.rpc.agentnotifiers.dhcp_rpc_agent_api [None req-ef2f02f9-442b-438c-8b74-dff11fa4f4e4 - - - - - -] Unable to schedule network c49c5aa1-cb0f-4215-83c0-bcf4e5273e18: no agents available; will retry on subsequent port and subnet creation events. [pid: 8|app: 0|req: 1064/1987] 10.0.0.20 () {34 vars in 989 bytes} [Tue Jul 21 07:58:48 2026] GET /v2.0/ports?device_id=d2183e91-ac70-4953-8140-c788e698bb5a => generated 12 bytes in 33 msecs (HTTP/1.1 200) 4 headers in 156 bytes (1 switches on core 0)
2026-07-21 07:58:49.043 7 INFO neutron.db.ovn_revision_numbers_db [None req-ef2f02f9-442b-438c-8b74-dff11fa4f4e4 - - - - - -] Successfully bumped revision number for resource 5a498894-1473-441c-a202-30b05164801b (type: ports) to 1 [pid: 8|app: 0|req: 1065/1988] 10.0.0.20 () {34 vars in 989 bytes} [Tue Jul 21 07:58:49 2026] GET /v2.0/ports?device_id=b7a4505f-f639-4e4a-a983-4645a28dfb97 => generated 12 bytes in 16 msecs (HTTP/1.1 200) 4 headers in 156 bytes (1 switches on core 0)
2026-07-21 07:58:49.625 7 WARNING neutron.scheduler.dhcp_agent_scheduler [None req-ef2f02f9-442b-438c-8b74-dff11fa4f4e4 - - - - - -] No more DHCP agents
2026-07-21 07:58:49.626 7 WARNING neutron.api.rpc.agentnotifiers.dhcp_rpc_agent_api [None req-ef2f02f9-442b-438c-8b74-dff11fa4f4e4 - - - - - -] Unable to schedule network c49c5aa1-cb0f-4215-83c0-bcf4e5273e18: no agents available; will retry on subsequent port and subnet creation events.
2026-07-21 07:58:50.070 7 WARNING neutron.plugins.ml2.drivers.ovn.mech_driver.ovsdb.ovn_client [None req-2472f7d3-a540-4422-a06a-32594b51801a - - - - - -] No hosting information found for port 9990ab4a-aadb-43d0-a47f-bb5fda051d52: RuntimeError: No hosting information found for port 9990ab4a-aadb-43d0-a47f-bb5fda051d52
2026-07-21 07:58:50.070 7 INFO neutron.plugins.ml2.drivers.ovn.mech_driver.mech_driver [None req-2472f7d3-a540-4422-a06a-32594b51801a - - - - - -] OVN reports status down for port: 94ff5e33-3cf7-4dc1-ba12-6f7855c9098d [pid: 8|app: 0|req: 1066/1989] 10.0.0.20 () {34 vars in 989 bytes} [Tue Jul 21 07:58:50 2026] GET /v2.0/ports?device_id=d2183e91-ac70-4953-8140-c788e698bb5a => generated 12 bytes in 22 msecs (HTTP/1.1 200) 4 headers in 156 bytes (1 switches on core 0)
2026-07-21 07:58:50.135 7 INFO neutron.db.ovn_revision_numbers_db [None req-ef2f02f9-442b-438c-8b74-dff11fa4f4e4 - - - - - -] Successfully bumped revision number for resource 5a498894-1473-441c-a202-30b05164801b (type: router_ports) to 1
2026-07-21 07:58:50.226 7 INFO neutron.plugins.ml2.drivers.ovn.mech_driver.mech_driver [None req-2472f7d3-a540-4422-a06a-32594b51801a - - - - - -] OVN reports status up for port: 94ff5e33-3cf7-4dc1-ba12-6f7855c9098d
2026-07-21 07:58:50.249 7 INFO neutron.plugins.ml2.plugin [None req-2472f7d3-a540-4422-a06a-32594b51801a - - - - - -] Attempt 1 to provision port 94ff5e33-3cf7-4dc1-ba12-6f7855c9098d [pid: 8|app: 0|req: 1067/1990] 10.0.0.16 () {32 vars in 739 bytes} [Tue Jul 21 07:58:50 2026] DELETE /v2.0/security-groups/26b1f7d4-4317-405c-90cb-ee583f52d900 => generated 0 bytes in 163 msecs (HTTP/1.1 204) 2 headers in 112 bytes (1 switches on core 0)
2026-07-21 07:58:50.481 8 INFO neutron.api.v2.resource [None req-4a9d71a9-5005-497b-8c9d-2d5cf47e1151 2003981190734da0ac5a68e47d98ec41 130113f636ae481f87659a154db35323 - - default default] show failed (client error): The resource could not be found. [pid: 8|app: 0|req: 1068/1991] 10.0.0.16 () {32 vars in 736 bytes} [Tue Jul 21 07:58:50 2026] GET /v2.0/security-groups/26b1f7d4-4317-405c-90cb-ee583f52d900 => generated 146 bytes in 15 msecs (HTTP/1.1 404) 4 headers in 164 bytes (1 switches on core 0)
2026-07-21 07:58:50.530 7 WARNING neutron.scheduler.dhcp_agent_scheduler [None req-ef2f02f9-442b-438c-8b74-dff11fa4f4e4 - - - - - -] No more DHCP agents
2026-07-21 07:58:50.532 7 WARNING neutron.api.rpc.agentnotifiers.dhcp_rpc_agent_api [None req-ef2f02f9-442b-438c-8b74-dff11fa4f4e4 - - - - - -] Unable to schedule network c49c5aa1-cb0f-4215-83c0-bcf4e5273e18: no agents available; will retry on subsequent port and subnet creation events.
2026-07-21 07:58:50.628 8 INFO neutron_taas.services.taas.taas_plugin [None req-ac0ebd0e-1f0d-45f5-8b93-49ea5f1de603 2003981190734da0ac5a68e47d98ec41 130113f636ae481f87659a154db35323 - - default default] TaaS: Handle Delete Port: 67111ece-080d-43ae-b907-7d5dda504550
2026-07-21 07:58:50.631 8 INFO neutron_taas.services.taas.tap_mirror_plugin [None req-ac0ebd0e-1f0d-45f5-8b93-49ea5f1de603 2003981190734da0ac5a68e47d98ec41 130113f636ae481f87659a154db35323 - - default default] Tap Mirror: Handle Delete Port: 67111ece-080d-43ae-b907-7d5dda504550
2026-07-21 07:58:50.677 8 INFO neutron.plugins.ml2.drivers.ovn.mech_driver.mech_driver [None req-2c5b0df7-16e1-4572-a62c-42e8cc2a1598 - - - - - -] OVN reports status down for port: c085ff2b-4fd8-4796-82fe-780e605bfaf7
2026-07-21 07:58:50.739 7 INFO neutron.db.ovn_revision_numbers_db [None req-ef2f02f9-442b-438c-8b74-dff11fa4f4e4 - - - - - -] Successfully bumped revision number for resource c085ff2b-4fd8-4796-82fe-780e605bfaf7 (type: ports) to 1 [pid: 8|app: 0|req: 1069/1992] 10.0.0.16 () {32 vars in 731 bytes} [Tue Jul 21 07:58:50 2026] DELETE /v2.0/floatingips/ebe19331-d84e-47b5-b746-de09658d1f55 => generated 0 bytes in 339 msecs (HTTP/1.1 204) 2 headers in 112 bytes (1 switches on core 0)
2026-07-21 07:58:51.109 8 INFO neutron_taas.services.taas.taas_plugin [None req-a9ed1653-702d-4439-b018-67b3b8d1d5e5 d853afdc64b44f16a5f148ee9b6152c9 5f971b6b5f904fa3a00820017c9d7f70 - - default default] TaaS: Handle Delete Port: 13501b8b-9c00-4271-9e56-2e58a5fcbfe8
2026-07-21 07:58:51.112 8 INFO neutron_taas.services.taas.tap_mirror_plugin [None req-a9ed1653-702d-4439-b018-67b3b8d1d5e5 d853afdc64b44f16a5f148ee9b6152c9 5f971b6b5f904fa3a00820017c9d7f70 - - default default] Tap Mirror: Handle Delete Port: 13501b8b-9c00-4271-9e56-2e58a5fcbfe8
2026-07-21 07:58:51.644 7 INFO neutron.db.ovn_revision_numbers_db [None req-2472f7d3-a540-4422-a06a-32594b51801a - - - - - -] Successfully bumped revision number for resource 94ff5e33-3cf7-4dc1-ba12-6f7855c9098d (type: ports) to 2
2026-07-21 07:58:51.784 7 INFO neutron.db.ovn_revision_numbers_db [None req-ef2f02f9-442b-438c-8b74-dff11fa4f4e4 - - - - - -] Successfully bumped revision number for resource c085ff2b-4fd8-4796-82fe-780e605bfaf7 (type: ports) to 3 [pid: 8|app: 0|req: 1070/1993] 10.0.0.16 () {34 vars in 788 bytes} [Tue Jul 21 07:58:50 2026] PUT /v2.0/routers/718b679a-b15e-4d63-821b-fd5a4e82c2be/remove_router_interface => generated 309 bytes in 995 msecs (HTTP/1.1 200) 4 headers in 157 bytes (1 switches on core 0) /var/lib/openstack/lib/python3.12/site-packages/pycadf/identifier.py:70: UserWarning: Invalid uuid: neutron. To ensure interoperability, identifiers should be a valid uuid. warnings.warn(('Invalid uuid: %s. To ensure interoperability, ' [pid: 8|app: 0|req: 1071/1994] 10.0.0.20 () {34 vars in 989 bytes} [Tue Jul 21 07:58:51 2026] GET /v2.0/ports?device_id=d2183e91-ac70-4953-8140-c788e698bb5a => generated 12 bytes in 21 msecs (HTTP/1.1 200) 4 headers in 156 bytes (1 switches on core 0)
2026-07-21 07:58:51.976 7 INFO neutron.db.ovn_revision_numbers_db [None req-c61bc122-2c67-4308-b3f9-28cf874895d5 - - - - - -] Successfully bumped revision number for resource 94ff5e33-3cf7-4dc1-ba12-6f7855c9098d (type: router_ports) to 2
2026-07-21 07:58:51.977 7 INFO neutron.plugins.ml2.drivers.ovn.mech_driver.mech_driver [None req-c61bc122-2c67-4308-b3f9-28cf874895d5 - - - - - -] OVN reports status down for port: 5a498894-1473-441c-a202-30b05164801b
2026-07-21 07:58:52.084 7 INFO neutron.plugins.ml2.drivers.ovn.mech_driver.mech_driver [None req-c61bc122-2c67-4308-b3f9-28cf874895d5 - - - - - -] OVN reports status up for port: 5a498894-1473-441c-a202-30b05164801b
2026-07-21 07:58:52.103 7 INFO neutron.plugins.ml2.plugin [None req-c61bc122-2c67-4308-b3f9-28cf874895d5 - - - - - -] Attempt 1 to provision port 5a498894-1473-441c-a202-30b05164801b [pid: 7|app: 0|req: 924/1995] 10.0.0.16 () {34 vars in 684 bytes} [Tue Jul 21 07:58:47 2026] POST /v2.0/vpn/vpnservices => generated 458 bytes in 5101 msecs (HTTP/1.1 201) 4 headers in 162 bytes (1 switches on core 0) /var/lib/openstack/lib/python3.12/site-packages/pycadf/identifier.py:70: UserWarning: Invalid uuid: neutron. To ensure interoperability, identifiers should be a valid uuid. warnings.warn(('Invalid uuid: %s. To ensure interoperability, ' [pid: 7|app: 0|req: 927/1998] 10.0.0.16 () {32 vars in 662 bytes} [Tue Jul 21 07:58:52 2026] GET /v2.0/vpn/vpnservices => generated 1314 bytes in 27 msecs (HTTP/1.1 200) 4 headers in 158 bytes (1 switches on core 0)
2026-07-21 07:58:52.160 8 INFO neutron_taas.services.taas.taas_plugin [None req-53113b79-4e54-4d15-97f4-c77ae57bfde2 d853afdc64b44f16a5f148ee9b6152c9 5f971b6b5f904fa3a00820017c9d7f70 - - default default] TaaS: Handle Delete Port: 6fc087e1-eb48-401d-92cf-9ded0c94a8a8
2026-07-21 07:58:52.164 8 INFO neutron_taas.services.taas.tap_mirror_plugin [None req-53113b79-4e54-4d15-97f4-c77ae57bfde2 d853afdc64b44f16a5f148ee9b6152c9 5f971b6b5f904fa3a00820017c9d7f70 - - default default] Tap Mirror: Handle Delete Port: 6fc087e1-eb48-401d-92cf-9ded0c94a8a8 [pid: 8|app: 0|req: 1072/1999] 10.0.0.16 () {32 vars in 723 bytes} [Tue Jul 21 07:58:51 2026] DELETE /v2.0/routers/718b679a-b15e-4d63-821b-fd5a4e82c2be => generated 0 bytes in 691 msecs (HTTP/1.1 204) 2 headers in 112 bytes (1 switches on core 0)
2026-07-21 07:58:52.608 7 INFO neutron_taas.services.taas.taas_plugin [None req-9964a3f3-f49a-46ef-b43a-a8aa8e473cba 198c04eaa73f48d0a5156cf2ce239f78 8c7a5de086d145e5bd8c149ebc5f712b - - default default] TaaS: Handle Delete Port: c752dfa4-bfcb-4c28-99a9-181b5e261ee8
2026-07-21 07:58:52.613 7 INFO neutron_taas.services.taas.tap_mirror_plugin [None req-9964a3f3-f49a-46ef-b43a-a8aa8e473cba 198c04eaa73f48d0a5156cf2ce239f78 8c7a5de086d145e5bd8c149ebc5f712b - - default default] Tap Mirror: Handle Delete Port: c752dfa4-bfcb-4c28-99a9-181b5e261ee8 [pid: 8|app: 0|req: 1073/2000] 10.0.0.16 () {32 vars in 723 bytes} [Tue Jul 21 07:58:52 2026] DELETE /v2.0/subnets/247bee97-7d67-4da1-93f8-e214459f3349 => generated 0 bytes in 170 msecs (HTTP/1.1 204) 3 headers in 131 bytes (1 switches on core 0)
2026-07-21 07:58:52.829 7 INFO neutron.db.ovn_revision_numbers_db [None req-c61bc122-2c67-4308-b3f9-28cf874895d5 - - - - - -] Successfully bumped revision number for resource 5a498894-1473-441c-a202-30b05164801b (type: ports) to 2
2026-07-21 07:58:52.844 8 INFO neutron_taas.services.taas.taas_plugin [None req-0368c837-dddb-463d-b41f-ccad5b6b1eb0 d853afdc64b44f16a5f148ee9b6152c9 5f971b6b5f904fa3a00820017c9d7f70 - - default default] TaaS: Handle Delete Port: efccd975-7c39-4064-a745-36b882ac3b2a
2026-07-21 07:58:52.849 8 INFO neutron_taas.services.taas.tap_mirror_plugin [None req-0368c837-dddb-463d-b41f-ccad5b6b1eb0 d853afdc64b44f16a5f148ee9b6152c9 5f971b6b5f904fa3a00820017c9d7f70 - - default default] Tap Mirror: Handle Delete Port: efccd975-7c39-4064-a745-36b882ac3b2a
2026-07-21 07:58:53.043 8 INFO neutron.services.segments.plugin [-] Segment 1299e6d9-c156-43ba-b2a2-714d78728de9 resource provider aggregate not found
2026-07-21 07:58:53.048 8 INFO neutron.services.segments.plugin [-] Segment 1299e6d9-c156-43ba-b2a2-714d78728de9 resource provider aggregate not found
2026-07-21 07:58:53.065 8 INFO neutron.services.segments.plugin [-] Client error retrieving segment 1299e6d9-c156-43ba-b2a2-714d78728de9 resource provider; error: Placement Client Error (4xx): {"errors": [{"status": 404, "title": "Not Found", "detail": "The resource could not be found.\n\n No resource provider with uuid 1299e6d9-c156-43ba-b2a2-714d78728de9 found for delete ", "request_id": "req-190fa100-0586-419a-90f1-ab59af58dcaf"}]}
2026-07-21 07:58:53.065 8 INFO neutron.services.segments.plugin [-] Client error retrieving segment 1299e6d9-c156-43ba-b2a2-714d78728de9 resource provider; error: Placement Client Error (4xx): {"errors": [{"status": 404, "title": "Not Found", "detail": "The resource could not be found.\n\n No resource provider with uuid 1299e6d9-c156-43ba-b2a2-714d78728de9 found for delete ", "request_id": "req-7fe80cdb-4039-444b-b3a7-950c2b949df5"}]} [pid: 8|app: 0|req: 1074/2001] 10.0.0.16 () {32 vars in 725 bytes} [Tue Jul 21 07:58:52 2026] DELETE /v2.0/networks/b0767ad7-4d20-4538-bd3d-3c465675c81d => generated 0 bytes in 355 msecs (HTTP/1.1 204) 3 headers in 131 bytes (1 switches on core 0)
2026-07-21 07:58:53.082 7 INFO neutron.db.ovn_revision_numbers_db [None req-6a41bbb4-0702-4200-86ea-07e42a366ed8 - - - - - -] Successfully bumped revision number for resource 5a498894-1473-441c-a202-30b05164801b (type: router_ports) to 2
2026-07-21 07:58:53.089 7 INFO neutron_taas.services.taas.taas_plugin [None req-73947272-6ca2-4ace-a39b-cbf64361d39e - - - - - -] TaaS: Handle Delete Port: c085ff2b-4fd8-4796-82fe-780e605bfaf7 [pid: 8|app: 0|req: 1075/2002] 10.0.0.20 () {34 vars in 989 bytes} [Tue Jul 21 07:58:53 2026] GET /v2.0/ports?device_id=d2183e91-ac70-4953-8140-c788e698bb5a => generated 12 bytes in 14 msecs (HTTP/1.1 200) 4 headers in 156 bytes (1 switches on core 0)
2026-07-21 07:58:53.100 7 INFO neutron_taas.services.taas.tap_mirror_plugin [None req-73947272-6ca2-4ace-a39b-cbf64361d39e - - - - - -] Tap Mirror: Handle Delete Port: c085ff2b-4fd8-4796-82fe-780e605bfaf7 [pid: 8|app: 0|req: 1076/2003] 10.0.0.16 () {32 vars in 773 bytes} [Tue Jul 21 07:58:53 2026] GET /v2.0/security-groups?tenant_id=130113f636ae481f87659a154db35323&name=default => generated 2925 bytes in 29 msecs (HTTP/1.1 200) 4 headers in 158 bytes (1 switches on core 0) [pid: 8|app: 0|req: 1077/2004] 199.19.213.11 () {34 vars in 985 bytes} [Tue Jul 21 07:58:53 2026] GET /v2.0/networks?id=86689878-9db1-40d4-b5f3-068c4cc4bf17 => generated 660 bytes in 37 msecs (HTTP/1.1 200) 4 headers in 157 bytes (1 switches on core 0) [pid: 8|app: 0|req: 1078/2005] 10.0.0.16 () {32 vars in 739 bytes} [Tue Jul 21 07:58:53 2026] DELETE /v2.0/security-groups/b20fca3e-32b0-40d6-befb-673f79c60c5f => generated 0 bytes in 174 msecs (HTTP/1.1 204) 2 headers in 112 bytes (1 switches on core 0) [pid: 8|app: 0|req: 1079/2006] 199.19.213.11 () {34 vars in 1049 bytes} [Tue Jul 21 07:58:53 2026] GET /v2.0/security-groups?fields=id&fields=name&tenant_id=dbd20c431da94161929c1d5b866ef3d2 => generated 180 bytes in 28 msecs (HTTP/1.1 200) 4 headers in 157 bytes (1 switches on core 0)
2026-07-21 07:58:53.619 7 INFO neutron_taas.services.taas.taas_plugin [None req-81d3652a-ae99-43e6-9b59-7c16477ebe6e - - - - - -] TaaS: Handle Delete Port: 5a498894-1473-441c-a202-30b05164801b
2026-07-21 07:58:53.622 7 INFO neutron_taas.services.taas.tap_mirror_plugin [None req-81d3652a-ae99-43e6-9b59-7c16477ebe6e - - - - - -] Tap Mirror: Handle Delete Port: 5a498894-1473-441c-a202-30b05164801b
2026-07-21 07:58:53.705 8 WARNING neutron.scheduler.dhcp_agent_scheduler [req-84621cfb-432a-471d-912a-5b9fb9e084d5 req-23a93467-d2b5-470e-9d09-484a69c6517c df9208bc72494851af149d4e8d088990 dbd20c431da94161929c1d5b866ef3d2 - - default default] No more DHCP agents
2026-07-21 07:58:53.706 8 WARNING neutron.api.rpc.agentnotifiers.dhcp_rpc_agent_api [req-84621cfb-432a-471d-912a-5b9fb9e084d5 req-23a93467-d2b5-470e-9d09-484a69c6517c df9208bc72494851af149d4e8d088990 dbd20c431da94161929c1d5b866ef3d2 - - default default] Unable to schedule network 86689878-9db1-40d4-b5f3-068c4cc4bf17: no agents available; will retry on subsequent port and subnet creation events.
2026-07-21 07:58:53.793 8 INFO neutron.plugins.ml2.drivers.ovn.mech_driver.mech_driver [None req-2c5b0df7-16e1-4572-a62c-42e8cc2a1598 - - - - - -] OVN reports status down for port: f7f00809-b6a5-4a10-aaa7-f7aa2cbc1c04
