2026-07-21 08:00:21.557 7 WARNING neutron.api.rpc.agentnotifiers.dhcp_rpc_agent_api [None req-b39ac08d-6618-42e8-98d0-e4b1f9247cd3 d853afdc64b44f16a5f148ee9b6152c9 5f971b6b5f904fa3a00820017c9d7f70 - - default default] Unable to schedule network a3b9243b-00b5-41f9-8015-7f7c6ec00d14: no agents available; will retry on subsequent port and subnet creation events. [pid: 8|app: 0|req: 1381/2555] 199.19.213.11 () {34 vars in 1063 bytes} [Tue Jul 21 08:00:21 2026] GET /v2.0/subnets?id=a0c6a6a3-e8a0-4799-aeaa-47ebf3cf9fe9&id=9f0dced9-29ed-4484-8eb7-9b7cf42e7fb3 => generated 1410 bytes in 76 msecs (HTTP/1.1 200) 4 headers in 158 bytes (1 switches on core 0) [pid: 8|app: 0|req: 1382/2556] 10.0.0.20 () {34 vars in 989 bytes} [Tue Jul 21 08:00:21 2026] GET /v2.0/ports?device_id=6eab576c-5d93-4273-9523-0b1635f6e9da => generated 12 bytes in 40 msecs (HTTP/1.1 200) 4 headers in 156 bytes (1 switches on core 0) [pid: 8|app: 0|req: 1383/2557] 199.19.213.11 () {34 vars in 1051 bytes} [Tue Jul 21 08:00:21 2026] GET /v2.0/ports?network_id=81dfade6-e0e1-46a1-8d9c-99602a5c1ba7&device_owner=network%3Adhcp => generated 12 bytes in 52 msecs (HTTP/1.1 200) 4 headers in 156 bytes (1 switches on core 0)
2026-07-21 08:00:21.698 7 INFO neutron.db.ovn_revision_numbers_db [None req-b39ac08d-6618-42e8-98d0-e4b1f9247cd3 d853afdc64b44f16a5f148ee9b6152c9 5f971b6b5f904fa3a00820017c9d7f70 - - default default] Successfully bumped revision number for resource e3a9273e-ce94-4b1d-a1a3-b73bcf98e72a (type: ports) to 1 [pid: 8|app: 0|req: 1384/2558] 199.19.213.11 () {34 vars in 1051 bytes} [Tue Jul 21 08:00:21 2026] GET /v2.0/ports?network_id=81dfade6-e0e1-46a1-8d9c-99602a5c1ba7&device_owner=network%3Adhcp => generated 12 bytes in 48 msecs (HTTP/1.1 200) 4 headers in 156 bytes (1 switches on core 0) [pid: 8|app: 0|req: 1385/2559] 199.19.213.11 () {34 vars in 1011 bytes} [Tue Jul 21 08:00:21 2026] GET /v2.0/networks/81dfade6-e0e1-46a1-8d9c-99602a5c1ba7?fields=segments => generated 14 bytes in 85 msecs (HTTP/1.1 200) 4 headers in 156 bytes (1 switches on core 0) [pid: 8|app: 0|req: 1386/2560] 199.19.213.11 () {34 vars in 1111 bytes} [Tue Jul 21 08:00:21 2026] GET /v2.0/networks/81dfade6-e0e1-46a1-8d9c-99602a5c1ba7?fields=provider%3Aphysical_network&fields=provider%3Anetwork_type => generated 79 bytes in 115 msecs (HTTP/1.1 200) 4 headers in 156 bytes (1 switches on core 0)
2026-07-21 08:00:22.339 8 INFO neutron.db.ovn_revision_numbers_db [None req-dab78801-a78a-4b34-8ce0-3bc18ac741c8 - - - - - -] Successfully bumped revision number for resource 5d3b396a-6b9e-4bb1-b26f-cafd1d8a738a (type: ports) to 4
2026-07-21 08:00:22.412 8 INFO neutron.db.ovn_revision_numbers_db [None req-9bdd924c-2c28-4dce-80f7-521825feb2dc d853afdc64b44f16a5f148ee9b6152c9 5f971b6b5f904fa3a00820017c9d7f70 - - default default] Successfully bumped revision number for resource 576cdd9f-bd14-4cfd-950f-78088c58ef99 (type: security_groups) to 1
2026-07-21 08:00:22.435 8 INFO neutron.db.ovn_revision_numbers_db [None req-9bdd924c-2c28-4dce-80f7-521825feb2dc d853afdc64b44f16a5f148ee9b6152c9 5f971b6b5f904fa3a00820017c9d7f70 - - default default] Successfully bumped revision number for resource 04e1decc-88c5-4f5f-b64b-fcc325bf0c08 (type: security_group_rules) to 0
2026-07-21 08:00:22.457 8 INFO neutron.db.ovn_revision_numbers_db [None req-9bdd924c-2c28-4dce-80f7-521825feb2dc d853afdc64b44f16a5f148ee9b6152c9 5f971b6b5f904fa3a00820017c9d7f70 - - default default] Successfully bumped revision number for resource 1466f5b6-72f8-4899-9c79-3f88779c5f88 (type: security_group_rules) to 0
2026-07-21 08:00:22.486 8 INFO neutron.db.ovn_revision_numbers_db [None req-9bdd924c-2c28-4dce-80f7-521825feb2dc d853afdc64b44f16a5f148ee9b6152c9 5f971b6b5f904fa3a00820017c9d7f70 - - default default] Successfully bumped revision number for resource d81df580-7df4-479c-84d3-d00d60924726 (type: security_group_rules) to 0
2026-07-21 08:00:22.495 7 WARNING neutron.scheduler.dhcp_agent_scheduler [None req-b39ac08d-6618-42e8-98d0-e4b1f9247cd3 d853afdc64b44f16a5f148ee9b6152c9 5f971b6b5f904fa3a00820017c9d7f70 - - default default] No more DHCP agents
2026-07-21 08:00:22.496 7 WARNING neutron.api.rpc.agentnotifiers.dhcp_rpc_agent_api [None req-b39ac08d-6618-42e8-98d0-e4b1f9247cd3 d853afdc64b44f16a5f148ee9b6152c9 5f971b6b5f904fa3a00820017c9d7f70 - - default default] Unable to schedule network a3b9243b-00b5-41f9-8015-7f7c6ec00d14: no agents available; will retry on subsequent port and subnet creation events.
2026-07-21 08:00:22.517 8 INFO neutron.db.ovn_revision_numbers_db [None req-9bdd924c-2c28-4dce-80f7-521825feb2dc d853afdc64b44f16a5f148ee9b6152c9 5f971b6b5f904fa3a00820017c9d7f70 - - default default] Successfully bumped revision number for resource fe72a5ab-f206-4f87-b587-4deb7d4b25cd (type: security_group_rules) to 0 [pid: 8|app: 0|req: 1389/2563] 10.0.0.16 () {32 vars in 773 bytes} [Tue Jul 21 08:00:22 2026] GET /v2.0/security-groups?tenant_id=225e7d30ffd44699b6d8768dba9d4784&name=default => generated 2925 bytes in 595 msecs (HTTP/1.1 200) 4 headers in 158 bytes (1 switches on core 0)
2026-07-21 08:00:22.962 8 INFO neutron.db.ovn_revision_numbers_db [None req-dab78801-a78a-4b34-8ce0-3bc18ac741c8 - - - - - -] Successfully bumped revision number for resource 5d3b396a-6b9e-4bb1-b26f-cafd1d8a738a (type: ports) to 5
2026-07-21 08:00:23.077 7 INFO neutron.db.ovn_revision_numbers_db [None req-b39ac08d-6618-42e8-98d0-e4b1f9247cd3 d853afdc64b44f16a5f148ee9b6152c9 5f971b6b5f904fa3a00820017c9d7f70 - - default default] Successfully bumped revision number for resource e3a9273e-ce94-4b1d-a1a3-b73bcf98e72a (type: router_ports) to 1 [pid: 7|app: 0|req: 1175/2564] 10.0.0.16 () {34 vars in 782 bytes} [Tue Jul 21 08:00:21 2026] PUT /v2.0/routers/f3a94305-112c-49fa-95fb-ce183d95825d/add_router_interface => generated 309 bytes in 1971 msecs (HTTP/1.1 200) 4 headers in 157 bytes (1 switches on core 0) [pid: 8|app: 0|req: 1390/2565] 10.0.0.16 () {32 vars in 739 bytes} [Tue Jul 21 08:00:22 2026] DELETE /v2.0/security-groups/576cdd9f-bd14-4cfd-950f-78088c58ef99 => generated 0 bytes in 485 msecs (HTTP/1.1 204) 2 headers in 112 bytes (1 switches on core 0)
2026-07-21 08:00:23.319 7 INFO neutron.db.ovn_revision_numbers_db [None req-669ebcf8-0c91-4041-bd5e-6f711110e0f1 d853afdc64b44f16a5f148ee9b6152c9 5f971b6b5f904fa3a00820017c9d7f70 - - default default] Successfully bumped revision number for resource 22e7a10d-d3b5-4044-af9a-32c403612c7c (type: security_groups) to 1
2026-07-21 08:00:23.329 7 INFO neutron.db.ovn_revision_numbers_db [None req-669ebcf8-0c91-4041-bd5e-6f711110e0f1 d853afdc64b44f16a5f148ee9b6152c9 5f971b6b5f904fa3a00820017c9d7f70 - - default default] Successfully bumped revision number for resource 98705eb8-2dbc-485f-82c8-3823f6893be0 (type: security_group_rules) to 0
2026-07-21 08:00:23.338 7 INFO neutron.db.ovn_revision_numbers_db [None req-669ebcf8-0c91-4041-bd5e-6f711110e0f1 d853afdc64b44f16a5f148ee9b6152c9 5f971b6b5f904fa3a00820017c9d7f70 - - default default] Successfully bumped revision number for resource b285ac48-067c-4033-bf49-e5df87ddc52e (type: security_group_rules) to 0
2026-07-21 08:00:23.355 7 INFO neutron.db.ovn_revision_numbers_db [None req-669ebcf8-0c91-4041-bd5e-6f711110e0f1 d853afdc64b44f16a5f148ee9b6152c9 5f971b6b5f904fa3a00820017c9d7f70 - - default default] Successfully bumped revision number for resource cf0d7746-172b-46a8-95d6-e509e4777292 (type: security_group_rules) to 0
2026-07-21 08:00:23.369 7 INFO neutron.db.ovn_revision_numbers_db [None req-669ebcf8-0c91-4041-bd5e-6f711110e0f1 d853afdc64b44f16a5f148ee9b6152c9 5f971b6b5f904fa3a00820017c9d7f70 - - default default] Successfully bumped revision number for resource d14cd9bc-41dd-4a46-819b-f4a351221d6f (type: security_group_rules) to 0 [pid: 7|app: 0|req: 1176/2566] 10.0.0.16 () {32 vars in 773 bytes} [Tue Jul 21 08:00:23 2026] GET /v2.0/security-groups?tenant_id=706a5822443b413ca92c4a5488a9daea&name=default => generated 2925 bytes in 229 msecs (HTTP/1.1 200) 4 headers in 158 bytes (1 switches on core 0) [pid: 8|app: 0|req: 1391/2567] 10.0.0.16 () {32 vars in 739 bytes} [Tue Jul 21 08:00:23 2026] DELETE /v2.0/security-groups/22e7a10d-d3b5-4044-af9a-32c403612c7c => generated 0 bytes in 312 msecs (HTTP/1.1 204) 2 headers in 112 bytes (1 switches on core 0)
2026-07-21 08:00:23.866 7 INFO neutron.plugins.ml2.drivers.ovn.mech_driver.mech_driver [None req-f68388b6-b3d9-4031-a2a1-8e49ce00eff6 - - - - - -] OVN reports status down for port: e3a9273e-ce94-4b1d-a1a3-b73bcf98e72a
2026-07-21 08:00:23.980 7 INFO neutron.plugins.ml2.drivers.ovn.mech_driver.mech_driver [None req-f68388b6-b3d9-4031-a2a1-8e49ce00eff6 - - - - - -] OVN reports status up for port: e3a9273e-ce94-4b1d-a1a3-b73bcf98e72a
2026-07-21 08:00:24.011 7 INFO neutron.plugins.ml2.plugin [None req-f68388b6-b3d9-4031-a2a1-8e49ce00eff6 - - - - - -] Attempt 1 to provision port e3a9273e-ce94-4b1d-a1a3-b73bcf98e72a
2026-07-21 08:00:24.013 7 INFO neutron.db.ovn_revision_numbers_db [None req-2a567536-3323-4bfb-9ea2-6e7722733bdb d853afdc64b44f16a5f148ee9b6152c9 5f971b6b5f904fa3a00820017c9d7f70 - - default default] Successfully bumped revision number for resource 2246f3d9-5fc4-454a-bb4f-33147cb291bd (type: security_groups) to 1
2026-07-21 08:00:24.036 7 INFO neutron.db.ovn_revision_numbers_db [None req-2a567536-3323-4bfb-9ea2-6e7722733bdb d853afdc64b44f16a5f148ee9b6152c9 5f971b6b5f904fa3a00820017c9d7f70 - - default default] Successfully bumped revision number for resource 26301eed-dd7d-41fe-91f0-b12ad7a5bbf7 (type: security_group_rules) to 0
2026-07-21 08:00:24.062 7 INFO neutron.db.ovn_revision_numbers_db [None req-2a567536-3323-4bfb-9ea2-6e7722733bdb d853afdc64b44f16a5f148ee9b6152c9 5f971b6b5f904fa3a00820017c9d7f70 - - default default] Successfully bumped revision number for resource 75ee85cc-a8de-4067-91a5-2884131b910d (type: security_group_rules) to 0
2026-07-21 08:00:24.079 7 INFO neutron.db.ovn_revision_numbers_db [None req-2a567536-3323-4bfb-9ea2-6e7722733bdb d853afdc64b44f16a5f148ee9b6152c9 5f971b6b5f904fa3a00820017c9d7f70 - - default default] Successfully bumped revision number for resource 7a397694-f948-4f6a-b6c1-20fb7de2146a (type: security_group_rules) to 0
2026-07-21 08:00:24.100 7 INFO neutron.db.ovn_revision_numbers_db [None req-2a567536-3323-4bfb-9ea2-6e7722733bdb d853afdc64b44f16a5f148ee9b6152c9 5f971b6b5f904fa3a00820017c9d7f70 - - default default] Successfully bumped revision number for resource c20abe16-2999-4330-85c4-22e8d51d3e65 (type: security_group_rules) to 0 [pid: 7|app: 0|req: 1177/2568] 10.0.0.16 () {32 vars in 773 bytes} [Tue Jul 21 08:00:23 2026] GET /v2.0/security-groups?tenant_id=20b098b85eba43159ac9972826993d70&name=default => generated 2925 bytes in 353 msecs (HTTP/1.1 200) 4 headers in 158 bytes (1 switches on core 0) [pid: 8|app: 0|req: 1392/2569] 10.0.0.16 () {32 vars in 739 bytes} [Tue Jul 21 08:00:24 2026] DELETE /v2.0/security-groups/2246f3d9-5fc4-454a-bb4f-33147cb291bd => generated 0 bytes in 237 msecs (HTTP/1.1 204) 2 headers in 112 bytes (1 switches on core 0)
2026-07-21 08:00:24.577 7 INFO neutron.db.ovn_revision_numbers_db [None req-bb48f706-f7ff-446b-84be-66ed74ec0335 d853afdc64b44f16a5f148ee9b6152c9 5f971b6b5f904fa3a00820017c9d7f70 - - default default] Successfully bumped revision number for resource 2b3fe34e-e515-4e37-8ef3-c829902048cd (type: security_groups) to 1
2026-07-21 08:00:24.606 7 INFO neutron.db.ovn_revision_numbers_db [None req-bb48f706-f7ff-446b-84be-66ed74ec0335 d853afdc64b44f16a5f148ee9b6152c9 5f971b6b5f904fa3a00820017c9d7f70 - - default default] Successfully bumped revision number for resource 0e545a31-c6cd-4791-92f7-257f43d58de2 (type: security_group_rules) to 0
2026-07-21 08:00:24.629 7 INFO neutron.db.ovn_revision_numbers_db [None req-bb48f706-f7ff-446b-84be-66ed74ec0335 d853afdc64b44f16a5f148ee9b6152c9 5f971b6b5f904fa3a00820017c9d7f70 - - default default] Successfully bumped revision number for resource 5c6b236b-436f-47ea-aaab-9439097cf9d5 (type: security_group_rules) to 0
2026-07-21 08:00:24.687 7 INFO neutron.db.ovn_revision_numbers_db [None req-bb48f706-f7ff-446b-84be-66ed74ec0335 d853afdc64b44f16a5f148ee9b6152c9 5f971b6b5f904fa3a00820017c9d7f70 - - default default] Successfully bumped revision number for resource b4a4b7c8-ef07-4ffd-8c36-57773ed29e78 (type: security_group_rules) to 0
2026-07-21 08:00:24.706 7 INFO neutron.db.ovn_revision_numbers_db [None req-bb48f706-f7ff-446b-84be-66ed74ec0335 d853afdc64b44f16a5f148ee9b6152c9 5f971b6b5f904fa3a00820017c9d7f70 - - default default] Successfully bumped revision number for resource c4e26442-f96d-46d1-8829-7ddc497574c0 (type: security_group_rules) to 0
2026-07-21 08:00:24.764 7 INFO neutron.db.ovn_revision_numbers_db [None req-f68388b6-b3d9-4031-a2a1-8e49ce00eff6 - - - - - -] Successfully bumped revision number for resource e3a9273e-ce94-4b1d-a1a3-b73bcf98e72a (type: ports) to 2
2026-07-21 08:00:24.809 7 INFO neutron.db.segments_db [None req-bb48f706-f7ff-446b-84be-66ed74ec0335 d853afdc64b44f16a5f148ee9b6152c9 5f971b6b5f904fa3a00820017c9d7f70 - - default default] Added segment 0e2502a1-29dd-41f6-9680-b00a467320d3 of type geneve for network cba573bd-d15d-44f9-b1cd-4b42ec870b57
2026-07-21 08:00:25.014 7 INFO neutron.db.ovn_revision_numbers_db [None req-bb48f706-f7ff-446b-84be-66ed74ec0335 d853afdc64b44f16a5f148ee9b6152c9 5f971b6b5f904fa3a00820017c9d7f70 - - default default] Successfully bumped revision number for resource cba573bd-d15d-44f9-b1cd-4b42ec870b57 (type: networks) to 1
2026-07-21 08:00:25.075 7 INFO neutron.db.ovn_revision_numbers_db [None req-82691eed-8131-47ab-8c07-d1bc0082ea88 - - - - - -] Successfully bumped revision number for resource e3a9273e-ce94-4b1d-a1a3-b73bcf98e72a (type: router_ports) to 2
2026-07-21 08:00:25.248 7 WARNING neutron.scheduler.dhcp_agent_scheduler [None req-bb48f706-f7ff-446b-84be-66ed74ec0335 d853afdc64b44f16a5f148ee9b6152c9 5f971b6b5f904fa3a00820017c9d7f70 - - default default] No more DHCP agents
2026-07-21 08:00:25.250 7 WARNING neutron.api.rpc.agentnotifiers.dhcp_rpc_agent_api [None req-bb48f706-f7ff-446b-84be-66ed74ec0335 d853afdc64b44f16a5f148ee9b6152c9 5f971b6b5f904fa3a00820017c9d7f70 - - default default] Unable to schedule network cba573bd-d15d-44f9-b1cd-4b42ec870b57: no agents available; will retry on subsequent port and subnet creation events.
2026-07-21 08:00:25.313 7 INFO neutron.plugins.ml2.drivers.ovn.mech_driver.mech_driver [None req-82691eed-8131-47ab-8c07-d1bc0082ea88 - - - - - -] OVN reports status down for port: e20b80ad-00ce-4688-be1e-e6d92700b242
2026-07-21 08:00:25.375 7 INFO neutron.db.ovn_revision_numbers_db [None req-bb48f706-f7ff-446b-84be-66ed74ec0335 d853afdc64b44f16a5f148ee9b6152c9 5f971b6b5f904fa3a00820017c9d7f70 - - default default] Successfully bumped revision number for resource e20b80ad-00ce-4688-be1e-e6d92700b242 (type: ports) to 1 [pid: 7|app: 0|req: 1178/2570] 10.0.0.16 () {34 vars in 670 bytes} [Tue Jul 21 08:00:24 2026] POST /v2.0/networks => generated 743 bytes in 1205 msecs (HTTP/1.1 201) 4 headers in 162 bytes (1 switches on core 0)
2026-07-21 08:00:25.578 8 WARNING neutron.scheduler.dhcp_agent_scheduler [None req-71c23a80-4597-42d9-b8dc-bd2abf3846e8 d853afdc64b44f16a5f148ee9b6152c9 5f971b6b5f904fa3a00820017c9d7f70 - - default default] No more DHCP agents
2026-07-21 08:00:25.580 8 WARNING neutron.api.rpc.agentnotifiers.dhcp_rpc_agent_api [None req-71c23a80-4597-42d9-b8dc-bd2abf3846e8 d853afdc64b44f16a5f148ee9b6152c9 5f971b6b5f904fa3a00820017c9d7f70 - - default default] Unable to schedule network cba573bd-d15d-44f9-b1cd-4b42ec870b57: no agents available; will retry on subsequent port and subnet creation events. [pid: 7|app: 0|req: 1179/2571] 199.19.213.11 () {34 vars in 985 bytes} [Tue Jul 21 08:00:25 2026] GET /v2.0/networks?id=a1348d73-64fc-4b09-a635-5df0e1492787 => generated 705 bytes in 50 msecs (HTTP/1.1 200) 4 headers in 157 bytes (1 switches on core 0) [pid: 7|app: 0|req: 1180/2572] 199.19.213.11 () {34 vars in 1049 bytes} [Tue Jul 21 08:00:25 2026] GET /v2.0/security-groups?fields=id&fields=name&tenant_id=b7b49f0a202946e29854a95a445e15c0 => generated 179 bytes in 55 msecs (HTTP/1.1 200) 4 headers in 157 bytes (1 switches on core 0)
2026-07-21 08:00:26.081 8 INFO neutron.db.ovn_revision_numbers_db [None req-599c75f9-14f9-4e66-b746-1d09b629b391 - - - - - -] Successfully bumped revision number for resource e20b80ad-00ce-4688-be1e-e6d92700b242 (type: ports) to 2
2026-07-21 08:00:26.115 8 INFO neutron.db.ovn_revision_numbers_db [None req-599c75f9-14f9-4e66-b746-1d09b629b391 - - - - - -] Successfully bumped revision number for resource 1fd631d4-2e10-41a1-a270-62a6c0e189ca (type: subnets) to 0 [pid: 8|app: 0|req: 1393/2573] 10.0.0.16 () {34 vars in 668 bytes} [Tue Jul 21 08:00:25 2026] POST /v2.0/subnets => generated 688 bytes in 698 msecs (HTTP/1.1 201) 4 headers in 162 bytes (1 switches on core 0)
2026-07-21 08:00:26.318 7 WARNING neutron.scheduler.dhcp_agent_scheduler [req-de0276de-e358-4a28-b589-35a761b4b786 req-92230ee4-a76b-4b2e-b382-4f54291bbaba 56b38a9a2aea4c928a00a049e2778c1d b7b49f0a202946e29854a95a445e15c0 - - default default] No more DHCP agents
2026-07-21 08:00:26.319 7 WARNING neutron.api.rpc.agentnotifiers.dhcp_rpc_agent_api [req-de0276de-e358-4a28-b589-35a761b4b786 req-92230ee4-a76b-4b2e-b382-4f54291bbaba 56b38a9a2aea4c928a00a049e2778c1d b7b49f0a202946e29854a95a445e15c0 - - default default] Unable to schedule network a1348d73-64fc-4b09-a635-5df0e1492787: no agents available; will retry on subsequent port and subnet creation events.
2026-07-21 08:00:26.463 7 INFO neutron.plugins.ml2.drivers.ovn.mech_driver.mech_driver [None req-82691eed-8131-47ab-8c07-d1bc0082ea88 - - - - - -] OVN reports status down for port: fcc777cf-5a98-4113-a5e6-e7d6a669f7e4
2026-07-21 08:00:26.578 8 WARNING neutron.scheduler.dhcp_agent_scheduler [None req-0796c9ae-a14a-49cb-ba5a-25db13d90512 d853afdc64b44f16a5f148ee9b6152c9 5f971b6b5f904fa3a00820017c9d7f70 - - default default] No more DHCP agents
2026-07-21 08:00:26.580 8 WARNING neutron.api.rpc.agentnotifiers.dhcp_rpc_agent_api [None req-0796c9ae-a14a-49cb-ba5a-25db13d90512 d853afdc64b44f16a5f148ee9b6152c9 5f971b6b5f904fa3a00820017c9d7f70 - - default default] Unable to schedule network c63a7e8d-30ac-4d43-a14a-5423ac786860: no agents available; will retry on subsequent port and subnet creation events.
2026-07-21 08:00:26.702 8 INFO neutron.plugins.ml2.drivers.ovn.mech_driver.mech_driver [None req-cbd63426-7572-4d47-802a-05db057257d8 - - - - - -] OVN reports status down for port: cd65cd13-64fd-4c39-8c02-d4c0463439b8
2026-07-21 08:00:26.780 8 INFO neutron.db.ovn_revision_numbers_db [None req-0796c9ae-a14a-49cb-ba5a-25db13d90512 d853afdc64b44f16a5f148ee9b6152c9 5f971b6b5f904fa3a00820017c9d7f70 - - default default] Successfully bumped revision number for resource cd65cd13-64fd-4c39-8c02-d4c0463439b8 (type: ports) to 1
2026-07-21 08:00:27.138 7 INFO neutron.db.ovn_revision_numbers_db [req-de0276de-e358-4a28-b589-35a761b4b786 req-92230ee4-a76b-4b2e-b382-4f54291bbaba 56b38a9a2aea4c928a00a049e2778c1d b7b49f0a202946e29854a95a445e15c0 - - default default] Successfully bumped revision number for resource fcc777cf-5a98-4113-a5e6-e7d6a669f7e4 (type: ports) to 1 [pid: 7|app: 0|req: 1181/2574] 199.19.213.11 () {38 vars in 954 bytes} [Tue Jul 21 08:00:25 2026] POST /v2.0/ports => generated 1187 bytes in 1317 msecs (HTTP/1.1 201) 4 headers in 163 bytes (1 switches on core 0) /var/lib/openstack/lib/python3.12/site-packages/pycadf/identifier.py:70: UserWarning: Invalid uuid: neutron. To ensure interoperability, identifiers should be a valid uuid. warnings.warn(('Invalid uuid: %s. To ensure interoperability, ' [pid: 7|app: 0|req: 1182/2575] 10.0.0.134 () {34 vars in 990 bytes} [Tue Jul 21 08:00:27 2026] GET /v2.0/ports?device_id=10c87c8d-29fc-4c48-b60c-89f8762e378e => generated 1438 bytes in 32 msecs (HTTP/1.1 200) 4 headers in 158 bytes (1 switches on core 0) [pid: 7|app: 0|req: 1183/2576] 10.0.0.20 () {34 vars in 989 bytes} [Tue Jul 21 08:00:27 2026] GET /v2.0/ports?device_id=6eab576c-5d93-4273-9523-0b1635f6e9da => generated 1190 bytes in 26 msecs (HTTP/1.1 200) 4 headers in 158 bytes (1 switches on core 0)
2026-07-21 08:00:27.482 8 INFO neutron.plugins.ml2.drivers.ovn.mech_driver.ovsdb.commands [None req-1562d81f-bbf5-49c9-99a2-2e1ffbc3e2a1 - - - - - -] Schedule LRP lrp-cd65cd13-64fd-4c39-8c02-d4c0463439b8 on gateway 926c8f04-6759-4a3f-8dcb-6a4a3b8effd0 with priority 1
2026-07-21 08:00:27.532 8 INFO neutron.plugins.ml2.drivers.ovn.mech_driver.ovsdb.ovsdb_monitor [None req-dab78801-a78a-4b34-8ce0-3bc18ac741c8 - - - - - -] Router f7a15458-d345-47a1-9902-9725d9ce2373 is bound to host instance
2026-07-21 08:00:27.546 8 INFO neutron.plugins.ml2.drivers.ovn.mech_driver.mech_driver [None req-cbd63426-7572-4d47-802a-05db057257d8 - - - - - -] OVN reports status up for port: cd65cd13-64fd-4c39-8c02-d4c0463439b8
2026-07-21 08:00:27.605 8 INFO neutron.plugins.ml2.plugin [None req-cbd63426-7572-4d47-802a-05db057257d8 - - - - - -] Attempt 1 to provision port cd65cd13-64fd-4c39-8c02-d4c0463439b8
2026-07-21 08:00:27.693 8 INFO neutron.db.ovn_revision_numbers_db [None req-0796c9ae-a14a-49cb-ba5a-25db13d90512 d853afdc64b44f16a5f148ee9b6152c9 5f971b6b5f904fa3a00820017c9d7f70 - - default default] Successfully bumped revision number for resource cd65cd13-64fd-4c39-8c02-d4c0463439b8 (type: router_ports) to 1
2026-07-21 08:00:27.707 7 INFO neutron.db.ovn_revision_numbers_db [req-de0276de-e358-4a28-b589-35a761b4b786 req-a6d86c96-1a81-465a-9bb3-746257a5d087 b0e16577d0454722939ee1a350226434 8c2c98cb451443aebd74369131c03fc5 - - 32106ee077b04fb3afa539eadd07645c 32106ee077b04fb3afa539eadd07645c] Successfully bumped revision number for resource fcc777cf-5a98-4113-a5e6-e7d6a669f7e4 (type: ports) to 2
2026-07-21 08:00:27.871 8 INFO neutron.db.ovn_revision_numbers_db [None req-0796c9ae-a14a-49cb-ba5a-25db13d90512 d853afdc64b44f16a5f148ee9b6152c9 5f971b6b5f904fa3a00820017c9d7f70 - - default default] Successfully bumped revision number for resource f7a15458-d345-47a1-9902-9725d9ce2373 (type: routers) to 2 [pid: 8|app: 0|req: 1394/2577] 10.0.0.16 () {34 vars in 668 bytes} [Tue Jul 21 08:00:26 2026] POST /v2.0/routers => generated 966 bytes in 1796 msecs (HTTP/1.1 201) 4 headers in 162 bytes (1 switches on core 0)
2026-07-21 08:00:27.998 7 INFO neutron.db.ovn_revision_numbers_db [req-de0276de-e358-4a28-b589-35a761b4b786 req-a6d86c96-1a81-465a-9bb3-746257a5d087 b0e16577d0454722939ee1a350226434 8c2c98cb451443aebd74369131c03fc5 - - 32106ee077b04fb3afa539eadd07645c 32106ee077b04fb3afa539eadd07645c] Successfully bumped revision number for resource fcc777cf-5a98-4113-a5e6-e7d6a669f7e4 (type: ports) to 4 [pid: 7|app: 0|req: 1184/2578] 199.19.213.11 () {38 vars in 1027 bytes} [Tue Jul 21 08:00:27 2026] PUT /v2.0/ports/fcc777cf-5a98-4113-a5e6-e7d6a669f7e4 => generated 1437 bytes in 744 msecs (HTTP/1.1 200) 4 headers in 158 bytes (1 switches on core 0) /var/lib/openstack/lib/python3.12/site-packages/pycadf/identifier.py:70: UserWarning: Invalid uuid: neutron. To ensure interoperability, identifiers should be a valid uuid. warnings.warn(('Invalid uuid: %s. To ensure interoperability, ' [pid: 8|app: 0|req: 1395/2579] 10.0.0.134 () {34 vars in 1040 bytes} [Tue Jul 21 08:00:27 2026] GET /v2.0/security-groups?id=c2d284db-0a92-4eb7-8038-62ef008ca29c&fields=id&fields=name => generated 112 bytes in 128 msecs (HTTP/1.1 200) 4 headers in 157 bytes (1 switches on core 0)
2026-07-21 08:00:28.082 7 INFO neutron.notifiers.nova [-] Nova event matching ['req-1701de9e-eca1-4ce8-994e-74279de37c06'] response: {'name': 'network-changed', 'server_uuid': '6eab576c-5d93-4273-9523-0b1635f6e9da', 'tag': 'fcc777cf-5a98-4113-a5e6-e7d6a669f7e4', 'status': 'completed', 'code': 200} [pid: 7|app: 0|req: 1185/2580] 10.0.0.20 () {34 vars in 1039 bytes} [Tue Jul 21 08:00:28 2026] GET /v2.0/security-groups?id=c2d284db-0a92-4eb7-8038-62ef008ca29c&fields=id&fields=name => generated 112 bytes in 53 msecs (HTTP/1.1 200) 4 headers in 157 bytes (1 switches on core 0) [pid: 7|app: 0|req: 1186/2581] 199.19.213.11 () {34 vars in 1079 bytes} [Tue Jul 21 08:00:28 2026] GET /v2.0/ports?tenant_id=b7b49f0a202946e29854a95a445e15c0&device_id=6eab576c-5d93-4273-9523-0b1635f6e9da => generated 1440 bytes in 65 msecs (HTTP/1.1 200) 4 headers in 158 bytes (1 switches on core 0) [pid: 7|app: 0|req: 1187/2582] 199.19.213.11 () {34 vars in 1017 bytes} [Tue Jul 21 08:00:28 2026] GET /v2.0/networks?tenant_id=b7b49f0a202946e29854a95a445e15c0&shared=False => generated 2386 bytes in 72 msecs (HTTP/1.1 200) 4 headers in 158 bytes (1 switches on core 0) [pid: 7|app: 0|req: 1188/2583] 199.19.213.11 () {34 vars in 929 bytes} [Tue Jul 21 08:00:28 2026] GET /v2.0/networks?shared=True => generated 753 bytes in 39 msecs (HTTP/1.1 200) 4 headers in 157 bytes (1 switches on core 0)
2026-07-21 08:00:28.912 8 WARNING neutron.scheduler.dhcp_agent_scheduler [None req-ef5525f4-9d7f-41e5-a66b-f3abcbfd4e20 d853afdc64b44f16a5f148ee9b6152c9 5f971b6b5f904fa3a00820017c9d7f70 - - default default] No more DHCP agents
2026-07-21 08:00:28.915 8 WARNING neutron.api.rpc.agentnotifiers.dhcp_rpc_agent_api [None req-ef5525f4-9d7f-41e5-a66b-f3abcbfd4e20 d853afdc64b44f16a5f148ee9b6152c9 5f971b6b5f904fa3a00820017c9d7f70 - - default default] Unable to schedule network cba573bd-d15d-44f9-b1cd-4b42ec870b57: no agents available; will retry on subsequent port and subnet creation events.
2026-07-21 08:00:29.194 8 INFO neutron.db.ovn_revision_numbers_db [None req-ef5525f4-9d7f-41e5-a66b-f3abcbfd4e20 d853afdc64b44f16a5f148ee9b6152c9 5f971b6b5f904fa3a00820017c9d7f70 - - default default] Successfully bumped revision number for resource 000d37af-ff29-4d0b-8c1a-f703c9123012 (type: ports) to 1
2026-07-21 08:00:29.484 8 INFO neutron.db.ovn_revision_numbers_db [None req-1404b5e6-cfc4-47ef-bf8e-385a78211262 - - - - - -] Successfully bumped revision number for resource cd65cd13-64fd-4c39-8c02-d4c0463439b8 (type: ports) to 4
2026-07-21 08:00:29.492 7 INFO neutron.db.ovn_revision_numbers_db [None req-d92acc47-0978-462b-8019-38ff1d1db141 4c9a14a42f9948b18209fa95cf6e46c5 45cbaf19ea0340d48d33d456bc3e9457 - - default default] Successfully bumped revision number for resource 99779541-8b0b-43ea-8207-2d76c505846a (type: security_groups) to 1
2026-07-21 08:00:29.508 7 INFO neutron.db.ovn_revision_numbers_db [None req-d92acc47-0978-462b-8019-38ff1d1db141 4c9a14a42f9948b18209fa95cf6e46c5 45cbaf19ea0340d48d33d456bc3e9457 - - default default] Successfully bumped revision number for resource 177906a2-efe9-472f-8b14-0421b76c81fb (type: security_group_rules) to 0
2026-07-21 08:00:29.535 7 INFO neutron.db.ovn_revision_numbers_db [None req-d92acc47-0978-462b-8019-38ff1d1db141 4c9a14a42f9948b18209fa95cf6e46c5 45cbaf19ea0340d48d33d456bc3e9457 - - default default] Successfully bumped revision number for resource 26f56b0f-8241-4691-8110-34f78a06dc85 (type: security_group_rules) to 0
2026-07-21 08:00:29.555 7 INFO neutron.db.ovn_revision_numbers_db [None req-d92acc47-0978-462b-8019-38ff1d1db141 4c9a14a42f9948b18209fa95cf6e46c5 45cbaf19ea0340d48d33d456bc3e9457 - - default default] Successfully bumped revision number for resource 72a1b31b-a05e-48b7-b25e-9588d3a1baae (type: security_group_rules) to 0
2026-07-21 08:00:29.567 7 INFO neutron.db.ovn_revision_numbers_db [None req-d92acc47-0978-462b-8019-38ff1d1db141 4c9a14a42f9948b18209fa95cf6e46c5 45cbaf19ea0340d48d33d456bc3e9457 - - default default] Successfully bumped revision number for resource b311ee62-53b4-403d-ad9f-ed5b197ccdbc (type: security_group_rules) to 0
2026-07-21 08:00:29.654 7 INFO neutron.db.segments_db [None req-d92acc47-0978-462b-8019-38ff1d1db141 4c9a14a42f9948b18209fa95cf6e46c5 45cbaf19ea0340d48d33d456bc3e9457 - - default default] Added segment 56c1fdde-755a-4a95-8688-08d06f91beb3 of type geneve for network e049022e-5e9a-4765-845f-72948181529a
2026-07-21 08:00:29.809 7 INFO neutron.db.ovn_revision_numbers_db [None req-d92acc47-0978-462b-8019-38ff1d1db141 4c9a14a42f9948b18209fa95cf6e46c5 45cbaf19ea0340d48d33d456bc3e9457 - - default default] Successfully bumped revision number for resource e049022e-5e9a-4765-845f-72948181529a (type: networks) to 1
2026-07-21 08:00:30.046 7 WARNING neutron.scheduler.dhcp_agent_scheduler [None req-d92acc47-0978-462b-8019-38ff1d1db141 4c9a14a42f9948b18209fa95cf6e46c5 45cbaf19ea0340d48d33d456bc3e9457 - - default default] No more DHCP agents
2026-07-21 08:00:30.047 7 WARNING neutron.api.rpc.agentnotifiers.dhcp_rpc_agent_api [None req-d92acc47-0978-462b-8019-38ff1d1db141 4c9a14a42f9948b18209fa95cf6e46c5 45cbaf19ea0340d48d33d456bc3e9457 - - default default] Unable to schedule network e049022e-5e9a-4765-845f-72948181529a: no agents available; will retry on subsequent port and subnet creation events.
2026-07-21 08:00:30.138 7 INFO neutron.db.ovn_revision_numbers_db [None req-d92acc47-0978-462b-8019-38ff1d1db141 4c9a14a42f9948b18209fa95cf6e46c5 45cbaf19ea0340d48d33d456bc3e9457 - - default default] Successfully bumped revision number for resource 39fc94a1-5215-4c52-a9e9-3151cde24f4a (type: ports) to 1 [pid: 7|app: 0|req: 1189/2584] 10.0.0.16 () {34 vars in 669 bytes} [Tue Jul 21 08:00:29 2026] POST /v2.0/networks => generated 632 bytes in 1050 msecs (HTTP/1.1 201) 4 headers in 162 bytes (1 switches on core 0)
2026-07-21 08:00:30.183 8 INFO neutron.plugins.ml2.drivers.ovn.mech_driver.mech_driver [None req-cbd63426-7572-4d47-802a-05db057257d8 - - - - - -] OVN reports status down for port: 000d37af-ff29-4d0b-8c1a-f703c9123012 [pid: 7|app: 0|req: 1190/2585] 199.19.213.11 () {34 vars in 1079 bytes} [Tue Jul 21 08:00:30 2026] GET /v2.0/ports?tenant_id=b7b49f0a202946e29854a95a445e15c0&device_id=6eab576c-5d93-4273-9523-0b1635f6e9da => generated 1440 bytes in 54 msecs (HTTP/1.1 200) 4 headers in 158 bytes (1 switches on core 0)
2026-07-21 08:00:30.318 8 INFO neutron.db.ovn_revision_numbers_db [None req-1404b5e6-cfc4-47ef-bf8e-385a78211262 - - - - - -] Successfully bumped revision number for resource cd65cd13-64fd-4c39-8c02-d4c0463439b8 (type: ports) to 5
2026-07-21 08:00:30.423 8 INFO neutron.plugins.ml2.drivers.ovn.mech_driver.mech_driver [None req-cbd63426-7572-4d47-802a-05db057257d8 - - - - - -] OVN reports status down for port: 39fc94a1-5215-4c52-a9e9-3151cde24f4a
2026-07-21 08:00:30.485 7 WARNING neutron.scheduler.dhcp_agent_scheduler [None req-10d8f38f-2db5-452e-bb06-a54a031b4d1f 4c9a14a42f9948b18209fa95cf6e46c5 45cbaf19ea0340d48d33d456bc3e9457 - - default default] No more DHCP agents
2026-07-21 08:00:30.487 7 WARNING neutron.api.rpc.agentnotifiers.dhcp_rpc_agent_api [None req-10d8f38f-2db5-452e-bb06-a54a031b4d1f 4c9a14a42f9948b18209fa95cf6e46c5 45cbaf19ea0340d48d33d456bc3e9457 - - default default] Unable to schedule network e049022e-5e9a-4765-845f-72948181529a: no agents available; will retry on subsequent port and subnet creation events.
2026-07-21 08:00:30.562 7 INFO neutron.plugins.ml2.drivers.ovn.mech_driver.mech_driver [None req-82691eed-8131-47ab-8c07-d1bc0082ea88 - - - - - -] OVN reports status down for port: 1aea8ba3-0d3d-47a4-aacd-20468027e615
2026-07-21 08:00:30.635 7 INFO neutron.db.ovn_revision_numbers_db [None req-10d8f38f-2db5-452e-bb06-a54a031b4d1f 4c9a14a42f9948b18209fa95cf6e46c5 45cbaf19ea0340d48d33d456bc3e9457 - - default default] Successfully bumped revision number for resource 1aea8ba3-0d3d-47a4-aacd-20468027e615 (type: ports) to 1
2026-07-21 08:00:30.696 8 INFO neutron.plugins.ml2.drivers.ovn.mech_driver.mech_driver [None req-cbd63426-7572-4d47-802a-05db057257d8 - - - - - -] OVN reports status up for port: 000d37af-ff29-4d0b-8c1a-f703c9123012 [pid: 7|app: 0|req: 1191/2586] 10.0.0.16 () {34 vars in 663 bytes} [Tue Jul 21 08:00:30 2026] POST /v2.0/ports => generated 743 bytes in 490 msecs (HTTP/1.1 201) 4 headers in 162 bytes (1 switches on core 0) /var/lib/openstack/lib/python3.12/site-packages/pycadf/identifier.py:70: UserWarning: Invalid uuid: neutron. To ensure interoperability, identifiers should be a valid uuid. warnings.warn(('Invalid uuid: %s. To ensure interoperability, '
2026-07-21 08:00:30.717 8 INFO neutron.plugins.ml2.plugin [None req-cbd63426-7572-4d47-802a-05db057257d8 - - - - - -] Attempt 1 to provision port 000d37af-ff29-4d0b-8c1a-f703c9123012 [pid: 7|app: 0|req: 1192/2587] 199.19.213.11 () {34 vars in 1057 bytes} [Tue Jul 21 08:00:30 2026] GET /v2.0/floatingips?fixed_ip_address=10.2.2.218&port_id=fcc777cf-5a98-4113-a5e6-e7d6a669f7e4 => generated 19 bytes in 18 msecs (HTTP/1.1 200) 4 headers in 156 bytes (1 switches on core 0)
2026-07-21 08:00:30.822 8 WARNING neutron.scheduler.dhcp_agent_scheduler [None req-ef5525f4-9d7f-41e5-a66b-f3abcbfd4e20 d853afdc64b44f16a5f148ee9b6152c9 5f971b6b5f904fa3a00820017c9d7f70 - - default default] No more DHCP agents
2026-07-21 08:00:30.832 8 WARNING neutron.api.rpc.agentnotifiers.dhcp_rpc_agent_api [None req-ef5525f4-9d7f-41e5-a66b-f3abcbfd4e20 d853afdc64b44f16a5f148ee9b6152c9 5f971b6b5f904fa3a00820017c9d7f70 - - default default] Unable to schedule network cba573bd-d15d-44f9-b1cd-4b42ec870b57: no agents available; will retry on subsequent port and subnet creation events. [pid: 7|app: 0|req: 1193/2588] 10.0.0.16 () {34 vars in 665 bytes} [Tue Jul 21 08:00:30 2026] POST /v2.0/trunks => generated 409 bytes in 181 msecs (HTTP/1.1 201) 4 headers in 162 bytes (1 switches on core 0) [pid: 7|app: 0|req: 1194/2589] 199.19.213.11 () {34 vars in 1105 bytes} [Tue Jul 21 08:00:30 2026] GET /v2.0/floatingips?fixed_ip_address=fd77%3A1457%3A4cf0%3A26a8%3A%3A169&port_id=fcc777cf-5a98-4113-a5e6-e7d6a669f7e4 => generated 19 bytes in 20 msecs (HTTP/1.1 200) 4 headers in 156 bytes (1 switches on core 0)
2026-07-21 08:00:31.027 7 INFO neutron.db.segments_db [None req-b1a65af8-ab5f-4874-a5c0-e719f65cfa54 4c9a14a42f9948b18209fa95cf6e46c5 45cbaf19ea0340d48d33d456bc3e9457 - - default default] Added segment c0b7c9d4-b437-4b60-877d-432b9707db1b of type geneve for network 8b59e1b0-1264-4312-ab5c-e873a66dd4a9
2026-07-21 08:00:31.134 7 INFO neutron.db.ovn_revision_numbers_db [None req-b1a65af8-ab5f-4874-a5c0-e719f65cfa54 4c9a14a42f9948b18209fa95cf6e46c5 45cbaf19ea0340d48d33d456bc3e9457 - - default default] Successfully bumped revision number for resource 8b59e1b0-1264-4312-ab5c-e873a66dd4a9 (type: networks) to 1
2026-07-21 08:00:31.303 7 WARNING neutron.scheduler.dhcp_agent_scheduler [None req-b1a65af8-ab5f-4874-a5c0-e719f65cfa54 4c9a14a42f9948b18209fa95cf6e46c5 45cbaf19ea0340d48d33d456bc3e9457 - - default default] No more DHCP agents
2026-07-21 08:00:31.305 7 WARNING neutron.api.rpc.agentnotifiers.dhcp_rpc_agent_api [None req-b1a65af8-ab5f-4874-a5c0-e719f65cfa54 4c9a14a42f9948b18209fa95cf6e46c5 45cbaf19ea0340d48d33d456bc3e9457 - - default default] Unable to schedule network 8b59e1b0-1264-4312-ab5c-e873a66dd4a9: no agents available; will retry on subsequent port and subnet creation events.
2026-07-21 08:00:31.351 7 INFO neutron.plugins.ml2.drivers.ovn.mech_driver.mech_driver [None req-82691eed-8131-47ab-8c07-d1bc0082ea88 - - - - - -] OVN reports status down for port: 4ca80562-0667-4ead-af93-cf041244ce68
2026-07-21 08:00:31.426 7 INFO neutron.db.ovn_revision_numbers_db [None req-b1a65af8-ab5f-4874-a5c0-e719f65cfa54 4c9a14a42f9948b18209fa95cf6e46c5 45cbaf19ea0340d48d33d456bc3e9457 - - default default] Successfully bumped revision number for resource 4ca80562-0667-4ead-af93-cf041244ce68 (type: ports) to 1 [pid: 7|app: 0|req: 1195/2590] 10.0.0.16 () {34 vars in 669 bytes} [Tue Jul 21 08:00:30 2026] POST /v2.0/networks => generated 630 bytes in 544 msecs (HTTP/1.1 201) 4 headers in 162 bytes (1 switches on core 0)
2026-07-21 08:00:31.492 8 INFO neutron.db.ovn_revision_numbers_db [None req-cbd63426-7572-4d47-802a-05db057257d8 - - - - - -] Successfully bumped revision number for resource 000d37af-ff29-4d0b-8c1a-f703c9123012 (type: ports) to 2 [pid: 7|app: 0|req: 1196/2591] 199.19.213.11 () {34 vars in 1063 bytes} [Tue Jul 21 08:00:31 2026] GET /v2.0/subnets?id=d19d7d83-02ea-4d1e-b2e4-0621bd6be2ca&id=ba4b89a0-625b-43b8-b546-d8a74b5a4012 => generated 1413 bytes in 40 msecs (HTTP/1.1 200) 4 headers in 158 bytes (1 switches on core 0)
2026-07-21 08:00:31.776 7 WARNING neutron.scheduler.dhcp_agent_scheduler [None req-13872936-6d7c-420c-a0ed-ee20480c615b 4c9a14a42f9948b18209fa95cf6e46c5 45cbaf19ea0340d48d33d456bc3e9457 - - default default] No more DHCP agents
2026-07-21 08:00:31.778 7 WARNING neutron.api.rpc.agentnotifiers.dhcp_rpc_agent_api [None req-13872936-6d7c-420c-a0ed-ee20480c615b 4c9a14a42f9948b18209fa95cf6e46c5 45cbaf19ea0340d48d33d456bc3e9457 - - default default] Unable to schedule network 8b59e1b0-1264-4312-ab5c-e873a66dd4a9: no agents available; will retry on subsequent port and subnet creation events.
2026-07-21 08:00:31.786 8 INFO neutron.db.ovn_revision_numbers_db [None req-ef5525f4-9d7f-41e5-a66b-f3abcbfd4e20 d853afdc64b44f16a5f148ee9b6152c9 5f971b6b5f904fa3a00820017c9d7f70 - - default default] Successfully bumped revision number for resource 000d37af-ff29-4d0b-8c1a-f703c9123012 (type: router_ports) to 1 [pid: 8|app: 0|req: 1396/2592] 10.0.0.16 () {34 vars in 782 bytes} [Tue Jul 21 08:00:28 2026] PUT /v2.0/routers/f7a15458-d345-47a1-9902-9725d9ce2373/add_router_interface => generated 309 bytes in 3731 msecs (HTTP/1.1 200) 4 headers in 157 bytes (1 switches on core 0)
2026-07-21 08:00:31.874 7 INFO neutron.db.ovn_revision_numbers_db [None req-13872936-6d7c-420c-a0ed-ee20480c615b 4c9a14a42f9948b18209fa95cf6e46c5 45cbaf19ea0340d48d33d456bc3e9457 - - default default] Successfully bumped revision number for resource e98d92b3-ebc5-4444-8134-fdad8731e731 (type: ports) to 1 [pid: 8|app: 0|req: 1397/2593] 199.19.213.11 () {34 vars in 1051 bytes} [Tue Jul 21 08:00:31 2026] GET /v2.0/ports?network_id=a1348d73-64fc-4b09-a635-5df0e1492787&device_owner=network%3Adhcp => generated 12 bytes in 96 msecs (HTTP/1.1 200) 4 headers in 156 bytes (1 switches on core 0)
2026-07-21 08:00:31.919 8 INFO neutron.db.ovn_revision_numbers_db [None req-816e0d95-2c05-4619-b95c-09593b017de0 - - - - - -] Successfully bumped revision number for resource 000d37af-ff29-4d0b-8c1a-f703c9123012 (type: router_ports) to 2
2026-07-21 08:00:31.920 8 INFO neutron.plugins.ml2.drivers.ovn.mech_driver.mech_driver [None req-816e0d95-2c05-4619-b95c-09593b017de0 - - - - - -] OVN reports status down for port: e98d92b3-ebc5-4444-8134-fdad8731e731 [pid: 7|app: 0|req: 1197/2594] 10.0.0.16 () {34 vars in 663 bytes} [Tue Jul 21 08:00:31 2026] POST /v2.0/ports => generated 743 bytes in 424 msecs (HTTP/1.1 201) 4 headers in 162 bytes (1 switches on core 0) [pid: 8|app: 0|req: 1398/2595] 199.19.213.11 () {34 vars in 1051 bytes} [Tue Jul 21 08:00:31 2026] GET /v2.0/ports?network_id=a1348d73-64fc-4b09-a635-5df0e1492787&device_owner=network%3Adhcp => generated 12 bytes in 61 msecs (HTTP/1.1 200) 4 headers in 156 bytes (1 switches on core 0) /var/lib/openstack/lib/python3.12/site-packages/pycadf/identifier.py:70: UserWarning: Invalid uuid: neutron. To ensure interoperability, identifiers should be a valid uuid. warnings.warn(('Invalid uuid: %s. To ensure interoperability, ' [pid: 8|app: 0|req: 1399/2596] 199.19.213.11 () {34 vars in 1011 bytes} [Tue Jul 21 08:00:31 2026] GET /v2.0/networks/a1348d73-64fc-4b09-a635-5df0e1492787?fields=segments => generated 14 bytes in 93 msecs (HTTP/1.1 200) 4 headers in 156 bytes (1 switches on core 0) [pid: 8|app: 0|req: 1400/2597] 199.19.213.11 () {34 vars in 1111 bytes} [Tue Jul 21 08:00:32 2026] GET /v2.0/networks/a1348d73-64fc-4b09-a635-5df0e1492787?fields=provider%3Aphysical_network&fields=provider%3Anetwork_type => generated 79 bytes in 66 msecs (HTTP/1.1 200) 4 headers in 156 bytes (1 switches on core 0) [pid: 7|app: 0|req: 1198/2598] 10.0.0.16 () {34 vars in 665 bytes} [Tue Jul 21 08:00:31 2026] POST /v2.0/trunks => generated 409 bytes in 272 msecs (HTTP/1.1 201) 4 headers in 162 bytes (1 switches on core 0)
2026-07-21 08:00:32.357 8 INFO neutron.db.segments_db [None req-b1e5421c-61b5-46a7-90cd-3502ca43242a 4c9a14a42f9948b18209fa95cf6e46c5 45cbaf19ea0340d48d33d456bc3e9457 - - default default] Added segment 1da06754-5559-43be-b5be-a16a619ba5a5 of type geneve for network f471dbb5-27c0-4217-bea1-89fe1d61b414
2026-07-21 08:00:32.547 8 INFO neutron.db.ovn_revision_numbers_db [None req-b1e5421c-61b5-46a7-90cd-3502ca43242a 4c9a14a42f9948b18209fa95cf6e46c5 45cbaf19ea0340d48d33d456bc3e9457 - - default default] Successfully bumped revision number for resource f471dbb5-27c0-4217-bea1-89fe1d61b414 (type: networks) to 1
2026-07-21 08:00:32.789 8 WARNING neutron.scheduler.dhcp_agent_scheduler [None req-b1e5421c-61b5-46a7-90cd-3502ca43242a 4c9a14a42f9948b18209fa95cf6e46c5 45cbaf19ea0340d48d33d456bc3e9457 - - default default] No more DHCP agents
2026-07-21 08:00:32.791 8 WARNING neutron.api.rpc.agentnotifiers.dhcp_rpc_agent_api [None req-b1e5421c-61b5-46a7-90cd-3502ca43242a 4c9a14a42f9948b18209fa95cf6e46c5 45cbaf19ea0340d48d33d456bc3e9457 - - default default] Unable to schedule network f471dbb5-27c0-4217-bea1-89fe1d61b414: no agents available; will retry on subsequent port and subnet creation events.
2026-07-21 08:00:32.829 7 INFO neutron.db.ovn_revision_numbers_db [None req-89441d2b-5e4d-467a-90bb-55828101cbfa 37169703f98f40599295265707e2b23c 25cf4b11aa4044db8b540191fe5f000f - - default default] Successfully bumped revision number for resource 1e1b1d2c-ff94-40ab-b3f2-c73d8fe89b79 (type: security_groups) to 1
2026-07-21 08:00:32.868 7 INFO neutron.db.ovn_revision_numbers_db [None req-89441d2b-5e4d-467a-90bb-55828101cbfa 37169703f98f40599295265707e2b23c 25cf4b11aa4044db8b540191fe5f000f - - default default] Successfully bumped revision number for resource 51ab2512-b61a-42b7-84ee-2b158f5ff5bf (type: security_group_rules) to 0
2026-07-21 08:00:32.896 7 INFO neutron.plugins.ml2.drivers.ovn.mech_driver.mech_driver [None req-82691eed-8131-47ab-8c07-d1bc0082ea88 - - - - - -] OVN reports status down for port: ecb651b2-d0e3-4bc3-a842-8089e311bbaa
2026-07-21 08:00:32.906 7 INFO neutron.db.ovn_revision_numbers_db [None req-89441d2b-5e4d-467a-90bb-55828101cbfa 37169703f98f40599295265707e2b23c 25cf4b11aa4044db8b540191fe5f000f - - default default] Successfully bumped revision number for resource 6e92a54b-6e71-4026-a0e9-f2b112c40f9d (type: security_group_rules) to 0
2026-07-21 08:00:32.940 8 INFO neutron.db.ovn_revision_numbers_db [None req-b1e5421c-61b5-46a7-90cd-3502ca43242a 4c9a14a42f9948b18209fa95cf6e46c5 45cbaf19ea0340d48d33d456bc3e9457 - - default default] Successfully bumped revision number for resource ecb651b2-d0e3-4bc3-a842-8089e311bbaa (type: ports) to 1 [pid: 8|app: 0|req: 1401/2599] 10.0.0.16 () {34 vars in 669 bytes} [Tue Jul 21 08:00:32 2026] POST /v2.0/networks => generated 631 bytes in 741 msecs (HTTP/1.1 201) 4 headers in 162 bytes (1 switches on core 0) [pid: 7|app: 0|req: 1199/2600] 10.0.0.16 () {34 vars in 684 bytes} [Tue Jul 21 08:00:32 2026] POST /v2.0/security-groups => generated 1677 bytes in 364 msecs (HTTP/1.1 201) 4 headers in 163 bytes (1 switches on core 0)
2026-07-21 08:00:33.166 7 INFO neutron.db.ovn_revision_numbers_db [None req-434bfd91-a0ee-44d9-8e3f-871ac1ff63c8 37169703f98f40599295265707e2b23c 25cf4b11aa4044db8b540191fe5f000f - - default default] Successfully bumped revision number for resource 4789a898-74c6-468a-8d30-77cb9665a008 (type: security_group_rules) to 0 [pid: 7|app: 0|req: 1200/2601] 10.0.0.16 () {34 vars in 694 bytes} [Tue Jul 21 08:00:32 2026] POST /v2.0/security-group-rules => generated 597 bytes in 211 msecs (HTTP/1.1 201) 4 headers in 162 bytes (1 switches on core 0)
2026-07-21 08:00:33.229 8 WARNING neutron.scheduler.dhcp_agent_scheduler [None req-0e050f21-a9d0-4132-8762-a9959d9aefd8 4c9a14a42f9948b18209fa95cf6e46c5 45cbaf19ea0340d48d33d456bc3e9457 - - default default] No more DHCP agents
2026-07-21 08:00:33.231 8 WARNING neutron.api.rpc.agentnotifiers.dhcp_rpc_agent_api [None req-0e050f21-a9d0-4132-8762-a9959d9aefd8 4c9a14a42f9948b18209fa95cf6e46c5 45cbaf19ea0340d48d33d456bc3e9457 - - default default] Unable to schedule network f471dbb5-27c0-4217-bea1-89fe1d61b414: no agents available; will retry on subsequent port and subnet creation events. [pid: 7|app: 0|req: 1201/2602] 10.0.0.20 () {34 vars in 989 bytes} [Tue Jul 21 08:00:33 2026] GET /v2.0/ports?device_id=6eab576c-5d93-4273-9523-0b1635f6e9da => generated 1202 bytes in 97 msecs (HTTP/1.1 200) 4 headers in 158 bytes (1 switches on core 0)
2026-07-21 08:00:33.305 7 INFO neutron.plugins.ml2.drivers.ovn.mech_driver.mech_driver [None req-82691eed-8131-47ab-8c07-d1bc0082ea88 - - - - - -] OVN reports status down for port: 955f5fdf-a314-463e-be86-313b8eb2b5c6
2026-07-21 08:00:33.335 8 INFO neutron.db.ovn_revision_numbers_db [None req-0e050f21-a9d0-4132-8762-a9959d9aefd8 4c9a14a42f9948b18209fa95cf6e46c5 45cbaf19ea0340d48d33d456bc3e9457 - - default default] Successfully bumped revision number for resource 955f5fdf-a314-463e-be86-313b8eb2b5c6 (type: ports) to 1 [pid: 8|app: 0|req: 1402/2603] 10.0.0.16 () {34 vars in 663 bytes} [Tue Jul 21 08:00:32 2026] POST /v2.0/ports => generated 743 bytes in 454 msecs (HTTP/1.1 201) 4 headers in 162 bytes (1 switches on core 0) /var/lib/openstack/lib/python3.12/site-packages/pycadf/identifier.py:70: UserWarning: Invalid uuid: neutron. To ensure interoperability, identifiers should be a valid uuid. warnings.warn(('Invalid uuid: %s. To ensure interoperability, ' [pid: 8|app: 0|req: 1403/2604] 10.0.0.20 () {34 vars in 1039 bytes} [Tue Jul 21 08:00:33 2026] GET /v2.0/security-groups?id=c2d284db-0a92-4eb7-8038-62ef008ca29c&fields=id&fields=name => generated 112 bytes in 42 msecs (HTTP/1.1 200) 4 headers in 157 bytes (1 switches on core 0)
2026-07-21 08:00:33.515 7 INFO neutron.db.ovn_revision_numbers_db [None req-8b2aa604-7904-4de7-9066-fdc496234161 37169703f98f40599295265707e2b23c 25cf4b11aa4044db8b540191fe5f000f - - default default] Successfully bumped revision number for resource 0b659d5d-9c51-4c44-b9fe-46cdefcb0de9 (type: security_group_rules) to 0 [pid: 7|app: 0|req: 1202/2605] 10.0.0.16 () {34 vars in 694 bytes} [Tue Jul 21 08:00:33 2026] POST /v2.0/security-group-rules => generated 596 bytes in 247 msecs (HTTP/1.1 201) 4 headers in 162 bytes (1 switches on core 0)
2026-07-21 08:00:33.703 7 INFO neutron.db.ovn_revision_numbers_db [None req-995da62c-d23d-4db8-96ff-335abd006bad 37169703f98f40599295265707e2b23c 25cf4b11aa4044db8b540191fe5f000f - - default default] Successfully bumped revision number for resource 9aa4d0f7-6abb-4211-ab08-0b575df0abb0 (type: security_group_rules) to 0 [pid: 7|app: 0|req: 1203/2606] 10.0.0.16 () {34 vars in 694 bytes} [Tue Jul 21 08:00:33 2026] POST /v2.0/security-group-rules => generated 602 bytes in 184 msecs (HTTP/1.1 201) 4 headers in 162 bytes (1 switches on core 0) [pid: 8|app: 0|req: 1404/2607] 10.0.0.16 () {34 vars in 665 bytes} [Tue Jul 21 08:00:33 2026] POST /v2.0/trunks => generated 409 bytes in 294 msecs (HTTP/1.1 201) 4 headers in 162 bytes (1 switches on core 0)
2026-07-21 08:00:33.889 8 INFO neutron.db.segments_db [None req-6dd67f86-17c1-4ea5-9733-52d0f8b9481b 4c9a14a42f9948b18209fa95cf6e46c5 45cbaf19ea0340d48d33d456bc3e9457 - - default default] Added segment 7c33d89b-1d3a-447e-8d2e-164bfd7da481 of type geneve for network 04f831f2-6f3f-4610-a90a-0bf525aa7e92
2026-07-21 08:00:33.955 7 INFO neutron.db.ovn_revision_numbers_db [None req-fd69ad2d-6f19-457a-bb9d-e3bff9ffd610 37169703f98f40599295265707e2b23c 25cf4b11aa4044db8b540191fe5f000f - - default default] Successfully bumped revision number for resource 346ed150-54c6-4833-8d2e-ac562746e1f5 (type: security_group_rules) to 0 [pid: 7|app: 0|req: 1204/2608] 10.0.0.16 () {34 vars in 694 bytes} [Tue Jul 21 08:00:33 2026] POST /v2.0/security-group-rules => generated 601 bytes in 257 msecs (HTTP/1.1 201) 4 headers in 162 bytes (1 switches on core 0)
2026-07-21 08:00:34.039 8 INFO neutron.db.ovn_revision_numbers_db [None req-6dd67f86-17c1-4ea5-9733-52d0f8b9481b 4c9a14a42f9948b18209fa95cf6e46c5 45cbaf19ea0340d48d33d456bc3e9457 - - default default] Successfully bumped revision number for resource 04f831f2-6f3f-4610-a90a-0bf525aa7e92 (type: networks) to 1
2026-07-21 08:00:34.048 7 INFO neutron.db.securitygroups_db [None req-b0e99017-ca54-4ec1-9912-73d25d55b5a4 37169703f98f40599295265707e2b23c 25cf4b11aa4044db8b540191fe5f000f - - default default] Project 25cf4b11aa4044db8b540191fe5f000f added a security group rule with legacy IPv6 ICMP protocol name icmp, ipv6-icmp should be used instead. It was automatically converted.
2026-07-21 08:00:34.175 7 INFO neutron.db.ovn_revision_numbers_db [None req-b0e99017-ca54-4ec1-9912-73d25d55b5a4 37169703f98f40599295265707e2b23c 25cf4b11aa4044db8b540191fe5f000f - - default default] Successfully bumped revision number for resource 047ff42c-15bd-4441-a953-83b82aa322a4 (type: security_group_rules) to 0 [pid: 7|app: 0|req: 1205/2609] 10.0.0.16 () {34 vars in 694 bytes} [Tue Jul 21 08:00:34 2026] POST /v2.0/security-group-rules => generated 607 bytes in 201 msecs (HTTP/1.1 201) 4 headers in 162 bytes (1 switches on core 0)
2026-07-21 08:00:34.249 8 WARNING neutron.scheduler.dhcp_agent_scheduler [None req-6dd67f86-17c1-4ea5-9733-52d0f8b9481b 4c9a14a42f9948b18209fa95cf6e46c5 45cbaf19ea0340d48d33d456bc3e9457 - - default default] No more DHCP agents
2026-07-21 08:00:34.250 8 WARNING neutron.api.rpc.agentnotifiers.dhcp_rpc_agent_api [None req-6dd67f86-17c1-4ea5-9733-52d0f8b9481b 4c9a14a42f9948b18209fa95cf6e46c5 45cbaf19ea0340d48d33d456bc3e9457 - - default default] Unable to schedule network 04f831f2-6f3f-4610-a90a-0bf525aa7e92: no agents available; will retry on subsequent port and subnet creation events.
2026-07-21 08:00:34.275 7 INFO neutron.db.securitygroups_db [None req-7b017227-a574-4aa9-8b5b-3131a2dce835 37169703f98f40599295265707e2b23c 25cf4b11aa4044db8b540191fe5f000f - - default default] Project 25cf4b11aa4044db8b540191fe5f000f added a security group rule with legacy IPv6 ICMP protocol name icmp, ipv6-icmp should be used instead. It was automatically converted.
2026-07-21 08:00:34.308 8 INFO neutron.plugins.ml2.drivers.ovn.mech_driver.mech_driver [None req-816e0d95-2c05-4619-b95c-09593b017de0 - - - - - -] OVN reports status down for port: 213f226d-76ad-44ed-9099-bec5afa6998b
