2026-07-21 07:58:14.055 8 INFO placement.requestlog [None req-ad31f9ff-2a25-4b0c-aa9d-092a1f1a10f5 b0e16577d0454722939ee1a350226434 8c2c98cb451443aebd74369131c03fc5 - - 32106ee077b04fb3afa539eadd07645c 32106ee077b04fb3afa539eadd07645c] 10.0.0.21 "GET /resource_providers/231b2e41-904f-43fa-bebe-f48c26decf7b/aggregates" status: 404 len: 235 microversion: 1.1 [pid: 8|app: 0|req: 422/851] 10.0.0.21 () {32 vars in 815 bytes} [Tue Jul 21 07:58:14 2026] GET /resource_providers/231b2e41-904f-43fa-bebe-f48c26decf7b/aggregates => generated 235 bytes in 11 msecs (HTTP/1.1 404) 5 headers in 202 bytes (1 switches on core 0)
2026-07-21 07:58:14.058 7 INFO placement.requestlog [None req-db638dda-4343-4503-bf49-d822deb428a3 b0e16577d0454722939ee1a350226434 8c2c98cb451443aebd74369131c03fc5 - - 32106ee077b04fb3afa539eadd07645c 32106ee077b04fb3afa539eadd07645c] 10.0.0.21 "GET /resource_providers/231b2e41-904f-43fa-bebe-f48c26decf7b/aggregates" status: 404 len: 235 microversion: 1.1 [pid: 7|app: 0|req: 430/852] 10.0.0.21 () {32 vars in 815 bytes} [Tue Jul 21 07:58:14 2026] GET /resource_providers/231b2e41-904f-43fa-bebe-f48c26decf7b/aggregates => generated 235 bytes in 9 msecs (HTTP/1.1 404) 5 headers in 202 bytes (1 switches on core 0)
2026-07-21 07:58:14.079 8 INFO placement.requestlog [None req-cf378b7b-e98d-45cb-b7a5-f3dd56d0aacc b0e16577d0454722939ee1a350226434 8c2c98cb451443aebd74369131c03fc5 - - 32106ee077b04fb3afa539eadd07645c 32106ee077b04fb3afa539eadd07645c] 10.0.0.21 "DELETE /resource_providers/231b2e41-904f-43fa-bebe-f48c26decf7b" status: 404 len: 246 microversion: 1.1 [pid: 8|app: 0|req: 423/853] 10.0.0.21 () {34 vars in 815 bytes} [Tue Jul 21 07:58:14 2026] DELETE /resource_providers/231b2e41-904f-43fa-bebe-f48c26decf7b => generated 246 bytes in 11 msecs (HTTP/1.1 404) 6 headers in 231 bytes (1 switches on core 0)
2026-07-21 07:58:14.085 7 INFO placement.requestlog [None req-7447a42f-fe23-4018-b691-49e288a17995 b0e16577d0454722939ee1a350226434 8c2c98cb451443aebd74369131c03fc5 - - 32106ee077b04fb3afa539eadd07645c 32106ee077b04fb3afa539eadd07645c] 10.0.0.21 "DELETE /resource_providers/231b2e41-904f-43fa-bebe-f48c26decf7b" status: 404 len: 246 microversion: 1.1 [pid: 7|app: 0|req: 431/854] 10.0.0.21 () {34 vars in 815 bytes} [Tue Jul 21 07:58:14 2026] DELETE /resource_providers/231b2e41-904f-43fa-bebe-f48c26decf7b => generated 246 bytes in 12 msecs (HTTP/1.1 404) 6 headers in 231 bytes (1 switches on core 0)
2026-07-21 07:58:15.213 8 INFO placement.requestlog [None req-3c4672f1-6fa6-426b-8fd7-ae5415d24c39 - - - - - -] 10.0.0.53 "GET /" status: 200 len: 136 microversion: 1.0
2026-07-21 07:58:15.213 7 INFO placement.requestlog [None req-a4889eb9-0733-412a-aebd-134c93c08a8c - - - - - -] 10.0.0.53 "GET /" status: 200 len: 136 microversion: 1.0
2026-07-21 07:58:17.124 8 INFO placement.requestlog [None req-0e832f7e-ea24-45db-a9c4-2547981d62d9 b0e16577d0454722939ee1a350226434 8c2c98cb451443aebd74369131c03fc5 - - 32106ee077b04fb3afa539eadd07645c 32106ee077b04fb3afa539eadd07645c] 10.0.0.21 "GET /resource_providers/a914eaad-60ad-4daa-a4f9-a0162e3d1d75/aggregates" status: 404 len: 235 microversion: 1.1 [pid: 8|app: 0|req: 425/857] 10.0.0.21 () {32 vars in 815 bytes} [Tue Jul 21 07:58:17 2026] GET /resource_providers/a914eaad-60ad-4daa-a4f9-a0162e3d1d75/aggregates => generated 235 bytes in 10 msecs (HTTP/1.1 404) 5 headers in 202 bytes (1 switches on core 0)
2026-07-21 07:58:17.127 7 INFO placement.requestlog [None req-48d8aba9-6704-4959-938c-de358153f233 b0e16577d0454722939ee1a350226434 8c2c98cb451443aebd74369131c03fc5 - - 32106ee077b04fb3afa539eadd07645c 32106ee077b04fb3afa539eadd07645c] 10.0.0.21 "GET /resource_providers/a914eaad-60ad-4daa-a4f9-a0162e3d1d75/aggregates" status: 404 len: 235 microversion: 1.1 [pid: 7|app: 0|req: 433/858] 10.0.0.21 () {32 vars in 815 bytes} [Tue Jul 21 07:58:17 2026] GET /resource_providers/a914eaad-60ad-4daa-a4f9-a0162e3d1d75/aggregates => generated 235 bytes in 18 msecs (HTTP/1.1 404) 5 headers in 202 bytes (1 switches on core 0)
2026-07-21 07:58:17.141 8 INFO placement.requestlog [None req-7d2e4366-887c-468a-a3df-e0d7b161c577 b0e16577d0454722939ee1a350226434 8c2c98cb451443aebd74369131c03fc5 - - 32106ee077b04fb3afa539eadd07645c 32106ee077b04fb3afa539eadd07645c] 10.0.0.21 "DELETE /resource_providers/a914eaad-60ad-4daa-a4f9-a0162e3d1d75" status: 404 len: 246 microversion: 1.1 [pid: 8|app: 0|req: 426/859] 10.0.0.21 () {34 vars in 815 bytes} [Tue Jul 21 07:58:17 2026] DELETE /resource_providers/a914eaad-60ad-4daa-a4f9-a0162e3d1d75 => generated 246 bytes in 8 msecs (HTTP/1.1 404) 6 headers in 231 bytes (1 switches on core 0)
2026-07-21 07:58:17.177 7 INFO placement.requestlog [None req-5b6b7ed3-a4ab-4d15-bef5-b69a631b1734 b0e16577d0454722939ee1a350226434 8c2c98cb451443aebd74369131c03fc5 - - 32106ee077b04fb3afa539eadd07645c 32106ee077b04fb3afa539eadd07645c] 10.0.0.21 "DELETE /resource_providers/a914eaad-60ad-4daa-a4f9-a0162e3d1d75" status: 404 len: 246 microversion: 1.1 [pid: 7|app: 0|req: 434/860] 10.0.0.21 () {34 vars in 815 bytes} [Tue Jul 21 07:58:17 2026] DELETE /resource_providers/a914eaad-60ad-4daa-a4f9-a0162e3d1d75 => generated 246 bytes in 11 msecs (HTTP/1.1 404) 6 headers in 231 bytes (1 switches on core 0)
2026-07-21 07:58:24.248 8 INFO placement.requestlog [None req-e065f299-49ae-4cf8-8a16-82597f8b06c8 b0e16577d0454722939ee1a350226434 8c2c98cb451443aebd74369131c03fc5 - - 32106ee077b04fb3afa539eadd07645c 32106ee077b04fb3afa539eadd07645c] 10.0.0.21 "GET /resource_providers/7b59762c-d259-4ed1-aef1-85ac94963608/aggregates" status: 404 len: 235 microversion: 1.1 [pid: 8|app: 0|req: 427/861] 10.0.0.21 () {32 vars in 815 bytes} [Tue Jul 21 07:58:24 2026] GET /resource_providers/7b59762c-d259-4ed1-aef1-85ac94963608/aggregates => generated 235 bytes in 8 msecs (HTTP/1.1 404) 5 headers in 202 bytes (1 switches on core 0)
2026-07-21 07:58:24.258 7 INFO placement.requestlog [None req-9f910ee6-1e31-4cc0-8fdf-1a205c0bc82f b0e16577d0454722939ee1a350226434 8c2c98cb451443aebd74369131c03fc5 - - 32106ee077b04fb3afa539eadd07645c 32106ee077b04fb3afa539eadd07645c] 10.0.0.21 "GET /resource_providers/7b59762c-d259-4ed1-aef1-85ac94963608/aggregates" status: 404 len: 235 microversion: 1.1 [pid: 7|app: 0|req: 435/862] 10.0.0.21 () {32 vars in 815 bytes} [Tue Jul 21 07:58:24 2026] GET /resource_providers/7b59762c-d259-4ed1-aef1-85ac94963608/aggregates => generated 235 bytes in 14 msecs (HTTP/1.1 404) 5 headers in 202 bytes (1 switches on core 0)
2026-07-21 07:58:24.282 7 INFO placement.requestlog [None req-43b534c7-352c-4fd4-b0c8-69d47c36b8bd b0e16577d0454722939ee1a350226434 8c2c98cb451443aebd74369131c03fc5 - - 32106ee077b04fb3afa539eadd07645c 32106ee077b04fb3afa539eadd07645c] 10.0.0.21 "DELETE /resource_providers/7b59762c-d259-4ed1-aef1-85ac94963608" status: 404 len: 246 microversion: 1.1 [pid: 7|app: 0|req: 436/863] 10.0.0.21 () {34 vars in 815 bytes} [Tue Jul 21 07:58:24 2026] DELETE /resource_providers/7b59762c-d259-4ed1-aef1-85ac94963608 => generated 246 bytes in 10 msecs (HTTP/1.1 404) 6 headers in 231 bytes (1 switches on core 0)
2026-07-21 07:58:24.286 8 INFO placement.requestlog [None req-ca04c681-d633-4cda-abcc-3fefc63248fe b0e16577d0454722939ee1a350226434 8c2c98cb451443aebd74369131c03fc5 - - 32106ee077b04fb3afa539eadd07645c 32106ee077b04fb3afa539eadd07645c] 10.0.0.21 "DELETE /resource_providers/7b59762c-d259-4ed1-aef1-85ac94963608" status: 404 len: 246 microversion: 1.1 [pid: 8|app: 0|req: 428/864] 10.0.0.21 () {34 vars in 815 bytes} [Tue Jul 21 07:58:24 2026] DELETE /resource_providers/7b59762c-d259-4ed1-aef1-85ac94963608 => generated 246 bytes in 21 msecs (HTTP/1.1 404) 6 headers in 231 bytes (1 switches on core 0)
2026-07-21 07:58:25.212 7 INFO placement.requestlog [None req-c33d5f2d-accb-49f6-86ac-67c419d81bc2 - - - - - -] 10.0.0.53 "GET /" status: 200 len: 136 microversion: 1.0
2026-07-21 07:58:25.213 8 INFO placement.requestlog [None req-1058bd4f-3cf2-4e4a-bb8e-8f31baa492d9 - - - - - -] 10.0.0.53 "GET /" status: 200 len: 136 microversion: 1.0
2026-07-21 07:58:26.307 7 INFO placement.requestlog [None req-bfbcdbcd-7b20-4e0d-b751-424fafe68cbc b0e16577d0454722939ee1a350226434 8c2c98cb451443aebd74369131c03fc5 - - 32106ee077b04fb3afa539eadd07645c 32106ee077b04fb3afa539eadd07645c] 10.0.0.21 "GET /resource_providers/f5730b6e-a593-4130-b9e2-0012a9136b26/aggregates" status: 404 len: 235 microversion: 1.1 [pid: 7|app: 0|req: 438/867] 10.0.0.21 () {32 vars in 815 bytes} [Tue Jul 21 07:58:26 2026] GET /resource_providers/f5730b6e-a593-4130-b9e2-0012a9136b26/aggregates => generated 235 bytes in 7 msecs (HTTP/1.1 404) 5 headers in 202 bytes (1 switches on core 0)
2026-07-21 07:58:26.320 8 INFO placement.requestlog [None req-507d5e85-1489-4021-8174-f1f88dab6506 b0e16577d0454722939ee1a350226434 8c2c98cb451443aebd74369131c03fc5 - - 32106ee077b04fb3afa539eadd07645c 32106ee077b04fb3afa539eadd07645c] 10.0.0.21 "GET /resource_providers/f5730b6e-a593-4130-b9e2-0012a9136b26/aggregates" status: 404 len: 235 microversion: 1.1 [pid: 8|app: 0|req: 430/868] 10.0.0.21 () {32 vars in 815 bytes} [Tue Jul 21 07:58:26 2026] GET /resource_providers/f5730b6e-a593-4130-b9e2-0012a9136b26/aggregates => generated 235 bytes in 20 msecs (HTTP/1.1 404) 5 headers in 202 bytes (1 switches on core 0)
2026-07-21 07:58:26.330 7 INFO placement.requestlog [None req-edf0ce47-fc9a-41e5-8285-3eef9fc5a224 b0e16577d0454722939ee1a350226434 8c2c98cb451443aebd74369131c03fc5 - - 32106ee077b04fb3afa539eadd07645c 32106ee077b04fb3afa539eadd07645c] 10.0.0.21 "DELETE /resource_providers/f5730b6e-a593-4130-b9e2-0012a9136b26" status: 404 len: 246 microversion: 1.1 [pid: 7|app: 0|req: 439/869] 10.0.0.21 () {34 vars in 815 bytes} [Tue Jul 21 07:58:26 2026] DELETE /resource_providers/f5730b6e-a593-4130-b9e2-0012a9136b26 => generated 246 bytes in 10 msecs (HTTP/1.1 404) 6 headers in 231 bytes (1 switches on core 0)
2026-07-21 07:58:26.337 8 INFO placement.requestlog [None req-5e59f76d-8d23-4d0b-a38e-547e83845711 b0e16577d0454722939ee1a350226434 8c2c98cb451443aebd74369131c03fc5 - - 32106ee077b04fb3afa539eadd07645c 32106ee077b04fb3afa539eadd07645c] 10.0.0.21 "DELETE /resource_providers/f5730b6e-a593-4130-b9e2-0012a9136b26" status: 404 len: 246 microversion: 1.1 [pid: 8|app: 0|req: 431/870] 10.0.0.21 () {34 vars in 815 bytes} [Tue Jul 21 07:58:26 2026] DELETE /resource_providers/f5730b6e-a593-4130-b9e2-0012a9136b26 => generated 246 bytes in 8 msecs (HTTP/1.1 404) 6 headers in 231 bytes (1 switches on core 0)
2026-07-21 07:58:28.301 8 INFO placement.requestlog [None req-a0f49558-fbdc-4ee3-9fa5-a188f21e76d8 b0e16577d0454722939ee1a350226434 8c2c98cb451443aebd74369131c03fc5 - - 32106ee077b04fb3afa539eadd07645c 32106ee077b04fb3afa539eadd07645c] 10.0.0.21 "GET /resource_providers/6d51ed77-1a89-4f3f-828b-aeb91918d973/aggregates" status: 404 len: 235 microversion: 1.1 [pid: 8|app: 0|req: 432/871] 10.0.0.21 () {32 vars in 815 bytes} [Tue Jul 21 07:58:28 2026] GET /resource_providers/6d51ed77-1a89-4f3f-828b-aeb91918d973/aggregates => generated 235 bytes in 9 msecs (HTTP/1.1 404) 5 headers in 202 bytes (1 switches on core 0)
2026-07-21 07:58:28.305 7 INFO placement.requestlog [None req-77750f2b-3f3e-4bf7-8d45-7a6dd73350a9 b0e16577d0454722939ee1a350226434 8c2c98cb451443aebd74369131c03fc5 - - 32106ee077b04fb3afa539eadd07645c 32106ee077b04fb3afa539eadd07645c] 10.0.0.21 "GET /resource_providers/6d51ed77-1a89-4f3f-828b-aeb91918d973/aggregates" status: 404 len: 235 microversion: 1.1 [pid: 7|app: 0|req: 440/872] 10.0.0.21 () {32 vars in 815 bytes} [Tue Jul 21 07:58:28 2026] GET /resource_providers/6d51ed77-1a89-4f3f-828b-aeb91918d973/aggregates => generated 235 bytes in 12 msecs (HTTP/1.1 404) 5 headers in 202 bytes (1 switches on core 0)
2026-07-21 07:58:28.322 8 INFO placement.requestlog [None req-38bd205a-445d-492c-a51c-4ee3a1dc4236 b0e16577d0454722939ee1a350226434 8c2c98cb451443aebd74369131c03fc5 - - 32106ee077b04fb3afa539eadd07645c 32106ee077b04fb3afa539eadd07645c] 10.0.0.21 "DELETE /resource_providers/6d51ed77-1a89-4f3f-828b-aeb91918d973" status: 404 len: 246 microversion: 1.1 [pid: 8|app: 0|req: 433/873] 10.0.0.21 () {34 vars in 815 bytes} [Tue Jul 21 07:58:28 2026] DELETE /resource_providers/6d51ed77-1a89-4f3f-828b-aeb91918d973 => generated 246 bytes in 8 msecs (HTTP/1.1 404) 6 headers in 231 bytes (1 switches on core 0)
2026-07-21 07:58:28.346 7 INFO placement.requestlog [None req-f6e569bf-ba8b-4338-92de-0fb240d1892f b0e16577d0454722939ee1a350226434 8c2c98cb451443aebd74369131c03fc5 - - 32106ee077b04fb3afa539eadd07645c 32106ee077b04fb3afa539eadd07645c] 10.0.0.21 "DELETE /resource_providers/6d51ed77-1a89-4f3f-828b-aeb91918d973" status: 404 len: 246 microversion: 1.1 [pid: 7|app: 0|req: 441/874] 10.0.0.21 () {34 vars in 815 bytes} [Tue Jul 21 07:58:28 2026] DELETE /resource_providers/6d51ed77-1a89-4f3f-828b-aeb91918d973 => generated 246 bytes in 21 msecs (HTTP/1.1 404) 6 headers in 231 bytes (1 switches on core 0)
2026-07-21 07:58:35.213 7 INFO placement.requestlog [None req-61006fc2-f607-42c6-94a8-dfebaa2eaf47 - - - - - -] 10.0.0.53 "GET /" status: 200 len: 136 microversion: 1.0
2026-07-21 07:58:35.213 8 INFO placement.requestlog [None req-19302c2d-5ec2-43e9-b8d8-5a1221235e22 - - - - - -] 10.0.0.53 "GET /" status: 200 len: 136 microversion: 1.0
2026-07-21 07:58:36.421 7 INFO placement.requestlog [req-892db505-ae1b-4937-81ff-51ea112753b0 req-a6b14915-0b24-451f-bae8-7da861835e6e f2559dbb3764429580eb29554468be32 8c2c98cb451443aebd74369131c03fc5 - - 32106ee077b04fb3afa539eadd07645c 32106ee077b04fb3afa539eadd07645c] 199.19.213.11 "GET /resource_providers/f27b461e-617b-4d4f-a09d-d1920427a342/allocations" status: 200 len: 152 microversion: 1.0 [pid: 7|app: 0|req: 443/877] 199.19.213.11 () {32 vars in 856 bytes} [Tue Jul 21 07:58:36 2026] GET /resource_providers/f27b461e-617b-4d4f-a09d-d1920427a342/allocations => generated 152 bytes in 10 msecs (HTTP/1.1 200) 6 headers in 224 bytes (1 switches on core 0)
2026-07-21 07:58:36.441 8 INFO placement.requestlog [req-892db505-ae1b-4937-81ff-51ea112753b0 req-9cce98cb-80ba-43ce-beaa-4edb5365df05 f2559dbb3764429580eb29554468be32 8c2c98cb451443aebd74369131c03fc5 - - 32106ee077b04fb3afa539eadd07645c 32106ee077b04fb3afa539eadd07645c] 199.19.213.11 "GET /resource_providers/f27b461e-617b-4d4f-a09d-d1920427a342/allocations" status: 200 len: 152 microversion: 1.0 [pid: 8|app: 0|req: 435/878] 199.19.213.11 () {32 vars in 856 bytes} [Tue Jul 21 07:58:36 2026] GET /resource_providers/f27b461e-617b-4d4f-a09d-d1920427a342/allocations => generated 152 bytes in 14 msecs (HTTP/1.1 200) 6 headers in 224 bytes (1 switches on core 0)
2026-07-21 07:58:36.461 7 INFO placement.requestlog [req-892db505-ae1b-4937-81ff-51ea112753b0 req-39e75f86-df22-4907-b34c-59075b2618bb f2559dbb3764429580eb29554468be32 8c2c98cb451443aebd74369131c03fc5 - - 32106ee077b04fb3afa539eadd07645c 32106ee077b04fb3afa539eadd07645c] 199.19.213.11 "GET /allocations/b7a4505f-f639-4e4a-a983-4645a28dfb97" status: 200 len: 257 microversion: 1.28 [pid: 7|app: 0|req: 444/879] 199.19.213.11 () {34 vars in 862 bytes} [Tue Jul 21 07:58:36 2026] GET /allocations/b7a4505f-f639-4e4a-a983-4645a28dfb97 => generated 257 bytes in 13 msecs (HTTP/1.1 200) 8 headers in 296 bytes (1 switches on core 0)
2026-07-21 07:58:45.212 8 INFO placement.requestlog [None req-60229fbc-8503-4a2c-a8fb-885a66173bb3 - - - - - -] 10.0.0.53 "GET /" status: 200 len: 136 microversion: 1.0
2026-07-21 07:58:45.212 7 INFO placement.requestlog [None req-50e115a3-c392-4ea2-859e-e73f7c62bf44 - - - - - -] 10.0.0.53 "GET /" status: 200 len: 136 microversion: 1.0
2026-07-21 07:58:48.134 8 INFO placement.requestlog [req-50366283-8db9-4f5e-a028-ec033bc506cf req-888a041b-65e4-404a-acef-5545e719211b f2559dbb3764429580eb29554468be32 8c2c98cb451443aebd74369131c03fc5 - - 32106ee077b04fb3afa539eadd07645c 32106ee077b04fb3afa539eadd07645c] 199.19.213.11 "GET /resource_providers/f27b461e-617b-4d4f-a09d-d1920427a342/allocations" status: 200 len: 152 microversion: 1.0 [pid: 8|app: 0|req: 437/882] 199.19.213.11 () {32 vars in 856 bytes} [Tue Jul 21 07:58:48 2026] GET /resource_providers/f27b461e-617b-4d4f-a09d-d1920427a342/allocations => generated 152 bytes in 16 msecs (HTTP/1.1 200) 6 headers in 224 bytes (1 switches on core 0)
2026-07-21 07:58:48.151 7 INFO placement.requestlog [req-50366283-8db9-4f5e-a028-ec033bc506cf req-3939a4e7-f1b2-46bd-824f-e684c50df48d f2559dbb3764429580eb29554468be32 8c2c98cb451443aebd74369131c03fc5 - - 32106ee077b04fb3afa539eadd07645c 32106ee077b04fb3afa539eadd07645c] 199.19.213.11 "GET /allocations/b7a4505f-f639-4e4a-a983-4645a28dfb97" status: 200 len: 257 microversion: 1.28 [pid: 7|app: 0|req: 446/883] 199.19.213.11 () {34 vars in 862 bytes} [Tue Jul 21 07:58:48 2026] GET /allocations/b7a4505f-f639-4e4a-a983-4645a28dfb97 => generated 257 bytes in 11 msecs (HTTP/1.1 200) 8 headers in 296 bytes (1 switches on core 0)
2026-07-21 07:58:49.017 8 INFO placement.requestlog [req-84621cfb-432a-471d-912a-5b9fb9e084d5 req-dd09aa7e-0112-4a33-9544-dab5258d7764 f2559dbb3764429580eb29554468be32 8c2c98cb451443aebd74369131c03fc5 - - 32106ee077b04fb3afa539eadd07645c 32106ee077b04fb3afa539eadd07645c] 10.0.0.51 "GET /allocation_candidates?limit=1000&resources=DISK_GB%3A1%2CMEMORY_MB%3A512%2CVCPU%3A1&root_required=%21COMPUTE_STATUS_DISABLED" status: 200 len: 2444 microversion: 1.36 [pid: 8|app: 0|req: 438/884] 10.0.0.51 () {34 vars in 1011 bytes} [Tue Jul 21 07:58:48 2026] GET /allocation_candidates?limit=1000&resources=DISK_GB%3A1%2CMEMORY_MB%3A512%2CVCPU%3A1&root_required=%21COMPUTE_STATUS_DISABLED => generated 2444 bytes in 44 msecs (HTTP/1.1 200) 8 headers in 297 bytes (1 switches on core 0)
2026-07-21 07:58:49.056 7 INFO placement.requestlog [req-84621cfb-432a-471d-912a-5b9fb9e084d5 req-b9597afd-5053-4512-8644-09e1a63d2503 f2559dbb3764429580eb29554468be32 8c2c98cb451443aebd74369131c03fc5 - - 32106ee077b04fb3afa539eadd07645c 32106ee077b04fb3afa539eadd07645c] 10.0.0.51 "GET /allocations/d2183e91-ac70-4953-8140-c788e698bb5a" status: 200 len: 19 microversion: 1.28 [pid: 7|app: 0|req: 447/885] 10.0.0.51 () {34 vars in 860 bytes} [Tue Jul 21 07:58:49 2026] GET /allocations/d2183e91-ac70-4953-8140-c788e698bb5a => generated 19 bytes in 13 msecs (HTTP/1.1 200) 8 headers in 295 bytes (1 switches on core 0)
2026-07-21 07:58:49.121 8 INFO placement.requestlog [req-84621cfb-432a-471d-912a-5b9fb9e084d5 req-8aa1ab6b-0968-4932-8b18-2d5bc8d9623e f2559dbb3764429580eb29554468be32 8c2c98cb451443aebd74369131c03fc5 - - 32106ee077b04fb3afa539eadd07645c 32106ee077b04fb3afa539eadd07645c] 10.0.0.51 "PUT /allocations/d2183e91-ac70-4953-8140-c788e698bb5a" status: 204 len: 0 microversion: 1.36 [pid: 8|app: 0|req: 439/886] 10.0.0.51 () {38 vars in 913 bytes} [Tue Jul 21 07:58:49 2026] PUT /allocations/d2183e91-ac70-4953-8140-c788e698bb5a => generated 0 bytes in 58 msecs (HTTP/1.1 204) 5 headers in 199 bytes (1 switches on core 0)
2026-07-21 07:58:49.199 7 INFO placement.requestlog [req-50366283-8db9-4f5e-a028-ec033bc506cf req-43ad7d5b-f4b4-402b-abb4-49cc0fcad4fd f2559dbb3764429580eb29554468be32 8c2c98cb451443aebd74369131c03fc5 - - 32106ee077b04fb3afa539eadd07645c 32106ee077b04fb3afa539eadd07645c] 199.19.213.11 "DELETE /allocations/b7a4505f-f639-4e4a-a983-4645a28dfb97" status: 204 len: 0 microversion: 1.0 [pid: 7|app: 0|req: 448/887] 199.19.213.11 () {34 vars in 840 bytes} [Tue Jul 21 07:58:49 2026] DELETE /allocations/b7a4505f-f639-4e4a-a983-4645a28dfb97 => generated 0 bytes in 23 msecs (HTTP/1.1 204) 5 headers in 198 bytes (1 switches on core 0)
2026-07-21 07:58:50.615 8 INFO placement.requestlog [req-84621cfb-432a-471d-912a-5b9fb9e084d5 req-e8bde67d-c05d-44b8-95b7-50972186685e f2559dbb3764429580eb29554468be32 8c2c98cb451443aebd74369131c03fc5 - - 32106ee077b04fb3afa539eadd07645c 32106ee077b04fb3afa539eadd07645c] 199.19.213.11 "GET /allocations/d2183e91-ac70-4953-8140-c788e698bb5a" status: 200 len: 257 microversion: 1.28 [pid: 8|app: 0|req: 440/888] 199.19.213.11 () {34 vars in 862 bytes} [Tue Jul 21 07:58:50 2026] GET /allocations/d2183e91-ac70-4953-8140-c788e698bb5a => generated 257 bytes in 14 msecs (HTTP/1.1 200) 8 headers in 296 bytes (1 switches on core 0)
2026-07-21 07:58:51.652 7 INFO placement.requestlog [req-84621cfb-432a-471d-912a-5b9fb9e084d5 req-3ab8129c-ffe4-48bf-a59e-311e511a7bba f2559dbb3764429580eb29554468be32 8c2c98cb451443aebd74369131c03fc5 - - 32106ee077b04fb3afa539eadd07645c 32106ee077b04fb3afa539eadd07645c] 199.19.213.11 "GET /resource_providers/f27b461e-617b-4d4f-a09d-d1920427a342/allocations" status: 200 len: 152 microversion: 1.0 [pid: 7|app: 0|req: 449/889] 199.19.213.11 () {32 vars in 856 bytes} [Tue Jul 21 07:58:51 2026] GET /resource_providers/f27b461e-617b-4d4f-a09d-d1920427a342/allocations => generated 152 bytes in 18 msecs (HTTP/1.1 200) 6 headers in 224 bytes (1 switches on core 0)
2026-07-21 07:58:51.667 8 INFO placement.requestlog [req-84621cfb-432a-471d-912a-5b9fb9e084d5 req-0c747257-a50a-4592-8f5e-01ed9780b471 f2559dbb3764429580eb29554468be32 8c2c98cb451443aebd74369131c03fc5 - - 32106ee077b04fb3afa539eadd07645c 32106ee077b04fb3afa539eadd07645c] 199.19.213.11 "GET /allocations/d2183e91-ac70-4953-8140-c788e698bb5a" status: 200 len: 257 microversion: 1.28 [pid: 8|app: 0|req: 441/890] 199.19.213.11 () {34 vars in 862 bytes} [Tue Jul 21 07:58:51 2026] GET /allocations/d2183e91-ac70-4953-8140-c788e698bb5a => generated 257 bytes in 10 msecs (HTTP/1.1 200) 8 headers in 296 bytes (1 switches on core 0)
2026-07-21 07:58:53.040 8 INFO placement.requestlog [None req-ee9bc7ec-b10e-404f-9cbd-64df193b47fd b0e16577d0454722939ee1a350226434 8c2c98cb451443aebd74369131c03fc5 - - 32106ee077b04fb3afa539eadd07645c 32106ee077b04fb3afa539eadd07645c] 10.0.0.21 "GET /resource_providers/1299e6d9-c156-43ba-b2a2-714d78728de9/aggregates" status: 404 len: 235 microversion: 1.1 [pid: 8|app: 0|req: 442/891] 10.0.0.21 () {32 vars in 815 bytes} [Tue Jul 21 07:58:53 2026] GET /resource_providers/1299e6d9-c156-43ba-b2a2-714d78728de9/aggregates => generated 235 bytes in 10 msecs (HTTP/1.1 404) 5 headers in 202 bytes (1 switches on core 0)
2026-07-21 07:58:53.041 7 INFO placement.requestlog [None req-fd10bf38-dab5-4f3e-a6dc-041a9e749a7c b0e16577d0454722939ee1a350226434 8c2c98cb451443aebd74369131c03fc5 - - 32106ee077b04fb3afa539eadd07645c 32106ee077b04fb3afa539eadd07645c] 10.0.0.21 "GET /resource_providers/1299e6d9-c156-43ba-b2a2-714d78728de9/aggregates" status: 404 len: 235 microversion: 1.1 [pid: 7|app: 0|req: 450/892] 10.0.0.21 () {32 vars in 815 bytes} [Tue Jul 21 07:58:53 2026] GET /resource_providers/1299e6d9-c156-43ba-b2a2-714d78728de9/aggregates => generated 235 bytes in 11 msecs (HTTP/1.1 404) 5 headers in 202 bytes (1 switches on core 0)
2026-07-21 07:58:53.062 7 INFO placement.requestlog [None req-7fe80cdb-4039-444b-b3a7-950c2b949df5 b0e16577d0454722939ee1a350226434 8c2c98cb451443aebd74369131c03fc5 - - 32106ee077b04fb3afa539eadd07645c 32106ee077b04fb3afa539eadd07645c] 10.0.0.21 "DELETE /resource_providers/1299e6d9-c156-43ba-b2a2-714d78728de9" status: 404 len: 246 microversion: 1.1
2026-07-21 07:58:53.062 8 INFO placement.requestlog [None req-190fa100-0586-419a-90f1-ab59af58dcaf b0e16577d0454722939ee1a350226434 8c2c98cb451443aebd74369131c03fc5 - - 32106ee077b04fb3afa539eadd07645c 32106ee077b04fb3afa539eadd07645c] 10.0.0.21 "DELETE /resource_providers/1299e6d9-c156-43ba-b2a2-714d78728de9" status: 404 len: 246 microversion: 1.1 [pid: 7|app: 0|req: 451/893] 10.0.0.21 () {34 vars in 815 bytes} [Tue Jul 21 07:58:53 2026] DELETE /resource_providers/1299e6d9-c156-43ba-b2a2-714d78728de9 => generated 246 bytes in 8 msecs (HTTP/1.1 404) 6 headers in 231 bytes (1 switches on core 0) [pid: 8|app: 0|req: 443/894] 10.0.0.21 () {34 vars in 815 bytes} [Tue Jul 21 07:58:53 2026] DELETE /resource_providers/1299e6d9-c156-43ba-b2a2-714d78728de9 => generated 246 bytes in 10 msecs (HTTP/1.1 404) 6 headers in 231 bytes (1 switches on core 0)
2026-07-21 07:58:54.677 8 INFO placement.requestlog [None req-c7888cd9-b376-451f-8d35-e18c54d51707 b0e16577d0454722939ee1a350226434 8c2c98cb451443aebd74369131c03fc5 - - 32106ee077b04fb3afa539eadd07645c 32106ee077b04fb3afa539eadd07645c] 10.0.0.21 "GET /resource_providers/a28faaa5-dd7a-4f41-ab74-0be8e2ef2ab1/aggregates" status: 404 len: 235 microversion: 1.1 [pid: 8|app: 0|req: 444/895] 10.0.0.21 () {32 vars in 815 bytes} [Tue Jul 21 07:58:54 2026] GET /resource_providers/a28faaa5-dd7a-4f41-ab74-0be8e2ef2ab1/aggregates => generated 235 bytes in 8 msecs (HTTP/1.1 404) 5 headers in 202 bytes (1 switches on core 0)
2026-07-21 07:58:54.679 7 INFO placement.requestlog [None req-7925f4af-841f-4a37-ad33-2b9686c17d2e b0e16577d0454722939ee1a350226434 8c2c98cb451443aebd74369131c03fc5 - - 32106ee077b04fb3afa539eadd07645c 32106ee077b04fb3afa539eadd07645c] 10.0.0.21 "GET /resource_providers/a28faaa5-dd7a-4f41-ab74-0be8e2ef2ab1/aggregates" status: 404 len: 235 microversion: 1.1 [pid: 7|app: 0|req: 452/896] 10.0.0.21 () {32 vars in 815 bytes} [Tue Jul 21 07:58:54 2026] GET /resource_providers/a28faaa5-dd7a-4f41-ab74-0be8e2ef2ab1/aggregates => generated 235 bytes in 15 msecs (HTTP/1.1 404) 5 headers in 202 bytes (1 switches on core 0)
2026-07-21 07:58:54.703 8 INFO placement.requestlog [None req-ca1963a0-9b69-4569-891d-704e9f6cd00f b0e16577d0454722939ee1a350226434 8c2c98cb451443aebd74369131c03fc5 - - 32106ee077b04fb3afa539eadd07645c 32106ee077b04fb3afa539eadd07645c] 10.0.0.21 "DELETE /resource_providers/a28faaa5-dd7a-4f41-ab74-0be8e2ef2ab1" status: 404 len: 246 microversion: 1.1
2026-07-21 07:58:54.704 7 INFO placement.requestlog [None req-c1f2c3f5-b437-4cc3-ba13-47e29e424d89 b0e16577d0454722939ee1a350226434 8c2c98cb451443aebd74369131c03fc5 - - 32106ee077b04fb3afa539eadd07645c 32106ee077b04fb3afa539eadd07645c] 10.0.0.21 "DELETE /resource_providers/a28faaa5-dd7a-4f41-ab74-0be8e2ef2ab1" status: 404 len: 246 microversion: 1.1 [pid: 8|app: 0|req: 445/897] 10.0.0.21 () {34 vars in 815 bytes} [Tue Jul 21 07:58:54 2026] DELETE /resource_providers/a28faaa5-dd7a-4f41-ab74-0be8e2ef2ab1 => generated 246 bytes in 12 msecs (HTTP/1.1 404) 6 headers in 231 bytes (1 switches on core 0) [pid: 7|app: 0|req: 453/898] 10.0.0.21 () {34 vars in 815 bytes} [Tue Jul 21 07:58:54 2026] DELETE /resource_providers/a28faaa5-dd7a-4f41-ab74-0be8e2ef2ab1 => generated 246 bytes in 9 msecs (HTTP/1.1 404) 6 headers in 231 bytes (1 switches on core 0)
2026-07-21 07:58:55.213 8 INFO placement.requestlog [None req-19e60c5d-0d6a-4b3e-b1be-a0ad1b755660 - - - - - -] 10.0.0.53 "GET /" status: 200 len: 136 microversion: 1.0
2026-07-21 07:58:55.215 7 INFO placement.requestlog [None req-0b1904c4-a532-4031-96ec-6c18ecf7301c - - - - - -] 10.0.0.53 "GET /" status: 200 len: 136 microversion: 1.0
2026-07-21 07:59:05.213 7 INFO placement.requestlog [None req-93c1b230-90a0-4d27-9549-265cc784a8d7 - - - - - -] 10.0.0.53 "GET /" status: 200 len: 136 microversion: 1.0
2026-07-21 07:59:05.213 8 INFO placement.requestlog [None req-1363f8f1-35a9-4dd7-8596-ca5568635c29 - - - - - -] 10.0.0.53 "GET /" status: 200 len: 136 microversion: 1.0
2026-07-21 07:59:07.476 7 INFO placement.requestlog [None req-a2d5e43c-a646-4469-81f2-dcf58fd4613f b0e16577d0454722939ee1a350226434 8c2c98cb451443aebd74369131c03fc5 - - 32106ee077b04fb3afa539eadd07645c 32106ee077b04fb3afa539eadd07645c] 10.0.0.21 "GET /resource_providers/b2af2656-6191-48e5-9296-fc63fd2eebe8/aggregates" status: 404 len: 235 microversion: 1.1 [pid: 7|app: 0|req: 456/903] 10.0.0.21 () {32 vars in 815 bytes} [Tue Jul 21 07:59:07 2026] GET /resource_providers/b2af2656-6191-48e5-9296-fc63fd2eebe8/aggregates => generated 235 bytes in 12 msecs (HTTP/1.1 404) 5 headers in 202 bytes (1 switches on core 0)
2026-07-21 07:59:07.477 8 INFO placement.requestlog [None req-5f521687-3a35-4c10-9af9-4968bbf580dd b0e16577d0454722939ee1a350226434 8c2c98cb451443aebd74369131c03fc5 - - 32106ee077b04fb3afa539eadd07645c 32106ee077b04fb3afa539eadd07645c] 10.0.0.21 "GET /resource_providers/b2af2656-6191-48e5-9296-fc63fd2eebe8/aggregates" status: 404 len: 235 microversion: 1.1 [pid: 8|app: 0|req: 448/904] 10.0.0.21 () {32 vars in 815 bytes} [Tue Jul 21 07:59:07 2026] GET /resource_providers/b2af2656-6191-48e5-9296-fc63fd2eebe8/aggregates => generated 235 bytes in 12 msecs (HTTP/1.1 404) 5 headers in 202 bytes (1 switches on core 0)
2026-07-21 07:59:07.499 7 INFO placement.requestlog [None req-2fa9a263-c3f7-4149-96c0-82e7a08da3f1 b0e16577d0454722939ee1a350226434 8c2c98cb451443aebd74369131c03fc5 - - 32106ee077b04fb3afa539eadd07645c 32106ee077b04fb3afa539eadd07645c] 10.0.0.21 "DELETE /resource_providers/b2af2656-6191-48e5-9296-fc63fd2eebe8" status: 404 len: 246 microversion: 1.1 [pid: 7|app: 0|req: 457/905] 10.0.0.21 () {34 vars in 815 bytes} [Tue Jul 21 07:59:07 2026] DELETE /resource_providers/b2af2656-6191-48e5-9296-fc63fd2eebe8 => generated 246 bytes in 11 msecs (HTTP/1.1 404) 6 headers in 231 bytes (1 switches on core 0)
2026-07-21 07:59:07.506 8 INFO placement.requestlog [None req-6cd78177-f0bb-4995-b6cc-90f971f71b1a b0e16577d0454722939ee1a350226434 8c2c98cb451443aebd74369131c03fc5 - - 32106ee077b04fb3afa539eadd07645c 32106ee077b04fb3afa539eadd07645c] 10.0.0.21 "DELETE /resource_providers/b2af2656-6191-48e5-9296-fc63fd2eebe8" status: 404 len: 246 microversion: 1.1 [pid: 8|app: 0|req: 449/906] 10.0.0.21 () {34 vars in 815 bytes} [Tue Jul 21 07:59:07 2026] DELETE /resource_providers/b2af2656-6191-48e5-9296-fc63fd2eebe8 => generated 246 bytes in 13 msecs (HTTP/1.1 404) 6 headers in 231 bytes (1 switches on core 0)
2026-07-21 07:59:09.520 7 INFO placement.requestlog [None req-fe7cc2d2-97c6-403f-9d03-38c1b666b202 b0e16577d0454722939ee1a350226434 8c2c98cb451443aebd74369131c03fc5 - - 32106ee077b04fb3afa539eadd07645c 32106ee077b04fb3afa539eadd07645c] 10.0.0.21 "GET /resource_providers/c457d99d-b79d-4d96-bc44-d823698321fc/aggregates" status: 404 len: 235 microversion: 1.1 [pid: 7|app: 0|req: 458/907] 10.0.0.21 () {32 vars in 815 bytes} [Tue Jul 21 07:59:09 2026] GET /resource_providers/c457d99d-b79d-4d96-bc44-d823698321fc/aggregates => generated 235 bytes in 9 msecs (HTTP/1.1 404) 5 headers in 202 bytes (1 switches on core 0)
2026-07-21 07:59:09.533 8 INFO placement.requestlog [None req-78ad09aa-e659-4efd-b91a-97d8c4a2c1e5 b0e16577d0454722939ee1a350226434 8c2c98cb451443aebd74369131c03fc5 - - 32106ee077b04fb3afa539eadd07645c 32106ee077b04fb3afa539eadd07645c] 10.0.0.21 "GET /resource_providers/c457d99d-b79d-4d96-bc44-d823698321fc/aggregates" status: 404 len: 235 microversion: 1.1 [pid: 8|app: 0|req: 450/908] 10.0.0.21 () {32 vars in 815 bytes} [Tue Jul 21 07:59:09 2026] GET /resource_providers/c457d99d-b79d-4d96-bc44-d823698321fc/aggregates => generated 235 bytes in 14 msecs (HTTP/1.1 404) 5 headers in 202 bytes (1 switches on core 0)
2026-07-21 07:59:09.540 7 INFO placement.requestlog [None req-0a315f52-71ea-4c62-8632-93fe976fae1d b0e16577d0454722939ee1a350226434 8c2c98cb451443aebd74369131c03fc5 - - 32106ee077b04fb3afa539eadd07645c 32106ee077b04fb3afa539eadd07645c] 10.0.0.21 "DELETE /resource_providers/c457d99d-b79d-4d96-bc44-d823698321fc" status: 404 len: 246 microversion: 1.1 [pid: 7|app: 0|req: 459/909] 10.0.0.21 () {34 vars in 815 bytes} [Tue Jul 21 07:59:09 2026] DELETE /resource_providers/c457d99d-b79d-4d96-bc44-d823698321fc => generated 246 bytes in 10 msecs (HTTP/1.1 404) 6 headers in 231 bytes (1 switches on core 0)
2026-07-21 07:59:09.555 8 INFO placement.requestlog [None req-771b5245-8fc3-4f82-a4ba-462cb135fb73 b0e16577d0454722939ee1a350226434 8c2c98cb451443aebd74369131c03fc5 - - 32106ee077b04fb3afa539eadd07645c 32106ee077b04fb3afa539eadd07645c] 10.0.0.21 "DELETE /resource_providers/c457d99d-b79d-4d96-bc44-d823698321fc" status: 404 len: 246 microversion: 1.1 [pid: 8|app: 0|req: 451/910] 10.0.0.21 () {34 vars in 815 bytes} [Tue Jul 21 07:59:09 2026] DELETE /resource_providers/c457d99d-b79d-4d96-bc44-d823698321fc => generated 246 bytes in 9 msecs (HTTP/1.1 404) 6 headers in 231 bytes (1 switches on core 0)
2026-07-21 07:59:10.748 7 INFO placement.requestlog [None req-6b9e31ed-0321-4cee-9700-338972143c04 b0e16577d0454722939ee1a350226434 8c2c98cb451443aebd74369131c03fc5 - - 32106ee077b04fb3afa539eadd07645c 32106ee077b04fb3afa539eadd07645c] 10.0.0.21 "GET /resource_providers/2d98d480-ffdd-44db-81b8-d408ddcf6a79/aggregates" status: 404 len: 235 microversion: 1.1 [pid: 7|app: 0|req: 460/911] 10.0.0.21 () {32 vars in 815 bytes} [Tue Jul 21 07:59:10 2026] GET /resource_providers/2d98d480-ffdd-44db-81b8-d408ddcf6a79/aggregates => generated 235 bytes in 12 msecs (HTTP/1.1 404) 5 headers in 202 bytes (1 switches on core 0)
2026-07-21 07:59:10.751 8 INFO placement.requestlog [None req-1eec309f-83ea-4415-a6ca-687972de8d8e b0e16577d0454722939ee1a350226434 8c2c98cb451443aebd74369131c03fc5 - - 32106ee077b04fb3afa539eadd07645c 32106ee077b04fb3afa539eadd07645c] 10.0.0.21 "GET /resource_providers/2d98d480-ffdd-44db-81b8-d408ddcf6a79/aggregates" status: 404 len: 235 microversion: 1.1 [pid: 8|app: 0|req: 452/912] 10.0.0.21 () {32 vars in 815 bytes} [Tue Jul 21 07:59:10 2026] GET /resource_providers/2d98d480-ffdd-44db-81b8-d408ddcf6a79/aggregates => generated 235 bytes in 14 msecs (HTTP/1.1 404) 5 headers in 202 bytes (1 switches on core 0)
2026-07-21 07:59:10.769 8 INFO placement.requestlog [None req-7a6bfadf-69a8-4749-87fb-9f640b0598d4 b0e16577d0454722939ee1a350226434 8c2c98cb451443aebd74369131c03fc5 - - 32106ee077b04fb3afa539eadd07645c 32106ee077b04fb3afa539eadd07645c] 10.0.0.21 "DELETE /resource_providers/2d98d480-ffdd-44db-81b8-d408ddcf6a79" status: 404 len: 246 microversion: 1.1 [pid: 8|app: 0|req: 453/913] 10.0.0.21 () {34 vars in 815 bytes} [Tue Jul 21 07:59:10 2026] DELETE /resource_providers/2d98d480-ffdd-44db-81b8-d408ddcf6a79 => generated 246 bytes in 5 msecs (HTTP/1.1 404) 6 headers in 231 bytes (1 switches on core 0)
2026-07-21 07:59:10.771 7 INFO placement.requestlog [None req-86b84cb3-f972-49db-9813-a77ec1dd61f7 b0e16577d0454722939ee1a350226434 8c2c98cb451443aebd74369131c03fc5 - - 32106ee077b04fb3afa539eadd07645c 32106ee077b04fb3afa539eadd07645c] 10.0.0.21 "DELETE /resource_providers/2d98d480-ffdd-44db-81b8-d408ddcf6a79" status: 404 len: 246 microversion: 1.1 [pid: 7|app: 0|req: 461/914] 10.0.0.21 () {34 vars in 815 bytes} [Tue Jul 21 07:59:10 2026] DELETE /resource_providers/2d98d480-ffdd-44db-81b8-d408ddcf6a79 => generated 246 bytes in 8 msecs (HTTP/1.1 404) 6 headers in 231 bytes (1 switches on core 0)
2026-07-21 07:59:15.213 8 INFO placement.requestlog [None req-855075d9-f0c9-4fc7-979e-d037db38ae83 - - - - - -] 10.0.0.53 "GET /" status: 200 len: 136 microversion: 1.0
2026-07-21 07:59:15.213 7 INFO placement.requestlog [None req-d85ec6cc-589d-4d03-be88-2b8324168d6e - - - - - -] 10.0.0.53 "GET /" status: 200 len: 136 microversion: 1.0
2026-07-21 07:59:15.258 8 INFO placement.requestlog [None req-cfebb3a2-63e9-4ca1-a6e5-255dab093195 b0e16577d0454722939ee1a350226434 8c2c98cb451443aebd74369131c03fc5 - - 32106ee077b04fb3afa539eadd07645c 32106ee077b04fb3afa539eadd07645c] 10.0.0.21 "GET /resource_providers/4c60caa3-238f-40eb-8327-564b7b52d50c/aggregates" status: 404 len: 235 microversion: 1.1 [pid: 8|app: 0|req: 455/917] 10.0.0.21 () {32 vars in 815 bytes} [Tue Jul 21 07:59:15 2026] GET /resource_providers/4c60caa3-238f-40eb-8327-564b7b52d50c/aggregates => generated 235 bytes in 12 msecs (HTTP/1.1 404) 5 headers in 202 bytes (1 switches on core 0)
2026-07-21 07:59:15.259 7 INFO placement.requestlog [None req-3f1b241f-3d61-4361-a11f-1009782cf7e8 b0e16577d0454722939ee1a350226434 8c2c98cb451443aebd74369131c03fc5 - - 32106ee077b04fb3afa539eadd07645c 32106ee077b04fb3afa539eadd07645c] 10.0.0.21 "GET /resource_providers/4c60caa3-238f-40eb-8327-564b7b52d50c/aggregates" status: 404 len: 235 microversion: 1.1 [pid: 7|app: 0|req: 463/918] 10.0.0.21 () {32 vars in 815 bytes} [Tue Jul 21 07:59:15 2026] GET /resource_providers/4c60caa3-238f-40eb-8327-564b7b52d50c/aggregates => generated 235 bytes in 10 msecs (HTTP/1.1 404) 5 headers in 202 bytes (1 switches on core 0)
2026-07-21 07:59:15.280 7 INFO placement.requestlog [None req-26590e8c-1f29-414b-9c0d-2bfd849cf061 b0e16577d0454722939ee1a350226434 8c2c98cb451443aebd74369131c03fc5 - - 32106ee077b04fb3afa539eadd07645c 32106ee077b04fb3afa539eadd07645c] 10.0.0.21 "DELETE /resource_providers/4c60caa3-238f-40eb-8327-564b7b52d50c" status: 404 len: 246 microversion: 1.1 [pid: 7|app: 0|req: 464/919] 10.0.0.21 () {34 vars in 815 bytes} [Tue Jul 21 07:59:15 2026] DELETE /resource_providers/4c60caa3-238f-40eb-8327-564b7b52d50c => generated 246 bytes in 8 msecs (HTTP/1.1 404) 6 headers in 231 bytes (1 switches on core 0)
2026-07-21 07:59:15.281 8 INFO placement.requestlog [None req-5c9c77dc-15cb-4fc2-adeb-3b9812e35ee0 b0e16577d0454722939ee1a350226434 8c2c98cb451443aebd74369131c03fc5 - - 32106ee077b04fb3afa539eadd07645c 32106ee077b04fb3afa539eadd07645c] 10.0.0.21 "DELETE /resource_providers/4c60caa3-238f-40eb-8327-564b7b52d50c" status: 404 len: 246 microversion: 1.1 [pid: 8|app: 0|req: 456/920] 10.0.0.21 () {34 vars in 815 bytes} [Tue Jul 21 07:59:15 2026] DELETE /resource_providers/4c60caa3-238f-40eb-8327-564b7b52d50c => generated 246 bytes in 11 msecs (HTTP/1.1 404) 6 headers in 231 bytes (1 switches on core 0)
2026-07-21 07:59:19.384 8 INFO placement.requestlog [None req-bcd707d3-cc30-4174-9616-0f1f7d45f56d b0e16577d0454722939ee1a350226434 8c2c98cb451443aebd74369131c03fc5 - - 32106ee077b04fb3afa539eadd07645c 32106ee077b04fb3afa539eadd07645c] 10.0.0.21 "GET /resource_providers/99b41af6-1c24-4587-a406-ad0ddc0dc82a/aggregates" status: 404 len: 235 microversion: 1.1 [pid: 8|app: 0|req: 457/921] 10.0.0.21 () {32 vars in 815 bytes} [Tue Jul 21 07:59:19 2026] GET /resource_providers/99b41af6-1c24-4587-a406-ad0ddc0dc82a/aggregates => generated 235 bytes in 10 msecs (HTTP/1.1 404) 5 headers in 202 bytes (1 switches on core 0)
2026-07-21 07:59:19.389 7 INFO placement.requestlog [None req-7ec444d6-5b12-43fd-83e3-c762cbfee6f9 b0e16577d0454722939ee1a350226434 8c2c98cb451443aebd74369131c03fc5 - - 32106ee077b04fb3afa539eadd07645c 32106ee077b04fb3afa539eadd07645c] 10.0.0.21 "GET /resource_providers/99b41af6-1c24-4587-a406-ad0ddc0dc82a/aggregates" status: 404 len: 235 microversion: 1.1 [pid: 7|app: 0|req: 465/922] 10.0.0.21 () {32 vars in 815 bytes} [Tue Jul 21 07:59:19 2026] GET /resource_providers/99b41af6-1c24-4587-a406-ad0ddc0dc82a/aggregates => generated 235 bytes in 15 msecs (HTTP/1.1 404) 5 headers in 202 bytes (1 switches on core 0)
2026-07-21 07:59:19.405 8 INFO placement.requestlog [None req-48a14b73-76e0-4061-94ea-d7c2be764bb7 b0e16577d0454722939ee1a350226434 8c2c98cb451443aebd74369131c03fc5 - - 32106ee077b04fb3afa539eadd07645c 32106ee077b04fb3afa539eadd07645c] 10.0.0.21 "DELETE /resource_providers/99b41af6-1c24-4587-a406-ad0ddc0dc82a" status: 404 len: 246 microversion: 1.1 [pid: 8|app: 0|req: 458/923] 10.0.0.21 () {34 vars in 815 bytes} [Tue Jul 21 07:59:19 2026] DELETE /resource_providers/99b41af6-1c24-4587-a406-ad0ddc0dc82a => generated 246 bytes in 8 msecs (HTTP/1.1 404) 6 headers in 231 bytes (1 switches on core 0)
2026-07-21 07:59:19.409 7 INFO placement.requestlog [None req-1f69e8cf-8019-4b3c-8d6f-f029b6ede1c7 b0e16577d0454722939ee1a350226434 8c2c98cb451443aebd74369131c03fc5 - - 32106ee077b04fb3afa539eadd07645c 32106ee077b04fb3afa539eadd07645c] 10.0.0.21 "DELETE /resource_providers/99b41af6-1c24-4587-a406-ad0ddc0dc82a" status: 404 len: 246 microversion: 1.1 [pid: 7|app: 0|req: 466/924] 10.0.0.21 () {34 vars in 815 bytes} [Tue Jul 21 07:59:19 2026] DELETE /resource_providers/99b41af6-1c24-4587-a406-ad0ddc0dc82a => generated 246 bytes in 14 msecs (HTTP/1.1 404) 6 headers in 231 bytes (1 switches on core 0)
2026-07-21 07:59:23.156 8 INFO placement.requestlog [None req-8e956ea3-b9e4-461d-a1ea-1ac16d7dfedf b0e16577d0454722939ee1a350226434 8c2c98cb451443aebd74369131c03fc5 - - 32106ee077b04fb3afa539eadd07645c 32106ee077b04fb3afa539eadd07645c] 10.0.0.21 "GET /resource_providers/5cdd59fc-f3e8-43ee-a537-00d437bcbce5/aggregates" status: 404 len: 235 microversion: 1.1 [pid: 8|app: 0|req: 459/925] 10.0.0.21 () {32 vars in 815 bytes} [Tue Jul 21 07:59:23 2026] GET /resource_providers/5cdd59fc-f3e8-43ee-a537-00d437bcbce5/aggregates => generated 235 bytes in 10 msecs (HTTP/1.1 404) 5 headers in 202 bytes (1 switches on core 0)
2026-07-21 07:59:23.158 7 INFO placement.requestlog [None req-fe16d00b-6443-403f-96d7-b007f9044d75 b0e16577d0454722939ee1a350226434 8c2c98cb451443aebd74369131c03fc5 - - 32106ee077b04fb3afa539eadd07645c 32106ee077b04fb3afa539eadd07645c] 10.0.0.21 "GET /resource_providers/5cdd59fc-f3e8-43ee-a537-00d437bcbce5/aggregates" status: 404 len: 235 microversion: 1.1 [pid: 7|app: 0|req: 467/926] 10.0.0.21 () {32 vars in 815 bytes} [Tue Jul 21 07:59:23 2026] GET /resource_providers/5cdd59fc-f3e8-43ee-a537-00d437bcbce5/aggregates => generated 235 bytes in 10 msecs (HTTP/1.1 404) 5 headers in 202 bytes (1 switches on core 0)
2026-07-21 07:59:23.180 8 INFO placement.requestlog [None req-062ab84a-5db4-4373-bdc8-13d0a3f18568 b0e16577d0454722939ee1a350226434 8c2c98cb451443aebd74369131c03fc5 - - 32106ee077b04fb3afa539eadd07645c 32106ee077b04fb3afa539eadd07645c] 10.0.0.21 "DELETE /resource_providers/5cdd59fc-f3e8-43ee-a537-00d437bcbce5" status: 404 len: 246 microversion: 1.1 [pid: 8|app: 0|req: 460/927] 10.0.0.21 () {34 vars in 815 bytes} [Tue Jul 21 07:59:23 2026] DELETE /resource_providers/5cdd59fc-f3e8-43ee-a537-00d437bcbce5 => generated 246 bytes in 10 msecs (HTTP/1.1 404) 6 headers in 231 bytes (1 switches on core 0)
2026-07-21 07:59:23.187 7 INFO placement.requestlog [None req-69e1e2cd-7429-4f3f-9e41-0f4bf8b61b4b b0e16577d0454722939ee1a350226434 8c2c98cb451443aebd74369131c03fc5 - - 32106ee077b04fb3afa539eadd07645c 32106ee077b04fb3afa539eadd07645c] 10.0.0.21 "DELETE /resource_providers/5cdd59fc-f3e8-43ee-a537-00d437bcbce5" status: 404 len: 246 microversion: 1.1 [pid: 7|app: 0|req: 468/928] 10.0.0.21 () {34 vars in 815 bytes} [Tue Jul 21 07:59:23 2026] DELETE /resource_providers/5cdd59fc-f3e8-43ee-a537-00d437bcbce5 => generated 246 bytes in 15 msecs (HTTP/1.1 404) 6 headers in 231 bytes (1 switches on core 0)
2026-07-21 07:59:25.206 7 INFO placement.requestlog [None req-c6143ed7-48ca-4937-b13f-142574109df3 b0e16577d0454722939ee1a350226434 8c2c98cb451443aebd74369131c03fc5 - - 32106ee077b04fb3afa539eadd07645c 32106ee077b04fb3afa539eadd07645c] 10.0.0.21 "GET /resource_providers/2e89ece3-30f0-4940-9d8c-a6cc3b96f974/aggregates" status: 404 len: 235 microversion: 1.1 [pid: 7|app: 0|req: 469/929] 10.0.0.21 () {32 vars in 815 bytes} [Tue Jul 21 07:59:25 2026] GET /resource_providers/2e89ece3-30f0-4940-9d8c-a6cc3b96f974/aggregates => generated 235 bytes in 8 msecs (HTTP/1.1 404) 5 headers in 202 bytes (1 switches on core 0)
2026-07-21 07:59:25.213 7 INFO placement.requestlog [None req-c2c10d31-7aec-479d-be02-f7744b0edcff b0e16577d0454722939ee1a350226434 8c2c98cb451443aebd74369131c03fc5 - - 32106ee077b04fb3afa539eadd07645c 32106ee077b04fb3afa539eadd07645c] 10.0.0.21 "GET /resource_providers/2e89ece3-30f0-4940-9d8c-a6cc3b96f974/aggregates" status: 404 len: 235 microversion: 1.1 [pid: 7|app: 0|req: 470/930] 10.0.0.21 () {32 vars in 815 bytes} [Tue Jul 21 07:59:25 2026] GET /resource_providers/2e89ece3-30f0-4940-9d8c-a6cc3b96f974/aggregates => generated 235 bytes in 7 msecs (HTTP/1.1 404) 5 headers in 202 bytes (1 switches on core 0)
2026-07-21 07:59:25.214 7 INFO placement.requestlog [None req-c2e878fe-68b7-49c0-ad9f-4e74ad74ffbd - - - - - -] 10.0.0.53 "GET /" status: 200 len: 136 microversion: 1.0
2026-07-21 07:59:25.215 7 INFO placement.requestlog [None req-31fa7d7d-eef3-4950-a7f1-8354cec02306 - - - - - -] 10.0.0.53 "GET /" status: 200 len: 136 microversion: 1.0
2026-07-21 07:59:25.228 7 INFO placement.requestlog [None req-6e88362e-7093-45c0-9574-78f7a4d9bd07 b0e16577d0454722939ee1a350226434 8c2c98cb451443aebd74369131c03fc5 - - 32106ee077b04fb3afa539eadd07645c 32106ee077b04fb3afa539eadd07645c] 10.0.0.21 "DELETE /resource_providers/2e89ece3-30f0-4940-9d8c-a6cc3b96f974" status: 404 len: 246 microversion: 1.1 [pid: 7|app: 0|req: 473/933] 10.0.0.21 () {34 vars in 815 bytes} [Tue Jul 21 07:59:25 2026] DELETE /resource_providers/2e89ece3-30f0-4940-9d8c-a6cc3b96f974 => generated 246 bytes in 6 msecs (HTTP/1.1 404) 6 headers in 231 bytes (1 switches on core 0)
2026-07-21 07:59:25.235 7 INFO placement.requestlog [None req-dd3e5cf1-d858-496a-b090-0d929b92a923 b0e16577d0454722939ee1a350226434 8c2c98cb451443aebd74369131c03fc5 - - 32106ee077b04fb3afa539eadd07645c 32106ee077b04fb3afa539eadd07645c] 10.0.0.21 "DELETE /resource_providers/2e89ece3-30f0-4940-9d8c-a6cc3b96f974" status: 404 len: 246 microversion: 1.1 [pid: 7|app: 0|req: 474/934] 10.0.0.21 () {34 vars in 815 bytes} [Tue Jul 21 07:59:25 2026] DELETE /resource_providers/2e89ece3-30f0-4940-9d8c-a6cc3b96f974 => generated 246 bytes in 6 msecs (HTTP/1.1 404) 6 headers in 231 bytes (1 switches on core 0)
2026-07-21 07:59:25.235 8 INFO placement.requestlog [req-59fc4e24-0327-4f5b-b26b-d546dc021b5e req-5a56d610-9ff0-4751-9c6a-a3c9348c1e69 f2559dbb3764429580eb29554468be32 8c2c98cb451443aebd74369131c03fc5 - - 32106ee077b04fb3afa539eadd07645c 32106ee077b04fb3afa539eadd07645c] 10.0.0.51 "GET /allocation_candidates?limit=1000&resources=DISK_GB%3A1%2CMEMORY_MB%3A512%2CVCPU%3A1&root_required=%21COMPUTE_STATUS_DISABLED" status: 200 len: 2444 microversion: 1.36 [pid: 8|app: 0|req: 461/935] 10.0.0.51 () {34 vars in 1011 bytes} [Tue Jul 21 07:59:25 2026] GET /allocation_candidates?limit=1000&resources=DISK_GB%3A1%2CMEMORY_MB%3A512%2CVCPU%3A1&root_required=%21COMPUTE_STATUS_DISABLED => generated 2444 bytes in 48 msecs (HTTP/1.1 200) 8 headers in 297 bytes (1 switches on core 0)
2026-07-21 07:59:25.270 7 INFO placement.requestlog [req-59fc4e24-0327-4f5b-b26b-d546dc021b5e req-b3a2c3b4-4f88-45c7-8f2f-221f8aa4c390 f2559dbb3764429580eb29554468be32 8c2c98cb451443aebd74369131c03fc5 - - 32106ee077b04fb3afa539eadd07645c 32106ee077b04fb3afa539eadd07645c] 10.0.0.51 "GET /allocations/c3267a55-7b92-4f54-a23d-8894de30ab9e" status: 200 len: 19 microversion: 1.28 [pid: 7|app: 0|req: 475/936] 10.0.0.51 () {34 vars in 860 bytes} [Tue Jul 21 07:59:25 2026] GET /allocations/c3267a55-7b92-4f54-a23d-8894de30ab9e => generated 19 bytes in 9 msecs (HTTP/1.1 200) 8 headers in 295 bytes (1 switches on core 0)
2026-07-21 07:59:25.338 8 INFO placement.requestlog [req-59fc4e24-0327-4f5b-b26b-d546dc021b5e req-2aa312fe-af70-4c06-97f0-a44c16f7a4a2 f2559dbb3764429580eb29554468be32 8c2c98cb451443aebd74369131c03fc5 - - 32106ee077b04fb3afa539eadd07645c 32106ee077b04fb3afa539eadd07645c] 10.0.0.51 "PUT /allocations/c3267a55-7b92-4f54-a23d-8894de30ab9e" status: 204 len: 0 microversion: 1.36 [pid: 8|app: 0|req: 462/937] 10.0.0.51 () {38 vars in 913 bytes} [Tue Jul 21 07:59:25 2026] PUT /allocations/c3267a55-7b92-4f54-a23d-8894de30ab9e => generated 0 bytes in 63 msecs (HTTP/1.1 204) 5 headers in 199 bytes (1 switches on core 0)
2026-07-21 07:59:26.863 7 INFO placement.requestlog [req-59fc4e24-0327-4f5b-b26b-d546dc021b5e req-b803f6cd-5c5b-40cd-b524-cc622de095c9 f2559dbb3764429580eb29554468be32 8c2c98cb451443aebd74369131c03fc5 - - 32106ee077b04fb3afa539eadd07645c 32106ee077b04fb3afa539eadd07645c] 199.19.213.11 "GET /allocations/c3267a55-7b92-4f54-a23d-8894de30ab9e" status: 200 len: 258 microversion: 1.28 [pid: 7|app: 0|req: 476/938] 199.19.213.11 () {34 vars in 862 bytes} [Tue Jul 21 07:59:26 2026] GET /allocations/c3267a55-7b92-4f54-a23d-8894de30ab9e => generated 258 bytes in 18 msecs (HTTP/1.1 200) 8 headers in 296 bytes (1 switches on core 0)
2026-07-21 07:59:27.905 8 INFO placement.requestlog [req-59fc4e24-0327-4f5b-b26b-d546dc021b5e req-68521d23-13c1-4c52-af46-1391a96285b7 f2559dbb3764429580eb29554468be32 8c2c98cb451443aebd74369131c03fc5 - - 32106ee077b04fb3afa539eadd07645c 32106ee077b04fb3afa539eadd07645c] 199.19.213.11 "GET /resource_providers/f27b461e-617b-4d4f-a09d-d1920427a342/allocations" status: 200 len: 253 microversion: 1.0 [pid: 8|app: 0|req: 463/939] 199.19.213.11 () {32 vars in 856 bytes} [Tue Jul 21 07:59:27 2026] GET /resource_providers/f27b461e-617b-4d4f-a09d-d1920427a342/allocations => generated 253 bytes in 20 msecs (HTTP/1.1 200) 6 headers in 224 bytes (1 switches on core 0)
2026-07-21 07:59:27.927 7 INFO placement.requestlog [req-59fc4e24-0327-4f5b-b26b-d546dc021b5e req-ff52bfb8-68d0-4f21-86df-9f33942735dc f2559dbb3764429580eb29554468be32 8c2c98cb451443aebd74369131c03fc5 - - 32106ee077b04fb3afa539eadd07645c 32106ee077b04fb3afa539eadd07645c] 199.19.213.11 "GET /allocations/d2183e91-ac70-4953-8140-c788e698bb5a" status: 200 len: 258 microversion: 1.28 [pid: 7|app: 0|req: 477/940] 199.19.213.11 () {34 vars in 862 bytes} [Tue Jul 21 07:59:27 2026] GET /allocations/d2183e91-ac70-4953-8140-c788e698bb5a => generated 258 bytes in 18 msecs (HTTP/1.1 200) 8 headers in 296 bytes (1 switches on core 0)
2026-07-21 07:59:27.951 8 INFO placement.requestlog [req-59fc4e24-0327-4f5b-b26b-d546dc021b5e req-b840ab62-4c4e-40ae-88f9-e1df7d97a70a f2559dbb3764429580eb29554468be32 8c2c98cb451443aebd74369131c03fc5 - - 32106ee077b04fb3afa539eadd07645c 32106ee077b04fb3afa539eadd07645c] 199.19.213.11 "GET /allocations/c3267a55-7b92-4f54-a23d-8894de30ab9e" status: 200 len: 258 microversion: 1.28 [pid: 8|app: 0|req: 464/941] 199.19.213.11 () {34 vars in 862 bytes} [Tue Jul 21 07:59:27 2026] GET /allocations/c3267a55-7b92-4f54-a23d-8894de30ab9e => generated 258 bytes in 19 msecs (HTTP/1.1 200) 8 headers in 296 bytes (1 switches on core 0)
2026-07-21 07:59:28.131 7 INFO placement.requestlog [None req-6c96a31a-ba64-4cad-8f58-585488daf9c7 b0e16577d0454722939ee1a350226434 8c2c98cb451443aebd74369131c03fc5 - - 32106ee077b04fb3afa539eadd07645c 32106ee077b04fb3afa539eadd07645c] 10.0.0.21 "GET /resource_providers/57f988bb-9694-476e-b4a4-d3ffe8706593/aggregates" status: 404 len: 235 microversion: 1.1 [pid: 7|app: 0|req: 478/942] 10.0.0.21 () {32 vars in 815 bytes} [Tue Jul 21 07:59:28 2026] GET /resource_providers/57f988bb-9694-476e-b4a4-d3ffe8706593/aggregates => generated 235 bytes in 8 msecs (HTTP/1.1 404) 5 headers in 202 bytes (1 switches on core 0)
