Jun 17 14:18:23.650644 np0000181144 neutron-rpc-server[108857]: DEBUG cotyledon.oslo_config_glue [-] oslo_middleware.http_basic_auth_user_file = /etc/htpasswd {{(pid=108857) log_opt_values /opt/stack/data/venv/lib/python3.12/site-packages/oslo_config/cfg.py:3253}}
Jun 17 14:18:23.650644 np0000181144 neutron-rpc-server[108857]: DEBUG cotyledon.oslo_config_glue [-] service_providers.service_provider = [] {{(pid=108857) log_opt_values /opt/stack/data/venv/lib/python3.12/site-packages/oslo_config/cfg.py:3253}}
Jun 17 14:18:23.650837 np0000181144 neutron-rpc-server[108857]: DEBUG cotyledon.oslo_config_glue [-] nova.auth_section = None {{(pid=108857) log_opt_values /opt/stack/data/venv/lib/python3.12/site-packages/oslo_config/cfg.py:3253}}
Jun 17 14:18:23.650837 np0000181144 neutron-rpc-server[108857]: DEBUG cotyledon.oslo_config_glue [-] nova.auth_type = password {{(pid=108857) log_opt_values /opt/stack/data/venv/lib/python3.12/site-packages/oslo_config/cfg.py:3253}}
Jun 17 14:18:23.650837 np0000181144 neutron-rpc-server[108857]: DEBUG cotyledon.oslo_config_glue [-] nova.auth_url = https://199.19.213.168/identity {{(pid=108857) log_opt_values /opt/stack/data/venv/lib/python3.12/site-packages/oslo_config/cfg.py:3253}}
Jun 17 14:18:23.650837 np0000181144 neutron-rpc-server[108857]: DEBUG cotyledon.oslo_config_glue [-] nova.cafile = None {{(pid=108857) log_opt_values /opt/stack/data/venv/lib/python3.12/site-packages/oslo_config/cfg.py:3253}}
Jun 17 14:18:23.651127 np0000181144 neutron-rpc-server[108857]: DEBUG cotyledon.oslo_config_glue [-] nova.certfile = None {{(pid=108857) log_opt_values /opt/stack/data/venv/lib/python3.12/site-packages/oslo_config/cfg.py:3253}}
Jun 17 14:18:23.651127 np0000181144 neutron-rpc-server[108857]: DEBUG cotyledon.oslo_config_glue [-] nova.collect_timing = False {{(pid=108857) log_opt_values /opt/stack/data/venv/lib/python3.12/site-packages/oslo_config/cfg.py:3253}}
Jun 17 14:18:23.651127 np0000181144 neutron-rpc-server[108857]: DEBUG cotyledon.oslo_config_glue [-] nova.default_domain_id = None {{(pid=108857) log_opt_values /opt/stack/data/venv/lib/python3.12/site-packages/oslo_config/cfg.py:3253}}
Jun 17 14:18:23.651127 np0000181144 neutron-rpc-server[108857]: DEBUG cotyledon.oslo_config_glue [-] nova.default_domain_name = None {{(pid=108857) log_opt_values /opt/stack/data/venv/lib/python3.12/site-packages/oslo_config/cfg.py:3253}}
Jun 17 14:18:23.651315 np0000181144 neutron-rpc-server[108847]: WARNING neutron.plugins.ml2.drivers.ovn.mech_driver.mech_driver [-] uWSGI is the only supported loader for the Neutron API; it provides, via ``uwsgi`` library, the worker ID. If other loader is used, a random hash ring node UUID will be provided
Jun 17 14:18:23.651429 np0000181144 neutron-rpc-server[108857]: DEBUG cotyledon.oslo_config_glue [-] nova.domain_id = None {{(pid=108857) log_opt_values /opt/stack/data/venv/lib/python3.12/site-packages/oslo_config/cfg.py:3253}}
Jun 17 14:18:23.651429 np0000181144 neutron-rpc-server[108857]: DEBUG cotyledon.oslo_config_glue [-] nova.domain_name = None {{(pid=108857) log_opt_values /opt/stack/data/venv/lib/python3.12/site-packages/oslo_config/cfg.py:3253}}
Jun 17 14:18:23.651429 np0000181144 neutron-rpc-server[108857]: DEBUG cotyledon.oslo_config_glue [-] nova.endpoint_type = public {{(pid=108857) log_opt_values /opt/stack/data/venv/lib/python3.12/site-packages/oslo_config/cfg.py:3253}}
Jun 17 14:18:23.651429 np0000181144 neutron-rpc-server[108857]: DEBUG cotyledon.oslo_config_glue [-] nova.insecure = False {{(pid=108857) log_opt_values /opt/stack/data/venv/lib/python3.12/site-packages/oslo_config/cfg.py:3253}}
Jun 17 14:18:23.651759 np0000181144 neutron-rpc-server[108857]: DEBUG cotyledon.oslo_config_glue [-] nova.keyfile = None {{(pid=108857) log_opt_values /opt/stack/data/venv/lib/python3.12/site-packages/oslo_config/cfg.py:3253}}
Jun 17 14:18:23.651759 np0000181144 neutron-rpc-server[108857]: DEBUG cotyledon.oslo_config_glue [-] nova.password = **** {{(pid=108857) log_opt_values /opt/stack/data/venv/lib/python3.12/site-packages/oslo_config/cfg.py:3253}}
Jun 17 14:18:23.651759 np0000181144 neutron-rpc-server[108857]: DEBUG cotyledon.oslo_config_glue [-] nova.project_domain_id = None {{(pid=108857) log_opt_values /opt/stack/data/venv/lib/python3.12/site-packages/oslo_config/cfg.py:3253}}
Jun 17 14:18:23.651759 np0000181144 neutron-rpc-server[108857]: DEBUG cotyledon.oslo_config_glue [-] nova.project_domain_name = Default {{(pid=108857) log_opt_values /opt/stack/data/venv/lib/python3.12/site-packages/oslo_config/cfg.py:3253}}
Jun 17 14:18:23.651759 np0000181144 neutron-rpc-server[108857]: DEBUG cotyledon.oslo_config_glue [-] nova.project_id = None {{(pid=108857) log_opt_values /opt/stack/data/venv/lib/python3.12/site-packages/oslo_config/cfg.py:3253}}
Jun 17 14:18:23.651759 np0000181144 neutron-rpc-server[108857]: DEBUG cotyledon.oslo_config_glue [-] nova.project_name = service {{(pid=108857) log_opt_values /opt/stack/data/venv/lib/python3.12/site-packages/oslo_config/cfg.py:3253}}
Jun 17 14:18:23.652055 np0000181144 neutron-rpc-server[108857]: DEBUG cotyledon.oslo_config_glue [-] nova.region_name = RegionOne {{(pid=108857) log_opt_values /opt/stack/data/venv/lib/python3.12/site-packages/oslo_config/cfg.py:3253}}
Jun 17 14:18:23.652055 np0000181144 neutron-rpc-server[108857]: DEBUG cotyledon.oslo_config_glue [-] nova.split_loggers = False {{(pid=108857) log_opt_values /opt/stack/data/venv/lib/python3.12/site-packages/oslo_config/cfg.py:3253}}
Jun 17 14:18:23.652055 np0000181144 neutron-rpc-server[108857]: DEBUG cotyledon.oslo_config_glue [-] nova.system_scope = None {{(pid=108857) log_opt_values /opt/stack/data/venv/lib/python3.12/site-packages/oslo_config/cfg.py:3253}}
Jun 17 14:18:23.652055 np0000181144 neutron-rpc-server[108857]: DEBUG cotyledon.oslo_config_glue [-] nova.timeout = None {{(pid=108857) log_opt_values /opt/stack/data/venv/lib/python3.12/site-packages/oslo_config/cfg.py:3253}}
Jun 17 14:18:23.652055 np0000181144 neutron-rpc-server[108857]: DEBUG cotyledon.oslo_config_glue [-] nova.trust_id = None {{(pid=108857) log_opt_values /opt/stack/data/venv/lib/python3.12/site-packages/oslo_config/cfg.py:3253}}
Jun 17 14:18:23.652055 np0000181144 neutron-rpc-server[108857]: DEBUG cotyledon.oslo_config_glue [-] nova.user_domain_id = None {{(pid=108857) log_opt_values /opt/stack/data/venv/lib/python3.12/site-packages/oslo_config/cfg.py:3253}}
Jun 17 14:18:23.652418 np0000181144 neutron-rpc-server[108857]: DEBUG cotyledon.oslo_config_glue [-] nova.user_domain_name = Default {{(pid=108857) log_opt_values /opt/stack/data/venv/lib/python3.12/site-packages/oslo_config/cfg.py:3253}}
Jun 17 14:18:23.652418 np0000181144 neutron-rpc-server[108857]: DEBUG cotyledon.oslo_config_glue [-] nova.user_id = None {{(pid=108857) log_opt_values /opt/stack/data/venv/lib/python3.12/site-packages/oslo_config/cfg.py:3253}}
Jun 17 14:18:23.652418 np0000181144 neutron-rpc-server[108857]: DEBUG cotyledon.oslo_config_glue [-] nova.username = nova {{(pid=108857) log_opt_values /opt/stack/data/venv/lib/python3.12/site-packages/oslo_config/cfg.py:3253}}
Jun 17 14:18:23.653051 np0000181144 neutron-rpc-server[108847]: DEBUG ovsdbapp.backend.ovs_idl [None req-aa994ed0-bad2-4b1e-836e-e40c0bd8daa5 None None] Created lookup_table index Logical_Switch.name {{(pid=108847) autocreate_indices /opt/stack/data/venv/lib/python3.12/site-packages/ovsdbapp/backend/ovs_idl/__init__.py:87}}
Jun 17 14:18:23.653217 np0000181144 neutron-rpc-server[108847]: DEBUG ovsdbapp.backend.ovs_idl [None req-aa994ed0-bad2-4b1e-836e-e40c0bd8daa5 None None] Created lookup_table index Logical_Router.name {{(pid=108847) autocreate_indices /opt/stack/data/venv/lib/python3.12/site-packages/ovsdbapp/backend/ovs_idl/__init__.py:87}}
Jun 17 14:18:23.653217 np0000181144 neutron-rpc-server[108847]: DEBUG ovsdbapp.backend.ovs_idl [None req-aa994ed0-bad2-4b1e-836e-e40c0bd8daa5 None None] Created lookup_table index Load_Balancer.name {{(pid=108847) autocreate_indices /opt/stack/data/venv/lib/python3.12/site-packages/ovsdbapp/backend/ovs_idl/__init__.py:87}}
Jun 17 14:18:23.653423 np0000181144 neutron-rpc-server[108847]: DEBUG ovsdbapp.backend.ovs_idl [None req-aa994ed0-bad2-4b1e-836e-e40c0bd8daa5 None None] Created schema index Copp.name {{(pid=108847) autocreate_indices /opt/stack/data/venv/lib/python3.12/site-packages/ovsdbapp/backend/ovs_idl/__init__.py:106}}
Jun 17 14:18:23.653423 np0000181144 neutron-rpc-server[108847]: DEBUG ovsdbapp.backend.ovs_idl [None req-aa994ed0-bad2-4b1e-836e-e40c0bd8daa5 None None] Created schema index Meter.name {{(pid=108847) autocreate_indices /opt/stack/data/venv/lib/python3.12/site-packages/ovsdbapp/backend/ovs_idl/__init__.py:106}}
Jun 17 14:18:23.653423 np0000181144 neutron-rpc-server[108847]: DEBUG ovsdbapp.backend.ovs_idl [None req-aa994ed0-bad2-4b1e-836e-e40c0bd8daa5 None None] Created schema index Load_Balancer_Group.name {{(pid=108847) autocreate_indices /opt/stack/data/venv/lib/python3.12/site-packages/ovsdbapp/backend/ovs_idl/__init__.py:106}}
Jun 17 14:18:23.653679 np0000181144 neutron-rpc-server[108847]: DEBUG ovsdbapp.backend.ovs_idl [None req-aa994ed0-bad2-4b1e-836e-e40c0bd8daa5 None None] Created schema index HA_Chassis_Group.name {{(pid=108847) autocreate_indices /opt/stack/data/venv/lib/python3.12/site-packages/ovsdbapp/backend/ovs_idl/__init__.py:106}}
Jun 17 14:18:23.653679 np0000181144 neutron-rpc-server[108847]: DEBUG ovsdbapp.backend.ovs_idl [None req-aa994ed0-bad2-4b1e-836e-e40c0bd8daa5 None None] Created schema index Address_Set.name {{(pid=108847) autocreate_indices /opt/stack/data/venv/lib/python3.12/site-packages/ovsdbapp/backend/ovs_idl/__init__.py:106}}
Jun 17 14:18:23.653679 np0000181144 neutron-rpc-server[108847]: DEBUG ovsdbapp.backend.ovs_idl [None req-aa994ed0-bad2-4b1e-836e-e40c0bd8daa5 None None] Created schema index Connection.target {{(pid=108847) autocreate_indices /opt/stack/data/venv/lib/python3.12/site-packages/ovsdbapp/backend/ovs_idl/__init__.py:106}}
Jun 17 14:18:23.653848 np0000181144 neutron-rpc-server[108847]: DEBUG ovsdbapp.backend.ovs_idl [None req-aa994ed0-bad2-4b1e-836e-e40c0bd8daa5 None None] Created schema index Gateway_Chassis.name {{(pid=108847) autocreate_indices /opt/stack/data/venv/lib/python3.12/site-packages/ovsdbapp/backend/ovs_idl/__init__.py:106}}
Jun 17 14:18:23.653848 np0000181144 neutron-rpc-server[108847]: DEBUG ovsdbapp.backend.ovs_idl [None req-aa994ed0-bad2-4b1e-836e-e40c0bd8daa5 None None] Created schema index Mirror.name {{(pid=108847) autocreate_indices /opt/stack/data/venv/lib/python3.12/site-packages/ovsdbapp/backend/ovs_idl/__init__.py:106}}
Jun 17 14:18:23.653848 np0000181144 neutron-rpc-server[108847]: DEBUG ovsdbapp.backend.ovs_idl [None req-aa994ed0-bad2-4b1e-836e-e40c0bd8daa5 None None] Created schema index Chassis_Template_Var.chassis {{(pid=108847) autocreate_indices /opt/stack/data/venv/lib/python3.12/site-packages/ovsdbapp/backend/ovs_idl/__init__.py:106}}
Jun 17 14:18:23.654058 np0000181144 neutron-rpc-server[108847]: DEBUG ovsdbapp.backend.ovs_idl [None req-aa994ed0-bad2-4b1e-836e-e40c0bd8daa5 None None] Created schema index Logical_Router_Port.name {{(pid=108847) autocreate_indices /opt/stack/data/venv/lib/python3.12/site-packages/ovsdbapp/backend/ovs_idl/__init__.py:106}}
Jun 17 14:18:23.654058 np0000181144 neutron-rpc-server[108847]: DEBUG ovsdbapp.backend.ovs_idl [None req-aa994ed0-bad2-4b1e-836e-e40c0bd8daa5 None None] Created schema index Port_Group.name {{(pid=108847) autocreate_indices /opt/stack/data/venv/lib/python3.12/site-packages/ovsdbapp/backend/ovs_idl/__init__.py:106}}
Jun 17 14:18:23.654058 np0000181144 neutron-rpc-server[108847]: DEBUG ovsdbapp.backend.ovs_idl [None req-aa994ed0-bad2-4b1e-836e-e40c0bd8daa5 None None] Created schema index Logical_Switch_Port.name {{(pid=108847) autocreate_indices /opt/stack/data/venv/lib/python3.12/site-packages/ovsdbapp/backend/ovs_idl/__init__.py:106}}
Jun 17 14:18:23.655428 np0000181144 neutron-rpc-server[108828]: WARNING neutron.plugins.ml2.drivers.ovn.mech_driver.mech_driver [-] uWSGI is the only supported loader for the Neutron API; it provides, via ``uwsgi`` library, the worker ID. If other loader is used, a random hash ring node UUID will be provided
Jun 17 14:18:23.656151 np0000181144 neutron-rpc-server[108857]: DEBUG cotyledon.oslo_config_glue [-] placement.auth_section = None {{(pid=108857) log_opt_values /opt/stack/data/venv/lib/python3.12/site-packages/oslo_config/cfg.py:3253}}
Jun 17 14:18:23.656151 np0000181144 neutron-rpc-server[108857]: DEBUG cotyledon.oslo_config_glue [-] placement.auth_type = password {{(pid=108857) log_opt_values /opt/stack/data/venv/lib/python3.12/site-packages/oslo_config/cfg.py:3253}}
Jun 17 14:18:23.656349 np0000181144 neutron-rpc-server[108857]: DEBUG cotyledon.oslo_config_glue [-] placement.cafile = None {{(pid=108857) log_opt_values /opt/stack/data/venv/lib/python3.12/site-packages/oslo_config/cfg.py:3253}}
Jun 17 14:18:23.656349 np0000181144 neutron-rpc-server[108857]: DEBUG cotyledon.oslo_config_glue [-] placement.certfile = None {{(pid=108857) log_opt_values /opt/stack/data/venv/lib/python3.12/site-packages/oslo_config/cfg.py:3253}}
Jun 17 14:18:23.656542 np0000181144 neutron-rpc-server[108847]: INFO ovsdbapp.backend.ovs_idl.vlog [None req-aa994ed0-bad2-4b1e-836e-e40c0bd8daa5 None None] ssl:199.19.213.168:6641: connecting...
Jun 17 14:18:23.656736 np0000181144 neutron-rpc-server[108857]: DEBUG cotyledon.oslo_config_glue [-] placement.collect_timing = False {{(pid=108857) log_opt_values /opt/stack/data/venv/lib/python3.12/site-packages/oslo_config/cfg.py:3253}}
Jun 17 14:18:23.656736 np0000181144 neutron-rpc-server[108857]: DEBUG cotyledon.oslo_config_glue [-] placement.endpoint_type = public {{(pid=108857) log_opt_values /opt/stack/data/venv/lib/python3.12/site-packages/oslo_config/cfg.py:3253}}
Jun 17 14:18:23.656911 np0000181144 neutron-rpc-server[108820]: DEBUG ovsdbapp.backend.ovs_idl [None req-d8bc4e30-acdf-4548-b3f7-08817f6b3529 None None] Created lookup_table index Logical_Switch.name {{(pid=108820) autocreate_indices /opt/stack/data/venv/lib/python3.12/site-packages/ovsdbapp/backend/ovs_idl/__init__.py:87}}
Jun 17 14:18:23.657088 np0000181144 neutron-rpc-server[108857]: DEBUG cotyledon.oslo_config_glue [-] placement.insecure = False {{(pid=108857) log_opt_values /opt/stack/data/venv/lib/python3.12/site-packages/oslo_config/cfg.py:3253}}
Jun 17 14:18:23.657088 np0000181144 neutron-rpc-server[108857]: DEBUG cotyledon.oslo_config_glue [-] placement.keyfile = None {{(pid=108857) log_opt_values /opt/stack/data/venv/lib/python3.12/site-packages/oslo_config/cfg.py:3253}}
Jun 17 14:18:23.657257 np0000181144 neutron-rpc-server[108820]: DEBUG ovsdbapp.backend.ovs_idl [None req-d8bc4e30-acdf-4548-b3f7-08817f6b3529 None None] Created lookup_table index Logical_Router.name {{(pid=108820) autocreate_indices /opt/stack/data/venv/lib/python3.12/site-packages/ovsdbapp/backend/ovs_idl/__init__.py:87}}
Jun 17 14:18:23.657439 np0000181144 neutron-rpc-server[108857]: DEBUG cotyledon.oslo_config_glue [-] placement.region_name = None {{(pid=108857) log_opt_values /opt/stack/data/venv/lib/python3.12/site-packages/oslo_config/cfg.py:3253}}
Jun 17 14:18:23.657439 np0000181144 neutron-rpc-server[108857]: DEBUG cotyledon.oslo_config_glue [-] placement.split_loggers = False {{(pid=108857) log_opt_values /opt/stack/data/venv/lib/python3.12/site-packages/oslo_config/cfg.py:3253}}
Jun 17 14:18:23.657667 np0000181144 neutron-rpc-server[108820]: DEBUG ovsdbapp.backend.ovs_idl [None req-d8bc4e30-acdf-4548-b3f7-08817f6b3529 None None] Created lookup_table index Load_Balancer.name {{(pid=108820) autocreate_indices /opt/stack/data/venv/lib/python3.12/site-packages/ovsdbapp/backend/ovs_idl/__init__.py:87}}
Jun 17 14:18:23.657798 np0000181144 neutron-rpc-server[108857]: DEBUG cotyledon.oslo_config_glue [-] placement.timeout = None {{(pid=108857) log_opt_values /opt/stack/data/venv/lib/python3.12/site-packages/oslo_config/cfg.py:3253}}
Jun 17 14:18:23.657798 np0000181144 neutron-rpc-server[108857]: DEBUG cotyledon.oslo_config_glue [-] ironic.auth_section = None {{(pid=108857) log_opt_values /opt/stack/data/venv/lib/python3.12/site-packages/oslo_config/cfg.py:3253}}
Jun 17 14:18:23.657998 np0000181144 neutron-rpc-server[108820]: DEBUG ovsdbapp.backend.ovs_idl [None req-d8bc4e30-acdf-4548-b3f7-08817f6b3529 None None] Created schema index Copp.name {{(pid=108820) autocreate_indices /opt/stack/data/venv/lib/python3.12/site-packages/ovsdbapp/backend/ovs_idl/__init__.py:106}}
Jun 17 14:18:23.658207 np0000181144 neutron-rpc-server[108857]: DEBUG cotyledon.oslo_config_glue [-] ironic.auth_type = None {{(pid=108857) log_opt_values /opt/stack/data/venv/lib/python3.12/site-packages/oslo_config/cfg.py:3253}}
Jun 17 14:18:23.658207 np0000181144 neutron-rpc-server[108857]: DEBUG cotyledon.oslo_config_glue [-] ironic.cafile = None {{(pid=108857) log_opt_values /opt/stack/data/venv/lib/python3.12/site-packages/oslo_config/cfg.py:3253}}
Jun 17 14:18:23.658361 np0000181144 neutron-rpc-server[108820]: DEBUG ovsdbapp.backend.ovs_idl [None req-d8bc4e30-acdf-4548-b3f7-08817f6b3529 None None] Created schema index Meter.name {{(pid=108820) autocreate_indices /opt/stack/data/venv/lib/python3.12/site-packages/ovsdbapp/backend/ovs_idl/__init__.py:106}}
Jun 17 14:18:23.658505 np0000181144 neutron-rpc-server[108857]: DEBUG cotyledon.oslo_config_glue [-] ironic.certfile = None {{(pid=108857) log_opt_values /opt/stack/data/venv/lib/python3.12/site-packages/oslo_config/cfg.py:3253}}
Jun 17 14:18:23.658505 np0000181144 neutron-rpc-server[108857]: DEBUG cotyledon.oslo_config_glue [-] ironic.collect_timing = False {{(pid=108857) log_opt_values /opt/stack/data/venv/lib/python3.12/site-packages/oslo_config/cfg.py:3253}}
Jun 17 14:18:23.658846 np0000181144 neutron-rpc-server[108820]: DEBUG ovsdbapp.backend.ovs_idl [None req-d8bc4e30-acdf-4548-b3f7-08817f6b3529 None None] Created schema index Load_Balancer_Group.name {{(pid=108820) autocreate_indices /opt/stack/data/venv/lib/python3.12/site-packages/ovsdbapp/backend/ovs_idl/__init__.py:106}}
Jun 17 14:18:23.659113 np0000181144 neutron-rpc-server[108857]: DEBUG cotyledon.oslo_config_glue [-] ironic.connect_retries = None {{(pid=108857) log_opt_values /opt/stack/data/venv/lib/python3.12/site-packages/oslo_config/cfg.py:3253}}
Jun 17 14:18:23.659113 np0000181144 neutron-rpc-server[108857]: DEBUG cotyledon.oslo_config_glue [-] ironic.connect_retry_delay = None {{(pid=108857) log_opt_values /opt/stack/data/venv/lib/python3.12/site-packages/oslo_config/cfg.py:3253}}
Jun 17 14:18:23.659291 np0000181144 neutron-rpc-server[108820]: DEBUG ovsdbapp.backend.ovs_idl [None req-d8bc4e30-acdf-4548-b3f7-08817f6b3529 None None] Created schema index HA_Chassis_Group.name {{(pid=108820) autocreate_indices /opt/stack/data/venv/lib/python3.12/site-packages/ovsdbapp/backend/ovs_idl/__init__.py:106}}
Jun 17 14:18:23.659427 np0000181144 neutron-rpc-server[108857]: DEBUG cotyledon.oslo_config_glue [-] ironic.enable_notifications = False {{(pid=108857) log_opt_values /opt/stack/data/venv/lib/python3.12/site-packages/oslo_config/cfg.py:3253}}
Jun 17 14:18:23.659545 np0000181144 neutron-rpc-server[108820]: DEBUG ovsdbapp.backend.ovs_idl [None req-d8bc4e30-acdf-4548-b3f7-08817f6b3529 None None] Created schema index Address_Set.name {{(pid=108820) autocreate_indices /opt/stack/data/venv/lib/python3.12/site-packages/ovsdbapp/backend/ovs_idl/__init__.py:106}}
Jun 17 14:18:23.659642 np0000181144 neutron-rpc-server[108857]: DEBUG cotyledon.oslo_config_glue [-] ironic.endpoint_override = None {{(pid=108857) log_opt_values /opt/stack/data/venv/lib/python3.12/site-packages/oslo_config/cfg.py:3253}}
Jun 17 14:18:23.659642 np0000181144 neutron-rpc-server[108857]: DEBUG cotyledon.oslo_config_glue [-] ironic.insecure = False {{(pid=108857) log_opt_values /opt/stack/data/venv/lib/python3.12/site-packages/oslo_config/cfg.py:3253}}
Jun 17 14:18:23.659642 np0000181144 neutron-rpc-server[108857]: DEBUG cotyledon.oslo_config_glue [-] ironic.interface = None {{(pid=108857) log_opt_values /opt/stack/data/venv/lib/python3.12/site-packages/oslo_config/cfg.py:3253}}
Jun 17 14:18:23.660083 np0000181144 neutron-rpc-server[108820]: DEBUG ovsdbapp.backend.ovs_idl [None req-d8bc4e30-acdf-4548-b3f7-08817f6b3529 None None] Created schema index Connection.target {{(pid=108820) autocreate_indices /opt/stack/data/venv/lib/python3.12/site-packages/ovsdbapp/backend/ovs_idl/__init__.py:106}}
Jun 17 14:18:23.660251 np0000181144 neutron-rpc-server[108828]: DEBUG ovsdbapp.backend.ovs_idl [None req-4caf1fe7-e0cc-4caf-a20c-d62a10b9ea05 None None] Created lookup_table index Logical_Switch.name {{(pid=108828) autocreate_indices /opt/stack/data/venv/lib/python3.12/site-packages/ovsdbapp/backend/ovs_idl/__init__.py:87}}
Jun 17 14:18:23.660420 np0000181144 neutron-rpc-server[108857]: DEBUG cotyledon.oslo_config_glue [-] ironic.keyfile = None {{(pid=108857) log_opt_values /opt/stack/data/venv/lib/python3.12/site-packages/oslo_config/cfg.py:3253}}
Jun 17 14:18:23.660519 np0000181144 neutron-rpc-server[108820]: DEBUG ovsdbapp.backend.ovs_idl [None req-d8bc4e30-acdf-4548-b3f7-08817f6b3529 None None] Created schema index Gateway_Chassis.name {{(pid=108820) autocreate_indices /opt/stack/data/venv/lib/python3.12/site-packages/ovsdbapp/backend/ovs_idl/__init__.py:106}}
Jun 17 14:18:23.660642 np0000181144 neutron-rpc-server[108857]: DEBUG cotyledon.oslo_config_glue [-] ironic.max_version = None {{(pid=108857) log_opt_values /opt/stack/data/venv/lib/python3.12/site-packages/oslo_config/cfg.py:3253}}
Jun 17 14:18:23.660642 np0000181144 neutron-rpc-server[108857]: DEBUG cotyledon.oslo_config_glue [-] ironic.min_version = None {{(pid=108857) log_opt_values /opt/stack/data/venv/lib/python3.12/site-packages/oslo_config/cfg.py:3253}}
Jun 17 14:18:23.660767 np0000181144 neutron-rpc-server[108828]: DEBUG ovsdbapp.backend.ovs_idl [None req-4caf1fe7-e0cc-4caf-a20c-d62a10b9ea05 None None] Created lookup_table index Logical_Router.name {{(pid=108828) autocreate_indices /opt/stack/data/venv/lib/python3.12/site-packages/ovsdbapp/backend/ovs_idl/__init__.py:87}}
Jun 17 14:18:23.660905 np0000181144 neutron-rpc-server[108820]: DEBUG ovsdbapp.backend.ovs_idl [None req-d8bc4e30-acdf-4548-b3f7-08817f6b3529 None None] Created schema index Mirror.name {{(pid=108820) autocreate_indices /opt/stack/data/venv/lib/python3.12/site-packages/ovsdbapp/backend/ovs_idl/__init__.py:106}}
Jun 17 14:18:23.661107 np0000181144 neutron-rpc-server[108857]: DEBUG cotyledon.oslo_config_glue [-] ironic.region_name = None {{(pid=108857) log_opt_values /opt/stack/data/venv/lib/python3.12/site-packages/oslo_config/cfg.py:3253}}
Jun 17 14:18:23.661107 np0000181144 neutron-rpc-server[108857]: DEBUG cotyledon.oslo_config_glue [-] ironic.retriable_status_codes = None {{(pid=108857) log_opt_values /opt/stack/data/venv/lib/python3.12/site-packages/oslo_config/cfg.py:3253}}
Jun 17 14:18:23.661238 np0000181144 neutron-rpc-server[108828]: DEBUG ovsdbapp.backend.ovs_idl [None req-4caf1fe7-e0cc-4caf-a20c-d62a10b9ea05 None None] Created lookup_table index Load_Balancer.name {{(pid=108828) autocreate_indices /opt/stack/data/venv/lib/python3.12/site-packages/ovsdbapp/backend/ovs_idl/__init__.py:87}}
Jun 17 14:18:23.661340 np0000181144 neutron-rpc-server[108820]: DEBUG ovsdbapp.backend.ovs_idl [None req-d8bc4e30-acdf-4548-b3f7-08817f6b3529 None None] Created schema index Chassis_Template_Var.chassis {{(pid=108820) autocreate_indices /opt/stack/data/venv/lib/python3.12/site-packages/ovsdbapp/backend/ovs_idl/__init__.py:106}}
Jun 17 14:18:23.661504 np0000181144 neutron-rpc-server[108857]: DEBUG cotyledon.oslo_config_glue [-] ironic.service_name = None {{(pid=108857) log_opt_values /opt/stack/data/venv/lib/python3.12/site-packages/oslo_config/cfg.py:3253}}
Jun 17 14:18:23.661750 np0000181144 neutron-rpc-server[108820]: DEBUG ovsdbapp.backend.ovs_idl [None req-d8bc4e30-acdf-4548-b3f7-08817f6b3529 None None] Created schema index Logical_Router_Port.name {{(pid=108820) autocreate_indices /opt/stack/data/venv/lib/python3.12/site-packages/ovsdbapp/backend/ovs_idl/__init__.py:106}}
Jun 17 14:18:23.661888 np0000181144 neutron-rpc-server[108857]: DEBUG cotyledon.oslo_config_glue [-] ironic.service_type = None {{(pid=108857) log_opt_values /opt/stack/data/venv/lib/python3.12/site-packages/oslo_config/cfg.py:3253}}
Jun 17 14:18:23.662050 np0000181144 neutron-rpc-server[108828]: DEBUG ovsdbapp.backend.ovs_idl [None req-4caf1fe7-e0cc-4caf-a20c-d62a10b9ea05 None None] Created schema index Copp.name {{(pid=108828) autocreate_indices /opt/stack/data/venv/lib/python3.12/site-packages/ovsdbapp/backend/ovs_idl/__init__.py:106}}
Jun 17 14:18:23.662171 np0000181144 neutron-rpc-server[108857]: DEBUG cotyledon.oslo_config_glue [-] ironic.split_loggers = False {{(pid=108857) log_opt_values /opt/stack/data/venv/lib/python3.12/site-packages/oslo_config/cfg.py:3253}}
Jun 17 14:18:23.662327 np0000181144 neutron-rpc-server[108820]: DEBUG ovsdbapp.backend.ovs_idl [None req-d8bc4e30-acdf-4548-b3f7-08817f6b3529 None None] Created schema index Port_Group.name {{(pid=108820) autocreate_indices /opt/stack/data/venv/lib/python3.12/site-packages/ovsdbapp/backend/ovs_idl/__init__.py:106}}
Jun 17 14:18:23.662474 np0000181144 neutron-rpc-server[108857]: DEBUG cotyledon.oslo_config_glue [-] ironic.status_code_retries = None {{(pid=108857) log_opt_values /opt/stack/data/venv/lib/python3.12/site-packages/oslo_config/cfg.py:3253}}
Jun 17 14:18:23.662677 np0000181144 neutron-rpc-server[108828]: DEBUG ovsdbapp.backend.ovs_idl [None req-4caf1fe7-e0cc-4caf-a20c-d62a10b9ea05 None None] Created schema index Meter.name {{(pid=108828) autocreate_indices /opt/stack/data/venv/lib/python3.12/site-packages/ovsdbapp/backend/ovs_idl/__init__.py:106}}
Jun 17 14:18:23.662788 np0000181144 neutron-rpc-server[108857]: DEBUG cotyledon.oslo_config_glue [-] ironic.status_code_retry_delay = None {{(pid=108857) log_opt_values /opt/stack/data/venv/lib/python3.12/site-packages/oslo_config/cfg.py:3253}}
Jun 17 14:18:23.662873 np0000181144 neutron-rpc-server[108820]: DEBUG ovsdbapp.backend.ovs_idl [None req-d8bc4e30-acdf-4548-b3f7-08817f6b3529 None None] Created schema index Logical_Switch_Port.name {{(pid=108820) autocreate_indices /opt/stack/data/venv/lib/python3.12/site-packages/ovsdbapp/backend/ovs_idl/__init__.py:106}}
Jun 17 14:18:23.663005 np0000181144 neutron-rpc-server[108857]: DEBUG cotyledon.oslo_config_glue [-] ironic.timeout = None {{(pid=108857) log_opt_values /opt/stack/data/venv/lib/python3.12/site-packages/oslo_config/cfg.py:3253}}
Jun 17 14:18:23.663134 np0000181144 neutron-rpc-server[108828]: DEBUG ovsdbapp.backend.ovs_idl [None req-4caf1fe7-e0cc-4caf-a20c-d62a10b9ea05 None None] Created schema index Load_Balancer_Group.name {{(pid=108828) autocreate_indices /opt/stack/data/venv/lib/python3.12/site-packages/ovsdbapp/backend/ovs_idl/__init__.py:106}}
Jun 17 14:18:23.663265 np0000181144 neutron-rpc-server[108857]: DEBUG cotyledon.oslo_config_glue [-] ironic.valid_interfaces = None {{(pid=108857) log_opt_values /opt/stack/data/venv/lib/python3.12/site-packages/oslo_config/cfg.py:3253}}
Jun 17 14:18:23.663265 np0000181144 neutron-rpc-server[108857]: DEBUG cotyledon.oslo_config_glue [-] ironic.version = None {{(pid=108857) log_opt_values /opt/stack/data/venv/lib/python3.12/site-packages/oslo_config/cfg.py:3253}}
Jun 17 14:18:23.663418 np0000181144 neutron-rpc-server[108828]: DEBUG ovsdbapp.backend.ovs_idl [None req-4caf1fe7-e0cc-4caf-a20c-d62a10b9ea05 None None] Created schema index HA_Chassis_Group.name {{(pid=108828) autocreate_indices /opt/stack/data/venv/lib/python3.12/site-packages/ovsdbapp/backend/ovs_idl/__init__.py:106}}
Jun 17 14:18:23.663544 np0000181144 neutron-rpc-server[108857]: DEBUG cotyledon.oslo_config_glue [-] cli_script.dry_run = False {{(pid=108857) log_opt_values /opt/stack/data/venv/lib/python3.12/site-packages/oslo_config/cfg.py:3253}}
Jun 17 14:18:23.663544 np0000181144 neutron-rpc-server[108857]: DEBUG cotyledon.oslo_config_glue [-] oslo_messaging_rabbit.amqp_auto_delete = False {{(pid=108857) log_opt_values /opt/stack/data/venv/lib/python3.12/site-packages/oslo_config/cfg.py:3253}}
Jun 17 14:18:23.663544 np0000181144 neutron-rpc-server[108857]: DEBUG cotyledon.oslo_config_glue [-] oslo_messaging_rabbit.amqp_durable_queues = False {{(pid=108857) log_opt_values /opt/stack/data/venv/lib/python3.12/site-packages/oslo_config/cfg.py:3253}}
Jun 17 14:18:23.663544 np0000181144 neutron-rpc-server[108857]: DEBUG cotyledon.oslo_config_glue [-] oslo_messaging_rabbit.conn_pool_min_size = 2 {{(pid=108857) log_opt_values /opt/stack/data/venv/lib/python3.12/site-packages/oslo_config/cfg.py:3253}}
Jun 17 14:18:23.663544 np0000181144 neutron-rpc-server[108857]: DEBUG cotyledon.oslo_config_glue [-] oslo_messaging_rabbit.conn_pool_ttl = 1200 {{(pid=108857) log_opt_values /opt/stack/data/venv/lib/python3.12/site-packages/oslo_config/cfg.py:3253}}
Jun 17 14:18:23.663544 np0000181144 neutron-rpc-server[108857]: DEBUG cotyledon.oslo_config_glue [-] oslo_messaging_rabbit.direct_mandatory_flag = True {{(pid=108857) log_opt_values /opt/stack/data/venv/lib/python3.12/site-packages/oslo_config/cfg.py:3253}}
Jun 17 14:18:23.663544 np0000181144 neutron-rpc-server[108857]: DEBUG cotyledon.oslo_config_glue [-] oslo_messaging_rabbit.enable_cancel_on_failover = False {{(pid=108857) log_opt_values /opt/stack/data/venv/lib/python3.12/site-packages/oslo_config/cfg.py:3253}}
Jun 17 14:18:23.663544 np0000181144 neutron-rpc-server[108857]: DEBUG cotyledon.oslo_config_glue [-] oslo_messaging_rabbit.heartbeat_rate = 3 {{(pid=108857) log_opt_values /opt/stack/data/venv/lib/python3.12/site-packages/oslo_config/cfg.py:3253}}
Jun 17 14:18:23.663544 np0000181144 neutron-rpc-server[108857]: DEBUG cotyledon.oslo_config_glue [-] oslo_messaging_rabbit.heartbeat_timeout_threshold = 60 {{(pid=108857) log_opt_values /opt/stack/data/venv/lib/python3.12/site-packages/oslo_config/cfg.py:3253}}
Jun 17 14:18:23.663938 np0000181144 neutron-rpc-server[108857]: DEBUG cotyledon.oslo_config_glue [-] oslo_messaging_rabbit.hostname = np0000181144 {{(pid=108857) log_opt_values /opt/stack/data/venv/lib/python3.12/site-packages/oslo_config/cfg.py:3253}}
Jun 17 14:18:23.663938 np0000181144 neutron-rpc-server[108857]: DEBUG cotyledon.oslo_config_glue [-] oslo_messaging_rabbit.kombu_compression = None {{(pid=108857) log_opt_values /opt/stack/data/venv/lib/python3.12/site-packages/oslo_config/cfg.py:3253}}
Jun 17 14:18:23.663938 np0000181144 neutron-rpc-server[108857]: DEBUG cotyledon.oslo_config_glue [-] oslo_messaging_rabbit.kombu_failover_strategy = round-robin {{(pid=108857) log_opt_values /opt/stack/data/venv/lib/python3.12/site-packages/oslo_config/cfg.py:3253}}
Jun 17 14:18:23.663938 np0000181144 neutron-rpc-server[108857]: DEBUG cotyledon.oslo_config_glue [-] oslo_messaging_rabbit.kombu_missing_consumer_retry_timeout = 60 {{(pid=108857) log_opt_values /opt/stack/data/venv/lib/python3.12/site-packages/oslo_config/cfg.py:3253}}
Jun 17 14:18:23.663938 np0000181144 neutron-rpc-server[108857]: DEBUG cotyledon.oslo_config_glue [-] oslo_messaging_rabbit.kombu_reconnect_delay = 1.0 {{(pid=108857) log_opt_values /opt/stack/data/venv/lib/python3.12/site-packages/oslo_config/cfg.py:3253}}
Jun 17 14:18:23.664162 np0000181144 neutron-rpc-server[108828]: DEBUG ovsdbapp.backend.ovs_idl [None req-4caf1fe7-e0cc-4caf-a20c-d62a10b9ea05 None None] Created schema index Address_Set.name {{(pid=108828) autocreate_indices /opt/stack/data/venv/lib/python3.12/site-packages/ovsdbapp/backend/ovs_idl/__init__.py:106}}
Jun 17 14:18:23.664307 np0000181144 neutron-rpc-server[108857]: DEBUG cotyledon.oslo_config_glue [-] oslo_messaging_rabbit.kombu_reconnect_splay = 0.0 {{(pid=108857) log_opt_values /opt/stack/data/venv/lib/python3.12/site-packages/oslo_config/cfg.py:3253}}
Jun 17 14:18:23.664307 np0000181144 neutron-rpc-server[108857]: DEBUG cotyledon.oslo_config_glue [-] oslo_messaging_rabbit.processname = neutron-rpc-server {{(pid=108857) log_opt_values /opt/stack/data/venv/lib/python3.12/site-packages/oslo_config/cfg.py:3253}}
Jun 17 14:18:23.664307 np0000181144 neutron-rpc-server[108857]: DEBUG cotyledon.oslo_config_glue [-] oslo_messaging_rabbit.rabbit_ha_queues = False {{(pid=108857) log_opt_values /opt/stack/data/venv/lib/python3.12/site-packages/oslo_config/cfg.py:3253}}
Jun 17 14:18:23.664307 np0000181144 neutron-rpc-server[108857]: DEBUG cotyledon.oslo_config_glue [-] oslo_messaging_rabbit.rabbit_interval_max = 30 {{(pid=108857) log_opt_values /opt/stack/data/venv/lib/python3.12/site-packages/oslo_config/cfg.py:3253}}
Jun 17 14:18:23.664505 np0000181144 neutron-rpc-server[108828]: DEBUG ovsdbapp.backend.ovs_idl [None req-4caf1fe7-e0cc-4caf-a20c-d62a10b9ea05 None None] Created schema index Connection.target {{(pid=108828) autocreate_indices /opt/stack/data/venv/lib/python3.12/site-packages/ovsdbapp/backend/ovs_idl/__init__.py:106}}
Jun 17 14:18:23.664599 np0000181144 neutron-rpc-server[108857]: DEBUG cotyledon.oslo_config_glue [-] oslo_messaging_rabbit.rabbit_login_method = AMQPLAIN {{(pid=108857) log_opt_values /opt/stack/data/venv/lib/python3.12/site-packages/oslo_config/cfg.py:3253}}
Jun 17 14:18:23.664599 np0000181144 neutron-rpc-server[108857]: DEBUG cotyledon.oslo_config_glue [-] oslo_messaging_rabbit.rabbit_qos_prefetch_count = 0 {{(pid=108857) log_opt_values /opt/stack/data/venv/lib/python3.12/site-packages/oslo_config/cfg.py:3253}}
Jun 17 14:18:23.664599 np0000181144 neutron-rpc-server[108857]: DEBUG cotyledon.oslo_config_glue [-] oslo_messaging_rabbit.rabbit_quorum_delivery_limit = 0 {{(pid=108857) log_opt_values /opt/stack/data/venv/lib/python3.12/site-packages/oslo_config/cfg.py:3253}}
Jun 17 14:18:23.664760 np0000181144 neutron-rpc-server[108828]: DEBUG ovsdbapp.backend.ovs_idl [None req-4caf1fe7-e0cc-4caf-a20c-d62a10b9ea05 None None] Created schema index Gateway_Chassis.name {{(pid=108828) autocreate_indices /opt/stack/data/venv/lib/python3.12/site-packages/ovsdbapp/backend/ovs_idl/__init__.py:106}}
Jun 17 14:18:23.664871 np0000181144 neutron-rpc-server[108857]: DEBUG cotyledon.oslo_config_glue [-] oslo_messaging_rabbit.rabbit_quorum_max_memory_bytes = 0 {{(pid=108857) log_opt_values /opt/stack/data/venv/lib/python3.12/site-packages/oslo_config/cfg.py:3253}}
Jun 17 14:18:23.664871 np0000181144 neutron-rpc-server[108857]: DEBUG cotyledon.oslo_config_glue [-] oslo_messaging_rabbit.rabbit_quorum_max_memory_length = 0 {{(pid=108857) log_opt_values /opt/stack/data/venv/lib/python3.12/site-packages/oslo_config/cfg.py:3253}}
Jun 17 14:18:23.664871 np0000181144 neutron-rpc-server[108857]: DEBUG cotyledon.oslo_config_glue [-] oslo_messaging_rabbit.rabbit_quorum_queue = False {{(pid=108857) log_opt_values /opt/stack/data/venv/lib/python3.12/site-packages/oslo_config/cfg.py:3253}}
Jun 17 14:18:23.664871 np0000181144 neutron-rpc-server[108857]: DEBUG cotyledon.oslo_config_glue [-] oslo_messaging_rabbit.rabbit_retry_backoff = 2 {{(pid=108857) log_opt_values /opt/stack/data/venv/lib/python3.12/site-packages/oslo_config/cfg.py:3253}}
Jun 17 14:18:23.664871 np0000181144 neutron-rpc-server[108857]: DEBUG cotyledon.oslo_config_glue [-] oslo_messaging_rabbit.rabbit_retry_interval = 1 {{(pid=108857) log_opt_values /opt/stack/data/venv/lib/python3.12/site-packages/oslo_config/cfg.py:3253}}
Jun 17 14:18:23.665050 np0000181144 neutron-rpc-server[108828]: DEBUG ovsdbapp.backend.ovs_idl [None req-4caf1fe7-e0cc-4caf-a20c-d62a10b9ea05 None None] Created schema index Mirror.name {{(pid=108828) autocreate_indices /opt/stack/data/venv/lib/python3.12/site-packages/ovsdbapp/backend/ovs_idl/__init__.py:106}}
Jun 17 14:18:23.665152 np0000181144 neutron-rpc-server[108857]: DEBUG cotyledon.oslo_config_glue [-] oslo_messaging_rabbit.rabbit_stream_fanout = False {{(pid=108857) log_opt_values /opt/stack/data/venv/lib/python3.12/site-packages/oslo_config/cfg.py:3253}}
Jun 17 14:18:23.665152 np0000181144 neutron-rpc-server[108857]: DEBUG cotyledon.oslo_config_glue [-] oslo_messaging_rabbit.rabbit_transient_queues_ttl = 1800 {{(pid=108857) log_opt_values /opt/stack/data/venv/lib/python3.12/site-packages/oslo_config/cfg.py:3253}}
Jun 17 14:18:23.665152 np0000181144 neutron-rpc-server[108857]: DEBUG cotyledon.oslo_config_glue [-] oslo_messaging_rabbit.rabbit_transient_quorum_queue = False {{(pid=108857) log_opt_values /opt/stack/data/venv/lib/python3.12/site-packages/oslo_config/cfg.py:3253}}
Jun 17 14:18:23.665152 np0000181144 neutron-rpc-server[108857]: DEBUG cotyledon.oslo_config_glue [-] oslo_messaging_rabbit.rpc_conn_pool_size = 30 {{(pid=108857) log_opt_values /opt/stack/data/venv/lib/python3.12/site-packages/oslo_config/cfg.py:3253}}
Jun 17 14:18:23.665152 np0000181144 neutron-rpc-server[108857]: DEBUG cotyledon.oslo_config_glue [-] oslo_messaging_rabbit.ssl = False {{(pid=108857) log_opt_values /opt/stack/data/venv/lib/python3.12/site-packages/oslo_config/cfg.py:3253}}
Jun 17 14:18:23.665375 np0000181144 neutron-rpc-server[108828]: DEBUG ovsdbapp.backend.ovs_idl [None req-4caf1fe7-e0cc-4caf-a20c-d62a10b9ea05 None None] Created schema index Chassis_Template_Var.chassis {{(pid=108828) autocreate_indices /opt/stack/data/venv/lib/python3.12/site-packages/ovsdbapp/backend/ovs_idl/__init__.py:106}}
Jun 17 14:18:23.665477 np0000181144 neutron-rpc-server[108857]: DEBUG cotyledon.oslo_config_glue [-] oslo_messaging_rabbit.ssl_ca_file = {{(pid=108857) log_opt_values /opt/stack/data/venv/lib/python3.12/site-packages/oslo_config/cfg.py:3253}}
Jun 17 14:18:23.665477 np0000181144 neutron-rpc-server[108857]: DEBUG cotyledon.oslo_config_glue [-] oslo_messaging_rabbit.ssl_cert_file = {{(pid=108857) log_opt_values /opt/stack/data/venv/lib/python3.12/site-packages/oslo_config/cfg.py:3253}}
Jun 17 14:18:23.665477 np0000181144 neutron-rpc-server[108857]: DEBUG cotyledon.oslo_config_glue [-] oslo_messaging_rabbit.ssl_enforce_fips_mode = False {{(pid=108857) log_opt_values /opt/stack/data/venv/lib/python3.12/site-packages/oslo_config/cfg.py:3253}}
Jun 17 14:18:23.665624 np0000181144 neutron-rpc-server[108828]: DEBUG ovsdbapp.backend.ovs_idl [None req-4caf1fe7-e0cc-4caf-a20c-d62a10b9ea05 None None] Created schema index Logical_Router_Port.name {{(pid=108828) autocreate_indices /opt/stack/data/venv/lib/python3.12/site-packages/ovsdbapp/backend/ovs_idl/__init__.py:106}}
Jun 17 14:18:23.665733 np0000181144 neutron-rpc-server[108857]: DEBUG cotyledon.oslo_config_glue [-] oslo_messaging_rabbit.ssl_enforce_hostname_verification = True {{(pid=108857) log_opt_values /opt/stack/data/venv/lib/python3.12/site-packages/oslo_config/cfg.py:3253}}
Jun 17 14:18:23.665733 np0000181144 neutron-rpc-server[108857]: DEBUG cotyledon.oslo_config_glue [-] oslo_messaging_rabbit.ssl_key_file = {{(pid=108857) log_opt_values /opt/stack/data/venv/lib/python3.12/site-packages/oslo_config/cfg.py:3253}}
Jun 17 14:18:23.666463 np0000181144 neutron-rpc-server[108828]: DEBUG ovsdbapp.backend.ovs_idl [None req-4caf1fe7-e0cc-4caf-a20c-d62a10b9ea05 None None] Created schema index Port_Group.name {{(pid=108828) autocreate_indices /opt/stack/data/venv/lib/python3.12/site-packages/ovsdbapp/backend/ovs_idl/__init__.py:106}}
Jun 17 14:18:23.666756 np0000181144 neutron-rpc-server[108811]: ERROR neutron.common.ovn.hash_ring_manager [None req-7537d1ae-99ed-4f81-bc5e-d35fb417ff89 None None] The Neutron API workers count is zero
Jun 17 14:18:23.666862 np0000181144 neutron-rpc-server[108828]: DEBUG ovsdbapp.backend.ovs_idl [None req-4caf1fe7-e0cc-4caf-a20c-d62a10b9ea05 None None] Created schema index Logical_Switch_Port.name {{(pid=108828) autocreate_indices /opt/stack/data/venv/lib/python3.12/site-packages/ovsdbapp/backend/ovs_idl/__init__.py:106}}
Jun 17 14:18:23.666972 np0000181144 neutron-rpc-server[108847]: INFO ovsdbapp.backend.ovs_idl.vlog [None req-aa994ed0-bad2-4b1e-836e-e40c0bd8daa5 None None] ssl:199.19.213.168:6641: connected
Jun 17 14:18:23.667095 np0000181144 neutron-rpc-server[108811]: ERROR neutron.plugins.ml2.drivers.ovn.mech_driver.ovsdb.ovsdb_monitor [None req-7537d1ae-99ed-4f81-bc5e-d35fb417ff89 None None] The Neutron API workers count is zero: RuntimeError: The Neutron API workers count is zero
Jun 17 14:18:23.667095 np0000181144 neutron-rpc-server[108811]: ERROR neutron.plugins.ml2.drivers.ovn.mech_driver.ovsdb.ovsdb_monitor
Traceback (most recent call last):
Jun 17 14:18:23.667095 np0000181144 neutron-rpc-server[108811]: ERROR neutron.plugins.ml2.drivers.ovn.mech_driver.ovsdb.ovsdb_monitor
File "/opt/stack/neutron/neutron/plugins/ml2/drivers/ovn/mech_driver/ovsdb/ovsdb_monitor.py", line 989, in notify
Jun 17 14:18:23.667095 np0000181144 neutron-rpc-server[108811]: ERROR neutron.plugins.ml2.drivers.ovn.mech_driver.ovsdb.ovsdb_monitor target_node, node_last_touch = self._hash_ring.get_node(
Jun 17 14:18:23.667095 np0000181144 neutron-rpc-server[108811]: ERROR neutron.plugins.ml2.drivers.ovn.mech_driver.ovsdb.ovsdb_monitor ^^^^^^^^^^^^^^^^^^^^^^^^^
Jun 17 14:18:23.667095 np0000181144 neutron-rpc-server[108811]: ERROR neutron.plugins.ml2.drivers.ovn.mech_driver.ovsdb.ovsdb_monitor
File "/opt/stack/neutron/neutron/common/ovn/hash_ring_manager.py", line 117, in get_node
Jun 17 14:18:23.667095 np0000181144 neutron-rpc-server[108811]: ERROR neutron.plugins.ml2.drivers.ovn.mech_driver.ovsdb.ovsdb_monitor self._load_hash_ring()
Jun 17 14:18:23.667095 np0000181144 neutron-rpc-server[108811]: ERROR neutron.plugins.ml2.drivers.ovn.mech_driver.ovsdb.ovsdb_monitor
File "/opt/stack/neutron/neutron/common/ovn/hash_ring_manager.py", line 95, in _load_hash_ring
Jun 17 14:18:23.667095 np0000181144 neutron-rpc-server[108811]: ERROR neutron.plugins.ml2.drivers.ovn.mech_driver.ovsdb.ovsdb_monitor self._wait_startup_before_caching or
Jun 17 14:18:23.667095 np0000181144 neutron-rpc-server[108811]: ERROR neutron.plugins.ml2.drivers.ovn.mech_driver.ovsdb.ovsdb_monitor ^^^^^^^^^^^^^^^^^^^^^^^^^^^^^^^^^
Jun 17 14:18:23.667095 np0000181144 neutron-rpc-server[108811]: ERROR neutron.plugins.ml2.drivers.ovn.mech_driver.ovsdb.ovsdb_monitor
File "/opt/stack/neutron/neutron/common/ovn/hash_ring_manager.py", line 63, in _wait_startup_before_caching
Jun 17 14:18:23.667095 np0000181144 neutron-rpc-server[108811]: ERROR neutron.plugins.ml2.drivers.ovn.mech_driver.ovsdb.ovsdb_monitor raise RuntimeError(msg)
Jun 17 14:18:23.667095 np0000181144 neutron-rpc-server[108811]: ERROR neutron.plugins.ml2.drivers.ovn.mech_driver.ovsdb.ovsdb_monitor RuntimeError: The Neutron API workers count is zero
Jun 17 14:18:23.667542 np0000181144 neutron-rpc-server[108811]: ERROR neutron.plugins.ml2.drivers.ovn.mech_driver.ovsdb.ovsdb_monitor
Jun 17 14:18:23.667642 np0000181144 neutron-rpc-server[108857]: DEBUG cotyledon.oslo_config_glue [-] oslo_messaging_rabbit.ssl_version = {{(pid=108857) log_opt_values /opt/stack/data/venv/lib/python3.12/site-packages/oslo_config/cfg.py:3253}}
Jun 17 14:18:23.667726 np0000181144 neutron-rpc-server[108811]: ERROR neutron.common.ovn.hash_ring_manager [None req-7537d1ae-99ed-4f81-bc5e-d35fb417ff89 None None] The Neutron API workers count is zero
Jun 17 14:18:23.667785 np0000181144 neutron-rpc-server[108857]: DEBUG cotyledon.oslo_config_glue [-] oslo_messaging_rabbit.use_queue_manager = False {{(pid=108857) log_opt_values /opt/stack/data/venv/lib/python3.12/site-packages/oslo_config/cfg.py:3253}}
Jun 17 14:18:23.667785 np0000181144 neutron-rpc-server[108857]: DEBUG cotyledon.oslo_config_glue [-] oslo_messaging_notifications.driver = [] {{(pid=108857) log_opt_values /opt/stack/data/venv/lib/python3.12/site-packages/oslo_config/cfg.py:3253}}
Jun 17 14:18:23.667785 np0000181144 neutron-rpc-server[108857]: DEBUG cotyledon.oslo_config_glue [-] oslo_messaging_notifications.retry = -1 {{(pid=108857) log_opt_values /opt/stack/data/venv/lib/python3.12/site-packages/oslo_config/cfg.py:3253}}
Jun 17 14:18:23.667785 np0000181144 neutron-rpc-server[108857]: DEBUG cotyledon.oslo_config_glue [-] oslo_messaging_notifications.topics = ['notifications'] {{(pid=108857) log_opt_values /opt/stack/data/venv/lib/python3.12/site-packages/oslo_config/cfg.py:3253}}
Jun 17 14:18:23.667785 np0000181144 neutron-rpc-server[108857]: DEBUG cotyledon.oslo_config_glue [-] oslo_messaging_notifications.transport_url = **** {{(pid=108857) log_opt_values /opt/stack/data/venv/lib/python3.12/site-packages/oslo_config/cfg.py:3253}}
Jun 17 14:18:23.667961 np0000181144 neutron-rpc-server[108811]: ERROR neutron.plugins.ml2.drivers.ovn.mech_driver.ovsdb.ovsdb_monitor [None req-7537d1ae-99ed-4f81-bc5e-d35fb417ff89 None None] The Neutron API workers count is zero: RuntimeError: The Neutron API workers count is zero
Jun 17 14:18:23.667961 np0000181144 neutron-rpc-server[108811]: ERROR neutron.plugins.ml2.drivers.ovn.mech_driver.ovsdb.ovsdb_monitor
Traceback (most recent call last):
Jun 17 14:18:23.667961 np0000181144 neutron-rpc-server[108811]: ERROR neutron.plugins.ml2.drivers.ovn.mech_driver.ovsdb.ovsdb_monitor
File "/opt/stack/neutron/neutron/plugins/ml2/drivers/ovn/mech_driver/ovsdb/ovsdb_monitor.py", line 989, in notify
Jun 17 14:18:23.667961 np0000181144 neutron-rpc-server[108811]: ERROR neutron.plugins.ml2.drivers.ovn.mech_driver.ovsdb.ovsdb_monitor target_node, node_last_touch = self._hash_ring.get_node(
Jun 17 14:18:23.667961 np0000181144 neutron-rpc-server[108811]: ERROR neutron.plugins.ml2.drivers.ovn.mech_driver.ovsdb.ovsdb_monitor ^^^^^^^^^^^^^^^^^^^^^^^^^
Jun 17 14:18:23.667961 np0000181144 neutron-rpc-server[108811]: ERROR neutron.plugins.ml2.drivers.ovn.mech_driver.ovsdb.ovsdb_monitor
File "/opt/stack/neutron/neutron/common/ovn/hash_ring_manager.py", line 117, in get_node
Jun 17 14:18:23.667961 np0000181144 neutron-rpc-server[108811]: ERROR neutron.plugins.ml2.drivers.ovn.mech_driver.ovsdb.ovsdb_monitor self._load_hash_ring()
Jun 17 14:18:23.667961 np0000181144 neutron-rpc-server[108811]: ERROR neutron.plugins.ml2.drivers.ovn.mech_driver.ovsdb.ovsdb_monitor
File "/opt/stack/neutron/neutron/common/ovn/hash_ring_manager.py", line 95, in _load_hash_ring
Jun 17 14:18:23.667961 np0000181144 neutron-rpc-server[108811]: ERROR neutron.plugins.ml2.drivers.ovn.mech_driver.ovsdb.ovsdb_monitor self._wait_startup_before_caching or
Jun 17 14:18:23.667961 np0000181144 neutron-rpc-server[108811]: ERROR neutron.plugins.ml2.drivers.ovn.mech_driver.ovsdb.ovsdb_monitor ^^^^^^^^^^^^^^^^^^^^^^^^^^^^^^^^^
Jun 17 14:18:23.667961 np0000181144 neutron-rpc-server[108811]: ERROR neutron.plugins.ml2.drivers.ovn.mech_driver.ovsdb.ovsdb_monitor
File "/opt/stack/neutron/neutron/common/ovn/hash_ring_manager.py", line 63, in _wait_startup_before_caching
Jun 17 14:18:23.667961 np0000181144 neutron-rpc-server[108811]: ERROR neutron.plugins.ml2.drivers.ovn.mech_driver.ovsdb.ovsdb_monitor raise RuntimeError(msg)
Jun 17 14:18:23.667961 np0000181144 neutron-rpc-server[108811]: ERROR neutron.plugins.ml2.drivers.ovn.mech_driver.ovsdb.ovsdb_monitor RuntimeError: The Neutron API workers count is zero
Jun 17 14:18:23.668283 np0000181144 neutron-rpc-server[108811]: ERROR neutron.plugins.ml2.drivers.ovn.mech_driver.ovsdb.ovsdb_monitor
Jun 17 14:18:23.668467 np0000181144 neutron-rpc-server[108857]: DEBUG cotyledon.oslo_config_glue [-] oslo_reports.file_event_handler = None {{(pid=108857) log_opt_values /opt/stack/data/venv/lib/python3.12/site-packages/oslo_config/cfg.py:3253}}
Jun 17 14:18:23.668467 np0000181144 neutron-rpc-server[108857]: DEBUG cotyledon.oslo_config_glue [-] oslo_reports.file_event_handler_interval = 1 {{(pid=108857) log_opt_values /opt/stack/data/venv/lib/python3.12/site-packages/oslo_config/cfg.py:3253}}
Jun 17 14:18:23.668584 np0000181144 neutron-rpc-server[108811]: ERROR neutron.common.ovn.hash_ring_manager [None req-7537d1ae-99ed-4f81-bc5e-d35fb417ff89 None None] The Neutron API workers count is zero
Jun 17 14:18:23.668670 np0000181144 neutron-rpc-server[108857]: DEBUG cotyledon.oslo_config_glue [-] oslo_reports.log_dir = None {{(pid=108857) log_opt_values /opt/stack/data/venv/lib/python3.12/site-packages/oslo_config/cfg.py:3253}}
Jun 17 14:18:23.668670 np0000181144 neutron-rpc-server[108857]: DEBUG cotyledon.oslo_config_glue [-] oslo_versionedobjects.fatal_exception_format_errors = False {{(pid=108857) log_opt_values /opt/stack/data/venv/lib/python3.12/site-packages/oslo_config/cfg.py:3253}}
Jun 17 14:18:23.668768 np0000181144 neutron-rpc-server[108828]: INFO ovsdbapp.backend.ovs_idl.vlog [None req-4caf1fe7-e0cc-4caf-a20c-d62a10b9ea05 None None] ssl:199.19.213.168:6641: connecting...
Jun 17 14:18:23.668857 np0000181144 neutron-rpc-server[108857]: DEBUG cotyledon.oslo_config_glue [-] QUOTAS.default_quota = -1 {{(pid=108857) log_opt_values /opt/stack/data/venv/lib/python3.12/site-packages/oslo_config/cfg.py:3253}}
Jun 17 14:18:23.668857 np0000181144 neutron-rpc-server[108857]: DEBUG cotyledon.oslo_config_glue [-] QUOTAS.quota_driver = neutron.db.quota.driver_nolock.DbQuotaNoLockDriver {{(pid=108857) log_opt_values /opt/stack/data/venv/lib/python3.12/site-packages/oslo_config/cfg.py:3253}}
Jun 17 14:18:23.668857 np0000181144 neutron-rpc-server[108857]: DEBUG cotyledon.oslo_config_glue [-] QUOTAS.quota_floatingip = 50 {{(pid=108857) log_opt_values /opt/stack/data/venv/lib/python3.12/site-packages/oslo_config/cfg.py:3253}}
Jun 17 14:18:23.668857 np0000181144 neutron-rpc-server[108857]: DEBUG cotyledon.oslo_config_glue [-] QUOTAS.quota_network = 100 {{(pid=108857) log_opt_values /opt/stack/data/venv/lib/python3.12/site-packages/oslo_config/cfg.py:3253}}
Jun 17 14:18:23.669018 np0000181144 neutron-rpc-server[108811]: ERROR neutron.plugins.ml2.drivers.ovn.mech_driver.ovsdb.ovsdb_monitor [None req-7537d1ae-99ed-4f81-bc5e-d35fb417ff89 None None] The Neutron API workers count is zero: RuntimeError: The Neutron API workers count is zero
Jun 17 14:18:23.669018 np0000181144 neutron-rpc-server[108811]: ERROR neutron.plugins.ml2.drivers.ovn.mech_driver.ovsdb.ovsdb_monitor
Traceback (most recent call last):
