2026-07-21 07:49:09.098 7 INFO cinder.api.openstack.wsgi [None req-f5a347c1-ffbb-46cd-a059-fbd7bc599774 68b43bb6890243dd8b83bfc1fe6014f7 ec06f75cdcbe4a41804242871735ae64 - - default default] PUT http://cinder-api.openstack.svc.cluster.local:8776/v3/ec06f75cdcbe4a41804242871735ae64/volumes/ce64acc0-c289-470a-bf2d-abcd2be51fd5 /var/lib/openstack/lib/python3.10/site-packages/oslo_context/context.py:100: DeprecationWarning: Policy enforcement is depending on the value of is_admin. This key is deprecated. Please update your policy file to use the standard policy values. warnings.warn('Policy enforcement is depending on the value of '
2026-07-21 07:49:09.118 7 INFO cinder.volume.api [None req-f5a347c1-ffbb-46cd-a059-fbd7bc599774 68b43bb6890243dd8b83bfc1fe6014f7 ec06f75cdcbe4a41804242871735ae64 - - default default] Volume info retrieved successfully.
2026-07-21 07:49:09.128 7 INFO cinder.volume.api [None req-f5a347c1-ffbb-46cd-a059-fbd7bc599774 68b43bb6890243dd8b83bfc1fe6014f7 ec06f75cdcbe4a41804242871735ae64 - - default default] Volume updated successfully.
2026-07-21 07:49:09.129 7 INFO cinder.api.openstack.wsgi [None req-f5a347c1-ffbb-46cd-a059-fbd7bc599774 68b43bb6890243dd8b83bfc1fe6014f7 ec06f75cdcbe4a41804242871735ae64 - - default default] http://cinder-api.openstack.svc.cluster.local:8776/v3/ec06f75cdcbe4a41804242871735ae64/volumes/ce64acc0-c289-470a-bf2d-abcd2be51fd5 returned with HTTP 200 [pid: 7|app: 0|req: 386/761] 10.0.0.202 () {34 vars in 795 bytes} [Tue Jul 21 07:49:09 2026] PUT /v3/ec06f75cdcbe4a41804242871735ae64/volumes/ce64acc0-c289-470a-bf2d-abcd2be51fd5 => generated 882 bytes in 40 msecs (HTTP/1.1 200) 7 headers in 285 bytes (1 switches on core 0) /var/lib/openstack/lib/python3.10/site-packages/pycadf/identifier.py:71: UserWarning: Invalid uuid: cinderv3. To ensure interoperability, identifiers should be a valid uuid. warnings.warn(('Invalid uuid: %s. To ensure interoperability, '
2026-07-21 07:49:09.154 8 INFO cinder.api.openstack.wsgi [None req-455fd2f2-a159-4fc2-9ae5-974a0894edb5 68b43bb6890243dd8b83bfc1fe6014f7 ec06f75cdcbe4a41804242871735ae64 - - default default] GET http://cinder-api.openstack.svc.cluster.local:8776/v3/ec06f75cdcbe4a41804242871735ae64/volumes/ce64acc0-c289-470a-bf2d-abcd2be51fd5 /var/lib/openstack/lib/python3.10/site-packages/oslo_context/context.py:100: DeprecationWarning: Policy enforcement is depending on the value of is_admin. This key is deprecated. Please update your policy file to use the standard policy values. warnings.warn('Policy enforcement is depending on the value of '
2026-07-21 07:49:09.185 8 INFO cinder.volume.api [None req-455fd2f2-a159-4fc2-9ae5-974a0894edb5 68b43bb6890243dd8b83bfc1fe6014f7 ec06f75cdcbe4a41804242871735ae64 - - default default] Volume info retrieved successfully.
2026-07-21 07:49:09.195 8 INFO cinder.api.openstack.wsgi [None req-455fd2f2-a159-4fc2-9ae5-974a0894edb5 68b43bb6890243dd8b83bfc1fe6014f7 ec06f75cdcbe4a41804242871735ae64 - - default default] http://cinder-api.openstack.svc.cluster.local:8776/v3/ec06f75cdcbe4a41804242871735ae64/volumes/ce64acc0-c289-470a-bf2d-abcd2be51fd5 returned with HTTP 200 [pid: 8|app: 0|req: 376/762] 10.0.0.202 () {32 vars in 775 bytes} [Tue Jul 21 07:49:09 2026] GET /v3/ec06f75cdcbe4a41804242871735ae64/volumes/ce64acc0-c289-470a-bf2d-abcd2be51fd5 => generated 950 bytes in 53 msecs (HTTP/1.1 200) 7 headers in 285 bytes (1 switches on core 0) /var/lib/openstack/lib/python3.10/site-packages/pycadf/identifier.py:71: UserWarning: Invalid uuid: cinderv3. To ensure interoperability, identifiers should be a valid uuid. warnings.warn(('Invalid uuid: %s. To ensure interoperability, '
2026-07-21 07:49:09.225 7 INFO cinder.api.openstack.wsgi [None req-bc3ebba0-cf66-48f6-a24d-619f3f80bf54 68b43bb6890243dd8b83bfc1fe6014f7 ec06f75cdcbe4a41804242871735ae64 - - default default] DELETE http://cinder-api.openstack.svc.cluster.local:8776/v3/ec06f75cdcbe4a41804242871735ae64/volumes/ce64acc0-c289-470a-bf2d-abcd2be51fd5
2026-07-21 07:49:09.226 7 INFO cinder.api.v3.volumes [None req-bc3ebba0-cf66-48f6-a24d-619f3f80bf54 68b43bb6890243dd8b83bfc1fe6014f7 ec06f75cdcbe4a41804242871735ae64 - - default default] Delete volume with id: ce64acc0-c289-470a-bf2d-abcd2be51fd5  /var/lib/openstack/lib/python3.10/site-packages/oslo_context/context.py:100: DeprecationWarning: Policy enforcement is depending on the value of is_admin. This key is deprecated. Please update your policy file to use the standard policy values. warnings.warn('Policy enforcement is depending on the value of '
2026-07-21 07:49:09.240 7 INFO cinder.volume.api [None req-bc3ebba0-cf66-48f6-a24d-619f3f80bf54 68b43bb6890243dd8b83bfc1fe6014f7 ec06f75cdcbe4a41804242871735ae64 - - default default] Volume info retrieved successfully.
2026-07-21 07:49:09.280 7 INFO cinder.volume.api [None req-bc3ebba0-cf66-48f6-a24d-619f3f80bf54 68b43bb6890243dd8b83bfc1fe6014f7 ec06f75cdcbe4a41804242871735ae64 - - default default] Delete volume request issued successfully.
2026-07-21 07:49:09.281 7 INFO cinder.api.openstack.wsgi [None req-bc3ebba0-cf66-48f6-a24d-619f3f80bf54 68b43bb6890243dd8b83bfc1fe6014f7 ec06f75cdcbe4a41804242871735ae64 - - default default] http://cinder-api.openstack.svc.cluster.local:8776/v3/ec06f75cdcbe4a41804242871735ae64/volumes/ce64acc0-c289-470a-bf2d-abcd2be51fd5 returned with HTTP 202 [pid: 7|app: 0|req: 387/763] 10.0.0.202 () {32 vars in 778 bytes} [Tue Jul 21 07:49:09 2026] DELETE /v3/ec06f75cdcbe4a41804242871735ae64/volumes/ce64acc0-c289-470a-bf2d-abcd2be51fd5 => generated 0 bytes in 74 msecs (HTTP/1.1 202) 6 headers in 233 bytes (1 switches on core 0) /var/lib/openstack/lib/python3.10/site-packages/pycadf/identifier.py:71: UserWarning: Invalid uuid: cinderv3. To ensure interoperability, identifiers should be a valid uuid. warnings.warn(('Invalid uuid: %s. To ensure interoperability, '
2026-07-21 07:49:09.298 8 INFO cinder.api.openstack.wsgi [None req-c9112dcb-79a4-44b3-be3b-a630383bc022 68b43bb6890243dd8b83bfc1fe6014f7 ec06f75cdcbe4a41804242871735ae64 - - default default] GET http://cinder-api.openstack.svc.cluster.local:8776/v3/ec06f75cdcbe4a41804242871735ae64/volumes/ce64acc0-c289-470a-bf2d-abcd2be51fd5 /var/lib/openstack/lib/python3.10/site-packages/oslo_context/context.py:100: DeprecationWarning: Policy enforcement is depending on the value of is_admin. This key is deprecated. Please update your policy file to use the standard policy values. warnings.warn('Policy enforcement is depending on the value of '
2026-07-21 07:49:09.327 8 INFO cinder.volume.api [None req-c9112dcb-79a4-44b3-be3b-a630383bc022 68b43bb6890243dd8b83bfc1fe6014f7 ec06f75cdcbe4a41804242871735ae64 - - default default] Volume info retrieved successfully.
2026-07-21 07:49:09.334 8 INFO cinder.api.openstack.wsgi [None req-c9112dcb-79a4-44b3-be3b-a630383bc022 68b43bb6890243dd8b83bfc1fe6014f7 ec06f75cdcbe4a41804242871735ae64 - - default default] http://cinder-api.openstack.svc.cluster.local:8776/v3/ec06f75cdcbe4a41804242871735ae64/volumes/ce64acc0-c289-470a-bf2d-abcd2be51fd5 returned with HTTP 200 [pid: 8|app: 0|req: 377/764] 10.0.0.202 () {32 vars in 775 bytes} [Tue Jul 21 07:49:09 2026] GET /v3/ec06f75cdcbe4a41804242871735ae64/volumes/ce64acc0-c289-470a-bf2d-abcd2be51fd5 => generated 949 bytes in 45 msecs (HTTP/1.1 200) 7 headers in 285 bytes (1 switches on core 0) /var/lib/openstack/lib/python3.10/site-packages/pycadf/identifier.py:71: UserWarning: Invalid uuid: cinderv3. To ensure interoperability, identifiers should be a valid uuid. warnings.warn(('Invalid uuid: %s. To ensure interoperability, '
2026-07-21 07:49:10.360 7 INFO cinder.api.openstack.wsgi [None req-362abffc-2785-4a40-9a4e-7c7795101758 68b43bb6890243dd8b83bfc1fe6014f7 ec06f75cdcbe4a41804242871735ae64 - - default default] GET http://cinder-api.openstack.svc.cluster.local:8776/v3/ec06f75cdcbe4a41804242871735ae64/volumes/ce64acc0-c289-470a-bf2d-abcd2be51fd5
2026-07-21 07:49:10.369 7 INFO cinder.api.openstack.wsgi [None req-362abffc-2785-4a40-9a4e-7c7795101758 68b43bb6890243dd8b83bfc1fe6014f7 ec06f75cdcbe4a41804242871735ae64 - - default default] http://cinder-api.openstack.svc.cluster.local:8776/v3/ec06f75cdcbe4a41804242871735ae64/volumes/ce64acc0-c289-470a-bf2d-abcd2be51fd5 returned with HTTP 404 [pid: 7|app: 0|req: 388/765] 10.0.0.202 () {32 vars in 775 bytes} [Tue Jul 21 07:49:10 2026] GET /v3/ec06f75cdcbe4a41804242871735ae64/volumes/ce64acc0-c289-470a-bf2d-abcd2be51fd5 => generated 109 bytes in 17 msecs (HTTP/1.1 404) 7 headers in 292 bytes (1 switches on core 0) /var/lib/openstack/lib/python3.10/site-packages/pycadf/identifier.py:71: UserWarning: Invalid uuid: cinderv3. To ensure interoperability, identifiers should be a valid uuid. warnings.warn(('Invalid uuid: %s. To ensure interoperability, '
2026-07-21 07:49:10.380 8 INFO cinder.api.openstack.wsgi [None req-b37593fb-8e13-41b2-8eb2-7617b08c7027 68b43bb6890243dd8b83bfc1fe6014f7 ec06f75cdcbe4a41804242871735ae64 - - default default] GET http://cinder-api.openstack.svc.cluster.local:8776/v3/ec06f75cdcbe4a41804242871735ae64/volumes/61e02458-0a62-46a6-ac25-2b214049a478 /var/lib/openstack/lib/python3.10/site-packages/oslo_context/context.py:100: DeprecationWarning: Policy enforcement is depending on the value of is_admin. This key is deprecated. Please update your policy file to use the standard policy values. warnings.warn('Policy enforcement is depending on the value of '
2026-07-21 07:49:10.397 8 INFO cinder.volume.api [None req-b37593fb-8e13-41b2-8eb2-7617b08c7027 68b43bb6890243dd8b83bfc1fe6014f7 ec06f75cdcbe4a41804242871735ae64 - - default default] Volume info retrieved successfully.
2026-07-21 07:49:10.403 8 INFO cinder.api.openstack.wsgi [None req-b37593fb-8e13-41b2-8eb2-7617b08c7027 68b43bb6890243dd8b83bfc1fe6014f7 ec06f75cdcbe4a41804242871735ae64 - - default default] http://cinder-api.openstack.svc.cluster.local:8776/v3/ec06f75cdcbe4a41804242871735ae64/volumes/61e02458-0a62-46a6-ac25-2b214049a478 returned with HTTP 200 [pid: 8|app: 0|req: 378/766] 10.0.0.202 () {32 vars in 775 bytes} [Tue Jul 21 07:49:10 2026] GET /v3/ec06f75cdcbe4a41804242871735ae64/volumes/61e02458-0a62-46a6-ac25-2b214049a478 => generated 1527 bytes in 28 msecs (HTTP/1.1 200) 7 headers in 286 bytes (1 switches on core 0)
2026-07-21 07:49:10.424 7 INFO cinder.api.openstack.wsgi [None req-c9cc70b3-108c-4a41-b493-261fa7b79b8f 68b43bb6890243dd8b83bfc1fe6014f7 ec06f75cdcbe4a41804242871735ae64 - - default default] DELETE http://cinder-api.openstack.svc.cluster.local:8776/v3/ec06f75cdcbe4a41804242871735ae64/volumes/61e02458-0a62-46a6-ac25-2b214049a478
2026-07-21 07:49:10.425 7 INFO cinder.api.v3.volumes [None req-c9cc70b3-108c-4a41-b493-261fa7b79b8f 68b43bb6890243dd8b83bfc1fe6014f7 ec06f75cdcbe4a41804242871735ae64 - - default default] Delete volume with id: 61e02458-0a62-46a6-ac25-2b214049a478  /var/lib/openstack/lib/python3.10/site-packages/oslo_context/context.py:100: DeprecationWarning: Policy enforcement is depending on the value of is_admin. This key is deprecated. Please update your policy file to use the standard policy values. warnings.warn('Policy enforcement is depending on the value of '
2026-07-21 07:49:10.438 7 INFO cinder.volume.api [None req-c9cc70b3-108c-4a41-b493-261fa7b79b8f 68b43bb6890243dd8b83bfc1fe6014f7 ec06f75cdcbe4a41804242871735ae64 - - default default] Volume info retrieved successfully.
2026-07-21 07:49:10.463 7 INFO cinder.volume.api [None req-c9cc70b3-108c-4a41-b493-261fa7b79b8f 68b43bb6890243dd8b83bfc1fe6014f7 ec06f75cdcbe4a41804242871735ae64 - - default default] Delete volume request issued successfully.
2026-07-21 07:49:10.464 7 INFO cinder.api.openstack.wsgi [None req-c9cc70b3-108c-4a41-b493-261fa7b79b8f 68b43bb6890243dd8b83bfc1fe6014f7 ec06f75cdcbe4a41804242871735ae64 - - default default] http://cinder-api.openstack.svc.cluster.local:8776/v3/ec06f75cdcbe4a41804242871735ae64/volumes/61e02458-0a62-46a6-ac25-2b214049a478 returned with HTTP 202 [pid: 7|app: 0|req: 389/767] 10.0.0.202 () {32 vars in 778 bytes} [Tue Jul 21 07:49:10 2026] DELETE /v3/ec06f75cdcbe4a41804242871735ae64/volumes/61e02458-0a62-46a6-ac25-2b214049a478 => generated 0 bytes in 46 msecs (HTTP/1.1 202) 6 headers in 233 bytes (1 switches on core 0) /var/lib/openstack/lib/python3.10/site-packages/pycadf/identifier.py:71: UserWarning: Invalid uuid: cinderv3. To ensure interoperability, identifiers should be a valid uuid. warnings.warn(('Invalid uuid: %s. To ensure interoperability, '
2026-07-21 07:49:10.476 8 INFO cinder.api.openstack.wsgi [None req-cb16afa3-2e9e-42a1-b7e4-782f890ff337 68b43bb6890243dd8b83bfc1fe6014f7 ec06f75cdcbe4a41804242871735ae64 - - default default] GET http://cinder-api.openstack.svc.cluster.local:8776/v3/ec06f75cdcbe4a41804242871735ae64/volumes/61e02458-0a62-46a6-ac25-2b214049a478 /var/lib/openstack/lib/python3.10/site-packages/oslo_context/context.py:100: DeprecationWarning: Policy enforcement is depending on the value of is_admin. This key is deprecated. Please update your policy file to use the standard policy values. warnings.warn('Policy enforcement is depending on the value of '
2026-07-21 07:49:10.493 8 INFO cinder.volume.api [None req-cb16afa3-2e9e-42a1-b7e4-782f890ff337 68b43bb6890243dd8b83bfc1fe6014f7 ec06f75cdcbe4a41804242871735ae64 - - default default] Volume info retrieved successfully.
2026-07-21 07:49:10.499 8 INFO cinder.api.openstack.wsgi [None req-cb16afa3-2e9e-42a1-b7e4-782f890ff337 68b43bb6890243dd8b83bfc1fe6014f7 ec06f75cdcbe4a41804242871735ae64 - - default default] http://cinder-api.openstack.svc.cluster.local:8776/v3/ec06f75cdcbe4a41804242871735ae64/volumes/61e02458-0a62-46a6-ac25-2b214049a478 returned with HTTP 200 [pid: 8|app: 0|req: 379/768] 10.0.0.202 () {32 vars in 775 bytes} [Tue Jul 21 07:49:10 2026] GET /v3/ec06f75cdcbe4a41804242871735ae64/volumes/61e02458-0a62-46a6-ac25-2b214049a478 => generated 1526 bytes in 29 msecs (HTTP/1.1 200) 7 headers in 286 bytes (1 switches on core 0) /var/lib/openstack/lib/python3.10/site-packages/pycadf/identifier.py:71: UserWarning: Invalid uuid: cinderv3. To ensure interoperability, identifiers should be a valid uuid. warnings.warn(('Invalid uuid: %s. To ensure interoperability, '
2026-07-21 07:49:11.528 7 INFO cinder.api.openstack.wsgi [None req-011f4d88-db50-470f-baf7-d8a760eab7c5 68b43bb6890243dd8b83bfc1fe6014f7 ec06f75cdcbe4a41804242871735ae64 - - default default] GET http://cinder-api.openstack.svc.cluster.local:8776/v3/ec06f75cdcbe4a41804242871735ae64/volumes/61e02458-0a62-46a6-ac25-2b214049a478
2026-07-21 07:49:11.536 7 INFO cinder.api.openstack.wsgi [None req-011f4d88-db50-470f-baf7-d8a760eab7c5 68b43bb6890243dd8b83bfc1fe6014f7 ec06f75cdcbe4a41804242871735ae64 - - default default] http://cinder-api.openstack.svc.cluster.local:8776/v3/ec06f75cdcbe4a41804242871735ae64/volumes/61e02458-0a62-46a6-ac25-2b214049a478 returned with HTTP 404 [pid: 7|app: 0|req: 390/769] 10.0.0.202 () {32 vars in 775 bytes} [Tue Jul 21 07:49:11 2026] GET /v3/ec06f75cdcbe4a41804242871735ae64/volumes/61e02458-0a62-46a6-ac25-2b214049a478 => generated 109 bytes in 17 msecs (HTTP/1.1 404) 7 headers in 292 bytes (1 switches on core 0)
2026-07-21 07:49:13.713 8 INFO cinder.api.openstack.wsgi [None req-cb16afa3-2e9e-42a1-b7e4-782f890ff337 68b43bb6890243dd8b83bfc1fe6014f7 ec06f75cdcbe4a41804242871735ae64 - - default default] GET http://10.0.0.68:8776/
2026-07-21 07:49:13.713 7 INFO cinder.api.openstack.wsgi [None req-011f4d88-db50-470f-baf7-d8a760eab7c5 68b43bb6890243dd8b83bfc1fe6014f7 ec06f75cdcbe4a41804242871735ae64 - - default default] GET http://10.0.0.68:8776/
2026-07-21 07:49:13.714 7 INFO cinder.api.openstack.wsgi [None req-011f4d88-db50-470f-baf7-d8a760eab7c5 68b43bb6890243dd8b83bfc1fe6014f7 ec06f75cdcbe4a41804242871735ae64 - - default default] http://10.0.0.68:8776/ returned with HTTP 300
2026-07-21 07:49:13.715 8 INFO cinder.api.openstack.wsgi [None req-cb16afa3-2e9e-42a1-b7e4-782f890ff337 68b43bb6890243dd8b83bfc1fe6014f7 ec06f75cdcbe4a41804242871735ae64 - - default default] http://10.0.0.68:8776/ returned with HTTP 300
2026-07-21 07:49:16.536 7 INFO cinder.api.openstack.wsgi [None req-011f4d88-db50-470f-baf7-d8a760eab7c5 68b43bb6890243dd8b83bfc1fe6014f7 ec06f75cdcbe4a41804242871735ae64 - - default default] GET http://cinder-api.openstack.svc.cluster.local:8776/
2026-07-21 07:49:16.537 7 INFO cinder.api.openstack.wsgi [None req-011f4d88-db50-470f-baf7-d8a760eab7c5 68b43bb6890243dd8b83bfc1fe6014f7 ec06f75cdcbe4a41804242871735ae64 - - default default] http://cinder-api.openstack.svc.cluster.local:8776/ returned with HTTP 300 [pid: 7|app: 0|req: 392/772] 10.0.0.10 () {28 vars in 375 bytes} [Tue Jul 21 07:49:16 2026] GET / => generated 411 bytes in 1 msecs (HTTP/1.1 300) 5 headers in 169 bytes (1 switches on core 0) /var/lib/openstack/lib/python3.10/site-packages/pycadf/identifier.py:71: UserWarning: Invalid uuid: cinderv3. To ensure interoperability, identifiers should be a valid uuid. warnings.warn(('Invalid uuid: %s. To ensure interoperability, '
2026-07-21 07:49:16.547 8 INFO cinder.api.openstack.wsgi [None req-39faef30-849d-449a-b152-bed0e9811e65 009b1f5c154c4529a922e3c1b44da6b9 e3b767e4ea664052b872a1a53e074007 - - default default] GET http://cinder-api.openstack.svc.cluster.local:8776/v3/e3b767e4ea664052b872a1a53e074007/limits?tenant_id=e3b767e4ea664052b872a1a53e074007
2026-07-21 07:49:16.575 8 INFO cinder.api.openstack.wsgi [None req-39faef30-849d-449a-b152-bed0e9811e65 009b1f5c154c4529a922e3c1b44da6b9 e3b767e4ea664052b872a1a53e074007 - - default default] http://cinder-api.openstack.svc.cluster.local:8776/v3/e3b767e4ea664052b872a1a53e074007/limits?tenant_id=e3b767e4ea664052b872a1a53e074007 returned with HTTP 200 [pid: 8|app: 0|req: 381/773] 10.0.0.10 () {34 vars in 878 bytes} [Tue Jul 21 07:49:16 2026] GET /v3/e3b767e4ea664052b872a1a53e074007/limits?tenant_id=e3b767e4ea664052b872a1a53e074007 => generated 302 bytes in 36 msecs (HTTP/1.1 200) 7 headers in 286 bytes (1 switches on core 0)
2026-07-21 07:49:18.723 7 INFO cinder.api.openstack.wsgi [None req-011f4d88-db50-470f-baf7-d8a760eab7c5 68b43bb6890243dd8b83bfc1fe6014f7 ec06f75cdcbe4a41804242871735ae64 - - default default] GET http://cinder-api.openstack.svc.cluster.local:8776/
2026-07-21 07:49:18.724 7 INFO cinder.api.openstack.wsgi [None req-011f4d88-db50-470f-baf7-d8a760eab7c5 68b43bb6890243dd8b83bfc1fe6014f7 ec06f75cdcbe4a41804242871735ae64 - - default default] http://cinder-api.openstack.svc.cluster.local:8776/ returned with HTTP 300 [pid: 7|app: 0|req: 393/774] 10.0.0.10 () {28 vars in 375 bytes} [Tue Jul 21 07:49:18 2026] GET / => generated 411 bytes in 2 msecs (HTTP/1.1 300) 5 headers in 169 bytes (1 switches on core 0)
2026-07-21 07:49:18.732 8 INFO cinder.api.openstack.wsgi [None req-39faef30-849d-449a-b152-bed0e9811e65 009b1f5c154c4529a922e3c1b44da6b9 e3b767e4ea664052b872a1a53e074007 - - default default] GET http://cinder-api.openstack.svc.cluster.local:8776/
2026-07-21 07:49:18.733 8 INFO cinder.api.openstack.wsgi [None req-39faef30-849d-449a-b152-bed0e9811e65 009b1f5c154c4529a922e3c1b44da6b9 e3b767e4ea664052b872a1a53e074007 - - default default] http://cinder-api.openstack.svc.cluster.local:8776/ returned with HTTP 300 [pid: 8|app: 0|req: 382/775] 10.0.0.10 () {28 vars in 375 bytes} [Tue Jul 21 07:49:18 2026] GET / => generated 411 bytes in 5 msecs (HTTP/1.1 300) 5 headers in 169 bytes (1 switches on core 0)
2026-07-21 07:49:19.749 7 INFO cinder.api.openstack.wsgi [None req-011f4d88-db50-470f-baf7-d8a760eab7c5 68b43bb6890243dd8b83bfc1fe6014f7 ec06f75cdcbe4a41804242871735ae64 - - default default] GET http://cinder-api.openstack.svc.cluster.local:8776/
2026-07-21 07:49:19.750 7 INFO cinder.api.openstack.wsgi [None req-011f4d88-db50-470f-baf7-d8a760eab7c5 68b43bb6890243dd8b83bfc1fe6014f7 ec06f75cdcbe4a41804242871735ae64 - - default default] http://cinder-api.openstack.svc.cluster.local:8776/ returned with HTTP 300 [pid: 7|app: 0|req: 394/776] 10.0.0.10 () {28 vars in 375 bytes} [Tue Jul 21 07:49:19 2026] GET / => generated 411 bytes in 3 msecs (HTTP/1.1 300) 5 headers in 169 bytes (1 switches on core 0)
2026-07-21 07:49:19.762 8 INFO cinder.api.openstack.wsgi [None req-bdedc5ee-84c0-49cc-b8ae-5717467723fe 009b1f5c154c4529a922e3c1b44da6b9 e3b767e4ea664052b872a1a53e074007 - - default default] GET http://cinder-api.openstack.svc.cluster.local:8776/v3/e3b767e4ea664052b872a1a53e074007/limits?tenant_id=e3b767e4ea664052b872a1a53e074007
2026-07-21 07:49:19.789 8 INFO cinder.api.openstack.wsgi [None req-bdedc5ee-84c0-49cc-b8ae-5717467723fe 009b1f5c154c4529a922e3c1b44da6b9 e3b767e4ea664052b872a1a53e074007 - - default default] http://cinder-api.openstack.svc.cluster.local:8776/v3/e3b767e4ea664052b872a1a53e074007/limits?tenant_id=e3b767e4ea664052b872a1a53e074007 returned with HTTP 200 [pid: 8|app: 0|req: 383/777] 10.0.0.10 () {34 vars in 878 bytes} [Tue Jul 21 07:49:19 2026] GET /v3/e3b767e4ea664052b872a1a53e074007/limits?tenant_id=e3b767e4ea664052b872a1a53e074007 => generated 302 bytes in 33 msecs (HTTP/1.1 200) 7 headers in 286 bytes (1 switches on core 0)
2026-07-21 07:49:21.795 7 INFO cinder.api.openstack.wsgi [None req-011f4d88-db50-470f-baf7-d8a760eab7c5 68b43bb6890243dd8b83bfc1fe6014f7 ec06f75cdcbe4a41804242871735ae64 - - default default] GET http://cinder-api.openstack.svc.cluster.local:8776/
2026-07-21 07:49:21.796 7 INFO cinder.api.openstack.wsgi [None req-011f4d88-db50-470f-baf7-d8a760eab7c5 68b43bb6890243dd8b83bfc1fe6014f7 ec06f75cdcbe4a41804242871735ae64 - - default default] http://cinder-api.openstack.svc.cluster.local:8776/ returned with HTTP 300 [pid: 7|app: 0|req: 395/778] 10.0.0.10 () {28 vars in 375 bytes} [Tue Jul 21 07:49:21 2026] GET / => generated 411 bytes in 3 msecs (HTTP/1.1 300) 5 headers in 169 bytes (1 switches on core 0)
2026-07-21 07:49:21.803 8 INFO cinder.api.openstack.wsgi [None req-bdedc5ee-84c0-49cc-b8ae-5717467723fe 009b1f5c154c4529a922e3c1b44da6b9 e3b767e4ea664052b872a1a53e074007 - - default default] GET http://cinder-api.openstack.svc.cluster.local:8776/
2026-07-21 07:49:21.805 8 INFO cinder.api.openstack.wsgi [None req-bdedc5ee-84c0-49cc-b8ae-5717467723fe 009b1f5c154c4529a922e3c1b44da6b9 e3b767e4ea664052b872a1a53e074007 - - default default] http://cinder-api.openstack.svc.cluster.local:8776/ returned with HTTP 300 [pid: 8|app: 0|req: 384/779] 10.0.0.10 () {28 vars in 375 bytes} [Tue Jul 21 07:49:21 2026] GET / => generated 411 bytes in 3 msecs (HTTP/1.1 300) 5 headers in 169 bytes (1 switches on core 0)
2026-07-21 07:49:23.712 7 INFO cinder.api.openstack.wsgi [None req-011f4d88-db50-470f-baf7-d8a760eab7c5 68b43bb6890243dd8b83bfc1fe6014f7 ec06f75cdcbe4a41804242871735ae64 - - default default] GET http://10.0.0.68:8776/
2026-07-21 07:49:23.713 7 INFO cinder.api.openstack.wsgi [None req-011f4d88-db50-470f-baf7-d8a760eab7c5 68b43bb6890243dd8b83bfc1fe6014f7 ec06f75cdcbe4a41804242871735ae64 - - default default] http://10.0.0.68:8776/ returned with HTTP 300
2026-07-21 07:49:23.713 8 INFO cinder.api.openstack.wsgi [None req-bdedc5ee-84c0-49cc-b8ae-5717467723fe 009b1f5c154c4529a922e3c1b44da6b9 e3b767e4ea664052b872a1a53e074007 - - default default] GET http://10.0.0.68:8776/
2026-07-21 07:49:23.715 8 INFO cinder.api.openstack.wsgi [None req-bdedc5ee-84c0-49cc-b8ae-5717467723fe 009b1f5c154c4529a922e3c1b44da6b9 e3b767e4ea664052b872a1a53e074007 - - default default] http://10.0.0.68:8776/ returned with HTTP 300
2026-07-21 07:49:31.246 7 INFO cinder.api.openstack.wsgi [None req-cfe25544-495c-4df3-95db-a9741f852517 9dc0f791523b40eabd2c90a653669f29 5072463e3ef44054b31b3c58d45be2f4 - - default default] POST http://cinder-api.openstack.svc.cluster.local:8776/v3/5072463e3ef44054b31b3c58d45be2f4/volumes
2026-07-21 07:49:31.248 7 INFO cinder.api.v3.volumes [None req-cfe25544-495c-4df3-95db-a9741f852517 9dc0f791523b40eabd2c90a653669f29 5072463e3ef44054b31b3c58d45be2f4 - - default default] Create volume of 1 GB
2026-07-21 07:49:31.254 7 INFO cinder.volume.api [None req-cfe25544-495c-4df3-95db-a9741f852517 9dc0f791523b40eabd2c90a653669f29 5072463e3ef44054b31b3c58d45be2f4 - - default default] Availability Zones retrieved successfully.
2026-07-21 07:49:31.417 7 INFO cinder.volume.api [None req-cfe25544-495c-4df3-95db-a9741f852517 9dc0f791523b40eabd2c90a653669f29 5072463e3ef44054b31b3c58d45be2f4 - - default default] Create volume request issued successfully.
2026-07-21 07:49:31.418 7 INFO cinder.api.openstack.wsgi [None req-cfe25544-495c-4df3-95db-a9741f852517 9dc0f791523b40eabd2c90a653669f29 5072463e3ef44054b31b3c58d45be2f4 - - default default] http://cinder-api.openstack.svc.cluster.local:8776/v3/5072463e3ef44054b31b3c58d45be2f4/volumes returned with HTTP 202 [pid: 7|app: 0|req: 397/782] 10.0.0.202 () {34 vars in 722 bytes} [Tue Jul 21 07:49:31 2026] POST /v3/5072463e3ef44054b31b3c58d45be2f4/volumes => generated 860 bytes in 310 msecs (HTTP/1.1 202) 7 headers in 291 bytes (1 switches on core 0)
2026-07-21 07:49:31.435 8 INFO cinder.api.openstack.wsgi [None req-e7ee85c5-9367-44b9-a3c1-d0a50980455c 9dc0f791523b40eabd2c90a653669f29 5072463e3ef44054b31b3c58d45be2f4 - - default default] GET http://cinder-api.openstack.svc.cluster.local:8776/v3/5072463e3ef44054b31b3c58d45be2f4/volumes/131c55ab-9c3f-43c4-9bd3-c45404792803 /var/lib/openstack/lib/python3.10/site-packages/oslo_context/context.py:100: DeprecationWarning: Policy enforcement is depending on the value of is_admin. This key is deprecated. Please update your policy file to use the standard policy values. warnings.warn('Policy enforcement is depending on the value of '
2026-07-21 07:49:31.459 8 INFO cinder.volume.api [None req-e7ee85c5-9367-44b9-a3c1-d0a50980455c 9dc0f791523b40eabd2c90a653669f29 5072463e3ef44054b31b3c58d45be2f4 - - default default] Volume info retrieved successfully.
2026-07-21 07:49:31.468 8 INFO cinder.api.openstack.wsgi [None req-e7ee85c5-9367-44b9-a3c1-d0a50980455c 9dc0f791523b40eabd2c90a653669f29 5072463e3ef44054b31b3c58d45be2f4 - - default default] http://cinder-api.openstack.svc.cluster.local:8776/v3/5072463e3ef44054b31b3c58d45be2f4/volumes/131c55ab-9c3f-43c4-9bd3-c45404792803 returned with HTTP 200 [pid: 8|app: 0|req: 386/783] 10.0.0.202 () {32 vars in 775 bytes} [Tue Jul 21 07:49:31 2026] GET /v3/5072463e3ef44054b31b3c58d45be2f4/volumes/131c55ab-9c3f-43c4-9bd3-c45404792803 => generated 928 bytes in 41 msecs (HTTP/1.1 200) 7 headers in 285 bytes (1 switches on core 0) /var/lib/openstack/lib/python3.10/site-packages/pycadf/identifier.py:71: UserWarning: Invalid uuid: cinderv3. To ensure interoperability, identifiers should be a valid uuid. warnings.warn(('Invalid uuid: %s. To ensure interoperability, '
2026-07-21 07:49:32.493 7 INFO cinder.api.openstack.wsgi [None req-b4201403-d739-4837-9347-3cca3eab3434 9dc0f791523b40eabd2c90a653669f29 5072463e3ef44054b31b3c58d45be2f4 - - default default] GET http://cinder-api.openstack.svc.cluster.local:8776/v3/5072463e3ef44054b31b3c58d45be2f4/volumes/131c55ab-9c3f-43c4-9bd3-c45404792803 /var/lib/openstack/lib/python3.10/site-packages/oslo_context/context.py:100: DeprecationWarning: Policy enforcement is depending on the value of is_admin. This key is deprecated. Please update your policy file to use the standard policy values. warnings.warn('Policy enforcement is depending on the value of '
2026-07-21 07:49:32.515 7 INFO cinder.volume.api [None req-b4201403-d739-4837-9347-3cca3eab3434 9dc0f791523b40eabd2c90a653669f29 5072463e3ef44054b31b3c58d45be2f4 - - default default] Volume info retrieved successfully.
2026-07-21 07:49:32.525 7 INFO cinder.api.openstack.wsgi [None req-b4201403-d739-4837-9347-3cca3eab3434 9dc0f791523b40eabd2c90a653669f29 5072463e3ef44054b31b3c58d45be2f4 - - default default] http://cinder-api.openstack.svc.cluster.local:8776/v3/5072463e3ef44054b31b3c58d45be2f4/volumes/131c55ab-9c3f-43c4-9bd3-c45404792803 returned with HTTP 200 [pid: 7|app: 0|req: 398/784] 10.0.0.202 () {32 vars in 775 bytes} [Tue Jul 21 07:49:32 2026] GET /v3/5072463e3ef44054b31b3c58d45be2f4/volumes/131c55ab-9c3f-43c4-9bd3-c45404792803 => generated 953 bytes in 43 msecs (HTTP/1.1 200) 7 headers in 285 bytes (1 switches on core 0)
2026-07-21 07:49:33.712 8 INFO cinder.api.openstack.wsgi [None req-e7ee85c5-9367-44b9-a3c1-d0a50980455c 9dc0f791523b40eabd2c90a653669f29 5072463e3ef44054b31b3c58d45be2f4 - - default default] GET http://10.0.0.68:8776/
2026-07-21 07:49:33.713 8 INFO cinder.api.openstack.wsgi [None req-e7ee85c5-9367-44b9-a3c1-d0a50980455c 9dc0f791523b40eabd2c90a653669f29 5072463e3ef44054b31b3c58d45be2f4 - - default default] http://10.0.0.68:8776/ returned with HTTP 300
2026-07-21 07:49:33.714 7 INFO cinder.api.openstack.wsgi [None req-b4201403-d739-4837-9347-3cca3eab3434 9dc0f791523b40eabd2c90a653669f29 5072463e3ef44054b31b3c58d45be2f4 - - default default] GET http://10.0.0.68:8776/
2026-07-21 07:49:33.715 7 INFO cinder.api.openstack.wsgi [None req-b4201403-d739-4837-9347-3cca3eab3434 9dc0f791523b40eabd2c90a653669f29 5072463e3ef44054b31b3c58d45be2f4 - - default default] http://10.0.0.68:8776/ returned with HTTP 300 /var/lib/openstack/lib/python3.10/site-packages/pycadf/identifier.py:71: UserWarning: Invalid uuid: cinderv3. To ensure interoperability, identifiers should be a valid uuid. warnings.warn(('Invalid uuid: %s. To ensure interoperability, '
2026-07-21 07:49:38.636 8 INFO cinder.api.openstack.wsgi [None req-f5da8751-1ed9-40fe-a6bc-c8b3605d5a46 9dc0f791523b40eabd2c90a653669f29 5072463e3ef44054b31b3c58d45be2f4 - - default default] POST http://cinder-api.openstack.svc.cluster.local:8776/v3/5072463e3ef44054b31b3c58d45be2f4/volumes/131c55ab-9c3f-43c4-9bd3-c45404792803/action /var/lib/openstack/lib/python3.10/site-packages/oslo_context/context.py:100: DeprecationWarning: Policy enforcement is depending on the value of is_admin. This key is deprecated. Please update your policy file to use the standard policy values. warnings.warn('Policy enforcement is depending on the value of '
2026-07-21 07:49:38.649 8 INFO cinder.volume.api [None req-f5da8751-1ed9-40fe-a6bc-c8b3605d5a46 9dc0f791523b40eabd2c90a653669f29 5072463e3ef44054b31b3c58d45be2f4 - - default default] Volume info retrieved successfully.
2026-07-21 07:49:38.666 8 INFO cinder.volume.api [None req-f5da8751-1ed9-40fe-a6bc-c8b3605d5a46 9dc0f791523b40eabd2c90a653669f29 5072463e3ef44054b31b3c58d45be2f4 - - default default] Update volume admin metadata completed successfully.
2026-07-21 07:49:38.743 8 INFO cinder.volume.api [None req-f5da8751-1ed9-40fe-a6bc-c8b3605d5a46 9dc0f791523b40eabd2c90a653669f29 5072463e3ef44054b31b3c58d45be2f4 - - default default] Attach volume completed successfully.
2026-07-21 07:49:38.744 8 INFO cinder.api.openstack.wsgi [None req-f5da8751-1ed9-40fe-a6bc-c8b3605d5a46 9dc0f791523b40eabd2c90a653669f29 5072463e3ef44054b31b3c58d45be2f4 - - default default] http://cinder-api.openstack.svc.cluster.local:8776/v3/5072463e3ef44054b31b3c58d45be2f4/volumes/131c55ab-9c3f-43c4-9bd3-c45404792803/action returned with HTTP 202 [pid: 8|app: 0|req: 388/787] 10.0.0.202 () {34 vars in 810 bytes} [Tue Jul 21 07:49:38 2026] POST /v3/5072463e3ef44054b31b3c58d45be2f4/volumes/131c55ab-9c3f-43c4-9bd3-c45404792803/action => generated 0 bytes in 116 msecs (HTTP/1.1 202) 7 headers in 289 bytes (1 switches on core 0) /var/lib/openstack/lib/python3.10/site-packages/pycadf/identifier.py:71: UserWarning: Invalid uuid: cinderv3. To ensure interoperability, identifiers should be a valid uuid. warnings.warn(('Invalid uuid: %s. To ensure interoperability, '
2026-07-21 07:49:38.761 7 INFO cinder.api.openstack.wsgi [None req-6f13afb5-a2f1-4b0c-803b-a39649e859bc 9dc0f791523b40eabd2c90a653669f29 5072463e3ef44054b31b3c58d45be2f4 - - default default] GET http://cinder-api.openstack.svc.cluster.local:8776/v3/5072463e3ef44054b31b3c58d45be2f4/volumes/131c55ab-9c3f-43c4-9bd3-c45404792803 /var/lib/openstack/lib/python3.10/site-packages/oslo_context/context.py:100: DeprecationWarning: Policy enforcement is depending on the value of is_admin. This key is deprecated. Please update your policy file to use the standard policy values. warnings.warn('Policy enforcement is depending on the value of '
2026-07-21 07:49:38.792 7 INFO cinder.volume.api [None req-6f13afb5-a2f1-4b0c-803b-a39649e859bc 9dc0f791523b40eabd2c90a653669f29 5072463e3ef44054b31b3c58d45be2f4 - - default default] Volume info retrieved successfully.
2026-07-21 07:49:38.799 7 INFO cinder.api.openstack.wsgi [None req-6f13afb5-a2f1-4b0c-803b-a39649e859bc 9dc0f791523b40eabd2c90a653669f29 5072463e3ef44054b31b3c58d45be2f4 - - default default] http://cinder-api.openstack.svc.cluster.local:8776/v3/5072463e3ef44054b31b3c58d45be2f4/volumes/131c55ab-9c3f-43c4-9bd3-c45404792803 returned with HTTP 200 [pid: 7|app: 0|req: 400/788] 10.0.0.202 () {32 vars in 775 bytes} [Tue Jul 21 07:49:38 2026] GET /v3/5072463e3ef44054b31b3c58d45be2f4/volumes/131c55ab-9c3f-43c4-9bd3-c45404792803 => generated 1287 bytes in 48 msecs (HTTP/1.1 200) 7 headers in 286 bytes (1 switches on core 0) /var/lib/openstack/lib/python3.10/site-packages/pycadf/identifier.py:71: UserWarning: Invalid uuid: cinderv3. To ensure interoperability, identifiers should be a valid uuid. warnings.warn(('Invalid uuid: %s. To ensure interoperability, '
2026-07-21 07:49:38.813 8 INFO cinder.api.openstack.wsgi [None req-f9f29b48-db55-4578-9419-4bc9297a309c 9dc0f791523b40eabd2c90a653669f29 5072463e3ef44054b31b3c58d45be2f4 - - default default] POST http://cinder-api.openstack.svc.cluster.local:8776/v3/5072463e3ef44054b31b3c58d45be2f4/volumes/131c55ab-9c3f-43c4-9bd3-c45404792803/action /var/lib/openstack/lib/python3.10/site-packages/oslo_context/context.py:100: DeprecationWarning: Policy enforcement is depending on the value of is_admin. This key is deprecated. Please update your policy file to use the standard policy values. warnings.warn('Policy enforcement is depending on the value of '
2026-07-21 07:49:38.835 8 INFO cinder.volume.api [None req-f9f29b48-db55-4578-9419-4bc9297a309c 9dc0f791523b40eabd2c90a653669f29 5072463e3ef44054b31b3c58d45be2f4 - - default default] Volume info retrieved successfully.
2026-07-21 07:49:38.888 8 INFO cinder.volume.api [None req-f9f29b48-db55-4578-9419-4bc9297a309c 9dc0f791523b40eabd2c90a653669f29 5072463e3ef44054b31b3c58d45be2f4 - - default default] Detach volume completed successfully.
2026-07-21 07:49:38.889 8 INFO cinder.api.openstack.wsgi [None req-f9f29b48-db55-4578-9419-4bc9297a309c 9dc0f791523b40eabd2c90a653669f29 5072463e3ef44054b31b3c58d45be2f4 - - default default] http://cinder-api.openstack.svc.cluster.local:8776/v3/5072463e3ef44054b31b3c58d45be2f4/volumes/131c55ab-9c3f-43c4-9bd3-c45404792803/action returned with HTTP 202 [pid: 8|app: 0|req: 389/789] 10.0.0.202 () {34 vars in 810 bytes} [Tue Jul 21 07:49:38 2026] POST /v3/5072463e3ef44054b31b3c58d45be2f4/volumes/131c55ab-9c3f-43c4-9bd3-c45404792803/action => generated 0 bytes in 81 msecs (HTTP/1.1 202) 7 headers in 289 bytes (1 switches on core 0) /var/lib/openstack/lib/python3.10/site-packages/pycadf/identifier.py:71: UserWarning: Invalid uuid: cinderv3. To ensure interoperability, identifiers should be a valid uuid. warnings.warn(('Invalid uuid: %s. To ensure interoperability, '
2026-07-21 07:49:38.902 7 INFO cinder.api.openstack.wsgi [None req-a51bbd8c-79fd-4fc6-bdcf-b6e5520d4abb 9dc0f791523b40eabd2c90a653669f29 5072463e3ef44054b31b3c58d45be2f4 - - default default] GET http://cinder-api.openstack.svc.cluster.local:8776/v3/5072463e3ef44054b31b3c58d45be2f4/volumes/131c55ab-9c3f-43c4-9bd3-c45404792803 /var/lib/openstack/lib/python3.10/site-packages/oslo_context/context.py:100: DeprecationWarning: Policy enforcement is depending on the value of is_admin. This key is deprecated. Please update your policy file to use the standard policy values. warnings.warn('Policy enforcement is depending on the value of '
2026-07-21 07:49:38.926 7 INFO cinder.volume.api [None req-a51bbd8c-79fd-4fc6-bdcf-b6e5520d4abb 9dc0f791523b40eabd2c90a653669f29 5072463e3ef44054b31b3c58d45be2f4 - - default default] Volume info retrieved successfully.
2026-07-21 07:49:38.936 7 INFO cinder.api.openstack.wsgi [None req-a51bbd8c-79fd-4fc6-bdcf-b6e5520d4abb 9dc0f791523b40eabd2c90a653669f29 5072463e3ef44054b31b3c58d45be2f4 - - default default] http://cinder-api.openstack.svc.cluster.local:8776/v3/5072463e3ef44054b31b3c58d45be2f4/volumes/131c55ab-9c3f-43c4-9bd3-c45404792803 returned with HTTP 200 [pid: 7|app: 0|req: 401/790] 10.0.0.202 () {32 vars in 775 bytes} [Tue Jul 21 07:49:38 2026] GET /v3/5072463e3ef44054b31b3c58d45be2f4/volumes/131c55ab-9c3f-43c4-9bd3-c45404792803 => generated 972 bytes in 41 msecs (HTTP/1.1 200) 7 headers in 285 bytes (1 switches on core 0) /var/lib/openstack/lib/python3.10/site-packages/pycadf/identifier.py:71: UserWarning: Invalid uuid: cinderv3. To ensure interoperability, identifiers should be a valid uuid. warnings.warn(('Invalid uuid: %s. To ensure interoperability, '
2026-07-21 07:49:40.287 8 INFO cinder.api.openstack.wsgi [None req-bcd819eb-2b54-409f-9894-1dadd860b8b1 9dc0f791523b40eabd2c90a653669f29 5072463e3ef44054b31b3c58d45be2f4 - - default default] GET http://cinder-api.openstack.svc.cluster.local:8776/v3/5072463e3ef44054b31b3c58d45be2f4/volumes/131c55ab-9c3f-43c4-9bd3-c45404792803 /var/lib/openstack/lib/python3.10/site-packages/oslo_context/context.py:100: DeprecationWarning: Policy enforcement is depending on the value of is_admin. This key is deprecated. Please update your policy file to use the standard policy values. warnings.warn('Policy enforcement is depending on the value of '
2026-07-21 07:49:40.303 8 INFO cinder.volume.api [None req-bcd819eb-2b54-409f-9894-1dadd860b8b1 9dc0f791523b40eabd2c90a653669f29 5072463e3ef44054b31b3c58d45be2f4 - - default default] Volume info retrieved successfully.
2026-07-21 07:49:40.309 8 INFO cinder.api.openstack.wsgi [None req-bcd819eb-2b54-409f-9894-1dadd860b8b1 9dc0f791523b40eabd2c90a653669f29 5072463e3ef44054b31b3c58d45be2f4 - - default default] http://cinder-api.openstack.svc.cluster.local:8776/v3/5072463e3ef44054b31b3c58d45be2f4/volumes/131c55ab-9c3f-43c4-9bd3-c45404792803 returned with HTTP 200 [pid: 8|app: 0|req: 390/791] 10.0.0.202 () {32 vars in 775 bytes} [Tue Jul 21 07:49:40 2026] GET /v3/5072463e3ef44054b31b3c58d45be2f4/volumes/131c55ab-9c3f-43c4-9bd3-c45404792803 => generated 972 bytes in 30 msecs (HTTP/1.1 200) 7 headers in 285 bytes (1 switches on core 0) /var/lib/openstack/lib/python3.10/site-packages/pycadf/identifier.py:71: UserWarning: Invalid uuid: cinderv3. To ensure interoperability, identifiers should be a valid uuid. warnings.warn(('Invalid uuid: %s. To ensure interoperability, '
2026-07-21 07:49:40.329 7 INFO cinder.api.openstack.wsgi [None req-e57a4883-88e0-45ee-b52a-7b8e07ac4489 9dc0f791523b40eabd2c90a653669f29 5072463e3ef44054b31b3c58d45be2f4 - - default default] DELETE http://cinder-api.openstack.svc.cluster.local:8776/v3/5072463e3ef44054b31b3c58d45be2f4/volumes/131c55ab-9c3f-43c4-9bd3-c45404792803
2026-07-21 07:49:40.330 7 INFO cinder.api.v3.volumes [None req-e57a4883-88e0-45ee-b52a-7b8e07ac4489 9dc0f791523b40eabd2c90a653669f29 5072463e3ef44054b31b3c58d45be2f4 - - default default] Delete volume with id: 131c55ab-9c3f-43c4-9bd3-c45404792803  /var/lib/openstack/lib/python3.10/site-packages/oslo_context/context.py:100: DeprecationWarning: Policy enforcement is depending on the value of is_admin. This key is deprecated. Please update your policy file to use the standard policy values. warnings.warn('Policy enforcement is depending on the value of '
2026-07-21 07:49:40.342 7 INFO cinder.volume.api [None req-e57a4883-88e0-45ee-b52a-7b8e07ac4489 9dc0f791523b40eabd2c90a653669f29 5072463e3ef44054b31b3c58d45be2f4 - - default default] Volume info retrieved successfully.
2026-07-21 07:49:40.368 7 INFO cinder.volume.api [None req-e57a4883-88e0-45ee-b52a-7b8e07ac4489 9dc0f791523b40eabd2c90a653669f29 5072463e3ef44054b31b3c58d45be2f4 - - default default] Delete volume request issued successfully.
2026-07-21 07:49:40.368 7 INFO cinder.api.openstack.wsgi [None req-e57a4883-88e0-45ee-b52a-7b8e07ac4489 9dc0f791523b40eabd2c90a653669f29 5072463e3ef44054b31b3c58d45be2f4 - - default default] http://cinder-api.openstack.svc.cluster.local:8776/v3/5072463e3ef44054b31b3c58d45be2f4/volumes/131c55ab-9c3f-43c4-9bd3-c45404792803 returned with HTTP 202 [pid: 7|app: 0|req: 402/792] 10.0.0.202 () {32 vars in 778 bytes} [Tue Jul 21 07:49:40 2026] DELETE /v3/5072463e3ef44054b31b3c58d45be2f4/volumes/131c55ab-9c3f-43c4-9bd3-c45404792803 => generated 0 bytes in 45 msecs (HTTP/1.1 202) 6 headers in 233 bytes (1 switches on core 0) /var/lib/openstack/lib/python3.10/site-packages/pycadf/identifier.py:71: UserWarning: Invalid uuid: cinderv3. To ensure interoperability, identifiers should be a valid uuid. warnings.warn(('Invalid uuid: %s. To ensure interoperability, '
2026-07-21 07:49:40.385 8 INFO cinder.api.openstack.wsgi [None req-e3d880b7-6764-4b57-b110-f03324cd5813 9dc0f791523b40eabd2c90a653669f29 5072463e3ef44054b31b3c58d45be2f4 - - default default] GET http://cinder-api.openstack.svc.cluster.local:8776/v3/5072463e3ef44054b31b3c58d45be2f4/volumes/131c55ab-9c3f-43c4-9bd3-c45404792803 /var/lib/openstack/lib/python3.10/site-packages/oslo_context/context.py:100: DeprecationWarning: Policy enforcement is depending on the value of is_admin. This key is deprecated. Please update your policy file to use the standard policy values. warnings.warn('Policy enforcement is depending on the value of '
2026-07-21 07:49:40.406 8 INFO cinder.volume.api [None req-e3d880b7-6764-4b57-b110-f03324cd5813 9dc0f791523b40eabd2c90a653669f29 5072463e3ef44054b31b3c58d45be2f4 - - default default] Volume info retrieved successfully.
2026-07-21 07:49:40.412 8 INFO cinder.api.openstack.wsgi [None req-e3d880b7-6764-4b57-b110-f03324cd5813 9dc0f791523b40eabd2c90a653669f29 5072463e3ef44054b31b3c58d45be2f4 - - default default] http://cinder-api.openstack.svc.cluster.local:8776/v3/5072463e3ef44054b31b3c58d45be2f4/volumes/131c55ab-9c3f-43c4-9bd3-c45404792803 returned with HTTP 200 [pid: 8|app: 0|req: 391/793] 10.0.0.202 () {32 vars in 775 bytes} [Tue Jul 21 07:49:40 2026] GET /v3/5072463e3ef44054b31b3c58d45be2f4/volumes/131c55ab-9c3f-43c4-9bd3-c45404792803 => generated 971 bytes in 36 msecs (HTTP/1.1 200) 7 headers in 285 bytes (1 switches on core 0) /var/lib/openstack/lib/python3.10/site-packages/pycadf/identifier.py:71: UserWarning: Invalid uuid: cinderv3. To ensure interoperability, identifiers should be a valid uuid. warnings.warn(('Invalid uuid: %s. To ensure interoperability, '
2026-07-21 07:49:41.436 7 INFO cinder.api.openstack.wsgi [None req-de36c802-38d9-4c18-9c01-353820fcb67f 9dc0f791523b40eabd2c90a653669f29 5072463e3ef44054b31b3c58d45be2f4 - - default default] GET http://cinder-api.openstack.svc.cluster.local:8776/v3/5072463e3ef44054b31b3c58d45be2f4/volumes/131c55ab-9c3f-43c4-9bd3-c45404792803
2026-07-21 07:49:41.445 7 INFO cinder.api.openstack.wsgi [None req-de36c802-38d9-4c18-9c01-353820fcb67f 9dc0f791523b40eabd2c90a653669f29 5072463e3ef44054b31b3c58d45be2f4 - - default default] http://cinder-api.openstack.svc.cluster.local:8776/v3/5072463e3ef44054b31b3c58d45be2f4/volumes/131c55ab-9c3f-43c4-9bd3-c45404792803 returned with HTTP 404 [pid: 7|app: 0|req: 403/794] 10.0.0.202 () {32 vars in 775 bytes} [Tue Jul 21 07:49:41 2026] GET /v3/5072463e3ef44054b31b3c58d45be2f4/volumes/131c55ab-9c3f-43c4-9bd3-c45404792803 => generated 109 bytes in 18 msecs (HTTP/1.1 404) 7 headers in 292 bytes (1 switches on core 0)
2026-07-21 07:49:43.713 8 INFO cinder.api.openstack.wsgi [None req-e3d880b7-6764-4b57-b110-f03324cd5813 9dc0f791523b40eabd2c90a653669f29 5072463e3ef44054b31b3c58d45be2f4 - - default default] GET http://10.0.0.68:8776/
2026-07-21 07:49:43.713 8 INFO cinder.api.openstack.wsgi [None req-e3d880b7-6764-4b57-b110-f03324cd5813 9dc0f791523b40eabd2c90a653669f29 5072463e3ef44054b31b3c58d45be2f4 - - default default] http://10.0.0.68:8776/ returned with HTTP 300
2026-07-21 07:49:43.713 7 INFO cinder.api.openstack.wsgi [None req-de36c802-38d9-4c18-9c01-353820fcb67f 9dc0f791523b40eabd2c90a653669f29 5072463e3ef44054b31b3c58d45be2f4 - - default default] GET http://10.0.0.68:8776/
2026-07-21 07:49:43.714 7 INFO cinder.api.openstack.wsgi [None req-de36c802-38d9-4c18-9c01-353820fcb67f 9dc0f791523b40eabd2c90a653669f29 5072463e3ef44054b31b3c58d45be2f4 - - default default] http://10.0.0.68:8776/ returned with HTTP 300 /var/lib/openstack/lib/python3.10/site-packages/pycadf/identifier.py:71: UserWarning: Invalid uuid: cinderv3. To ensure interoperability, identifiers should be a valid uuid. warnings.warn(('Invalid uuid: %s. To ensure interoperability, '
2026-07-21 07:49:48.673 8 INFO cinder.api.openstack.wsgi [None req-db2abd5a-68b3-4b30-bc04-e9f9bd0a7f7d bec407fa8ab74de59b1d5ca7004baf48 f6494209e7ae4f57a2fb1e553d33e2ef - - default default] GET http://cinder-api.openstack.svc.cluster.local:8776/v3/f6494209e7ae4f57a2fb1e553d33e2ef/snapshots?all_tenants=true
2026-07-21 07:49:48.680 8 INFO cinder.volume.api [None req-db2abd5a-68b3-4b30-bc04-e9f9bd0a7f7d bec407fa8ab74de59b1d5ca7004baf48 f6494209e7ae4f57a2fb1e553d33e2ef - - default default] Get all snapshots completed successfully.
2026-07-21 07:49:48.680 8 INFO cinder.api.openstack.wsgi [None req-db2abd5a-68b3-4b30-bc04-e9f9bd0a7f7d bec407fa8ab74de59b1d5ca7004baf48 f6494209e7ae4f57a2fb1e553d33e2ef - - default default] http://cinder-api.openstack.svc.cluster.local:8776/v3/f6494209e7ae4f57a2fb1e553d33e2ef/snapshots?all_tenants=true returned with HTTP 200 [pid: 8|app: 0|req: 393/797] 10.0.0.243 () {28 vars in 674 bytes} [Tue Jul 21 07:49:48 2026] GET /v3/f6494209e7ae4f57a2fb1e553d33e2ef/snapshots?all_tenants=true => generated 17 bytes in 116 msecs (HTTP/1.1 200) 7 headers in 284 bytes (1 switches on core 0)
2026-07-21 07:49:48.695 7 INFO cinder.api.openstack.wsgi [None req-484f7411-f71f-4928-813d-2c5bdd093eac bec407fa8ab74de59b1d5ca7004baf48 f6494209e7ae4f57a2fb1e553d33e2ef - - default default] GET http://cinder-api.openstack.svc.cluster.local:8776/v3/f6494209e7ae4f57a2fb1e553d33e2ef/scheduler-stats/get_pools?detail=true
2026-07-21 07:49:48.713 7 INFO cinder.api.openstack.wsgi [None req-484f7411-f71f-4928-813d-2c5bdd093eac bec407fa8ab74de59b1d5ca7004baf48 f6494209e7ae4f57a2fb1e553d33e2ef - - default default] http://cinder-api.openstack.svc.cluster.local:8776/v3/f6494209e7ae4f57a2fb1e553d33e2ef/scheduler-stats/get_pools?detail=true returned with HTTP 200 [pid: 7|app: 0|req: 405/798] 10.0.0.243 () {28 vars in 696 bytes} [Tue Jul 21 07:49:48 2026] GET /v3/f6494209e7ae4f57a2fb1e553d33e2ef/scheduler-stats/get_pools?detail=true => generated 670 bytes in 29 msecs (HTTP/1.1 200) 7 headers in 285 bytes (1 switches on core 0)
2026-07-21 07:49:48.725 8 INFO cinder.api.openstack.wsgi [None req-1f6f4a69-f571-49f1-9131-8a423de5bad1 bec407fa8ab74de59b1d5ca7004baf48 f6494209e7ae4f57a2fb1e553d33e2ef - - default default] GET http://cinder-api.openstack.svc.cluster.local:8776/v3/f6494209e7ae4f57a2fb1e553d33e2ef/volumes/detail?all_tenants=true
2026-07-21 07:49:48.735 8 INFO cinder.volume.api [None req-1f6f4a69-f571-49f1-9131-8a423de5bad1 bec407fa8ab74de59b1d5ca7004baf48 f6494209e7ae4f57a2fb1e553d33e2ef - - default default] Get all volumes completed successfully.
2026-07-21 07:49:48.737 8 INFO cinder.api.openstack.wsgi [None req-1f6f4a69-f571-49f1-9131-8a423de5bad1 bec407fa8ab74de59b1d5ca7004baf48 f6494209e7ae4f57a2fb1e553d33e2ef - - default default] http://cinder-api.openstack.svc.cluster.local:8776/v3/f6494209e7ae4f57a2fb1e553d33e2ef/volumes/detail?all_tenants=true returned with HTTP 200 [pid: 8|app: 0|req: 394/799] 10.0.0.243 () {28 vars in 684 bytes} [Tue Jul 21 07:49:48 2026] GET /v3/f6494209e7ae4f57a2fb1e553d33e2ef/volumes/detail?all_tenants=true => generated 15 bytes in 19 msecs (HTTP/1.1 200) 7 headers in 284 bytes (1 switches on core 0)
2026-07-21 07:49:48.749 7 INFO cinder.api.openstack.wsgi [None req-38c092f3-f86e-440f-a76f-e4afe87bf92c bec407fa8ab74de59b1d5ca7004baf48 f6494209e7ae4f57a2fb1e553d33e2ef - - default default] GET http://cinder-api.openstack.svc.cluster.local:8776/v3/f6494209e7ae4f57a2fb1e553d33e2ef/os-services
2026-07-21 07:49:48.756 7 INFO cinder.api.openstack.wsgi [None req-38c092f3-f86e-440f-a76f-e4afe87bf92c bec407fa8ab74de59b1d5ca7004baf48 f6494209e7ae4f57a2fb1e553d33e2ef - - default default] http://cinder-api.openstack.svc.cluster.local:8776/v3/f6494209e7ae4f57a2fb1e553d33e2ef/os-services returned with HTTP 200 [pid: 7|app: 0|req: 406/800] 10.0.0.243 () {28 vars in 645 bytes} [Tue Jul 21 07:49:48 2026] GET /v3/f6494209e7ae4f57a2fb1e553d33e2ef/os-services => generated 646 bytes in 15 msecs (HTTP/1.1 200) 7 headers in 285 bytes (1 switches on core 0)
2026-07-21 07:49:48.766 8 INFO cinder.api.openstack.wsgi [None req-7dfcfbe3-d3ef-4a13-afde-75681c077a69 bec407fa8ab74de59b1d5ca7004baf48 f6494209e7ae4f57a2fb1e553d33e2ef - - default default] GET http://cinder-api.openstack.svc.cluster.local:8776/v3/f6494209e7ae4f57a2fb1e553d33e2ef/volumes/detail?all_tenants=true
2026-07-21 07:49:48.774 8 INFO cinder.volume.api [None req-7dfcfbe3-d3ef-4a13-afde-75681c077a69 bec407fa8ab74de59b1d5ca7004baf48 f6494209e7ae4f57a2fb1e553d33e2ef - - default default] Get all volumes completed successfully.
2026-07-21 07:49:48.776 8 INFO cinder.api.openstack.wsgi [None req-7dfcfbe3-d3ef-4a13-afde-75681c077a69 bec407fa8ab74de59b1d5ca7004baf48 f6494209e7ae4f57a2fb1e553d33e2ef - - default default] http://cinder-api.openstack.svc.cluster.local:8776/v3/f6494209e7ae4f57a2fb1e553d33e2ef/volumes/detail?all_tenants=true returned with HTTP 200 [pid: 8|app: 0|req: 395/801] 10.0.0.243 () {28 vars in 684 bytes} [Tue Jul 21 07:49:48 2026] GET /v3/f6494209e7ae4f57a2fb1e553d33e2ef/volumes/detail?all_tenants=true => generated 15 bytes in 16 msecs (HTTP/1.1 200) 7 headers in 284 bytes (1 switches on core 0)
2026-07-21 07:49:48.812 7 INFO cinder.api.openstack.wsgi [None req-147e49aa-97ce-4d38-bdfa-04e4c5e60ffe bec407fa8ab74de59b1d5ca7004baf48 f6494209e7ae4f57a2fb1e553d33e2ef - - default default] GET http://cinder-api.openstack.svc.cluster.local:8776/v3/f6494209e7ae4f57a2fb1e553d33e2ef/os-quota-sets/14bf99e8a4a540f4bbc32e80330e2a70?usage=true
