2026-07-21 07:53:49.204 7 INFO cinder.api.openstack.wsgi [None req-8606d856-1c53-43a8-9918-992f1f357993 bec407fa8ab74de59b1d5ca7004baf48 f6494209e7ae4f57a2fb1e553d33e2ef - - default default] GET http://cinder-api.openstack.svc.cluster.local:8776/v3/f6494209e7ae4f57a2fb1e553d33e2ef/volumes/detail?all_tenants=true
2026-07-21 07:53:49.207 8 INFO cinder.volume.api [req-b3318f7b-3fe1-4800-984d-c0a5ff44e5c1 req-31a63bba-0f75-4164-ab27-a6c7ebdbd278 bec407fa8ab74de59b1d5ca7004baf48 f6494209e7ae4f57a2fb1e553d33e2ef - - default default] Volume info retrieved successfully.
2026-07-21 07:53:49.213 8 INFO cinder.api.openstack.wsgi [req-b3318f7b-3fe1-4800-984d-c0a5ff44e5c1 req-31a63bba-0f75-4164-ab27-a6c7ebdbd278 bec407fa8ab74de59b1d5ca7004baf48 f6494209e7ae4f57a2fb1e553d33e2ef - - default default] http://cinder-api.openstack.svc.cluster.local:8776/v3/f6494209e7ae4f57a2fb1e553d33e2ef/volumes/76079b3a-5980-4dac-8a44-51d5b726a593 returned with HTTP 200 [pid: 8|app: 0|req: 471/955] 199.204.45.235 () {32 vars in 825 bytes} [Tue Jul 21 07:53:49 2026] GET /v3/f6494209e7ae4f57a2fb1e553d33e2ef/volumes/76079b3a-5980-4dac-8a44-51d5b726a593 => generated 1674 bytes in 38 msecs (HTTP/1.1 200) 7 headers in 286 bytes (1 switches on core 0)
2026-07-21 07:53:49.221 7 INFO cinder.volume.api [None req-8606d856-1c53-43a8-9918-992f1f357993 bec407fa8ab74de59b1d5ca7004baf48 f6494209e7ae4f57a2fb1e553d33e2ef - - default default] Get all volumes completed successfully. /var/lib/openstack/lib/python3.10/site-packages/oslo_context/context.py:100: DeprecationWarning: Policy enforcement is depending on the value of is_admin. This key is deprecated. Please update your policy file to use the standard policy values. warnings.warn('Policy enforcement is depending on the value of '
2026-07-21 07:53:49.229 7 INFO cinder.api.openstack.wsgi [None req-8606d856-1c53-43a8-9918-992f1f357993 bec407fa8ab74de59b1d5ca7004baf48 f6494209e7ae4f57a2fb1e553d33e2ef - - default default] http://cinder-api.openstack.svc.cluster.local:8776/v3/f6494209e7ae4f57a2fb1e553d33e2ef/volumes/detail?all_tenants=true returned with HTTP 200 [pid: 7|app: 0|req: 485/956] 10.0.0.243 () {28 vars in 684 bytes} [Tue Jul 21 07:53:49 2026] GET /v3/f6494209e7ae4f57a2fb1e553d33e2ef/volumes/detail?all_tenants=true => generated 1677 bytes in 30 msecs (HTTP/1.1 200) 7 headers in 286 bytes (1 switches on core 0) /var/lib/openstack/lib/python3.10/site-packages/pycadf/identifier.py:71: UserWarning: Invalid uuid: cinderv3. To ensure interoperability, identifiers should be a valid uuid. warnings.warn(('Invalid uuid: %s. To ensure interoperability, '
2026-07-21 07:53:49.243 8 INFO cinder.api.openstack.wsgi [None req-a808acfa-2b15-4bd7-b662-27c64822b618 bec407fa8ab74de59b1d5ca7004baf48 f6494209e7ae4f57a2fb1e553d33e2ef - - default default] GET http://cinder-api.openstack.svc.cluster.local:8776/v3/f6494209e7ae4f57a2fb1e553d33e2ef/scheduler-stats/get_pools?detail=true
2026-07-21 07:53:49.267 8 INFO cinder.api.openstack.wsgi [None req-a808acfa-2b15-4bd7-b662-27c64822b618 bec407fa8ab74de59b1d5ca7004baf48 f6494209e7ae4f57a2fb1e553d33e2ef - - default default] http://cinder-api.openstack.svc.cluster.local:8776/v3/f6494209e7ae4f57a2fb1e553d33e2ef/scheduler-stats/get_pools?detail=true returned with HTTP 200 [pid: 8|app: 0|req: 472/957] 10.0.0.243 () {28 vars in 696 bytes} [Tue Jul 21 07:53:49 2026] GET /v3/f6494209e7ae4f57a2fb1e553d33e2ef/scheduler-stats/get_pools?detail=true => generated 670 bytes in 34 msecs (HTTP/1.1 200) 7 headers in 285 bytes (1 switches on core 0)
2026-07-21 07:53:49.694 7 INFO cinder.api.openstack.wsgi [None req-8606d856-1c53-43a8-9918-992f1f357993 bec407fa8ab74de59b1d5ca7004baf48 f6494209e7ae4f57a2fb1e553d33e2ef - - default default] GET http://cinder-api.openstack.svc.cluster.local:8776/
2026-07-21 07:53:49.695 7 INFO cinder.api.openstack.wsgi [None req-8606d856-1c53-43a8-9918-992f1f357993 bec407fa8ab74de59b1d5ca7004baf48 f6494209e7ae4f57a2fb1e553d33e2ef - - default default] http://cinder-api.openstack.svc.cluster.local:8776/ returned with HTTP 300 [pid: 7|app: 0|req: 486/958] 199.204.45.235 () {32 vars in 840 bytes} [Tue Jul 21 07:53:49 2026] GET / => generated 411 bytes in 3 msecs (HTTP/1.1 300) 5 headers in 169 bytes (1 switches on core 0)
2026-07-21 07:53:49.708 8 INFO cinder.api.openstack.wsgi [req-ad2cabeb-cfdf-4946-b5a9-4dd10e930f0c req-a5ab70bc-25e0-4d96-b36f-9e33346efcc8 bec407fa8ab74de59b1d5ca7004baf48 f6494209e7ae4f57a2fb1e553d33e2ef - - default default] GET http://cinder-api.openstack.svc.cluster.local:8776/v3/f6494209e7ae4f57a2fb1e553d33e2ef/volumes/76079b3a-5980-4dac-8a44-51d5b726a593 /var/lib/openstack/lib/python3.10/site-packages/oslo_context/context.py:100: DeprecationWarning: Policy enforcement is depending on the value of is_admin. This key is deprecated. Please update your policy file to use the standard policy values. warnings.warn('Policy enforcement is depending on the value of '
2026-07-21 07:53:49.730 8 INFO cinder.volume.api [req-ad2cabeb-cfdf-4946-b5a9-4dd10e930f0c req-a5ab70bc-25e0-4d96-b36f-9e33346efcc8 bec407fa8ab74de59b1d5ca7004baf48 f6494209e7ae4f57a2fb1e553d33e2ef - - default default] Volume info retrieved successfully.
2026-07-21 07:53:49.735 8 INFO cinder.api.openstack.wsgi [req-ad2cabeb-cfdf-4946-b5a9-4dd10e930f0c req-a5ab70bc-25e0-4d96-b36f-9e33346efcc8 bec407fa8ab74de59b1d5ca7004baf48 f6494209e7ae4f57a2fb1e553d33e2ef - - default default] http://cinder-api.openstack.svc.cluster.local:8776/v3/f6494209e7ae4f57a2fb1e553d33e2ef/volumes/76079b3a-5980-4dac-8a44-51d5b726a593 returned with HTTP 200 [pid: 8|app: 0|req: 473/959] 199.204.45.235 () {36 vars in 1073 bytes} [Tue Jul 21 07:53:49 2026] GET /v3/f6494209e7ae4f57a2fb1e553d33e2ef/volumes/76079b3a-5980-4dac-8a44-51d5b726a593 => generated 1794 bytes in 37 msecs (HTTP/1.1 200) 7 headers in 287 bytes (1 switches on core 0) /var/lib/openstack/lib/python3.10/site-packages/pycadf/identifier.py:71: UserWarning: Invalid uuid: cinderv3. To ensure interoperability, identifiers should be a valid uuid. warnings.warn(('Invalid uuid: %s. To ensure interoperability, '
2026-07-21 07:53:49.800 7 INFO cinder.api.openstack.wsgi [req-ad2cabeb-cfdf-4946-b5a9-4dd10e930f0c req-5307a792-cede-4adc-8a59-5b4ef0e44591 bec407fa8ab74de59b1d5ca7004baf48 f6494209e7ae4f57a2fb1e553d33e2ef - - default default] PUT http://cinder-api.openstack.svc.cluster.local:8776/v3/f6494209e7ae4f57a2fb1e553d33e2ef/attachments/c34310b1-dbf9-4cef-8dc7-171acdef4789 /var/lib/openstack/lib/python3.10/site-packages/oslo_context/context.py:100: DeprecationWarning: Policy enforcement is depending on the value of is_admin. This key is deprecated. Please update your policy file to use the standard policy values. warnings.warn('Policy enforcement is depending on the value of '
2026-07-21 07:53:50.443 7 INFO cinder.api.openstack.wsgi [req-ad2cabeb-cfdf-4946-b5a9-4dd10e930f0c req-5307a792-cede-4adc-8a59-5b4ef0e44591 bec407fa8ab74de59b1d5ca7004baf48 f6494209e7ae4f57a2fb1e553d33e2ef - - default default] http://cinder-api.openstack.svc.cluster.local:8776/v3/f6494209e7ae4f57a2fb1e553d33e2ef/attachments/c34310b1-dbf9-4cef-8dc7-171acdef4789 returned with HTTP 200 [pid: 7|app: 0|req: 487/960] 199.204.45.235 () {40 vars in 1134 bytes} [Tue Jul 21 07:53:49 2026] PUT /v3/f6494209e7ae4f57a2fb1e553d33e2ef/attachments/c34310b1-dbf9-4cef-8dc7-171acdef4789 => generated 775 bytes in 653 msecs (HTTP/1.1 200) 7 headers in 286 bytes (1 switches on core 0) /var/lib/openstack/lib/python3.10/site-packages/pycadf/identifier.py:71: UserWarning: Invalid uuid: cinderv3. To ensure interoperability, identifiers should be a valid uuid. warnings.warn(('Invalid uuid: %s. To ensure interoperability, '
2026-07-21 07:53:50.482 8 INFO cinder.api.openstack.wsgi [req-ad2cabeb-cfdf-4946-b5a9-4dd10e930f0c req-ac4583c1-1321-4c7f-9ca7-678cf9b386fc bec407fa8ab74de59b1d5ca7004baf48 f6494209e7ae4f57a2fb1e553d33e2ef - - default default] POST http://cinder-api.openstack.svc.cluster.local:8776/v3/f6494209e7ae4f57a2fb1e553d33e2ef/attachments/c34310b1-dbf9-4cef-8dc7-171acdef4789/action /var/lib/openstack/lib/python3.10/site-packages/oslo_context/context.py:100: DeprecationWarning: Policy enforcement is depending on the value of is_admin. This key is deprecated. Please update your policy file to use the standard policy values. warnings.warn('Policy enforcement is depending on the value of '
2026-07-21 07:53:50.516 8 INFO cinder.api.openstack.wsgi [req-ad2cabeb-cfdf-4946-b5a9-4dd10e930f0c req-ac4583c1-1321-4c7f-9ca7-678cf9b386fc bec407fa8ab74de59b1d5ca7004baf48 f6494209e7ae4f57a2fb1e553d33e2ef - - default default] http://cinder-api.openstack.svc.cluster.local:8776/v3/f6494209e7ae4f57a2fb1e553d33e2ef/attachments/c34310b1-dbf9-4cef-8dc7-171acdef4789/action returned with HTTP 204 [pid: 8|app: 0|req: 474/961] 199.204.45.235 () {40 vars in 1148 bytes} [Tue Jul 21 07:53:50 2026] POST /v3/f6494209e7ae4f57a2fb1e553d33e2ef/attachments/c34310b1-dbf9-4cef-8dc7-171acdef4789/action => generated 0 bytes in 42 msecs (HTTP/1.1 204) 7 headers in 292 bytes (1 switches on core 0) /var/lib/openstack/lib/python3.10/site-packages/pycadf/identifier.py:71: UserWarning: Invalid uuid: cinderv3. To ensure interoperability, identifiers should be a valid uuid. warnings.warn(('Invalid uuid: %s. To ensure interoperability, '
2026-07-21 07:53:52.215 7 INFO cinder.api.openstack.wsgi [req-b3318f7b-3fe1-4800-984d-c0a5ff44e5c1 req-242fbf2b-ccab-4c50-a61c-302cb7faf356 bec407fa8ab74de59b1d5ca7004baf48 f6494209e7ae4f57a2fb1e553d33e2ef - - default default] GET http://cinder-api.openstack.svc.cluster.local:8776/v3/f6494209e7ae4f57a2fb1e553d33e2ef/volumes/76079b3a-5980-4dac-8a44-51d5b726a593 /var/lib/openstack/lib/python3.10/site-packages/oslo_context/context.py:100: DeprecationWarning: Policy enforcement is depending on the value of is_admin. This key is deprecated. Please update your policy file to use the standard policy values. warnings.warn('Policy enforcement is depending on the value of '
2026-07-21 07:53:52.236 7 INFO cinder.volume.api [req-b3318f7b-3fe1-4800-984d-c0a5ff44e5c1 req-242fbf2b-ccab-4c50-a61c-302cb7faf356 bec407fa8ab74de59b1d5ca7004baf48 f6494209e7ae4f57a2fb1e553d33e2ef - - default default] Volume info retrieved successfully.
2026-07-21 07:53:52.243 7 INFO cinder.api.openstack.wsgi [req-b3318f7b-3fe1-4800-984d-c0a5ff44e5c1 req-242fbf2b-ccab-4c50-a61c-302cb7faf356 bec407fa8ab74de59b1d5ca7004baf48 f6494209e7ae4f57a2fb1e553d33e2ef - - default default] http://cinder-api.openstack.svc.cluster.local:8776/v3/f6494209e7ae4f57a2fb1e553d33e2ef/volumes/76079b3a-5980-4dac-8a44-51d5b726a593 returned with HTTP 200 [pid: 7|app: 0|req: 488/962] 199.204.45.235 () {32 vars in 825 bytes} [Tue Jul 21 07:53:52 2026] GET /v3/f6494209e7ae4f57a2fb1e553d33e2ef/volumes/76079b3a-5980-4dac-8a44-51d5b726a593 => generated 1973 bytes in 37 msecs (HTTP/1.1 200) 7 headers in 286 bytes (1 switches on core 0)
2026-07-21 07:53:53.713 8 INFO cinder.api.openstack.wsgi [req-ad2cabeb-cfdf-4946-b5a9-4dd10e930f0c req-ac4583c1-1321-4c7f-9ca7-678cf9b386fc bec407fa8ab74de59b1d5ca7004baf48 f6494209e7ae4f57a2fb1e553d33e2ef - - default default] GET http://10.0.0.68:8776/
2026-07-21 07:53:53.713 7 INFO cinder.api.openstack.wsgi [req-b3318f7b-3fe1-4800-984d-c0a5ff44e5c1 req-242fbf2b-ccab-4c50-a61c-302cb7faf356 bec407fa8ab74de59b1d5ca7004baf48 f6494209e7ae4f57a2fb1e553d33e2ef - - default default] GET http://10.0.0.68:8776/
2026-07-21 07:53:53.714 8 INFO cinder.api.openstack.wsgi [req-ad2cabeb-cfdf-4946-b5a9-4dd10e930f0c req-ac4583c1-1321-4c7f-9ca7-678cf9b386fc bec407fa8ab74de59b1d5ca7004baf48 f6494209e7ae4f57a2fb1e553d33e2ef - - default default] http://10.0.0.68:8776/ returned with HTTP 300
2026-07-21 07:53:53.715 7 INFO cinder.api.openstack.wsgi [req-b3318f7b-3fe1-4800-984d-c0a5ff44e5c1 req-242fbf2b-ccab-4c50-a61c-302cb7faf356 bec407fa8ab74de59b1d5ca7004baf48 f6494209e7ae4f57a2fb1e553d33e2ef - - default default] http://10.0.0.68:8776/ returned with HTTP 300 /var/lib/openstack/lib/python3.10/site-packages/pycadf/identifier.py:71: UserWarning: Invalid uuid: cinderv3. To ensure interoperability, identifiers should be a valid uuid. warnings.warn(('Invalid uuid: %s. To ensure interoperability, '
2026-07-21 07:53:55.503 8 INFO cinder.api.openstack.wsgi [req-b3318f7b-3fe1-4800-984d-c0a5ff44e5c1 req-fbd9d85c-8654-47f9-829e-2fd0935d198d bec407fa8ab74de59b1d5ca7004baf48 f6494209e7ae4f57a2fb1e553d33e2ef - - default default] GET http://cinder-api.openstack.svc.cluster.local:8776/v3/f6494209e7ae4f57a2fb1e553d33e2ef/volumes/76079b3a-5980-4dac-8a44-51d5b726a593 /var/lib/openstack/lib/python3.10/site-packages/oslo_context/context.py:100: DeprecationWarning: Policy enforcement is depending on the value of is_admin. This key is deprecated. Please update your policy file to use the standard policy values. warnings.warn('Policy enforcement is depending on the value of '
2026-07-21 07:53:55.519 8 INFO cinder.volume.api [req-b3318f7b-3fe1-4800-984d-c0a5ff44e5c1 req-fbd9d85c-8654-47f9-829e-2fd0935d198d bec407fa8ab74de59b1d5ca7004baf48 f6494209e7ae4f57a2fb1e553d33e2ef - - default default] Volume info retrieved successfully.
2026-07-21 07:53:55.526 8 INFO cinder.api.openstack.wsgi [req-b3318f7b-3fe1-4800-984d-c0a5ff44e5c1 req-fbd9d85c-8654-47f9-829e-2fd0935d198d bec407fa8ab74de59b1d5ca7004baf48 f6494209e7ae4f57a2fb1e553d33e2ef - - default default] http://cinder-api.openstack.svc.cluster.local:8776/v3/f6494209e7ae4f57a2fb1e553d33e2ef/volumes/76079b3a-5980-4dac-8a44-51d5b726a593 returned with HTTP 200 [pid: 8|app: 0|req: 476/965] 199.204.45.235 () {32 vars in 825 bytes} [Tue Jul 21 07:53:55 2026] GET /v3/f6494209e7ae4f57a2fb1e553d33e2ef/volumes/76079b3a-5980-4dac-8a44-51d5b726a593 => generated 1973 bytes in 31 msecs (HTTP/1.1 200) 7 headers in 286 bytes (1 switches on core 0)
2026-07-21 07:54:03.713 7 INFO cinder.api.openstack.wsgi [req-b3318f7b-3fe1-4800-984d-c0a5ff44e5c1 req-242fbf2b-ccab-4c50-a61c-302cb7faf356 bec407fa8ab74de59b1d5ca7004baf48 f6494209e7ae4f57a2fb1e553d33e2ef - - default default] GET http://10.0.0.68:8776/
2026-07-21 07:54:03.713 8 INFO cinder.api.openstack.wsgi [req-b3318f7b-3fe1-4800-984d-c0a5ff44e5c1 req-fbd9d85c-8654-47f9-829e-2fd0935d198d bec407fa8ab74de59b1d5ca7004baf48 f6494209e7ae4f57a2fb1e553d33e2ef - - default default] GET http://10.0.0.68:8776/
2026-07-21 07:54:03.714 7 INFO cinder.api.openstack.wsgi [req-b3318f7b-3fe1-4800-984d-c0a5ff44e5c1 req-242fbf2b-ccab-4c50-a61c-302cb7faf356 bec407fa8ab74de59b1d5ca7004baf48 f6494209e7ae4f57a2fb1e553d33e2ef - - default default] http://10.0.0.68:8776/ returned with HTTP 300
2026-07-21 07:54:03.714 8 INFO cinder.api.openstack.wsgi [req-b3318f7b-3fe1-4800-984d-c0a5ff44e5c1 req-fbd9d85c-8654-47f9-829e-2fd0935d198d bec407fa8ab74de59b1d5ca7004baf48 f6494209e7ae4f57a2fb1e553d33e2ef - - default default] http://10.0.0.68:8776/ returned with HTTP 300
2026-07-21 07:54:13.713 7 INFO cinder.api.openstack.wsgi [req-b3318f7b-3fe1-4800-984d-c0a5ff44e5c1 req-242fbf2b-ccab-4c50-a61c-302cb7faf356 bec407fa8ab74de59b1d5ca7004baf48 f6494209e7ae4f57a2fb1e553d33e2ef - - default default] GET http://10.0.0.68:8776/
2026-07-21 07:54:13.713 8 INFO cinder.api.openstack.wsgi [req-b3318f7b-3fe1-4800-984d-c0a5ff44e5c1 req-fbd9d85c-8654-47f9-829e-2fd0935d198d bec407fa8ab74de59b1d5ca7004baf48 f6494209e7ae4f57a2fb1e553d33e2ef - - default default] GET http://10.0.0.68:8776/
2026-07-21 07:54:13.714 7 INFO cinder.api.openstack.wsgi [req-b3318f7b-3fe1-4800-984d-c0a5ff44e5c1 req-242fbf2b-ccab-4c50-a61c-302cb7faf356 bec407fa8ab74de59b1d5ca7004baf48 f6494209e7ae4f57a2fb1e553d33e2ef - - default default] http://10.0.0.68:8776/ returned with HTTP 300
2026-07-21 07:54:13.715 8 INFO cinder.api.openstack.wsgi [req-b3318f7b-3fe1-4800-984d-c0a5ff44e5c1 req-fbd9d85c-8654-47f9-829e-2fd0935d198d bec407fa8ab74de59b1d5ca7004baf48 f6494209e7ae4f57a2fb1e553d33e2ef - - default default] http://10.0.0.68:8776/ returned with HTTP 300
2026-07-21 07:54:23.713 7 INFO cinder.api.openstack.wsgi [req-b3318f7b-3fe1-4800-984d-c0a5ff44e5c1 req-242fbf2b-ccab-4c50-a61c-302cb7faf356 bec407fa8ab74de59b1d5ca7004baf48 f6494209e7ae4f57a2fb1e553d33e2ef - - default default] GET http://10.0.0.68:8776/
2026-07-21 07:54:23.713 8 INFO cinder.api.openstack.wsgi [req-b3318f7b-3fe1-4800-984d-c0a5ff44e5c1 req-fbd9d85c-8654-47f9-829e-2fd0935d198d bec407fa8ab74de59b1d5ca7004baf48 f6494209e7ae4f57a2fb1e553d33e2ef - - default default] GET http://10.0.0.68:8776/
2026-07-21 07:54:23.714 7 INFO cinder.api.openstack.wsgi [req-b3318f7b-3fe1-4800-984d-c0a5ff44e5c1 req-242fbf2b-ccab-4c50-a61c-302cb7faf356 bec407fa8ab74de59b1d5ca7004baf48 f6494209e7ae4f57a2fb1e553d33e2ef - - default default] http://10.0.0.68:8776/ returned with HTTP 300
2026-07-21 07:54:23.715 8 INFO cinder.api.openstack.wsgi [req-b3318f7b-3fe1-4800-984d-c0a5ff44e5c1 req-fbd9d85c-8654-47f9-829e-2fd0935d198d bec407fa8ab74de59b1d5ca7004baf48 f6494209e7ae4f57a2fb1e553d33e2ef - - default default] http://10.0.0.68:8776/ returned with HTTP 300
2026-07-21 07:54:33.713 7 INFO cinder.api.openstack.wsgi [req-b3318f7b-3fe1-4800-984d-c0a5ff44e5c1 req-242fbf2b-ccab-4c50-a61c-302cb7faf356 bec407fa8ab74de59b1d5ca7004baf48 f6494209e7ae4f57a2fb1e553d33e2ef - - default default] GET http://10.0.0.68:8776/
2026-07-21 07:54:33.713 8 INFO cinder.api.openstack.wsgi [req-b3318f7b-3fe1-4800-984d-c0a5ff44e5c1 req-fbd9d85c-8654-47f9-829e-2fd0935d198d bec407fa8ab74de59b1d5ca7004baf48 f6494209e7ae4f57a2fb1e553d33e2ef - - default default] GET http://10.0.0.68:8776/
2026-07-21 07:54:33.714 7 INFO cinder.api.openstack.wsgi [req-b3318f7b-3fe1-4800-984d-c0a5ff44e5c1 req-242fbf2b-ccab-4c50-a61c-302cb7faf356 bec407fa8ab74de59b1d5ca7004baf48 f6494209e7ae4f57a2fb1e553d33e2ef - - default default] http://10.0.0.68:8776/ returned with HTTP 300
2026-07-21 07:54:33.715 8 INFO cinder.api.openstack.wsgi [req-b3318f7b-3fe1-4800-984d-c0a5ff44e5c1 req-fbd9d85c-8654-47f9-829e-2fd0935d198d bec407fa8ab74de59b1d5ca7004baf48 f6494209e7ae4f57a2fb1e553d33e2ef - - default default] http://10.0.0.68:8776/ returned with HTTP 300
2026-07-21 07:54:43.713 7 INFO cinder.api.openstack.wsgi [req-b3318f7b-3fe1-4800-984d-c0a5ff44e5c1 req-242fbf2b-ccab-4c50-a61c-302cb7faf356 bec407fa8ab74de59b1d5ca7004baf48 f6494209e7ae4f57a2fb1e553d33e2ef - - default default] GET http://10.0.0.68:8776/
2026-07-21 07:54:43.713 8 INFO cinder.api.openstack.wsgi [req-b3318f7b-3fe1-4800-984d-c0a5ff44e5c1 req-fbd9d85c-8654-47f9-829e-2fd0935d198d bec407fa8ab74de59b1d5ca7004baf48 f6494209e7ae4f57a2fb1e553d33e2ef - - default default] GET http://10.0.0.68:8776/
2026-07-21 07:54:43.715 8 INFO cinder.api.openstack.wsgi [req-b3318f7b-3fe1-4800-984d-c0a5ff44e5c1 req-fbd9d85c-8654-47f9-829e-2fd0935d198d bec407fa8ab74de59b1d5ca7004baf48 f6494209e7ae4f57a2fb1e553d33e2ef - - default default] http://10.0.0.68:8776/ returned with HTTP 300
2026-07-21 07:54:43.715 7 INFO cinder.api.openstack.wsgi [req-b3318f7b-3fe1-4800-984d-c0a5ff44e5c1 req-242fbf2b-ccab-4c50-a61c-302cb7faf356 bec407fa8ab74de59b1d5ca7004baf48 f6494209e7ae4f57a2fb1e553d33e2ef - - default default] http://10.0.0.68:8776/ returned with HTTP 300 /var/lib/openstack/lib/python3.10/site-packages/pycadf/identifier.py:71: UserWarning: Invalid uuid: cinderv3. To ensure interoperability, identifiers should be a valid uuid. warnings.warn(('Invalid uuid: %s. To ensure interoperability, '
2026-07-21 07:54:48.633 7 INFO cinder.api.openstack.wsgi [None req-64bb8e5c-718f-47dc-b93d-080a13dba540 bec407fa8ab74de59b1d5ca7004baf48 f6494209e7ae4f57a2fb1e553d33e2ef - - default default] GET http://cinder-api.openstack.svc.cluster.local:8776/v3/f6494209e7ae4f57a2fb1e553d33e2ef/os-services
2026-07-21 07:54:48.639 7 INFO cinder.api.openstack.wsgi [None req-64bb8e5c-718f-47dc-b93d-080a13dba540 bec407fa8ab74de59b1d5ca7004baf48 f6494209e7ae4f57a2fb1e553d33e2ef - - default default] http://cinder-api.openstack.svc.cluster.local:8776/v3/f6494209e7ae4f57a2fb1e553d33e2ef/os-services returned with HTTP 200 [pid: 7|app: 0|req: 495/976] 10.0.0.243 () {28 vars in 645 bytes} [Tue Jul 21 07:54:48 2026] GET /v3/f6494209e7ae4f57a2fb1e553d33e2ef/os-services => generated 646 bytes in 56 msecs (HTTP/1.1 200) 7 headers in 285 bytes (1 switches on core 0) /var/lib/openstack/lib/python3.10/site-packages/pycadf/identifier.py:71: UserWarning: Invalid uuid: cinderv3. To ensure interoperability, identifiers should be a valid uuid. warnings.warn(('Invalid uuid: %s. To ensure interoperability, '
2026-07-21 07:54:48.654 8 INFO cinder.api.openstack.wsgi [None req-282f4172-4785-43c3-82e4-d02efa60fea4 bec407fa8ab74de59b1d5ca7004baf48 f6494209e7ae4f57a2fb1e553d33e2ef - - default default] GET http://cinder-api.openstack.svc.cluster.local:8776/v3/f6494209e7ae4f57a2fb1e553d33e2ef/scheduler-stats/get_pools?detail=true
2026-07-21 07:54:48.670 8 INFO cinder.api.openstack.wsgi [None req-282f4172-4785-43c3-82e4-d02efa60fea4 bec407fa8ab74de59b1d5ca7004baf48 f6494209e7ae4f57a2fb1e553d33e2ef - - default default] http://cinder-api.openstack.svc.cluster.local:8776/v3/f6494209e7ae4f57a2fb1e553d33e2ef/scheduler-stats/get_pools?detail=true returned with HTTP 200 [pid: 8|app: 0|req: 482/977] 10.0.0.243 () {28 vars in 696 bytes} [Tue Jul 21 07:54:48 2026] GET /v3/f6494209e7ae4f57a2fb1e553d33e2ef/scheduler-stats/get_pools?detail=true => generated 671 bytes in 28 msecs (HTTP/1.1 200) 7 headers in 285 bytes (1 switches on core 0)
2026-07-21 07:54:48.687 7 INFO cinder.api.openstack.wsgi [None req-69f154b4-70c2-4643-a1c4-b78e57716a76 bec407fa8ab74de59b1d5ca7004baf48 f6494209e7ae4f57a2fb1e553d33e2ef - - default default] GET http://cinder-api.openstack.svc.cluster.local:8776/v3/f6494209e7ae4f57a2fb1e553d33e2ef/snapshots?all_tenants=true
2026-07-21 07:54:48.693 7 INFO cinder.volume.api [None req-69f154b4-70c2-4643-a1c4-b78e57716a76 bec407fa8ab74de59b1d5ca7004baf48 f6494209e7ae4f57a2fb1e553d33e2ef - - default default] Get all snapshots completed successfully.
2026-07-21 07:54:48.693 7 INFO cinder.api.openstack.wsgi [None req-69f154b4-70c2-4643-a1c4-b78e57716a76 bec407fa8ab74de59b1d5ca7004baf48 f6494209e7ae4f57a2fb1e553d33e2ef - - default default] http://cinder-api.openstack.svc.cluster.local:8776/v3/f6494209e7ae4f57a2fb1e553d33e2ef/snapshots?all_tenants=true returned with HTTP 200 [pid: 7|app: 0|req: 496/978] 10.0.0.243 () {28 vars in 674 bytes} [Tue Jul 21 07:54:48 2026] GET /v3/f6494209e7ae4f57a2fb1e553d33e2ef/snapshots?all_tenants=true => generated 17 bytes in 17 msecs (HTTP/1.1 200) 7 headers in 284 bytes (1 switches on core 0)
2026-07-21 07:54:48.704 8 INFO cinder.api.openstack.wsgi [None req-5af2e790-f52b-4ea7-a82c-524e5cfdcca2 bec407fa8ab74de59b1d5ca7004baf48 f6494209e7ae4f57a2fb1e553d33e2ef - - default default] GET http://cinder-api.openstack.svc.cluster.local:8776/v3/f6494209e7ae4f57a2fb1e553d33e2ef/volumes/detail?all_tenants=true
2026-07-21 07:54:48.721 8 INFO cinder.volume.api [None req-5af2e790-f52b-4ea7-a82c-524e5cfdcca2 bec407fa8ab74de59b1d5ca7004baf48 f6494209e7ae4f57a2fb1e553d33e2ef - - default default] Get all volumes completed successfully. /var/lib/openstack/lib/python3.10/site-packages/oslo_context/context.py:100: DeprecationWarning: Policy enforcement is depending on the value of is_admin. This key is deprecated. Please update your policy file to use the standard policy values. warnings.warn('Policy enforcement is depending on the value of '
2026-07-21 07:54:48.728 8 INFO cinder.api.openstack.wsgi [None req-5af2e790-f52b-4ea7-a82c-524e5cfdcca2 bec407fa8ab74de59b1d5ca7004baf48 f6494209e7ae4f57a2fb1e553d33e2ef - - default default] http://cinder-api.openstack.svc.cluster.local:8776/v3/f6494209e7ae4f57a2fb1e553d33e2ef/volumes/detail?all_tenants=true returned with HTTP 200 [pid: 8|app: 0|req: 483/979] 10.0.0.243 () {28 vars in 684 bytes} [Tue Jul 21 07:54:48 2026] GET /v3/f6494209e7ae4f57a2fb1e553d33e2ef/volumes/detail?all_tenants=true => generated 1976 bytes in 31 msecs (HTTP/1.1 200) 7 headers in 286 bytes (1 switches on core 0)
2026-07-21 07:54:48.771 7 INFO cinder.api.openstack.wsgi [None req-95a78b7c-2ca5-4d89-942a-f3b010be4d90 bec407fa8ab74de59b1d5ca7004baf48 f6494209e7ae4f57a2fb1e553d33e2ef - - default default] GET http://cinder-api.openstack.svc.cluster.local:8776/v3/f6494209e7ae4f57a2fb1e553d33e2ef/os-quota-sets/0f259a889bdf485993f6a9818da03378?usage=true
2026-07-21 07:54:48.800 7 INFO cinder.api.openstack.wsgi [None req-95a78b7c-2ca5-4d89-942a-f3b010be4d90 bec407fa8ab74de59b1d5ca7004baf48 f6494209e7ae4f57a2fb1e553d33e2ef - - default default] http://cinder-api.openstack.svc.cluster.local:8776/v3/f6494209e7ae4f57a2fb1e553d33e2ef/os-quota-sets/0f259a889bdf485993f6a9818da03378?usage=true returned with HTTP 200 [pid: 7|app: 0|req: 497/980] 10.0.0.243 () {28 vars in 736 bytes} [Tue Jul 21 07:54:48 2026] GET /v3/f6494209e7ae4f57a2fb1e553d33e2ef/os-quota-sets/0f259a889bdf485993f6a9818da03378?usage=true => generated 847 bytes in 37 msecs (HTTP/1.1 200) 7 headers in 285 bytes (1 switches on core 0) /var/lib/openstack/lib/python3.10/site-packages/pycadf/identifier.py:71: UserWarning: Invalid uuid: cinderv3. To ensure interoperability, identifiers should be a valid uuid. warnings.warn(('Invalid uuid: %s. To ensure interoperability, '
2026-07-21 07:54:48.818 8 INFO cinder.api.openstack.wsgi [None req-e99c3015-482f-4d1e-bb5f-17af8b6e3b40 bec407fa8ab74de59b1d5ca7004baf48 f6494209e7ae4f57a2fb1e553d33e2ef - - default default] GET http://cinder-api.openstack.svc.cluster.local:8776/v3/f6494209e7ae4f57a2fb1e553d33e2ef/os-quota-sets/3a4d4ec273664871be5650bdb1f80628?usage=true
2026-07-21 07:54:48.841 8 INFO cinder.api.openstack.wsgi [None req-e99c3015-482f-4d1e-bb5f-17af8b6e3b40 bec407fa8ab74de59b1d5ca7004baf48 f6494209e7ae4f57a2fb1e553d33e2ef - - default default] http://cinder-api.openstack.svc.cluster.local:8776/v3/f6494209e7ae4f57a2fb1e553d33e2ef/os-quota-sets/3a4d4ec273664871be5650bdb1f80628?usage=true returned with HTTP 200 [pid: 8|app: 0|req: 484/981] 10.0.0.243 () {28 vars in 736 bytes} [Tue Jul 21 07:54:48 2026] GET /v3/f6494209e7ae4f57a2fb1e553d33e2ef/os-quota-sets/3a4d4ec273664871be5650bdb1f80628?usage=true => generated 847 bytes in 35 msecs (HTTP/1.1 200) 7 headers in 285 bytes (1 switches on core 0)
2026-07-21 07:54:48.855 7 INFO cinder.api.openstack.wsgi [None req-6f822c21-186c-4c8f-9e8c-31700fcacfb7 bec407fa8ab74de59b1d5ca7004baf48 f6494209e7ae4f57a2fb1e553d33e2ef - - default default] GET http://cinder-api.openstack.svc.cluster.local:8776/v3/f6494209e7ae4f57a2fb1e553d33e2ef/os-quota-sets/3da7fc12a14c413a850f56c5a3f663f3?usage=true
2026-07-21 07:54:48.881 7 INFO cinder.api.openstack.wsgi [None req-6f822c21-186c-4c8f-9e8c-31700fcacfb7 bec407fa8ab74de59b1d5ca7004baf48 f6494209e7ae4f57a2fb1e553d33e2ef - - default default] http://cinder-api.openstack.svc.cluster.local:8776/v3/f6494209e7ae4f57a2fb1e553d33e2ef/os-quota-sets/3da7fc12a14c413a850f56c5a3f663f3?usage=true returned with HTTP 200 [pid: 7|app: 0|req: 498/982] 10.0.0.243 () {28 vars in 736 bytes} [Tue Jul 21 07:54:48 2026] GET /v3/f6494209e7ae4f57a2fb1e553d33e2ef/os-quota-sets/3da7fc12a14c413a850f56c5a3f663f3?usage=true => generated 847 bytes in 37 msecs (HTTP/1.1 200) 7 headers in 285 bytes (1 switches on core 0)
2026-07-21 07:54:48.897 8 INFO cinder.api.openstack.wsgi [None req-5e49f7fd-ff41-46c4-9a2c-54a758f600ba bec407fa8ab74de59b1d5ca7004baf48 f6494209e7ae4f57a2fb1e553d33e2ef - - default default] GET http://cinder-api.openstack.svc.cluster.local:8776/v3/f6494209e7ae4f57a2fb1e553d33e2ef/os-quota-sets/4ed97dcc2c454f38ae7c25241dce346f?usage=true
2026-07-21 07:54:48.923 8 INFO cinder.api.openstack.wsgi [None req-5e49f7fd-ff41-46c4-9a2c-54a758f600ba bec407fa8ab74de59b1d5ca7004baf48 f6494209e7ae4f57a2fb1e553d33e2ef - - default default] http://cinder-api.openstack.svc.cluster.local:8776/v3/f6494209e7ae4f57a2fb1e553d33e2ef/os-quota-sets/4ed97dcc2c454f38ae7c25241dce346f?usage=true returned with HTTP 200 [pid: 8|app: 0|req: 485/983] 10.0.0.243 () {28 vars in 736 bytes} [Tue Jul 21 07:54:48 2026] GET /v3/f6494209e7ae4f57a2fb1e553d33e2ef/os-quota-sets/4ed97dcc2c454f38ae7c25241dce346f?usage=true => generated 847 bytes in 39 msecs (HTTP/1.1 200) 7 headers in 285 bytes (1 switches on core 0)
2026-07-21 07:54:48.937 7 INFO cinder.api.openstack.wsgi [None req-dd4f83e5-3704-4292-9b4f-c0981b321d77 bec407fa8ab74de59b1d5ca7004baf48 f6494209e7ae4f57a2fb1e553d33e2ef - - default default] GET http://cinder-api.openstack.svc.cluster.local:8776/v3/f6494209e7ae4f57a2fb1e553d33e2ef/os-quota-sets/5d76837c0d424d2daaab0df28cf3774f?usage=true
2026-07-21 07:54:48.963 7 INFO cinder.api.openstack.wsgi [None req-dd4f83e5-3704-4292-9b4f-c0981b321d77 bec407fa8ab74de59b1d5ca7004baf48 f6494209e7ae4f57a2fb1e553d33e2ef - - default default] http://cinder-api.openstack.svc.cluster.local:8776/v3/f6494209e7ae4f57a2fb1e553d33e2ef/os-quota-sets/5d76837c0d424d2daaab0df28cf3774f?usage=true returned with HTTP 200 [pid: 7|app: 0|req: 499/984] 10.0.0.243 () {28 vars in 736 bytes} [Tue Jul 21 07:54:48 2026] GET /v3/f6494209e7ae4f57a2fb1e553d33e2ef/os-quota-sets/5d76837c0d424d2daaab0df28cf3774f?usage=true => generated 847 bytes in 36 msecs (HTTP/1.1 200) 7 headers in 285 bytes (1 switches on core 0)
2026-07-21 07:54:48.975 8 INFO cinder.api.openstack.wsgi [None req-99a1d172-cb9b-4714-9cce-15fc75310e26 bec407fa8ab74de59b1d5ca7004baf48 f6494209e7ae4f57a2fb1e553d33e2ef - - default default] GET http://cinder-api.openstack.svc.cluster.local:8776/v3/f6494209e7ae4f57a2fb1e553d33e2ef/os-quota-sets/680b3d1ec8c24b4eb6d723c8b6d6f2c7?usage=true
2026-07-21 07:54:49.006 8 INFO cinder.api.openstack.wsgi [None req-99a1d172-cb9b-4714-9cce-15fc75310e26 bec407fa8ab74de59b1d5ca7004baf48 f6494209e7ae4f57a2fb1e553d33e2ef - - default default] http://cinder-api.openstack.svc.cluster.local:8776/v3/f6494209e7ae4f57a2fb1e553d33e2ef/os-quota-sets/680b3d1ec8c24b4eb6d723c8b6d6f2c7?usage=true returned with HTTP 200 [pid: 8|app: 0|req: 486/985] 10.0.0.243 () {28 vars in 736 bytes} [Tue Jul 21 07:54:48 2026] GET /v3/f6494209e7ae4f57a2fb1e553d33e2ef/os-quota-sets/680b3d1ec8c24b4eb6d723c8b6d6f2c7?usage=true => generated 847 bytes in 43 msecs (HTTP/1.1 200) 7 headers in 285 bytes (1 switches on core 0)
2026-07-21 07:54:49.024 7 INFO cinder.api.openstack.wsgi [None req-b2ccfe6b-0192-47d5-8912-02626af9386c bec407fa8ab74de59b1d5ca7004baf48 f6494209e7ae4f57a2fb1e553d33e2ef - - default default] GET http://cinder-api.openstack.svc.cluster.local:8776/v3/f6494209e7ae4f57a2fb1e553d33e2ef/os-quota-sets/ad72c114b7234cb4af606a69cc8977b8?usage=true
2026-07-21 07:54:49.045 7 INFO cinder.api.openstack.wsgi [None req-b2ccfe6b-0192-47d5-8912-02626af9386c bec407fa8ab74de59b1d5ca7004baf48 f6494209e7ae4f57a2fb1e553d33e2ef - - default default] http://cinder-api.openstack.svc.cluster.local:8776/v3/f6494209e7ae4f57a2fb1e553d33e2ef/os-quota-sets/ad72c114b7234cb4af606a69cc8977b8?usage=true returned with HTTP 200 [pid: 7|app: 0|req: 500/986] 10.0.0.243 () {28 vars in 736 bytes} [Tue Jul 21 07:54:49 2026] GET /v3/f6494209e7ae4f57a2fb1e553d33e2ef/os-quota-sets/ad72c114b7234cb4af606a69cc8977b8?usage=true => generated 847 bytes in 30 msecs (HTTP/1.1 200) 7 headers in 285 bytes (1 switches on core 0)
2026-07-21 07:54:49.055 8 INFO cinder.api.openstack.wsgi [None req-56e28b28-6f75-460e-bc9e-6de29eeab3dd bec407fa8ab74de59b1d5ca7004baf48 f6494209e7ae4f57a2fb1e553d33e2ef - - default default] GET http://cinder-api.openstack.svc.cluster.local:8776/v3/f6494209e7ae4f57a2fb1e553d33e2ef/os-quota-sets/bd45858e96a74255b0f0bfd95803ebd6?usage=true
2026-07-21 07:54:49.090 8 INFO cinder.api.openstack.wsgi [None req-56e28b28-6f75-460e-bc9e-6de29eeab3dd bec407fa8ab74de59b1d5ca7004baf48 f6494209e7ae4f57a2fb1e553d33e2ef - - default default] http://cinder-api.openstack.svc.cluster.local:8776/v3/f6494209e7ae4f57a2fb1e553d33e2ef/os-quota-sets/bd45858e96a74255b0f0bfd95803ebd6?usage=true returned with HTTP 200 [pid: 8|app: 0|req: 487/987] 10.0.0.243 () {28 vars in 736 bytes} [Tue Jul 21 07:54:49 2026] GET /v3/f6494209e7ae4f57a2fb1e553d33e2ef/os-quota-sets/bd45858e96a74255b0f0bfd95803ebd6?usage=true => generated 847 bytes in 42 msecs (HTTP/1.1 200) 7 headers in 285 bytes (1 switches on core 0)
2026-07-21 07:54:49.108 7 INFO cinder.api.openstack.wsgi [None req-7b6a3e7b-fc13-4470-8cba-5c701aff1fcd bec407fa8ab74de59b1d5ca7004baf48 f6494209e7ae4f57a2fb1e553d33e2ef - - default default] GET http://cinder-api.openstack.svc.cluster.local:8776/v3/f6494209e7ae4f57a2fb1e553d33e2ef/os-quota-sets/c0bd25c3965647a2a82b2e42db2e9b2f?usage=true
2026-07-21 07:54:49.139 7 INFO cinder.api.openstack.wsgi [None req-7b6a3e7b-fc13-4470-8cba-5c701aff1fcd bec407fa8ab74de59b1d5ca7004baf48 f6494209e7ae4f57a2fb1e553d33e2ef - - default default] http://cinder-api.openstack.svc.cluster.local:8776/v3/f6494209e7ae4f57a2fb1e553d33e2ef/os-quota-sets/c0bd25c3965647a2a82b2e42db2e9b2f?usage=true returned with HTTP 200 [pid: 7|app: 0|req: 501/988] 10.0.0.243 () {28 vars in 736 bytes} [Tue Jul 21 07:54:49 2026] GET /v3/f6494209e7ae4f57a2fb1e553d33e2ef/os-quota-sets/c0bd25c3965647a2a82b2e42db2e9b2f?usage=true => generated 845 bytes in 43 msecs (HTTP/1.1 200) 7 headers in 285 bytes (1 switches on core 0)
2026-07-21 07:54:49.152 8 INFO cinder.api.openstack.wsgi [None req-e28b3051-434b-4272-bbde-708d1101903e bec407fa8ab74de59b1d5ca7004baf48 f6494209e7ae4f57a2fb1e553d33e2ef - - default default] GET http://cinder-api.openstack.svc.cluster.local:8776/v3/f6494209e7ae4f57a2fb1e553d33e2ef/os-quota-sets/d34fb167f4084cba9bb19c51b0e5df3d?usage=true
2026-07-21 07:54:49.175 8 INFO cinder.api.openstack.wsgi [None req-e28b3051-434b-4272-bbde-708d1101903e bec407fa8ab74de59b1d5ca7004baf48 f6494209e7ae4f57a2fb1e553d33e2ef - - default default] http://cinder-api.openstack.svc.cluster.local:8776/v3/f6494209e7ae4f57a2fb1e553d33e2ef/os-quota-sets/d34fb167f4084cba9bb19c51b0e5df3d?usage=true returned with HTTP 200 [pid: 8|app: 0|req: 488/989] 10.0.0.243 () {28 vars in 736 bytes} [Tue Jul 21 07:54:49 2026] GET /v3/f6494209e7ae4f57a2fb1e553d33e2ef/os-quota-sets/d34fb167f4084cba9bb19c51b0e5df3d?usage=true => generated 847 bytes in 32 msecs (HTTP/1.1 200) 7 headers in 285 bytes (1 switches on core 0)
2026-07-21 07:54:49.188 7 INFO cinder.api.openstack.wsgi [None req-fcb0fdee-971c-4972-8199-4ee2217cdc04 bec407fa8ab74de59b1d5ca7004baf48 f6494209e7ae4f57a2fb1e553d33e2ef - - default default] GET http://cinder-api.openstack.svc.cluster.local:8776/v3/f6494209e7ae4f57a2fb1e553d33e2ef/os-quota-sets/f6494209e7ae4f57a2fb1e553d33e2ef?usage=true
2026-07-21 07:54:49.221 7 INFO cinder.api.openstack.wsgi [None req-fcb0fdee-971c-4972-8199-4ee2217cdc04 bec407fa8ab74de59b1d5ca7004baf48 f6494209e7ae4f57a2fb1e553d33e2ef - - default default] http://cinder-api.openstack.svc.cluster.local:8776/v3/f6494209e7ae4f57a2fb1e553d33e2ef/os-quota-sets/f6494209e7ae4f57a2fb1e553d33e2ef?usage=true returned with HTTP 200 [pid: 7|app: 0|req: 502/990] 10.0.0.243 () {28 vars in 736 bytes} [Tue Jul 21 07:54:49 2026] GET /v3/f6494209e7ae4f57a2fb1e553d33e2ef/os-quota-sets/f6494209e7ae4f57a2fb1e553d33e2ef?usage=true => generated 847 bytes in 41 msecs (HTTP/1.1 200) 7 headers in 285 bytes (1 switches on core 0)
2026-07-21 07:54:49.232 8 INFO cinder.api.openstack.wsgi [None req-0d232818-3c47-46b3-b991-842afd4cc28b bec407fa8ab74de59b1d5ca7004baf48 f6494209e7ae4f57a2fb1e553d33e2ef - - default default] GET http://cinder-api.openstack.svc.cluster.local:8776/v3/f6494209e7ae4f57a2fb1e553d33e2ef/volumes/detail?all_tenants=true
2026-07-21 07:54:49.248 8 INFO cinder.volume.api [None req-0d232818-3c47-46b3-b991-842afd4cc28b bec407fa8ab74de59b1d5ca7004baf48 f6494209e7ae4f57a2fb1e553d33e2ef - - default default] Get all volumes completed successfully. /var/lib/openstack/lib/python3.10/site-packages/oslo_context/context.py:100: DeprecationWarning: Policy enforcement is depending on the value of is_admin. This key is deprecated. Please update your policy file to use the standard policy values. warnings.warn('Policy enforcement is depending on the value of '
2026-07-21 07:54:49.263 8 INFO cinder.api.openstack.wsgi [None req-0d232818-3c47-46b3-b991-842afd4cc28b bec407fa8ab74de59b1d5ca7004baf48 f6494209e7ae4f57a2fb1e553d33e2ef - - default default] http://cinder-api.openstack.svc.cluster.local:8776/v3/f6494209e7ae4f57a2fb1e553d33e2ef/volumes/detail?all_tenants=true returned with HTTP 200 [pid: 8|app: 0|req: 489/991] 10.0.0.243 () {28 vars in 684 bytes} [Tue Jul 21 07:54:49 2026] GET /v3/f6494209e7ae4f57a2fb1e553d33e2ef/volumes/detail?all_tenants=true => generated 1976 bytes in 40 msecs (HTTP/1.1 200) 7 headers in 286 bytes (1 switches on core 0)
2026-07-21 07:54:53.712 8 INFO cinder.api.openstack.wsgi [None req-0d232818-3c47-46b3-b991-842afd4cc28b bec407fa8ab74de59b1d5ca7004baf48 f6494209e7ae4f57a2fb1e553d33e2ef - - default default] GET http://10.0.0.68:8776/
2026-07-21 07:54:53.712 7 INFO cinder.api.openstack.wsgi [None req-fcb0fdee-971c-4972-8199-4ee2217cdc04 bec407fa8ab74de59b1d5ca7004baf48 f6494209e7ae4f57a2fb1e553d33e2ef - - default default] GET http://10.0.0.68:8776/
2026-07-21 07:54:53.713 8 INFO cinder.api.openstack.wsgi [None req-0d232818-3c47-46b3-b991-842afd4cc28b bec407fa8ab74de59b1d5ca7004baf48 f6494209e7ae4f57a2fb1e553d33e2ef - - default default] http://10.0.0.68:8776/ returned with HTTP 300
2026-07-21 07:54:53.714 7 INFO cinder.api.openstack.wsgi [None req-fcb0fdee-971c-4972-8199-4ee2217cdc04 bec407fa8ab74de59b1d5ca7004baf48 f6494209e7ae4f57a2fb1e553d33e2ef - - default default] http://10.0.0.68:8776/ returned with HTTP 300
2026-07-21 07:55:03.713 7 INFO cinder.api.openstack.wsgi [None req-fcb0fdee-971c-4972-8199-4ee2217cdc04 bec407fa8ab74de59b1d5ca7004baf48 f6494209e7ae4f57a2fb1e553d33e2ef - - default default] GET http://10.0.0.68:8776/
2026-07-21 07:55:03.713 8 INFO cinder.api.openstack.wsgi [None req-0d232818-3c47-46b3-b991-842afd4cc28b bec407fa8ab74de59b1d5ca7004baf48 f6494209e7ae4f57a2fb1e553d33e2ef - - default default] GET http://10.0.0.68:8776/
2026-07-21 07:55:03.715 7 INFO cinder.api.openstack.wsgi [None req-fcb0fdee-971c-4972-8199-4ee2217cdc04 bec407fa8ab74de59b1d5ca7004baf48 f6494209e7ae4f57a2fb1e553d33e2ef - - default default] http://10.0.0.68:8776/ returned with HTTP 300
2026-07-21 07:55:03.715 8 INFO cinder.api.openstack.wsgi [None req-0d232818-3c47-46b3-b991-842afd4cc28b bec407fa8ab74de59b1d5ca7004baf48 f6494209e7ae4f57a2fb1e553d33e2ef - - default default] http://10.0.0.68:8776/ returned with HTTP 300
2026-07-21 07:55:13.713 8 INFO cinder.api.openstack.wsgi [None req-0d232818-3c47-46b3-b991-842afd4cc28b bec407fa8ab74de59b1d5ca7004baf48 f6494209e7ae4f57a2fb1e553d33e2ef - - default default] GET http://10.0.0.68:8776/
2026-07-21 07:55:13.713 7 INFO cinder.api.openstack.wsgi [None req-fcb0fdee-971c-4972-8199-4ee2217cdc04 bec407fa8ab74de59b1d5ca7004baf48 f6494209e7ae4f57a2fb1e553d33e2ef - - default default] GET http://10.0.0.68:8776/
2026-07-21 07:55:13.714 8 INFO cinder.api.openstack.wsgi [None req-0d232818-3c47-46b3-b991-842afd4cc28b bec407fa8ab74de59b1d5ca7004baf48 f6494209e7ae4f57a2fb1e553d33e2ef - - default default] http://10.0.0.68:8776/ returned with HTTP 300
2026-07-21 07:55:13.714 7 INFO cinder.api.openstack.wsgi [None req-fcb0fdee-971c-4972-8199-4ee2217cdc04 bec407fa8ab74de59b1d5ca7004baf48 f6494209e7ae4f57a2fb1e553d33e2ef - - default default] http://10.0.0.68:8776/ returned with HTTP 300
2026-07-21 07:55:23.713 7 INFO cinder.api.openstack.wsgi [None req-fcb0fdee-971c-4972-8199-4ee2217cdc04 bec407fa8ab74de59b1d5ca7004baf48 f6494209e7ae4f57a2fb1e553d33e2ef - - default default] GET http://10.0.0.68:8776/
2026-07-21 07:55:23.714 8 INFO cinder.api.openstack.wsgi [None req-0d232818-3c47-46b3-b991-842afd4cc28b bec407fa8ab74de59b1d5ca7004baf48 f6494209e7ae4f57a2fb1e553d33e2ef - - default default] GET http://10.0.0.68:8776/
2026-07-21 07:55:23.715 7 INFO cinder.api.openstack.wsgi [None req-fcb0fdee-971c-4972-8199-4ee2217cdc04 bec407fa8ab74de59b1d5ca7004baf48 f6494209e7ae4f57a2fb1e553d33e2ef - - default default] http://10.0.0.68:8776/ returned with HTTP 300
2026-07-21 07:55:23.716 8 INFO cinder.api.openstack.wsgi [None req-0d232818-3c47-46b3-b991-842afd4cc28b bec407fa8ab74de59b1d5ca7004baf48 f6494209e7ae4f57a2fb1e553d33e2ef - - default default] http://10.0.0.68:8776/ returned with HTTP 300
2026-07-21 07:55:33.712 7 INFO cinder.api.openstack.wsgi [None req-fcb0fdee-971c-4972-8199-4ee2217cdc04 bec407fa8ab74de59b1d5ca7004baf48 f6494209e7ae4f57a2fb1e553d33e2ef - - default default] GET http://10.0.0.68:8776/
2026-07-21 07:55:33.712 8 INFO cinder.api.openstack.wsgi [None req-0d232818-3c47-46b3-b991-842afd4cc28b bec407fa8ab74de59b1d5ca7004baf48 f6494209e7ae4f57a2fb1e553d33e2ef - - default default] GET http://10.0.0.68:8776/
2026-07-21 07:55:33.713 7 INFO cinder.api.openstack.wsgi [None req-fcb0fdee-971c-4972-8199-4ee2217cdc04 bec407fa8ab74de59b1d5ca7004baf48 f6494209e7ae4f57a2fb1e553d33e2ef - - default default] http://10.0.0.68:8776/ returned with HTTP 300
2026-07-21 07:55:33.713 8 INFO cinder.api.openstack.wsgi [None req-0d232818-3c47-46b3-b991-842afd4cc28b bec407fa8ab74de59b1d5ca7004baf48 f6494209e7ae4f57a2fb1e553d33e2ef - - default default] http://10.0.0.68:8776/ returned with HTTP 300
2026-07-21 07:55:43.713 8 INFO cinder.api.openstack.wsgi [None req-0d232818-3c47-46b3-b991-842afd4cc28b bec407fa8ab74de59b1d5ca7004baf48 f6494209e7ae4f57a2fb1e553d33e2ef - - default default] GET http://10.0.0.68:8776/
2026-07-21 07:55:43.713 7 INFO cinder.api.openstack.wsgi [None req-fcb0fdee-971c-4972-8199-4ee2217cdc04 bec407fa8ab74de59b1d5ca7004baf48 f6494209e7ae4f57a2fb1e553d33e2ef - - default default] GET http://10.0.0.68:8776/
2026-07-21 07:55:43.714 8 INFO cinder.api.openstack.wsgi [None req-0d232818-3c47-46b3-b991-842afd4cc28b bec407fa8ab74de59b1d5ca7004baf48 f6494209e7ae4f57a2fb1e553d33e2ef - - default default] http://10.0.0.68:8776/ returned with HTTP 300
2026-07-21 07:55:43.714 7 INFO cinder.api.openstack.wsgi [None req-fcb0fdee-971c-4972-8199-4ee2217cdc04 bec407fa8ab74de59b1d5ca7004baf48 f6494209e7ae4f57a2fb1e553d33e2ef - - default default] http://10.0.0.68:8776/ returned with HTTP 300 /var/lib/openstack/lib/python3.10/site-packages/pycadf/identifier.py:71: UserWarning: Invalid uuid: cinderv3. To ensure interoperability, identifiers should be a valid uuid. warnings.warn(('Invalid uuid: %s. To ensure interoperability, '
2026-07-21 07:55:48.643 8 INFO cinder.api.openstack.wsgi [None req-e10bf8e3-0764-4ae1-b61e-2c9f7d4ac869 bec407fa8ab74de59b1d5ca7004baf48 f6494209e7ae4f57a2fb1e553d33e2ef - - default default] GET http://cinder-api.openstack.svc.cluster.local:8776/v3/f6494209e7ae4f57a2fb1e553d33e2ef/os-services
2026-07-21 07:55:48.652 8 INFO cinder.api.openstack.wsgi [None req-e10bf8e3-0764-4ae1-b61e-2c9f7d4ac869 bec407fa8ab74de59b1d5ca7004baf48 f6494209e7ae4f57a2fb1e553d33e2ef - - default default] http://cinder-api.openstack.svc.cluster.local:8776/v3/f6494209e7ae4f57a2fb1e553d33e2ef/os-services returned with HTTP 200 [pid: 8|app: 0|req: 496/1004] 10.0.0.243 () {28 vars in 645 bytes} [Tue Jul 21 07:55:48 2026] GET /v3/f6494209e7ae4f57a2fb1e553d33e2ef/os-services => generated 646 bytes in 55 msecs (HTTP/1.1 200) 7 headers in 285 bytes (1 switches on core 0)
2026-07-21 07:55:48.666 7 INFO cinder.api.openstack.wsgi [None req-18d2ec89-496e-4157-83fe-f1e431d58d29 bec407fa8ab74de59b1d5ca7004baf48 f6494209e7ae4f57a2fb1e553d33e2ef - - default default] GET http://cinder-api.openstack.svc.cluster.local:8776/v3/f6494209e7ae4f57a2fb1e553d33e2ef/volumes/detail?all_tenants=true
2026-07-21 07:55:48.679 7 INFO cinder.volume.api [None req-18d2ec89-496e-4157-83fe-f1e431d58d29 bec407fa8ab74de59b1d5ca7004baf48 f6494209e7ae4f57a2fb1e553d33e2ef - - default default] Get all volumes completed successfully. /var/lib/openstack/lib/python3.10/site-packages/oslo_context/context.py:100: DeprecationWarning: Policy enforcement is depending on the value of is_admin. This key is deprecated. Please update your policy file to use the standard policy values. warnings.warn('Policy enforcement is depending on the value of '
2026-07-21 07:55:48.687 7 INFO cinder.api.openstack.wsgi [None req-18d2ec89-496e-4157-83fe-f1e431d58d29 bec407fa8ab74de59b1d5ca7004baf48 f6494209e7ae4f57a2fb1e553d33e2ef - - default default] http://cinder-api.openstack.svc.cluster.local:8776/v3/f6494209e7ae4f57a2fb1e553d33e2ef/volumes/detail?all_tenants=true returned with HTTP 200 [pid: 7|app: 0|req: 509/1005] 10.0.0.243 () {28 vars in 684 bytes} [Tue Jul 21 07:55:48 2026] GET /v3/f6494209e7ae4f57a2fb1e553d33e2ef/volumes/detail?all_tenants=true => generated 1976 bytes in 30 msecs (HTTP/1.1 200) 7 headers in 286 bytes (1 switches on core 0)
2026-07-21 07:55:48.701 8 INFO cinder.api.openstack.wsgi [None req-b41bb4ec-1a99-4ae2-a744-c26dba010a19 bec407fa8ab74de59b1d5ca7004baf48 f6494209e7ae4f57a2fb1e553d33e2ef - - default default] GET http://cinder-api.openstack.svc.cluster.local:8776/v3/f6494209e7ae4f57a2fb1e553d33e2ef/scheduler-stats/get_pools?detail=true
2026-07-21 07:55:48.717 8 INFO cinder.api.openstack.wsgi [None req-b41bb4ec-1a99-4ae2-a744-c26dba010a19 bec407fa8ab74de59b1d5ca7004baf48 f6494209e7ae4f57a2fb1e553d33e2ef - - default default] http://cinder-api.openstack.svc.cluster.local:8776/v3/f6494209e7ae4f57a2fb1e553d33e2ef/scheduler-stats/get_pools?detail=true returned with HTTP 200 [pid: 8|app: 0|req: 497/1006] 10.0.0.243 () {28 vars in 696 bytes} [Tue Jul 21 07:55:48 2026] GET /v3/f6494209e7ae4f57a2fb1e553d33e2ef/scheduler-stats/get_pools?detail=true => generated 670 bytes in 26 msecs (HTTP/1.1 200) 7 headers in 285 bytes (1 switches on core 0) /var/lib/openstack/lib/python3.10/site-packages/pycadf/identifier.py:71: UserWarning: Invalid uuid: cinderv3. To ensure interoperability, identifiers should be a valid uuid. warnings.warn(('Invalid uuid: %s. To ensure interoperability, '
2026-07-21 07:55:48.799 7 INFO cinder.api.openstack.wsgi [None req-bc293bcc-f05d-49e0-8a48-b45fa6d9b936 bec407fa8ab74de59b1d5ca7004baf48 f6494209e7ae4f57a2fb1e553d33e2ef - - default default] GET http://cinder-api.openstack.svc.cluster.local:8776/v3/f6494209e7ae4f57a2fb1e553d33e2ef/os-quota-sets/0f259a889bdf485993f6a9818da03378?usage=true
2026-07-21 07:55:48.837 7 INFO cinder.api.openstack.wsgi [None req-bc293bcc-f05d-49e0-8a48-b45fa6d9b936 bec407fa8ab74de59b1d5ca7004baf48 f6494209e7ae4f57a2fb1e553d33e2ef - - default default] http://cinder-api.openstack.svc.cluster.local:8776/v3/f6494209e7ae4f57a2fb1e553d33e2ef/os-quota-sets/0f259a889bdf485993f6a9818da03378?usage=true returned with HTTP 200 [pid: 7|app: 0|req: 510/1007] 10.0.0.243 () {28 vars in 736 bytes} [Tue Jul 21 07:55:48 2026] GET /v3/f6494209e7ae4f57a2fb1e553d33e2ef/os-quota-sets/0f259a889bdf485993f6a9818da03378?usage=true => generated 847 bytes in 50 msecs (HTTP/1.1 200) 7 headers in 285 bytes (1 switches on core 0)
2026-07-21 07:55:48.853 8 INFO cinder.api.openstack.wsgi [None req-80cd6867-a4cf-480e-b22a-c489081d2327 bec407fa8ab74de59b1d5ca7004baf48 f6494209e7ae4f57a2fb1e553d33e2ef - - default default] GET http://cinder-api.openstack.svc.cluster.local:8776/v3/f6494209e7ae4f57a2fb1e553d33e2ef/os-quota-sets/3a4d4ec273664871be5650bdb1f80628?usage=true
2026-07-21 07:55:48.874 8 INFO cinder.api.openstack.wsgi [None req-80cd6867-a4cf-480e-b22a-c489081d2327 bec407fa8ab74de59b1d5ca7004baf48 f6494209e7ae4f57a2fb1e553d33e2ef - - default default] http://cinder-api.openstack.svc.cluster.local:8776/v3/f6494209e7ae4f57a2fb1e553d33e2ef/os-quota-sets/3a4d4ec273664871be5650bdb1f80628?usage=true returned with HTTP 200 [pid: 8|app: 0|req: 498/1008] 10.0.0.243 () {28 vars in 736 bytes} [Tue Jul 21 07:55:48 2026] GET /v3/f6494209e7ae4f57a2fb1e553d33e2ef/os-quota-sets/3a4d4ec273664871be5650bdb1f80628?usage=true => generated 847 bytes in 31 msecs (HTTP/1.1 200) 7 headers in 285 bytes (1 switches on core 0)
2026-07-21 07:55:48.886 7 INFO cinder.api.openstack.wsgi [None req-d116d351-5e8d-498c-bfb0-5d7d947cb75f bec407fa8ab74de59b1d5ca7004baf48 f6494209e7ae4f57a2fb1e553d33e2ef - - default default] GET http://cinder-api.openstack.svc.cluster.local:8776/v3/f6494209e7ae4f57a2fb1e553d33e2ef/os-quota-sets/3da7fc12a14c413a850f56c5a3f663f3?usage=true
2026-07-21 07:55:48.913 7 INFO cinder.api.openstack.wsgi [None req-d116d351-5e8d-498c-bfb0-5d7d947cb75f bec407fa8ab74de59b1d5ca7004baf48 f6494209e7ae4f57a2fb1e553d33e2ef - - default default] http://cinder-api.openstack.svc.cluster.local:8776/v3/f6494209e7ae4f57a2fb1e553d33e2ef/os-quota-sets/3da7fc12a14c413a850f56c5a3f663f3?usage=true returned with HTTP 200 [pid: 7|app: 0|req: 511/1009] 10.0.0.243 () {28 vars in 736 bytes} [Tue Jul 21 07:55:48 2026] GET /v3/f6494209e7ae4f57a2fb1e553d33e2ef/os-quota-sets/3da7fc12a14c413a850f56c5a3f663f3?usage=true => generated 847 bytes in 34 msecs (HTTP/1.1 200) 7 headers in 285 bytes (1 switches on core 0)
2026-07-21 07:55:48.927 8 INFO cinder.api.openstack.wsgi [None req-9da9fe28-1f2c-444b-b05f-eca82b4cec18 bec407fa8ab74de59b1d5ca7004baf48 f6494209e7ae4f57a2fb1e553d33e2ef - - default default] GET http://cinder-api.openstack.svc.cluster.local:8776/v3/f6494209e7ae4f57a2fb1e553d33e2ef/os-quota-sets/4ed97dcc2c454f38ae7c25241dce346f?usage=true
2026-07-21 07:55:48.952 8 INFO cinder.api.openstack.wsgi [None req-9da9fe28-1f2c-444b-b05f-eca82b4cec18 bec407fa8ab74de59b1d5ca7004baf48 f6494209e7ae4f57a2fb1e553d33e2ef - - default default] http://cinder-api.openstack.svc.cluster.local:8776/v3/f6494209e7ae4f57a2fb1e553d33e2ef/os-quota-sets/4ed97dcc2c454f38ae7c25241dce346f?usage=true returned with HTTP 200 [pid: 8|app: 0|req: 499/1010] 10.0.0.243 () {28 vars in 736 bytes} [Tue Jul 21 07:55:48 2026] GET /v3/f6494209e7ae4f57a2fb1e553d33e2ef/os-quota-sets/4ed97dcc2c454f38ae7c25241dce346f?usage=true => generated 847 bytes in 34 msecs (HTTP/1.1 200) 7 headers in 285 bytes (1 switches on core 0)
2026-07-21 07:55:48.962 7 INFO cinder.api.openstack.wsgi [None req-16828ef5-4ed6-4814-8000-d3757454fcb5 bec407fa8ab74de59b1d5ca7004baf48 f6494209e7ae4f57a2fb1e553d33e2ef - - default default] GET http://cinder-api.openstack.svc.cluster.local:8776/v3/f6494209e7ae4f57a2fb1e553d33e2ef/os-quota-sets/5d76837c0d424d2daaab0df28cf3774f?usage=true
