2026-07-14 18:56:32.228 7 INFO cinder.api.openstack.wsgi [None req-8a3c6caa-6549-4fc8-a9d0-7bf88027388f 80df0658e73843b4824d96fb851bee17 3d6cf8993f3947ab855c2c44d94bb189 - - default default] http://cinder-api.openstack.svc.cluster.local:8776/v3/3d6cf8993f3947ab855c2c44d94bb189/volumes/d35715c3-473f-4071-9072-abe0c5531e5f returned with HTTP 200 [pid: 7|app: 0|req: 454/916] 10.0.0.110 () {32 vars in 775 bytes} [Tue Jul 14 18:56:32 2026] GET /v3/3d6cf8993f3947ab855c2c44d94bb189/volumes/d35715c3-473f-4071-9072-abe0c5531e5f => generated 972 bytes in 31 msecs (HTTP/1.1 200) 7 headers in 285 bytes (1 switches on core 0) /var/lib/openstack/lib/python3.10/site-packages/pycadf/identifier.py:71: UserWarning: Invalid uuid: cinderv3. To ensure interoperability, identifiers should be a valid uuid. warnings.warn(('Invalid uuid: %s. To ensure interoperability, '
2026-07-14 18:56:33.253 8 INFO cinder.api.openstack.wsgi [None req-a51e8fc6-1e04-4b5d-9608-4a88767c6d0b 80df0658e73843b4824d96fb851bee17 3d6cf8993f3947ab855c2c44d94bb189 - - default default] GET http://cinder-api.openstack.svc.cluster.local:8776/v3/3d6cf8993f3947ab855c2c44d94bb189/volumes/d35715c3-473f-4071-9072-abe0c5531e5f
2026-07-14 18:56:33.265 8 INFO cinder.api.openstack.wsgi [None req-a51e8fc6-1e04-4b5d-9608-4a88767c6d0b 80df0658e73843b4824d96fb851bee17 3d6cf8993f3947ab855c2c44d94bb189 - - default default] http://cinder-api.openstack.svc.cluster.local:8776/v3/3d6cf8993f3947ab855c2c44d94bb189/volumes/d35715c3-473f-4071-9072-abe0c5531e5f returned with HTTP 404 [pid: 8|app: 0|req: 463/917] 10.0.0.110 () {32 vars in 775 bytes} [Tue Jul 14 18:56:33 2026] GET /v3/3d6cf8993f3947ab855c2c44d94bb189/volumes/d35715c3-473f-4071-9072-abe0c5531e5f => generated 109 bytes in 19 msecs (HTTP/1.1 404) 7 headers in 292 bytes (1 switches on core 0)
2026-07-14 18:56:34.563 8 INFO cinder.api.openstack.wsgi [None req-a51e8fc6-1e04-4b5d-9608-4a88767c6d0b 80df0658e73843b4824d96fb851bee17 3d6cf8993f3947ab855c2c44d94bb189 - - default default] GET http://10.0.0.191:8776/
2026-07-14 18:56:34.564 7 INFO cinder.api.openstack.wsgi [None req-8a3c6caa-6549-4fc8-a9d0-7bf88027388f 80df0658e73843b4824d96fb851bee17 3d6cf8993f3947ab855c2c44d94bb189 - - default default] GET http://10.0.0.191:8776/
2026-07-14 18:56:34.564 8 INFO cinder.api.openstack.wsgi [None req-a51e8fc6-1e04-4b5d-9608-4a88767c6d0b 80df0658e73843b4824d96fb851bee17 3d6cf8993f3947ab855c2c44d94bb189 - - default default] http://10.0.0.191:8776/ returned with HTTP 300
2026-07-14 18:56:34.565 7 INFO cinder.api.openstack.wsgi [None req-8a3c6caa-6549-4fc8-a9d0-7bf88027388f 80df0658e73843b4824d96fb851bee17 3d6cf8993f3947ab855c2c44d94bb189 - - default default] http://10.0.0.191:8776/ returned with HTTP 300
2026-07-14 18:56:41.688 8 INFO cinder.api.openstack.wsgi [None req-a51e8fc6-1e04-4b5d-9608-4a88767c6d0b 80df0658e73843b4824d96fb851bee17 3d6cf8993f3947ab855c2c44d94bb189 - - default default] GET http://cinder-api.openstack.svc.cluster.local:8776/
2026-07-14 18:56:41.688 8 INFO cinder.api.openstack.wsgi [None req-a51e8fc6-1e04-4b5d-9608-4a88767c6d0b 80df0658e73843b4824d96fb851bee17 3d6cf8993f3947ab855c2c44d94bb189 - - default default] http://cinder-api.openstack.svc.cluster.local:8776/ returned with HTTP 300 [pid: 8|app: 0|req: 465/920] 10.0.0.140 () {28 vars in 376 bytes} [Tue Jul 14 18:56:41 2026] GET / => generated 411 bytes in 1 msecs (HTTP/1.1 300) 5 headers in 169 bytes (1 switches on core 0) /var/lib/openstack/lib/python3.10/site-packages/pycadf/identifier.py:71: UserWarning: Invalid uuid: cinderv3. To ensure interoperability, identifiers should be a valid uuid. warnings.warn(('Invalid uuid: %s. To ensure interoperability, '
2026-07-14 18:56:41.708 7 INFO cinder.api.openstack.wsgi [None req-feaa4ea9-144d-450e-bea5-56544c2c9e6d d352f27f45244f0eb5f72e293ec272c9 475ebd843f2847e19810e3ffb159df10 - - default default] GET http://cinder-api.openstack.svc.cluster.local:8776/v3/475ebd843f2847e19810e3ffb159df10/limits?tenant_id=475ebd843f2847e19810e3ffb159df10
2026-07-14 18:56:41.746 7 INFO cinder.api.openstack.wsgi [None req-feaa4ea9-144d-450e-bea5-56544c2c9e6d d352f27f45244f0eb5f72e293ec272c9 475ebd843f2847e19810e3ffb159df10 - - default default] http://cinder-api.openstack.svc.cluster.local:8776/v3/475ebd843f2847e19810e3ffb159df10/limits?tenant_id=475ebd843f2847e19810e3ffb159df10 returned with HTTP 200 [pid: 7|app: 0|req: 456/921] 10.0.0.140 () {34 vars in 879 bytes} [Tue Jul 14 18:56:41 2026] GET /v3/475ebd843f2847e19810e3ffb159df10/limits?tenant_id=475ebd843f2847e19810e3ffb159df10 => generated 302 bytes in 49 msecs (HTTP/1.1 200) 7 headers in 286 bytes (1 switches on core 0)
2026-07-14 18:56:43.764 8 INFO cinder.api.openstack.wsgi [None req-a51e8fc6-1e04-4b5d-9608-4a88767c6d0b 80df0658e73843b4824d96fb851bee17 3d6cf8993f3947ab855c2c44d94bb189 - - default default] GET http://cinder-api.openstack.svc.cluster.local:8776/
2026-07-14 18:56:43.765 8 INFO cinder.api.openstack.wsgi [None req-a51e8fc6-1e04-4b5d-9608-4a88767c6d0b 80df0658e73843b4824d96fb851bee17 3d6cf8993f3947ab855c2c44d94bb189 - - default default] http://cinder-api.openstack.svc.cluster.local:8776/ returned with HTTP 300 [pid: 8|app: 0|req: 466/922] 10.0.0.140 () {28 vars in 376 bytes} [Tue Jul 14 18:56:43 2026] GET / => generated 411 bytes in 2 msecs (HTTP/1.1 300) 5 headers in 169 bytes (1 switches on core 0)
2026-07-14 18:56:43.774 7 INFO cinder.api.openstack.wsgi [None req-feaa4ea9-144d-450e-bea5-56544c2c9e6d d352f27f45244f0eb5f72e293ec272c9 475ebd843f2847e19810e3ffb159df10 - - default default] GET http://cinder-api.openstack.svc.cluster.local:8776/
2026-07-14 18:56:43.775 7 INFO cinder.api.openstack.wsgi [None req-feaa4ea9-144d-450e-bea5-56544c2c9e6d d352f27f45244f0eb5f72e293ec272c9 475ebd843f2847e19810e3ffb159df10 - - default default] http://cinder-api.openstack.svc.cluster.local:8776/ returned with HTTP 300 [pid: 7|app: 0|req: 457/923] 10.0.0.140 () {28 vars in 376 bytes} [Tue Jul 14 18:56:43 2026] GET / => generated 411 bytes in 2 msecs (HTTP/1.1 300) 5 headers in 169 bytes (1 switches on core 0)
2026-07-14 18:56:44.278 8 INFO cinder.api.openstack.wsgi [None req-a51e8fc6-1e04-4b5d-9608-4a88767c6d0b 80df0658e73843b4824d96fb851bee17 3d6cf8993f3947ab855c2c44d94bb189 - - default default] GET http://cinder-api.openstack.svc.cluster.local:8776/
2026-07-14 18:56:44.279 8 INFO cinder.api.openstack.wsgi [None req-a51e8fc6-1e04-4b5d-9608-4a88767c6d0b 80df0658e73843b4824d96fb851bee17 3d6cf8993f3947ab855c2c44d94bb189 - - default default] http://cinder-api.openstack.svc.cluster.local:8776/ returned with HTTP 300 [pid: 8|app: 0|req: 467/924] 10.0.0.140 () {28 vars in 376 bytes} [Tue Jul 14 18:56:44 2026] GET / => generated 411 bytes in 2 msecs (HTTP/1.1 300) 5 headers in 169 bytes (1 switches on core 0)
2026-07-14 18:56:44.293 7 INFO cinder.api.openstack.wsgi [None req-8ed282ea-b471-473b-945d-ea5d6d714cfc d352f27f45244f0eb5f72e293ec272c9 475ebd843f2847e19810e3ffb159df10 - - default default] GET http://cinder-api.openstack.svc.cluster.local:8776/v3/475ebd843f2847e19810e3ffb159df10/limits?tenant_id=475ebd843f2847e19810e3ffb159df10
2026-07-14 18:56:44.324 7 INFO cinder.api.openstack.wsgi [None req-8ed282ea-b471-473b-945d-ea5d6d714cfc d352f27f45244f0eb5f72e293ec272c9 475ebd843f2847e19810e3ffb159df10 - - default default] http://cinder-api.openstack.svc.cluster.local:8776/v3/475ebd843f2847e19810e3ffb159df10/limits?tenant_id=475ebd843f2847e19810e3ffb159df10 returned with HTTP 200 [pid: 7|app: 0|req: 458/925] 10.0.0.140 () {34 vars in 879 bytes} [Tue Jul 14 18:56:44 2026] GET /v3/475ebd843f2847e19810e3ffb159df10/limits?tenant_id=475ebd843f2847e19810e3ffb159df10 => generated 302 bytes in 40 msecs (HTTP/1.1 200) 7 headers in 286 bytes (1 switches on core 0)
2026-07-14 18:56:44.563 8 INFO cinder.api.openstack.wsgi [None req-a51e8fc6-1e04-4b5d-9608-4a88767c6d0b 80df0658e73843b4824d96fb851bee17 3d6cf8993f3947ab855c2c44d94bb189 - - default default] GET http://10.0.0.191:8776/
2026-07-14 18:56:44.564 8 INFO cinder.api.openstack.wsgi [None req-a51e8fc6-1e04-4b5d-9608-4a88767c6d0b 80df0658e73843b4824d96fb851bee17 3d6cf8993f3947ab855c2c44d94bb189 - - default default] http://10.0.0.191:8776/ returned with HTTP 300
2026-07-14 18:56:44.564 7 INFO cinder.api.openstack.wsgi [None req-8ed282ea-b471-473b-945d-ea5d6d714cfc d352f27f45244f0eb5f72e293ec272c9 475ebd843f2847e19810e3ffb159df10 - - default default] GET http://10.0.0.191:8776/
2026-07-14 18:56:44.565 7 INFO cinder.api.openstack.wsgi [None req-8ed282ea-b471-473b-945d-ea5d6d714cfc d352f27f45244f0eb5f72e293ec272c9 475ebd843f2847e19810e3ffb159df10 - - default default] http://10.0.0.191:8776/ returned with HTTP 300
2026-07-14 18:56:46.463 8 INFO cinder.api.openstack.wsgi [None req-a51e8fc6-1e04-4b5d-9608-4a88767c6d0b 80df0658e73843b4824d96fb851bee17 3d6cf8993f3947ab855c2c44d94bb189 - - default default] GET http://cinder-api.openstack.svc.cluster.local:8776/
2026-07-14 18:56:46.465 8 INFO cinder.api.openstack.wsgi [None req-a51e8fc6-1e04-4b5d-9608-4a88767c6d0b 80df0658e73843b4824d96fb851bee17 3d6cf8993f3947ab855c2c44d94bb189 - - default default] http://cinder-api.openstack.svc.cluster.local:8776/ returned with HTTP 300 [pid: 8|app: 0|req: 469/928] 10.0.0.140 () {28 vars in 376 bytes} [Tue Jul 14 18:56:46 2026] GET / => generated 411 bytes in 3 msecs (HTTP/1.1 300) 5 headers in 169 bytes (1 switches on core 0)
2026-07-14 18:56:46.473 7 INFO cinder.api.openstack.wsgi [None req-8ed282ea-b471-473b-945d-ea5d6d714cfc d352f27f45244f0eb5f72e293ec272c9 475ebd843f2847e19810e3ffb159df10 - - default default] GET http://cinder-api.openstack.svc.cluster.local:8776/
2026-07-14 18:56:46.474 7 INFO cinder.api.openstack.wsgi [None req-8ed282ea-b471-473b-945d-ea5d6d714cfc d352f27f45244f0eb5f72e293ec272c9 475ebd843f2847e19810e3ffb159df10 - - default default] http://cinder-api.openstack.svc.cluster.local:8776/ returned with HTTP 300 [pid: 7|app: 0|req: 460/929] 10.0.0.140 () {28 vars in 376 bytes} [Tue Jul 14 18:56:46 2026] GET / => generated 411 bytes in 2 msecs (HTTP/1.1 300) 5 headers in 169 bytes (1 switches on core 0)
2026-07-14 18:56:54.563 8 INFO cinder.api.openstack.wsgi [None req-a51e8fc6-1e04-4b5d-9608-4a88767c6d0b 80df0658e73843b4824d96fb851bee17 3d6cf8993f3947ab855c2c44d94bb189 - - default default] GET http://10.0.0.191:8776/
2026-07-14 18:56:54.563 8 INFO cinder.api.openstack.wsgi [None req-a51e8fc6-1e04-4b5d-9608-4a88767c6d0b 80df0658e73843b4824d96fb851bee17 3d6cf8993f3947ab855c2c44d94bb189 - - default default] http://10.0.0.191:8776/ returned with HTTP 300
2026-07-14 18:56:54.563 7 INFO cinder.api.openstack.wsgi [None req-8ed282ea-b471-473b-945d-ea5d6d714cfc d352f27f45244f0eb5f72e293ec272c9 475ebd843f2847e19810e3ffb159df10 - - default default] GET http://10.0.0.191:8776/
2026-07-14 18:56:54.567 7 INFO cinder.api.openstack.wsgi [None req-8ed282ea-b471-473b-945d-ea5d6d714cfc d352f27f45244f0eb5f72e293ec272c9 475ebd843f2847e19810e3ffb159df10 - - default default] http://10.0.0.191:8776/ returned with HTTP 300
2026-07-14 18:57:04.564 8 INFO cinder.api.openstack.wsgi [None req-a51e8fc6-1e04-4b5d-9608-4a88767c6d0b 80df0658e73843b4824d96fb851bee17 3d6cf8993f3947ab855c2c44d94bb189 - - default default] GET http://10.0.0.191:8776/
2026-07-14 18:57:04.564 7 INFO cinder.api.openstack.wsgi [None req-8ed282ea-b471-473b-945d-ea5d6d714cfc d352f27f45244f0eb5f72e293ec272c9 475ebd843f2847e19810e3ffb159df10 - - default default] GET http://10.0.0.191:8776/
2026-07-14 18:57:04.565 8 INFO cinder.api.openstack.wsgi [None req-a51e8fc6-1e04-4b5d-9608-4a88767c6d0b 80df0658e73843b4824d96fb851bee17 3d6cf8993f3947ab855c2c44d94bb189 - - default default] http://10.0.0.191:8776/ returned with HTTP 300
2026-07-14 18:57:04.565 7 INFO cinder.api.openstack.wsgi [None req-8ed282ea-b471-473b-945d-ea5d6d714cfc d352f27f45244f0eb5f72e293ec272c9 475ebd843f2847e19810e3ffb159df10 - - default default] http://10.0.0.191:8776/ returned with HTTP 300
2026-07-14 18:57:14.563 8 INFO cinder.api.openstack.wsgi [None req-a51e8fc6-1e04-4b5d-9608-4a88767c6d0b 80df0658e73843b4824d96fb851bee17 3d6cf8993f3947ab855c2c44d94bb189 - - default default] GET http://10.0.0.191:8776/
2026-07-14 18:57:14.564 7 INFO cinder.api.openstack.wsgi [None req-8ed282ea-b471-473b-945d-ea5d6d714cfc d352f27f45244f0eb5f72e293ec272c9 475ebd843f2847e19810e3ffb159df10 - - default default] GET http://10.0.0.191:8776/
2026-07-14 18:57:14.564 8 INFO cinder.api.openstack.wsgi [None req-a51e8fc6-1e04-4b5d-9608-4a88767c6d0b 80df0658e73843b4824d96fb851bee17 3d6cf8993f3947ab855c2c44d94bb189 - - default default] http://10.0.0.191:8776/ returned with HTTP 300
2026-07-14 18:57:14.566 7 INFO cinder.api.openstack.wsgi [None req-8ed282ea-b471-473b-945d-ea5d6d714cfc d352f27f45244f0eb5f72e293ec272c9 475ebd843f2847e19810e3ffb159df10 - - default default] http://10.0.0.191:8776/ returned with HTTP 300
2026-07-14 18:57:24.564 8 INFO cinder.api.openstack.wsgi [None req-a51e8fc6-1e04-4b5d-9608-4a88767c6d0b 80df0658e73843b4824d96fb851bee17 3d6cf8993f3947ab855c2c44d94bb189 - - default default] GET http://10.0.0.191:8776/
2026-07-14 18:57:24.564 8 INFO cinder.api.openstack.wsgi [None req-a51e8fc6-1e04-4b5d-9608-4a88767c6d0b 80df0658e73843b4824d96fb851bee17 3d6cf8993f3947ab855c2c44d94bb189 - - default default] http://10.0.0.191:8776/ returned with HTTP 300
2026-07-14 18:57:24.565 7 INFO cinder.api.openstack.wsgi [None req-8ed282ea-b471-473b-945d-ea5d6d714cfc d352f27f45244f0eb5f72e293ec272c9 475ebd843f2847e19810e3ffb159df10 - - default default] GET http://10.0.0.191:8776/
2026-07-14 18:57:24.567 7 INFO cinder.api.openstack.wsgi [None req-8ed282ea-b471-473b-945d-ea5d6d714cfc d352f27f45244f0eb5f72e293ec272c9 475ebd843f2847e19810e3ffb159df10 - - default default] http://10.0.0.191:8776/ returned with HTTP 300
2026-07-14 18:57:27.984 8 INFO cinder.api.openstack.wsgi [None req-89980d08-fe03-4a84-afcf-74eb23b79bf5 42c5276c71b348a9abacbf421c309197 ff7e564635fa43fa9e2dc3cdab6453c3 - - default default] GET http://cinder-api.openstack.svc.cluster.local:8776/v3/ff7e564635fa43fa9e2dc3cdab6453c3/snapshots?all_tenants=true
2026-07-14 18:57:27.992 8 INFO cinder.volume.api [None req-89980d08-fe03-4a84-afcf-74eb23b79bf5 42c5276c71b348a9abacbf421c309197 ff7e564635fa43fa9e2dc3cdab6453c3 - - default default] Get all snapshots completed successfully.
2026-07-14 18:57:27.993 8 INFO cinder.api.openstack.wsgi [None req-89980d08-fe03-4a84-afcf-74eb23b79bf5 42c5276c71b348a9abacbf421c309197 ff7e564635fa43fa9e2dc3cdab6453c3 - - default default] http://cinder-api.openstack.svc.cluster.local:8776/v3/ff7e564635fa43fa9e2dc3cdab6453c3/snapshots?all_tenants=true returned with HTTP 200 [pid: 8|app: 0|req: 474/938] 10.0.0.247 () {28 vars in 674 bytes} [Tue Jul 14 18:57:27 2026] GET /v3/ff7e564635fa43fa9e2dc3cdab6453c3/snapshots?all_tenants=true => generated 17 bytes in 209 msecs (HTTP/1.1 200) 7 headers in 284 bytes (1 switches on core 0)
2026-07-14 18:57:28.021 7 INFO cinder.api.openstack.wsgi [None req-409cff72-8bf2-40e1-91a1-976d4f2fa51f 42c5276c71b348a9abacbf421c309197 ff7e564635fa43fa9e2dc3cdab6453c3 - - default default] GET http://cinder-api.openstack.svc.cluster.local:8776/v3/ff7e564635fa43fa9e2dc3cdab6453c3/scheduler-stats/get_pools?detail=true
2026-07-14 18:57:28.037 7 INFO cinder.api.openstack.wsgi [None req-409cff72-8bf2-40e1-91a1-976d4f2fa51f 42c5276c71b348a9abacbf421c309197 ff7e564635fa43fa9e2dc3cdab6453c3 - - default default] http://cinder-api.openstack.svc.cluster.local:8776/v3/ff7e564635fa43fa9e2dc3cdab6453c3/scheduler-stats/get_pools?detail=true returned with HTTP 200 [pid: 7|app: 0|req: 465/939] 10.0.0.247 () {28 vars in 696 bytes} [Tue Jul 14 18:57:27 2026] GET /v3/ff7e564635fa43fa9e2dc3cdab6453c3/scheduler-stats/get_pools?detail=true => generated 670 bytes in 41 msecs (HTTP/1.1 200) 7 headers in 285 bytes (1 switches on core 0)
2026-07-14 18:57:28.056 8 INFO cinder.api.openstack.wsgi [None req-7b30243f-769d-48de-b147-8cd0c502d738 42c5276c71b348a9abacbf421c309197 ff7e564635fa43fa9e2dc3cdab6453c3 - - default default] GET http://cinder-api.openstack.svc.cluster.local:8776/v3/ff7e564635fa43fa9e2dc3cdab6453c3/os-services
2026-07-14 18:57:28.063 8 INFO cinder.api.openstack.wsgi [None req-7b30243f-769d-48de-b147-8cd0c502d738 42c5276c71b348a9abacbf421c309197 ff7e564635fa43fa9e2dc3cdab6453c3 - - default default] http://cinder-api.openstack.svc.cluster.local:8776/v3/ff7e564635fa43fa9e2dc3cdab6453c3/os-services returned with HTTP 200 [pid: 8|app: 0|req: 475/940] 10.0.0.247 () {28 vars in 645 bytes} [Tue Jul 14 18:57:28 2026] GET /v3/ff7e564635fa43fa9e2dc3cdab6453c3/os-services => generated 646 bytes in 20 msecs (HTTP/1.1 200) 7 headers in 285 bytes (1 switches on core 0)
2026-07-14 18:57:28.076 7 INFO cinder.api.openstack.wsgi [None req-5d773b44-7e2d-492d-af04-df6997f0d6c2 42c5276c71b348a9abacbf421c309197 ff7e564635fa43fa9e2dc3cdab6453c3 - - default default] GET http://cinder-api.openstack.svc.cluster.local:8776/v3/ff7e564635fa43fa9e2dc3cdab6453c3/volumes/detail?all_tenants=true
2026-07-14 18:57:28.094 7 INFO cinder.volume.api [None req-5d773b44-7e2d-492d-af04-df6997f0d6c2 42c5276c71b348a9abacbf421c309197 ff7e564635fa43fa9e2dc3cdab6453c3 - - default default] Get all volumes completed successfully.
2026-07-14 18:57:28.097 7 INFO cinder.api.openstack.wsgi [None req-5d773b44-7e2d-492d-af04-df6997f0d6c2 42c5276c71b348a9abacbf421c309197 ff7e564635fa43fa9e2dc3cdab6453c3 - - default default] http://cinder-api.openstack.svc.cluster.local:8776/v3/ff7e564635fa43fa9e2dc3cdab6453c3/volumes/detail?all_tenants=true returned with HTTP 200 [pid: 7|app: 0|req: 466/941] 10.0.0.247 () {28 vars in 684 bytes} [Tue Jul 14 18:57:28 2026] GET /v3/ff7e564635fa43fa9e2dc3cdab6453c3/volumes/detail?all_tenants=true => generated 15 bytes in 31 msecs (HTTP/1.1 200) 7 headers in 284 bytes (1 switches on core 0)
2026-07-14 18:57:28.107 8 INFO cinder.api.openstack.wsgi [None req-42aacbab-3406-45cc-b420-e6858ca55994 42c5276c71b348a9abacbf421c309197 ff7e564635fa43fa9e2dc3cdab6453c3 - - default default] GET http://cinder-api.openstack.svc.cluster.local:8776/v3/ff7e564635fa43fa9e2dc3cdab6453c3/volumes/detail?all_tenants=true
2026-07-14 18:57:28.117 8 INFO cinder.volume.api [None req-42aacbab-3406-45cc-b420-e6858ca55994 42c5276c71b348a9abacbf421c309197 ff7e564635fa43fa9e2dc3cdab6453c3 - - default default] Get all volumes completed successfully.
2026-07-14 18:57:28.118 8 INFO cinder.api.openstack.wsgi [None req-42aacbab-3406-45cc-b420-e6858ca55994 42c5276c71b348a9abacbf421c309197 ff7e564635fa43fa9e2dc3cdab6453c3 - - default default] http://cinder-api.openstack.svc.cluster.local:8776/v3/ff7e564635fa43fa9e2dc3cdab6453c3/volumes/detail?all_tenants=true returned with HTTP 200 [pid: 8|app: 0|req: 476/942] 10.0.0.247 () {28 vars in 684 bytes} [Tue Jul 14 18:57:28 2026] GET /v3/ff7e564635fa43fa9e2dc3cdab6453c3/volumes/detail?all_tenants=true => generated 15 bytes in 17 msecs (HTTP/1.1 200) 7 headers in 284 bytes (1 switches on core 0)
2026-07-14 18:57:28.240 7 INFO cinder.api.openstack.wsgi [None req-81ac1bbe-9a06-4828-ac41-88b0ab3abeef 42c5276c71b348a9abacbf421c309197 ff7e564635fa43fa9e2dc3cdab6453c3 - - default default] GET http://cinder-api.openstack.svc.cluster.local:8776/v3/ff7e564635fa43fa9e2dc3cdab6453c3/os-quota-sets/30cb6a5cbc434bea801659922c67de24?usage=true
2026-07-14 18:57:28.294 7 INFO cinder.api.openstack.wsgi [None req-81ac1bbe-9a06-4828-ac41-88b0ab3abeef 42c5276c71b348a9abacbf421c309197 ff7e564635fa43fa9e2dc3cdab6453c3 - - default default] http://cinder-api.openstack.svc.cluster.local:8776/v3/ff7e564635fa43fa9e2dc3cdab6453c3/os-quota-sets/30cb6a5cbc434bea801659922c67de24?usage=true returned with HTTP 200 [pid: 7|app: 0|req: 467/943] 10.0.0.247 () {28 vars in 736 bytes} [Tue Jul 14 18:57:28 2026] GET /v3/ff7e564635fa43fa9e2dc3cdab6453c3/os-quota-sets/30cb6a5cbc434bea801659922c67de24?usage=true => generated 847 bytes in 65 msecs (HTTP/1.1 200) 7 headers in 285 bytes (1 switches on core 0)
2026-07-14 18:57:28.305 8 INFO cinder.api.openstack.wsgi [None req-3d08cb8e-88c3-4ae5-8eda-579bbf6f4282 42c5276c71b348a9abacbf421c309197 ff7e564635fa43fa9e2dc3cdab6453c3 - - default default] GET http://cinder-api.openstack.svc.cluster.local:8776/v3/ff7e564635fa43fa9e2dc3cdab6453c3/os-quota-sets/3a3479441ad142ffad1dc16527842acd?usage=true
2026-07-14 18:57:28.327 8 INFO cinder.api.openstack.wsgi [None req-3d08cb8e-88c3-4ae5-8eda-579bbf6f4282 42c5276c71b348a9abacbf421c309197 ff7e564635fa43fa9e2dc3cdab6453c3 - - default default] http://cinder-api.openstack.svc.cluster.local:8776/v3/ff7e564635fa43fa9e2dc3cdab6453c3/os-quota-sets/3a3479441ad142ffad1dc16527842acd?usage=true returned with HTTP 200 [pid: 8|app: 0|req: 477/944] 10.0.0.247 () {28 vars in 736 bytes} [Tue Jul 14 18:57:28 2026] GET /v3/ff7e564635fa43fa9e2dc3cdab6453c3/os-quota-sets/3a3479441ad142ffad1dc16527842acd?usage=true => generated 847 bytes in 28 msecs (HTTP/1.1 200) 7 headers in 285 bytes (1 switches on core 0)
2026-07-14 18:57:28.343 7 INFO cinder.api.openstack.wsgi [None req-a9b5fc0a-1922-4e99-8b69-26f119b320d0 42c5276c71b348a9abacbf421c309197 ff7e564635fa43fa9e2dc3cdab6453c3 - - default default] GET http://cinder-api.openstack.svc.cluster.local:8776/v3/ff7e564635fa43fa9e2dc3cdab6453c3/os-quota-sets/41002763d38c451c87caeef3ce6fa748?usage=true
2026-07-14 18:57:28.375 7 INFO cinder.api.openstack.wsgi [None req-a9b5fc0a-1922-4e99-8b69-26f119b320d0 42c5276c71b348a9abacbf421c309197 ff7e564635fa43fa9e2dc3cdab6453c3 - - default default] http://cinder-api.openstack.svc.cluster.local:8776/v3/ff7e564635fa43fa9e2dc3cdab6453c3/os-quota-sets/41002763d38c451c87caeef3ce6fa748?usage=true returned with HTTP 200 [pid: 7|app: 0|req: 468/945] 10.0.0.247 () {28 vars in 736 bytes} [Tue Jul 14 18:57:28 2026] GET /v3/ff7e564635fa43fa9e2dc3cdab6453c3/os-quota-sets/41002763d38c451c87caeef3ce6fa748?usage=true => generated 847 bytes in 44 msecs (HTTP/1.1 200) 7 headers in 285 bytes (1 switches on core 0)
2026-07-14 18:57:28.389 8 INFO cinder.api.openstack.wsgi [None req-9a8fc6eb-7186-480e-99b5-2697fa74daaa 42c5276c71b348a9abacbf421c309197 ff7e564635fa43fa9e2dc3cdab6453c3 - - default default] GET http://cinder-api.openstack.svc.cluster.local:8776/v3/ff7e564635fa43fa9e2dc3cdab6453c3/os-quota-sets/4a26dafb40424c0e9bb1b7ca72994946?usage=true
2026-07-14 18:57:28.434 8 INFO cinder.api.openstack.wsgi [None req-9a8fc6eb-7186-480e-99b5-2697fa74daaa 42c5276c71b348a9abacbf421c309197 ff7e564635fa43fa9e2dc3cdab6453c3 - - default default] http://cinder-api.openstack.svc.cluster.local:8776/v3/ff7e564635fa43fa9e2dc3cdab6453c3/os-quota-sets/4a26dafb40424c0e9bb1b7ca72994946?usage=true returned with HTTP 200 [pid: 8|app: 0|req: 478/946] 10.0.0.247 () {28 vars in 736 bytes} [Tue Jul 14 18:57:28 2026] GET /v3/ff7e564635fa43fa9e2dc3cdab6453c3/os-quota-sets/4a26dafb40424c0e9bb1b7ca72994946?usage=true => generated 847 bytes in 56 msecs (HTTP/1.1 200) 7 headers in 285 bytes (1 switches on core 0)
2026-07-14 18:57:28.453 7 INFO cinder.api.openstack.wsgi [None req-ba2799df-4d93-4286-8143-cecad440c213 42c5276c71b348a9abacbf421c309197 ff7e564635fa43fa9e2dc3cdab6453c3 - - default default] GET http://cinder-api.openstack.svc.cluster.local:8776/v3/ff7e564635fa43fa9e2dc3cdab6453c3/os-quota-sets/6380f72983bd41e5a471e446725153dd?usage=true
2026-07-14 18:57:28.497 7 INFO cinder.api.openstack.wsgi [None req-ba2799df-4d93-4286-8143-cecad440c213 42c5276c71b348a9abacbf421c309197 ff7e564635fa43fa9e2dc3cdab6453c3 - - default default] http://cinder-api.openstack.svc.cluster.local:8776/v3/ff7e564635fa43fa9e2dc3cdab6453c3/os-quota-sets/6380f72983bd41e5a471e446725153dd?usage=true returned with HTTP 200 [pid: 7|app: 0|req: 469/947] 10.0.0.247 () {28 vars in 736 bytes} [Tue Jul 14 18:57:28 2026] GET /v3/ff7e564635fa43fa9e2dc3cdab6453c3/os-quota-sets/6380f72983bd41e5a471e446725153dd?usage=true => generated 847 bytes in 56 msecs (HTTP/1.1 200) 7 headers in 285 bytes (1 switches on core 0)
2026-07-14 18:57:28.516 8 INFO cinder.api.openstack.wsgi [None req-7114f8fe-4cf3-42b5-8e64-b9eaaa378895 42c5276c71b348a9abacbf421c309197 ff7e564635fa43fa9e2dc3cdab6453c3 - - default default] GET http://cinder-api.openstack.svc.cluster.local:8776/v3/ff7e564635fa43fa9e2dc3cdab6453c3/os-quota-sets/7943b75862844cb380f875cd25edcca7?usage=true
2026-07-14 18:57:28.559 8 INFO cinder.api.openstack.wsgi [None req-7114f8fe-4cf3-42b5-8e64-b9eaaa378895 42c5276c71b348a9abacbf421c309197 ff7e564635fa43fa9e2dc3cdab6453c3 - - default default] http://cinder-api.openstack.svc.cluster.local:8776/v3/ff7e564635fa43fa9e2dc3cdab6453c3/os-quota-sets/7943b75862844cb380f875cd25edcca7?usage=true returned with HTTP 200 [pid: 8|app: 0|req: 479/948] 10.0.0.247 () {28 vars in 736 bytes} [Tue Jul 14 18:57:28 2026] GET /v3/ff7e564635fa43fa9e2dc3cdab6453c3/os-quota-sets/7943b75862844cb380f875cd25edcca7?usage=true => generated 847 bytes in 56 msecs (HTTP/1.1 200) 7 headers in 285 bytes (1 switches on core 0)
2026-07-14 18:57:28.577 7 INFO cinder.api.openstack.wsgi [None req-f98c6f4d-e25e-47c9-b6d3-bab8af5108ab 42c5276c71b348a9abacbf421c309197 ff7e564635fa43fa9e2dc3cdab6453c3 - - default default] GET http://cinder-api.openstack.svc.cluster.local:8776/v3/ff7e564635fa43fa9e2dc3cdab6453c3/os-quota-sets/889d449229ae4bdfbf34277e4ebedf2f?usage=true
2026-07-14 18:57:28.613 7 INFO cinder.api.openstack.wsgi [None req-f98c6f4d-e25e-47c9-b6d3-bab8af5108ab 42c5276c71b348a9abacbf421c309197 ff7e564635fa43fa9e2dc3cdab6453c3 - - default default] http://cinder-api.openstack.svc.cluster.local:8776/v3/ff7e564635fa43fa9e2dc3cdab6453c3/os-quota-sets/889d449229ae4bdfbf34277e4ebedf2f?usage=true returned with HTTP 200 [pid: 7|app: 0|req: 470/949] 10.0.0.247 () {28 vars in 736 bytes} [Tue Jul 14 18:57:28 2026] GET /v3/ff7e564635fa43fa9e2dc3cdab6453c3/os-quota-sets/889d449229ae4bdfbf34277e4ebedf2f?usage=true => generated 845 bytes in 46 msecs (HTTP/1.1 200) 7 headers in 285 bytes (1 switches on core 0)
2026-07-14 18:57:28.628 8 INFO cinder.api.openstack.wsgi [None req-4a648b5d-67b4-4718-86d7-29f92a5abedf 42c5276c71b348a9abacbf421c309197 ff7e564635fa43fa9e2dc3cdab6453c3 - - default default] GET http://cinder-api.openstack.svc.cluster.local:8776/v3/ff7e564635fa43fa9e2dc3cdab6453c3/os-quota-sets/a3fa2f7f2949443a8f1f0f5e06eb4e2b?usage=true
2026-07-14 18:57:28.662 8 INFO cinder.api.openstack.wsgi [None req-4a648b5d-67b4-4718-86d7-29f92a5abedf 42c5276c71b348a9abacbf421c309197 ff7e564635fa43fa9e2dc3cdab6453c3 - - default default] http://cinder-api.openstack.svc.cluster.local:8776/v3/ff7e564635fa43fa9e2dc3cdab6453c3/os-quota-sets/a3fa2f7f2949443a8f1f0f5e06eb4e2b?usage=true returned with HTTP 200 [pid: 8|app: 0|req: 480/950] 10.0.0.247 () {28 vars in 736 bytes} [Tue Jul 14 18:57:28 2026] GET /v3/ff7e564635fa43fa9e2dc3cdab6453c3/os-quota-sets/a3fa2f7f2949443a8f1f0f5e06eb4e2b?usage=true => generated 847 bytes in 42 msecs (HTTP/1.1 200) 7 headers in 285 bytes (1 switches on core 0)
2026-07-14 18:57:28.677 7 INFO cinder.api.openstack.wsgi [None req-0cd3d711-8dc4-412c-8dd1-c1922201d7f3 42c5276c71b348a9abacbf421c309197 ff7e564635fa43fa9e2dc3cdab6453c3 - - default default] GET http://cinder-api.openstack.svc.cluster.local:8776/v3/ff7e564635fa43fa9e2dc3cdab6453c3/os-quota-sets/a877a5fc7623429cac8fc9cfc08a8851?usage=true
2026-07-14 18:57:28.730 7 INFO cinder.api.openstack.wsgi [None req-0cd3d711-8dc4-412c-8dd1-c1922201d7f3 42c5276c71b348a9abacbf421c309197 ff7e564635fa43fa9e2dc3cdab6453c3 - - default default] http://cinder-api.openstack.svc.cluster.local:8776/v3/ff7e564635fa43fa9e2dc3cdab6453c3/os-quota-sets/a877a5fc7623429cac8fc9cfc08a8851?usage=true returned with HTTP 200 [pid: 7|app: 0|req: 471/951] 10.0.0.247 () {28 vars in 736 bytes} [Tue Jul 14 18:57:28 2026] GET /v3/ff7e564635fa43fa9e2dc3cdab6453c3/os-quota-sets/a877a5fc7623429cac8fc9cfc08a8851?usage=true => generated 847 bytes in 61 msecs (HTTP/1.1 200) 7 headers in 285 bytes (1 switches on core 0)
2026-07-14 18:57:28.746 8 INFO cinder.api.openstack.wsgi [None req-9fc66f18-efd7-4735-9b18-cc81112b74b3 42c5276c71b348a9abacbf421c309197 ff7e564635fa43fa9e2dc3cdab6453c3 - - default default] GET http://cinder-api.openstack.svc.cluster.local:8776/v3/ff7e564635fa43fa9e2dc3cdab6453c3/os-quota-sets/abc5daacdc2f4c76932af320f0d89980?usage=true
2026-07-14 18:57:28.789 8 INFO cinder.api.openstack.wsgi [None req-9fc66f18-efd7-4735-9b18-cc81112b74b3 42c5276c71b348a9abacbf421c309197 ff7e564635fa43fa9e2dc3cdab6453c3 - - default default] http://cinder-api.openstack.svc.cluster.local:8776/v3/ff7e564635fa43fa9e2dc3cdab6453c3/os-quota-sets/abc5daacdc2f4c76932af320f0d89980?usage=true returned with HTTP 200 [pid: 8|app: 0|req: 481/952] 10.0.0.247 () {28 vars in 736 bytes} [Tue Jul 14 18:57:28 2026] GET /v3/ff7e564635fa43fa9e2dc3cdab6453c3/os-quota-sets/abc5daacdc2f4c76932af320f0d89980?usage=true => generated 847 bytes in 55 msecs (HTTP/1.1 200) 7 headers in 285 bytes (1 switches on core 0)
2026-07-14 18:57:28.807 7 INFO cinder.api.openstack.wsgi [None req-14ef235e-69a8-4a1d-8ae8-734de9843244 42c5276c71b348a9abacbf421c309197 ff7e564635fa43fa9e2dc3cdab6453c3 - - default default] GET http://cinder-api.openstack.svc.cluster.local:8776/v3/ff7e564635fa43fa9e2dc3cdab6453c3/os-quota-sets/c61cb0d39ebd428f9fc724c4ac2a8e4c?usage=true
2026-07-14 18:57:28.834 7 INFO cinder.api.openstack.wsgi [None req-14ef235e-69a8-4a1d-8ae8-734de9843244 42c5276c71b348a9abacbf421c309197 ff7e564635fa43fa9e2dc3cdab6453c3 - - default default] http://cinder-api.openstack.svc.cluster.local:8776/v3/ff7e564635fa43fa9e2dc3cdab6453c3/os-quota-sets/c61cb0d39ebd428f9fc724c4ac2a8e4c?usage=true returned with HTTP 200 [pid: 7|app: 0|req: 472/953] 10.0.0.247 () {28 vars in 736 bytes} [Tue Jul 14 18:57:28 2026] GET /v3/ff7e564635fa43fa9e2dc3cdab6453c3/os-quota-sets/c61cb0d39ebd428f9fc724c4ac2a8e4c?usage=true => generated 847 bytes in 36 msecs (HTTP/1.1 200) 7 headers in 285 bytes (1 switches on core 0)
2026-07-14 18:57:28.844 8 INFO cinder.api.openstack.wsgi [None req-aa8e4540-4e89-4667-8393-75d128574ae1 42c5276c71b348a9abacbf421c309197 ff7e564635fa43fa9e2dc3cdab6453c3 - - default default] GET http://cinder-api.openstack.svc.cluster.local:8776/v3/ff7e564635fa43fa9e2dc3cdab6453c3/os-quota-sets/cd4b93fa916e4406850ab1ca08e249c2?usage=true
2026-07-14 18:57:28.870 8 INFO cinder.api.openstack.wsgi [None req-aa8e4540-4e89-4667-8393-75d128574ae1 42c5276c71b348a9abacbf421c309197 ff7e564635fa43fa9e2dc3cdab6453c3 - - default default] http://cinder-api.openstack.svc.cluster.local:8776/v3/ff7e564635fa43fa9e2dc3cdab6453c3/os-quota-sets/cd4b93fa916e4406850ab1ca08e249c2?usage=true returned with HTTP 200 [pid: 8|app: 0|req: 482/954] 10.0.0.247 () {28 vars in 736 bytes} [Tue Jul 14 18:57:28 2026] GET /v3/ff7e564635fa43fa9e2dc3cdab6453c3/os-quota-sets/cd4b93fa916e4406850ab1ca08e249c2?usage=true => generated 847 bytes in 33 msecs (HTTP/1.1 200) 7 headers in 285 bytes (1 switches on core 0)
2026-07-14 18:57:28.884 7 INFO cinder.api.openstack.wsgi [None req-d7adc6fd-91ae-4f3e-ace1-98f9724a567e 42c5276c71b348a9abacbf421c309197 ff7e564635fa43fa9e2dc3cdab6453c3 - - default default] GET http://cinder-api.openstack.svc.cluster.local:8776/v3/ff7e564635fa43fa9e2dc3cdab6453c3/os-quota-sets/d1a1b4e0f2ab45ddb57dafb6c295c707?usage=true
2026-07-14 18:57:28.918 7 INFO cinder.api.openstack.wsgi [None req-d7adc6fd-91ae-4f3e-ace1-98f9724a567e 42c5276c71b348a9abacbf421c309197 ff7e564635fa43fa9e2dc3cdab6453c3 - - default default] http://cinder-api.openstack.svc.cluster.local:8776/v3/ff7e564635fa43fa9e2dc3cdab6453c3/os-quota-sets/d1a1b4e0f2ab45ddb57dafb6c295c707?usage=true returned with HTTP 200 [pid: 7|app: 0|req: 473/955] 10.0.0.247 () {28 vars in 736 bytes} [Tue Jul 14 18:57:28 2026] GET /v3/ff7e564635fa43fa9e2dc3cdab6453c3/os-quota-sets/d1a1b4e0f2ab45ddb57dafb6c295c707?usage=true => generated 847 bytes in 43 msecs (HTTP/1.1 200) 7 headers in 285 bytes (1 switches on core 0)
2026-07-14 18:57:28.932 8 INFO cinder.api.openstack.wsgi [None req-4022aeb3-1321-4a67-bae7-ed72a5a4c66f 42c5276c71b348a9abacbf421c309197 ff7e564635fa43fa9e2dc3cdab6453c3 - - default default] GET http://cinder-api.openstack.svc.cluster.local:8776/v3/ff7e564635fa43fa9e2dc3cdab6453c3/os-quota-sets/e5cdea014f46431b96d3b4003fc3e173?usage=true
2026-07-14 18:57:28.970 8 INFO cinder.api.openstack.wsgi [None req-4022aeb3-1321-4a67-bae7-ed72a5a4c66f 42c5276c71b348a9abacbf421c309197 ff7e564635fa43fa9e2dc3cdab6453c3 - - default default] http://cinder-api.openstack.svc.cluster.local:8776/v3/ff7e564635fa43fa9e2dc3cdab6453c3/os-quota-sets/e5cdea014f46431b96d3b4003fc3e173?usage=true returned with HTTP 200 [pid: 8|app: 0|req: 483/956] 10.0.0.247 () {28 vars in 736 bytes} [Tue Jul 14 18:57:28 2026] GET /v3/ff7e564635fa43fa9e2dc3cdab6453c3/os-quota-sets/e5cdea014f46431b96d3b4003fc3e173?usage=true => generated 847 bytes in 48 msecs (HTTP/1.1 200) 7 headers in 285 bytes (1 switches on core 0)
2026-07-14 18:57:28.988 7 INFO cinder.api.openstack.wsgi [None req-cd151164-feef-4e72-8ec0-121335dde845 42c5276c71b348a9abacbf421c309197 ff7e564635fa43fa9e2dc3cdab6453c3 - - default default] GET http://cinder-api.openstack.svc.cluster.local:8776/v3/ff7e564635fa43fa9e2dc3cdab6453c3/os-quota-sets/ecf48c17b60e4dd9a03d745c08490db4?usage=true
2026-07-14 18:57:29.015 7 INFO cinder.api.openstack.wsgi [None req-cd151164-feef-4e72-8ec0-121335dde845 42c5276c71b348a9abacbf421c309197 ff7e564635fa43fa9e2dc3cdab6453c3 - - default default] http://cinder-api.openstack.svc.cluster.local:8776/v3/ff7e564635fa43fa9e2dc3cdab6453c3/os-quota-sets/ecf48c17b60e4dd9a03d745c08490db4?usage=true returned with HTTP 200 [pid: 7|app: 0|req: 474/957] 10.0.0.247 () {28 vars in 736 bytes} [Tue Jul 14 18:57:28 2026] GET /v3/ff7e564635fa43fa9e2dc3cdab6453c3/os-quota-sets/ecf48c17b60e4dd9a03d745c08490db4?usage=true => generated 847 bytes in 40 msecs (HTTP/1.1 200) 7 headers in 285 bytes (1 switches on core 0)
2026-07-14 18:57:29.029 8 INFO cinder.api.openstack.wsgi [None req-e8861a5f-452e-46af-a38f-7d16dfe7da73 42c5276c71b348a9abacbf421c309197 ff7e564635fa43fa9e2dc3cdab6453c3 - - default default] GET http://cinder-api.openstack.svc.cluster.local:8776/v3/ff7e564635fa43fa9e2dc3cdab6453c3/os-quota-sets/ff7e564635fa43fa9e2dc3cdab6453c3?usage=true
2026-07-14 18:57:29.057 8 INFO cinder.api.openstack.wsgi [None req-e8861a5f-452e-46af-a38f-7d16dfe7da73 42c5276c71b348a9abacbf421c309197 ff7e564635fa43fa9e2dc3cdab6453c3 - - default default] http://cinder-api.openstack.svc.cluster.local:8776/v3/ff7e564635fa43fa9e2dc3cdab6453c3/os-quota-sets/ff7e564635fa43fa9e2dc3cdab6453c3?usage=true returned with HTTP 200 [pid: 8|app: 0|req: 484/958] 10.0.0.247 () {28 vars in 736 bytes} [Tue Jul 14 18:57:29 2026] GET /v3/ff7e564635fa43fa9e2dc3cdab6453c3/os-quota-sets/ff7e564635fa43fa9e2dc3cdab6453c3?usage=true => generated 845 bytes in 37 msecs (HTTP/1.1 200) 7 headers in 285 bytes (1 switches on core 0)
2026-07-14 18:57:31.752 7 INFO cinder.api.openstack.wsgi [None req-d851ac49-ac54-4ada-9b52-028ffe0d3013 42c5276c71b348a9abacbf421c309197 ff7e564635fa43fa9e2dc3cdab6453c3 - - default default] POST http://cinder-api.openstack.svc.cluster.local:8776/v3/ff7e564635fa43fa9e2dc3cdab6453c3/volumes
2026-07-14 18:57:31.876 7 INFO cinder.api.v3.volumes [None req-d851ac49-ac54-4ada-9b52-028ffe0d3013 42c5276c71b348a9abacbf421c309197 ff7e564635fa43fa9e2dc3cdab6453c3 - - default default] Create volume of 16 GB
2026-07-14 18:57:31.883 7 INFO cinder.volume.api [None req-d851ac49-ac54-4ada-9b52-028ffe0d3013 42c5276c71b348a9abacbf421c309197 ff7e564635fa43fa9e2dc3cdab6453c3 - - default default] Availability Zones retrieved successfully.
2026-07-14 18:57:32.100 7 INFO cinder.volume.api [None req-d851ac49-ac54-4ada-9b52-028ffe0d3013 42c5276c71b348a9abacbf421c309197 ff7e564635fa43fa9e2dc3cdab6453c3 - - default default] Create volume request issued successfully.
2026-07-14 18:57:32.101 7 INFO cinder.api.openstack.wsgi [None req-d851ac49-ac54-4ada-9b52-028ffe0d3013 42c5276c71b348a9abacbf421c309197 ff7e564635fa43fa9e2dc3cdab6453c3 - - default default] http://cinder-api.openstack.svc.cluster.local:8776/v3/ff7e564635fa43fa9e2dc3cdab6453c3/volumes returned with HTTP 202 [pid: 7|app: 0|req: 475/959] 199.19.213.161 () {34 vars in 734 bytes} [Tue Jul 14 18:57:31 2026] POST /v3/ff7e564635fa43fa9e2dc3cdab6453c3/volumes => generated 846 bytes in 484 msecs (HTTP/1.1 202) 7 headers in 291 bytes (1 switches on core 0)
2026-07-14 18:57:32.117 8 INFO cinder.api.openstack.wsgi [req-d851ac49-ac54-4ada-9b52-028ffe0d3013 req-25783b1a-d16e-4a7e-8dd9-7697a350beb7 42c5276c71b348a9abacbf421c309197 ff7e564635fa43fa9e2dc3cdab6453c3 - - default default] GET http://cinder-api.openstack.svc.cluster.local:8776/v3/ff7e564635fa43fa9e2dc3cdab6453c3/volumes/b8e596bc-4b92-413d-bf33-3e69c2f87ac5 /var/lib/openstack/lib/python3.10/site-packages/oslo_context/context.py:100: DeprecationWarning: Policy enforcement is depending on the value of is_admin. This key is deprecated. Please update your policy file to use the standard policy values. warnings.warn('Policy enforcement is depending on the value of '
2026-07-14 18:57:32.174 8 INFO cinder.volume.api [req-d851ac49-ac54-4ada-9b52-028ffe0d3013 req-25783b1a-d16e-4a7e-8dd9-7697a350beb7 42c5276c71b348a9abacbf421c309197 ff7e564635fa43fa9e2dc3cdab6453c3 - - default default] Volume info retrieved successfully.
2026-07-14 18:57:32.180 8 INFO cinder.api.openstack.wsgi [req-d851ac49-ac54-4ada-9b52-028ffe0d3013 req-25783b1a-d16e-4a7e-8dd9-7697a350beb7 42c5276c71b348a9abacbf421c309197 ff7e564635fa43fa9e2dc3cdab6453c3 - - default default] http://cinder-api.openstack.svc.cluster.local:8776/v3/ff7e564635fa43fa9e2dc3cdab6453c3/volumes/b8e596bc-4b92-413d-bf33-3e69c2f87ac5 returned with HTTP 200 [pid: 8|app: 0|req: 485/960] 199.19.213.161 () {32 vars in 825 bytes} [Tue Jul 14 18:57:32 2026] GET /v3/ff7e564635fa43fa9e2dc3cdab6453c3/volumes/b8e596bc-4b92-413d-bf33-3e69c2f87ac5 => generated 1025 bytes in 73 msecs (HTTP/1.1 200) 7 headers in 286 bytes (1 switches on core 0)
2026-07-14 18:57:34.563 7 INFO cinder.api.openstack.wsgi [None req-d851ac49-ac54-4ada-9b52-028ffe0d3013 42c5276c71b348a9abacbf421c309197 ff7e564635fa43fa9e2dc3cdab6453c3 - - default default] GET http://10.0.0.191:8776/
2026-07-14 18:57:34.563 8 INFO cinder.api.openstack.wsgi [req-d851ac49-ac54-4ada-9b52-028ffe0d3013 req-25783b1a-d16e-4a7e-8dd9-7697a350beb7 42c5276c71b348a9abacbf421c309197 ff7e564635fa43fa9e2dc3cdab6453c3 - - default default] GET http://10.0.0.191:8776/
2026-07-14 18:57:34.564 7 INFO cinder.api.openstack.wsgi [None req-d851ac49-ac54-4ada-9b52-028ffe0d3013 42c5276c71b348a9abacbf421c309197 ff7e564635fa43fa9e2dc3cdab6453c3 - - default default] http://10.0.0.191:8776/ returned with HTTP 300
2026-07-14 18:57:34.564 8 INFO cinder.api.openstack.wsgi [req-d851ac49-ac54-4ada-9b52-028ffe0d3013 req-25783b1a-d16e-4a7e-8dd9-7697a350beb7 42c5276c71b348a9abacbf421c309197 ff7e564635fa43fa9e2dc3cdab6453c3 - - default default] http://10.0.0.191:8776/ returned with HTTP 300 /var/lib/openstack/lib/python3.10/site-packages/pycadf/identifier.py:71: UserWarning: Invalid uuid: cinderv3. To ensure interoperability, identifiers should be a valid uuid. warnings.warn(('Invalid uuid: %s. To ensure interoperability, '
2026-07-14 18:57:37.203 7 INFO cinder.api.openstack.wsgi [req-d851ac49-ac54-4ada-9b52-028ffe0d3013 req-426ee660-0caa-457f-baaf-74149a188f54 42c5276c71b348a9abacbf421c309197 ff7e564635fa43fa9e2dc3cdab6453c3 - - default default] GET http://cinder-api.openstack.svc.cluster.local:8776/v3/ff7e564635fa43fa9e2dc3cdab6453c3/volumes/b8e596bc-4b92-413d-bf33-3e69c2f87ac5 /var/lib/openstack/lib/python3.10/site-packages/oslo_context/context.py:100: DeprecationWarning: Policy enforcement is depending on the value of is_admin. This key is deprecated. Please update your policy file to use the standard policy values. warnings.warn('Policy enforcement is depending on the value of '
2026-07-14 18:57:37.222 7 INFO cinder.volume.api [req-d851ac49-ac54-4ada-9b52-028ffe0d3013 req-426ee660-0caa-457f-baaf-74149a188f54 42c5276c71b348a9abacbf421c309197 ff7e564635fa43fa9e2dc3cdab6453c3 - - default default] Volume info retrieved successfully.
2026-07-14 18:57:37.231 7 INFO cinder.api.openstack.wsgi [req-d851ac49-ac54-4ada-9b52-028ffe0d3013 req-426ee660-0caa-457f-baaf-74149a188f54 42c5276c71b348a9abacbf421c309197 ff7e564635fa43fa9e2dc3cdab6453c3 - - default default] http://cinder-api.openstack.svc.cluster.local:8776/v3/ff7e564635fa43fa9e2dc3cdab6453c3/volumes/b8e596bc-4b92-413d-bf33-3e69c2f87ac5 returned with HTTP 200 [pid: 7|app: 0|req: 477/963] 199.19.213.161 () {32 vars in 825 bytes} [Tue Jul 14 18:57:37 2026] GET /v3/ff7e564635fa43fa9e2dc3cdab6453c3/volumes/b8e596bc-4b92-413d-bf33-3e69c2f87ac5 => generated 1675 bytes in 36 msecs (HTTP/1.1 200) 7 headers in 286 bytes (1 switches on core 0) /var/lib/openstack/lib/python3.10/site-packages/pycadf/identifier.py:71: UserWarning: Invalid uuid: cinderv3. To ensure interoperability, identifiers should be a valid uuid. warnings.warn(('Invalid uuid: %s. To ensure interoperability, '
2026-07-14 18:57:37.777 8 INFO cinder.api.openstack.wsgi [req-d15175f6-d1de-4c23-b132-b07505cb9ca2 req-8ea6decb-d03a-4dc9-b146-559c522b44df 42c5276c71b348a9abacbf421c309197 ff7e564635fa43fa9e2dc3cdab6453c3 - - default default] GET http://cinder-api.openstack.svc.cluster.local:8776/v3/ff7e564635fa43fa9e2dc3cdab6453c3/volumes/b8e596bc-4b92-413d-bf33-3e69c2f87ac5 /var/lib/openstack/lib/python3.10/site-packages/oslo_context/context.py:100: DeprecationWarning: Policy enforcement is depending on the value of is_admin. This key is deprecated. Please update your policy file to use the standard policy values. warnings.warn('Policy enforcement is depending on the value of '
2026-07-14 18:57:37.798 8 INFO cinder.volume.api [req-d15175f6-d1de-4c23-b132-b07505cb9ca2 req-8ea6decb-d03a-4dc9-b146-559c522b44df 42c5276c71b348a9abacbf421c309197 ff7e564635fa43fa9e2dc3cdab6453c3 - - default default] Volume info retrieved successfully.
2026-07-14 18:57:37.806 8 INFO cinder.api.openstack.wsgi [req-d15175f6-d1de-4c23-b132-b07505cb9ca2 req-8ea6decb-d03a-4dc9-b146-559c522b44df 42c5276c71b348a9abacbf421c309197 ff7e564635fa43fa9e2dc3cdab6453c3 - - default default] http://cinder-api.openstack.svc.cluster.local:8776/v3/ff7e564635fa43fa9e2dc3cdab6453c3/volumes/b8e596bc-4b92-413d-bf33-3e69c2f87ac5 returned with HTTP 200 [pid: 8|app: 0|req: 487/964] 10.0.0.85 () {34 vars in 1027 bytes} [Tue Jul 14 18:57:37 2026] GET /v3/ff7e564635fa43fa9e2dc3cdab6453c3/volumes/b8e596bc-4b92-413d-bf33-3e69c2f87ac5 => generated 1675 bytes in 40 msecs (HTTP/1.1 200) 7 headers in 286 bytes (1 switches on core 0) /var/lib/openstack/lib/python3.10/site-packages/pycadf/identifier.py:71: UserWarning: Invalid uuid: cinderv3. To ensure interoperability, identifiers should be a valid uuid. warnings.warn(('Invalid uuid: %s. To ensure interoperability, '
2026-07-14 18:57:38.339 7 INFO cinder.api.openstack.wsgi [req-d15175f6-d1de-4c23-b132-b07505cb9ca2 req-041931ea-4dbc-40dd-bf5b-6d21af61470d 42c5276c71b348a9abacbf421c309197 ff7e564635fa43fa9e2dc3cdab6453c3 - - default default] GET http://cinder-api.openstack.svc.cluster.local:8776/v3/ff7e564635fa43fa9e2dc3cdab6453c3/volumes/b8e596bc-4b92-413d-bf33-3e69c2f87ac5 /var/lib/openstack/lib/python3.10/site-packages/oslo_context/context.py:100: DeprecationWarning: Policy enforcement is depending on the value of is_admin. This key is deprecated. Please update your policy file to use the standard policy values. warnings.warn('Policy enforcement is depending on the value of '
2026-07-14 18:57:38.356 7 INFO cinder.volume.api [req-d15175f6-d1de-4c23-b132-b07505cb9ca2 req-041931ea-4dbc-40dd-bf5b-6d21af61470d 42c5276c71b348a9abacbf421c309197 ff7e564635fa43fa9e2dc3cdab6453c3 - - default default] Volume info retrieved successfully.
2026-07-14 18:57:38.361 7 INFO cinder.api.openstack.wsgi [req-d15175f6-d1de-4c23-b132-b07505cb9ca2 req-041931ea-4dbc-40dd-bf5b-6d21af61470d 42c5276c71b348a9abacbf421c309197 ff7e564635fa43fa9e2dc3cdab6453c3 - - default default] http://cinder-api.openstack.svc.cluster.local:8776/v3/ff7e564635fa43fa9e2dc3cdab6453c3/volumes/b8e596bc-4b92-413d-bf33-3e69c2f87ac5 returned with HTTP 200 [pid: 7|app: 0|req: 478/965] 10.0.0.85 () {34 vars in 1027 bytes} [Tue Jul 14 18:57:38 2026] GET /v3/ff7e564635fa43fa9e2dc3cdab6453c3/volumes/b8e596bc-4b92-413d-bf33-3e69c2f87ac5 => generated 1675 bytes in 33 msecs (HTTP/1.1 200) 7 headers in 286 bytes (1 switches on core 0)
2026-07-14 18:57:38.372 8 INFO cinder.api.openstack.wsgi [req-d15175f6-d1de-4c23-b132-b07505cb9ca2 req-8ea6decb-d03a-4dc9-b146-559c522b44df 42c5276c71b348a9abacbf421c309197 ff7e564635fa43fa9e2dc3cdab6453c3 - - default default] GET http://cinder-api.openstack.svc.cluster.local:8776/
2026-07-14 18:57:38.373 8 INFO cinder.api.openstack.wsgi [req-d15175f6-d1de-4c23-b132-b07505cb9ca2 req-8ea6decb-d03a-4dc9-b146-559c522b44df 42c5276c71b348a9abacbf421c309197 ff7e564635fa43fa9e2dc3cdab6453c3 - - default default] http://cinder-api.openstack.svc.cluster.local:8776/ returned with HTTP 300 [pid: 8|app: 0|req: 488/966] 10.0.0.85 () {32 vars in 828 bytes} [Tue Jul 14 18:57:38 2026] GET / => generated 411 bytes in 2 msecs (HTTP/1.1 300) 5 headers in 169 bytes (1 switches on core 0) /var/lib/openstack/lib/python3.10/site-packages/pycadf/identifier.py:71: UserWarning: Invalid uuid: cinderv3. To ensure interoperability, identifiers should be a valid uuid. warnings.warn(('Invalid uuid: %s. To ensure interoperability, '
2026-07-14 18:57:38.386 7 INFO cinder.api.openstack.wsgi [req-d15175f6-d1de-4c23-b132-b07505cb9ca2 req-33e4b537-231d-4491-9893-7c709daf1efb 42c5276c71b348a9abacbf421c309197 ff7e564635fa43fa9e2dc3cdab6453c3 - - default default] POST http://cinder-api.openstack.svc.cluster.local:8776/v3/ff7e564635fa43fa9e2dc3cdab6453c3/attachments /var/lib/openstack/lib/python3.10/site-packages/oslo_context/context.py:100: DeprecationWarning: Policy enforcement is depending on the value of is_admin. This key is deprecated. Please update your policy file to use the standard policy values. warnings.warn('Policy enforcement is depending on the value of '
2026-07-14 18:57:38.454 7 INFO cinder.api.openstack.wsgi [req-d15175f6-d1de-4c23-b132-b07505cb9ca2 req-33e4b537-231d-4491-9893-7c709daf1efb 42c5276c71b348a9abacbf421c309197 ff7e564635fa43fa9e2dc3cdab6453c3 - - default default] http://cinder-api.openstack.svc.cluster.local:8776/v3/ff7e564635fa43fa9e2dc3cdab6453c3/attachments returned with HTTP 200 [pid: 7|app: 0|req: 479/967] 10.0.0.85 () {40 vars in 1056 bytes} [Tue Jul 14 18:57:38 2026] POST /v3/ff7e564635fa43fa9e2dc3cdab6453c3/attachments => generated 273 bytes in 76 msecs (HTTP/1.1 200) 7 headers in 286 bytes (1 switches on core 0) /var/lib/openstack/lib/python3.10/site-packages/pycadf/identifier.py:71: UserWarning: Invalid uuid: cinderv3. To ensure interoperability, identifiers should be a valid uuid. warnings.warn(('Invalid uuid: %s. To ensure interoperability, '
2026-07-14 18:57:39.007 8 INFO cinder.api.openstack.wsgi [req-d851ac49-ac54-4ada-9b52-028ffe0d3013 req-ecc5dff5-c4b4-4e54-bc8d-8d015d462300 42c5276c71b348a9abacbf421c309197 ff7e564635fa43fa9e2dc3cdab6453c3 - - default default] GET http://cinder-api.openstack.svc.cluster.local:8776/v3/ff7e564635fa43fa9e2dc3cdab6453c3/volumes/b8e596bc-4b92-413d-bf33-3e69c2f87ac5 /var/lib/openstack/lib/python3.10/site-packages/oslo_context/context.py:100: DeprecationWarning: Policy enforcement is depending on the value of is_admin. This key is deprecated. Please update your policy file to use the standard policy values. warnings.warn('Policy enforcement is depending on the value of '
2026-07-14 18:57:39.027 8 INFO cinder.volume.api [req-d851ac49-ac54-4ada-9b52-028ffe0d3013 req-ecc5dff5-c4b4-4e54-bc8d-8d015d462300 42c5276c71b348a9abacbf421c309197 ff7e564635fa43fa9e2dc3cdab6453c3 - - default default] Volume info retrieved successfully.
2026-07-14 18:57:39.035 8 INFO cinder.api.openstack.wsgi [req-d851ac49-ac54-4ada-9b52-028ffe0d3013 req-ecc5dff5-c4b4-4e54-bc8d-8d015d462300 42c5276c71b348a9abacbf421c309197 ff7e564635fa43fa9e2dc3cdab6453c3 - - default default] http://cinder-api.openstack.svc.cluster.local:8776/v3/ff7e564635fa43fa9e2dc3cdab6453c3/volumes/b8e596bc-4b92-413d-bf33-3e69c2f87ac5 returned with HTTP 200 [pid: 8|app: 0|req: 489/968] 199.19.213.161 () {32 vars in 825 bytes} [Tue Jul 14 18:57:38 2026] GET /v3/ff7e564635fa43fa9e2dc3cdab6453c3/volumes/b8e596bc-4b92-413d-bf33-3e69c2f87ac5 => generated 1674 bytes in 38 msecs (HTTP/1.1 200) 7 headers in 286 bytes (1 switches on core 0)
2026-07-14 18:57:39.456 7 INFO cinder.api.openstack.wsgi [req-d15175f6-d1de-4c23-b132-b07505cb9ca2 req-33e4b537-231d-4491-9893-7c709daf1efb 42c5276c71b348a9abacbf421c309197 ff7e564635fa43fa9e2dc3cdab6453c3 - - default default] GET http://cinder-api.openstack.svc.cluster.local:8776/
2026-07-14 18:57:39.459 7 INFO cinder.api.openstack.wsgi [req-d15175f6-d1de-4c23-b132-b07505cb9ca2 req-33e4b537-231d-4491-9893-7c709daf1efb 42c5276c71b348a9abacbf421c309197 ff7e564635fa43fa9e2dc3cdab6453c3 - - default default] http://cinder-api.openstack.svc.cluster.local:8776/ returned with HTTP 300 [pid: 7|app: 0|req: 480/969] 199.19.213.161 () {32 vars in 840 bytes} [Tue Jul 14 18:57:39 2026] GET / => generated 411 bytes in 4 msecs (HTTP/1.1 300) 5 headers in 169 bytes (1 switches on core 0) /var/lib/openstack/lib/python3.10/site-packages/pycadf/identifier.py:71: UserWarning: Invalid uuid: cinderv3. To ensure interoperability, identifiers should be a valid uuid. warnings.warn(('Invalid uuid: %s. To ensure interoperability, '
2026-07-14 18:57:39.477 8 INFO cinder.api.openstack.wsgi [req-d15175f6-d1de-4c23-b132-b07505cb9ca2 req-11b0faeb-a94b-4732-8996-867b9feebeef 42c5276c71b348a9abacbf421c309197 ff7e564635fa43fa9e2dc3cdab6453c3 - - default default] GET http://cinder-api.openstack.svc.cluster.local:8776/v3/ff7e564635fa43fa9e2dc3cdab6453c3/volumes/b8e596bc-4b92-413d-bf33-3e69c2f87ac5 /var/lib/openstack/lib/python3.10/site-packages/oslo_context/context.py:100: DeprecationWarning: Policy enforcement is depending on the value of is_admin. This key is deprecated. Please update your policy file to use the standard policy values. warnings.warn('Policy enforcement is depending on the value of '
