2026-07-14 18:54:49.686 9 INFO neutron.wsgi [None req-5e6078a8-5a49-4343-be62-20b210fcfd40 4f0202ec8223444bbeac50718016c4ce e9f2d98f69e644068c175b8717ae4d9e - - default default] 10.0.0.110 "POST /v2.0/subnets HTTP/1.1" status: 201 len: 831 time: 1.3986599
2026-07-14 18:54:49.822 9 INFO neutron.db.ovn_revision_numbers_db [None req-d8355f9d-271a-4933-aa23-17011ac1b9b0 - - - - - -] Successfully bumped revision number for resource 2a662461-ae82-4514-9a42-b0c03e868626 (type: ports) to 2
2026-07-14 18:54:50.108 10 INFO neutron.wsgi [-] 10.0.0.139 "GET / HTTP/1.1" status: 200 len: 247 time: 0.0029299
2026-07-14 18:54:50.111 10 INFO neutron.wsgi [-] 10.0.0.139 "GET / HTTP/1.1" status: 200 len: 247 time: 0.0017638
2026-07-14 18:54:50.273 9 INFO neutron.db.ovn_revision_numbers_db [None req-d8355f9d-271a-4933-aa23-17011ac1b9b0 - - - - - -] Successfully bumped revision number for resource 2a662461-ae82-4514-9a42-b0c03e868626 (type: ports) to 4
2026-07-14 18:54:50.441 9 WARNING neutron_lib.context [None req-26d586be-61df-4caa-9d9d-8e3d98da8962 a184efe8d89942abaccd4b654d6e1b54 68a0e95dc5784cc68eeda2f4adce01a8 - - default default] Method 'is_advsvc' is deprecated since 2023.2 release (neutron-lib 3.8.0) and will be removed once support for the old RBAC API policies will be removed from Neutron. Please use method 'is_service_role' instead.
2026-07-14 18:54:50.496 9 WARNING neutron_lib.context [None req-99ed2ce8-66a3-4511-b4e9-814104da6b9a 2a65f56965024b41a1da2b06f44dc8ba ad1d5ae6d9394aee921060a120fb8fe3 - - default default] Method 'is_advsvc' is deprecated since 2023.2 release (neutron-lib 3.8.0) and will be removed once support for the old RBAC API policies will be removed from Neutron. Please use method 'is_service_role' instead.
2026-07-14 18:54:50.496 9 WARNING neutron_lib.context [None req-99ed2ce8-66a3-4511-b4e9-814104da6b9a 2a65f56965024b41a1da2b06f44dc8ba ad1d5ae6d9394aee921060a120fb8fe3 - - default default] Method 'is_advsvc' is deprecated since 2023.2 release (neutron-lib 3.8.0) and will be removed once support for the old RBAC API policies will be removed from Neutron. Please use method 'is_service_role' instead.
2026-07-14 18:54:50.602 9 INFO neutron.db.ovn_revision_numbers_db [None req-d8355f9d-271a-4933-aa23-17011ac1b9b0 - - - - - -] Successfully bumped revision number for resource 2a662461-ae82-4514-9a42-b0c03e868626 (type: router_ports) to 4
2026-07-14 18:54:50.685 9 INFO neutron.db.ovn_revision_numbers_db [None req-26d586be-61df-4caa-9d9d-8e3d98da8962 a184efe8d89942abaccd4b654d6e1b54 68a0e95dc5784cc68eeda2f4adce01a8 - - default default] Successfully bumped revision number for resource 94a6192e-bb25-4e77-b1b8-75b8c891cafb (type: security_groups) to 1
2026-07-14 18:54:50.692 10 WARNING neutron.scheduler.dhcp_agent_scheduler [None req-6c00a9bb-5913-4891-bc01-f984e472b985 4f0202ec8223444bbeac50718016c4ce e9f2d98f69e644068c175b8717ae4d9e - - default default] No more DHCP agents
2026-07-14 18:54:50.697 10 WARNING neutron.api.rpc.agentnotifiers.dhcp_rpc_agent_api [None req-6c00a9bb-5913-4891-bc01-f984e472b985 4f0202ec8223444bbeac50718016c4ce e9f2d98f69e644068c175b8717ae4d9e - - default default] Unable to schedule network a5852cf1-659f-43b0-9e00-99f2ea2ab250: no agents available; will retry on subsequent port and subnet creation events.
2026-07-14 18:54:50.710 9 INFO neutron.db.ovn_revision_numbers_db [None req-26d586be-61df-4caa-9d9d-8e3d98da8962 a184efe8d89942abaccd4b654d6e1b54 68a0e95dc5784cc68eeda2f4adce01a8 - - default default] Successfully bumped revision number for resource 6d0066b6-48a4-4800-897f-330b6af12706 (type: security_group_rules) to 0
2026-07-14 18:54:50.729 9 INFO neutron.db.ovn_revision_numbers_db [None req-26d586be-61df-4caa-9d9d-8e3d98da8962 a184efe8d89942abaccd4b654d6e1b54 68a0e95dc5784cc68eeda2f4adce01a8 - - default default] Successfully bumped revision number for resource 762d360b-d41f-4a0c-9781-46091aeec233 (type: security_group_rules) to 0
2026-07-14 18:54:50.732 9 INFO neutron.db.ovn_revision_numbers_db [None req-99ed2ce8-66a3-4511-b4e9-814104da6b9a 2a65f56965024b41a1da2b06f44dc8ba ad1d5ae6d9394aee921060a120fb8fe3 - - default default] Successfully bumped revision number for resource 939b1d78-95ec-4213-9d72-df3dcda4d7d4 (type: security_groups) to 1
2026-07-14 18:54:50.746 9 INFO neutron.db.ovn_revision_numbers_db [None req-26d586be-61df-4caa-9d9d-8e3d98da8962 a184efe8d89942abaccd4b654d6e1b54 68a0e95dc5784cc68eeda2f4adce01a8 - - default default] Successfully bumped revision number for resource cabff3b7-1ff5-4e8d-8f34-194a5c08d36d (type: security_group_rules) to 0
2026-07-14 18:54:50.748 9 INFO neutron.db.ovn_revision_numbers_db [None req-99ed2ce8-66a3-4511-b4e9-814104da6b9a 2a65f56965024b41a1da2b06f44dc8ba ad1d5ae6d9394aee921060a120fb8fe3 - - default default] Successfully bumped revision number for resource 10b47ef7-b258-4058-a980-949dab87cae0 (type: security_group_rules) to 0
2026-07-14 18:54:50.765 9 INFO neutron.db.ovn_revision_numbers_db [None req-26d586be-61df-4caa-9d9d-8e3d98da8962 a184efe8d89942abaccd4b654d6e1b54 68a0e95dc5784cc68eeda2f4adce01a8 - - default default] Successfully bumped revision number for resource e5a89fdd-4c36-426b-855b-4c183303bd1e (type: security_group_rules) to 0
2026-07-14 18:54:50.769 9 INFO neutron.db.ovn_revision_numbers_db [None req-99ed2ce8-66a3-4511-b4e9-814104da6b9a 2a65f56965024b41a1da2b06f44dc8ba ad1d5ae6d9394aee921060a120fb8fe3 - - default default] Successfully bumped revision number for resource 4c83a798-663e-4268-a278-a7119f6cc5f5 (type: security_group_rules) to 0
2026-07-14 18:54:50.798 9 INFO neutron.db.ovn_revision_numbers_db [None req-99ed2ce8-66a3-4511-b4e9-814104da6b9a 2a65f56965024b41a1da2b06f44dc8ba ad1d5ae6d9394aee921060a120fb8fe3 - - default default] Successfully bumped revision number for resource 598bcfa4-9c83-4bff-b8c4-aa2e86f463fa (type: security_group_rules) to 0
2026-07-14 18:54:50.819 9 INFO neutron.db.ovn_revision_numbers_db [None req-99ed2ce8-66a3-4511-b4e9-814104da6b9a 2a65f56965024b41a1da2b06f44dc8ba ad1d5ae6d9394aee921060a120fb8fe3 - - default default] Successfully bumped revision number for resource ea32b4e2-54f0-4478-aefa-1184c9c2c35d (type: security_group_rules) to 0
2026-07-14 18:54:50.886 10 INFO neutron.db.ovn_revision_numbers_db [None req-6c00a9bb-5913-4891-bc01-f984e472b985 4f0202ec8223444bbeac50718016c4ce e9f2d98f69e644068c175b8717ae4d9e - - default default] Successfully bumped revision number for resource 18e6dd5b-f30b-4f1f-8d2c-be3e2e12f36d (type: ports) to 1
2026-07-14 18:54:50.892 9 INFO neutron.db.ovn_revision_numbers_db [None req-26d586be-61df-4caa-9d9d-8e3d98da8962 a184efe8d89942abaccd4b654d6e1b54 68a0e95dc5784cc68eeda2f4adce01a8 - - default default] Successfully bumped revision number for resource cda03ebe-b18c-44f0-96c6-2852b6351929 (type: security_groups) to 1
2026-07-14 18:54:50.912 9 INFO neutron.db.ovn_revision_numbers_db [None req-26d586be-61df-4caa-9d9d-8e3d98da8962 a184efe8d89942abaccd4b654d6e1b54 68a0e95dc5784cc68eeda2f4adce01a8 - - default default] Successfully bumped revision number for resource 3ec92f86-5530-47a0-9f8b-f0296f4b0ddd (type: security_group_rules) to 0
2026-07-14 18:54:50.914 9 INFO neutron.db.segments_db [None req-99ed2ce8-66a3-4511-b4e9-814104da6b9a 2a65f56965024b41a1da2b06f44dc8ba ad1d5ae6d9394aee921060a120fb8fe3 - - default default] Added segment 10f3324a-171a-4a58-9540-10b3dba9370d of type geneve for network 9b004803-038d-474d-9976-405fb928c649
2026-07-14 18:54:50.952 9 INFO neutron.db.ovn_revision_numbers_db [None req-26d586be-61df-4caa-9d9d-8e3d98da8962 a184efe8d89942abaccd4b654d6e1b54 68a0e95dc5784cc68eeda2f4adce01a8 - - default default] Successfully bumped revision number for resource a909bb16-6d0f-43ad-8022-1ddd02b5d28e (type: security_group_rules) to 0
2026-07-14 18:54:51.012 9 INFO neutron.wsgi [None req-26d586be-61df-4caa-9d9d-8e3d98da8962 a184efe8d89942abaccd4b654d6e1b54 68a0e95dc5784cc68eeda2f4adce01a8 - - default default] 10.0.0.110 "POST /v2.0/security-groups HTTP/1.1" status: 201 len: 1824 time: 0.7766721
2026-07-14 18:54:51.084 9 INFO neutron.wsgi [req-5980307b-1f55-49ed-9c85-985514df86b3 req-d1d7a8d6-b300-48b3-b834-43bdc799053d 1fa58e055fdc46a98ee3627bd65f5a34 929807330ec84ad897dc573f4eb278b8 - - default default] 10.0.0.85 "GET /v2.0/ports?device_id=1dca1afb-f3fc-40bb-bc15-f5880bf458c2 HTTP/1.1" status: 200 len: 1174 time: 0.1654251
2026-07-14 18:54:51.095 9 INFO neutron.wsgi [None req-a5bb4ac5-c3eb-4d9e-ad14-d762b04a72a0 a184efe8d89942abaccd4b654d6e1b54 68a0e95dc5784cc68eeda2f4adce01a8 - - default default] 10.0.0.110 "GET /v2.0/security-groups HTTP/1.1" status: 200 len: 4724 time: 0.0758162
2026-07-14 18:54:51.116 9 INFO neutron.db.segments_db [None req-99ed2ce8-66a3-4511-b4e9-814104da6b9a 2a65f56965024b41a1da2b06f44dc8ba ad1d5ae6d9394aee921060a120fb8fe3 - - default default] Added segment fa99b18b-3483-4b86-bbc9-cb549c098a57 of type geneve for network 3a9d6e45-e32b-4016-a8ce-4cfc22650e73
2026-07-14 18:54:51.151 9 INFO neutron.wsgi [req-5980307b-1f55-49ed-9c85-985514df86b3 req-e33b62a8-f19d-467d-aa0e-935f89f541c9 1fa58e055fdc46a98ee3627bd65f5a34 929807330ec84ad897dc573f4eb278b8 - - default default] 10.0.0.85 "GET /v2.0/security-groups?id=ebb609b3-95ae-4420-aa8a-6ebaa6c56ac5&fields=id&fields=name HTTP/1.1" status: 200 len: 311 time: 0.0550663
2026-07-14 18:54:51.201 10 INFO neutron.db.ovn_revision_numbers_db [None req-3bf42643-fb15-4cc6-b4f2-32410293a19d a184efe8d89942abaccd4b654d6e1b54 68a0e95dc5784cc68eeda2f4adce01a8 - - default default] Successfully bumped revision number for resource cda03ebe-b18c-44f0-96c6-2852b6351929 (type: security_groups) to 2
2026-07-14 18:54:51.204 10 INFO neutron.wsgi [None req-3bf42643-fb15-4cc6-b4f2-32410293a19d a184efe8d89942abaccd4b654d6e1b54 68a0e95dc5784cc68eeda2f4adce01a8 - - default default] 10.0.0.110 "PUT /v2.0/security-groups/cda03ebe-b18c-44f0-96c6-2852b6351929 HTTP/1.1" status: 200 len: 1858 time: 0.1021917
2026-07-14 18:54:51.269 9 INFO neutron.wsgi [None req-814bde0d-2f49-41e1-aba9-02f201760ba0 a184efe8d89942abaccd4b654d6e1b54 68a0e95dc5784cc68eeda2f4adce01a8 - - default default] 10.0.0.110 "GET /v2.0/security-groups/cda03ebe-b18c-44f0-96c6-2852b6351929 HTTP/1.1" status: 200 len: 1858 time: 0.0569751
2026-07-14 18:54:51.321 9 INFO neutron.db.ovn_revision_numbers_db [None req-99ed2ce8-66a3-4511-b4e9-814104da6b9a 2a65f56965024b41a1da2b06f44dc8ba ad1d5ae6d9394aee921060a120fb8fe3 - - default default] Successfully bumped revision number for resource 9b004803-038d-474d-9976-405fb928c649 (type: networks) to 1
2026-07-14 18:54:51.388 9 INFO neutron.plugins.ml2.drivers.ovn.mech_driver.mech_driver [None req-b3893bc5-85d2-406f-b2ce-5ab6e62dbb5a - - - - - -] OVN reports status down for port: 26a38312-21c5-47ad-ba6e-447eac0c1c6f
2026-07-14 18:54:51.453 9 INFO neutron.wsgi [req-1219ea04-3333-473b-9023-5425a8f0ba42 req-12f12563-4e89-4903-aa55-5d837d63fe3a 1fa58e055fdc46a98ee3627bd65f5a34 929807330ec84ad897dc573f4eb278b8 - - default default] 10.0.0.85 "GET /v2.0/ports?device_id=1dca1afb-f3fc-40bb-bc15-f5880bf458c2 HTTP/1.1" status: 200 len: 1174 time: 0.0957973
2026-07-14 18:54:51.568 9 INFO neutron.wsgi [req-1219ea04-3333-473b-9023-5425a8f0ba42 req-c271788b-53e3-4b18-a59a-a9e4a27257ec 1fa58e055fdc46a98ee3627bd65f5a34 929807330ec84ad897dc573f4eb278b8 - - default default] 10.0.0.85 "GET /v2.0/security-groups?id=ebb609b3-95ae-4420-aa8a-6ebaa6c56ac5&fields=id&fields=name HTTP/1.1" status: 200 len: 311 time: 0.1067417
2026-07-14 18:54:51.609 9 INFO neutron.wsgi [None req-9a363618-fe6a-4f8a-a122-08275433b5aa a184efe8d89942abaccd4b654d6e1b54 68a0e95dc5784cc68eeda2f4adce01a8 - - default default] 10.0.0.110 "DELETE /v2.0/security-groups/cda03ebe-b18c-44f0-96c6-2852b6351929 HTTP/1.1" status: 204 len: 168 time: 0.3292339
2026-07-14 18:54:51.683 10 INFO neutron.wsgi [None req-41532c12-3985-4783-8b27-2b0b3bb6499f a184efe8d89942abaccd4b654d6e1b54 68a0e95dc5784cc68eeda2f4adce01a8 - - default default] 10.0.0.110 "GET /v2.0/security-groups HTTP/1.1" status: 200 len: 3120 time: 0.0675561
2026-07-14 18:54:51.734 10 INFO neutron.api.v2.resource [None req-936aadb8-4e21-430e-bfe9-71eb9e6e6650 a184efe8d89942abaccd4b654d6e1b54 68a0e95dc5784cc68eeda2f4adce01a8 - - default default] delete failed (client error): The resource could not be found.
2026-07-14 18:54:51.735 10 INFO neutron.wsgi [None req-936aadb8-4e21-430e-bfe9-71eb9e6e6650 a184efe8d89942abaccd4b654d6e1b54 68a0e95dc5784cc68eeda2f4adce01a8 - - default default] 10.0.0.110 "DELETE /v2.0/security-groups/cda03ebe-b18c-44f0-96c6-2852b6351929 HTTP/1.1" status: 404 len: 347 time: 0.0409291
2026-07-14 18:54:51.740 10 ERROR ovsdbapp.backend.ovs_idl.command [None req-6c00a9bb-5913-4891-bc01-f984e472b985 4f0202ec8223444bbeac50718016c4ce e9f2d98f69e644068c175b8717ae4d9e - - default default] Error executing command (DbGetCommand): ovsdbapp.backend.ovs_idl.idlutils.RowNotFound: Cannot find Logical_Router_Port with name=lrp-18e6dd5b-f30b-4f1f-8d2c-be3e2e12f36d
2026-07-14 18:54:51.740 10 ERROR ovsdbapp.backend.ovs_idl.command
Traceback (most recent call last):
2026-07-14 18:54:51.740 10 ERROR ovsdbapp.backend.ovs_idl.command
File "/var/lib/openstack/lib/python3.10/site-packages/ovsdbapp/backend/ovs_idl/command.py", line 47, in execute
2026-07-14 18:54:51.740 10 ERROR ovsdbapp.backend.ovs_idl.command self.run_idl(None)
2026-07-14 18:54:51.740 10 ERROR ovsdbapp.backend.ovs_idl.command
File "/var/lib/openstack/lib/python3.10/site-packages/ovsdbapp/backend/ovs_idl/command.py", line 235, in run_idl
2026-07-14 18:54:51.740 10 ERROR ovsdbapp.backend.ovs_idl.command record = self.api.lookup(self.table, self.record)
2026-07-14 18:54:51.740 10 ERROR ovsdbapp.backend.ovs_idl.command
File "/var/lib/openstack/lib/python3.10/site-packages/ovsdbapp/backend/ovs_idl/__init__.py", line 184, in lookup
2026-07-14 18:54:51.740 10 ERROR ovsdbapp.backend.ovs_idl.command return self._lookup(table, record)
2026-07-14 18:54:51.740 10 ERROR ovsdbapp.backend.ovs_idl.command
File "/var/lib/openstack/lib/python3.10/site-packages/ovsdbapp/backend/ovs_idl/__init__.py", line 235, in _lookup
2026-07-14 18:54:51.740 10 ERROR ovsdbapp.backend.ovs_idl.command row = idlutils.row_by_value(self, rl.table, rl.column, record)
2026-07-14 18:54:51.740 10 ERROR ovsdbapp.backend.ovs_idl.command
File "/var/lib/openstack/lib/python3.10/site-packages/ovsdbapp/backend/ovs_idl/idlutils.py", line 114, in row_by_value
2026-07-14 18:54:51.740 10 ERROR ovsdbapp.backend.ovs_idl.command raise RowNotFound(table=table, col=column, match=match)
2026-07-14 18:54:51.740 10 ERROR ovsdbapp.backend.ovs_idl.command ovsdbapp.backend.ovs_idl.idlutils.RowNotFound: Cannot find Logical_Router_Port with name=lrp-18e6dd5b-f30b-4f1f-8d2c-be3e2e12f36d
2026-07-14 18:54:51.740 10 ERROR ovsdbapp.backend.ovs_idl.command 
2026-07-14 18:54:51.740 10 ERROR neutron_lib.callbacks.manager [None req-6c00a9bb-5913-4891-bc01-f984e472b985 4f0202ec8223444bbeac50718016c4ce e9f2d98f69e644068c175b8717ae4d9e - - default default] Error during notification for neutron.services.ovn_l3.plugin.OVNL3RouterPlugin._port_update-8746044657382 port, after_update: ovsdbapp.backend.ovs_idl.idlutils.RowNotFound: Cannot find Logical_Router_Port with name=lrp-18e6dd5b-f30b-4f1f-8d2c-be3e2e12f36d
2026-07-14 18:54:51.740 10 ERROR neutron_lib.callbacks.manager
Traceback (most recent call last):
2026-07-14 18:54:51.740 10 ERROR neutron_lib.callbacks.manager
File "/var/lib/openstack/lib/python3.10/site-packages/neutron_lib/callbacks/manager.py", line 189, in _notify_loop
2026-07-14 18:54:51.740 10 ERROR neutron_lib.callbacks.manager callback.method(resource, event, trigger, payload=payload)
2026-07-14 18:54:51.740 10 ERROR neutron_lib.callbacks.manager
File "/var/lib/openstack/lib/python3.10/site-packages/neutron/services/ovn_l3/plugin.py", line 391, in _port_update
2026-07-14 18:54:51.740 10 ERROR neutron_lib.callbacks.manager l3plugin._ovn_client.update_router_port(context,
2026-07-14 18:54:51.740 10 ERROR neutron_lib.callbacks.manager
File "/var/lib/openstack/lib/python3.10/site-packages/neutron/plugins/ml2/drivers/ovn/mech_driver/ovsdb/ovn_client.py", line 1878, in update_router_port
2026-07-14 18:54:51.740 10 ERROR neutron_lib.callbacks.manager self._update_lrouter_port(context, port, if_exists=if_exists,
2026-07-14 18:54:51.740 10 ERROR neutron_lib.callbacks.manager
File "/var/lib/openstack/lib/python3.10/site-packages/neutron/plugins/ml2/drivers/ovn/mech_driver/ovsdb/ovn_client.py", line 1855, in _update_lrouter_port
2026-07-14 18:54:51.740 10 ERROR neutron_lib.callbacks.manager external_ids = self._nb_idl.db_get(
2026-07-14 18:54:51.740 10 ERROR neutron_lib.callbacks.manager
File "/var/lib/openstack/lib/python3.10/site-packages/ovsdbapp/backend/ovs_idl/command.py", line 47, in execute
2026-07-14 18:54:51.740 10 ERROR neutron_lib.callbacks.manager self.run_idl(None)
2026-07-14 18:54:51.740 10 ERROR neutron_lib.callbacks.manager
File "/var/lib/openstack/lib/python3.10/site-packages/ovsdbapp/backend/ovs_idl/command.py", line 235, in run_idl
2026-07-14 18:54:51.740 10 ERROR neutron_lib.callbacks.manager record = self.api.lookup(self.table, self.record)
2026-07-14 18:54:51.740 10 ERROR neutron_lib.callbacks.manager
File "/var/lib/openstack/lib/python3.10/site-packages/ovsdbapp/backend/ovs_idl/__init__.py", line 184, in lookup
2026-07-14 18:54:51.740 10 ERROR neutron_lib.callbacks.manager return self._lookup(table, record)
2026-07-14 18:54:51.740 10 ERROR neutron_lib.callbacks.manager
File "/var/lib/openstack/lib/python3.10/site-packages/ovsdbapp/backend/ovs_idl/__init__.py", line 235, in _lookup
2026-07-14 18:54:51.740 10 ERROR neutron_lib.callbacks.manager row = idlutils.row_by_value(self, rl.table, rl.column, record)
2026-07-14 18:54:51.740 10 ERROR neutron_lib.callbacks.manager
File "/var/lib/openstack/lib/python3.10/site-packages/ovsdbapp/backend/ovs_idl/idlutils.py", line 114, in row_by_value
2026-07-14 18:54:51.740 10 ERROR neutron_lib.callbacks.manager raise RowNotFound(table=table, col=column, match=match)
2026-07-14 18:54:51.740 10 ERROR neutron_lib.callbacks.manager ovsdbapp.backend.ovs_idl.idlutils.RowNotFound: Cannot find Logical_Router_Port with name=lrp-18e6dd5b-f30b-4f1f-8d2c-be3e2e12f36d
2026-07-14 18:54:51.740 10 ERROR neutron_lib.callbacks.manager 
2026-07-14 18:54:51.754 10 WARNING neutron_lib.context [None req-fad3a566-a177-4356-861f-8445cdb67518 a184efe8d89942abaccd4b654d6e1b54 68a0e95dc5784cc68eeda2f4adce01a8 - - default default] Method 'is_advsvc' is deprecated since 2023.2 release (neutron-lib 3.8.0) and will be removed once support for the old RBAC API policies will be removed from Neutron. Please use method 'is_service_role' instead.
2026-07-14 18:54:51.864 10 INFO neutron.wsgi [req-f007c46a-e060-476e-b5ee-f3f88c2a15d5 req-4e1a2287-e25c-4c0c-9dae-dc72af7e5ece 1fa58e055fdc46a98ee3627bd65f5a34 929807330ec84ad897dc573f4eb278b8 - - default default] 199.19.213.161 "GET /v2.0/ports?device_id=1dca1afb-f3fc-40bb-bc15-f5880bf458c2 HTTP/1.1" status: 200 len: 1172 time: 0.1803780
2026-07-14 18:54:51.904 9 INFO neutron.notifiers.nova [-] Nova event matching ['req-d95b0ae5-1b85-46e9-80b3-35bb47232f38'] response: {'server_uuid': '1dca1afb-f3fc-40bb-bc15-f5880bf458c2', 'name': 'network-vif-unplugged', 'status': 'completed', 'tag': '26a38312-21c5-47ad-ba6e-447eac0c1c6f', 'code': 200}
2026-07-14 18:54:51.914 9 WARNING neutron.scheduler.dhcp_agent_scheduler [None req-99ed2ce8-66a3-4511-b4e9-814104da6b9a 2a65f56965024b41a1da2b06f44dc8ba ad1d5ae6d9394aee921060a120fb8fe3 - - default default] No more DHCP agents
2026-07-14 18:54:51.937 9 WARNING neutron.api.rpc.agentnotifiers.dhcp_rpc_agent_api [None req-99ed2ce8-66a3-4511-b4e9-814104da6b9a 2a65f56965024b41a1da2b06f44dc8ba ad1d5ae6d9394aee921060a120fb8fe3 - - default default] Unable to schedule network 9b004803-038d-474d-9976-405fb928c649: no agents available; will retry on subsequent port and subnet creation events.
2026-07-14 18:54:52.047 9 INFO neutron.db.ovn_revision_numbers_db [None req-99ed2ce8-66a3-4511-b4e9-814104da6b9a 2a65f56965024b41a1da2b06f44dc8ba ad1d5ae6d9394aee921060a120fb8fe3 - - default default] Successfully bumped revision number for resource 486a9786-816d-4135-921b-8f9e6daa57b5 (type: ports) to 1
2026-07-14 18:54:52.155 9 INFO neutron.db.ovn_revision_numbers_db [None req-99ed2ce8-66a3-4511-b4e9-814104da6b9a 2a65f56965024b41a1da2b06f44dc8ba ad1d5ae6d9394aee921060a120fb8fe3 - - default default] Successfully bumped revision number for resource 3a9d6e45-e32b-4016-a8ce-4cfc22650e73 (type: networks) to 1
2026-07-14 18:54:52.187 9 INFO neutron.db.ovn_revision_numbers_db [None req-b3893bc5-85d2-406f-b2ce-5ab6e62dbb5a - - - - - -] Successfully bumped revision number for resource 26a38312-21c5-47ad-ba6e-447eac0c1c6f (type: ports) to 7
2026-07-14 18:54:52.265 10 INFO neutron.db.ovn_revision_numbers_db [None req-fad3a566-a177-4356-861f-8445cdb67518 a184efe8d89942abaccd4b654d6e1b54 68a0e95dc5784cc68eeda2f4adce01a8 - - default default] Successfully bumped revision number for resource f270475c-64cc-4239-a0b1-543dd9bce855 (type: security_groups) to 1
2026-07-14 18:54:52.310 10 INFO neutron.db.ovn_revision_numbers_db [None req-fad3a566-a177-4356-861f-8445cdb67518 a184efe8d89942abaccd4b654d6e1b54 68a0e95dc5784cc68eeda2f4adce01a8 - - default default] Successfully bumped revision number for resource 3173821f-9006-4d73-8993-af088338cbef (type: security_group_rules) to 0
2026-07-14 18:54:52.346 10 INFO neutron.db.ovn_revision_numbers_db [None req-fad3a566-a177-4356-861f-8445cdb67518 a184efe8d89942abaccd4b654d6e1b54 68a0e95dc5784cc68eeda2f4adce01a8 - - default default] Successfully bumped revision number for resource e6de48d7-94fc-4bdc-a9bd-862f7971b4a2 (type: security_group_rules) to 0
2026-07-14 18:54:52.379 9 WARNING neutron.scheduler.dhcp_agent_scheduler [None req-99ed2ce8-66a3-4511-b4e9-814104da6b9a 2a65f56965024b41a1da2b06f44dc8ba ad1d5ae6d9394aee921060a120fb8fe3 - - default default] No more DHCP agents
2026-07-14 18:54:52.382 9 WARNING neutron.api.rpc.agentnotifiers.dhcp_rpc_agent_api [None req-99ed2ce8-66a3-4511-b4e9-814104da6b9a 2a65f56965024b41a1da2b06f44dc8ba ad1d5ae6d9394aee921060a120fb8fe3 - - default default] Unable to schedule network 3a9d6e45-e32b-4016-a8ce-4cfc22650e73: no agents available; will retry on subsequent port and subnet creation events.
2026-07-14 18:54:52.392 10 INFO neutron.wsgi [None req-fad3a566-a177-4356-861f-8445cdb67518 a184efe8d89942abaccd4b654d6e1b54 68a0e95dc5784cc68eeda2f4adce01a8 - - default default] 10.0.0.110 "POST /v2.0/security-groups HTTP/1.1" status: 201 len: 1825 time: 0.6443105
2026-07-14 18:54:52.406 10 WARNING neutron_lib.context [None req-26cfeb5d-e71b-416a-ac45-27c1b6b0551f a184efe8d89942abaccd4b654d6e1b54 68a0e95dc5784cc68eeda2f4adce01a8 - - default default] Method 'is_advsvc' is deprecated since 2023.2 release (neutron-lib 3.8.0) and will be removed once support for the old RBAC API policies will be removed from Neutron. Please use method 'is_service_role' instead.
2026-07-14 18:54:52.422 9 INFO neutron.plugins.ml2.drivers.ovn.mech_driver.mech_driver [None req-b3893bc5-85d2-406f-b2ce-5ab6e62dbb5a - - - - - -] OVN reports status up for port: 18e6dd5b-f30b-4f1f-8d2c-be3e2e12f36d
2026-07-14 18:54:52.436 9 INFO neutron.plugins.ml2.plugin [None req-b3893bc5-85d2-406f-b2ce-5ab6e62dbb5a - - - - - -] Attempt 1 to provision port 18e6dd5b-f30b-4f1f-8d2c-be3e2e12f36d
2026-07-14 18:54:52.506 10 INFO neutron.db.ovn_revision_numbers_db [None req-6c00a9bb-5913-4891-bc01-f984e472b985 4f0202ec8223444bbeac50718016c4ce e9f2d98f69e644068c175b8717ae4d9e - - default default] Successfully bumped revision number for resource 18e6dd5b-f30b-4f1f-8d2c-be3e2e12f36d (type: ports) to 1
2026-07-14 18:54:52.511 9 INFO neutron.db.ovn_revision_numbers_db [None req-99ed2ce8-66a3-4511-b4e9-814104da6b9a 2a65f56965024b41a1da2b06f44dc8ba ad1d5ae6d9394aee921060a120fb8fe3 - - default default] Successfully bumped revision number for resource 6cd9df4d-e8d0-451f-87fe-572f9406a004 (type: ports) to 1
2026-07-14 18:54:52.557 9 INFO neutron.wsgi [None req-99ed2ce8-66a3-4511-b4e9-814104da6b9a 2a65f56965024b41a1da2b06f44dc8ba ad1d5ae6d9394aee921060a120fb8fe3 - - default default] 10.0.0.110 "POST /v2.0/networks HTTP/1.1" status: 201 len: 1446 time: 2.2098398 /var/lib/openstack/lib/python3.10/site-packages/pycadf/identifier.py:71: UserWarning: Invalid uuid: neutron. To ensure interoperability, identifiers should be a valid uuid. warnings.warn(('Invalid uuid: %s. To ensure interoperability, '
2026-07-14 18:54:52.694 10 WARNING neutron.scheduler.dhcp_agent_scheduler [None req-6c00a9bb-5913-4891-bc01-f984e472b985 4f0202ec8223444bbeac50718016c4ce e9f2d98f69e644068c175b8717ae4d9e - - default default] No more DHCP agents
2026-07-14 18:54:52.709 9 INFO neutron.wsgi [req-86d20fd2-5457-4636-95fe-97a7f592ca30 req-a2b94fd3-4260-4f67-8583-c817961eed93 1fa58e055fdc46a98ee3627bd65f5a34 929807330ec84ad897dc573f4eb278b8 - - default default] 10.0.0.85 "GET /v2.0/ports?device_id=1dca1afb-f3fc-40bb-bc15-f5880bf458c2 HTTP/1.1" status: 200 len: 1172 time: 0.0662794
2026-07-14 18:54:52.715 10 WARNING neutron.api.rpc.agentnotifiers.dhcp_rpc_agent_api [None req-6c00a9bb-5913-4891-bc01-f984e472b985 4f0202ec8223444bbeac50718016c4ce e9f2d98f69e644068c175b8717ae4d9e - - default default] Unable to schedule network a5852cf1-659f-43b0-9e00-99f2ea2ab250: no agents available; will retry on subsequent port and subnet creation events.
2026-07-14 18:54:52.733 9 INFO neutron.wsgi [None req-4c6f3171-834c-4c3c-87ab-77e4d0d16023 2a65f56965024b41a1da2b06f44dc8ba ad1d5ae6d9394aee921060a120fb8fe3 - - default default] 10.0.0.110 "GET /v2.0/networks HTTP/1.1" status: 200 len: 2052 time: 0.1698418
2026-07-14 18:54:52.809 9 INFO neutron.wsgi [req-86d20fd2-5457-4636-95fe-97a7f592ca30 req-f0fc210a-00f7-4921-9126-e4641c0d4b69 1fa58e055fdc46a98ee3627bd65f5a34 929807330ec84ad897dc573f4eb278b8 - - default default] 10.0.0.85 "GET /v2.0/security-groups?id=ebb609b3-95ae-4420-aa8a-6ebaa6c56ac5&fields=id&fields=name HTTP/1.1" status: 200 len: 311 time: 0.0741804
2026-07-14 18:54:52.918 10 INFO neutron.db.ovn_revision_numbers_db [None req-26cfeb5d-e71b-416a-ac45-27c1b6b0551f a184efe8d89942abaccd4b654d6e1b54 68a0e95dc5784cc68eeda2f4adce01a8 - - default default] Successfully bumped revision number for resource c7f64e14-480e-4046-ad3b-df3c1595183a (type: security_group_rules) to 0
2026-07-14 18:54:52.921 10 INFO neutron.db.l3_db [req-f007c46a-e060-476e-b5ee-f3f88c2a15d5 req-e98783c8-d11d-4fc8-bb27-103066624e64 1fa58e055fdc46a98ee3627bd65f5a34 929807330ec84ad897dc573f4eb278b8 - - default default] Floating IP 3d21aa24-dbf0-4404-860b-710683234a7f disassociated. External IP: 10.96.250.204, port: 26a38312-21c5-47ad-ba6e-447eac0c1c6f.
2026-07-14 18:54:52.995 10 INFO neutron.wsgi [None req-26cfeb5d-e71b-416a-ac45-27c1b6b0551f a184efe8d89942abaccd4b654d6e1b54 68a0e95dc5784cc68eeda2f4adce01a8 - - default default] 10.0.0.110 "POST /v2.0/security-group-rules HTTP/1.1" status: 201 len: 800 time: 0.5947936
2026-07-14 18:54:53.048 9 INFO neutron.wsgi [None req-563f8bc0-ee9f-4a6e-9fe7-5fc5cf88b485 a184efe8d89942abaccd4b654d6e1b54 68a0e95dc5784cc68eeda2f4adce01a8 - - default default] 10.0.0.110 "GET /v2.0/security-group-rules/c7f64e14-480e-4046-ad3b-df3c1595183a HTTP/1.1" status: 200 len: 795 time: 0.0473619
2026-07-14 18:54:53.069 9 INFO neutron.db.ovn_revision_numbers_db [None req-b3893bc5-85d2-406f-b2ce-5ab6e62dbb5a - - - - - -] Successfully bumped revision number for resource 18e6dd5b-f30b-4f1f-8d2c-be3e2e12f36d (type: ports) to 2
2026-07-14 18:54:53.196 9 INFO neutron.wsgi [None req-fa4baa5f-b55e-4a55-b79a-67d89b972629 a184efe8d89942abaccd4b654d6e1b54 68a0e95dc5784cc68eeda2f4adce01a8 - - default default] 10.0.0.110 "GET /v2.0/security-group-rules HTTP/1.1" status: 200 len: 4333 time: 0.1427164
2026-07-14 18:54:53.212 9 ERROR ovsdbapp.backend.ovs_idl.command [None req-b3893bc5-85d2-406f-b2ce-5ab6e62dbb5a - - - - - -] Error executing command (DbGetCommand): ovsdbapp.backend.ovs_idl.idlutils.RowNotFound: Cannot find Logical_Router_Port with name=lrp-18e6dd5b-f30b-4f1f-8d2c-be3e2e12f36d
2026-07-14 18:54:53.212 9 ERROR ovsdbapp.backend.ovs_idl.command
Traceback (most recent call last):
2026-07-14 18:54:53.212 9 ERROR ovsdbapp.backend.ovs_idl.command
File "/var/lib/openstack/lib/python3.10/site-packages/ovsdbapp/backend/ovs_idl/command.py", line 47, in execute
2026-07-14 18:54:53.212 9 ERROR ovsdbapp.backend.ovs_idl.command self.run_idl(None)
2026-07-14 18:54:53.212 9 ERROR ovsdbapp.backend.ovs_idl.command
File "/var/lib/openstack/lib/python3.10/site-packages/ovsdbapp/backend/ovs_idl/command.py", line 235, in run_idl
2026-07-14 18:54:53.212 9 ERROR ovsdbapp.backend.ovs_idl.command record = self.api.lookup(self.table, self.record)
2026-07-14 18:54:53.212 9 ERROR ovsdbapp.backend.ovs_idl.command
File "/var/lib/openstack/lib/python3.10/site-packages/ovsdbapp/backend/ovs_idl/__init__.py", line 184, in lookup
2026-07-14 18:54:53.212 9 ERROR ovsdbapp.backend.ovs_idl.command return self._lookup(table, record)
2026-07-14 18:54:53.212 9 ERROR ovsdbapp.backend.ovs_idl.command
File "/var/lib/openstack/lib/python3.10/site-packages/ovsdbapp/backend/ovs_idl/__init__.py", line 235, in _lookup
2026-07-14 18:54:53.212 9 ERROR ovsdbapp.backend.ovs_idl.command row = idlutils.row_by_value(self, rl.table, rl.column, record)
2026-07-14 18:54:53.212 9 ERROR ovsdbapp.backend.ovs_idl.command
File "/var/lib/openstack/lib/python3.10/site-packages/ovsdbapp/backend/ovs_idl/idlutils.py", line 114, in row_by_value
2026-07-14 18:54:53.212 9 ERROR ovsdbapp.backend.ovs_idl.command raise RowNotFound(table=table, col=column, match=match)
2026-07-14 18:54:53.212 9 ERROR ovsdbapp.backend.ovs_idl.command ovsdbapp.backend.ovs_idl.idlutils.RowNotFound: Cannot find Logical_Router_Port with name=lrp-18e6dd5b-f30b-4f1f-8d2c-be3e2e12f36d
2026-07-14 18:54:53.212 9 ERROR ovsdbapp.backend.ovs_idl.command 
2026-07-14 18:54:53.213 9 ERROR neutron_lib.callbacks.manager [None req-b3893bc5-85d2-406f-b2ce-5ab6e62dbb5a - - - - - -] Error during notification for neutron.services.ovn_l3.plugin.OVNL3RouterPlugin._port_update-8746044657382 port, after_update: ovsdbapp.backend.ovs_idl.idlutils.RowNotFound: Cannot find Logical_Router_Port with name=lrp-18e6dd5b-f30b-4f1f-8d2c-be3e2e12f36d
2026-07-14 18:54:53.213 9 ERROR neutron_lib.callbacks.manager
Traceback (most recent call last):
2026-07-14 18:54:53.213 9 ERROR neutron_lib.callbacks.manager
File "/var/lib/openstack/lib/python3.10/site-packages/neutron_lib/callbacks/manager.py", line 189, in _notify_loop
2026-07-14 18:54:53.213 9 ERROR neutron_lib.callbacks.manager callback.method(resource, event, trigger, payload=payload)
2026-07-14 18:54:53.213 9 ERROR neutron_lib.callbacks.manager
File "/var/lib/openstack/lib/python3.10/site-packages/neutron/services/ovn_l3/plugin.py", line 391, in _port_update
2026-07-14 18:54:53.213 9 ERROR neutron_lib.callbacks.manager l3plugin._ovn_client.update_router_port(context,
2026-07-14 18:54:53.213 9 ERROR neutron_lib.callbacks.manager
File "/var/lib/openstack/lib/python3.10/site-packages/neutron/plugins/ml2/drivers/ovn/mech_driver/ovsdb/ovn_client.py", line 1878, in update_router_port
2026-07-14 18:54:53.213 9 ERROR neutron_lib.callbacks.manager self._update_lrouter_port(context, port, if_exists=if_exists,
2026-07-14 18:54:53.213 9 ERROR neutron_lib.callbacks.manager
File "/var/lib/openstack/lib/python3.10/site-packages/neutron/plugins/ml2/drivers/ovn/mech_driver/ovsdb/ovn_client.py", line 1855, in _update_lrouter_port
2026-07-14 18:54:53.213 9 ERROR neutron_lib.callbacks.manager external_ids = self._nb_idl.db_get(
2026-07-14 18:54:53.213 9 ERROR neutron_lib.callbacks.manager
File "/var/lib/openstack/lib/python3.10/site-packages/ovsdbapp/backend/ovs_idl/command.py", line 47, in execute
2026-07-14 18:54:53.213 9 ERROR neutron_lib.callbacks.manager self.run_idl(None)
2026-07-14 18:54:53.213 9 ERROR neutron_lib.callbacks.manager
File "/var/lib/openstack/lib/python3.10/site-packages/ovsdbapp/backend/ovs_idl/command.py", line 235, in run_idl
2026-07-14 18:54:53.213 9 ERROR neutron_lib.callbacks.manager record = self.api.lookup(self.table, self.record)
2026-07-14 18:54:53.213 9 ERROR neutron_lib.callbacks.manager
File "/var/lib/openstack/lib/python3.10/site-packages/ovsdbapp/backend/ovs_idl/__init__.py", line 184, in lookup
2026-07-14 18:54:53.213 9 ERROR neutron_lib.callbacks.manager return self._lookup(table, record)
2026-07-14 18:54:53.213 9 ERROR neutron_lib.callbacks.manager
File "/var/lib/openstack/lib/python3.10/site-packages/ovsdbapp/backend/ovs_idl/__init__.py", line 235, in _lookup
2026-07-14 18:54:53.213 9 ERROR neutron_lib.callbacks.manager row = idlutils.row_by_value(self, rl.table, rl.column, record)
2026-07-14 18:54:53.213 9 ERROR neutron_lib.callbacks.manager
File "/var/lib/openstack/lib/python3.10/site-packages/ovsdbapp/backend/ovs_idl/idlutils.py", line 114, in row_by_value
2026-07-14 18:54:53.213 9 ERROR neutron_lib.callbacks.manager raise RowNotFound(table=table, col=column, match=match)
2026-07-14 18:54:53.213 9 ERROR neutron_lib.callbacks.manager ovsdbapp.backend.ovs_idl.idlutils.RowNotFound: Cannot find Logical_Router_Port with name=lrp-18e6dd5b-f30b-4f1f-8d2c-be3e2e12f36d
2026-07-14 18:54:53.213 9 ERROR neutron_lib.callbacks.manager  /var/lib/openstack/lib/python3.10/site-packages/pycadf/identifier.py:71: UserWarning: Invalid uuid: neutron. To ensure interoperability, identifiers should be a valid uuid. warnings.warn(('Invalid uuid: %s. To ensure interoperability, '
2026-07-14 18:54:53.231 10 INFO neutron.wsgi [req-f007c46a-e060-476e-b5ee-f3f88c2a15d5 req-e98783c8-d11d-4fc8-bb27-103066624e64 1fa58e055fdc46a98ee3627bd65f5a34 929807330ec84ad897dc573f4eb278b8 - - default default] 199.19.213.161 "DELETE /v2.0/ports/26a38312-21c5-47ad-ba6e-447eac0c1c6f HTTP/1.1" status: 204 len: 173 time: 1.3615596
2026-07-14 18:54:53.309 10 INFO neutron.notifiers.nova [-] Nova event matching ['req-aa65fd0a-1cdc-425a-b84e-c3bd790b5e47'] response: {'server_uuid': '1dca1afb-f3fc-40bb-bc15-f5880bf458c2', 'name': 'network-vif-deleted', 'tag': '26a38312-21c5-47ad-ba6e-447eac0c1c6f', 'status': 'completed', 'code': 200}
2026-07-14 18:54:53.401 10 INFO neutron.db.ovn_revision_numbers_db [None req-6c00a9bb-5913-4891-bc01-f984e472b985 4f0202ec8223444bbeac50718016c4ce e9f2d98f69e644068c175b8717ae4d9e - - default default] Successfully bumped revision number for resource 18e6dd5b-f30b-4f1f-8d2c-be3e2e12f36d (type: router_ports) to 1
2026-07-14 18:54:53.413 10 INFO neutron.wsgi [None req-6c00a9bb-5913-4891-bc01-f984e472b985 4f0202ec8223444bbeac50718016c4ce e9f2d98f69e644068c175b8717ae4d9e - - default default] 10.0.0.110 "PUT /v2.0/routers/825c0377-8f40-4d6f-9e46-ed2b23c3e375/add_router_interface HTTP/1.1" status: 200 len: 503 time: 3.7180736
2026-07-14 18:54:53.468 10 INFO neutron.wsgi [None req-4255ec41-c883-4e1a-9209-ae47cdc71613 a184efe8d89942abaccd4b654d6e1b54 68a0e95dc5784cc68eeda2f4adce01a8 - - default default] 10.0.0.110 "DELETE /v2.0/security-group-rules/c7f64e14-480e-4046-ad3b-df3c1595183a HTTP/1.1" status: 204 len: 168 time: 0.2650940
2026-07-14 18:54:53.553 10 INFO neutron.services.segments.plugin [-] Segment 10f3324a-171a-4a58-9540-10b3dba9370d resource provider aggregate not found
2026-07-14 18:54:53.558 10 INFO neutron.services.segments.plugin [-] Segment 10f3324a-171a-4a58-9540-10b3dba9370d resource provider aggregate not found
2026-07-14 18:54:53.587 10 INFO neutron.services.segments.plugin [-] Segment 10f3324a-171a-4a58-9540-10b3dba9370d resource provider not found; error: Placement Client Error (4xx): {"errors": [{"status": 404, "title": "Not Found", "detail": "The resource could not be found.\n\n No resource provider with uuid 10f3324a-171a-4a58-9540-10b3dba9370d found for delete ", "request_id": "req-dc053603-1f5d-42f0-9dd4-7e9c63812ac1"}]}
2026-07-14 18:54:53.593 9 INFO neutron.wsgi [None req-20a06f0b-4307-4ce6-be84-a3c2a8928f81 198707c29f494b91ad26b99100b6d3d4 4dd4fc31d4ed4ba0aa3c2fac7843f7b6 - - default default] 10.0.0.110 "GET /v2.0/networks HTTP/1.1" status: 200 len: 5277 time: 0.1721389
2026-07-14 18:54:53.594 10 INFO neutron.services.segments.plugin [-] Segment 10f3324a-171a-4a58-9540-10b3dba9370d resource provider not found; error: Placement Client Error (4xx): {"errors": [{"status": 404, "title": "Not Found", "detail": "The resource could not be found.\n\n No resource provider with uuid 10f3324a-171a-4a58-9540-10b3dba9370d found for delete ", "request_id": "req-384dde37-dacb-4746-8a33-eb31911518e5"}]}
2026-07-14 18:54:53.601 9 INFO neutron.wsgi [None req-520ff64c-0fa9-4439-8912-f94854040932 a184efe8d89942abaccd4b654d6e1b54 68a0e95dc5784cc68eeda2f4adce01a8 - - default default] 10.0.0.110 "GET /v2.0/security-group-rules HTTP/1.1" status: 200 len: 3755 time: 0.1229925
2026-07-14 18:54:53.614 9 WARNING neutron_lib.context [None req-88ca2694-204e-452f-ae93-5196910d0523 a184efe8d89942abaccd4b654d6e1b54 68a0e95dc5784cc68eeda2f4adce01a8 - - default default] Method 'is_advsvc' is deprecated since 2023.2 release (neutron-lib 3.8.0) and will be removed once support for the old RBAC API policies will be removed from Neutron. Please use method 'is_service_role' instead.
2026-07-14 18:54:53.631 10 INFO neutron.wsgi [None req-4dc0d603-6e55-4191-ae33-20393a2ed3c7 2a65f56965024b41a1da2b06f44dc8ba ad1d5ae6d9394aee921060a120fb8fe3 - - default default] 10.0.0.110 "DELETE /v2.0/networks/9b004803-038d-474d-9976-405fb928c649 HTTP/1.1" status: 204 len: 168 time: 0.8920288
2026-07-14 18:54:53.656 10 INFO neutron.wsgi [None req-9f6b0184-9192-4c2e-9bc5-2ee8ce2c3193 198707c29f494b91ad26b99100b6d3d4 4dd4fc31d4ed4ba0aa3c2fac7843f7b6 - - default default] 10.0.0.110 "GET /v2.0/subnets HTTP/1.1" status: 200 len: 2753 time: 0.0544186
2026-07-14 18:54:53.753 10 INFO neutron.wsgi [None req-0b2b3a66-9dad-43ac-8a88-00d3763094cf 198707c29f494b91ad26b99100b6d3d4 4dd4fc31d4ed4ba0aa3c2fac7843f7b6 - - default default] 10.0.0.110 "GET /v2.0/routers HTTP/1.1" status: 200 len: 2135 time: 0.0927358
2026-07-14 18:54:53.824 10 WARNING neutron_lib.context [None req-a2fe94f6-d519-49dc-adb0-9acd31ac9187 4f0202ec8223444bbeac50718016c4ce e9f2d98f69e644068c175b8717ae4d9e - - default default] Method 'is_advsvc' is deprecated since 2023.2 release (neutron-lib 3.8.0) and will be removed once support for the old RBAC API policies will be removed from Neutron. Please use method 'is_service_role' instead.
2026-07-14 18:54:53.839 9 INFO neutron.db.ovn_revision_numbers_db [None req-88ca2694-204e-452f-ae93-5196910d0523 a184efe8d89942abaccd4b654d6e1b54 68a0e95dc5784cc68eeda2f4adce01a8 - - default default] Successfully bumped revision number for resource e3fdbc6b-620b-4ecf-b0a5-6a9b1c4b86b3 (type: security_group_rules) to 0
2026-07-14 18:54:53.896 9 INFO neutron.wsgi [None req-88ca2694-204e-452f-ae93-5196910d0523 a184efe8d89942abaccd4b654d6e1b54 68a0e95dc5784cc68eeda2f4adce01a8 - - default default] 10.0.0.110 "POST /v2.0/security-group-rules HTTP/1.1" status: 201 len: 800 time: 0.2877059
2026-07-14 18:54:53.947 10 INFO neutron.wsgi [None req-abc71b98-aaa8-4b48-8122-d90e88a193a9 a184efe8d89942abaccd4b654d6e1b54 68a0e95dc5784cc68eeda2f4adce01a8 - - default default] 10.0.0.110 "GET /v2.0/security-group-rules/e3fdbc6b-620b-4ecf-b0a5-6a9b1c4b86b3 HTTP/1.1" status: 200 len: 795 time: 0.0408835
2026-07-14 18:54:53.957 9 INFO neutron.notifiers.nova [-] Nova event matching ['req-684850fb-c7e6-4425-ba8c-bc2bb7ad5649'] response: {'server_uuid': '1dca1afb-f3fc-40bb-bc15-f5880bf458c2', 'name': 'network-vif-unplugged', 'status': 'completed', 'tag': '26a38312-21c5-47ad-ba6e-447eac0c1c6f', 'code': 200}
2026-07-14 18:54:54.077 10 INFO neutron.db.ovn_revision_numbers_db [None req-a2fe94f6-d519-49dc-adb0-9acd31ac9187 4f0202ec8223444bbeac50718016c4ce e9f2d98f69e644068c175b8717ae4d9e - - default default] Successfully bumped revision number for resource 585cf5bf-6adb-4ee5-8998-527656361be3 (type: security_groups) to 1
2026-07-14 18:54:54.103 10 INFO neutron.db.ovn_revision_numbers_db [None req-a2fe94f6-d519-49dc-adb0-9acd31ac9187 4f0202ec8223444bbeac50718016c4ce e9f2d98f69e644068c175b8717ae4d9e - - default default] Successfully bumped revision number for resource 2ac03c52-b846-4cbb-b8b6-fd73d04a28b7 (type: security_group_rules) to 0
2026-07-14 18:54:54.109 10 INFO neutron.wsgi [None req-f9ef69cd-8867-4a63-b873-0e16c89f7ac0 a184efe8d89942abaccd4b654d6e1b54 68a0e95dc5784cc68eeda2f4adce01a8 - - default default] 10.0.0.110 "GET /v2.0/security-group-rules HTTP/1.1" status: 200 len: 4333 time: 0.1561797
2026-07-14 18:54:54.124 10 INFO neutron.db.ovn_revision_numbers_db [None req-a2fe94f6-d519-49dc-adb0-9acd31ac9187 4f0202ec8223444bbeac50718016c4ce e9f2d98f69e644068c175b8717ae4d9e - - default default] Successfully bumped revision number for resource 9a679e24-8310-4ae3-b07d-207ced51ccc9 (type: security_group_rules) to 0
2026-07-14 18:54:54.143 10 INFO neutron.wsgi [None req-89f9a7d1-a903-4593-9d62-57fc16292639 1fa58e055fdc46a98ee3627bd65f5a34 929807330ec84ad897dc573f4eb278b8 - - default default] 10.0.0.110 "DELETE /v2.0/security-groups/ebb609b3-95ae-4420-aa8a-6ebaa6c56ac5 HTTP/1.1" status: 204 len: 168 time: 0.2272625
2026-07-14 18:54:54.148 10 INFO neutron.wsgi [None req-a2fe94f6-d519-49dc-adb0-9acd31ac9187 4f0202ec8223444bbeac50718016c4ce e9f2d98f69e644068c175b8717ae4d9e - - default default] 10.0.0.110 "POST /v2.0/security-groups HTTP/1.1" status: 201 len: 1873 time: 0.3290000
2026-07-14 18:54:54.172 9 INFO neutron.services.segments.plugin [-] Segment fa99b18b-3483-4b86-bbc9-cb549c098a57 resource provider aggregate not found
2026-07-14 18:54:54.175 10 WARNING neutron_lib.context [None req-350d8436-cecd-468f-b430-1e61750e1aae 4f0202ec8223444bbeac50718016c4ce e9f2d98f69e644068c175b8717ae4d9e - - default default] Method 'is_advsvc' is deprecated since 2023.2 release (neutron-lib 3.8.0) and will be removed once support for the old RBAC API policies will be removed from Neutron. Please use method 'is_service_role' instead.
2026-07-14 18:54:54.179 9 INFO neutron.services.segments.plugin [-] Segment fa99b18b-3483-4b86-bbc9-cb549c098a57 resource provider aggregate not found
2026-07-14 18:54:54.189 10 INFO neutron.api.v2.resource [None req-b2a34d19-dbd4-4495-bde1-78aa98076c8f 1fa58e055fdc46a98ee3627bd65f5a34 929807330ec84ad897dc573f4eb278b8 - - default default] show failed (client error): The resource could not be found.
2026-07-14 18:54:54.190 10 INFO neutron.wsgi [None req-b2a34d19-dbd4-4495-bde1-78aa98076c8f 1fa58e055fdc46a98ee3627bd65f5a34 929807330ec84ad897dc573f4eb278b8 - - default default] 10.0.0.110 "GET /v2.0/security-groups/ebb609b3-95ae-4420-aa8a-6ebaa6c56ac5 HTTP/1.1" status: 404 len: 347 time: 0.0388131
2026-07-14 18:54:54.191 9 INFO neutron.services.segments.plugin [-] Segment fa99b18b-3483-4b86-bbc9-cb549c098a57 resource provider not found; error: Placement Client Error (4xx): {"errors": [{"status": 404, "title": "Not Found", "detail": "The resource could not be found.\n\n No resource provider with uuid fa99b18b-3483-4b86-bbc9-cb549c098a57 found for delete ", "request_id": "req-742b3629-abe1-4d54-a0cb-f04d5cfac557"}]}
2026-07-14 18:54:54.195 9 INFO neutron.services.segments.plugin [-] Segment fa99b18b-3483-4b86-bbc9-cb549c098a57 resource provider not found; error: Placement Client Error (4xx): {"errors": [{"status": 404, "title": "Not Found", "detail": "The resource could not be found.\n\n No resource provider with uuid fa99b18b-3483-4b86-bbc9-cb549c098a57 found for delete ", "request_id": "req-f0f4d963-8b78-4a56-bb37-d74eb9b3f16a"}]}
2026-07-14 18:54:54.230 9 INFO neutron.wsgi [None req-c040fe5f-ce36-4d18-afd8-ab3e7dca221d 2a65f56965024b41a1da2b06f44dc8ba ad1d5ae6d9394aee921060a120fb8fe3 - - default default] 10.0.0.110 "DELETE /v2.0/networks/3a9d6e45-e32b-4016-a8ce-4cfc22650e73 HTTP/1.1" status: 204 len: 168 time: 0.5922067
2026-07-14 18:54:54.368 9 INFO neutron.wsgi [None req-f718c3f7-4af6-4823-b7e0-df09bbb88c6e 2a65f56965024b41a1da2b06f44dc8ba ad1d5ae6d9394aee921060a120fb8fe3 - - default default] 10.0.0.110 "GET /v2.0/networks HTTP/1.1" status: 200 len: 845 time: 0.1285682
2026-07-14 18:54:54.389 9 WARNING neutron_lib.context [None req-859f1ad8-701f-4f8e-815e-a41811bd9fa8 2a65f56965024b41a1da2b06f44dc8ba ad1d5ae6d9394aee921060a120fb8fe3 - - default default] Method 'is_advsvc' is deprecated since 2023.2 release (neutron-lib 3.8.0) and will be removed once support for the old RBAC API policies will be removed from Neutron. Please use method 'is_service_role' instead.
2026-07-14 18:54:54.416 9 INFO neutron.wsgi [None req-2c575c3e-fea8-499e-8375-b1896409d80d a184efe8d89942abaccd4b654d6e1b54 68a0e95dc5784cc68eeda2f4adce01a8 - - default default] 10.0.0.110 "DELETE /v2.0/security-group-rules/e3fdbc6b-620b-4ecf-b0a5-6a9b1c4b86b3 HTTP/1.1" status: 204 len: 168 time: 0.3018005
2026-07-14 18:54:54.441 10 INFO neutron.db.ovn_revision_numbers_db [None req-350d8436-cecd-468f-b430-1e61750e1aae 4f0202ec8223444bbeac50718016c4ce e9f2d98f69e644068c175b8717ae4d9e - - default default] Successfully bumped revision number for resource 3893ca75-0ebc-4ff2-881a-2de4845d89e5 (type: security_group_rules) to 0
2026-07-14 18:54:54.506 10 INFO neutron.wsgi [None req-350d8436-cecd-468f-b430-1e61750e1aae 4f0202ec8223444bbeac50718016c4ce e9f2d98f69e644068c175b8717ae4d9e - - default default] 10.0.0.110 "POST /v2.0/security-group-rules HTTP/1.1" status: 201 len: 796 time: 0.3509927
2026-07-14 18:54:54.519 9 WARNING neutron_lib.context [None req-49e0bb32-0efc-42f7-ad78-f0e3e91c7238 4f0202ec8223444bbeac50718016c4ce e9f2d98f69e644068c175b8717ae4d9e - - default default] Method 'is_advsvc' is deprecated since 2023.2 release (neutron-lib 3.8.0) and will be removed once support for the old RBAC API policies will be removed from Neutron. Please use method 'is_service_role' instead.
2026-07-14 18:54:54.557 9 INFO neutron.db.segments_db [None req-859f1ad8-701f-4f8e-815e-a41811bd9fa8 2a65f56965024b41a1da2b06f44dc8ba ad1d5ae6d9394aee921060a120fb8fe3 - - default default] Added segment 39a8c1de-51c4-405d-b96d-71c5ec9d1792 of type geneve for network 21f10cb0-f0c0-424d-8ef6-37c34d272e93
2026-07-14 18:54:54.563 10 INFO neutron.wsgi [None req-8a0d7126-3202-4939-84af-97877f4bf7d9 a184efe8d89942abaccd4b654d6e1b54 68a0e95dc5784cc68eeda2f4adce01a8 - - default default] 10.0.0.110 "GET /v2.0/security-group-rules HTTP/1.1" status: 200 len: 3755 time: 0.1333132
2026-07-14 18:54:54.578 9 WARNING neutron_lib.context [None req-ba8587d7-631f-45b4-a8ad-658d9e2d0377 a184efe8d89942abaccd4b654d6e1b54 68a0e95dc5784cc68eeda2f4adce01a8 - - default default] Method 'is_advsvc' is deprecated since 2023.2 release (neutron-lib 3.8.0) and will be removed once support for the old RBAC API policies will be removed from Neutron. Please use method 'is_service_role' instead.
2026-07-14 18:54:54.724 10 INFO neutron.wsgi [None req-5722e2bd-8fe6-4ed6-89d2-84800d232203 1fa58e055fdc46a98ee3627bd65f5a34 929807330ec84ad897dc573f4eb278b8 - - default default] 10.0.0.110 "DELETE /v2.0/floatingips/3d21aa24-dbf0-4404-860b-710683234a7f HTTP/1.1" status: 204 len: 168 time: 0.5167050
2026-07-14 18:54:54.812 9 INFO neutron.db.ovn_revision_numbers_db [None req-859f1ad8-701f-4f8e-815e-a41811bd9fa8 2a65f56965024b41a1da2b06f44dc8ba ad1d5ae6d9394aee921060a120fb8fe3 - - default default] Successfully bumped revision number for resource 21f10cb0-f0c0-424d-8ef6-37c34d272e93 (type: networks) to 1
2026-07-14 18:54:54.826 9 INFO neutron.db.ovn_revision_numbers_db [None req-49e0bb32-0efc-42f7-ad78-f0e3e91c7238 4f0202ec8223444bbeac50718016c4ce e9f2d98f69e644068c175b8717ae4d9e - - default default] Successfully bumped revision number for resource 0247999b-c5e9-4bbe-bca9-89c14264a463 (type: security_group_rules) to 0
2026-07-14 18:54:54.830 9 INFO neutron.db.ovn_revision_numbers_db [None req-ba8587d7-631f-45b4-a8ad-658d9e2d0377 a184efe8d89942abaccd4b654d6e1b54 68a0e95dc5784cc68eeda2f4adce01a8 - - default default] Successfully bumped revision number for resource b95b5de8-08ee-4b87-9ed1-2b4f855c5c3f (type: security_group_rules) to 0
2026-07-14 18:54:54.865 9 INFO neutron.wsgi [None req-49e0bb32-0efc-42f7-ad78-f0e3e91c7238 4f0202ec8223444bbeac50718016c4ce e9f2d98f69e644068c175b8717ae4d9e - - default default] 10.0.0.110 "POST /v2.0/security-group-rules HTTP/1.1" status: 201 len: 795 time: 0.3512836
2026-07-14 18:54:54.873 9 INFO neutron.wsgi [None req-ba8587d7-631f-45b4-a8ad-658d9e2d0377 a184efe8d89942abaccd4b654d6e1b54 68a0e95dc5784cc68eeda2f4adce01a8 - - default default] 10.0.0.110 "POST /v2.0/security-group-rules HTTP/1.1" status: 201 len: 801 time: 0.2986150
2026-07-14 18:54:54.876 10 WARNING neutron_lib.context [None req-a3bf422f-c231-4de9-976d-0b41f0217177 4f0202ec8223444bbeac50718016c4ce e9f2d98f69e644068c175b8717ae4d9e - - default default] Method 'is_advsvc' is deprecated since 2023.2 release (neutron-lib 3.8.0) and will be removed once support for the old RBAC API policies will be removed from Neutron. Please use method 'is_service_role' instead.
2026-07-14 18:54:54.902 9 INFO neutron.wsgi [None req-89d1c1f0-024d-4c58-bfb7-901b46247658 a184efe8d89942abaccd4b654d6e1b54 68a0e95dc5784cc68eeda2f4adce01a8 - - default default] 10.0.0.110 "GET /v2.0/security-group-rules/b95b5de8-08ee-4b87-9ed1-2b4f855c5c3f HTTP/1.1" status: 200 len: 796 time: 0.0223689
2026-07-14 18:54:54.998 9 INFO neutron.wsgi [None req-02a99cb2-5485-4c27-975f-f2c4586cc65c a184efe8d89942abaccd4b654d6e1b54 68a0e95dc5784cc68eeda2f4adce01a8 - - default default] 10.0.0.110 "GET /v2.0/security-group-rules HTTP/1.1" status: 200 len: 4334 time: 0.0895603
2026-07-14 18:54:55.046 9 WARNING neutron.scheduler.dhcp_agent_scheduler [None req-859f1ad8-701f-4f8e-815e-a41811bd9fa8 2a65f56965024b41a1da2b06f44dc8ba ad1d5ae6d9394aee921060a120fb8fe3 - - default default] No more DHCP agents
2026-07-14 18:54:55.050 9 WARNING neutron.api.rpc.agentnotifiers.dhcp_rpc_agent_api [None req-859f1ad8-701f-4f8e-815e-a41811bd9fa8 2a65f56965024b41a1da2b06f44dc8ba ad1d5ae6d9394aee921060a120fb8fe3 - - default default] Unable to schedule network 21f10cb0-f0c0-424d-8ef6-37c34d272e93: no agents available; will retry on subsequent port and subnet creation events.
