2026-07-14 18:56:53.781 9 WARNING neutron_lib.context [None req-b8587992-e4d8-470f-bb67-75af4448b0be 13b050ca446d4b9481193ed106f5666f 4ef0aa74ed8842769329a9876acc1d99 - - default default] Method 'is_advsvc' is deprecated since 2023.2 release (neutron-lib 3.8.0) and will be removed once support for the old RBAC API policies will be removed from Neutron. Please use method 'is_service_role' instead.
2026-07-14 18:56:53.852 10 INFO neutron.wsgi [req-a4939af2-af0a-4e7d-aee5-50d86d6fdd4b req-addbe080-2dbe-449e-a066-394cfc86e7d4 a7d0a42cf3eb418db63db859bcefec50 889d449229ae4bdfbf34277e4ebedf2f - - 35ffeaa6bba0459dbb48b49e82dff028 35ffeaa6bba0459dbb48b49e82dff028] 199.19.213.161 "GET /v2.0/networks?id=a527be45-3b0e-4283-87d1-4eb80dab3c90 HTTP/1.1" status: 200 len: 1003 time: 0.0919845
2026-07-14 18:56:53.859 9 INFO neutron.plugins.ml2.drivers.ovn.mech_driver.mech_driver [None req-b3893bc5-85d2-406f-b2ce-5ab6e62dbb5a - - - - - -] OVN reports status up for port: 1663b139-68ab-4718-8818-91da38e30199
2026-07-14 18:56:53.879 9 INFO neutron.plugins.ml2.plugin [None req-b3893bc5-85d2-406f-b2ce-5ab6e62dbb5a - - - - - -] Attempt 1 to provision port 1663b139-68ab-4718-8818-91da38e30199
2026-07-14 18:56:53.883 10 INFO neutron.wsgi [req-a4939af2-af0a-4e7d-aee5-50d86d6fdd4b req-b96c7f73-3517-42ca-a83d-2ecf76188f0a a7d0a42cf3eb418db63db859bcefec50 889d449229ae4bdfbf34277e4ebedf2f - - 35ffeaa6bba0459dbb48b49e82dff028 35ffeaa6bba0459dbb48b49e82dff028] 199.19.213.161 "GET /v2.0/floatingips?fixed_ip_address=10.2.1.149&port_id=1663b139-68ab-4718-8818-91da38e30199 HTTP/1.1" status: 200 len: 217 time: 0.0255897
2026-07-14 18:56:53.920 10 INFO neutron.wsgi [req-a4939af2-af0a-4e7d-aee5-50d86d6fdd4b req-fc5ffbd8-6fc7-4553-be80-033072c33009 a7d0a42cf3eb418db63db859bcefec50 889d449229ae4bdfbf34277e4ebedf2f - - 35ffeaa6bba0459dbb48b49e82dff028 35ffeaa6bba0459dbb48b49e82dff028] 199.19.213.161 "GET /v2.0/floatingips?fixed_ip_address=fd7b%3Af9f7%3Afff%3A4eca%3A%3A1cb&port_id=1663b139-68ab-4718-8818-91da38e30199 HTTP/1.1" status: 200 len: 217 time: 0.0313330
2026-07-14 18:56:53.929 9 INFO neutron.db.segments_db [None req-b8587992-e4d8-470f-bb67-75af4448b0be 13b050ca446d4b9481193ed106f5666f 4ef0aa74ed8842769329a9876acc1d99 - - default default] Added segment ea289b34-c167-4dc5-97fd-efb0c91ab001 of type geneve for network b37e05a3-7425-49f5-8eff-d8439cca400a
2026-07-14 18:56:53.968 10 INFO neutron.wsgi [req-a4939af2-af0a-4e7d-aee5-50d86d6fdd4b req-22e909e8-3105-4ac4-b220-dfd9569b5814 a7d0a42cf3eb418db63db859bcefec50 889d449229ae4bdfbf34277e4ebedf2f - - 35ffeaa6bba0459dbb48b49e82dff028 35ffeaa6bba0459dbb48b49e82dff028] 199.19.213.161 "GET /v2.0/subnets?id=e84e8477-fa98-4cae-8f97-41ba85eed955&id=b916c511-f9bf-45e9-a4a3-0e7163393df1 HTTP/1.1" status: 200 len: 1562 time: 0.0396786
2026-07-14 18:56:54.004 10 INFO neutron.wsgi [req-a4939af2-af0a-4e7d-aee5-50d86d6fdd4b req-8d1956da-d7ef-4632-8f3e-fb154d7ba59b a7d0a42cf3eb418db63db859bcefec50 889d449229ae4bdfbf34277e4ebedf2f - - 35ffeaa6bba0459dbb48b49e82dff028 35ffeaa6bba0459dbb48b49e82dff028] 199.19.213.161 "GET /v2.0/ports?network_id=a527be45-3b0e-4283-87d1-4eb80dab3c90&device_owner=network%3Adhcp HTTP/1.1" status: 200 len: 210 time: 0.0303788
2026-07-14 18:56:54.030 10 INFO neutron.wsgi [req-a4939af2-af0a-4e7d-aee5-50d86d6fdd4b req-7e1dbaa5-786d-438c-91ab-35965e63d617 a7d0a42cf3eb418db63db859bcefec50 889d449229ae4bdfbf34277e4ebedf2f - - 35ffeaa6bba0459dbb48b49e82dff028 35ffeaa6bba0459dbb48b49e82dff028] 199.19.213.161 "GET /v2.0/ports?network_id=a527be45-3b0e-4283-87d1-4eb80dab3c90&device_owner=network%3Adhcp HTTP/1.1" status: 200 len: 210 time: 0.0208538
2026-07-14 18:56:54.110 10 INFO neutron.wsgi [req-a4939af2-af0a-4e7d-aee5-50d86d6fdd4b req-ed84eefa-d85c-41d8-a29b-40f2bbf5fb1c a7d0a42cf3eb418db63db859bcefec50 889d449229ae4bdfbf34277e4ebedf2f - - 35ffeaa6bba0459dbb48b49e82dff028 35ffeaa6bba0459dbb48b49e82dff028] 199.19.213.161 "GET /v2.0/networks/a527be45-3b0e-4283-87d1-4eb80dab3c90?fields=segments HTTP/1.1" status: 200 len: 212 time: 0.0695088
2026-07-14 18:56:54.129 9 INFO neutron.notifiers.nova [-] Nova event matching ['req-2d94d24c-7fe2-4507-b929-2dee8556bbe6'] response: {'server_uuid': '559e9b91-aa11-43ff-8272-0f276a56632b', 'name': 'network-vif-plugged', 'status': 'completed', 'tag': '1663b139-68ab-4718-8818-91da38e30199', 'code': 200}
2026-07-14 18:56:54.174 9 INFO neutron.db.ovn_revision_numbers_db [None req-b8587992-e4d8-470f-bb67-75af4448b0be 13b050ca446d4b9481193ed106f5666f 4ef0aa74ed8842769329a9876acc1d99 - - default default] Successfully bumped revision number for resource b37e05a3-7425-49f5-8eff-d8439cca400a (type: networks) to 1
2026-07-14 18:56:54.377 9 INFO neutron.db.ovn_revision_numbers_db [None req-b3893bc5-85d2-406f-b2ce-5ab6e62dbb5a - - - - - -] Successfully bumped revision number for resource 1663b139-68ab-4718-8818-91da38e30199 (type: ports) to 4
2026-07-14 18:56:54.472 9 WARNING neutron.scheduler.dhcp_agent_scheduler [None req-b8587992-e4d8-470f-bb67-75af4448b0be 13b050ca446d4b9481193ed106f5666f 4ef0aa74ed8842769329a9876acc1d99 - - default default] No more DHCP agents
2026-07-14 18:56:54.477 9 WARNING neutron.api.rpc.agentnotifiers.dhcp_rpc_agent_api [None req-b8587992-e4d8-470f-bb67-75af4448b0be 13b050ca446d4b9481193ed106f5666f 4ef0aa74ed8842769329a9876acc1d99 - - default default] Unable to schedule network b37e05a3-7425-49f5-8eff-d8439cca400a: no agents available; will retry on subsequent port and subnet creation events.
2026-07-14 18:56:54.529 10 INFO neutron.wsgi [req-a4939af2-af0a-4e7d-aee5-50d86d6fdd4b req-79e9bcbf-e101-4fa2-aa47-6903afe79673 a7d0a42cf3eb418db63db859bcefec50 889d449229ae4bdfbf34277e4ebedf2f - - 35ffeaa6bba0459dbb48b49e82dff028 35ffeaa6bba0459dbb48b49e82dff028] 199.19.213.161 "GET /v2.0/networks/a527be45-3b0e-4283-87d1-4eb80dab3c90?fields=provider%3Aphysical_network&fields=provider%3Anetwork_type HTTP/1.1" status: 200 len: 277 time: 0.4127626
2026-07-14 18:56:54.600 9 INFO neutron.db.ovn_revision_numbers_db [None req-b8587992-e4d8-470f-bb67-75af4448b0be 13b050ca446d4b9481193ed106f5666f 4ef0aa74ed8842769329a9876acc1d99 - - default default] Successfully bumped revision number for resource f7fce442-48b7-4d51-8f99-1711853f3f61 (type: ports) to 1
2026-07-14 18:56:54.628 9 INFO neutron.wsgi [None req-b8587992-e4d8-470f-bb67-75af4448b0be 13b050ca446d4b9481193ed106f5666f 4ef0aa74ed8842769329a9876acc1d99 - - default default] 10.0.0.110 "POST /v2.0/networks HTTP/1.1" status: 201 len: 830 time: 0.8543363 /var/lib/openstack/lib/python3.10/site-packages/pycadf/identifier.py:71: UserWarning: Invalid uuid: neutron. To ensure interoperability, identifiers should be a valid uuid. warnings.warn(('Invalid uuid: %s. To ensure interoperability, '
2026-07-14 18:56:54.637 9 WARNING neutron_lib.context [None req-fe6a5cf3-23d2-4eb3-bb64-9683f3d7d084 13b050ca446d4b9481193ed106f5666f 4ef0aa74ed8842769329a9876acc1d99 - - default default] Method 'is_advsvc' is deprecated since 2023.2 release (neutron-lib 3.8.0) and will be removed once support for the old RBAC API policies will be removed from Neutron. Please use method 'is_service_role' instead.
2026-07-14 18:56:54.746 9 INFO neutron.db.segments_db [None req-fe6a5cf3-23d2-4eb3-bb64-9683f3d7d084 13b050ca446d4b9481193ed106f5666f 4ef0aa74ed8842769329a9876acc1d99 - - default default] Added segment 3a21a3d3-8d09-4c51-9868-984bbc988f19 of type geneve for network f55ccbd9-4609-43db-9c50-a009e6844df4
2026-07-14 18:56:54.919 9 INFO neutron.db.ovn_revision_numbers_db [None req-fe6a5cf3-23d2-4eb3-bb64-9683f3d7d084 13b050ca446d4b9481193ed106f5666f 4ef0aa74ed8842769329a9876acc1d99 - - default default] Successfully bumped revision number for resource f55ccbd9-4609-43db-9c50-a009e6844df4 (type: networks) to 1
2026-07-14 18:56:55.143 9 WARNING neutron.scheduler.dhcp_agent_scheduler [None req-fe6a5cf3-23d2-4eb3-bb64-9683f3d7d084 13b050ca446d4b9481193ed106f5666f 4ef0aa74ed8842769329a9876acc1d99 - - default default] No more DHCP agents
2026-07-14 18:56:55.145 9 WARNING neutron.api.rpc.agentnotifiers.dhcp_rpc_agent_api [None req-fe6a5cf3-23d2-4eb3-bb64-9683f3d7d084 13b050ca446d4b9481193ed106f5666f 4ef0aa74ed8842769329a9876acc1d99 - - default default] Unable to schedule network f55ccbd9-4609-43db-9c50-a009e6844df4: no agents available; will retry on subsequent port and subnet creation events.
2026-07-14 18:56:55.567 9 INFO neutron.db.ovn_revision_numbers_db [None req-fe6a5cf3-23d2-4eb3-bb64-9683f3d7d084 13b050ca446d4b9481193ed106f5666f 4ef0aa74ed8842769329a9876acc1d99 - - default default] Successfully bumped revision number for resource 4adc0106-b396-4261-8287-fd3fa0d98b86 (type: ports) to 1
2026-07-14 18:56:55.587 9 INFO neutron.wsgi [req-cdd73f24-d880-410d-bdd9-34318f858aa1 req-dd982389-1019-4151-a72a-f9675a783376 0354982e02b5467aaac480057aa616f9 ecf48c17b60e4dd9a03d745c08490db4 - - default default] 10.0.0.85 "GET /v2.0/ports?device_id=559e9b91-aa11-43ff-8272-0f276a56632b HTTP/1.1" status: 200 len: 1400 time: 0.1284282
2026-07-14 18:56:55.599 9 INFO neutron.wsgi [None req-fe6a5cf3-23d2-4eb3-bb64-9683f3d7d084 13b050ca446d4b9481193ed106f5666f 4ef0aa74ed8842769329a9876acc1d99 - - default default] 10.0.0.110 "POST /v2.0/networks HTTP/1.1" status: 201 len: 831 time: 0.9668069
2026-07-14 18:56:55.610 10 WARNING neutron_lib.context [None req-5181e201-fb61-43b2-8411-0b9f38a814f2 13b050ca446d4b9481193ed106f5666f 4ef0aa74ed8842769329a9876acc1d99 - - default default] Method 'is_advsvc' is deprecated since 2023.2 release (neutron-lib 3.8.0) and will be removed once support for the old RBAC API policies will be removed from Neutron. Please use method 'is_service_role' instead.
2026-07-14 18:56:55.647 9 INFO neutron.wsgi [req-cdd73f24-d880-410d-bdd9-34318f858aa1 req-22b02f23-2cd8-4ec6-b9a5-00b6acba0b7b 0354982e02b5467aaac480057aa616f9 ecf48c17b60e4dd9a03d745c08490db4 - - default default] 10.0.0.85 "GET /v2.0/security-groups?id=2c536c09-1b0e-4bce-92b3-31bf4ed20333&fields=id&fields=name HTTP/1.1" status: 200 len: 309 time: 0.0527434
2026-07-14 18:56:55.728 10 INFO neutron.db.segments_db [None req-5181e201-fb61-43b2-8411-0b9f38a814f2 13b050ca446d4b9481193ed106f5666f 4ef0aa74ed8842769329a9876acc1d99 - - default default] Added segment ef8fc343-167e-4ea1-9c93-020026625646 of type geneve for network afd84c80-e4fb-477a-affe-33b3206dc49e
2026-07-14 18:56:55.907 10 INFO neutron.db.ovn_revision_numbers_db [None req-5181e201-fb61-43b2-8411-0b9f38a814f2 13b050ca446d4b9481193ed106f5666f 4ef0aa74ed8842769329a9876acc1d99 - - default default] Successfully bumped revision number for resource afd84c80-e4fb-477a-affe-33b3206dc49e (type: networks) to 1
2026-07-14 18:56:56.139 10 WARNING neutron.scheduler.dhcp_agent_scheduler [None req-5181e201-fb61-43b2-8411-0b9f38a814f2 13b050ca446d4b9481193ed106f5666f 4ef0aa74ed8842769329a9876acc1d99 - - default default] No more DHCP agents
2026-07-14 18:56:56.144 10 WARNING neutron.api.rpc.agentnotifiers.dhcp_rpc_agent_api [None req-5181e201-fb61-43b2-8411-0b9f38a814f2 13b050ca446d4b9481193ed106f5666f 4ef0aa74ed8842769329a9876acc1d99 - - default default] Unable to schedule network afd84c80-e4fb-477a-affe-33b3206dc49e: no agents available; will retry on subsequent port and subnet creation events.
2026-07-14 18:56:56.168 9 INFO neutron.notifiers.nova [-] Nova event matching ['req-8c7c5933-8771-46fc-b382-9389758603a5'] response: {'server_uuid': '559e9b91-aa11-43ff-8272-0f276a56632b', 'name': 'network-vif-plugged', 'status': 'completed', 'tag': '1663b139-68ab-4718-8818-91da38e30199', 'code': 200}
2026-07-14 18:56:56.257 10 INFO neutron.db.ovn_revision_numbers_db [None req-5181e201-fb61-43b2-8411-0b9f38a814f2 13b050ca446d4b9481193ed106f5666f 4ef0aa74ed8842769329a9876acc1d99 - - default default] Successfully bumped revision number for resource 8f824de7-98b5-42bb-9edb-b373b4f0c8ac (type: ports) to 1
2026-07-14 18:56:56.280 10 INFO neutron.wsgi [None req-5181e201-fb61-43b2-8411-0b9f38a814f2 13b050ca446d4b9481193ed106f5666f 4ef0aa74ed8842769329a9876acc1d99 - - default default] 10.0.0.110 "POST /v2.0/networks HTTP/1.1" status: 201 len: 830 time: 0.6751676
2026-07-14 18:56:56.292 10 WARNING neutron_lib.context [None req-a0a90c1b-75d9-44ac-9b5b-d9f5a284aed5 13b050ca446d4b9481193ed106f5666f 4ef0aa74ed8842769329a9876acc1d99 - - default default] Method 'is_advsvc' is deprecated since 2023.2 release (neutron-lib 3.8.0) and will be removed once support for the old RBAC API policies will be removed from Neutron. Please use method 'is_service_role' instead.
2026-07-14 18:56:56.393 10 INFO neutron.db.segments_db [None req-a0a90c1b-75d9-44ac-9b5b-d9f5a284aed5 13b050ca446d4b9481193ed106f5666f 4ef0aa74ed8842769329a9876acc1d99 - - default default] Added segment 86589ff2-c2ea-4f9c-81ac-87efa4931809 of type geneve for network e764c4a9-45a3-490c-96a1-5de2465a4d3b
2026-07-14 18:56:56.601 10 INFO neutron.db.ovn_revision_numbers_db [None req-a0a90c1b-75d9-44ac-9b5b-d9f5a284aed5 13b050ca446d4b9481193ed106f5666f 4ef0aa74ed8842769329a9876acc1d99 - - default default] Successfully bumped revision number for resource e764c4a9-45a3-490c-96a1-5de2465a4d3b (type: networks) to 1
2026-07-14 18:56:56.786 10 WARNING neutron.scheduler.dhcp_agent_scheduler [None req-a0a90c1b-75d9-44ac-9b5b-d9f5a284aed5 13b050ca446d4b9481193ed106f5666f 4ef0aa74ed8842769329a9876acc1d99 - - default default] No more DHCP agents
2026-07-14 18:56:56.788 10 WARNING neutron.api.rpc.agentnotifiers.dhcp_rpc_agent_api [None req-a0a90c1b-75d9-44ac-9b5b-d9f5a284aed5 13b050ca446d4b9481193ed106f5666f 4ef0aa74ed8842769329a9876acc1d99 - - default default] Unable to schedule network e764c4a9-45a3-490c-96a1-5de2465a4d3b: no agents available; will retry on subsequent port and subnet creation events.
2026-07-14 18:56:56.876 10 INFO neutron.db.ovn_revision_numbers_db [None req-a0a90c1b-75d9-44ac-9b5b-d9f5a284aed5 13b050ca446d4b9481193ed106f5666f 4ef0aa74ed8842769329a9876acc1d99 - - default default] Successfully bumped revision number for resource 33d5e202-a23a-4e60-bb34-894e9af07310 (type: ports) to 1
2026-07-14 18:56:56.898 10 INFO neutron.wsgi [None req-a0a90c1b-75d9-44ac-9b5b-d9f5a284aed5 13b050ca446d4b9481193ed106f5666f 4ef0aa74ed8842769329a9876acc1d99 - - default default] 10.0.0.110 "POST /v2.0/networks HTTP/1.1" status: 201 len: 830 time: 0.6106403
2026-07-14 18:56:56.963 10 INFO neutron.wsgi [None req-87563237-58bf-47d9-98d3-b06541bd8eac 13b050ca446d4b9481193ed106f5666f 4ef0aa74ed8842769329a9876acc1d99 - - default default] 10.0.0.110 "PUT /v2.0/networks/a2841910-312c-4675-946e-202050413471/tags HTTP/1.1" status: 200 len: 210 time: 0.0599599
2026-07-14 18:56:57.023 10 INFO neutron.wsgi [None req-44944734-c845-4ef0-9d5c-7bbee52b4261 13b050ca446d4b9481193ed106f5666f 4ef0aa74ed8842769329a9876acc1d99 - - default default] 10.0.0.110 "PUT /v2.0/networks/b37e05a3-7425-49f5-8eff-d8439cca400a/tags HTTP/1.1" status: 200 len: 218 time: 0.0541584
2026-07-14 18:56:57.087 10 INFO neutron.wsgi [None req-72a94be6-6ad9-4f75-aac2-61565465cc15 13b050ca446d4b9481193ed106f5666f 4ef0aa74ed8842769329a9876acc1d99 - - default default] 10.0.0.110 "PUT /v2.0/networks/f55ccbd9-4609-43db-9c50-a009e6844df4/tags HTTP/1.1" status: 200 len: 227 time: 0.0584171
2026-07-14 18:56:57.153 10 INFO neutron.wsgi [None req-028f989f-77a0-48d1-a2b8-8d9d8f8ab300 13b050ca446d4b9481193ed106f5666f 4ef0aa74ed8842769329a9876acc1d99 - - default default] 10.0.0.110 "PUT /v2.0/networks/afd84c80-e4fb-477a-affe-33b3206dc49e/tags HTTP/1.1" status: 200 len: 212 time: 0.0604110
2026-07-14 18:56:57.240 10 INFO neutron.wsgi [None req-0cbddede-d541-4a78-9b2a-5fd71b81f5b0 13b050ca446d4b9481193ed106f5666f 4ef0aa74ed8842769329a9876acc1d99 - - default default] 10.0.0.110 "GET /v2.0/networks?tags=red HTTP/1.1" status: 200 len: 2068 time: 0.0823319
2026-07-14 18:56:57.321 10 INFO neutron.wsgi [None req-34136119-cffc-42fa-9c95-da09c41352e5 13b050ca446d4b9481193ed106f5666f 4ef0aa74ed8842769329a9876acc1d99 - - default default] 10.0.0.110 "GET /v2.0/networks?tags=red%2Cblue HTTP/1.1" status: 200 len: 1456 time: 0.0764887
2026-07-14 18:56:57.410 10 INFO neutron.wsgi [None req-39dac368-73f1-403d-86ce-6ac25aea332a 13b050ca446d4b9481193ed106f5666f 4ef0aa74ed8842769329a9876acc1d99 - - default default] 10.0.0.110 "GET /v2.0/networks?tags-any=blue HTTP/1.1" status: 200 len: 1456 time: 0.0827551
2026-07-14 18:56:57.499 10 INFO neutron.wsgi [None req-e75730ff-134d-4864-9870-0c755c39abf5 13b050ca446d4b9481193ed106f5666f 4ef0aa74ed8842769329a9876acc1d99 - - default default] 10.0.0.110 "GET /v2.0/networks?tags-any=red%2Cblue HTTP/1.1" status: 200 len: 2068 time: 0.0842011
2026-07-14 18:56:57.620 10 INFO neutron.wsgi [None req-ae698c95-1d78-4360-b129-b2bc696ff1af 13b050ca446d4b9481193ed106f5666f 4ef0aa74ed8842769329a9876acc1d99 - - default default] 10.0.0.110 "GET /v2.0/networks?not-tags=red HTTP/1.1" status: 200 len: 2067 time: 0.1165121
2026-07-14 18:56:57.750 10 INFO neutron.wsgi [None req-33c69261-8720-4f8f-acc2-0187f1caade9 13b050ca446d4b9481193ed106f5666f 4ef0aa74ed8842769329a9876acc1d99 - - default default] 10.0.0.110 "GET /v2.0/networks?not-tags=red%2Cblue HTTP/1.1" status: 200 len: 2679 time: 0.1253085
2026-07-14 18:56:57.874 10 INFO neutron.wsgi [None req-fe2726ed-ccfc-4f25-847a-e45556d09012 13b050ca446d4b9481193ed106f5666f 4ef0aa74ed8842769329a9876acc1d99 - - default default] 10.0.0.110 "GET /v2.0/networks?not-tags-any=blue HTTP/1.1" status: 200 len: 2679 time: 0.1204457
2026-07-14 18:56:57.951 10 INFO neutron.wsgi [None req-d095b079-cca5-4138-9da4-9de187703a0d 13b050ca446d4b9481193ed106f5666f 4ef0aa74ed8842769329a9876acc1d99 - - default default] 10.0.0.110 "GET /v2.0/networks?not-tags-any=red%2Cblue HTTP/1.1" status: 200 len: 2067 time: 0.0723965
2026-07-14 18:56:58.358 10 INFO neutron.services.segments.plugin [-] Segment 83ddde77-bea9-4ba9-a116-bc01bd376001 resource provider aggregate not found
2026-07-14 18:56:58.362 9 WARNING neutron_lib.context [None req-2308fff5-7b98-419e-a069-2d8684a88f91 d76c29a569ce4476880c6d6cb649b9e7 6fd163f45de44f9ca54fd954407a627f - - default default] Method 'is_advsvc' is deprecated since 2023.2 release (neutron-lib 3.8.0) and will be removed once support for the old RBAC API policies will be removed from Neutron. Please use method 'is_service_role' instead.
2026-07-14 18:56:58.363 10 INFO neutron.services.segments.plugin [-] Segment 83ddde77-bea9-4ba9-a116-bc01bd376001 resource provider aggregate not found
2026-07-14 18:56:58.373 10 INFO neutron.services.segments.plugin [-] Segment 83ddde77-bea9-4ba9-a116-bc01bd376001 resource provider not found; error: Placement Client Error (4xx): {"errors": [{"status": 404, "title": "Not Found", "detail": "The resource could not be found.\n\n No resource provider with uuid 83ddde77-bea9-4ba9-a116-bc01bd376001 found for delete ", "request_id": "req-2df8f4ac-ce1b-4372-91e8-d692c46b518f"}]}
2026-07-14 18:56:58.380 10 INFO neutron.services.segments.plugin [-] Segment 83ddde77-bea9-4ba9-a116-bc01bd376001 resource provider not found; error: Placement Client Error (4xx): {"errors": [{"status": 404, "title": "Not Found", "detail": "The resource could not be found.\n\n No resource provider with uuid 83ddde77-bea9-4ba9-a116-bc01bd376001 found for delete ", "request_id": "req-125dbb87-9e93-4262-8352-995f48ff784f"}]}
2026-07-14 18:56:58.387 10 INFO neutron.wsgi [None req-e032f71e-35b3-4215-8e10-23bd37098ba1 13b050ca446d4b9481193ed106f5666f 4ef0aa74ed8842769329a9876acc1d99 - - default default] 10.0.0.110 "DELETE /v2.0/networks/a2841910-312c-4675-946e-202050413471 HTTP/1.1" status: 204 len: 168 time: 0.4280882
2026-07-14 18:56:58.678 9 WARNING neutron.scheduler.dhcp_agent_scheduler [None req-2308fff5-7b98-419e-a069-2d8684a88f91 d76c29a569ce4476880c6d6cb649b9e7 6fd163f45de44f9ca54fd954407a627f - - default default] No more DHCP agents
2026-07-14 18:56:58.683 9 WARNING neutron.api.rpc.agentnotifiers.dhcp_rpc_agent_api [None req-2308fff5-7b98-419e-a069-2d8684a88f91 d76c29a569ce4476880c6d6cb649b9e7 6fd163f45de44f9ca54fd954407a627f - - default default] Unable to schedule network 042559a0-e9f8-4ebe-aef7-fc562a7ceb78: no agents available; will retry on subsequent port and subnet creation events.
2026-07-14 18:56:58.909 10 INFO neutron.wsgi [None req-d0089982-205b-4918-b60c-0ee269fd73c4 13b050ca446d4b9481193ed106f5666f 4ef0aa74ed8842769329a9876acc1d99 - - default default] 10.0.0.110 "DELETE /v2.0/networks/b37e05a3-7425-49f5-8eff-d8439cca400a HTTP/1.1" status: 204 len: 168 time: 0.5159180
2026-07-14 18:56:59.101 9 INFO neutron.wsgi [None req-2308fff5-7b98-419e-a069-2d8684a88f91 d76c29a569ce4476880c6d6cb649b9e7 6fd163f45de44f9ca54fd954407a627f - - default default] 10.0.0.110 "POST /v2.0/floatingips HTTP/1.1" status: 201 len: 751 time: 0.9837687
2026-07-14 18:56:59.115 10 WARNING neutron_lib.context [None req-ee344930-a8c8-44f8-975b-f6b449928bf1 d76c29a569ce4476880c6d6cb649b9e7 6fd163f45de44f9ca54fd954407a627f - - default default] Method 'is_advsvc' is deprecated since 2023.2 release (neutron-lib 3.8.0) and will be removed once support for the old RBAC API policies will be removed from Neutron. Please use method 'is_service_role' instead.
2026-07-14 18:56:59.365 10 WARNING neutron.scheduler.dhcp_agent_scheduler [None req-ee344930-a8c8-44f8-975b-f6b449928bf1 d76c29a569ce4476880c6d6cb649b9e7 6fd163f45de44f9ca54fd954407a627f - - default default] No more DHCP agents
2026-07-14 18:56:59.366 10 WARNING neutron.api.rpc.agentnotifiers.dhcp_rpc_agent_api [None req-ee344930-a8c8-44f8-975b-f6b449928bf1 d76c29a569ce4476880c6d6cb649b9e7 6fd163f45de44f9ca54fd954407a627f - - default default] Unable to schedule network 042559a0-e9f8-4ebe-aef7-fc562a7ceb78: no agents available; will retry on subsequent port and subnet creation events.
2026-07-14 18:56:59.373 9 INFO neutron.services.segments.plugin [-] Segment 3a21a3d3-8d09-4c51-9868-984bbc988f19 resource provider aggregate not found
2026-07-14 18:56:59.384 9 INFO neutron.services.segments.plugin [-] Segment 3a21a3d3-8d09-4c51-9868-984bbc988f19 resource provider aggregate not found
2026-07-14 18:56:59.394 9 INFO neutron.services.segments.plugin [-] Segment 3a21a3d3-8d09-4c51-9868-984bbc988f19 resource provider not found; error: Placement Client Error (4xx): {"errors": [{"status": 404, "title": "Not Found", "detail": "The resource could not be found.\n\n No resource provider with uuid 3a21a3d3-8d09-4c51-9868-984bbc988f19 found for delete ", "request_id": "req-ebeca4dd-9bdf-4518-b4a3-c3a8462b2a0e"}]}
2026-07-14 18:56:59.399 9 INFO neutron.services.segments.plugin [-] Segment 3a21a3d3-8d09-4c51-9868-984bbc988f19 resource provider not found; error: Placement Client Error (4xx): {"errors": [{"status": 404, "title": "Not Found", "detail": "The resource could not be found.\n\n No resource provider with uuid 3a21a3d3-8d09-4c51-9868-984bbc988f19 found for delete ", "request_id": "req-9a760b78-656f-4128-bb54-9afa0055181c"}]}
2026-07-14 18:56:59.439 9 INFO neutron.wsgi [None req-296fc675-6e49-4957-b6d3-3e49e1fd5676 13b050ca446d4b9481193ed106f5666f 4ef0aa74ed8842769329a9876acc1d99 - - default default] 10.0.0.110 "DELETE /v2.0/networks/f55ccbd9-4609-43db-9c50-a009e6844df4 HTTP/1.1" status: 204 len: 168 time: 0.5242987
2026-07-14 18:56:59.676 15 INFO neutron.plugins.ml2.drivers.ovn.mech_driver.ovsdb.maintenance [None req-0a16c1ed-2c9b-43a1-8d0c-7f83f80e5409 - - - - - -] Maintenance task: Synchronization completed (took 2.29 seconds)
2026-07-14 18:56:59.880 10 INFO neutron.wsgi [None req-ee344930-a8c8-44f8-975b-f6b449928bf1 d76c29a569ce4476880c6d6cb649b9e7 6fd163f45de44f9ca54fd954407a627f - - default default] 10.0.0.110 "POST /v2.0/floatingips HTTP/1.1" status: 201 len: 751 time: 0.7730377
2026-07-14 18:56:59.892 10 WARNING neutron_lib.context [None req-668dd080-5257-4b3d-85ff-af53d22177b1 d76c29a569ce4476880c6d6cb649b9e7 6fd163f45de44f9ca54fd954407a627f - - default default] Method 'is_advsvc' is deprecated since 2023.2 release (neutron-lib 3.8.0) and will be removed once support for the old RBAC API policies will be removed from Neutron. Please use method 'is_service_role' instead.
2026-07-14 18:57:00.395 10 INFO neutron.services.segments.plugin [-] Segment ea289b34-c167-4dc5-97fd-efb0c91ab001 resource provider aggregate not found
2026-07-14 18:57:00.408 10 INFO neutron.services.segments.plugin [-] Segment ea289b34-c167-4dc5-97fd-efb0c91ab001 resource provider not found; error: Placement Client Error (4xx): {"errors": [{"status": 404, "title": "Not Found", "detail": "The resource could not be found.\n\n No resource provider with uuid ea289b34-c167-4dc5-97fd-efb0c91ab001 found for delete ", "request_id": "req-959424cd-816e-4d5b-9305-4dea56e7c1b2"}]}
2026-07-14 18:57:00.431 10 INFO neutron.wsgi [None req-6a46ea24-fe28-4a49-bf19-a619c9031a61 13b050ca446d4b9481193ed106f5666f 4ef0aa74ed8842769329a9876acc1d99 - - default default] 10.0.0.110 "DELETE /v2.0/networks/afd84c80-e4fb-477a-affe-33b3206dc49e HTTP/1.1" status: 204 len: 168 time: 0.9848282
2026-07-14 18:57:00.432 10 INFO neutron.services.segments.plugin [-] Segment ef8fc343-167e-4ea1-9c93-020026625646 resource provider aggregate not found
2026-07-14 18:57:00.452 10 INFO neutron.services.segments.plugin [-] Segment ef8fc343-167e-4ea1-9c93-020026625646 resource provider not found; error: Placement Client Error (4xx): {"errors": [{"status": 404, "title": "Not Found", "detail": "The resource could not be found.\n\n No resource provider with uuid ef8fc343-167e-4ea1-9c93-020026625646 found for delete ", "request_id": "req-691a42b5-30ba-4710-8eae-e796087be0d5"}]}
2026-07-14 18:57:00.452 10 INFO neutron.services.segments.plugin [-] Segment ea289b34-c167-4dc5-97fd-efb0c91ab001 resource provider aggregate not found
2026-07-14 18:57:00.473 10 INFO neutron.services.segments.plugin [-] Segment ea289b34-c167-4dc5-97fd-efb0c91ab001 resource provider not found; error: Placement Client Error (4xx): {"errors": [{"status": 404, "title": "Not Found", "detail": "The resource could not be found.\n\n No resource provider with uuid ea289b34-c167-4dc5-97fd-efb0c91ab001 found for delete ", "request_id": "req-4ba512a7-0ee4-4e27-87a9-dbdcaf34df0c"}]}
2026-07-14 18:57:00.498 10 INFO neutron.services.segments.plugin [-] Segment ef8fc343-167e-4ea1-9c93-020026625646 resource provider aggregate not found
2026-07-14 18:57:00.516 10 INFO neutron.services.segments.plugin [-] Segment ef8fc343-167e-4ea1-9c93-020026625646 resource provider not found; error: Placement Client Error (4xx): {"errors": [{"status": 404, "title": "Not Found", "detail": "The resource could not be found.\n\n No resource provider with uuid ef8fc343-167e-4ea1-9c93-020026625646 found for delete ", "request_id": "req-0fd71c4e-f91d-4934-986e-5112b062d23d"}]}
2026-07-14 18:57:00.619 10 WARNING neutron.scheduler.dhcp_agent_scheduler [None req-668dd080-5257-4b3d-85ff-af53d22177b1 d76c29a569ce4476880c6d6cb649b9e7 6fd163f45de44f9ca54fd954407a627f - - default default] No more DHCP agents
2026-07-14 18:57:00.624 10 WARNING neutron.api.rpc.agentnotifiers.dhcp_rpc_agent_api [None req-668dd080-5257-4b3d-85ff-af53d22177b1 d76c29a569ce4476880c6d6cb649b9e7 6fd163f45de44f9ca54fd954407a627f - - default default] Unable to schedule network 042559a0-e9f8-4ebe-aef7-fc562a7ceb78: no agents available; will retry on subsequent port and subnet creation events.
2026-07-14 18:57:00.833 9 INFO neutron.wsgi [req-5a5780bb-c971-4f0e-b372-88c9c63255a0 req-0df34142-9341-4b7e-a57e-2960a0c6cdf3 0354982e02b5467aaac480057aa616f9 ecf48c17b60e4dd9a03d745c08490db4 - - default default] 10.0.0.85 "GET /v2.0/ports?device_id=559e9b91-aa11-43ff-8272-0f276a56632b HTTP/1.1" status: 200 len: 1400 time: 0.1117132
2026-07-14 18:57:00.887 9 INFO neutron.wsgi [req-5a5780bb-c971-4f0e-b372-88c9c63255a0 req-55c413f9-5881-474d-bd1a-986878ad7189 0354982e02b5467aaac480057aa616f9 ecf48c17b60e4dd9a03d745c08490db4 - - default default] 10.0.0.85 "GET /v2.0/security-groups?id=2c536c09-1b0e-4bce-92b3-31bf4ed20333&fields=id&fields=name HTTP/1.1" status: 200 len: 309 time: 0.0456080
2026-07-14 18:57:00.979 9 INFO neutron.wsgi [None req-36809f75-5e3d-41de-8efe-b115d779e6df 0354982e02b5467aaac480057aa616f9 ecf48c17b60e4dd9a03d745c08490db4 - - default default] 10.0.0.110 "GET /v2.0/ports?network_id=a527be45-3b0e-4283-87d1-4eb80dab3c90&mac_address=fa%3A16%3A3e%3Aa5%3A4e%3Af2 HTTP/1.1" status: 200 len: 1395 time: 0.0633564
2026-07-14 18:57:00.985 10 INFO neutron.wsgi [None req-3b1f3b4b-2e6b-43db-97d1-711aae4eeb3d 13b050ca446d4b9481193ed106f5666f 4ef0aa74ed8842769329a9876acc1d99 - - default default] 10.0.0.110 "DELETE /v2.0/networks/e764c4a9-45a3-490c-96a1-5de2465a4d3b HTTP/1.1" status: 204 len: 168 time: 0.5466142
2026-07-14 18:57:00.986 9 WARNING neutron_lib.context [None req-694495ca-9af4-4ff7-a020-68ff83bebc02 0354982e02b5467aaac480057aa616f9 ecf48c17b60e4dd9a03d745c08490db4 - - default default] Method 'is_advsvc' is deprecated since 2023.2 release (neutron-lib 3.8.0) and will be removed once support for the old RBAC API policies will be removed from Neutron. Please use method 'is_service_role' instead.
2026-07-14 18:57:01.040 10 INFO neutron.wsgi [None req-668dd080-5257-4b3d-85ff-af53d22177b1 d76c29a569ce4476880c6d6cb649b9e7 6fd163f45de44f9ca54fd954407a627f - - default default] 10.0.0.110 "POST /v2.0/floatingips HTTP/1.1" status: 201 len: 751 time: 1.1530280
2026-07-14 18:57:01.051 9 WARNING neutron_lib.context [None req-2f489c15-3d8c-4282-b1ca-d51205a7542a d76c29a569ce4476880c6d6cb649b9e7 6fd163f45de44f9ca54fd954407a627f - - default default] Method 'is_advsvc' is deprecated since 2023.2 release (neutron-lib 3.8.0) and will be removed once support for the old RBAC API policies will be removed from Neutron. Please use method 'is_service_role' instead.
2026-07-14 18:57:01.352 9 WARNING neutron.scheduler.dhcp_agent_scheduler [None req-694495ca-9af4-4ff7-a020-68ff83bebc02 0354982e02b5467aaac480057aa616f9 ecf48c17b60e4dd9a03d745c08490db4 - - default default] No more DHCP agents
2026-07-14 18:57:01.355 9 WARNING neutron.api.rpc.agentnotifiers.dhcp_rpc_agent_api [None req-694495ca-9af4-4ff7-a020-68ff83bebc02 0354982e02b5467aaac480057aa616f9 ecf48c17b60e4dd9a03d745c08490db4 - - default default] Unable to schedule network 042559a0-e9f8-4ebe-aef7-fc562a7ceb78: no agents available; will retry on subsequent port and subnet creation events.
2026-07-14 18:57:01.411 9 WARNING neutron.scheduler.dhcp_agent_scheduler [None req-2f489c15-3d8c-4282-b1ca-d51205a7542a d76c29a569ce4476880c6d6cb649b9e7 6fd163f45de44f9ca54fd954407a627f - - default default] No more DHCP agents
2026-07-14 18:57:01.415 9 WARNING neutron.api.rpc.agentnotifiers.dhcp_rpc_agent_api [None req-2f489c15-3d8c-4282-b1ca-d51205a7542a d76c29a569ce4476880c6d6cb649b9e7 6fd163f45de44f9ca54fd954407a627f - - default default] Unable to schedule network 042559a0-e9f8-4ebe-aef7-fc562a7ceb78: no agents available; will retry on subsequent port and subnet creation events.
2026-07-14 18:57:02.133 10 INFO neutron.wsgi [None req-f38d453a-58e3-48c7-aebf-dae218d86d17 42c5276c71b348a9abacbf421c309197 ff7e564635fa43fa9e2dc3cdab6453c3 - - default default] 10.0.0.110 "GET /v2.0/security-groups?tenant_id=4ef0aa74ed8842769329a9876acc1d99&name=default HTTP/1.1" status: 200 len: 3120 time: 0.2251472
2026-07-14 18:57:02.149 9 INFO neutron.wsgi [None req-2f489c15-3d8c-4282-b1ca-d51205a7542a d76c29a569ce4476880c6d6cb649b9e7 6fd163f45de44f9ca54fd954407a627f - - default default] 10.0.0.110 "POST /v2.0/floatingips HTTP/1.1" status: 201 len: 751 time: 1.1031280
2026-07-14 18:57:02.160 10 WARNING neutron_lib.context [None req-33baabdd-ea8c-40a4-a7bb-d466c9db1979 d76c29a569ce4476880c6d6cb649b9e7 6fd163f45de44f9ca54fd954407a627f - - default default] Method 'is_advsvc' is deprecated since 2023.2 release (neutron-lib 3.8.0) and will be removed once support for the old RBAC API policies will be removed from Neutron. Please use method 'is_service_role' instead.
2026-07-14 18:57:02.474 10 INFO neutron.services.segments.plugin [-] Segment 86589ff2-c2ea-4f9c-81ac-87efa4931809 resource provider aggregate not found
2026-07-14 18:57:02.491 10 INFO neutron.wsgi [None req-f32d7271-a085-4f75-aa67-40992a41de0b 42c5276c71b348a9abacbf421c309197 ff7e564635fa43fa9e2dc3cdab6453c3 - - default default] 10.0.0.110 "DELETE /v2.0/security-groups/cf008b42-7689-4407-a011-aeca0b5a3c9b HTTP/1.1" status: 204 len: 168 time: 0.3466978
2026-07-14 18:57:02.492 10 INFO neutron.services.segments.plugin [-] Segment 86589ff2-c2ea-4f9c-81ac-87efa4931809 resource provider not found; error: Placement Client Error (4xx): {"errors": [{"status": 404, "title": "Not Found", "detail": "The resource could not be found.\n\n No resource provider with uuid 86589ff2-c2ea-4f9c-81ac-87efa4931809 found for delete ", "request_id": "req-7841f2e7-e326-45b8-b17e-b42ce0c80068"}]}
2026-07-14 18:57:02.520 10 WARNING neutron.scheduler.dhcp_agent_scheduler [None req-33baabdd-ea8c-40a4-a7bb-d466c9db1979 d76c29a569ce4476880c6d6cb649b9e7 6fd163f45de44f9ca54fd954407a627f - - default default] No more DHCP agents
2026-07-14 18:57:02.522 10 WARNING neutron.api.rpc.agentnotifiers.dhcp_rpc_agent_api [None req-33baabdd-ea8c-40a4-a7bb-d466c9db1979 d76c29a569ce4476880c6d6cb649b9e7 6fd163f45de44f9ca54fd954407a627f - - default default] Unable to schedule network 042559a0-e9f8-4ebe-aef7-fc562a7ceb78: no agents available; will retry on subsequent port and subnet creation events.
2026-07-14 18:57:02.547 10 INFO neutron.services.segments.plugin [-] Segment 86589ff2-c2ea-4f9c-81ac-87efa4931809 resource provider aggregate not found
2026-07-14 18:57:02.567 10 INFO neutron.services.segments.plugin [-] Segment 86589ff2-c2ea-4f9c-81ac-87efa4931809 resource provider not found; error: Placement Client Error (4xx): {"errors": [{"status": 404, "title": "Not Found", "detail": "The resource could not be found.\n\n No resource provider with uuid 86589ff2-c2ea-4f9c-81ac-87efa4931809 found for delete ", "request_id": "req-6f9b2204-04bb-4143-8f85-2addba5c9618"}]}
2026-07-14 18:57:02.665 9 INFO neutron.db.ovn_revision_numbers_db [None req-694495ca-9af4-4ff7-a020-68ff83bebc02 0354982e02b5467aaac480057aa616f9 ecf48c17b60e4dd9a03d745c08490db4 - - default default] Successfully bumped revision number for resource 0582a5a6-d284-4c2f-8434-0b09a85d2edb (type: floatingips) to -1
2026-07-14 18:57:02.844 9 INFO neutron.db.ovn_revision_numbers_db [None req-694495ca-9af4-4ff7-a020-68ff83bebc02 0354982e02b5467aaac480057aa616f9 ecf48c17b60e4dd9a03d745c08490db4 - - default default] Successfully bumped revision number for resource 0582a5a6-d284-4c2f-8434-0b09a85d2edb (type: floatingips) to 1
2026-07-14 18:57:02.844 9 INFO neutron.db.l3_db [None req-694495ca-9af4-4ff7-a020-68ff83bebc02 0354982e02b5467aaac480057aa616f9 ecf48c17b60e4dd9a03d745c08490db4 - - default default] Floating IP 0582a5a6-d284-4c2f-8434-0b09a85d2edb associated. External IP: 10.96.250.214, port: 1663b139-68ab-4718-8818-91da38e30199.
2026-07-14 18:57:02.853 10 INFO neutron.db.ovn_revision_numbers_db [None req-2d1b24a8-6165-4adc-bf16-285adf376f88 42c5276c71b348a9abacbf421c309197 ff7e564635fa43fa9e2dc3cdab6453c3 - - default default] Successfully bumped revision number for resource e83e4b7d-1b2c-44b1-b5e4-7417810cbdfb (type: security_groups) to 1
2026-07-14 18:57:02.878 10 INFO neutron.db.ovn_revision_numbers_db [None req-2d1b24a8-6165-4adc-bf16-285adf376f88 42c5276c71b348a9abacbf421c309197 ff7e564635fa43fa9e2dc3cdab6453c3 - - default default] Successfully bumped revision number for resource 611d3a4c-eddf-4184-accd-44590bb5b24e (type: security_group_rules) to 0
2026-07-14 18:57:02.891 9 INFO neutron.wsgi [None req-694495ca-9af4-4ff7-a020-68ff83bebc02 0354982e02b5467aaac480057aa616f9 ecf48c17b60e4dd9a03d745c08490db4 - - default default] 10.0.0.110 "POST /v2.0/floatingips HTTP/1.1" status: 201 len: 1054 time: 1.9084983
2026-07-14 18:57:02.901 10 INFO neutron.db.ovn_revision_numbers_db [None req-2d1b24a8-6165-4adc-bf16-285adf376f88 42c5276c71b348a9abacbf421c309197 ff7e564635fa43fa9e2dc3cdab6453c3 - - default default] Successfully bumped revision number for resource 87ba45f2-022e-40c2-87d9-5e95149cc4f9 (type: security_group_rules) to 0
2026-07-14 18:57:02.933 10 INFO neutron.db.ovn_revision_numbers_db [None req-2d1b24a8-6165-4adc-bf16-285adf376f88 42c5276c71b348a9abacbf421c309197 ff7e564635fa43fa9e2dc3cdab6453c3 - - default default] Successfully bumped revision number for resource ab39c935-fb27-456e-9531-481df8f5b73f (type: security_group_rules) to 0
2026-07-14 18:57:02.937 9 INFO neutron.notifiers.nova [-] Nova event matching ['req-957fdc0d-d6f4-4631-b85b-2c37addb799b'] response: {'name': 'network-changed', 'server_uuid': '559e9b91-aa11-43ff-8272-0f276a56632b', 'tag': '1663b139-68ab-4718-8818-91da38e30199', 'status': 'completed', 'code': 200}
2026-07-14 18:57:02.984 10 INFO neutron.db.ovn_revision_numbers_db [None req-2d1b24a8-6165-4adc-bf16-285adf376f88 42c5276c71b348a9abacbf421c309197 ff7e564635fa43fa9e2dc3cdab6453c3 - - default default] Successfully bumped revision number for resource f87488ef-fd24-4c6c-9e85-b24da77ced59 (type: security_group_rules) to 0 /var/lib/openstack/lib/python3.10/site-packages/pycadf/identifier.py:71: UserWarning: Invalid uuid: neutron. To ensure interoperability, identifiers should be a valid uuid. warnings.warn(('Invalid uuid: %s. To ensure interoperability, '
2026-07-14 18:57:03.030 9 INFO neutron.wsgi [req-24c988e0-25e5-4470-bbc7-c5ba7c4ab27b req-1cf51da6-c694-4b7b-af17-f2025e01f2d3 0354982e02b5467aaac480057aa616f9 ecf48c17b60e4dd9a03d745c08490db4 - - default default] 10.0.0.85 "GET /v2.0/security-groups?name=tempest-lb_member_SG-91048461&fields=id&tenant_id=ecf48c17b60e4dd9a03d745c08490db4 HTTP/1.1" status: 200 len: 267 time: 0.0405490
2026-07-14 18:57:03.037 10 INFO neutron.wsgi [None req-2d1b24a8-6165-4adc-bf16-285adf376f88 42c5276c71b348a9abacbf421c309197 ff7e564635fa43fa9e2dc3cdab6453c3 - - default default] 10.0.0.110 "GET /v2.0/security-groups?tenant_id=6c0bc659f44848d588eac34956fe3dc6&name=default HTTP/1.1" status: 200 len: 3120 time: 0.4205418
2026-07-14 18:57:03.046 10 INFO neutron.wsgi [req-31554ae3-ba4f-4f5b-8344-1b16b917da53 req-fd21781f-9ba2-4df3-ae90-da0953b62464 a7d0a42cf3eb418db63db859bcefec50 889d449229ae4bdfbf34277e4ebedf2f - - 35ffeaa6bba0459dbb48b49e82dff028 35ffeaa6bba0459dbb48b49e82dff028] 199.19.213.161 "GET /v2.0/ports?tenant_id=ecf48c17b60e4dd9a03d745c08490db4&device_id=559e9b91-aa11-43ff-8272-0f276a56632b HTTP/1.1" status: 200 len: 1638 time: 0.0781109
2026-07-14 18:57:03.082 10 INFO neutron.wsgi [None req-33baabdd-ea8c-40a4-a7bb-d466c9db1979 d76c29a569ce4476880c6d6cb649b9e7 6fd163f45de44f9ca54fd954407a627f - - default default] 10.0.0.110 "POST /v2.0/floatingips HTTP/1.1" status: 201 len: 751 time: 0.9289474
2026-07-14 18:57:03.121 9 INFO neutron.wsgi [req-24c988e0-25e5-4470-bbc7-c5ba7c4ab27b req-70620937-5e2a-4a4e-b169-5503263a96db 0354982e02b5467aaac480057aa616f9 ecf48c17b60e4dd9a03d745c08490db4 - - default default] 10.0.0.85 "GET /v2.0/networks?id=edbff245-bb15-4a24-9c4f-4cbff09a4b40 HTTP/1.1" status: 200 len: 904 time: 0.0846779
2026-07-14 18:57:03.145 9 INFO neutron.wsgi [req-24c988e0-25e5-4470-bbc7-c5ba7c4ab27b req-f4367970-2177-437f-b49f-c69b468735c9 0354982e02b5467aaac480057aa616f9 ecf48c17b60e4dd9a03d745c08490db4 - - default default] 10.0.0.85 "GET /v2.0/quotas/ecf48c17b60e4dd9a03d745c08490db4 HTTP/1.1" status: 200 len: 491 time: 0.0137124
2026-07-14 18:57:03.148 10 INFO neutron.wsgi [None req-ece61069-f690-4c39-ac6d-22297083a59a d76c29a569ce4476880c6d6cb649b9e7 6fd163f45de44f9ca54fd954407a627f - - default default] 10.0.0.110 "PUT /v2.0/floatingips/84acfbec-f54b-493e-8056-dc177bbf4aea/tags HTTP/1.1" status: 200 len: 210 time: 0.0613167
2026-07-14 18:57:03.153 10 INFO neutron.wsgi [req-31554ae3-ba4f-4f5b-8344-1b16b917da53 req-1a35dafa-5fa9-4b2f-b4d1-f82b6e277acd a7d0a42cf3eb418db63db859bcefec50 889d449229ae4bdfbf34277e4ebedf2f - - 35ffeaa6bba0459dbb48b49e82dff028 35ffeaa6bba0459dbb48b49e82dff028] 199.19.213.161 "GET /v2.0/networks?id=a527be45-3b0e-4283-87d1-4eb80dab3c90 HTTP/1.1" status: 200 len: 1003 time: 0.0999582
2026-07-14 18:57:03.230 10 INFO neutron.wsgi [None req-95969221-e91f-4cd6-b84c-3a1244534360 d76c29a569ce4476880c6d6cb649b9e7 6fd163f45de44f9ca54fd954407a627f - - default default] 10.0.0.110 "PUT /v2.0/floatingips/3f5892c2-c419-436e-9d15-5e287ed2441a/tags HTTP/1.1" status: 200 len: 218 time: 0.0701475
2026-07-14 18:57:03.241 10 INFO neutron.wsgi [req-31554ae3-ba4f-4f5b-8344-1b16b917da53 req-219a1472-1cf7-446a-9ba0-e2929b57b577 a7d0a42cf3eb418db63db859bcefec50 889d449229ae4bdfbf34277e4ebedf2f - - 35ffeaa6bba0459dbb48b49e82dff028 35ffeaa6bba0459dbb48b49e82dff028] 199.19.213.161 "GET /v2.0/floatingips?fixed_ip_address=10.2.1.149&port_id=1663b139-68ab-4718-8818-91da38e30199 HTTP/1.1" status: 200 len: 1059 time: 0.0751789
2026-07-14 18:57:03.291 10 INFO neutron.wsgi [req-31554ae3-ba4f-4f5b-8344-1b16b917da53 req-49168959-a5c1-4f71-abde-074885439031 a7d0a42cf3eb418db63db859bcefec50 889d449229ae4bdfbf34277e4ebedf2f - - 35ffeaa6bba0459dbb48b49e82dff028 35ffeaa6bba0459dbb48b49e82dff028] 199.19.213.161 "GET /v2.0/floatingips?fixed_ip_address=fd7b%3Af9f7%3Afff%3A4eca%3A%3A1cb&port_id=1663b139-68ab-4718-8818-91da38e30199 HTTP/1.1" status: 200 len: 217 time: 0.0324390
2026-07-14 18:57:03.297 10 INFO neutron.wsgi [None req-9c4ed88c-ef17-45b6-94cb-dc0bc8b84244 d76c29a569ce4476880c6d6cb649b9e7 6fd163f45de44f9ca54fd954407a627f - - default default] 10.0.0.110 "PUT /v2.0/floatingips/e8344788-14b6-4e79-b837-0668ade6b82e/tags HTTP/1.1" status: 200 len: 227 time: 0.0635335
2026-07-14 18:57:03.337 10 INFO neutron.wsgi [req-31554ae3-ba4f-4f5b-8344-1b16b917da53 req-41dc772c-5551-47f2-9a04-699a07c2a57c a7d0a42cf3eb418db63db859bcefec50 889d449229ae4bdfbf34277e4ebedf2f - - 35ffeaa6bba0459dbb48b49e82dff028 35ffeaa6bba0459dbb48b49e82dff028] 199.19.213.161 "GET /v2.0/subnets?id=e84e8477-fa98-4cae-8f97-41ba85eed955&id=b916c511-f9bf-45e9-a4a3-0e7163393df1 HTTP/1.1" status: 200 len: 1562 time: 0.0386219
2026-07-14 18:57:03.352 9 INFO neutron.wsgi [req-24c988e0-25e5-4470-bbc7-c5ba7c4ab27b req-31468a5e-94e2-4613-a8d4-6291567d0513 0354982e02b5467aaac480057aa616f9 ecf48c17b60e4dd9a03d745c08490db4 - - default default] 10.0.0.85 "GET /v2.0/ports?tenant_id=ecf48c17b60e4dd9a03d745c08490db4&fields=id HTTP/1.1" status: 200 len: 532 time: 0.1990247
2026-07-14 18:57:03.369 10 INFO neutron.wsgi [req-31554ae3-ba4f-4f5b-8344-1b16b917da53 req-7c29c4ef-7082-4bc3-b1d1-7e424c4f880b a7d0a42cf3eb418db63db859bcefec50 889d449229ae4bdfbf34277e4ebedf2f - - 35ffeaa6bba0459dbb48b49e82dff028 35ffeaa6bba0459dbb48b49e82dff028] 199.19.213.161 "GET /v2.0/ports?network_id=a527be45-3b0e-4283-87d1-4eb80dab3c90&device_owner=network%3Adhcp HTTP/1.1" status: 200 len: 210 time: 0.0242076
2026-07-14 18:57:03.382 9 INFO neutron.wsgi [None req-f27f10cc-fb9c-4efe-8008-a83d56317ade d76c29a569ce4476880c6d6cb649b9e7 6fd163f45de44f9ca54fd954407a627f - - default default] 10.0.0.110 "PUT /v2.0/floatingips/ad56cb10-99a9-4c6d-8edf-a0581aa59b89/tags HTTP/1.1" status: 200 len: 212 time: 0.0774543
2026-07-14 18:57:03.410 10 INFO neutron.wsgi [req-31554ae3-ba4f-4f5b-8344-1b16b917da53 req-9f496997-bb58-4386-ac72-297918c12107 a7d0a42cf3eb418db63db859bcefec50 889d449229ae4bdfbf34277e4ebedf2f - - 35ffeaa6bba0459dbb48b49e82dff028 35ffeaa6bba0459dbb48b49e82dff028] 199.19.213.161 "GET /v2.0/ports?network_id=a527be45-3b0e-4283-87d1-4eb80dab3c90&device_owner=network%3Adhcp HTTP/1.1" status: 200 len: 210 time: 0.0338287
2026-07-14 18:57:03.411 9 INFO neutron.wsgi [None req-5551e6fe-ed12-4743-bc40-13520d988017 42c5276c71b348a9abacbf421c309197 ff7e564635fa43fa9e2dc3cdab6453c3 - - default default] 10.0.0.110 "DELETE /v2.0/security-groups/e83e4b7d-1b2c-44b1-b5e4-7417810cbdfb HTTP/1.1" status: 204 len: 168 time: 0.3661797
2026-07-14 18:57:03.439 9 INFO neutron.wsgi [req-24c988e0-25e5-4470-bbc7-c5ba7c4ab27b req-a155a1c8-85b1-44f1-97c3-639e07a85c01 a7d0a42cf3eb418db63db859bcefec50 889d449229ae4bdfbf34277e4ebedf2f - - 35ffeaa6bba0459dbb48b49e82dff028 35ffeaa6bba0459dbb48b49e82dff028] 10.0.0.85 "GET /v2.0/networks/edbff245-bb15-4a24-9c4f-4cbff09a4b40?fields=segments HTTP/1.1" status: 200 len: 212 time: 0.0722635
2026-07-14 18:57:03.454 10 INFO neutron.wsgi [None req-e21e43f3-c893-40d4-84f1-1d33ef829dcc d76c29a569ce4476880c6d6cb649b9e7 6fd163f45de44f9ca54fd954407a627f - - default default] 10.0.0.110 "GET /v2.0/floatingips?tags=red HTTP/1.1" status: 200 len: 1866 time: 0.0675251
2026-07-14 18:57:03.505 10 INFO neutron.wsgi [req-31554ae3-ba4f-4f5b-8344-1b16b917da53 req-9b5d3e76-d858-48c9-8dbd-1bf8f6888353 a7d0a42cf3eb418db63db859bcefec50 889d449229ae4bdfbf34277e4ebedf2f - - 35ffeaa6bba0459dbb48b49e82dff028 35ffeaa6bba0459dbb48b49e82dff028] 199.19.213.161 "GET /v2.0/networks/a527be45-3b0e-4283-87d1-4eb80dab3c90?fields=segments HTTP/1.1" status: 200 len: 212 time: 0.0750668
2026-07-14 18:57:03.528 9 INFO neutron.wsgi [None req-d0193a28-c466-46c8-ae0f-94d6f8d5fa9b d76c29a569ce4476880c6d6cb649b9e7 6fd163f45de44f9ca54fd954407a627f - - default default] 10.0.0.110 "GET /v2.0/floatingips?tags=red%2Cblue HTTP/1.1" status: 200 len: 1323 time: 0.0663488
2026-07-14 18:57:03.580 9 INFO neutron.wsgi [None req-c5ccfee5-211e-461d-97db-4a5df35a637c d76c29a569ce4476880c6d6cb649b9e7 6fd163f45de44f9ca54fd954407a627f - - default default] 10.0.0.110 "GET /v2.0/floatingips?tags-any=blue HTTP/1.1" status: 200 len: 1323 time: 0.0464900
2026-07-14 18:57:03.588 10 INFO neutron.wsgi [req-31554ae3-ba4f-4f5b-8344-1b16b917da53 req-8a4dc394-e764-47cd-88f6-d92a03c80420 a7d0a42cf3eb418db63db859bcefec50 889d449229ae4bdfbf34277e4ebedf2f - - 35ffeaa6bba0459dbb48b49e82dff028 35ffeaa6bba0459dbb48b49e82dff028] 199.19.213.161 "GET /v2.0/networks/a527be45-3b0e-4283-87d1-4eb80dab3c90?fields=provider%3Aphysical_network&fields=provider%3Anetwork_type HTTP/1.1" status: 200 len: 277 time: 0.0776091
2026-07-14 18:57:03.596 9 INFO neutron.wsgi [req-24c988e0-25e5-4470-bbc7-c5ba7c4ab27b req-7eb4f14d-8149-4929-aabb-17b8c5041ea3 a7d0a42cf3eb418db63db859bcefec50 889d449229ae4bdfbf34277e4ebedf2f - - 35ffeaa6bba0459dbb48b49e82dff028 35ffeaa6bba0459dbb48b49e82dff028] 10.0.0.85 "GET /v2.0/networks/edbff245-bb15-4a24-9c4f-4cbff09a4b40?fields=provider%3Aphysical_network&fields=provider%3Anetwork_type HTTP/1.1" status: 200 len: 277 time: 0.1499443
2026-07-14 18:57:03.632 9 INFO neutron.wsgi [None req-6a43e697-e35c-4e25-87f4-2a11d021432f d76c29a569ce4476880c6d6cb649b9e7 6fd163f45de44f9ca54fd954407a627f - - default default] 10.0.0.110 "GET /v2.0/floatingips?tags-any=red%2Cblue HTTP/1.1" status: 200 len: 1866 time: 0.0477948
2026-07-14 18:57:03.681 9 INFO neutron.wsgi [None req-88e9e77c-3686-47b1-9ac8-e4d736d8cf8b d76c29a569ce4476880c6d6cb649b9e7 6fd163f45de44f9ca54fd954407a627f - - default default] 10.0.0.110 "GET /v2.0/floatingips?not-tags=red HTTP/1.1" status: 200 len: 1295 time: 0.0417261
2026-07-14 18:57:03.745 10 INFO neutron.db.ovn_revision_numbers_db [None req-2f151f3a-391b-45cd-8bac-c52073cf0bf0 42c5276c71b348a9abacbf421c309197 ff7e564635fa43fa9e2dc3cdab6453c3 - - default default] Successfully bumped revision number for resource 96c9728d-04d4-453e-98c9-011cb977b1c2 (type: security_groups) to 1
2026-07-14 18:57:03.750 9 INFO neutron.wsgi [None req-84bc6198-1564-4df1-9f9e-2fc22c5e9235 d76c29a569ce4476880c6d6cb649b9e7 6fd163f45de44f9ca54fd954407a627f - - default default] 10.0.0.110 "GET /v2.0/floatingips?not-tags=red%2Cblue HTTP/1.1" status: 200 len: 1838 time: 0.0635612
2026-07-14 18:57:03.760 9 INFO neutron.wsgi [req-19fc1f8f-9637-46b3-b796-1bd508d1568b req-c6708923-9e07-4a01-908e-e055a58cb5f6 0354982e02b5467aaac480057aa616f9 ecf48c17b60e4dd9a03d745c08490db4 - - default default] 10.0.0.85 "GET /v2.0/ports?device_id=78faf6bd-ab83-4393-b552-0085bd2ec7ec HTTP/1.1" status: 200 len: 210 time: 0.0289519
2026-07-14 18:57:03.771 10 INFO neutron.db.ovn_revision_numbers_db [None req-2f151f3a-391b-45cd-8bac-c52073cf0bf0 42c5276c71b348a9abacbf421c309197 ff7e564635fa43fa9e2dc3cdab6453c3 - - default default] Successfully bumped revision number for resource 6023a391-2c67-48ef-bf42-5820f08b2196 (type: security_group_rules) to 0
2026-07-14 18:57:04.005 10 INFO neutron.wsgi [None req-2676368e-0c54-49c7-9c84-28e7aa67107d d76c29a569ce4476880c6d6cb649b9e7 6fd163f45de44f9ca54fd954407a627f - - default default] 10.0.0.110 "GET /v2.0/floatingips?not-tags-any=blue HTTP/1.1" status: 200 len: 1838 time: 0.2498646
2026-07-14 18:57:04.010 10 INFO neutron.db.ovn_revision_numbers_db [None req-2f151f3a-391b-45cd-8bac-c52073cf0bf0 42c5276c71b348a9abacbf421c309197 ff7e564635fa43fa9e2dc3cdab6453c3 - - default default] Successfully bumped revision number for resource 7d28173f-d9f8-4621-bd7f-8c4abb666d08 (type: security_group_rules) to 0
2026-07-14 18:57:04.041 10 INFO neutron.wsgi [None req-acc95f76-2133-4a95-8e9b-7965fa7b7822 d76c29a569ce4476880c6d6cb649b9e7 6fd163f45de44f9ca54fd954407a627f - - default default] 10.0.0.110 "GET /v2.0/floatingips?not-tags-any=red%2Cblue HTTP/1.1" status: 200 len: 1295 time: 0.0314794
2026-07-14 18:57:04.042 10 INFO neutron.db.ovn_revision_numbers_db [None req-2f151f3a-391b-45cd-8bac-c52073cf0bf0 42c5276c71b348a9abacbf421c309197 ff7e564635fa43fa9e2dc3cdab6453c3 - - default default] Successfully bumped revision number for resource 848e36d4-9e79-4629-b7b1-a221f0e0b36e (type: security_group_rules) to 0
2026-07-14 18:57:04.054 10 INFO neutron.db.ovn_revision_numbers_db [None req-2f151f3a-391b-45cd-8bac-c52073cf0bf0 42c5276c71b348a9abacbf421c309197 ff7e564635fa43fa9e2dc3cdab6453c3 - - default default] Successfully bumped revision number for resource a6ae9aff-c8be-4199-ae34-c1453c728266 (type: security_group_rules) to 0
2026-07-14 18:57:04.076 10 INFO neutron.wsgi [None req-2f151f3a-391b-45cd-8bac-c52073cf0bf0 42c5276c71b348a9abacbf421c309197 ff7e564635fa43fa9e2dc3cdab6453c3 - - default default] 10.0.0.110 "GET /v2.0/security-groups?tenant_id=509f5ad83eed4deda91ba02311905974&name=default HTTP/1.1" status: 200 len: 3120 time: 0.4590340
2026-07-14 18:57:04.309 10 INFO neutron.wsgi [None req-613206fc-f541-4521-a1c8-cac2b7df835b 42c5276c71b348a9abacbf421c309197 ff7e564635fa43fa9e2dc3cdab6453c3 - - default default] 10.0.0.110 "DELETE /v2.0/security-groups/96c9728d-04d4-453e-98c9-011cb977b1c2 HTTP/1.1" status: 204 len: 168 time: 0.2284551
