2026-07-14 18:55:31.555 9 INFO neutron.wsgi [None req-78434748-e64e-40a2-8644-9935006a48fb 42c5276c71b348a9abacbf421c309197 ff7e564635fa43fa9e2dc3cdab6453c3 - - default default] 10.0.0.110 "DELETE /v2.0/security-groups/88d9d95a-cada-4e52-9cee-71c61daaaa08 HTTP/1.1" status: 204 len: 168 time: 0.2544706
2026-07-14 18:55:34.918 9 INFO neutron.db.ovn_revision_numbers_db [None req-a4d4aa6c-1ff2-4930-9a29-01a46e4f15f5 68b505eb54d24b9398ca555e38c99f31 6aec68ee076a449bb1412027e5e36871 - - default default] Successfully bumped revision number for resource 0bf54ba0-6f3e-4782-a133-1092264d036f (type: security_groups) to 1
2026-07-14 18:55:34.932 9 INFO neutron.db.ovn_revision_numbers_db [None req-a4d4aa6c-1ff2-4930-9a29-01a46e4f15f5 68b505eb54d24b9398ca555e38c99f31 6aec68ee076a449bb1412027e5e36871 - - default default] Successfully bumped revision number for resource 6c4c34d1-6863-4a5a-b769-8972f8cc92fc (type: security_group_rules) to 0
2026-07-14 18:55:34.944 9 INFO neutron.db.ovn_revision_numbers_db [None req-a4d4aa6c-1ff2-4930-9a29-01a46e4f15f5 68b505eb54d24b9398ca555e38c99f31 6aec68ee076a449bb1412027e5e36871 - - default default] Successfully bumped revision number for resource 7edf5add-b7ce-4bc6-ae59-c30a917dffa8 (type: security_group_rules) to 0
2026-07-14 18:55:34.958 9 INFO neutron.db.ovn_revision_numbers_db [None req-a4d4aa6c-1ff2-4930-9a29-01a46e4f15f5 68b505eb54d24b9398ca555e38c99f31 6aec68ee076a449bb1412027e5e36871 - - default default] Successfully bumped revision number for resource a1419be6-d3a2-4cb9-9f37-9ff1482e5f25 (type: security_group_rules) to 0
2026-07-14 18:55:34.971 9 INFO neutron.db.ovn_revision_numbers_db [None req-a4d4aa6c-1ff2-4930-9a29-01a46e4f15f5 68b505eb54d24b9398ca555e38c99f31 6aec68ee076a449bb1412027e5e36871 - - default default] Successfully bumped revision number for resource ae160573-8e19-478c-9c62-dfc4bb44a4a1 (type: security_group_rules) to 0
2026-07-14 18:55:35.021 9 INFO neutron.db.segments_db [None req-a4d4aa6c-1ff2-4930-9a29-01a46e4f15f5 68b505eb54d24b9398ca555e38c99f31 6aec68ee076a449bb1412027e5e36871 - - default default] Added segment 13e3a1c7-f320-481c-9ccb-1d2316212676 of type geneve for network 72f652a0-82b1-433a-8f61-03d47080867d
2026-07-14 18:55:35.109 10 INFO neutron.wsgi [-] 10.0.0.139 "GET / HTTP/1.1" status: 200 len: 247 time: 0.0034976
2026-07-14 18:55:35.113 10 INFO neutron.wsgi [-] 10.0.0.139 "GET / HTTP/1.1" status: 200 len: 247 time: 0.0025611
2026-07-14 18:55:35.159 9 INFO neutron.db.ovn_revision_numbers_db [None req-a4d4aa6c-1ff2-4930-9a29-01a46e4f15f5 68b505eb54d24b9398ca555e38c99f31 6aec68ee076a449bb1412027e5e36871 - - default default] Successfully bumped revision number for resource 72f652a0-82b1-433a-8f61-03d47080867d (type: networks) to 1
2026-07-14 18:55:35.354 9 WARNING neutron.scheduler.dhcp_agent_scheduler [None req-a4d4aa6c-1ff2-4930-9a29-01a46e4f15f5 68b505eb54d24b9398ca555e38c99f31 6aec68ee076a449bb1412027e5e36871 - - default default] No more DHCP agents
2026-07-14 18:55:35.356 9 WARNING neutron.api.rpc.agentnotifiers.dhcp_rpc_agent_api [None req-a4d4aa6c-1ff2-4930-9a29-01a46e4f15f5 68b505eb54d24b9398ca555e38c99f31 6aec68ee076a449bb1412027e5e36871 - - default default] Unable to schedule network 72f652a0-82b1-433a-8f61-03d47080867d: no agents available; will retry on subsequent port and subnet creation events.
2026-07-14 18:55:35.461 9 INFO neutron.db.ovn_revision_numbers_db [None req-a4d4aa6c-1ff2-4930-9a29-01a46e4f15f5 68b505eb54d24b9398ca555e38c99f31 6aec68ee076a449bb1412027e5e36871 - - default default] Successfully bumped revision number for resource f737d017-d677-48ba-9d5e-dd4bf26f5231 (type: ports) to 1
2026-07-14 18:55:35.489 9 INFO neutron.wsgi [None req-a4d4aa6c-1ff2-4930-9a29-01a46e4f15f5 68b505eb54d24b9398ca555e38c99f31 6aec68ee076a449bb1412027e5e36871 - - default default] 10.0.0.110 "POST /v2.0/networks HTTP/1.1" status: 201 len: 929 time: 0.9594412
2026-07-14 18:55:35.649 9 WARNING neutron.scheduler.dhcp_agent_scheduler [None req-bb45a295-4961-4e25-ae4f-cd71606659df 68b505eb54d24b9398ca555e38c99f31 6aec68ee076a449bb1412027e5e36871 - - default default] No more DHCP agents
2026-07-14 18:55:35.652 9 WARNING neutron.api.rpc.agentnotifiers.dhcp_rpc_agent_api [None req-bb45a295-4961-4e25-ae4f-cd71606659df 68b505eb54d24b9398ca555e38c99f31 6aec68ee076a449bb1412027e5e36871 - - default default] Unable to schedule network 72f652a0-82b1-433a-8f61-03d47080867d: no agents available; will retry on subsequent port and subnet creation events.
2026-07-14 18:55:35.841 10 WARNING neutron_lib.context [None req-d59b3ab1-eb82-4a57-9f80-a63dbe444196 5ff8c9190ca549e1bd941b6758fda6ac 1bfb8ec0eed7444ca212ddb5743bc4a1 - - default default] Method 'is_advsvc' is deprecated since 2023.2 release (neutron-lib 3.8.0) and will be removed once support for the old RBAC API policies will be removed from Neutron. Please use method 'is_service_role' instead.
2026-07-14 18:55:35.986 10 INFO neutron.db.ovn_revision_numbers_db [None req-d59b3ab1-eb82-4a57-9f80-a63dbe444196 5ff8c9190ca549e1bd941b6758fda6ac 1bfb8ec0eed7444ca212ddb5743bc4a1 - - default default] Successfully bumped revision number for resource 8bb37830-71ba-483b-9094-68e9ad957611 (type: security_groups) to 1
2026-07-14 18:55:36.001 10 INFO neutron.db.ovn_revision_numbers_db [None req-d59b3ab1-eb82-4a57-9f80-a63dbe444196 5ff8c9190ca549e1bd941b6758fda6ac 1bfb8ec0eed7444ca212ddb5743bc4a1 - - default default] Successfully bumped revision number for resource 0cc014bd-2ce7-4fe7-88a1-3b9b8e48cf94 (type: security_group_rules) to 0
2026-07-14 18:55:36.015 10 INFO neutron.db.ovn_revision_numbers_db [None req-d59b3ab1-eb82-4a57-9f80-a63dbe444196 5ff8c9190ca549e1bd941b6758fda6ac 1bfb8ec0eed7444ca212ddb5743bc4a1 - - default default] Successfully bumped revision number for resource 2321e63e-a86c-4ffe-b05d-1c1912e348ac (type: security_group_rules) to 0
2026-07-14 18:55:36.030 10 INFO neutron.db.ovn_revision_numbers_db [None req-d59b3ab1-eb82-4a57-9f80-a63dbe444196 5ff8c9190ca549e1bd941b6758fda6ac 1bfb8ec0eed7444ca212ddb5743bc4a1 - - default default] Successfully bumped revision number for resource b055c716-3237-4fa1-9ab2-0fd5c0f80e65 (type: security_group_rules) to 0
2026-07-14 18:55:36.046 10 INFO neutron.db.ovn_revision_numbers_db [None req-d59b3ab1-eb82-4a57-9f80-a63dbe444196 5ff8c9190ca549e1bd941b6758fda6ac 1bfb8ec0eed7444ca212ddb5743bc4a1 - - default default] Successfully bumped revision number for resource c5f6e33e-f5f7-454b-8c81-86d48957af87 (type: security_group_rules) to 0
2026-07-14 18:55:36.153 10 INFO neutron.db.ovn_revision_numbers_db [None req-d59b3ab1-eb82-4a57-9f80-a63dbe444196 5ff8c9190ca549e1bd941b6758fda6ac 1bfb8ec0eed7444ca212ddb5743bc4a1 - - default default] Successfully bumped revision number for resource 5645d5dd-7c1a-4520-9b5c-b19c3eb43e55 (type: security_groups) to 1
2026-07-14 18:55:36.167 10 INFO neutron.db.ovn_revision_numbers_db [None req-d59b3ab1-eb82-4a57-9f80-a63dbe444196 5ff8c9190ca549e1bd941b6758fda6ac 1bfb8ec0eed7444ca212ddb5743bc4a1 - - default default] Successfully bumped revision number for resource 662ad8e7-15f4-427c-8075-f79a48bd978b (type: security_group_rules) to 0
2026-07-14 18:55:36.186 10 INFO neutron.db.ovn_revision_numbers_db [None req-d59b3ab1-eb82-4a57-9f80-a63dbe444196 5ff8c9190ca549e1bd941b6758fda6ac 1bfb8ec0eed7444ca212ddb5743bc4a1 - - default default] Successfully bumped revision number for resource 9207545f-6be4-438f-aa19-7707f7e13ba9 (type: security_group_rules) to 0
2026-07-14 18:55:36.210 9 INFO neutron.db.ovn_revision_numbers_db [None req-bb45a295-4961-4e25-ae4f-cd71606659df 68b505eb54d24b9398ca555e38c99f31 6aec68ee076a449bb1412027e5e36871 - - default default] Successfully bumped revision number for resource f737d017-d677-48ba-9d5e-dd4bf26f5231 (type: ports) to 2
2026-07-14 18:55:36.214 10 INFO neutron.wsgi [None req-d59b3ab1-eb82-4a57-9f80-a63dbe444196 5ff8c9190ca549e1bd941b6758fda6ac 1bfb8ec0eed7444ca212ddb5743bc4a1 - - default default] 10.0.0.110 "POST /v2.0/security-groups HTTP/1.1" status: 201 len: 1801 time: 0.6058691
2026-07-14 18:55:36.225 10 WARNING neutron_lib.context [None req-d640286b-c1fb-4ef1-9f10-d69f669193d1 5ff8c9190ca549e1bd941b6758fda6ac 1bfb8ec0eed7444ca212ddb5743bc4a1 - - default default] Method 'is_advsvc' is deprecated since 2023.2 release (neutron-lib 3.8.0) and will be removed once support for the old RBAC API policies will be removed from Neutron. Please use method 'is_service_role' instead.
2026-07-14 18:55:36.234 9 INFO neutron.db.ovn_revision_numbers_db [None req-9e63892e-1f31-49fb-8fea-3ffb69fbdd75 42c5276c71b348a9abacbf421c309197 ff7e564635fa43fa9e2dc3cdab6453c3 - - default default] Successfully bumped revision number for resource 5481720e-be72-4a44-98c6-af0eaad70449 (type: security_groups) to 1
2026-07-14 18:55:36.254 9 INFO neutron.db.ovn_revision_numbers_db [None req-bb45a295-4961-4e25-ae4f-cd71606659df 68b505eb54d24b9398ca555e38c99f31 6aec68ee076a449bb1412027e5e36871 - - default default] Successfully bumped revision number for resource d2a7dc5b-fa90-451c-a9ba-1139c441e420 (type: subnets) to 0
2026-07-14 18:55:36.257 9 INFO neutron.db.ovn_revision_numbers_db [None req-9e63892e-1f31-49fb-8fea-3ffb69fbdd75 42c5276c71b348a9abacbf421c309197 ff7e564635fa43fa9e2dc3cdab6453c3 - - default default] Successfully bumped revision number for resource 4f16526e-319f-4841-95fc-fc2eb463d7c4 (type: security_group_rules) to 0
2026-07-14 18:55:36.273 9 INFO neutron.wsgi [None req-bb45a295-4961-4e25-ae4f-cd71606659df 68b505eb54d24b9398ca555e38c99f31 6aec68ee076a449bb1412027e5e36871 - - default default] 10.0.0.110 "POST /v2.0/subnets HTTP/1.1" status: 201 len: 819 time: 0.7790303
2026-07-14 18:55:36.274 9 INFO neutron.db.ovn_revision_numbers_db [None req-9e63892e-1f31-49fb-8fea-3ffb69fbdd75 42c5276c71b348a9abacbf421c309197 ff7e564635fa43fa9e2dc3cdab6453c3 - - default default] Successfully bumped revision number for resource 8172e69e-2479-42d6-8bd9-e4f911cecea1 (type: security_group_rules) to 0
2026-07-14 18:55:36.288 10 WARNING neutron.api.v2.base [None req-9ce398b9-25af-4c5c-ac16-20fdb4d71447 68b505eb54d24b9398ca555e38c99f31 6aec68ee076a449bb1412027e5e36871 - - default default] An exception happened while processing the request body. The exception message is [Invalid input for target_tenant. Reason: 'None' is not a valid string.].: webob.exc.HTTPBadRequest: Invalid input for target_tenant. Reason: 'None' is not a valid string.
2026-07-14 18:55:36.289 10 INFO neutron.api.v2.resource [None req-9ce398b9-25af-4c5c-ac16-20fdb4d71447 68b505eb54d24b9398ca555e38c99f31 6aec68ee076a449bb1412027e5e36871 - - default default] create failed (client error): Invalid input for target_tenant. Reason: 'None' is not a valid string.
2026-07-14 18:55:36.291 10 INFO neutron.wsgi [None req-9ce398b9-25af-4c5c-ac16-20fdb4d71447 68b505eb54d24b9398ca555e38c99f31 6aec68ee076a449bb1412027e5e36871 - - default default] 10.0.0.110 "POST /v2.0/rbac-policies HTTP/1.1" status: 400 len: 346 time: 0.0107124
2026-07-14 18:55:36.291 9 INFO neutron.db.ovn_revision_numbers_db [None req-9e63892e-1f31-49fb-8fea-3ffb69fbdd75 42c5276c71b348a9abacbf421c309197 ff7e564635fa43fa9e2dc3cdab6453c3 - - default default] Successfully bumped revision number for resource 88aeb8da-4fb1-4d08-8b66-9bafbd392298 (type: security_group_rules) to 0
2026-07-14 18:55:36.313 9 INFO neutron.db.ovn_revision_numbers_db [None req-9e63892e-1f31-49fb-8fea-3ffb69fbdd75 42c5276c71b348a9abacbf421c309197 ff7e564635fa43fa9e2dc3cdab6453c3 - - default default] Successfully bumped revision number for resource edf3c966-c670-4384-9202-b2d4e150cb98 (type: security_group_rules) to 0
2026-07-14 18:55:36.340 9 INFO neutron.wsgi [None req-9e63892e-1f31-49fb-8fea-3ffb69fbdd75 42c5276c71b348a9abacbf421c309197 ff7e564635fa43fa9e2dc3cdab6453c3 - - default default] 10.0.0.110 "GET /v2.0/security-groups?tenant_id=8f074fde4e1b4fb19518008a692b0e30&name=default HTTP/1.1" status: 200 len: 3120 time: 0.3706808
2026-07-14 18:55:36.413 10 INFO neutron.db.ovn_revision_numbers_db [None req-d640286b-c1fb-4ef1-9f10-d69f669193d1 5ff8c9190ca549e1bd941b6758fda6ac 1bfb8ec0eed7444ca212ddb5743bc4a1 - - default default] Successfully bumped revision number for resource d3eb0ded-2f68-49c3-9c31-956833ec95bb (type: security_groups) to 1
2026-07-14 18:55:36.432 10 INFO neutron.db.ovn_revision_numbers_db [None req-d640286b-c1fb-4ef1-9f10-d69f669193d1 5ff8c9190ca549e1bd941b6758fda6ac 1bfb8ec0eed7444ca212ddb5743bc4a1 - - default default] Successfully bumped revision number for resource 974897c3-cfd8-485f-9f85-c6f3ca03bb32 (type: security_group_rules) to 0
2026-07-14 18:55:36.464 10 INFO neutron.db.ovn_revision_numbers_db [None req-d640286b-c1fb-4ef1-9f10-d69f669193d1 5ff8c9190ca549e1bd941b6758fda6ac 1bfb8ec0eed7444ca212ddb5743bc4a1 - - default default] Successfully bumped revision number for resource d397993d-b215-44d2-bcf7-732eaa5f129c (type: security_group_rules) to 0
2026-07-14 18:55:36.503 10 INFO neutron.wsgi [None req-d640286b-c1fb-4ef1-9f10-d69f669193d1 5ff8c9190ca549e1bd941b6758fda6ac 1bfb8ec0eed7444ca212ddb5743bc4a1 - - default default] 10.0.0.110 "POST /v2.0/security-groups HTTP/1.1" status: 201 len: 1801 time: 0.2818701
2026-07-14 18:55:36.518 9 WARNING neutron_lib.context [None req-41935702-9e3b-4d8e-94cb-234939071ada 5ff8c9190ca549e1bd941b6758fda6ac 1bfb8ec0eed7444ca212ddb5743bc4a1 - - default default] Method 'is_advsvc' is deprecated since 2023.2 release (neutron-lib 3.8.0) and will be removed once support for the old RBAC API policies will be removed from Neutron. Please use method 'is_service_role' instead.
2026-07-14 18:55:36.606 9 INFO neutron.wsgi [None req-b9d27ef0-5920-486a-8f9b-534f34adafbb 42c5276c71b348a9abacbf421c309197 ff7e564635fa43fa9e2dc3cdab6453c3 - - default default] 10.0.0.110 "DELETE /v2.0/security-groups/5481720e-be72-4a44-98c6-af0eaad70449 HTTP/1.1" status: 204 len: 168 time: 0.2603686
2026-07-14 18:55:36.666 9 INFO neutron.db.ovn_revision_numbers_db [None req-41935702-9e3b-4d8e-94cb-234939071ada 5ff8c9190ca549e1bd941b6758fda6ac 1bfb8ec0eed7444ca212ddb5743bc4a1 - - default default] Successfully bumped revision number for resource 9640d728-3d10-4af3-aeed-75834344aa5e (type: security_groups) to 1
2026-07-14 18:55:36.681 9 INFO neutron.db.ovn_revision_numbers_db [None req-41935702-9e3b-4d8e-94cb-234939071ada 5ff8c9190ca549e1bd941b6758fda6ac 1bfb8ec0eed7444ca212ddb5743bc4a1 - - default default] Successfully bumped revision number for resource 4948bbaa-0ec2-4a6c-bd42-505575fc3c55 (type: security_group_rules) to 0
2026-07-14 18:55:36.700 9 INFO neutron.db.ovn_revision_numbers_db [None req-41935702-9e3b-4d8e-94cb-234939071ada 5ff8c9190ca549e1bd941b6758fda6ac 1bfb8ec0eed7444ca212ddb5743bc4a1 - - default default] Successfully bumped revision number for resource 93fb4ab1-cc7c-4433-b8ca-2035bf17d5bc (type: security_group_rules) to 0
2026-07-14 18:55:36.727 9 INFO neutron.wsgi [None req-41935702-9e3b-4d8e-94cb-234939071ada 5ff8c9190ca549e1bd941b6758fda6ac 1bfb8ec0eed7444ca212ddb5743bc4a1 - - default default] 10.0.0.110 "POST /v2.0/security-groups HTTP/1.1" status: 201 len: 1801 time: 0.2163093
2026-07-14 18:55:36.738 10 WARNING neutron_lib.context [None req-2cf53bab-ebf1-4195-90d9-36e766f1a508 5ff8c9190ca549e1bd941b6758fda6ac 1bfb8ec0eed7444ca212ddb5743bc4a1 - - default default] Method 'is_advsvc' is deprecated since 2023.2 release (neutron-lib 3.8.0) and will be removed once support for the old RBAC API policies will be removed from Neutron. Please use method 'is_service_role' instead.
2026-07-14 18:55:36.941 10 INFO neutron.db.ovn_revision_numbers_db [None req-c101a81a-1f51-4278-888e-cbba5f9e60f0 42c5276c71b348a9abacbf421c309197 ff7e564635fa43fa9e2dc3cdab6453c3 - - default default] Successfully bumped revision number for resource 86bbeafd-ea66-43f2-aec3-4feb6f876c4c (type: security_groups) to 1
2026-07-14 18:55:36.944 10 INFO neutron.db.ovn_revision_numbers_db [None req-2cf53bab-ebf1-4195-90d9-36e766f1a508 5ff8c9190ca549e1bd941b6758fda6ac 1bfb8ec0eed7444ca212ddb5743bc4a1 - - default default] Successfully bumped revision number for resource d696674a-cfda-48f6-9ff5-cea167b4bc89 (type: security_groups) to 1
2026-07-14 18:55:36.965 10 INFO neutron.db.ovn_revision_numbers_db [None req-c101a81a-1f51-4278-888e-cbba5f9e60f0 42c5276c71b348a9abacbf421c309197 ff7e564635fa43fa9e2dc3cdab6453c3 - - default default] Successfully bumped revision number for resource 83872f0e-a3fc-4d53-bf48-0b7b874a61bb (type: security_group_rules) to 0
2026-07-14 18:55:36.970 10 INFO neutron.db.ovn_revision_numbers_db [None req-2cf53bab-ebf1-4195-90d9-36e766f1a508 5ff8c9190ca549e1bd941b6758fda6ac 1bfb8ec0eed7444ca212ddb5743bc4a1 - - default default] Successfully bumped revision number for resource 594ee43c-b19f-4b36-bde2-981deb19424e (type: security_group_rules) to 0
2026-07-14 18:55:37.012 10 INFO neutron.db.ovn_revision_numbers_db [None req-c101a81a-1f51-4278-888e-cbba5f9e60f0 42c5276c71b348a9abacbf421c309197 ff7e564635fa43fa9e2dc3cdab6453c3 - - default default] Successfully bumped revision number for resource b77ef00c-af4f-47ef-9d6c-2b5ba55ab986 (type: security_group_rules) to 0
2026-07-14 18:55:37.013 10 INFO neutron.db.ovn_revision_numbers_db [None req-2cf53bab-ebf1-4195-90d9-36e766f1a508 5ff8c9190ca549e1bd941b6758fda6ac 1bfb8ec0eed7444ca212ddb5743bc4a1 - - default default] Successfully bumped revision number for resource 7383ea68-9191-49c4-8f5b-f67489575812 (type: security_group_rules) to 0
2026-07-14 18:55:37.024 10 INFO neutron.services.segments.plugin [-] Segment 13e3a1c7-f320-481c-9ccb-1d2316212676 resource provider aggregate not found
2026-07-14 18:55:37.028 10 INFO neutron.services.segments.plugin [-] Segment 13e3a1c7-f320-481c-9ccb-1d2316212676 resource provider aggregate not found
2026-07-14 18:55:37.047 10 INFO neutron.wsgi [None req-2cf53bab-ebf1-4195-90d9-36e766f1a508 5ff8c9190ca549e1bd941b6758fda6ac 1bfb8ec0eed7444ca212ddb5743bc4a1 - - default default] 10.0.0.110 "POST /v2.0/security-groups HTTP/1.1" status: 201 len: 1801 time: 0.3138642
2026-07-14 18:55:37.049 10 INFO neutron.services.segments.plugin [-] Segment 13e3a1c7-f320-481c-9ccb-1d2316212676 resource provider not found; error: Placement Client Error (4xx): {"errors": [{"status": 404, "title": "Not Found", "detail": "The resource could not be found.\n\n No resource provider with uuid 13e3a1c7-f320-481c-9ccb-1d2316212676 found for delete ", "request_id": "req-a2aef3f6-0c63-47ee-9e76-5b2b81f18e1a"}]}
2026-07-14 18:55:37.050 10 INFO neutron.db.ovn_revision_numbers_db [None req-c101a81a-1f51-4278-888e-cbba5f9e60f0 42c5276c71b348a9abacbf421c309197 ff7e564635fa43fa9e2dc3cdab6453c3 - - default default] Successfully bumped revision number for resource b8f04f3a-8c7a-4e50-bcb3-b33d69bb2fbc (type: security_group_rules) to 0
2026-07-14 18:55:37.053 10 INFO neutron.services.segments.plugin [-] Segment 13e3a1c7-f320-481c-9ccb-1d2316212676 resource provider not found; error: Placement Client Error (4xx): {"errors": [{"status": 404, "title": "Not Found", "detail": "The resource could not be found.\n\n No resource provider with uuid 13e3a1c7-f320-481c-9ccb-1d2316212676 found for delete ", "request_id": "req-801909ca-1e68-4e6f-97f0-2af8a9d8c56d"}]}
2026-07-14 18:55:37.062 9 WARNING neutron_lib.context [None req-a073e30e-9e07-47c3-b6af-264b7c0a801c 5ff8c9190ca549e1bd941b6758fda6ac 1bfb8ec0eed7444ca212ddb5743bc4a1 - - default default] Method 'is_advsvc' is deprecated since 2023.2 release (neutron-lib 3.8.0) and will be removed once support for the old RBAC API policies will be removed from Neutron. Please use method 'is_service_role' instead.
2026-07-14 18:55:37.066 10 INFO neutron.db.ovn_revision_numbers_db [None req-c101a81a-1f51-4278-888e-cbba5f9e60f0 42c5276c71b348a9abacbf421c309197 ff7e564635fa43fa9e2dc3cdab6453c3 - - default default] Successfully bumped revision number for resource f4c6d7d8-1427-42d0-8790-8eb83be0223d (type: security_group_rules) to 0
2026-07-14 18:55:37.079 10 INFO neutron.wsgi [None req-11dfde7e-4c24-42f1-8d0b-86fb50773fbb 68b505eb54d24b9398ca555e38c99f31 6aec68ee076a449bb1412027e5e36871 - - default default] 10.0.0.110 "DELETE /v2.0/networks/72f652a0-82b1-433a-8f61-03d47080867d HTTP/1.1" status: 204 len: 168 time: 0.7834249
2026-07-14 18:55:37.096 10 INFO neutron.wsgi [None req-c101a81a-1f51-4278-888e-cbba5f9e60f0 42c5276c71b348a9abacbf421c309197 ff7e564635fa43fa9e2dc3cdab6453c3 - - default default] 10.0.0.110 "GET /v2.0/security-groups?tenant_id=c501136f431c46938efc968444e1a8d9&name=default HTTP/1.1" status: 200 len: 3120 time: 0.3806353
2026-07-14 18:55:37.246 9 INFO neutron.db.segments_db [None req-f371cfce-b87d-4771-8282-6212634a5b51 68b505eb54d24b9398ca555e38c99f31 6aec68ee076a449bb1412027e5e36871 - - default default] Added segment 52b51a24-79ed-412b-a99e-d896e0f069db of type geneve for network 9553c185-1750-47c9-913c-83efd1542c6e
2026-07-14 18:55:37.347 9 INFO neutron.db.ovn_revision_numbers_db [None req-a073e30e-9e07-47c3-b6af-264b7c0a801c 5ff8c9190ca549e1bd941b6758fda6ac 1bfb8ec0eed7444ca212ddb5743bc4a1 - - default default] Successfully bumped revision number for resource f731ad74-6ecc-4af7-8bef-71eb310428b3 (type: security_groups) to 1
2026-07-14 18:55:37.388 9 INFO neutron.db.ovn_revision_numbers_db [None req-a073e30e-9e07-47c3-b6af-264b7c0a801c 5ff8c9190ca549e1bd941b6758fda6ac 1bfb8ec0eed7444ca212ddb5743bc4a1 - - default default] Successfully bumped revision number for resource e29911c9-fe0a-41c8-970b-5724b91b74f9 (type: security_group_rules) to 0
2026-07-14 18:55:37.433 9 INFO neutron.db.ovn_revision_numbers_db [None req-a073e30e-9e07-47c3-b6af-264b7c0a801c 5ff8c9190ca549e1bd941b6758fda6ac 1bfb8ec0eed7444ca212ddb5743bc4a1 - - default default] Successfully bumped revision number for resource f2870805-263c-4e4e-9d4a-394ee2d20640 (type: security_group_rules) to 0
2026-07-14 18:55:37.449 9 INFO neutron.db.ovn_revision_numbers_db [None req-f371cfce-b87d-4771-8282-6212634a5b51 68b505eb54d24b9398ca555e38c99f31 6aec68ee076a449bb1412027e5e36871 - - default default] Successfully bumped revision number for resource 9553c185-1750-47c9-913c-83efd1542c6e (type: networks) to 1
2026-07-14 18:55:37.468 9 INFO neutron.wsgi [None req-a073e30e-9e07-47c3-b6af-264b7c0a801c 5ff8c9190ca549e1bd941b6758fda6ac 1bfb8ec0eed7444ca212ddb5743bc4a1 - - default default] 10.0.0.110 "POST /v2.0/security-groups HTTP/1.1" status: 201 len: 1801 time: 0.4151373
2026-07-14 18:55:37.530 10 INFO neutron.wsgi [None req-450b8511-aa61-401b-b905-b019961428e3 5ff8c9190ca549e1bd941b6758fda6ac 1bfb8ec0eed7444ca212ddb5743bc4a1 - - default default] 10.0.0.110 "PUT /v2.0/security-groups/5645d5dd-7c1a-4520-9b5c-b19c3eb43e55/tags HTTP/1.1" status: 200 len: 210 time: 0.0468585
2026-07-14 18:55:37.540 9 INFO neutron.wsgi [None req-a17b4ca5-3455-4b5b-a157-4c9a7617bf73 42c5276c71b348a9abacbf421c309197 ff7e564635fa43fa9e2dc3cdab6453c3 - - default default] 10.0.0.110 "DELETE /v2.0/security-groups/86bbeafd-ea66-43f2-aec3-4feb6f876c4c HTTP/1.1" status: 204 len: 168 time: 0.4370954
2026-07-14 18:55:37.581 10 INFO neutron.wsgi [None req-ba52c1b8-a684-4ebb-8204-942e6a4798ff 5ff8c9190ca549e1bd941b6758fda6ac 1bfb8ec0eed7444ca212ddb5743bc4a1 - - default default] 10.0.0.110 "PUT /v2.0/security-groups/d3eb0ded-2f68-49c3-9c31-956833ec95bb/tags HTTP/1.1" status: 200 len: 218 time: 0.0445883
2026-07-14 18:55:37.628 10 INFO neutron.wsgi [None req-1498c80e-fa92-4c3f-891f-00120b16fd00 5ff8c9190ca549e1bd941b6758fda6ac 1bfb8ec0eed7444ca212ddb5743bc4a1 - - default default] 10.0.0.110 "PUT /v2.0/security-groups/9640d728-3d10-4af3-aeed-75834344aa5e/tags HTTP/1.1" status: 200 len: 227 time: 0.0411158
2026-07-14 18:55:37.646 9 WARNING neutron.scheduler.dhcp_agent_scheduler [None req-f371cfce-b87d-4771-8282-6212634a5b51 68b505eb54d24b9398ca555e38c99f31 6aec68ee076a449bb1412027e5e36871 - - default default] No more DHCP agents
2026-07-14 18:55:37.655 9 WARNING neutron.api.rpc.agentnotifiers.dhcp_rpc_agent_api [None req-f371cfce-b87d-4771-8282-6212634a5b51 68b505eb54d24b9398ca555e38c99f31 6aec68ee076a449bb1412027e5e36871 - - default default] Unable to schedule network 9553c185-1750-47c9-913c-83efd1542c6e: no agents available; will retry on subsequent port and subnet creation events.
2026-07-14 18:55:37.663 10 INFO neutron.wsgi [None req-37182f29-cd34-4547-bdd9-8823ce47659f 5ff8c9190ca549e1bd941b6758fda6ac 1bfb8ec0eed7444ca212ddb5743bc4a1 - - default default] 10.0.0.110 "PUT /v2.0/security-groups/d696674a-cfda-48f6-9ff5-cea167b4bc89/tags HTTP/1.1" status: 200 len: 212 time: 0.0296540
2026-07-14 18:55:37.679 9 INFO neutron.wsgi [req-4f4eb965-c8a1-4411-87b0-0b03baa55add req-3cf40645-f52b-4898-ad78-1790f418aa0f a7d0a42cf3eb418db63db859bcefec50 889d449229ae4bdfbf34277e4ebedf2f - - 35ffeaa6bba0459dbb48b49e82dff028 35ffeaa6bba0459dbb48b49e82dff028] 10.0.0.151 "GET /v2.0/ports?device_id=9db31084-f6ef-4b9f-96e1-d41d7410e074 HTTP/1.1" status: 200 len: 1413 time: 0.0436583
2026-07-14 18:55:37.717 10 INFO neutron.wsgi [None req-12b9881f-79f0-45c3-84e7-f3fb3cbf0248 5ff8c9190ca549e1bd941b6758fda6ac 1bfb8ec0eed7444ca212ddb5743bc4a1 - - default default] 10.0.0.110 "GET /v2.0/security-groups?tags=red HTTP/1.1" status: 200 len: 4999 time: 0.0481915
2026-07-14 18:55:37.749 9 INFO neutron.wsgi [req-4f4eb965-c8a1-4411-87b0-0b03baa55add req-6164f5bb-b47d-46d0-9867-b65baaed9a51 a7d0a42cf3eb418db63db859bcefec50 889d449229ae4bdfbf34277e4ebedf2f - - 35ffeaa6bba0459dbb48b49e82dff028 35ffeaa6bba0459dbb48b49e82dff028] 10.0.0.151 "GET /v2.0/security-groups?id=d907a9aa-d961-4d34-bb4f-978ab200ac5c&fields=id&fields=name HTTP/1.1" status: 200 len: 312 time: 0.0593700
2026-07-14 18:55:37.777 9 INFO neutron.db.ovn_revision_numbers_db [None req-f371cfce-b87d-4771-8282-6212634a5b51 68b505eb54d24b9398ca555e38c99f31 6aec68ee076a449bb1412027e5e36871 - - default default] Successfully bumped revision number for resource a3f1a9bc-074e-4ce6-aef6-93850ff6aab7 (type: ports) to 1
2026-07-14 18:55:37.784 9 INFO neutron.wsgi [None req-b1853e4a-bc0a-41ba-a6d5-837bfb354ea6 5ff8c9190ca549e1bd941b6758fda6ac 1bfb8ec0eed7444ca212ddb5743bc4a1 - - default default] 10.0.0.110 "GET /v2.0/security-groups?tags=red%2Cblue HTTP/1.1" status: 200 len: 3413 time: 0.0612774
2026-07-14 18:55:37.803 9 INFO neutron.wsgi [None req-f371cfce-b87d-4771-8282-6212634a5b51 68b505eb54d24b9398ca555e38c99f31 6aec68ee076a449bb1412027e5e36871 - - default default] 10.0.0.110 "POST /v2.0/networks HTTP/1.1" status: 201 len: 929 time: 0.7162156
2026-07-14 18:55:37.842 9 INFO neutron.wsgi [None req-1b074e50-f40d-4e00-bb7a-9ee5379f7578 5ff8c9190ca549e1bd941b6758fda6ac 1bfb8ec0eed7444ca212ddb5743bc4a1 - - default default] 10.0.0.110 "GET /v2.0/security-groups?tags-any=blue HTTP/1.1" status: 200 len: 3413 time: 0.0506306
2026-07-14 18:55:37.906 9 INFO neutron.wsgi [None req-7e2f2260-f6b4-4f07-ac9a-a677166ad222 5ff8c9190ca549e1bd941b6758fda6ac 1bfb8ec0eed7444ca212ddb5743bc4a1 - - default default] 10.0.0.110 "GET /v2.0/security-groups?tags-any=red%2Cblue HTTP/1.1" status: 200 len: 4999 time: 0.0559089
2026-07-14 18:55:37.992 10 INFO neutron.wsgi [None req-eed859e3-1ef2-42e4-acdb-a862f45a7979 5ff8c9190ca549e1bd941b6758fda6ac 1bfb8ec0eed7444ca212ddb5743bc4a1 - - default default] 10.0.0.110 "GET /v2.0/security-groups?not-tags=red HTTP/1.1" status: 200 len: 6289 time: 0.0808516
2026-07-14 18:55:38.017 10 WARNING neutron.scheduler.dhcp_agent_scheduler [None req-e334affb-ca37-4885-af05-8b85a52a5279 68b505eb54d24b9398ca555e38c99f31 6aec68ee076a449bb1412027e5e36871 - - default default] No more DHCP agents
2026-07-14 18:55:38.023 10 WARNING neutron.api.rpc.agentnotifiers.dhcp_rpc_agent_api [None req-e334affb-ca37-4885-af05-8b85a52a5279 68b505eb54d24b9398ca555e38c99f31 6aec68ee076a449bb1412027e5e36871 - - default default] Unable to schedule network 9553c185-1750-47c9-913c-83efd1542c6e: no agents available; will retry on subsequent port and subnet creation events.
2026-07-14 18:55:38.085 10 INFO neutron.wsgi [None req-6fa9148c-3fd4-4a6c-80f0-6018bd397c70 5ff8c9190ca549e1bd941b6758fda6ac 1bfb8ec0eed7444ca212ddb5743bc4a1 - - default default] 10.0.0.110 "GET /v2.0/security-groups?not-tags=red%2Cblue HTTP/1.1" status: 200 len: 7875 time: 0.0865033
2026-07-14 18:55:38.139 9 INFO neutron.wsgi [None req-25f3ac9b-a481-4269-bb66-b38edcbdd183 5ff8c9190ca549e1bd941b6758fda6ac 1bfb8ec0eed7444ca212ddb5743bc4a1 - - default default] 10.0.0.110 "GET /v2.0/security-groups?not-tags-any=blue HTTP/1.1" status: 200 len: 7875 time: 0.0478506
2026-07-14 18:55:38.195 9 INFO neutron.wsgi [None req-b77a036a-1aff-4018-9287-2b95c78cb518 5ff8c9190ca549e1bd941b6758fda6ac 1bfb8ec0eed7444ca212ddb5743bc4a1 - - default default] 10.0.0.110 "GET /v2.0/security-groups?not-tags-any=red%2Cblue HTTP/1.1" status: 200 len: 6289 time: 0.0500622
2026-07-14 18:55:38.325 9 INFO neutron.wsgi [None req-6b2a7ed1-e53e-41e5-ae16-0118e86fb119 5ff8c9190ca549e1bd941b6758fda6ac 1bfb8ec0eed7444ca212ddb5743bc4a1 - - default default] 10.0.0.110 "DELETE /v2.0/security-groups/5645d5dd-7c1a-4520-9b5c-b19c3eb43e55 HTTP/1.1" status: 204 len: 168 time: 0.1209669
2026-07-14 18:55:38.463 9 INFO neutron.wsgi [None req-31d6c28e-68a1-4fd2-bc8d-77cf186c0e47 5ff8c9190ca549e1bd941b6758fda6ac 1bfb8ec0eed7444ca212ddb5743bc4a1 - - default default] 10.0.0.110 "DELETE /v2.0/security-groups/d3eb0ded-2f68-49c3-9c31-956833ec95bb HTTP/1.1" status: 204 len: 168 time: 0.1327517
2026-07-14 18:55:38.618 9 INFO neutron.wsgi [None req-01bcc052-07ab-4994-af9b-6afdcd1cdfd8 5ff8c9190ca549e1bd941b6758fda6ac 1bfb8ec0eed7444ca212ddb5743bc4a1 - - default default] 10.0.0.110 "DELETE /v2.0/security-groups/9640d728-3d10-4af3-aeed-75834344aa5e HTTP/1.1" status: 204 len: 168 time: 0.1480234
2026-07-14 18:55:38.667 10 INFO neutron.db.ovn_revision_numbers_db [None req-e334affb-ca37-4885-af05-8b85a52a5279 68b505eb54d24b9398ca555e38c99f31 6aec68ee076a449bb1412027e5e36871 - - default default] Successfully bumped revision number for resource a3f1a9bc-074e-4ce6-aef6-93850ff6aab7 (type: ports) to 2
2026-07-14 18:55:38.720 10 INFO neutron.db.ovn_revision_numbers_db [None req-e334affb-ca37-4885-af05-8b85a52a5279 68b505eb54d24b9398ca555e38c99f31 6aec68ee076a449bb1412027e5e36871 - - default default] Successfully bumped revision number for resource 75697dbe-66f3-4aeb-8f2b-b83213001c72 (type: subnets) to 0
2026-07-14 18:55:38.741 10 INFO neutron.wsgi [None req-e334affb-ca37-4885-af05-8b85a52a5279 68b505eb54d24b9398ca555e38c99f31 6aec68ee076a449bb1412027e5e36871 - - default default] 10.0.0.110 "POST /v2.0/subnets HTTP/1.1" status: 201 len: 822 time: 0.9303133
2026-07-14 18:55:38.753 10 WARNING neutron.api.v2.base [None req-43434172-d958-44e4-acce-4c08b46a116a 68b505eb54d24b9398ca555e38c99f31 6aec68ee076a449bb1412027e5e36871 - - default default] An exception happened while processing the request body. The exception message is [Invalid input for target_tenant. Reason: '1234123412341234123412341234123412341234123412341234123412341234123412341234123412341234123412341234123412341234123412341234123412341234123412341234123412341234123412341234123412341234123412341234123412341234123412341234123412341234123412341234123412341234123412341234123412341234123412341234123412341234123412341234123412341234123412341234123412341234123412341234123412341234123412341234123412341234' exceeds maximum length of 255.].: webob.exc.HTTPBadRequest: Invalid input for target_tenant. Reason: '1234123412341234123412341234123412341234123412341234123412341234123412341234123412341234123412341234123412341234123412341234123412341234123412341234123412341234123412341234123412341234123412341234123412341234123412341234123412341234123412341234123412341234123412341234123412341234123412341234123412341234123412341234123412341234123412341234123412341234123412341234123412341234123412341234123412341234' exceeds maximum length of 255.
2026-07-14 18:55:38.753 10 INFO neutron.api.v2.resource [None req-43434172-d958-44e4-acce-4c08b46a116a 68b505eb54d24b9398ca555e38c99f31 6aec68ee076a449bb1412027e5e36871 - - default default] create failed (client error): Invalid input for target_tenant. Reason: '1234123412341234123412341234123412341234123412341234123412341234123412341234123412341234123412341234123412341234123412341234123412341234123412341234123412341234123412341234123412341234123412341234123412341234123412341234123412341234123412341234123412341234123412341234123412341234123412341234123412341234123412341234123412341234123412341234123412341234123412341234123412341234123412341234123412341234' exceeds maximum length of 255.
2026-07-14 18:55:38.755 9 INFO neutron.wsgi [None req-2ce09b79-cb89-4dd3-a7b9-936b7b91f3b2 5ff8c9190ca549e1bd941b6758fda6ac 1bfb8ec0eed7444ca212ddb5743bc4a1 - - default default] 10.0.0.110 "DELETE /v2.0/security-groups/d696674a-cfda-48f6-9ff5-cea167b4bc89 HTTP/1.1" status: 204 len: 168 time: 0.1274176
2026-07-14 18:55:38.755 10 INFO neutron.wsgi [None req-43434172-d958-44e4-acce-4c08b46a116a 68b505eb54d24b9398ca555e38c99f31 6aec68ee076a449bb1412027e5e36871 - - default default] 10.0.0.110 "POST /v2.0/rbac-policies HTTP/1.1" status: 400 len: 750 time: 0.0075915
2026-07-14 18:55:38.923 9 INFO neutron.wsgi [None req-a92715c2-b67e-4858-9320-d344a8dc7dc0 5ff8c9190ca549e1bd941b6758fda6ac 1bfb8ec0eed7444ca212ddb5743bc4a1 - - default default] 10.0.0.110 "DELETE /v2.0/security-groups/f731ad74-6ecc-4af7-8bef-71eb310428b3 HTTP/1.1" status: 204 len: 168 time: 0.1632562
2026-07-14 18:55:39.117 10 INFO neutron.plugins.ml2.drivers.ovn.mech_driver.mech_driver [None req-d887c70c-8fc1-42e8-a873-0fff16e19d3d - - - - - -] OVN reports status down for port: ac2b2cbd-0c56-4720-b4d7-43c7c9005128
2026-07-14 18:55:39.214 9 INFO neutron.wsgi [req-6f686c51-d18d-41a2-a5fe-0b5a157a6df7 req-12a57457-f8d5-4cb3-8370-52b81beb17c8 4f0202ec8223444bbeac50718016c4ce e9f2d98f69e644068c175b8717ae4d9e - - default default] 10.0.0.85 "GET /v2.0/ports?device_id=9db31084-f6ef-4b9f-96e1-d41d7410e074 HTTP/1.1" status: 200 len: 1174 time: 0.1433790
2026-07-14 18:55:39.282 9 INFO neutron.wsgi [req-6f686c51-d18d-41a2-a5fe-0b5a157a6df7 req-ed8432be-f7ee-4662-8edd-a1d31aac4eae 4f0202ec8223444bbeac50718016c4ce e9f2d98f69e644068c175b8717ae4d9e - - default default] 10.0.0.85 "GET /v2.0/security-groups?id=d907a9aa-d961-4d34-bb4f-978ab200ac5c&fields=id&fields=name HTTP/1.1" status: 200 len: 312 time: 0.0563807
2026-07-14 18:55:39.289 10 INFO neutron.notifiers.nova [-] Nova event matching ['req-b131845a-9f3f-4cca-8589-db3c085d789b'] response: {'server_uuid': '9db31084-f6ef-4b9f-96e1-d41d7410e074', 'name': 'network-vif-unplugged', 'status': 'completed', 'tag': 'ac2b2cbd-0c56-4720-b4d7-43c7c9005128', 'code': 200}
2026-07-14 18:55:39.487 9 INFO neutron.services.segments.plugin [-] Segment 52b51a24-79ed-412b-a99e-d896e0f069db resource provider aggregate not found
2026-07-14 18:55:39.492 9 INFO neutron.services.segments.plugin [-] Segment 52b51a24-79ed-412b-a99e-d896e0f069db resource provider aggregate not found
2026-07-14 18:55:39.515 9 INFO neutron.services.segments.plugin [-] Segment 52b51a24-79ed-412b-a99e-d896e0f069db resource provider not found; error: Placement Client Error (4xx): {"errors": [{"status": 404, "title": "Not Found", "detail": "The resource could not be found.\n\n No resource provider with uuid 52b51a24-79ed-412b-a99e-d896e0f069db found for delete ", "request_id": "req-7a497078-74c2-4e09-bc5e-5103eb2de69e"}]}
2026-07-14 18:55:39.519 9 INFO neutron.services.segments.plugin [-] Segment 52b51a24-79ed-412b-a99e-d896e0f069db resource provider not found; error: Placement Client Error (4xx): {"errors": [{"status": 404, "title": "Not Found", "detail": "The resource could not be found.\n\n No resource provider with uuid 52b51a24-79ed-412b-a99e-d896e0f069db found for delete ", "request_id": "req-f3469668-8a42-45dc-93c6-ad85c0c3c5fb"}]}
2026-07-14 18:55:39.527 9 INFO neutron.wsgi [None req-0a70c20f-7808-4bcb-8d78-09a0eff68619 68b505eb54d24b9398ca555e38c99f31 6aec68ee076a449bb1412027e5e36871 - - default default] 10.0.0.110 "DELETE /v2.0/networks/9553c185-1750-47c9-913c-83efd1542c6e HTTP/1.1" status: 204 len: 168 time: 0.7662687
2026-07-14 18:55:39.541 10 INFO neutron.db.ovn_revision_numbers_db [None req-d887c70c-8fc1-42e8-a873-0fff16e19d3d - - - - - -] Successfully bumped revision number for resource ac2b2cbd-0c56-4720-b4d7-43c7c9005128 (type: ports) to 5
2026-07-14 18:55:39.636 10 INFO neutron.wsgi [req-68608ccd-93a6-4386-919a-59f7cee592e5 req-af8a1d25-6bcd-4771-9f4b-2004180340e5 4f0202ec8223444bbeac50718016c4ce e9f2d98f69e644068c175b8717ae4d9e - - default default] 199.19.213.161 "GET /v2.0/ports?device_id=9db31084-f6ef-4b9f-96e1-d41d7410e074 HTTP/1.1" status: 200 len: 1172 time: 0.2154312
2026-07-14 18:55:39.691 10 INFO neutron.db.segments_db [None req-8ae756d7-502d-430e-b821-f1343a8f1c86 68b505eb54d24b9398ca555e38c99f31 6aec68ee076a449bb1412027e5e36871 - - default default] Added segment b924f0ba-9702-4992-8ef9-0c1683d67f99 of type geneve for network 0744bbc3-a5ff-4329-8ebc-298b5cad9ee9
2026-07-14 18:55:40.069 9 INFO neutron.db.ovn_revision_numbers_db [None req-3eaf4403-cdc5-4c70-bc98-d74c428e7fe1 42c5276c71b348a9abacbf421c309197 ff7e564635fa43fa9e2dc3cdab6453c3 - - default default] Successfully bumped revision number for resource a7ea14de-1fd7-44ed-88f9-f3f832b3c241 (type: security_groups) to 1
2026-07-14 18:55:40.085 9 INFO neutron.db.ovn_revision_numbers_db [None req-3eaf4403-cdc5-4c70-bc98-d74c428e7fe1 42c5276c71b348a9abacbf421c309197 ff7e564635fa43fa9e2dc3cdab6453c3 - - default default] Successfully bumped revision number for resource 329b6f60-11d4-47e9-9861-fd20e015bcb4 (type: security_group_rules) to 0
2026-07-14 18:55:40.102 9 INFO neutron.db.ovn_revision_numbers_db [None req-3eaf4403-cdc5-4c70-bc98-d74c428e7fe1 42c5276c71b348a9abacbf421c309197 ff7e564635fa43fa9e2dc3cdab6453c3 - - default default] Successfully bumped revision number for resource 34595556-c470-45fb-b44d-0643780056f6 (type: security_group_rules) to 0
2026-07-14 18:55:40.119 9 INFO neutron.db.ovn_revision_numbers_db [None req-3eaf4403-cdc5-4c70-bc98-d74c428e7fe1 42c5276c71b348a9abacbf421c309197 ff7e564635fa43fa9e2dc3cdab6453c3 - - default default] Successfully bumped revision number for resource ad9b9636-a25a-431a-af63-0d55ef043b2a (type: security_group_rules) to 0
2026-07-14 18:55:40.137 9 INFO neutron.db.ovn_revision_numbers_db [None req-3eaf4403-cdc5-4c70-bc98-d74c428e7fe1 42c5276c71b348a9abacbf421c309197 ff7e564635fa43fa9e2dc3cdab6453c3 - - default default] Successfully bumped revision number for resource ca2a058f-034c-45f0-8ea4-4290a78748fb (type: security_group_rules) to 0
2026-07-14 18:55:40.161 9 INFO neutron.wsgi [None req-3eaf4403-cdc5-4c70-bc98-d74c428e7fe1 42c5276c71b348a9abacbf421c309197 ff7e564635fa43fa9e2dc3cdab6453c3 - - default default] 10.0.0.110 "GET /v2.0/security-groups?tenant_id=38e53519fcfd4c758cb76d169790afff&name=default HTTP/1.1" status: 200 len: 3120 time: 0.3698940
2026-07-14 18:55:40.225 10 INFO neutron.db.ovn_revision_numbers_db [None req-8ae756d7-502d-430e-b821-f1343a8f1c86 68b505eb54d24b9398ca555e38c99f31 6aec68ee076a449bb1412027e5e36871 - - default default] Successfully bumped revision number for resource 0744bbc3-a5ff-4329-8ebc-298b5cad9ee9 (type: networks) to 1
2026-07-14 18:55:40.423 9 INFO neutron.wsgi [req-6c0ef9ed-6491-460c-9fbf-8cd6aefe5605 req-07e3afb2-dd29-45f7-8b40-833d5df66a90 4f0202ec8223444bbeac50718016c4ce e9f2d98f69e644068c175b8717ae4d9e - - default default] 10.0.0.85 "GET /v2.0/ports?device_id=9db31084-f6ef-4b9f-96e1-d41d7410e074 HTTP/1.1" status: 200 len: 1172 time: 0.0701070
2026-07-14 18:55:40.487 9 INFO neutron.wsgi [None req-be06792c-9ec6-4ef3-9cd0-98f9a43e4a9c 42c5276c71b348a9abacbf421c309197 ff7e564635fa43fa9e2dc3cdab6453c3 - - default default] 10.0.0.110 "DELETE /v2.0/security-groups/a7ea14de-1fd7-44ed-88f9-f3f832b3c241 HTTP/1.1" status: 204 len: 168 time: 0.3214729
2026-07-14 18:55:40.510 9 INFO neutron.wsgi [req-6c0ef9ed-6491-460c-9fbf-8cd6aefe5605 req-b7ef38cb-545c-424c-885e-29808b61ffe6 4f0202ec8223444bbeac50718016c4ce e9f2d98f69e644068c175b8717ae4d9e - - default default] 10.0.0.85 "GET /v2.0/security-groups?id=d907a9aa-d961-4d34-bb4f-978ab200ac5c&fields=id&fields=name HTTP/1.1" status: 200 len: 312 time: 0.0818269
2026-07-14 18:55:40.592 10 WARNING neutron.scheduler.dhcp_agent_scheduler [None req-8ae756d7-502d-430e-b821-f1343a8f1c86 68b505eb54d24b9398ca555e38c99f31 6aec68ee076a449bb1412027e5e36871 - - default default] No more DHCP agents
2026-07-14 18:55:40.598 10 WARNING neutron.api.rpc.agentnotifiers.dhcp_rpc_agent_api [None req-8ae756d7-502d-430e-b821-f1343a8f1c86 68b505eb54d24b9398ca555e38c99f31 6aec68ee076a449bb1412027e5e36871 - - default default] Unable to schedule network 0744bbc3-a5ff-4329-8ebc-298b5cad9ee9: no agents available; will retry on subsequent port and subnet creation events.
2026-07-14 18:55:40.652 10 INFO neutron.db.l3_db [req-68608ccd-93a6-4386-919a-59f7cee592e5 req-2f204f47-8652-499a-9495-e926bbf88c20 4f0202ec8223444bbeac50718016c4ce e9f2d98f69e644068c175b8717ae4d9e - - default default] Floating IP 981a0eb4-6059-43d1-b91b-50d866554e75 disassociated. External IP: 10.96.250.215, port: ac2b2cbd-0c56-4720-b4d7-43c7c9005128.
2026-07-14 18:55:40.743 10 INFO neutron.db.ovn_revision_numbers_db [None req-8ae756d7-502d-430e-b821-f1343a8f1c86 68b505eb54d24b9398ca555e38c99f31 6aec68ee076a449bb1412027e5e36871 - - default default] Successfully bumped revision number for resource a9be7d82-c885-46e2-83e7-8d752bbc1a29 (type: ports) to 1
2026-07-14 18:55:40.778 9 INFO neutron.db.ovn_revision_numbers_db [None req-e57b3d32-7764-4bd5-a902-01f9ec170b96 42c5276c71b348a9abacbf421c309197 ff7e564635fa43fa9e2dc3cdab6453c3 - - default default] Successfully bumped revision number for resource b13faeea-b879-4bdc-b981-476397bf375b (type: security_groups) to 1
2026-07-14 18:55:40.785 10 INFO neutron.wsgi [None req-8ae756d7-502d-430e-b821-f1343a8f1c86 68b505eb54d24b9398ca555e38c99f31 6aec68ee076a449bb1412027e5e36871 - - default default] 10.0.0.110 "POST /v2.0/networks HTTP/1.1" status: 201 len: 929 time: 1.2530770
2026-07-14 18:55:40.800 9 INFO neutron.db.ovn_revision_numbers_db [None req-e57b3d32-7764-4bd5-a902-01f9ec170b96 42c5276c71b348a9abacbf421c309197 ff7e564635fa43fa9e2dc3cdab6453c3 - - default default] Successfully bumped revision number for resource 2ca9836a-c645-43eb-9260-0ef91b3327f7 (type: security_group_rules) to 0
2026-07-14 18:55:40.827 9 INFO neutron.db.ovn_revision_numbers_db [None req-e57b3d32-7764-4bd5-a902-01f9ec170b96 42c5276c71b348a9abacbf421c309197 ff7e564635fa43fa9e2dc3cdab6453c3 - - default default] Successfully bumped revision number for resource 48caf103-57ac-4851-bb14-ac06fb0eeb3d (type: security_group_rules) to 0
2026-07-14 18:55:40.828 10 INFO neutron.wsgi [req-68608ccd-93a6-4386-919a-59f7cee592e5 req-2f204f47-8652-499a-9495-e926bbf88c20 4f0202ec8223444bbeac50718016c4ce e9f2d98f69e644068c175b8717ae4d9e - - default default] 199.19.213.161 "DELETE /v2.0/ports/ac2b2cbd-0c56-4720-b4d7-43c7c9005128 HTTP/1.1" status: 204 len: 173 time: 1.1833875
2026-07-14 18:55:40.853 9 INFO neutron.db.ovn_revision_numbers_db [None req-e57b3d32-7764-4bd5-a902-01f9ec170b96 42c5276c71b348a9abacbf421c309197 ff7e564635fa43fa9e2dc3cdab6453c3 - - default default] Successfully bumped revision number for resource 5536ce55-71ca-4008-a673-ed44d090a7de (type: security_group_rules) to 0
2026-07-14 18:55:40.868 9 INFO neutron.db.ovn_revision_numbers_db [None req-e57b3d32-7764-4bd5-a902-01f9ec170b96 42c5276c71b348a9abacbf421c309197 ff7e564635fa43fa9e2dc3cdab6453c3 - - default default] Successfully bumped revision number for resource 80d299cf-f50c-42bb-b021-ad48221c2939 (type: security_group_rules) to 0
2026-07-14 18:55:40.886 9 INFO neutron.wsgi [None req-e57b3d32-7764-4bd5-a902-01f9ec170b96 42c5276c71b348a9abacbf421c309197 ff7e564635fa43fa9e2dc3cdab6453c3 - - default default] 10.0.0.110 "GET /v2.0/security-groups?tenant_id=465702a740bd45b681da56f29850093d&name=default HTTP/1.1" status: 200 len: 3120 time: 0.2396483 /var/lib/openstack/lib/python3.10/site-packages/pycadf/identifier.py:71: UserWarning: Invalid uuid: neutron. To ensure interoperability, identifiers should be a valid uuid. warnings.warn(('Invalid uuid: %s. To ensure interoperability, '
2026-07-14 18:55:40.966 9 WARNING neutron.scheduler.dhcp_agent_scheduler [None req-46ef380f-1eb0-4208-8237-53b07bf1c875 68b505eb54d24b9398ca555e38c99f31 6aec68ee076a449bb1412027e5e36871 - - default default] No more DHCP agents
2026-07-14 18:55:40.967 9 WARNING neutron.api.rpc.agentnotifiers.dhcp_rpc_agent_api [None req-46ef380f-1eb0-4208-8237-53b07bf1c875 68b505eb54d24b9398ca555e38c99f31 6aec68ee076a449bb1412027e5e36871 - - default default] Unable to schedule network 0744bbc3-a5ff-4329-8ebc-298b5cad9ee9: no agents available; will retry on subsequent port and subnet creation events.
2026-07-14 18:55:41.135 10 INFO neutron.wsgi [None req-12db7191-4e75-4852-9757-b40355e557af 42c5276c71b348a9abacbf421c309197 ff7e564635fa43fa9e2dc3cdab6453c3 - - default default] 10.0.0.110 "DELETE /v2.0/security-groups/b13faeea-b879-4bdc-b981-476397bf375b HTTP/1.1" status: 204 len: 168 time: 0.2365019
2026-07-14 18:55:41.330 10 INFO neutron.notifiers.nova [-] Nova event matching ['req-927bc6d8-64d2-4973-ad35-c12b8888d00a'] response: {'server_uuid': '9db31084-f6ef-4b9f-96e1-d41d7410e074', 'name': 'network-vif-unplugged', 'status': 'completed', 'tag': 'ac2b2cbd-0c56-4720-b4d7-43c7c9005128', 'code': 200}
2026-07-14 18:55:41.330 10 INFO neutron.notifiers.nova [-] Nova event matching ['req-927bc6d8-64d2-4973-ad35-c12b8888d00a'] response: {'server_uuid': '9db31084-f6ef-4b9f-96e1-d41d7410e074', 'name': 'network-vif-deleted', 'tag': 'ac2b2cbd-0c56-4720-b4d7-43c7c9005128', 'status': 'completed', 'code': 200}
2026-07-14 18:55:41.355 10 INFO neutron.wsgi [None req-504731e7-dceb-4639-8a45-4eb2639d6eb8 42c5276c71b348a9abacbf421c309197 ff7e564635fa43fa9e2dc3cdab6453c3 - - default default] 10.0.0.110 "GET /v2.0/security-groups?tenant_id=1bfb8ec0eed7444ca212ddb5743bc4a1&name=default HTTP/1.1" status: 200 len: 3120 time: 0.0464833
2026-07-14 18:55:41.518 9 INFO neutron.db.ovn_revision_numbers_db [None req-46ef380f-1eb0-4208-8237-53b07bf1c875 68b505eb54d24b9398ca555e38c99f31 6aec68ee076a449bb1412027e5e36871 - - default default] Successfully bumped revision number for resource a9be7d82-c885-46e2-83e7-8d752bbc1a29 (type: ports) to 2
2026-07-14 18:55:41.564 9 INFO neutron.db.ovn_revision_numbers_db [None req-46ef380f-1eb0-4208-8237-53b07bf1c875 68b505eb54d24b9398ca555e38c99f31 6aec68ee076a449bb1412027e5e36871 - - default default] Successfully bumped revision number for resource 5da20c5a-3fa0-4955-b29f-6c98c5cd5534 (type: subnets) to 0
2026-07-14 18:55:41.580 9 INFO neutron.wsgi [None req-46ef380f-1eb0-4208-8237-53b07bf1c875 68b505eb54d24b9398ca555e38c99f31 6aec68ee076a449bb1412027e5e36871 - - default default] 10.0.0.110 "POST /v2.0/subnets HTTP/1.1" status: 201 len: 822 time: 0.7895203
2026-07-14 18:55:41.674 10 INFO neutron.wsgi [None req-a9ca0da0-ca10-4cf8-bcf0-750368fbb02a 42c5276c71b348a9abacbf421c309197 ff7e564635fa43fa9e2dc3cdab6453c3 - - default default] 10.0.0.110 "DELETE /v2.0/security-groups/8bb37830-71ba-483b-9094-68e9ad957611 HTTP/1.1" status: 204 len: 168 time: 0.3142869
2026-07-14 18:55:41.744 10 INFO neutron.wsgi [None req-52dc9e05-6d5b-4bd3-ae1c-9659e42ae738 4f0202ec8223444bbeac50718016c4ce e9f2d98f69e644068c175b8717ae4d9e - - default default] 10.0.0.110 "DELETE /v2.0/security-groups/d907a9aa-d961-4d34-bb4f-978ab200ac5c HTTP/1.1" status: 204 len: 168 time: 0.1720741
2026-07-14 18:55:42.150 9 INFO neutron.wsgi [None req-06268c2f-3101-4917-8beb-dee8fedff5fd 68b505eb54d24b9398ca555e38c99f31 6aec68ee076a449bb1412027e5e36871 - - default default] 10.0.0.110 "POST /v2.0/rbac-policies HTTP/1.1" status: 201 len: 523 time: 0.5575607
2026-07-14 18:55:42.160 10 INFO neutron.wsgi [None req-ae9b264b-e2ae-4055-9ac6-6bd2824eacf5 4f0202ec8223444bbeac50718016c4ce e9f2d98f69e644068c175b8717ae4d9e - - default default] 10.0.0.110 "DELETE /v2.0/floatingips/981a0eb4-6059-43d1-b91b-50d866554e75 HTTP/1.1" status: 204 len: 168 time: 0.3791764
2026-07-14 18:55:42.378 9 INFO neutron.plugins.ml2.drivers.ovn.mech_driver.mech_driver [None req-b3893bc5-85d2-406f-b2ce-5ab6e62dbb5a - - - - - -] OVN reports status down for port: e965d7da-1c1d-4c15-842d-c386330e6fed
2026-07-14 18:55:42.391 9 INFO neutron.wsgi [req-b9250557-fbfa-4603-9d2d-caf6d42230c1 req-326a3551-6034-4393-8499-0d7946c220e7 4f0202ec8223444bbeac50718016c4ce e9f2d98f69e644068c175b8717ae4d9e - - default default] 10.0.0.85 "GET /v2.0/ports?device_id=2207a6cd-4624-4e63-8634-aa9a2a966ac3 HTTP/1.1" status: 200 len: 1170 time: 0.0615406
2026-07-14 18:55:42.489 9 INFO neutron.wsgi [req-b9250557-fbfa-4603-9d2d-caf6d42230c1 req-6da661cc-2c20-49ef-a234-086eabf90eaa 4f0202ec8223444bbeac50718016c4ce e9f2d98f69e644068c175b8717ae4d9e - - default default] 10.0.0.85 "GET /v2.0/security-groups?id=585cf5bf-6adb-4ee5-8998-527656361be3&fields=id&fields=name HTTP/1.1" status: 200 len: 312 time: 0.0886683
2026-07-14 18:55:42.585 9 INFO neutron.notifiers.nova [-] Nova event matching ['req-1d06bfad-8ccf-4623-8b31-ab860bc26fe7'] response: {'server_uuid': '2207a6cd-4624-4e63-8634-aa9a2a966ac3', 'name': 'network-vif-unplugged', 'status': 'completed', 'tag': 'e965d7da-1c1d-4c15-842d-c386330e6fed', 'code': 200}
2026-07-14 18:55:42.688 10 INFO neutron.wsgi [req-d2d16af9-f1e2-4463-bc25-9368833299d9 req-147a913d-3af7-4615-a186-f7964177509a 4f0202ec8223444bbeac50718016c4ce e9f2d98f69e644068c175b8717ae4d9e - - default default] 199.19.213.161 "GET /v2.0/ports?device_id=2207a6cd-4624-4e63-8634-aa9a2a966ac3 HTTP/1.1" status: 200 len: 1168 time: 0.0461600
2026-07-14 18:55:42.775 9 INFO neutron.db.ovn_revision_numbers_db [None req-b3893bc5-85d2-406f-b2ce-5ab6e62dbb5a - - - - - -] Successfully bumped revision number for resource e965d7da-1c1d-4c15-842d-c386330e6fed (type: ports) to 5
2026-07-14 18:55:42.786 10 INFO neutron.wsgi [None req-5cfdcc71-c2a2-4a22-8111-42d09b9cfaa4 939c5a83e31346cdb03e6ab3aaf94b4f c27ae499784f4b88ac9a9673821deeb7 - - default default] 10.0.0.110 "GET /v2.0/networks/0744bbc3-a5ff-4329-8ebc-298b5cad9ee9 HTTP/1.1" status: 200 len: 849 time: 0.2075744
