2026-07-14 18:53:44.759 10 ERROR neutron_lib.callbacks.manager row = idlutils.row_by_value(self, rl.table, rl.column, record)
2026-07-14 18:53:44.759 10 ERROR neutron_lib.callbacks.manager
File "/var/lib/openstack/lib/python3.10/site-packages/ovsdbapp/backend/ovs_idl/idlutils.py", line 114, in row_by_value
2026-07-14 18:53:44.759 10 ERROR neutron_lib.callbacks.manager raise RowNotFound(table=table, col=column, match=match)
2026-07-14 18:53:44.759 10 ERROR neutron_lib.callbacks.manager ovsdbapp.backend.ovs_idl.idlutils.RowNotFound: Cannot find Logical_Router_Port with name=lrp-424e256c-2c3c-4c7c-a5c6-aef35a4f682f
2026-07-14 18:53:44.759 10 ERROR neutron_lib.callbacks.manager 
2026-07-14 18:53:44.775 10 INFO neutron.wsgi [req-253f7a85-e138-457e-962f-b0fb44221e9a req-2f11577f-bc3d-43c4-a9d4-4733ff61adf9 a7d0a42cf3eb418db63db859bcefec50 889d449229ae4bdfbf34277e4ebedf2f - - 35ffeaa6bba0459dbb48b49e82dff028 35ffeaa6bba0459dbb48b49e82dff028] 199.19.213.161 "GET /v2.0/networks/e4f09e0f-ee4c-42d7-bcb0-5ee6378c9717?fields=segments HTTP/1.1" status: 200 len: 212 time: 0.1398246
2026-07-14 18:53:44.856 9 INFO neutron.wsgi [req-026735b2-3d7d-46e6-9a32-ad02d3c15be9 req-72601bfd-66c0-4114-89e2-46067f701f65 a83587684f194fceaccdea989efbc9c4 e2749302ea844b22ab0af60f5a092c2f - - default default] 199.19.213.161 "GET /v2.0/ports?device_id=c79d5846-68aa-4c90-889c-059681ac387d HTTP/1.1" status: 200 len: 1168 time: 0.0923285
2026-07-14 18:53:44.935 9 INFO neutron.db.ovn_revision_numbers_db [None req-80193544-4f71-4d19-86ff-cca4da1db2cf 42c5276c71b348a9abacbf421c309197 ff7e564635fa43fa9e2dc3cdab6453c3 - - default default] Successfully bumped revision number for resource 6e8351b4-56dd-4393-b342-abf1cea094d2 (type: security_groups) to 1
2026-07-14 18:53:44.991 10 INFO neutron.wsgi [req-253f7a85-e138-457e-962f-b0fb44221e9a req-e4f03ccf-60f8-4545-a38b-e6256daf487c a7d0a42cf3eb418db63db859bcefec50 889d449229ae4bdfbf34277e4ebedf2f - - 35ffeaa6bba0459dbb48b49e82dff028 35ffeaa6bba0459dbb48b49e82dff028] 199.19.213.161 "GET /v2.0/networks/e4f09e0f-ee4c-42d7-bcb0-5ee6378c9717?fields=provider%3Aphysical_network&fields=provider%3Anetwork_type HTTP/1.1" status: 200 len: 277 time: 0.2037153
2026-07-14 18:53:44.998 9 INFO neutron.db.ovn_revision_numbers_db [None req-80193544-4f71-4d19-86ff-cca4da1db2cf 42c5276c71b348a9abacbf421c309197 ff7e564635fa43fa9e2dc3cdab6453c3 - - default default] Successfully bumped revision number for resource 1d64300f-e3eb-480b-b23b-7b4fe30d5d35 (type: security_group_rules) to 0
2026-07-14 18:53:45.015 10 INFO neutron.wsgi [req-d021c8cc-0816-4805-ad75-4b5e2e412ef9 req-7075ee6e-26cd-4bf3-ae80-df7c7d714f16 821d2ceaac2a4773abb7a6e6d5b1f6fe e399179270fa4d40b9d7560c5c7efd64 - - default default] 199.19.213.161 "GET /v2.0/ports?device_id=a9714ace-1112-41ca-89cd-a7b75e67e631 HTTP/1.1" status: 200 len: 1170 time: 0.2710252
2026-07-14 18:53:45.017 10 INFO neutron.notifiers.nova [-] Nova event matching ['req-4b81e20f-28d5-4805-9ab1-0d1398550e91'] response: {'server_uuid': 'a9714ace-1112-41ca-89cd-a7b75e67e631', 'name': 'network-vif-unplugged', 'status': 'completed', 'tag': '991a8fc2-5463-49eb-90f5-bad089372ce1', 'code': 200}
2026-07-14 18:53:45.031 9 INFO neutron.db.ovn_revision_numbers_db [None req-80193544-4f71-4d19-86ff-cca4da1db2cf 42c5276c71b348a9abacbf421c309197 ff7e564635fa43fa9e2dc3cdab6453c3 - - default default] Successfully bumped revision number for resource 2860f050-454b-4185-8979-9363a1cfd26e (type: security_group_rules) to 0
2026-07-14 18:53:45.062 9 INFO neutron.db.ovn_revision_numbers_db [None req-80193544-4f71-4d19-86ff-cca4da1db2cf 42c5276c71b348a9abacbf421c309197 ff7e564635fa43fa9e2dc3cdab6453c3 - - default default] Successfully bumped revision number for resource cec77b9a-52b6-4749-854a-1fd3cf98a9ae (type: security_group_rules) to 0
2026-07-14 18:53:45.089 9 INFO neutron.db.ovn_revision_numbers_db [None req-80193544-4f71-4d19-86ff-cca4da1db2cf 42c5276c71b348a9abacbf421c309197 ff7e564635fa43fa9e2dc3cdab6453c3 - - default default] Successfully bumped revision number for resource e3789fc7-3a1c-42b7-b126-e93c1c31c354 (type: security_group_rules) to 0
2026-07-14 18:53:45.304 10 INFO neutron.db.ovn_revision_numbers_db [None req-d887c70c-8fc1-42e8-a873-0fff16e19d3d - - - - - -] Successfully bumped revision number for resource 991a8fc2-5463-49eb-90f5-bad089372ce1 (type: ports) to 5
2026-07-14 18:53:45.341 10 INFO neutron.db.ovn_revision_numbers_db [None req-201ffe25-f61f-48dc-baa0-df754c862ada 531fea6437b0498d8b9710a3522dbbb3 95812c4971b24952bfb00f853360501f - - default default] Successfully bumped revision number for resource 424e256c-2c3c-4c7c-a5c6-aef35a4f682f (type: ports) to 1
2026-07-14 18:53:45.351 9 INFO neutron.wsgi [None req-80193544-4f71-4d19-86ff-cca4da1db2cf 42c5276c71b348a9abacbf421c309197 ff7e564635fa43fa9e2dc3cdab6453c3 - - default default] 10.0.0.110 "GET /v2.0/security-groups?tenant_id=ba0a13af54c147c38a18bededd686ce7&name=default HTTP/1.1" status: 200 len: 3120 time: 1.1121337
2026-07-14 18:53:45.365 10 INFO neutron.plugins.ml2.drivers.ovn.mech_driver.mech_driver [None req-d887c70c-8fc1-42e8-a873-0fff16e19d3d - - - - - -] OVN reports status up for port: 424e256c-2c3c-4c7c-a5c6-aef35a4f682f
2026-07-14 18:53:45.388 10 INFO neutron.plugins.ml2.plugin [None req-d887c70c-8fc1-42e8-a873-0fff16e19d3d - - - - - -] Attempt 1 to provision port 424e256c-2c3c-4c7c-a5c6-aef35a4f682f
2026-07-14 18:53:45.401 9 INFO neutron.db.ovn_revision_numbers_db [None req-b3893bc5-85d2-406f-b2ce-5ab6e62dbb5a - - - - - -] Successfully bumped revision number for resource 22041744-a9fd-439e-b045-4cb3e5741368 (type: ports) to 7
2026-07-14 18:53:45.567 10 WARNING neutron.scheduler.dhcp_agent_scheduler [None req-201ffe25-f61f-48dc-baa0-df754c862ada 531fea6437b0498d8b9710a3522dbbb3 95812c4971b24952bfb00f853360501f - - default default] No more DHCP agents /var/lib/openstack/lib/python3.10/site-packages/pycadf/identifier.py:71: UserWarning: Invalid uuid: neutron. To ensure interoperability, identifiers should be a valid uuid. warnings.warn(('Invalid uuid: %s. To ensure interoperability, '
2026-07-14 18:53:45.782 10 WARNING neutron.api.rpc.agentnotifiers.dhcp_rpc_agent_api [None req-201ffe25-f61f-48dc-baa0-df754c862ada 531fea6437b0498d8b9710a3522dbbb3 95812c4971b24952bfb00f853360501f - - default default] Unable to schedule network db508a00-9d66-412b-aae7-d6540948a9ca: no agents available; will retry on subsequent port and subnet creation events. /var/lib/openstack/lib/python3.10/site-packages/pycadf/identifier.py:71: UserWarning: Invalid uuid: neutron. To ensure interoperability, identifiers should be a valid uuid. warnings.warn(('Invalid uuid: %s. To ensure interoperability, '
2026-07-14 18:53:45.927 9 INFO neutron.wsgi [req-2b71822f-d63c-40e8-ab70-c31eb2caa8c9 req-f42ed32f-7ec5-45b7-90aa-fb605ac86018 821d2ceaac2a4773abb7a6e6d5b1f6fe e399179270fa4d40b9d7560c5c7efd64 - - default default] 10.0.0.85 "GET /v2.0/ports?device_id=a9714ace-1112-41ca-89cd-a7b75e67e631 HTTP/1.1" status: 200 len: 1168 time: 0.2509995
2026-07-14 18:53:45.953 9 INFO neutron.wsgi [req-10861999-e09f-4888-ac83-b550200b878f req-e9e46dfd-610e-4e89-8158-006e7113fa21 a83587684f194fceaccdea989efbc9c4 e2749302ea844b22ab0af60f5a092c2f - - default default] 10.0.0.85 "GET /v2.0/ports?device_id=c79d5846-68aa-4c90-889c-059681ac387d HTTP/1.1" status: 200 len: 1168 time: 0.1285889
2026-07-14 18:53:45.972 9 INFO neutron.db.l3_db [req-026735b2-3d7d-46e6-9a32-ad02d3c15be9 req-15de27de-bc74-4a1f-b6db-1d0978561bde a83587684f194fceaccdea989efbc9c4 e2749302ea844b22ab0af60f5a092c2f - - default default] Floating IP 1b72bf79-9899-4759-93ac-043520ebfa8b disassociated. External IP: 10.96.250.201, port: 22041744-a9fd-439e-b045-4cb3e5741368.
2026-07-14 18:53:46.043 9 INFO neutron.wsgi [req-2b71822f-d63c-40e8-ab70-c31eb2caa8c9 req-30092c53-f9ee-46a1-890c-eebc1e6074e6 821d2ceaac2a4773abb7a6e6d5b1f6fe e399179270fa4d40b9d7560c5c7efd64 - - default default] 10.0.0.85 "GET /v2.0/security-groups?id=ff726b7b-ab88-44f4-bd16-5d54beef028e&fields=id&fields=name HTTP/1.1" status: 200 len: 313 time: 0.1046546
2026-07-14 18:53:46.047 9 INFO neutron.wsgi [req-10861999-e09f-4888-ac83-b550200b878f req-cb35d882-9b0c-4494-a45b-388a3ce3b666 a83587684f194fceaccdea989efbc9c4 e2749302ea844b22ab0af60f5a092c2f - - default default] 10.0.0.85 "GET /v2.0/security-groups?id=1dc3f178-96f1-4fef-9c24-6755b37ffad5&fields=id&fields=name HTTP/1.1" status: 200 len: 311 time: 0.0845971
2026-07-14 18:53:46.064 9 INFO neutron.wsgi [None req-adc87975-96a1-4f75-bf4a-a9c745160f32 42c5276c71b348a9abacbf421c309197 ff7e564635fa43fa9e2dc3cdab6453c3 - - default default] 10.0.0.110 "DELETE /v2.0/security-groups/6e8351b4-56dd-4393-b342-abf1cea094d2 HTTP/1.1" status: 204 len: 168 time: 0.7025430
2026-07-14 18:53:46.105 9 INFO neutron.notifiers.nova [-] Nova event matching ['req-23ac55de-c67d-4a5e-8e2c-ccbf44cc64de'] response: {'server_uuid': 'c79d5846-68aa-4c90-889c-059681ac387d', 'name': 'network-vif-unplugged', 'status': 'completed', 'tag': '22041744-a9fd-439e-b045-4cb3e5741368', 'code': 200}
2026-07-14 18:53:46.105 9 INFO neutron.notifiers.nova [-] Nova event matching ['req-23ac55de-c67d-4a5e-8e2c-ccbf44cc64de'] response: {'server_uuid': 'c79d5846-68aa-4c90-889c-059681ac387d', 'name': 'network-vif-unplugged', 'status': 'completed', 'tag': '22041744-a9fd-439e-b045-4cb3e5741368', 'code': 200}
2026-07-14 18:53:46.154 9 INFO neutron.wsgi [req-026735b2-3d7d-46e6-9a32-ad02d3c15be9 req-15de27de-bc74-4a1f-b6db-1d0978561bde a83587684f194fceaccdea989efbc9c4 e2749302ea844b22ab0af60f5a092c2f - - default default] 199.19.213.161 "DELETE /v2.0/ports/22041744-a9fd-439e-b045-4cb3e5741368 HTTP/1.1" status: 204 len: 173 time: 1.2903650
2026-07-14 18:53:46.163 10 INFO neutron.db.l3_db [req-d021c8cc-0816-4805-ad75-4b5e2e412ef9 req-5b598edf-4556-421b-b7dd-b39db422faa9 821d2ceaac2a4773abb7a6e6d5b1f6fe e399179270fa4d40b9d7560c5c7efd64 - - default default] Floating IP c835e75d-c2f4-4972-903e-70d992b301dd disassociated. External IP: 10.96.250.211, port: 991a8fc2-5463-49eb-90f5-bad089372ce1.
2026-07-14 18:53:46.242 10 INFO neutron.db.ovn_revision_numbers_db [None req-201ffe25-f61f-48dc-baa0-df754c862ada 531fea6437b0498d8b9710a3522dbbb3 95812c4971b24952bfb00f853360501f - - default default] Successfully bumped revision number for resource 424e256c-2c3c-4c7c-a5c6-aef35a4f682f (type: router_ports) to 1
2026-07-14 18:53:46.250 10 INFO neutron.wsgi [None req-201ffe25-f61f-48dc-baa0-df754c862ada 531fea6437b0498d8b9710a3522dbbb3 95812c4971b24952bfb00f853360501f - - default default] 10.0.0.110 "PUT /v2.0/routers/f169efce-342d-44c9-8904-d6d6e9cf6fa1/add_router_interface HTTP/1.1" status: 200 len: 503 time: 4.1460972
2026-07-14 18:53:46.386 9 INFO neutron.wsgi [None req-8072b682-03f5-4828-a165-bd9b083963d8 531fea6437b0498d8b9710a3522dbbb3 95812c4971b24952bfb00f853360501f - - default default] 10.0.0.110 "GET /v2.0/ports/424e256c-2c3c-4c7c-a5c6-aef35a4f682f HTTP/1.1" status: 200 len: 1137 time: 0.1296966
2026-07-14 18:53:46.399 10 INFO neutron.wsgi [req-d021c8cc-0816-4805-ad75-4b5e2e412ef9 req-5b598edf-4556-421b-b7dd-b39db422faa9 821d2ceaac2a4773abb7a6e6d5b1f6fe e399179270fa4d40b9d7560c5c7efd64 - - default default] 199.19.213.161 "DELETE /v2.0/ports/991a8fc2-5463-49eb-90f5-bad089372ce1 HTTP/1.1" status: 204 len: 173 time: 1.3785169
2026-07-14 18:53:46.469 10 INFO neutron.db.ovn_revision_numbers_db [None req-d887c70c-8fc1-42e8-a873-0fff16e19d3d - - - - - -] Successfully bumped revision number for resource 424e256c-2c3c-4c7c-a5c6-aef35a4f682f (type: ports) to 2
2026-07-14 18:53:46.631 10 INFO neutron.db.ovn_revision_numbers_db [None req-d887c70c-8fc1-42e8-a873-0fff16e19d3d - - - - - -] Successfully bumped revision number for resource 424e256c-2c3c-4c7c-a5c6-aef35a4f682f (type: router_ports) to 2
2026-07-14 18:53:47.059 10 INFO neutron.notifiers.nova [-] Nova event matching ['req-6d2583c6-7bfa-496c-903b-fdf78697b081'] response: {'server_uuid': 'a9714ace-1112-41ca-89cd-a7b75e67e631', 'name': 'network-vif-unplugged', 'status': 'completed', 'tag': '991a8fc2-5463-49eb-90f5-bad089372ce1', 'code': 200}
2026-07-14 18:53:47.060 10 INFO neutron.notifiers.nova [-] Nova event matching ['req-6d2583c6-7bfa-496c-903b-fdf78697b081'] response: {'server_uuid': 'a9714ace-1112-41ca-89cd-a7b75e67e631', 'name': 'network-vif-deleted', 'tag': '991a8fc2-5463-49eb-90f5-bad089372ce1', 'status': 'completed', 'code': 200} /var/lib/openstack/lib/python3.10/site-packages/pycadf/identifier.py:71: UserWarning: Invalid uuid: neutron. To ensure interoperability, identifiers should be a valid uuid. warnings.warn(('Invalid uuid: %s. To ensure interoperability, '
2026-07-14 18:53:47.311 10 INFO neutron.wsgi [None req-a6cc0e57-81ba-466e-acb9-c47db3f78533 a83587684f194fceaccdea989efbc9c4 e2749302ea844b22ab0af60f5a092c2f - - default default] 10.0.0.110 "DELETE /v2.0/security-groups/1dc3f178-96f1-4fef-9c24-6755b37ffad5 HTTP/1.1" status: 204 len: 168 time: 0.1499546
2026-07-14 18:53:47.326 10 INFO neutron.wsgi [None req-9aee4b24-20a3-4f20-9490-477a302aa6ab 821d2ceaac2a4773abb7a6e6d5b1f6fe e399179270fa4d40b9d7560c5c7efd64 - - default default] 10.0.0.110 "DELETE /v2.0/security-groups/ff726b7b-ab88-44f4-bd16-5d54beef028e HTTP/1.1" status: 204 len: 168 time: 0.1779029
2026-07-14 18:53:47.331 10 INFO neutron.api.v2.resource [None req-f9df0762-8a93-4d7b-b886-3190a6683c42 a83587684f194fceaccdea989efbc9c4 e2749302ea844b22ab0af60f5a092c2f - - default default] show failed (client error): The resource could not be found.
2026-07-14 18:53:47.332 10 INFO neutron.wsgi [None req-f9df0762-8a93-4d7b-b886-3190a6683c42 a83587684f194fceaccdea989efbc9c4 e2749302ea844b22ab0af60f5a092c2f - - default default] 10.0.0.110 "GET /v2.0/security-groups/1dc3f178-96f1-4fef-9c24-6755b37ffad5 HTTP/1.1" status: 404 len: 347 time: 0.0139992
2026-07-14 18:53:47.371 9 INFO neutron.api.v2.resource [None req-8cf5d446-8802-43e9-b5bd-cb19cc67cd53 821d2ceaac2a4773abb7a6e6d5b1f6fe e399179270fa4d40b9d7560c5c7efd64 - - default default] show failed (client error): The resource could not be found.
2026-07-14 18:53:47.373 9 INFO neutron.wsgi [None req-8cf5d446-8802-43e9-b5bd-cb19cc67cd53 821d2ceaac2a4773abb7a6e6d5b1f6fe e399179270fa4d40b9d7560c5c7efd64 - - default default] 10.0.0.110 "GET /v2.0/security-groups/ff726b7b-ab88-44f4-bd16-5d54beef028e HTTP/1.1" status: 404 len: 347 time: 0.0376198
2026-07-14 18:53:47.389 9 WARNING neutron.scheduler.dhcp_agent_scheduler [None req-08e0753c-6344-48bc-b2e0-fca68e53ecff 531fea6437b0498d8b9710a3522dbbb3 95812c4971b24952bfb00f853360501f - - default default] No more DHCP agents
2026-07-14 18:53:47.392 9 WARNING neutron.api.rpc.agentnotifiers.dhcp_rpc_agent_api [None req-08e0753c-6344-48bc-b2e0-fca68e53ecff 531fea6437b0498d8b9710a3522dbbb3 95812c4971b24952bfb00f853360501f - - default default] Unable to schedule network 6230c824-38de-4882-b6d1-77a64e08b9b8: no agents available; will retry on subsequent port and subnet creation events.
2026-07-14 18:53:47.668 9 INFO neutron.db.ovn_revision_numbers_db [None req-08e0753c-6344-48bc-b2e0-fca68e53ecff 531fea6437b0498d8b9710a3522dbbb3 95812c4971b24952bfb00f853360501f - - default default] Successfully bumped revision number for resource 0b7c97c4-6257-4e35-b9b0-be274f33c60a (type: ports) to 1
2026-07-14 18:53:47.722 10 INFO neutron.wsgi [None req-dad4a03b-15e9-4a25-8cc9-86b642e5f3c8 a83587684f194fceaccdea989efbc9c4 e2749302ea844b22ab0af60f5a092c2f - - default default] 10.0.0.110 "DELETE /v2.0/floatingips/1b72bf79-9899-4759-93ac-043520ebfa8b HTTP/1.1" status: 204 len: 168 time: 0.3859737
2026-07-14 18:53:47.983 9 INFO neutron.wsgi [None req-98e5ab66-3e53-4d7f-9a2f-2c85bd9677a5 821d2ceaac2a4773abb7a6e6d5b1f6fe e399179270fa4d40b9d7560c5c7efd64 - - default default] 10.0.0.110 "DELETE /v2.0/floatingips/c835e75d-c2f4-4972-903e-70d992b301dd HTTP/1.1" status: 204 len: 168 time: 0.6045430
2026-07-14 18:53:48.141 10 INFO neutron.wsgi [None req-845ce899-1623-4a22-9933-fb9c56fb6fc9 6dba793b4de1498bb8b09bcdca898fd3 57d03e1599704512a1b09ca625572430 - - default default] 10.0.0.110 "GET /v2.0/extensions HTTP/1.1" status: 200 len: 18678 time: 0.2317193
2026-07-14 18:53:48.145 9 INFO neutron.notifiers.nova [-] Nova event matching ['req-609af990-1bd1-407a-a247-ca9b863287f4'] response: {'server_uuid': 'c79d5846-68aa-4c90-889c-059681ac387d', 'name': 'network-vif-deleted', 'tag': '22041744-a9fd-439e-b045-4cb3e5741368', 'status': 'completed', 'code': 200}
2026-07-14 18:53:48.155 10 INFO neutron.wsgi [None req-6b8cb650-7a66-49b8-ba21-e59cebd06a31 6dba793b4de1498bb8b09bcdca898fd3 57d03e1599704512a1b09ca625572430 - - default default] 10.0.0.110 "GET /v2.0/extensions/address-group HTTP/1.1" status: 200 len: 353 time: 0.0102007
2026-07-14 18:53:48.166 10 INFO neutron.wsgi [None req-c89e227f-5f3f-4636-ac38-caef2b878382 6dba793b4de1498bb8b09bcdca898fd3 57d03e1599704512a1b09ca625572430 - - default default] 10.0.0.110 "GET /v2.0/extensions/address-scope HTTP/1.1" status: 200 len: 357 time: 0.0061502
2026-07-14 18:53:48.184 9 INFO neutron.wsgi [None req-084fec1d-9f91-47e3-9d6c-3aa51a6fa6fc 6dba793b4de1498bb8b09bcdca898fd3 57d03e1599704512a1b09ca625572430 - - default default] 10.0.0.110 "GET /v2.0/extensions/agent HTTP/1.1" status: 200 len: 347 time: 0.0063789
2026-07-14 18:53:48.200 9 INFO neutron.wsgi [None req-b2a8fcb1-9355-4c55-bc16-d950c4d86ff2 6dba793b4de1498bb8b09bcdca898fd3 57d03e1599704512a1b09ca625572430 - - default default] 10.0.0.110 "GET /v2.0/extensions/allowed-address-pairs HTTP/1.1" status: 200 len: 378 time: 0.0056899
2026-07-14 18:53:48.215 9 INFO neutron.wsgi [None req-4bc48015-30ee-4ea9-b1c2-b25b8c55eb16 6dba793b4de1498bb8b09bcdca898fd3 57d03e1599704512a1b09ca625572430 - - default default] 10.0.0.110 "GET /v2.0/extensions/auto-allocated-topology HTTP/1.1" status: 200 len: 394 time: 0.0066354
2026-07-14 18:53:48.230 9 INFO neutron.wsgi [None req-52b16163-417d-4cb6-8788-d165cc46cad9 6dba793b4de1498bb8b09bcdca898fd3 57d03e1599704512a1b09ca625572430 - - default default] 10.0.0.110 "GET /v2.0/extensions/availability_zone HTTP/1.1" status: 200 len: 372 time: 0.0093718
2026-07-14 18:53:48.241 9 INFO neutron.wsgi [None req-49f2fcc0-ea29-46bb-bf7d-2a1fbe917811 6dba793b4de1498bb8b09bcdca898fd3 57d03e1599704512a1b09ca625572430 - - default default] 10.0.0.110 "GET /v2.0/extensions/default-subnetpools HTTP/1.1" status: 200 len: 405 time: 0.0051003
2026-07-14 18:53:48.254 9 INFO neutron.wsgi [None req-2c0b3772-b0ac-4d0a-bb97-0530d64beb5e 6dba793b4de1498bb8b09bcdca898fd3 57d03e1599704512a1b09ca625572430 - - default default] 10.0.0.110 "GET /v2.0/extensions/dhcp_agent_scheduler HTTP/1.1" status: 200 len: 381 time: 0.0068624
2026-07-14 18:53:48.268 9 INFO neutron.wsgi [None req-10580672-cccf-4a43-a755-83986fc53a7a 6dba793b4de1498bb8b09bcdca898fd3 57d03e1599704512a1b09ca625572430 - - default default] 10.0.0.110 "GET /v2.0/extensions/dns-integration HTTP/1.1" status: 200 len: 366 time: 0.0068960
2026-07-14 18:53:48.283 9 INFO neutron.wsgi [None req-a9b04420-2dc0-45e1-89bf-bd74de6b45cb 6dba793b4de1498bb8b09bcdca898fd3 57d03e1599704512a1b09ca625572430 - - default default] 10.0.0.110 "GET /v2.0/extensions/dns-domain-ports HTTP/1.1" status: 200 len: 399 time: 0.0076094
2026-07-14 18:53:48.303 9 INFO neutron.wsgi [None req-7b246a3e-1833-46e9-9d37-f4b8953c4f3a 6dba793b4de1498bb8b09bcdca898fd3 57d03e1599704512a1b09ca625572430 - - default default] 10.0.0.110 "GET /v2.0/extensions/dns-integration-domain-keywords HTTP/1.1" status: 200 len: 477 time: 0.0056527
2026-07-14 18:53:48.315 9 INFO neutron.wsgi [None req-1caaeda7-e5b3-4fab-a799-b8087b5e10e7 6dba793b4de1498bb8b09bcdca898fd3 57d03e1599704512a1b09ca625572430 - - default default] 10.0.0.110 "GET /v2.0/extensions/empty-string-filtering HTTP/1.1" status: 200 len: 413 time: 0.0058613
2026-07-14 18:53:48.341 9 INFO neutron.wsgi [None req-3f64662c-fb60-4e2a-8eed-c33779826de0 6dba793b4de1498bb8b09bcdca898fd3 57d03e1599704512a1b09ca625572430 - - default default] 10.0.0.110 "GET /v2.0/extensions/external-net HTTP/1.1" status: 200 len: 394 time: 0.0177438
2026-07-14 18:53:48.368 9 INFO neutron.wsgi [None req-437dafdf-5dfe-4d1a-9735-5b2b5a27ddaf 6dba793b4de1498bb8b09bcdca898fd3 57d03e1599704512a1b09ca625572430 - - default default] 10.0.0.110 "GET /v2.0/extensions/extra_dhcp_opt HTTP/1.1" status: 200 len: 498 time: 0.0184870
2026-07-14 18:53:48.385 9 INFO neutron.wsgi [None req-26379173-a099-4e4a-ab91-34c12042f147 6dba793b4de1498bb8b09bcdca898fd3 57d03e1599704512a1b09ca625572430 - - default default] 10.0.0.110 "GET /v2.0/extensions/extraroute HTTP/1.1" status: 200 len: 375 time: 0.0060685
2026-07-14 18:53:48.396 9 INFO neutron.wsgi [None req-4df8f3f9-11b9-43ba-a681-90b62757e117 6dba793b4de1498bb8b09bcdca898fd3 57d03e1599704512a1b09ca625572430 - - default default] 10.0.0.110 "GET /v2.0/extensions/floating-ip-port-forwarding-detail HTTP/1.1" status: 200 len: 465 time: 0.0055835
2026-07-14 18:53:48.412 9 INFO neutron.wsgi [None req-508b528f-eb2f-4a55-96fa-a550ad70d0cd 6dba793b4de1498bb8b09bcdca898fd3 57d03e1599704512a1b09ca625572430 - - default default] 10.0.0.110 "GET /v2.0/extensions/fip-port-details HTTP/1.1" status: 200 len: 406 time: 0.0081058
2026-07-14 18:53:48.430 10 INFO neutron.wsgi [None req-6ec1ab7c-eb72-4cee-90ec-b4f66d8afad4 6dba793b4de1498bb8b09bcdca898fd3 57d03e1599704512a1b09ca625572430 - - default default] 10.0.0.110 "GET /v2.0/extensions/flavors HTTP/1.1" status: 200 len: 387 time: 0.0124269
2026-07-14 18:53:48.445 10 INFO neutron.wsgi [None req-fa7da4f8-c688-4c5a-86b3-459855abf04f 6dba793b4de1498bb8b09bcdca898fd3 57d03e1599704512a1b09ca625572430 - - default default] 10.0.0.110 "GET /v2.0/extensions/floatingip-pools HTTP/1.1" status: 200 len: 382 time: 0.0069132
2026-07-14 18:53:48.459 10 INFO neutron.wsgi [None req-47651be9-1cea-4ba9-8f4e-064531b89506 6dba793b4de1498bb8b09bcdca898fd3 57d03e1599704512a1b09ca625572430 - - default default] 10.0.0.110 "GET /v2.0/extensions/ip_allocation HTTP/1.1" status: 200 len: 356 time: 0.0071368
2026-07-14 18:53:48.472 10 INFO neutron.wsgi [None req-0027f62d-d58e-4127-9f83-e226a214e5b3 6dba793b4de1498bb8b09bcdca898fd3 57d03e1599704512a1b09ca625572430 - - default default] 10.0.0.110 "GET /v2.0/extensions/l2_adjacency HTTP/1.1" status: 200 len: 372 time: 0.0076177
2026-07-14 18:53:48.487 10 INFO neutron.wsgi [None req-045b8471-c0e3-4b6b-921a-e9c976d4adb8 6dba793b4de1498bb8b09bcdca898fd3 57d03e1599704512a1b09ca625572430 - - default default] 10.0.0.110 "GET /v2.0/extensions/router HTTP/1.1" status: 200 len: 450 time: 0.0104964
2026-07-14 18:53:48.507 10 INFO neutron.wsgi [None req-d06c20ce-e9b8-4dac-a5aa-9674d0a1acc2 6dba793b4de1498bb8b09bcdca898fd3 57d03e1599704512a1b09ca625572430 - - default default] 10.0.0.110 "GET /v2.0/extensions/enable-default-route-bfd HTTP/1.1" status: 200 len: 406 time: 0.0144691
2026-07-14 18:53:48.522 9 INFO neutron.wsgi [None req-9d9801fc-a8f8-4822-8fc7-18ab53d50fee 6dba793b4de1498bb8b09bcdca898fd3 57d03e1599704512a1b09ca625572430 - - default default] 10.0.0.110 "GET /v2.0/extensions/enable-default-route-ecmp HTTP/1.1" status: 200 len: 409 time: 0.0063322
2026-07-14 18:53:48.539 9 INFO neutron.wsgi [None req-f0cb1a77-4ea7-45ab-b502-80b631963efb 6dba793b4de1498bb8b09bcdca898fd3 57d03e1599704512a1b09ca625572430 - - default default] 10.0.0.110 "GET /v2.0/extensions/ext-gw-mode HTTP/1.1" status: 200 len: 462 time: 0.0081468
2026-07-14 18:53:48.553 9 INFO neutron.wsgi [None req-ba580867-89d0-4552-87c1-5e8666563413 6dba793b4de1498bb8b09bcdca898fd3 57d03e1599704512a1b09ca625572430 - - default default] 10.0.0.110 "GET /v2.0/extensions/l3-ha HTTP/1.1" status: 200 len: 360 time: 0.0086761
2026-07-14 18:53:48.566 10 INFO neutron.wsgi [None req-08a49e0d-e8ae-42fb-b4d3-7158841ab341 6dba793b4de1498bb8b09bcdca898fd3 57d03e1599704512a1b09ca625572430 - - default default] 10.0.0.110 "GET /v2.0/extensions/external-gateway-multihoming HTTP/1.1" status: 200 len: 421 time: 0.0077090
2026-07-14 18:53:48.585 10 INFO neutron.wsgi [None req-59a2bb36-be56-4986-9522-90c2485c4596 6dba793b4de1498bb8b09bcdca898fd3 57d03e1599704512a1b09ca625572430 - - default default] 10.0.0.110 "GET /v2.0/extensions/l3-flavors HTTP/1.1" status: 200 len: 366 time: 0.0066388
2026-07-14 18:53:48.596 10 INFO neutron.wsgi [None req-3ad6617a-669e-464a-8ca9-d4a925cfce70 6dba793b4de1498bb8b09bcdca898fd3 57d03e1599704512a1b09ca625572430 - - default default] 10.0.0.110 "GET /v2.0/extensions/logging HTTP/1.1" status: 200 len: 407 time: 0.0062051
2026-07-14 18:53:48.603 9 ERROR ovsdbapp.backend.ovs_idl.command [None req-08e0753c-6344-48bc-b2e0-fca68e53ecff 531fea6437b0498d8b9710a3522dbbb3 95812c4971b24952bfb00f853360501f - - default default] Error executing command (DbGetCommand): ovsdbapp.backend.ovs_idl.idlutils.RowNotFound: Cannot find Logical_Router_Port with name=lrp-0b7c97c4-6257-4e35-b9b0-be274f33c60a
2026-07-14 18:53:48.603 9 ERROR ovsdbapp.backend.ovs_idl.command
Traceback (most recent call last):
2026-07-14 18:53:48.603 9 ERROR ovsdbapp.backend.ovs_idl.command
File "/var/lib/openstack/lib/python3.10/site-packages/ovsdbapp/backend/ovs_idl/command.py", line 47, in execute
2026-07-14 18:53:48.603 9 ERROR ovsdbapp.backend.ovs_idl.command self.run_idl(None)
2026-07-14 18:53:48.603 9 ERROR ovsdbapp.backend.ovs_idl.command
File "/var/lib/openstack/lib/python3.10/site-packages/ovsdbapp/backend/ovs_idl/command.py", line 235, in run_idl
2026-07-14 18:53:48.603 9 ERROR ovsdbapp.backend.ovs_idl.command record = self.api.lookup(self.table, self.record)
2026-07-14 18:53:48.603 9 ERROR ovsdbapp.backend.ovs_idl.command
File "/var/lib/openstack/lib/python3.10/site-packages/ovsdbapp/backend/ovs_idl/__init__.py", line 184, in lookup
2026-07-14 18:53:48.603 9 ERROR ovsdbapp.backend.ovs_idl.command return self._lookup(table, record)
2026-07-14 18:53:48.603 9 ERROR ovsdbapp.backend.ovs_idl.command
File "/var/lib/openstack/lib/python3.10/site-packages/ovsdbapp/backend/ovs_idl/__init__.py", line 235, in _lookup
2026-07-14 18:53:48.603 9 ERROR ovsdbapp.backend.ovs_idl.command row = idlutils.row_by_value(self, rl.table, rl.column, record)
2026-07-14 18:53:48.603 9 ERROR ovsdbapp.backend.ovs_idl.command
File "/var/lib/openstack/lib/python3.10/site-packages/ovsdbapp/backend/ovs_idl/idlutils.py", line 114, in row_by_value
2026-07-14 18:53:48.603 9 ERROR ovsdbapp.backend.ovs_idl.command raise RowNotFound(table=table, col=column, match=match)
2026-07-14 18:53:48.603 9 ERROR ovsdbapp.backend.ovs_idl.command ovsdbapp.backend.ovs_idl.idlutils.RowNotFound: Cannot find Logical_Router_Port with name=lrp-0b7c97c4-6257-4e35-b9b0-be274f33c60a
2026-07-14 18:53:48.603 9 ERROR ovsdbapp.backend.ovs_idl.command 
2026-07-14 18:53:48.604 10 INFO neutron.wsgi [None req-206e80ea-7fb5-4ea5-9a6f-d647956be02f 6dba793b4de1498bb8b09bcdca898fd3 57d03e1599704512a1b09ca625572430 - - default default] 10.0.0.110 "GET /v2.0/extensions/multi-provider HTTP/1.1" status: 200 len: 406 time: 0.0046220
2026-07-14 18:53:48.604 9 ERROR neutron_lib.callbacks.manager [None req-08e0753c-6344-48bc-b2e0-fca68e53ecff 531fea6437b0498d8b9710a3522dbbb3 95812c4971b24952bfb00f853360501f - - default default] Error during notification for neutron.services.ovn_l3.plugin.OVNL3RouterPlugin._port_update-8746044657382 port, after_update: ovsdbapp.backend.ovs_idl.idlutils.RowNotFound: Cannot find Logical_Router_Port with name=lrp-0b7c97c4-6257-4e35-b9b0-be274f33c60a
2026-07-14 18:53:48.604 9 ERROR neutron_lib.callbacks.manager
Traceback (most recent call last):
2026-07-14 18:53:48.604 9 ERROR neutron_lib.callbacks.manager
File "/var/lib/openstack/lib/python3.10/site-packages/neutron_lib/callbacks/manager.py", line 189, in _notify_loop
2026-07-14 18:53:48.604 9 ERROR neutron_lib.callbacks.manager callback.method(resource, event, trigger, payload=payload)
2026-07-14 18:53:48.604 9 ERROR neutron_lib.callbacks.manager
File "/var/lib/openstack/lib/python3.10/site-packages/neutron/services/ovn_l3/plugin.py", line 391, in _port_update
2026-07-14 18:53:48.604 9 ERROR neutron_lib.callbacks.manager l3plugin._ovn_client.update_router_port(context,
2026-07-14 18:53:48.604 9 ERROR neutron_lib.callbacks.manager
File "/var/lib/openstack/lib/python3.10/site-packages/neutron/plugins/ml2/drivers/ovn/mech_driver/ovsdb/ovn_client.py", line 1878, in update_router_port
2026-07-14 18:53:48.604 9 ERROR neutron_lib.callbacks.manager self._update_lrouter_port(context, port, if_exists=if_exists,
2026-07-14 18:53:48.604 9 ERROR neutron_lib.callbacks.manager
File "/var/lib/openstack/lib/python3.10/site-packages/neutron/plugins/ml2/drivers/ovn/mech_driver/ovsdb/ovn_client.py", line 1855, in _update_lrouter_port
2026-07-14 18:53:48.604 9 ERROR neutron_lib.callbacks.manager external_ids = self._nb_idl.db_get(
2026-07-14 18:53:48.604 9 ERROR neutron_lib.callbacks.manager
File "/var/lib/openstack/lib/python3.10/site-packages/ovsdbapp/backend/ovs_idl/command.py", line 47, in execute
2026-07-14 18:53:48.604 9 ERROR neutron_lib.callbacks.manager self.run_idl(None)
2026-07-14 18:53:48.604 9 ERROR neutron_lib.callbacks.manager
File "/var/lib/openstack/lib/python3.10/site-packages/ovsdbapp/backend/ovs_idl/command.py", line 235, in run_idl
2026-07-14 18:53:48.604 9 ERROR neutron_lib.callbacks.manager record = self.api.lookup(self.table, self.record)
2026-07-14 18:53:48.604 9 ERROR neutron_lib.callbacks.manager
File "/var/lib/openstack/lib/python3.10/site-packages/ovsdbapp/backend/ovs_idl/__init__.py", line 184, in lookup
2026-07-14 18:53:48.604 9 ERROR neutron_lib.callbacks.manager return self._lookup(table, record)
2026-07-14 18:53:48.604 9 ERROR neutron_lib.callbacks.manager
File "/var/lib/openstack/lib/python3.10/site-packages/ovsdbapp/backend/ovs_idl/__init__.py", line 235, in _lookup
2026-07-14 18:53:48.604 9 ERROR neutron_lib.callbacks.manager row = idlutils.row_by_value(self, rl.table, rl.column, record)
2026-07-14 18:53:48.604 9 ERROR neutron_lib.callbacks.manager
File "/var/lib/openstack/lib/python3.10/site-packages/ovsdbapp/backend/ovs_idl/idlutils.py", line 114, in row_by_value
2026-07-14 18:53:48.604 9 ERROR neutron_lib.callbacks.manager raise RowNotFound(table=table, col=column, match=match)
2026-07-14 18:53:48.604 9 ERROR neutron_lib.callbacks.manager ovsdbapp.backend.ovs_idl.idlutils.RowNotFound: Cannot find Logical_Router_Port with name=lrp-0b7c97c4-6257-4e35-b9b0-be274f33c60a
2026-07-14 18:53:48.604 9 ERROR neutron_lib.callbacks.manager 
2026-07-14 18:53:48.624 9 INFO neutron.wsgi [None req-10c07705-8a53-4f3e-8a95-83ecda066e31 6dba793b4de1498bb8b09bcdca898fd3 57d03e1599704512a1b09ca625572430 - - default default] 10.0.0.110 "GET /v2.0/extensions/net-mtu HTTP/1.1" status: 200 len: 370 time: 0.0070984
2026-07-14 18:53:48.638 10 INFO neutron.wsgi [None req-4323af02-507d-4a0b-94ae-4283fb3a9369 6dba793b4de1498bb8b09bcdca898fd3 57d03e1599704512a1b09ca625572430 - - default default] 10.0.0.110 "GET /v2.0/extensions/net-mtu-writable HTTP/1.1" status: 200 len: 401 time: 0.0048058
2026-07-14 18:53:48.651 9 INFO neutron.wsgi [None req-a527c098-d4c8-4e8b-a04c-8d1967f818e8 6dba793b4de1498bb8b09bcdca898fd3 57d03e1599704512a1b09ca625572430 - - default default] 10.0.0.110 "GET /v2.0/extensions/network_availability_zone HTTP/1.1" status: 200 len: 394 time: 0.0089557
2026-07-14 18:53:48.667 9 INFO neutron.wsgi [None req-d75d5906-f2eb-44e2-827c-64e6693f29f6 6dba793b4de1498bb8b09bcdca898fd3 57d03e1599704512a1b09ca625572430 - - default default] 10.0.0.110 "GET /v2.0/extensions/network-ip-availability HTTP/1.1" status: 200 len: 410 time: 0.0100043
2026-07-14 18:53:48.682 10 INFO neutron.wsgi [None req-b0349231-e833-40d5-ae76-26236b3d1142 6dba793b4de1498bb8b09bcdca898fd3 57d03e1599704512a1b09ca625572430 - - default default] 10.0.0.110 "GET /v2.0/extensions/pagination HTTP/1.1" status: 200 len: 386 time: 0.0058777
2026-07-14 18:53:48.701 9 INFO neutron.wsgi [None req-055dcdee-02fb-4854-8f2a-505776687494 6dba793b4de1498bb8b09bcdca898fd3 57d03e1599704512a1b09ca625572430 - - default default] 10.0.0.110 "GET /v2.0/extensions/port-device-profile HTTP/1.1" status: 200 len: 383 time: 0.0069494
2026-07-14 18:53:48.712 10 INFO neutron.wsgi [None req-1bf1b4aa-1310-4d1a-8d3b-c244561d1d90 6dba793b4de1498bb8b09bcdca898fd3 57d03e1599704512a1b09ca625572430 - - default default] 10.0.0.110 "GET /v2.0/extensions/port-mac-address-regenerate HTTP/1.1" status: 200 len: 403 time: 0.0056407
2026-07-14 18:53:48.727 9 INFO neutron.wsgi [None req-4edb0133-8509-41ea-8d0a-c236ede8dac2 6dba793b4de1498bb8b09bcdca898fd3 57d03e1599704512a1b09ca625572430 - - default default] 10.0.0.110 "GET /v2.0/extensions/port-numa-affinity-policy HTTP/1.1" status: 200 len: 392 time: 0.0083697
2026-07-14 18:53:48.735 10 INFO neutron.wsgi [None req-8871325a-8300-4272-bc20-04d4021601c6 6dba793b4de1498bb8b09bcdca898fd3 57d03e1599704512a1b09ca625572430 - - default default] 10.0.0.110 "GET /v2.0/extensions/port-resource-request HTTP/1.1" status: 200 len: 379 time: 0.0050967
2026-07-14 18:53:48.753 9 INFO neutron.wsgi [None req-4eb1dcc8-6a8a-43fd-b8d5-78c8d24df80e 6dba793b4de1498bb8b09bcdca898fd3 57d03e1599704512a1b09ca625572430 - - default default] 10.0.0.110 "GET /v2.0/extensions/port-resource-request-groups HTTP/1.1" status: 200 len: 465 time: 0.0127382
2026-07-14 18:53:48.767 10 INFO neutron.wsgi [None req-15be4730-a570-475b-b5fd-d7a776f29f11 6dba793b4de1498bb8b09bcdca898fd3 57d03e1599704512a1b09ca625572430 - - default default] 10.0.0.110 "GET /v2.0/extensions/binding HTTP/1.1" status: 200 len: 387 time: 0.0061378
2026-07-14 18:53:48.780 10 INFO neutron.wsgi [None req-69305edc-f192-41f6-a7d4-17ba0f637290 6dba793b4de1498bb8b09bcdca898fd3 57d03e1599704512a1b09ca625572430 - - default default] 10.0.0.110 "GET /v2.0/extensions/binding-extended HTTP/1.1" status: 200 len: 406 time: 0.0061867
2026-07-14 18:53:48.804 9 INFO neutron.wsgi [None req-a9cd04a7-17cc-4be4-bb7b-8f164785eb2a 6dba793b4de1498bb8b09bcdca898fd3 57d03e1599704512a1b09ca625572430 - - default default] 10.0.0.110 "GET /v2.0/extensions/port-security HTTP/1.1" status: 200 len: 354 time: 0.0080554
2026-07-14 18:53:48.820 10 INFO neutron.wsgi [None req-3a9e9e52-d5c5-4eb6-b8f9-7bb8f210d578 6dba793b4de1498bb8b09bcdca898fd3 57d03e1599704512a1b09ca625572430 - - default default] 10.0.0.110 "GET /v2.0/extensions/project-id HTTP/1.1" status: 200 len: 398 time: 0.0085139
2026-07-14 18:53:48.832 10 INFO neutron.wsgi [None req-391d2fa7-21b4-4db3-a518-17826fa2505d 6dba793b4de1498bb8b09bcdca898fd3 57d03e1599704512a1b09ca625572430 - - default default] 10.0.0.110 "GET /v2.0/extensions/provider HTTP/1.1" status: 200 len: 385 time: 0.0059392
2026-07-14 18:53:48.844 9 INFO neutron.wsgi [None req-1c0c2e30-4f62-4df2-a178-0d7991b38230 6dba793b4de1498bb8b09bcdca898fd3 57d03e1599704512a1b09ca625572430 - - default default] 10.0.0.110 "GET /v2.0/extensions/qos HTTP/1.1" status: 200 len: 360 time: 0.0074580
2026-07-14 18:53:48.854 10 INFO neutron.wsgi [None req-7921ed35-da7f-41c3-abab-e251b78e331b 6dba793b4de1498bb8b09bcdca898fd3 57d03e1599704512a1b09ca625572430 - - default default] 10.0.0.110 "GET /v2.0/extensions/qos-bw-limit-direction HTTP/1.1" status: 200 len: 452 time: 0.0049250
2026-07-14 18:53:48.864 10 INFO neutron.wsgi [None req-ad0fb30e-0d12-4327-85b2-ed0a30ec617b 6dba793b4de1498bb8b09bcdca898fd3 57d03e1599704512a1b09ca625572430 - - default default] 10.0.0.110 "GET /v2.0/extensions/qos-bw-minimum-ingress HTTP/1.1" status: 200 len: 445 time: 0.0056260
2026-07-14 18:53:48.875 10 INFO neutron.wsgi [None req-8ae422bf-ea9d-4a0d-9886-04d3170ad732 6dba793b4de1498bb8b09bcdca898fd3 57d03e1599704512a1b09ca625572430 - - default default] 10.0.0.110 "GET /v2.0/extensions/qos-default HTTP/1.1" status: 200 len: 377 time: 0.0063848
2026-07-14 18:53:48.885 10 INFO neutron.wsgi [None req-fee21672-6859-4e0f-be80-86000fb50425 6dba793b4de1498bb8b09bcdca898fd3 57d03e1599704512a1b09ca625572430 - - default default] 10.0.0.110 "GET /v2.0/extensions/qos-fip HTTP/1.1" status: 200 len: 372 time: 0.0058279
2026-07-14 18:53:48.894 10 INFO neutron.wsgi [None req-2635cff0-574f-4316-a3f7-d361b5175c49 6dba793b4de1498bb8b09bcdca898fd3 57d03e1599704512a1b09ca625572430 - - default default] 10.0.0.110 "GET /v2.0/extensions/qos-gateway-ip HTTP/1.1" status: 200 len: 391 time: 0.0054553
2026-07-14 18:53:48.919 10 INFO neutron.wsgi [None req-90853720-a9fe-4f92-9414-649dc145c3e2 6dba793b4de1498bb8b09bcdca898fd3 57d03e1599704512a1b09ca625572430 - - default default] 10.0.0.110 "GET /v2.0/extensions/qos-port-network-policy HTTP/1.1" status: 200 len: 403 time: 0.0206809
2026-07-14 18:53:48.929 10 INFO neutron.wsgi [None req-1f1f43ab-d5a0-4b19-9903-84c912f31e13 6dba793b4de1498bb8b09bcdca898fd3 57d03e1599704512a1b09ca625572430 - - default default] 10.0.0.110 "GET /v2.0/extensions/qos-pps-minimum HTTP/1.1" status: 200 len: 397 time: 0.0066304
2026-07-14 18:53:48.941 10 INFO neutron.wsgi [None req-bdefe45e-71d4-49d3-8748-dd5b6b19a55d 6dba793b4de1498bb8b09bcdca898fd3 57d03e1599704512a1b09ca625572430 - - default default] 10.0.0.110 "GET /v2.0/extensions/qos-pps-minimum-rule-alias HTTP/1.1" status: 200 len: 471 time: 0.0068858
2026-07-14 18:53:48.952 10 INFO neutron.wsgi [None req-b2bea250-467d-4e84-8f95-0af9612b683b 6dba793b4de1498bb8b09bcdca898fd3 57d03e1599704512a1b09ca625572430 - - default default] 10.0.0.110 "GET /v2.0/extensions/qos-pps HTTP/1.1" status: 200 len: 389 time: 0.0049667
2026-07-14 18:53:48.963 10 INFO neutron.wsgi [None req-19e29f5a-d3b2-4ac3-b28f-a4b2ef86d080 6dba793b4de1498bb8b09bcdca898fd3 57d03e1599704512a1b09ca625572430 - - default default] 10.0.0.110 "GET /v2.0/extensions/qos-rule-type-details HTTP/1.1" status: 200 len: 423 time: 0.0063074
2026-07-14 18:53:48.972 10 INFO neutron.wsgi [None req-cb3038d3-9e7c-4274-bc9a-83b9f5280ff0 6dba793b4de1498bb8b09bcdca898fd3 57d03e1599704512a1b09ca625572430 - - default default] 10.0.0.110 "GET /v2.0/extensions/qos-rule-type-filter HTTP/1.1" status: 200 len: 567 time: 0.0049229
2026-07-14 18:53:48.983 10 INFO neutron.wsgi [None req-eafd044b-094d-48d7-9643-d1682a202254 6dba793b4de1498bb8b09bcdca898fd3 57d03e1599704512a1b09ca625572430 - - default default] 10.0.0.110 "GET /v2.0/extensions/qos-rules-alias HTTP/1.1" status: 200 len: 448 time: 0.0077069
2026-07-14 18:53:48.991 10 INFO neutron.wsgi [None req-0b84a05e-2b37-4594-949d-e9cfd210303c 6dba793b4de1498bb8b09bcdca898fd3 57d03e1599704512a1b09ca625572430 - - default default] 10.0.0.110 "GET /v2.0/extensions/quota-check-limit HTTP/1.1" status: 200 len: 420 time: 0.0045245
2026-07-14 18:53:49.000 10 INFO neutron.wsgi [None req-52f04d49-c04a-4f56-bb8c-19fd74851160 6dba793b4de1498bb8b09bcdca898fd3 57d03e1599704512a1b09ca625572430 - - default default] 10.0.0.110 "GET /v2.0/extensions/quotas HTTP/1.1" status: 200 len: 386 time: 0.0061078
2026-07-14 18:53:49.012 10 INFO neutron.wsgi [None req-3b2025c3-c2f9-406e-b7f6-8818ac8f1e5c 6dba793b4de1498bb8b09bcdca898fd3 57d03e1599704512a1b09ca625572430 - - default default] 10.0.0.110 "GET /v2.0/extensions/quota_details HTTP/1.1" status: 200 len: 407 time: 0.0062566
2026-07-14 18:53:49.030 10 INFO neutron.wsgi [None req-14d9bf3c-ecfe-4973-8188-723237150cc5 6dba793b4de1498bb8b09bcdca898fd3 57d03e1599704512a1b09ca625572430 - - default default] 10.0.0.110 "GET /v2.0/extensions/rbac-policies HTTP/1.1" status: 200 len: 417 time: 0.0129993
2026-07-14 18:53:49.041 10 INFO neutron.wsgi [None req-d0d975d4-d5c2-47a6-a3b5-b78ab67f3df1 6dba793b4de1498bb8b09bcdca898fd3 57d03e1599704512a1b09ca625572430 - - default default] 10.0.0.110 "GET /v2.0/extensions/rbac-address-scope HTTP/1.1" status: 200 len: 384 time: 0.0066812
2026-07-14 18:53:49.050 10 INFO neutron.wsgi [None req-f88fb6ca-3c60-40a8-a2bd-489e477f0450 6dba793b4de1498bb8b09bcdca898fd3 57d03e1599704512a1b09ca625572430 - - default default] 10.0.0.110 "GET /v2.0/extensions/rbac-security-groups HTTP/1.1" status: 200 len: 404 time: 0.0050337
2026-07-14 18:53:49.059 10 INFO neutron.wsgi [None req-c83fcd2e-ff8b-414a-81dc-8cf6a4903b2d 6dba793b4de1498bb8b09bcdca898fd3 57d03e1599704512a1b09ca625572430 - - default default] 10.0.0.110 "GET /v2.0/extensions/revision-if-match HTTP/1.1" status: 200 len: 441 time: 0.0038018
2026-07-14 18:53:49.076 10 INFO neutron.wsgi [None req-dae46f70-744f-49b5-a068-7261ae7833b7 6dba793b4de1498bb8b09bcdca898fd3 57d03e1599704512a1b09ca625572430 - - default default] 10.0.0.110 "GET /v2.0/extensions/standard-attr-revisions HTTP/1.1" status: 200 len: 423 time: 0.0105646
2026-07-14 18:53:49.090 10 INFO neutron.wsgi [None req-7ab98619-8eed-458f-9093-1372169fa40e 6dba793b4de1498bb8b09bcdca898fd3 57d03e1599704512a1b09ca625572430 - - default default] 10.0.0.110 "GET /v2.0/extensions/router_availability_zone HTTP/1.1" status: 200 len: 391 time: 0.0091233
2026-07-14 18:53:49.099 10 INFO neutron.wsgi [None req-ce744782-7da6-4de9-ab7e-d512f3b0c941 6dba793b4de1498bb8b09bcdca898fd3 57d03e1599704512a1b09ca625572430 - - default default] 10.0.0.110 "GET /v2.0/extensions/security-groups-default-rules HTTP/1.1" status: 200 len: 456 time: 0.0053494
2026-07-14 18:53:49.108 10 INFO neutron.wsgi [None req-e0d43764-688a-4145-8cfb-304133aee3af 6dba793b4de1498bb8b09bcdca898fd3 57d03e1599704512a1b09ca625572430 - - default default] 10.0.0.110 "GET /v2.0/extensions/security-groups-normalized-cidr HTTP/1.1" status: 200 len: 445 time: 0.0045140
2026-07-14 18:53:49.117 10 INFO neutron.wsgi [None req-af99ce5d-8fcb-441a-b291-422f4b10b718 6dba793b4de1498bb8b09bcdca898fd3 57d03e1599704512a1b09ca625572430 - - default default] 10.0.0.110 "GET /v2.0/extensions/security-groups-remote-address-group HTTP/1.1" status: 200 len: 448 time: 0.0045056
2026-07-14 18:53:49.134 10 INFO neutron.wsgi [None req-e474dd7e-0142-4d4f-a433-661e730ccef9 6dba793b4de1498bb8b09bcdca898fd3 57d03e1599704512a1b09ca625572430 - - default default] 10.0.0.110 "GET /v2.0/extensions/security-groups-rules-belongs-to-default-sg HTTP/1.1" status: 200 len: 508 time: 0.0051575
2026-07-14 18:53:49.145 10 INFO neutron.wsgi [None req-17e2d930-b2f2-4738-96b5-b7655818b0be 6dba793b4de1498bb8b09bcdca898fd3 57d03e1599704512a1b09ca625572430 - - default default] 10.0.0.110 "GET /v2.0/extensions/security-groups-shared-filtering HTTP/1.1" status: 200 len: 435 time: 0.0057826
2026-07-14 18:53:49.154 10 INFO neutron.wsgi [None req-70dbbf79-2d08-4ea9-aef8-5a726ddac726 6dba793b4de1498bb8b09bcdca898fd3 57d03e1599704512a1b09ca625572430 - - default default] 10.0.0.110 "GET /v2.0/extensions/security-group HTTP/1.1" status: 200 len: 364 time: 0.0052032
2026-07-14 18:53:49.180 9 INFO neutron.wsgi [None req-8772ac6c-b1c8-42fd-be09-c3dfb8e58428 6dba793b4de1498bb8b09bcdca898fd3 57d03e1599704512a1b09ca625572430 - - default default] 10.0.0.110 "GET /v2.0/extensions/segment HTTP/1.1" status: 200 len: 339 time: 0.0207620
2026-07-14 18:53:49.192 10 INFO neutron.wsgi [None req-5e70f2fc-d501-4e38-8e99-98113a9da676 6dba793b4de1498bb8b09bcdca898fd3 57d03e1599704512a1b09ca625572430 - - default default] 10.0.0.110 "GET /v2.0/extensions/segments-peer-subnet-host-routes HTTP/1.1" status: 200 len: 427 time: 0.0078123
2026-07-14 18:53:49.220 10 INFO neutron.wsgi [None req-5423ae4c-0991-45ee-97c4-024b13ca260a 6dba793b4de1498bb8b09bcdca898fd3 57d03e1599704512a1b09ca625572430 - - default default] 10.0.0.110 "GET /v2.0/extensions/service-type HTTP/1.1" status: 200 len: 415 time: 0.0230613
2026-07-14 18:53:49.227 9 INFO neutron.db.ovn_revision_numbers_db [None req-08e0753c-6344-48bc-b2e0-fca68e53ecff 531fea6437b0498d8b9710a3522dbbb3 95812c4971b24952bfb00f853360501f - - default default] Successfully bumped revision number for resource 0b7c97c4-6257-4e35-b9b0-be274f33c60a (type: ports) to 1
2026-07-14 18:53:49.230 10 INFO neutron.wsgi [None req-01cfdac1-628f-4303-9f71-89619860bcce 6dba793b4de1498bb8b09bcdca898fd3 57d03e1599704512a1b09ca625572430 - - default default] 10.0.0.110 "GET /v2.0/extensions/sorting HTTP/1.1" status: 200 len: 377 time: 0.0054805
2026-07-14 18:53:49.240 10 INFO neutron.wsgi [None req-4be3f12f-9456-4f30-95c2-811bb49333ee 6dba793b4de1498bb8b09bcdca898fd3 57d03e1599704512a1b09ca625572430 - - default default] 10.0.0.110 "GET /v2.0/extensions/standard-attr-segment HTTP/1.1" status: 200 len: 406 time: 0.0054169
2026-07-14 18:53:49.250 9 INFO neutron.wsgi [None req-d123e090-df22-4be4-869e-614a0129a327 6dba793b4de1498bb8b09bcdca898fd3 57d03e1599704512a1b09ca625572430 - - default default] 10.0.0.110 "GET /v2.0/extensions/standard-attr-description HTTP/1.1" status: 200 len: 408 time: 0.0061994
2026-07-14 18:53:49.270 9 INFO neutron.wsgi [None req-95497222-0c7e-4076-a2e5-e95149e5a33b 6dba793b4de1498bb8b09bcdca898fd3 57d03e1599704512a1b09ca625572430 - - default default] 10.0.0.110 "GET /v2.0/extensions/stateful-security-group HTTP/1.1" status: 200 len: 402 time: 0.0065665
2026-07-14 18:53:49.282 10 INFO neutron.wsgi [None req-ae0d1c4e-e3b6-4b39-b4c9-cf44033957e8 6dba793b4de1498bb8b09bcdca898fd3 57d03e1599704512a1b09ca625572430 - - default default] 10.0.0.110 "GET /v2.0/extensions/subnet-dns-publish-fixed-ip HTTP/1.1" status: 200 len: 421 time: 0.0066388
2026-07-14 18:53:49.293 10 INFO neutron.wsgi [None req-a9758019-872d-43d5-974f-2972078d1a75 6dba793b4de1498bb8b09bcdca898fd3 57d03e1599704512a1b09ca625572430 - - default default] 10.0.0.110 "GET /v2.0/extensions/subnet-segmentid-writable HTTP/1.1" status: 200 len: 421 time: 0.0045915
2026-07-14 18:53:49.318 9 INFO neutron.wsgi [None req-b832a4b7-a72d-4626-913b-553509360f9a 6dba793b4de1498bb8b09bcdca898fd3 57d03e1599704512a1b09ca625572430 - - default default] 10.0.0.110 "GET /v2.0/extensions/subnet-service-types HTTP/1.1" status: 200 len: 400 time: 0.0203905
2026-07-14 18:53:49.328 9 INFO neutron.wsgi [None req-cd23e3ae-7879-4319-bed9-9fa82bcbc65a 6dba793b4de1498bb8b09bcdca898fd3 57d03e1599704512a1b09ca625572430 - - default default] 10.0.0.110 "GET /v2.0/extensions/subnet_allocation HTTP/1.1" status: 200 len: 388 time: 0.0045590
2026-07-14 18:53:49.337 10 INFO neutron.wsgi [None req-8c14ed73-e114-4c64-bc39-8b13b43cff25 6dba793b4de1498bb8b09bcdca898fd3 57d03e1599704512a1b09ca625572430 - - default default] 10.0.0.110 "GET /v2.0/extensions/subnetpool-prefix-ops HTTP/1.1" status: 200 len: 418 time: 0.0049133
2026-07-14 18:53:49.349 9 INFO neutron.wsgi [None req-b090d456-779e-464b-aaa3-8452acfbbf7f 6dba793b4de1498bb8b09bcdca898fd3 57d03e1599704512a1b09ca625572430 - - default default] 10.0.0.110 "GET /v2.0/extensions/standard-attr-tag HTTP/1.1" status: 200 len: 537 time: 0.0068209
2026-07-14 18:53:49.367 9 INFO neutron.wsgi [None req-14387ac8-1b13-4838-9d40-eaaa8a0de2ad 6dba793b4de1498bb8b09bcdca898fd3 57d03e1599704512a1b09ca625572430 - - default default] 10.0.0.110 "GET /v2.0/extensions/standard-attr-timestamp HTTP/1.1" status: 200 len: 449 time: 0.0050514
2026-07-14 18:53:49.377 9 WARNING neutron.scheduler.dhcp_agent_scheduler [None req-08e0753c-6344-48bc-b2e0-fca68e53ecff 531fea6437b0498d8b9710a3522dbbb3 95812c4971b24952bfb00f853360501f - - default default] No more DHCP agents
2026-07-14 18:53:49.378 10 INFO neutron.wsgi [None req-9e0a82a3-2aef-4176-8cc4-e8ac6504a3b8 6dba793b4de1498bb8b09bcdca898fd3 57d03e1599704512a1b09ca625572430 - - default default] 10.0.0.110 "GET /v2.0/extensions/trunk HTTP/1.1" status: 200 len: 358 time: 0.0059078
2026-07-14 18:53:49.380 9 WARNING neutron.api.rpc.agentnotifiers.dhcp_rpc_agent_api [None req-08e0753c-6344-48bc-b2e0-fca68e53ecff 531fea6437b0498d8b9710a3522dbbb3 95812c4971b24952bfb00f853360501f - - default default] Unable to schedule network 6230c824-38de-4882-b6d1-77a64e08b9b8: no agents available; will retry on subsequent port and subnet creation events.
2026-07-14 18:53:49.393 10 INFO neutron.wsgi [None req-e5b27a61-7af6-4d86-bb21-0a6c738a9b90 6dba793b4de1498bb8b09bcdca898fd3 57d03e1599704512a1b09ca625572430 - - default default] 10.0.0.110 "GET /v2.0/extensions/trunk-details HTTP/1.1" status: 200 len: 362 time: 0.0103500
2026-07-14 18:53:49.404 9 INFO neutron.wsgi [None req-b448783f-eb9e-4a66-b0cf-ba36edee3243 6dba793b4de1498bb8b09bcdca898fd3 57d03e1599704512a1b09ca625572430 - - default default] 10.0.0.110 "GET /v2.0/extensions/vpn-agent-scheduler HTTP/1.1" status: 200 len: 393 time: 0.0068951
2026-07-14 18:53:49.428 9 INFO neutron.wsgi [None req-70901026-7dfa-4778-a5f0-186f6f8c4b9c 6dba793b4de1498bb8b09bcdca898fd3 57d03e1599704512a1b09ca625572430 - - default default] 10.0.0.110 "GET /v2.0/extensions/vpn-endpoint-groups HTTP/1.1" status: 200 len: 371 time: 0.0065522
2026-07-14 18:53:49.443 10 INFO neutron.wsgi [None req-c6aebc22-9122-4435-9a14-a65e5631f1f9 6dba793b4de1498bb8b09bcdca898fd3 57d03e1599704512a1b09ca625572430 - - default default] 10.0.0.110 "GET /v2.0/extensions/vpn-flavors HTTP/1.1" status: 200 len: 376 time: 0.0085430
2026-07-14 18:53:49.458 9 INFO neutron.wsgi [None req-d62ac336-8bb7-4029-89d2-e763dc18becd 6dba793b4de1498bb8b09bcdca898fd3 57d03e1599704512a1b09ca625572430 - - default default] 10.0.0.110 "GET /v2.0/extensions/vpnaas HTTP/1.1" status: 200 len: 348 time: 0.0076702
2026-07-14 18:53:49.627 9 INFO neutron.db.ovn_revision_numbers_db [None req-08e0753c-6344-48bc-b2e0-fca68e53ecff 531fea6437b0498d8b9710a3522dbbb3 95812c4971b24952bfb00f853360501f - - default default] Successfully bumped revision number for resource 0b7c97c4-6257-4e35-b9b0-be274f33c60a (type: router_ports) to 1
2026-07-14 18:53:49.633 9 INFO neutron.wsgi [None req-08e0753c-6344-48bc-b2e0-fca68e53ecff 531fea6437b0498d8b9710a3522dbbb3 95812c4971b24952bfb00f853360501f - - default default] 10.0.0.110 "PUT /v2.0/routers/f169efce-342d-44c9-8904-d6d6e9cf6fa1/add_router_interface HTTP/1.1" status: 200 len: 503 time: 3.2388206
2026-07-14 18:53:49.768 9 INFO neutron.wsgi [None req-8d610951-63f7-47ba-b8e5-a758ebb0b7e3 531fea6437b0498d8b9710a3522dbbb3 95812c4971b24952bfb00f853360501f - - default default] 10.0.0.110 "GET /v2.0/ports/0b7c97c4-6257-4e35-b9b0-be274f33c60a HTTP/1.1" status: 200 len: 1135 time: 0.1308348
2026-07-14 18:53:49.915 9 INFO neutron.wsgi [None req-97509291-b8f9-486d-b3d2-4652b5f1480f 42c5276c71b348a9abacbf421c309197 ff7e564635fa43fa9e2dc3cdab6453c3 - - default default] 10.0.0.110 "PUT /v2.0/routers/b90e76f3-ba09-40c6-a175-bbdddc64b626/remove_router_interface HTTP/1.1" status: 200 len: 503 time: 2.1160748
