2026-07-14 18:56:06.822 10 INFO neutron.db.ovn_revision_numbers_db [None req-c0cedf43-2e93-467b-b8fb-4205fc839de6 0da4e6b33f9d4b49b2155d01716bf5a7 b16dc8cb0f74466d8afd6d940e605e3f - - default default] Successfully bumped revision number for resource eb708768-8a02-477a-8abf-e79017169568 (type: ports) to 1
2026-07-14 18:56:06.850 10 INFO neutron.wsgi [None req-c0cedf43-2e93-467b-b8fb-4205fc839de6 0da4e6b33f9d4b49b2155d01716bf5a7 b16dc8cb0f74466d8afd6d940e605e3f - - default default] 10.0.0.110 "POST /v2.0/ports HTTP/1.1" status: 201 len: 942 time: 0.6216118
2026-07-14 18:56:06.861 9 WARNING neutron_lib.context [None req-48b7bedf-c488-4b09-a928-eb9a5be8461a 0da4e6b33f9d4b49b2155d01716bf5a7 b16dc8cb0f74466d8afd6d940e605e3f - - default default] Method 'is_advsvc' is deprecated since 2023.2 release (neutron-lib 3.8.0) and will be removed once support for the old RBAC API policies will be removed from Neutron. Please use method 'is_service_role' instead.
2026-07-14 18:56:07.035 10 INFO neutron.plugins.ml2.drivers.ovn.mech_driver.mech_driver [None req-d887c70c-8fc1-42e8-a873-0fff16e19d3d - - - - - -] OVN reports status up for port: 4c5bb022-0e31-4b33-be0e-9dee965ad173
2026-07-14 18:56:07.044 10 INFO neutron.plugins.ml2.plugin [None req-d887c70c-8fc1-42e8-a873-0fff16e19d3d - - - - - -] Attempt 1 to provision port 4c5bb022-0e31-4b33-be0e-9dee965ad173
2026-07-14 18:56:07.057 10 INFO neutron.db.ovn_revision_numbers_db [None req-796a2048-f9b3-4e4b-aea4-a63bff0cfea2 42c5276c71b348a9abacbf421c309197 ff7e564635fa43fa9e2dc3cdab6453c3 - - default default] Successfully bumped revision number for resource 4c5bb022-0e31-4b33-be0e-9dee965ad173 (type: ports) to 1
2026-07-14 18:56:07.083 9 INFO neutron.db.ovn_revision_numbers_db [None req-d8355f9d-271a-4933-aa23-17011ac1b9b0 - - - - - -] Successfully bumped revision number for resource 5236348f-fffe-4403-bf46-6f6d5c0599d5 (type: router_ports) to 4
2026-07-14 18:56:07.142 10 WARNING neutron.scheduler.dhcp_agent_scheduler [None req-796a2048-f9b3-4e4b-aea4-a63bff0cfea2 42c5276c71b348a9abacbf421c309197 ff7e564635fa43fa9e2dc3cdab6453c3 - - default default] No more DHCP agents
2026-07-14 18:56:07.143 10 WARNING neutron.api.rpc.agentnotifiers.dhcp_rpc_agent_api [None req-796a2048-f9b3-4e4b-aea4-a63bff0cfea2 42c5276c71b348a9abacbf421c309197 ff7e564635fa43fa9e2dc3cdab6453c3 - - default default] Unable to schedule network d737a6b1-dfdf-4c66-bb7d-6bab7a09d59c: no agents available; will retry on subsequent port and subnet creation events.
2026-07-14 18:56:07.145 9 INFO neutron.wsgi [None req-48b7bedf-c488-4b09-a928-eb9a5be8461a 0da4e6b33f9d4b49b2155d01716bf5a7 b16dc8cb0f74466d8afd6d940e605e3f - - default default] 10.0.0.110 "POST /v2.0/trunks HTTP/1.1" status: 201 len: 608 time: 0.2893660
2026-07-14 18:56:07.196 9 INFO neutron.wsgi [None req-627b2df3-509e-492e-a9ca-8bc73538bb34 0da4e6b33f9d4b49b2155d01716bf5a7 b16dc8cb0f74466d8afd6d940e605e3f - - default default] 10.0.0.110 "PUT /v2.0/trunks/9d037019-04ad-4931-99bf-703aaa0636a3/tags HTTP/1.1" status: 200 len: 210 time: 0.0465305
2026-07-14 18:56:07.232 9 INFO neutron.wsgi [None req-65a840b8-1741-4c11-9f7f-94bfa4fd4375 0da4e6b33f9d4b49b2155d01716bf5a7 b16dc8cb0f74466d8afd6d940e605e3f - - default default] 10.0.0.110 "PUT /v2.0/trunks/fcff6072-bde2-4fbd-8fb9-0de2be971a19/tags HTTP/1.1" status: 200 len: 218 time: 0.0325866
2026-07-14 18:56:07.294 9 INFO neutron.wsgi [None req-91ac051e-928f-47d7-b101-991a8f11ce50 0da4e6b33f9d4b49b2155d01716bf5a7 b16dc8cb0f74466d8afd6d940e605e3f - - default default] 10.0.0.110 "PUT /v2.0/trunks/cb6b059b-76a3-4a2e-b996-383b5de383eb/tags HTTP/1.1" status: 200 len: 227 time: 0.0576253
2026-07-14 18:56:07.335 9 INFO neutron.wsgi [None req-5e3b65f7-735f-48f9-bb60-ca286311d18e 0da4e6b33f9d4b49b2155d01716bf5a7 b16dc8cb0f74466d8afd6d940e605e3f - - default default] 10.0.0.110 "PUT /v2.0/trunks/ec0c5cae-bbd3-4a55-8e2b-dcb4d1ada1da/tags HTTP/1.1" status: 200 len: 212 time: 0.0351512
2026-07-14 18:56:07.377 9 INFO neutron.wsgi [None req-8185e67f-34da-4c6a-b5b7-d0cdefce98a3 0da4e6b33f9d4b49b2155d01716bf5a7 b16dc8cb0f74466d8afd6d940e605e3f - - default default] 10.0.0.110 "GET /v2.0/trunks?tags=red HTTP/1.1" status: 200 len: 1447 time: 0.0286477
2026-07-14 18:56:07.413 9 INFO neutron.wsgi [None req-824ebfc1-d6ce-4eea-b4ca-f81bd7d1ca4c 0da4e6b33f9d4b49b2155d01716bf5a7 b16dc8cb0f74466d8afd6d940e605e3f - - default default] 10.0.0.110 "GET /v2.0/trunks?tags=red%2Cblue HTTP/1.1" status: 200 len: 1041 time: 0.0314186
2026-07-14 18:56:07.447 9 INFO neutron.wsgi [None req-1e6f6bd2-9c67-41fd-b412-018029a7310e 0da4e6b33f9d4b49b2155d01716bf5a7 b16dc8cb0f74466d8afd6d940e605e3f - - default default] 10.0.0.110 "GET /v2.0/trunks?tags-any=blue HTTP/1.1" status: 200 len: 1041 time: 0.0297508
2026-07-14 18:56:07.482 9 INFO neutron.wsgi [None req-3c94fd27-a23f-4655-bc24-b1f8ea86c86a 0da4e6b33f9d4b49b2155d01716bf5a7 b16dc8cb0f74466d8afd6d940e605e3f - - default default] 10.0.0.110 "GET /v2.0/trunks?tags-any=red%2Cblue HTTP/1.1" status: 200 len: 1447 time: 0.0276589
2026-07-14 18:56:07.527 9 INFO neutron.wsgi [None req-778d9564-285f-4334-93ee-0715d4d3035f 0da4e6b33f9d4b49b2155d01716bf5a7 b16dc8cb0f74466d8afd6d940e605e3f - - default default] 10.0.0.110 "GET /v2.0/trunks?not-tags=red HTTP/1.1" status: 200 len: 1013 time: 0.0361307
2026-07-14 18:56:07.559 9 INFO neutron.wsgi [None req-e54ce50b-b5e6-41d0-b072-f650184955a7 0da4e6b33f9d4b49b2155d01716bf5a7 b16dc8cb0f74466d8afd6d940e605e3f - - default default] 10.0.0.110 "GET /v2.0/trunks?not-tags=red%2Cblue HTTP/1.1" status: 200 len: 1419 time: 0.0255768
2026-07-14 18:56:07.590 9 INFO neutron.wsgi [None req-c330b2bc-9039-4de2-ada6-f5c553e4f180 0da4e6b33f9d4b49b2155d01716bf5a7 b16dc8cb0f74466d8afd6d940e605e3f - - default default] 10.0.0.110 "GET /v2.0/trunks?not-tags-any=blue HTTP/1.1" status: 200 len: 1419 time: 0.0255651
2026-07-14 18:56:07.615 9 INFO neutron.wsgi [None req-08daa787-ae69-4c23-883a-654cbc1b14fb 0da4e6b33f9d4b49b2155d01716bf5a7 b16dc8cb0f74466d8afd6d940e605e3f - - default default] 10.0.0.110 "GET /v2.0/trunks?not-tags-any=red%2Cblue HTTP/1.1" status: 200 len: 1013 time: 0.0192537
2026-07-14 18:56:07.653 9 INFO neutron.wsgi [None req-ec85de25-6fd8-4942-8d86-8c8dc23d5f86 0da4e6b33f9d4b49b2155d01716bf5a7 b16dc8cb0f74466d8afd6d940e605e3f - - default default] 10.0.0.110 "GET /v2.0/trunks/9d037019-04ad-4931-99bf-703aaa0636a3 HTTP/1.1" status: 200 len: 608 time: 0.0195844
2026-07-14 18:56:07.762 9 INFO neutron.wsgi [None req-4c4c431f-0186-42a9-9f0c-3c6d64a09efc 0da4e6b33f9d4b49b2155d01716bf5a7 b16dc8cb0f74466d8afd6d940e605e3f - - default default] 10.0.0.110 "GET /v2.0/ports/06a561d8-4418-413b-bafe-c823560216d3 HTTP/1.1" status: 200 len: 1020 time: 0.1043808
2026-07-14 18:56:07.852 9 INFO neutron.wsgi [None req-d98c9349-a12d-499c-a600-c338600e07af 0da4e6b33f9d4b49b2155d01716bf5a7 b16dc8cb0f74466d8afd6d940e605e3f - - default default] 10.0.0.110 "DELETE /v2.0/trunks/9d037019-04ad-4931-99bf-703aaa0636a3 HTTP/1.1" status: 204 len: 168 time: 0.0827627
2026-07-14 18:56:07.877 9 INFO neutron.wsgi [None req-168a3dcf-8dd4-4c82-a641-9660981ab3fe 0da4e6b33f9d4b49b2155d01716bf5a7 b16dc8cb0f74466d8afd6d940e605e3f - - default default] 10.0.0.110 "GET /v2.0/trunks/fcff6072-bde2-4fbd-8fb9-0de2be971a19 HTTP/1.1" status: 200 len: 616 time: 0.0202096
2026-07-14 18:56:07.890 10 INFO neutron.db.ovn_revision_numbers_db [None req-d887c70c-8fc1-42e8-a873-0fff16e19d3d - - - - - -] Successfully bumped revision number for resource 4c5bb022-0e31-4b33-be0e-9dee965ad173 (type: ports) to 2
2026-07-14 18:56:07.977 9 INFO neutron.wsgi [None req-048c39a6-be6c-4c33-bf2f-35a78942019d 0da4e6b33f9d4b49b2155d01716bf5a7 b16dc8cb0f74466d8afd6d940e605e3f - - default default] 10.0.0.110 "GET /v2.0/ports/1e1359e6-2620-4958-b423-d966af3f97aa HTTP/1.1" status: 200 len: 1020 time: 0.0949943
2026-07-14 18:56:08.045 10 ERROR ovsdbapp.backend.ovs_idl.command [None req-d887c70c-8fc1-42e8-a873-0fff16e19d3d - - - - - -] Error executing command (DbGetCommand): ovsdbapp.backend.ovs_idl.idlutils.RowNotFound: Cannot find Logical_Router_Port with name=lrp-4c5bb022-0e31-4b33-be0e-9dee965ad173
2026-07-14 18:56:08.045 10 ERROR ovsdbapp.backend.ovs_idl.command
Traceback (most recent call last):
2026-07-14 18:56:08.045 10 ERROR ovsdbapp.backend.ovs_idl.command
File "/var/lib/openstack/lib/python3.10/site-packages/ovsdbapp/backend/ovs_idl/command.py", line 47, in execute
2026-07-14 18:56:08.045 10 ERROR ovsdbapp.backend.ovs_idl.command self.run_idl(None)
2026-07-14 18:56:08.045 10 ERROR ovsdbapp.backend.ovs_idl.command
File "/var/lib/openstack/lib/python3.10/site-packages/ovsdbapp/backend/ovs_idl/command.py", line 235, in run_idl
2026-07-14 18:56:08.045 10 ERROR ovsdbapp.backend.ovs_idl.command record = self.api.lookup(self.table, self.record)
2026-07-14 18:56:08.045 10 ERROR ovsdbapp.backend.ovs_idl.command
File "/var/lib/openstack/lib/python3.10/site-packages/ovsdbapp/backend/ovs_idl/__init__.py", line 184, in lookup
2026-07-14 18:56:08.045 10 ERROR ovsdbapp.backend.ovs_idl.command return self._lookup(table, record)
2026-07-14 18:56:08.045 10 ERROR ovsdbapp.backend.ovs_idl.command
File "/var/lib/openstack/lib/python3.10/site-packages/ovsdbapp/backend/ovs_idl/__init__.py", line 235, in _lookup
2026-07-14 18:56:08.045 10 ERROR ovsdbapp.backend.ovs_idl.command row = idlutils.row_by_value(self, rl.table, rl.column, record)
2026-07-14 18:56:08.045 10 ERROR ovsdbapp.backend.ovs_idl.command
File "/var/lib/openstack/lib/python3.10/site-packages/ovsdbapp/backend/ovs_idl/idlutils.py", line 114, in row_by_value
2026-07-14 18:56:08.045 10 ERROR ovsdbapp.backend.ovs_idl.command raise RowNotFound(table=table, col=column, match=match)
2026-07-14 18:56:08.045 10 ERROR ovsdbapp.backend.ovs_idl.command ovsdbapp.backend.ovs_idl.idlutils.RowNotFound: Cannot find Logical_Router_Port with name=lrp-4c5bb022-0e31-4b33-be0e-9dee965ad173
2026-07-14 18:56:08.045 10 ERROR ovsdbapp.backend.ovs_idl.command 
2026-07-14 18:56:08.045 10 ERROR neutron_lib.callbacks.manager [None req-d887c70c-8fc1-42e8-a873-0fff16e19d3d - - - - - -] Error during notification for neutron.services.ovn_l3.plugin.OVNL3RouterPlugin._port_update-8746044657382 port, after_update: ovsdbapp.backend.ovs_idl.idlutils.RowNotFound: Cannot find Logical_Router_Port with name=lrp-4c5bb022-0e31-4b33-be0e-9dee965ad173
2026-07-14 18:56:08.045 10 ERROR neutron_lib.callbacks.manager
Traceback (most recent call last):
2026-07-14 18:56:08.045 10 ERROR neutron_lib.callbacks.manager
File "/var/lib/openstack/lib/python3.10/site-packages/neutron_lib/callbacks/manager.py", line 189, in _notify_loop
2026-07-14 18:56:08.045 10 ERROR neutron_lib.callbacks.manager callback.method(resource, event, trigger, payload=payload)
2026-07-14 18:56:08.045 10 ERROR neutron_lib.callbacks.manager
File "/var/lib/openstack/lib/python3.10/site-packages/neutron/services/ovn_l3/plugin.py", line 391, in _port_update
2026-07-14 18:56:08.045 10 ERROR neutron_lib.callbacks.manager l3plugin._ovn_client.update_router_port(context,
2026-07-14 18:56:08.045 10 ERROR neutron_lib.callbacks.manager
File "/var/lib/openstack/lib/python3.10/site-packages/neutron/plugins/ml2/drivers/ovn/mech_driver/ovsdb/ovn_client.py", line 1878, in update_router_port
2026-07-14 18:56:08.045 10 ERROR neutron_lib.callbacks.manager self._update_lrouter_port(context, port, if_exists=if_exists,
2026-07-14 18:56:08.045 10 ERROR neutron_lib.callbacks.manager
File "/var/lib/openstack/lib/python3.10/site-packages/neutron/plugins/ml2/drivers/ovn/mech_driver/ovsdb/ovn_client.py", line 1855, in _update_lrouter_port
2026-07-14 18:56:08.045 10 ERROR neutron_lib.callbacks.manager external_ids = self._nb_idl.db_get(
2026-07-14 18:56:08.045 10 ERROR neutron_lib.callbacks.manager
File "/var/lib/openstack/lib/python3.10/site-packages/ovsdbapp/backend/ovs_idl/command.py", line 47, in execute
2026-07-14 18:56:08.045 10 ERROR neutron_lib.callbacks.manager self.run_idl(None)
2026-07-14 18:56:08.045 10 ERROR neutron_lib.callbacks.manager
File "/var/lib/openstack/lib/python3.10/site-packages/ovsdbapp/backend/ovs_idl/command.py", line 235, in run_idl
2026-07-14 18:56:08.045 10 ERROR neutron_lib.callbacks.manager record = self.api.lookup(self.table, self.record)
2026-07-14 18:56:08.045 10 ERROR neutron_lib.callbacks.manager
File "/var/lib/openstack/lib/python3.10/site-packages/ovsdbapp/backend/ovs_idl/__init__.py", line 184, in lookup
2026-07-14 18:56:08.045 10 ERROR neutron_lib.callbacks.manager return self._lookup(table, record)
2026-07-14 18:56:08.045 10 ERROR neutron_lib.callbacks.manager
File "/var/lib/openstack/lib/python3.10/site-packages/ovsdbapp/backend/ovs_idl/__init__.py", line 235, in _lookup
2026-07-14 18:56:08.045 10 ERROR neutron_lib.callbacks.manager row = idlutils.row_by_value(self, rl.table, rl.column, record)
2026-07-14 18:56:08.045 10 ERROR neutron_lib.callbacks.manager
File "/var/lib/openstack/lib/python3.10/site-packages/ovsdbapp/backend/ovs_idl/idlutils.py", line 114, in row_by_value
2026-07-14 18:56:08.045 10 ERROR neutron_lib.callbacks.manager raise RowNotFound(table=table, col=column, match=match)
2026-07-14 18:56:08.045 10 ERROR neutron_lib.callbacks.manager ovsdbapp.backend.ovs_idl.idlutils.RowNotFound: Cannot find Logical_Router_Port with name=lrp-4c5bb022-0e31-4b33-be0e-9dee965ad173
2026-07-14 18:56:08.045 10 ERROR neutron_lib.callbacks.manager 
2026-07-14 18:56:08.076 9 INFO neutron.wsgi [None req-5f419504-4562-4fea-a399-c7edec50c004 0da4e6b33f9d4b49b2155d01716bf5a7 b16dc8cb0f74466d8afd6d940e605e3f - - default default] 10.0.0.110 "DELETE /v2.0/trunks/fcff6072-bde2-4fbd-8fb9-0de2be971a19 HTTP/1.1" status: 204 len: 168 time: 0.0939701
2026-07-14 18:56:08.100 9 INFO neutron.wsgi [None req-daf65513-8ca7-44a0-8b03-471944e5364a 0da4e6b33f9d4b49b2155d01716bf5a7 b16dc8cb0f74466d8afd6d940e605e3f - - default default] 10.0.0.110 "GET /v2.0/trunks/cb6b059b-76a3-4a2e-b996-383b5de383eb HTTP/1.1" status: 200 len: 625 time: 0.0181570
2026-07-14 18:56:08.170 10 INFO neutron.db.ovn_revision_numbers_db [None req-796a2048-f9b3-4e4b-aea4-a63bff0cfea2 42c5276c71b348a9abacbf421c309197 ff7e564635fa43fa9e2dc3cdab6453c3 - - default default] Successfully bumped revision number for resource 4c5bb022-0e31-4b33-be0e-9dee965ad173 (type: router_ports) to 1
2026-07-14 18:56:08.175 10 INFO neutron.wsgi [None req-796a2048-f9b3-4e4b-aea4-a63bff0cfea2 42c5276c71b348a9abacbf421c309197 ff7e564635fa43fa9e2dc3cdab6453c3 - - default default] 10.0.0.110 "PUT /v2.0/routers/34fb9108-d1f5-4e64-b46c-66ba16f3b5b7/add_router_interface HTTP/1.1" status: 200 len: 503 time: 3.6431434
2026-07-14 18:56:08.217 9 INFO neutron.wsgi [None req-6bbce3cb-accf-431e-bf4b-add50a714490 0da4e6b33f9d4b49b2155d01716bf5a7 b16dc8cb0f74466d8afd6d940e605e3f - - default default] 10.0.0.110 "GET /v2.0/ports/923b78fc-7c58-4fb1-b10b-bc4b8e7f0f0a HTTP/1.1" status: 200 len: 1020 time: 0.1121354
2026-07-14 18:56:08.300 9 INFO neutron.wsgi [None req-73f33aae-a29c-4e23-b525-0110b543cf7f 0da4e6b33f9d4b49b2155d01716bf5a7 b16dc8cb0f74466d8afd6d940e605e3f - - default default] 10.0.0.110 "DELETE /v2.0/trunks/cb6b059b-76a3-4a2e-b996-383b5de383eb HTTP/1.1" status: 204 len: 168 time: 0.0782731
2026-07-14 18:56:08.323 9 INFO neutron.wsgi [None req-97c8ef52-9498-407f-a13e-f648c936305f 0da4e6b33f9d4b49b2155d01716bf5a7 b16dc8cb0f74466d8afd6d940e605e3f - - default default] 10.0.0.110 "GET /v2.0/trunks/ec0c5cae-bbd3-4a55-8e2b-dcb4d1ada1da HTTP/1.1" status: 200 len: 610 time: 0.0168843
2026-07-14 18:56:08.705 9 INFO neutron.wsgi [None req-456cdfcd-d2e4-4a22-9acd-eb4dfe9fccce 0da4e6b33f9d4b49b2155d01716bf5a7 b16dc8cb0f74466d8afd6d940e605e3f - - default default] 10.0.0.110 "GET /v2.0/ports/0a2aa2eb-4e25-41d8-b93a-b84e0723778d HTTP/1.1" status: 200 len: 1020 time: 0.3747413
2026-07-14 18:56:08.793 9 INFO neutron.wsgi [None req-7c004418-e28b-449a-a7de-bac31c30ee37 0da4e6b33f9d4b49b2155d01716bf5a7 b16dc8cb0f74466d8afd6d940e605e3f - - default default] 10.0.0.110 "DELETE /v2.0/trunks/ec0c5cae-bbd3-4a55-8e2b-dcb4d1ada1da HTTP/1.1" status: 204 len: 168 time: 0.0839682
2026-07-14 18:56:08.816 9 INFO neutron.wsgi [None req-0cd2f9ef-1375-4274-ba50-5ea7ff2721ea 0da4e6b33f9d4b49b2155d01716bf5a7 b16dc8cb0f74466d8afd6d940e605e3f - - default default] 10.0.0.110 "GET /v2.0/trunks/cdc17c9b-628d-450a-a556-0ee46148529d HTTP/1.1" status: 200 len: 603 time: 0.0187314
2026-07-14 18:56:08.916 9 INFO neutron.wsgi [None req-e05f5d58-88f8-4d48-bc47-0083ed6f4f83 0da4e6b33f9d4b49b2155d01716bf5a7 b16dc8cb0f74466d8afd6d940e605e3f - - default default] 10.0.0.110 "GET /v2.0/ports/eb708768-8a02-477a-8abf-e79017169568 HTTP/1.1" status: 200 len: 1020 time: 0.0941534 /var/lib/openstack/lib/python3.10/site-packages/pycadf/identifier.py:71: UserWarning: Invalid uuid: neutron. To ensure interoperability, identifiers should be a valid uuid. warnings.warn(('Invalid uuid: %s. To ensure interoperability, '
2026-07-14 18:56:08.945 10 WARNING neutron_lib.context [None req-ad55f3c6-fb4b-485b-bd9a-a7e2f1aaf258 05fdce5190fb4d88b81dfdeb88c6b6a3 89ae89637f15478a87a4edfc0fd50687 - - default default] Method 'is_advsvc' is deprecated since 2023.2 release (neutron-lib 3.8.0) and will be removed once support for the old RBAC API policies will be removed from Neutron. Please use method 'is_service_role' instead.
2026-07-14 18:56:08.999 9 INFO neutron.wsgi [None req-8a7918e5-5599-4106-84eb-b2fef47f3a86 0da4e6b33f9d4b49b2155d01716bf5a7 b16dc8cb0f74466d8afd6d940e605e3f - - default default] 10.0.0.110 "DELETE /v2.0/trunks/cdc17c9b-628d-450a-a556-0ee46148529d HTTP/1.1" status: 204 len: 168 time: 0.0795522
2026-07-14 18:56:09.111 10 INFO neutron.db.ovn_revision_numbers_db [None req-ad55f3c6-fb4b-485b-bd9a-a7e2f1aaf258 05fdce5190fb4d88b81dfdeb88c6b6a3 89ae89637f15478a87a4edfc0fd50687 - - default default] Successfully bumped revision number for resource fb7dfb3a-852c-4d4a-a2f6-0642801c18b7 (type: security_groups) to 1
2026-07-14 18:56:09.129 10 INFO neutron.db.ovn_revision_numbers_db [None req-ad55f3c6-fb4b-485b-bd9a-a7e2f1aaf258 05fdce5190fb4d88b81dfdeb88c6b6a3 89ae89637f15478a87a4edfc0fd50687 - - default default] Successfully bumped revision number for resource 3c32a712-10e5-4bbd-b290-a1ea090795f0 (type: security_group_rules) to 0
2026-07-14 18:56:09.147 10 INFO neutron.db.ovn_revision_numbers_db [None req-ad55f3c6-fb4b-485b-bd9a-a7e2f1aaf258 05fdce5190fb4d88b81dfdeb88c6b6a3 89ae89637f15478a87a4edfc0fd50687 - - default default] Successfully bumped revision number for resource b06ce9c3-1601-4166-bb7b-46b2622c3e83 (type: security_group_rules) to 0
2026-07-14 18:56:09.171 10 INFO neutron.wsgi [None req-ad55f3c6-fb4b-485b-bd9a-a7e2f1aaf258 05fdce5190fb4d88b81dfdeb88c6b6a3 89ae89637f15478a87a4edfc0fd50687 - - default default] 10.0.0.110 "POST /v2.0/security-groups HTTP/1.1" status: 201 len: 1873 time: 0.2322395
2026-07-14 18:56:09.181 10 WARNING neutron_lib.context [None req-cfa2c8c1-cb11-4a42-acb7-18c5ee1eb377 05fdce5190fb4d88b81dfdeb88c6b6a3 89ae89637f15478a87a4edfc0fd50687 - - default default] Method 'is_advsvc' is deprecated since 2023.2 release (neutron-lib 3.8.0) and will be removed once support for the old RBAC API policies will be removed from Neutron. Please use method 'is_service_role' instead.
2026-07-14 18:56:09.240 9 INFO neutron.wsgi [None req-e802bc00-63bf-4129-9dfe-f8c84ea225df 0da4e6b33f9d4b49b2155d01716bf5a7 b16dc8cb0f74466d8afd6d940e605e3f - - default default] 10.0.0.110 "DELETE /v2.0/ports/06a561d8-4418-413b-bafe-c823560216d3 HTTP/1.1" status: 204 len: 168 time: 0.2345774
2026-07-14 18:56:09.334 10 INFO neutron.db.ovn_revision_numbers_db [None req-cfa2c8c1-cb11-4a42-acb7-18c5ee1eb377 05fdce5190fb4d88b81dfdeb88c6b6a3 89ae89637f15478a87a4edfc0fd50687 - - default default] Successfully bumped revision number for resource 2259528c-f767-467e-a198-0acebbb395b1 (type: security_group_rules) to 0
2026-07-14 18:56:09.369 10 INFO neutron.wsgi [None req-cfa2c8c1-cb11-4a42-acb7-18c5ee1eb377 05fdce5190fb4d88b81dfdeb88c6b6a3 89ae89637f15478a87a4edfc0fd50687 - - default default] 10.0.0.110 "POST /v2.0/security-group-rules HTTP/1.1" status: 201 len: 796 time: 0.1938069
2026-07-14 18:56:09.386 9 WARNING neutron_lib.context [None req-33ee8a84-6117-433d-8e3b-947bf52585fe 05fdce5190fb4d88b81dfdeb88c6b6a3 89ae89637f15478a87a4edfc0fd50687 - - default default] Method 'is_advsvc' is deprecated since 2023.2 release (neutron-lib 3.8.0) and will be removed once support for the old RBAC API policies will be removed from Neutron. Please use method 'is_service_role' instead.
2026-07-14 18:56:09.542 9 INFO neutron.wsgi [None req-afbb681e-ca96-49f4-aa69-694355100485 0da4e6b33f9d4b49b2155d01716bf5a7 b16dc8cb0f74466d8afd6d940e605e3f - - default default] 10.0.0.110 "DELETE /v2.0/ports/1e1359e6-2620-4958-b423-d966af3f97aa HTTP/1.1" status: 204 len: 168 time: 0.2989011
2026-07-14 18:56:09.634 9 INFO neutron.db.ovn_revision_numbers_db [None req-33ee8a84-6117-433d-8e3b-947bf52585fe 05fdce5190fb4d88b81dfdeb88c6b6a3 89ae89637f15478a87a4edfc0fd50687 - - default default] Successfully bumped revision number for resource cd77f731-ab84-4cbb-b1ee-81b2c5abe63a (type: security_group_rules) to 0
2026-07-14 18:56:09.635 10 INFO neutron.db.ovn_revision_numbers_db [None req-1e42e73a-3b00-4bd2-bc95-d79790bf86b2 42c5276c71b348a9abacbf421c309197 ff7e564635fa43fa9e2dc3cdab6453c3 - - default default] Successfully bumped revision number for resource c2e7efb6-5a2e-4c39-b803-5818fd4b25fb (type: security_groups) to 1
2026-07-14 18:56:09.648 10 INFO neutron.db.ovn_revision_numbers_db [None req-1e42e73a-3b00-4bd2-bc95-d79790bf86b2 42c5276c71b348a9abacbf421c309197 ff7e564635fa43fa9e2dc3cdab6453c3 - - default default] Successfully bumped revision number for resource c6130f95-f6a8-4764-a854-35aee1f7f2d4 (type: security_group_rules) to 0
2026-07-14 18:56:09.663 10 INFO neutron.db.ovn_revision_numbers_db [None req-1e42e73a-3b00-4bd2-bc95-d79790bf86b2 42c5276c71b348a9abacbf421c309197 ff7e564635fa43fa9e2dc3cdab6453c3 - - default default] Successfully bumped revision number for resource d29bcb54-17be-45c0-9ca0-0f1cf3379e72 (type: security_group_rules) to 0
2026-07-14 18:56:09.678 9 INFO neutron.wsgi [None req-33ee8a84-6117-433d-8e3b-947bf52585fe 05fdce5190fb4d88b81dfdeb88c6b6a3 89ae89637f15478a87a4edfc0fd50687 - - default default] 10.0.0.110 "POST /v2.0/security-group-rules HTTP/1.1" status: 201 len: 795 time: 0.3031301
2026-07-14 18:56:09.682 10 INFO neutron.db.ovn_revision_numbers_db [None req-1e42e73a-3b00-4bd2-bc95-d79790bf86b2 42c5276c71b348a9abacbf421c309197 ff7e564635fa43fa9e2dc3cdab6453c3 - - default default] Successfully bumped revision number for resource f89b2df6-fa41-4c63-9acd-2e02e5116eae (type: security_group_rules) to 0
2026-07-14 18:56:09.689 9 WARNING neutron_lib.context [None req-59625448-561f-485b-85db-1d70d45edf7f 05fdce5190fb4d88b81dfdeb88c6b6a3 89ae89637f15478a87a4edfc0fd50687 - - default default] Method 'is_advsvc' is deprecated since 2023.2 release (neutron-lib 3.8.0) and will be removed once support for the old RBAC API policies will be removed from Neutron. Please use method 'is_service_role' instead.
2026-07-14 18:56:09.698 10 INFO neutron.db.ovn_revision_numbers_db [None req-1e42e73a-3b00-4bd2-bc95-d79790bf86b2 42c5276c71b348a9abacbf421c309197 ff7e564635fa43fa9e2dc3cdab6453c3 - - default default] Successfully bumped revision number for resource fd18caf9-e0fe-4b31-8083-d33849d5028b (type: security_group_rules) to 0
2026-07-14 18:56:09.719 10 INFO neutron.wsgi [None req-1e42e73a-3b00-4bd2-bc95-d79790bf86b2 42c5276c71b348a9abacbf421c309197 ff7e564635fa43fa9e2dc3cdab6453c3 - - default default] 10.0.0.110 "GET /v2.0/security-groups?tenant_id=26589304f0304325b2541b254fed9d66&name=default HTTP/1.1" status: 200 len: 3120 time: 0.4459960
2026-07-14 18:56:09.866 9 INFO neutron.db.ovn_revision_numbers_db [None req-59625448-561f-485b-85db-1d70d45edf7f 05fdce5190fb4d88b81dfdeb88c6b6a3 89ae89637f15478a87a4edfc0fd50687 - - default default] Successfully bumped revision number for resource 9b85a6ad-18f9-4c88-80ec-e9e5dcd11dd1 (type: security_group_rules) to 0
2026-07-14 18:56:09.878 9 INFO neutron.wsgi [None req-ec5ad614-382a-4005-8048-b98fa435e0ea 0da4e6b33f9d4b49b2155d01716bf5a7 b16dc8cb0f74466d8afd6d940e605e3f - - default default] 10.0.0.110 "DELETE /v2.0/ports/923b78fc-7c58-4fb1-b10b-bc4b8e7f0f0a HTTP/1.1" status: 204 len: 168 time: 0.3315957
2026-07-14 18:56:09.910 9 INFO neutron.wsgi [None req-59625448-561f-485b-85db-1d70d45edf7f 05fdce5190fb4d88b81dfdeb88c6b6a3 89ae89637f15478a87a4edfc0fd50687 - - default default] 10.0.0.110 "POST /v2.0/security-group-rules HTTP/1.1" status: 201 len: 801 time: 0.2262695
2026-07-14 18:56:09.919 9 WARNING neutron_lib.context [None req-e53a8d09-8683-4900-8163-6605dd37fb11 05fdce5190fb4d88b81dfdeb88c6b6a3 89ae89637f15478a87a4edfc0fd50687 - - default default] Method 'is_advsvc' is deprecated since 2023.2 release (neutron-lib 3.8.0) and will be removed once support for the old RBAC API policies will be removed from Neutron. Please use method 'is_service_role' instead.
2026-07-14 18:56:09.981 10 INFO neutron.wsgi [None req-8c2bc16b-fd4f-45dd-9bf8-d7d769ea9fff 42c5276c71b348a9abacbf421c309197 ff7e564635fa43fa9e2dc3cdab6453c3 - - default default] 10.0.0.110 "DELETE /v2.0/security-groups/c2e7efb6-5a2e-4c39-b803-5818fd4b25fb HTTP/1.1" status: 204 len: 168 time: 0.2565856
2026-07-14 18:56:10.149 9 INFO neutron.db.ovn_revision_numbers_db [None req-e53a8d09-8683-4900-8163-6605dd37fb11 05fdce5190fb4d88b81dfdeb88c6b6a3 89ae89637f15478a87a4edfc0fd50687 - - default default] Successfully bumped revision number for resource c6dc9278-0d81-4961-b477-95acee1d1b36 (type: security_group_rules) to 0
2026-07-14 18:56:10.180 9 INFO neutron.wsgi [None req-e53a8d09-8683-4900-8163-6605dd37fb11 05fdce5190fb4d88b81dfdeb88c6b6a3 89ae89637f15478a87a4edfc0fd50687 - - default default] 10.0.0.110 "POST /v2.0/security-group-rules HTTP/1.1" status: 201 len: 800 time: 0.2653997
2026-07-14 18:56:10.191 10 WARNING neutron_lib.context [None req-ce8d1d32-ea7f-4831-ab9b-57c1467494c7 05fdce5190fb4d88b81dfdeb88c6b6a3 89ae89637f15478a87a4edfc0fd50687 - - default default] Method 'is_advsvc' is deprecated since 2023.2 release (neutron-lib 3.8.0) and will be removed once support for the old RBAC API policies will be removed from Neutron. Please use method 'is_service_role' instead.
2026-07-14 18:56:10.218 10 WARNING neutron_lib.context [None req-e5af78b7-1e6c-428c-aeb2-8696e89c13cd de4c12d8ba424ecaa798d277669ffd70 65e4107aff474c31add9a870040067f3 - - default default] Method 'is_advsvc' is deprecated since 2023.2 release (neutron-lib 3.8.0) and will be removed once support for the old RBAC API policies will be removed from Neutron. Please use method 'is_service_role' instead.
2026-07-14 18:56:10.229 9 INFO neutron.wsgi [None req-5d102a7d-af87-4a8d-9822-6e8418647686 0da4e6b33f9d4b49b2155d01716bf5a7 b16dc8cb0f74466d8afd6d940e605e3f - - default default] 10.0.0.110 "DELETE /v2.0/ports/0a2aa2eb-4e25-41d8-b93a-b84e0723778d HTTP/1.1" status: 204 len: 168 time: 0.3437493
2026-07-14 18:56:10.243 10 INFO neutron.db.securitygroups_db [None req-ce8d1d32-ea7f-4831-ab9b-57c1467494c7 05fdce5190fb4d88b81dfdeb88c6b6a3 89ae89637f15478a87a4edfc0fd50687 - - default default] Project 89ae89637f15478a87a4edfc0fd50687 added a security group rule with legacy IPv6 ICMP protocol name icmp, ipv6-icmp should be used instead. It was automatically converted.
2026-07-14 18:56:10.491 10 INFO neutron.db.ovn_revision_numbers_db [None req-ce8d1d32-ea7f-4831-ab9b-57c1467494c7 05fdce5190fb4d88b81dfdeb88c6b6a3 89ae89637f15478a87a4edfc0fd50687 - - default default] Successfully bumped revision number for resource 95c05db5-382f-477a-a712-38d490b283b2 (type: security_group_rules) to 0
2026-07-14 18:56:10.534 10 INFO neutron.db.ovn_revision_numbers_db [None req-e5af78b7-1e6c-428c-aeb2-8696e89c13cd de4c12d8ba424ecaa798d277669ffd70 65e4107aff474c31add9a870040067f3 - - default default] Successfully bumped revision number for resource 3376c0e4-9f68-422d-b76f-a64c4637db10 (type: security_groups) to 1
2026-07-14 18:56:10.540 10 INFO neutron.wsgi [None req-ce8d1d32-ea7f-4831-ab9b-57c1467494c7 05fdce5190fb4d88b81dfdeb88c6b6a3 89ae89637f15478a87a4edfc0fd50687 - - default default] 10.0.0.110 "POST /v2.0/security-group-rules HTTP/1.1" status: 201 len: 806 time: 0.3540752
2026-07-14 18:56:10.553 9 WARNING neutron_lib.context [None req-d9492ffc-72c2-4ea5-b642-f6ea8176d1a6 05fdce5190fb4d88b81dfdeb88c6b6a3 89ae89637f15478a87a4edfc0fd50687 - - default default] Method 'is_advsvc' is deprecated since 2023.2 release (neutron-lib 3.8.0) and will be removed once support for the old RBAC API policies will be removed from Neutron. Please use method 'is_service_role' instead.
2026-07-14 18:56:10.558 10 INFO neutron.db.ovn_revision_numbers_db [None req-e5af78b7-1e6c-428c-aeb2-8696e89c13cd de4c12d8ba424ecaa798d277669ffd70 65e4107aff474c31add9a870040067f3 - - default default] Successfully bumped revision number for resource 32d397c8-b723-4593-9ab2-97e70c8b77be (type: security_group_rules) to 0
2026-07-14 18:56:10.580 10 INFO neutron.db.ovn_revision_numbers_db [None req-e5af78b7-1e6c-428c-aeb2-8696e89c13cd de4c12d8ba424ecaa798d277669ffd70 65e4107aff474c31add9a870040067f3 - - default default] Successfully bumped revision number for resource 5740e8b7-c0fc-488f-a848-b47a174d8985 (type: security_group_rules) to 0
2026-07-14 18:56:10.588 9 INFO neutron.db.securitygroups_db [None req-d9492ffc-72c2-4ea5-b642-f6ea8176d1a6 05fdce5190fb4d88b81dfdeb88c6b6a3 89ae89637f15478a87a4edfc0fd50687 - - default default] Project 89ae89637f15478a87a4edfc0fd50687 added a security group rule with legacy IPv6 ICMP protocol name icmp, ipv6-icmp should be used instead. It was automatically converted.
2026-07-14 18:56:10.595 10 INFO neutron.db.ovn_revision_numbers_db [None req-e5af78b7-1e6c-428c-aeb2-8696e89c13cd de4c12d8ba424ecaa798d277669ffd70 65e4107aff474c31add9a870040067f3 - - default default] Successfully bumped revision number for resource 7e158518-b3af-47ae-b592-cf25d150a419 (type: security_group_rules) to 0
2026-07-14 18:56:10.609 10 INFO neutron.db.ovn_revision_numbers_db [None req-e5af78b7-1e6c-428c-aeb2-8696e89c13cd de4c12d8ba424ecaa798d277669ffd70 65e4107aff474c31add9a870040067f3 - - default default] Successfully bumped revision number for resource 9fc8bee0-9262-4f62-8037-e8fa3e107381 (type: security_group_rules) to 0
2026-07-14 18:56:10.665 10 INFO neutron.wsgi [None req-4356ee20-1723-41ed-930a-e2c7e4727a69 0da4e6b33f9d4b49b2155d01716bf5a7 b16dc8cb0f74466d8afd6d940e605e3f - - default default] 10.0.0.110 "DELETE /v2.0/ports/eb708768-8a02-477a-8abf-e79017169568 HTTP/1.1" status: 204 len: 168 time: 0.4281659
2026-07-14 18:56:10.712 10 INFO neutron.db.ovn_revision_numbers_db [None req-e5af78b7-1e6c-428c-aeb2-8696e89c13cd de4c12d8ba424ecaa798d277669ffd70 65e4107aff474c31add9a870040067f3 - - default default] Successfully bumped revision number for resource ac25c211-7991-43f4-85e0-f30f217f6354 (type: security_groups) to 1
2026-07-14 18:56:10.729 10 INFO neutron.db.ovn_revision_numbers_db [None req-e5af78b7-1e6c-428c-aeb2-8696e89c13cd de4c12d8ba424ecaa798d277669ffd70 65e4107aff474c31add9a870040067f3 - - default default] Successfully bumped revision number for resource 2cf6a5da-920b-4b5b-b23e-6e73a2388aa8 (type: security_group_rules) to 0
2026-07-14 18:56:10.732 9 INFO neutron.db.ovn_revision_numbers_db [None req-d9492ffc-72c2-4ea5-b642-f6ea8176d1a6 05fdce5190fb4d88b81dfdeb88c6b6a3 89ae89637f15478a87a4edfc0fd50687 - - default default] Successfully bumped revision number for resource 08231714-1b21-4739-a1e8-e1397fe09bc1 (type: security_group_rules) to 0
2026-07-14 18:56:10.741 10 INFO neutron.db.ovn_revision_numbers_db [None req-e5af78b7-1e6c-428c-aeb2-8696e89c13cd de4c12d8ba424ecaa798d277669ffd70 65e4107aff474c31add9a870040067f3 - - default default] Successfully bumped revision number for resource 92e95d63-4e1a-46f6-b44e-ec6d73ff471b (type: security_group_rules) to 0
2026-07-14 18:56:10.764 10 INFO neutron.wsgi [None req-e5af78b7-1e6c-428c-aeb2-8696e89c13cd de4c12d8ba424ecaa798d277669ffd70 65e4107aff474c31add9a870040067f3 - - default default] 10.0.0.110 "POST /v2.0/security-groups HTTP/1.1" status: 201 len: 1801 time: 0.6825392
2026-07-14 18:56:10.765 9 INFO neutron.wsgi [None req-d9492ffc-72c2-4ea5-b642-f6ea8176d1a6 05fdce5190fb4d88b81dfdeb88c6b6a3 89ae89637f15478a87a4edfc0fd50687 - - default default] 10.0.0.110 "POST /v2.0/security-group-rules HTTP/1.1" status: 201 len: 805 time: 0.2181933
2026-07-14 18:56:10.819 9 INFO neutron.wsgi [None req-ba34987b-6f89-4c08-a978-3a0e8c7921ce de4c12d8ba424ecaa798d277669ffd70 65e4107aff474c31add9a870040067f3 - - default default] 10.0.0.110 "PUT /v2.0/security-groups/ac25c211-7991-43f4-85e0-f30f217f6354/tags HTTP/1.1" status: 200 len: 218 time: 0.0507421
2026-07-14 18:56:10.852 10 INFO neutron.wsgi [None req-22ea04bc-db5b-452e-a8f2-12c3a75a691a de4c12d8ba424ecaa798d277669ffd70 65e4107aff474c31add9a870040067f3 - - default default] 10.0.0.110 "GET /v2.0/security-groups/ac25c211-7991-43f4-85e0-f30f217f6354/tags HTTP/1.1" status: 200 len: 218 time: 0.0276530
2026-07-14 18:56:10.896 10 INFO neutron.wsgi [None req-9489efba-425e-427f-bd43-07de0c8aab90 de4c12d8ba424ecaa798d277669ffd70 65e4107aff474c31add9a870040067f3 - - default default] 10.0.0.110 "PUT /v2.0/security-groups/ac25c211-7991-43f4-85e0-f30f217f6354/tags/green HTTP/1.1" status: 201 len: 201 time: 0.0402815
2026-07-14 18:56:10.930 10 INFO neutron.wsgi [None req-966e5e54-3281-41ec-8a51-db8b56df7343 de4c12d8ba424ecaa798d277669ffd70 65e4107aff474c31add9a870040067f3 - - default default] 10.0.0.110 "GET /v2.0/security-groups/ac25c211-7991-43f4-85e0-f30f217f6354/tags HTTP/1.1" status: 200 len: 227 time: 0.0289068
2026-07-14 18:56:10.974 9 INFO neutron.wsgi [None req-a1f17a94-6f2b-43eb-82b1-a09fb66db7b5 de4c12d8ba424ecaa798d277669ffd70 65e4107aff474c31add9a870040067f3 - - default default] 10.0.0.110 "PUT /v2.0/security-groups/ac25c211-7991-43f4-85e0-f30f217f6354/tags/red HTTP/1.1" status: 201 len: 201 time: 0.0373809
2026-07-14 18:56:11.023 9 INFO neutron.wsgi [None req-b7d51b9b-72f9-4672-bdee-46a6ff83a5ff de4c12d8ba424ecaa798d277669ffd70 65e4107aff474c31add9a870040067f3 - - default default] 10.0.0.110 "GET /v2.0/security-groups/ac25c211-7991-43f4-85e0-f30f217f6354/tags HTTP/1.1" status: 200 len: 227 time: 0.0397205
2026-07-14 18:56:11.074 9 INFO neutron.wsgi [None req-5ecf7137-becb-4c3e-a7fd-b63bc1470efc de4c12d8ba424ecaa798d277669ffd70 65e4107aff474c31add9a870040067f3 - - default default] 10.0.0.110 "PUT /v2.0/security-groups/ac25c211-7991-43f4-85e0-f30f217f6354/tags/black.or.white HTTP/1.1" status: 201 len: 201 time: 0.0472732
2026-07-14 18:56:11.102 10 INFO neutron.wsgi [None req-2ef6b6b4-14b6-48d7-8e53-f1df5dddc135 de4c12d8ba424ecaa798d277669ffd70 65e4107aff474c31add9a870040067f3 - - default default] 10.0.0.110 "GET /v2.0/security-groups/ac25c211-7991-43f4-85e0-f30f217f6354/tags HTTP/1.1" status: 200 len: 245 time: 0.0227237
2026-07-14 18:56:11.127 9 INFO neutron.services.segments.plugin [-] Segment fe0b012d-72e9-4d75-96fd-46e6b01f6793 resource provider aggregate not found
2026-07-14 18:56:11.133 9 INFO neutron.services.segments.plugin [-] Segment fe0b012d-72e9-4d75-96fd-46e6b01f6793 resource provider aggregate not found
2026-07-14 18:56:11.145 9 INFO neutron.wsgi [None req-9e9d76e2-4245-4cee-82dc-846e37545b9c 0da4e6b33f9d4b49b2155d01716bf5a7 b16dc8cb0f74466d8afd6d940e605e3f - - default default] 10.0.0.110 "DELETE /v2.0/networks/c4150f01-c8cf-4190-89b6-2061d5c9fb64 HTTP/1.1" status: 204 len: 168 time: 0.4752226
2026-07-14 18:56:11.146 10 INFO neutron.wsgi [None req-025a1c72-d9f0-476f-b7f9-fdb0c0ac7835 de4c12d8ba424ecaa798d277669ffd70 65e4107aff474c31add9a870040067f3 - - default default] 10.0.0.110 "PUT /v2.0/security-groups/ac25c211-7991-43f4-85e0-f30f217f6354/tags HTTP/1.1" status: 200 len: 230 time: 0.0395162
2026-07-14 18:56:11.148 9 INFO neutron.services.segments.plugin [-] Segment fe0b012d-72e9-4d75-96fd-46e6b01f6793 resource provider not found; error: Placement Client Error (4xx): {"errors": [{"status": 404, "title": "Not Found", "detail": "The resource could not be found.\n\n No resource provider with uuid fe0b012d-72e9-4d75-96fd-46e6b01f6793 found for delete ", "request_id": "req-c7e85085-44f4-4632-a045-25ce53458d93"}]}
2026-07-14 18:56:11.162 9 INFO neutron.services.segments.plugin [-] Segment fe0b012d-72e9-4d75-96fd-46e6b01f6793 resource provider not found; error: Placement Client Error (4xx): {"errors": [{"status": 404, "title": "Not Found", "detail": "The resource could not be found.\n\n No resource provider with uuid fe0b012d-72e9-4d75-96fd-46e6b01f6793 found for delete ", "request_id": "req-cd7b823b-78cb-48aa-82af-817e9575ba23"}]}
2026-07-14 18:56:11.188 10 INFO neutron.wsgi [None req-5a9d0320-b7e1-4aeb-9737-2b0c7fafefdd de4c12d8ba424ecaa798d277669ffd70 65e4107aff474c31add9a870040067f3 - - default default] 10.0.0.110 "GET /v2.0/security-groups/ac25c211-7991-43f4-85e0-f30f217f6354/tags HTTP/1.1" status: 200 len: 230 time: 0.0370443
2026-07-14 18:56:11.217 10 INFO neutron.wsgi [None req-63a54a76-67ae-49b4-8196-ba149b4c095c de4c12d8ba424ecaa798d277669ffd70 65e4107aff474c31add9a870040067f3 - - default default] 10.0.0.110 "GET /v2.0/security-groups/ac25c211-7991-43f4-85e0-f30f217f6354/tags/red HTTP/1.1" status: 204 len: 168 time: 0.0245092
2026-07-14 18:56:11.245 10 INFO neutron.api.v2.resource [None req-4427b5c5-2d45-49be-bf2d-6a9a592b38b7 de4c12d8ba424ecaa798d277669ffd70 65e4107aff474c31add9a870040067f3 - - default default] show failed (client error): The resource could not be found.
2026-07-14 18:56:11.246 10 INFO neutron.wsgi [None req-4427b5c5-2d45-49be-bf2d-6a9a592b38b7 de4c12d8ba424ecaa798d277669ffd70 65e4107aff474c31add9a870040067f3 - - default default] 10.0.0.110 "GET /v2.0/security-groups/ac25c211-7991-43f4-85e0-f30f217f6354/tags/green HTTP/1.1" status: 404 len: 299 time: 0.0235355
2026-07-14 18:56:11.260 10 WARNING neutron_lib.context [None req-7704eafa-b042-4693-af4b-ee6fd98e9de3 05fdce5190fb4d88b81dfdeb88c6b6a3 89ae89637f15478a87a4edfc0fd50687 - - default default] Method 'is_advsvc' is deprecated since 2023.2 release (neutron-lib 3.8.0) and will be removed once support for the old RBAC API policies will be removed from Neutron. Please use method 'is_service_role' instead.
2026-07-14 18:56:11.316 10 INFO neutron.wsgi [None req-f1e8ae04-3bc5-467c-ac63-f32882417ef8 de4c12d8ba424ecaa798d277669ffd70 65e4107aff474c31add9a870040067f3 - - default default] 10.0.0.110 "DELETE /v2.0/security-groups/ac25c211-7991-43f4-85e0-f30f217f6354/tags/red HTTP/1.1" status: 204 len: 168 time: 0.0666625
2026-07-14 18:56:11.352 10 INFO neutron.wsgi [None req-5223c98b-41e8-4fc1-a2dd-baa6d3b180fc de4c12d8ba424ecaa798d277669ffd70 65e4107aff474c31add9a870040067f3 - - default default] 10.0.0.110 "GET /v2.0/security-groups/ac25c211-7991-43f4-85e0-f30f217f6354/tags HTTP/1.1" status: 200 len: 223 time: 0.0286567
2026-07-14 18:56:11.392 10 INFO neutron.api.v2.resource [None req-300a41cd-c8db-4407-add1-427cab9fbf31 de4c12d8ba424ecaa798d277669ffd70 65e4107aff474c31add9a870040067f3 - - default default] delete failed (client error): The resource could not be found.
2026-07-14 18:56:11.394 10 INFO neutron.wsgi [None req-300a41cd-c8db-4407-add1-427cab9fbf31 de4c12d8ba424ecaa798d277669ffd70 65e4107aff474c31add9a870040067f3 - - default default] 10.0.0.110 "DELETE /v2.0/security-groups/ac25c211-7991-43f4-85e0-f30f217f6354/tags/green HTTP/1.1" status: 404 len: 299 time: 0.0335429
2026-07-14 18:56:11.434 10 INFO neutron.db.ovn_revision_numbers_db [None req-7704eafa-b042-4693-af4b-ee6fd98e9de3 05fdce5190fb4d88b81dfdeb88c6b6a3 89ae89637f15478a87a4edfc0fd50687 - - default default] Successfully bumped revision number for resource a479549f-3db6-4032-9656-db5a4da0b437 (type: security_groups) to 1
2026-07-14 18:56:11.453 10 INFO neutron.wsgi [None req-19122283-2149-4203-a66d-06597b5db15d de4c12d8ba424ecaa798d277669ffd70 65e4107aff474c31add9a870040067f3 - - default default] 10.0.0.110 "DELETE /v2.0/security-groups/ac25c211-7991-43f4-85e0-f30f217f6354/tags HTTP/1.1" status: 204 len: 168 time: 0.0505850
2026-07-14 18:56:11.456 10 INFO neutron.db.ovn_revision_numbers_db [None req-7704eafa-b042-4693-af4b-ee6fd98e9de3 05fdce5190fb4d88b81dfdeb88c6b6a3 89ae89637f15478a87a4edfc0fd50687 - - default default] Successfully bumped revision number for resource 29079205-f4c7-46d1-90a0-f513dadd7139 (type: security_group_rules) to 0
2026-07-14 18:56:11.484 10 INFO neutron.db.ovn_revision_numbers_db [None req-7704eafa-b042-4693-af4b-ee6fd98e9de3 05fdce5190fb4d88b81dfdeb88c6b6a3 89ae89637f15478a87a4edfc0fd50687 - - default default] Successfully bumped revision number for resource d9c345f0-16b8-464d-b19f-2837a97ce874 (type: security_group_rules) to 0
2026-07-14 18:56:11.508 10 INFO neutron.wsgi [None req-7704eafa-b042-4693-af4b-ee6fd98e9de3 05fdce5190fb4d88b81dfdeb88c6b6a3 89ae89637f15478a87a4edfc0fd50687 - - default default] 10.0.0.110 "POST /v2.0/security-groups HTTP/1.1" status: 201 len: 1861 time: 0.2536261
2026-07-14 18:56:11.517 10 INFO neutron.wsgi [None req-75fa7575-0bd4-45d6-96d7-a1e12e002340 de4c12d8ba424ecaa798d277669ffd70 65e4107aff474c31add9a870040067f3 - - default default] 10.0.0.110 "GET /v2.0/security-groups/ac25c211-7991-43f4-85e0-f30f217f6354/tags HTTP/1.1" status: 200 len: 205 time: 0.0520055
2026-07-14 18:56:11.520 10 WARNING neutron_lib.context [None req-cdd76945-c8d5-4548-9b4a-6e47f0836ca6 05fdce5190fb4d88b81dfdeb88c6b6a3 89ae89637f15478a87a4edfc0fd50687 - - default default] Method 'is_advsvc' is deprecated since 2023.2 release (neutron-lib 3.8.0) and will be removed once support for the old RBAC API policies will be removed from Neutron. Please use method 'is_service_role' instead.
2026-07-14 18:56:11.647 9 INFO neutron.wsgi [None req-fbe184fd-611d-4f1d-b506-770fb9a3c5d1 0da4e6b33f9d4b49b2155d01716bf5a7 b16dc8cb0f74466d8afd6d940e605e3f - - default default] 10.0.0.110 "DELETE /v2.0/networks/668087cf-bd02-4582-bc9d-04cfd3cc2a1e HTTP/1.1" status: 204 len: 168 time: 0.4960687
2026-07-14 18:56:11.690 10 INFO neutron.wsgi [None req-b9c7acac-332b-43ec-843b-4d24cbc0df1b de4c12d8ba424ecaa798d277669ffd70 65e4107aff474c31add9a870040067f3 - - default default] 10.0.0.110 "DELETE /v2.0/security-groups/ac25c211-7991-43f4-85e0-f30f217f6354 HTTP/1.1" status: 204 len: 168 time: 0.1670341
2026-07-14 18:56:11.720 10 INFO neutron.db.ovn_revision_numbers_db [None req-cdd76945-c8d5-4548-9b4a-6e47f0836ca6 05fdce5190fb4d88b81dfdeb88c6b6a3 89ae89637f15478a87a4edfc0fd50687 - - default default] Successfully bumped revision number for resource 3e10ab33-7854-40c7-80a4-ec0c51700782 (type: security_group_rules) to 0
2026-07-14 18:56:11.751 10 INFO neutron.wsgi [None req-cdd76945-c8d5-4548-9b4a-6e47f0836ca6 05fdce5190fb4d88b81dfdeb88c6b6a3 89ae89637f15478a87a4edfc0fd50687 - - default default] 10.0.0.110 "POST /v2.0/security-group-rules HTTP/1.1" status: 201 len: 796 time: 0.2366400
2026-07-14 18:56:11.762 9 WARNING neutron_lib.context [None req-5d3ef27f-4903-4387-b734-fe8213b23c76 05fdce5190fb4d88b81dfdeb88c6b6a3 89ae89637f15478a87a4edfc0fd50687 - - default default] Method 'is_advsvc' is deprecated since 2023.2 release (neutron-lib 3.8.0) and will be removed once support for the old RBAC API policies will be removed from Neutron. Please use method 'is_service_role' instead.
2026-07-14 18:56:12.000 9 INFO neutron.db.ovn_revision_numbers_db [None req-5d3ef27f-4903-4387-b734-fe8213b23c76 05fdce5190fb4d88b81dfdeb88c6b6a3 89ae89637f15478a87a4edfc0fd50687 - - default default] Successfully bumped revision number for resource b9b3d953-c260-433a-9479-6ac9efb0fdcb (type: security_group_rules) to 0
2026-07-14 18:56:12.041 9 INFO neutron.wsgi [None req-5d3ef27f-4903-4387-b734-fe8213b23c76 05fdce5190fb4d88b81dfdeb88c6b6a3 89ae89637f15478a87a4edfc0fd50687 - - default default] 10.0.0.110 "POST /v2.0/security-group-rules HTTP/1.1" status: 201 len: 801 time: 0.2850685
2026-07-14 18:56:12.051 9 WARNING neutron_lib.context [None req-45270a74-10c8-4b71-a6c4-1b223706e187 05fdce5190fb4d88b81dfdeb88c6b6a3 89ae89637f15478a87a4edfc0fd50687 - - default default] Method 'is_advsvc' is deprecated since 2023.2 release (neutron-lib 3.8.0) and will be removed once support for the old RBAC API policies will be removed from Neutron. Please use method 'is_service_role' instead.
2026-07-14 18:56:12.122 10 INFO neutron.db.ovn_revision_numbers_db [None req-358c9fa5-7b3e-4467-afb2-ac6f10d097e5 42c5276c71b348a9abacbf421c309197 ff7e564635fa43fa9e2dc3cdab6453c3 - - default default] Successfully bumped revision number for resource 2d343bde-eaba-470b-bd7b-c03a6eb5a728 (type: security_groups) to 1
2026-07-14 18:56:12.135 10 INFO neutron.db.ovn_revision_numbers_db [None req-358c9fa5-7b3e-4467-afb2-ac6f10d097e5 42c5276c71b348a9abacbf421c309197 ff7e564635fa43fa9e2dc3cdab6453c3 - - default default] Successfully bumped revision number for resource 3e80dcb0-a3d9-404a-8c4a-ab532a39222b (type: security_group_rules) to 0
2026-07-14 18:56:12.137 9 INFO neutron.wsgi [None req-52f590d3-213c-4a47-9dee-4d8e296dee8e 0da4e6b33f9d4b49b2155d01716bf5a7 b16dc8cb0f74466d8afd6d940e605e3f - - default default] 10.0.0.110 "DELETE /v2.0/networks/94b21e33-02d4-4eb8-8f8a-3108b789bee1 HTTP/1.1" status: 204 len: 168 time: 0.4847682
2026-07-14 18:56:12.155 10 INFO neutron.db.ovn_revision_numbers_db [None req-358c9fa5-7b3e-4467-afb2-ac6f10d097e5 42c5276c71b348a9abacbf421c309197 ff7e564635fa43fa9e2dc3cdab6453c3 - - default default] Successfully bumped revision number for resource 89dc5e1d-1f37-427f-b9d0-397b36f577d2 (type: security_group_rules) to 0
2026-07-14 18:56:12.187 10 INFO neutron.db.ovn_revision_numbers_db [None req-358c9fa5-7b3e-4467-afb2-ac6f10d097e5 42c5276c71b348a9abacbf421c309197 ff7e564635fa43fa9e2dc3cdab6453c3 - - default default] Successfully bumped revision number for resource d2f5b937-7008-44f1-a018-63cdcde4491b (type: security_group_rules) to 0
2026-07-14 18:56:12.207 10 INFO neutron.db.ovn_revision_numbers_db [None req-358c9fa5-7b3e-4467-afb2-ac6f10d097e5 42c5276c71b348a9abacbf421c309197 ff7e564635fa43fa9e2dc3cdab6453c3 - - default default] Successfully bumped revision number for resource e7c15f7c-2f65-43c5-bb91-1274467b6275 (type: security_group_rules) to 0
2026-07-14 18:56:12.258 10 INFO neutron.db.segments_db [None req-358c9fa5-7b3e-4467-afb2-ac6f10d097e5 42c5276c71b348a9abacbf421c309197 ff7e564635fa43fa9e2dc3cdab6453c3 - - default default] Added segment 54263a40-c9ee-4cf7-a92a-e2be6c22ccfa of type geneve for network e8a63f56-9037-46ec-9d8c-1dd6a221d505
2026-07-14 18:56:12.389 9 WARNING neutron.scheduler.dhcp_agent_scheduler [None req-45270a74-10c8-4b71-a6c4-1b223706e187 05fdce5190fb4d88b81dfdeb88c6b6a3 89ae89637f15478a87a4edfc0fd50687 - - default default] No more DHCP agents
2026-07-14 18:56:12.392 9 WARNING neutron.api.rpc.agentnotifiers.dhcp_rpc_agent_api [None req-45270a74-10c8-4b71-a6c4-1b223706e187 05fdce5190fb4d88b81dfdeb88c6b6a3 89ae89637f15478a87a4edfc0fd50687 - - default default] Unable to schedule network 042559a0-e9f8-4ebe-aef7-fc562a7ceb78: no agents available; will retry on subsequent port and subnet creation events.
2026-07-14 18:56:12.448 10 INFO neutron.db.ovn_revision_numbers_db [None req-358c9fa5-7b3e-4467-afb2-ac6f10d097e5 42c5276c71b348a9abacbf421c309197 ff7e564635fa43fa9e2dc3cdab6453c3 - - default default] Successfully bumped revision number for resource e8a63f56-9037-46ec-9d8c-1dd6a221d505 (type: networks) to 1
2026-07-14 18:56:12.618 9 INFO neutron.wsgi [None req-7294b5fd-c946-4295-bbe5-ffa85e5f574e 42c5276c71b348a9abacbf421c309197 ff7e564635fa43fa9e2dc3cdab6453c3 - - default default] 10.0.0.110 "GET /v2.0/security-groups?tenant_id=65e4107aff474c31add9a870040067f3&name=default HTTP/1.1" status: 200 len: 3120 time: 0.2418592
2026-07-14 18:56:12.703 10 INFO neutron.services.segments.plugin [-] Segment 7ac525e1-2f15-4863-a087-b0d9c5aa5b3b resource provider aggregate not found
2026-07-14 18:56:12.709 10 INFO neutron.services.segments.plugin [-] Segment 7ac525e1-2f15-4863-a087-b0d9c5aa5b3b resource provider aggregate not found
2026-07-14 18:56:12.716 10 INFO neutron.services.segments.plugin [-] Segment 7ac525e1-2f15-4863-a087-b0d9c5aa5b3b resource provider not found; error: Placement Client Error (4xx): {"errors": [{"status": 404, "title": "Not Found", "detail": "The resource could not be found.\n\n No resource provider with uuid 7ac525e1-2f15-4863-a087-b0d9c5aa5b3b found for delete ", "request_id": "req-f3b1a3d0-5faa-4711-b51e-db9653b82d39"}]}
2026-07-14 18:56:12.729 10 INFO neutron.services.segments.plugin [-] Segment 7ac525e1-2f15-4863-a087-b0d9c5aa5b3b resource provider not found; error: Placement Client Error (4xx): {"errors": [{"status": 404, "title": "Not Found", "detail": "The resource could not be found.\n\n No resource provider with uuid 7ac525e1-2f15-4863-a087-b0d9c5aa5b3b found for delete ", "request_id": "req-2fc67237-451a-419a-8329-c3f926a43e1c"}]}
2026-07-14 18:56:12.739 10 WARNING neutron.scheduler.dhcp_agent_scheduler [None req-358c9fa5-7b3e-4467-afb2-ac6f10d097e5 42c5276c71b348a9abacbf421c309197 ff7e564635fa43fa9e2dc3cdab6453c3 - - default default] No more DHCP agents
2026-07-14 18:56:12.748 10 INFO neutron.wsgi [None req-c3d7013c-82d5-4e6b-a846-6d7731f26bd6 0da4e6b33f9d4b49b2155d01716bf5a7 b16dc8cb0f74466d8afd6d940e605e3f - - default default] 10.0.0.110 "DELETE /v2.0/networks/ae7f0afd-649f-4f6d-996c-ebf36e5414a9 HTTP/1.1" status: 204 len: 168 time: 0.6050713
2026-07-14 18:56:12.751 10 WARNING neutron.api.rpc.agentnotifiers.dhcp_rpc_agent_api [None req-358c9fa5-7b3e-4467-afb2-ac6f10d097e5 42c5276c71b348a9abacbf421c309197 ff7e564635fa43fa9e2dc3cdab6453c3 - - default default] Unable to schedule network e8a63f56-9037-46ec-9d8c-1dd6a221d505: no agents available; will retry on subsequent port and subnet creation events.
2026-07-14 18:56:12.852 9 INFO neutron.wsgi [None req-45270a74-10c8-4b71-a6c4-1b223706e187 05fdce5190fb4d88b81dfdeb88c6b6a3 89ae89637f15478a87a4edfc0fd50687 - - default default] 10.0.0.110 "POST /v2.0/floatingips HTTP/1.1" status: 201 len: 751 time: 0.8038867
