2026-07-14 18:53:20.267 10 INFO neutron.wsgi [req-5efa336c-12b7-405f-8860-82b6a923ef64 req-7b5d0355-2971-41b6-ab1a-192244271946 a7d0a42cf3eb418db63db859bcefec50 889d449229ae4bdfbf34277e4ebedf2f - - 35ffeaa6bba0459dbb48b49e82dff028 35ffeaa6bba0459dbb48b49e82dff028] 199.19.213.161 "GET /v2.0/floatingips?fixed_ip_address=10.100.0.8&port_id=5f389a2a-b2af-437a-93d5-1529f8d9abd1 HTTP/1.1" status: 200 len: 217 time: 0.0238204
2026-07-14 18:53:20.328 10 INFO neutron.wsgi [req-5efa336c-12b7-405f-8860-82b6a923ef64 req-3e87c727-2ccc-44ac-abb8-b885edd299e4 a7d0a42cf3eb418db63db859bcefec50 889d449229ae4bdfbf34277e4ebedf2f - - 35ffeaa6bba0459dbb48b49e82dff028 35ffeaa6bba0459dbb48b49e82dff028] 199.19.213.161 "GET /v2.0/subnets?id=e8c31490-736d-4a69-819d-0d13ec04e22c HTTP/1.1" status: 200 len: 863 time: 0.0539751
2026-07-14 18:53:20.362 10 INFO neutron.wsgi [req-5efa336c-12b7-405f-8860-82b6a923ef64 req-6fa1ce7c-7185-401c-998b-47d4f828c6a8 a7d0a42cf3eb418db63db859bcefec50 889d449229ae4bdfbf34277e4ebedf2f - - 35ffeaa6bba0459dbb48b49e82dff028 35ffeaa6bba0459dbb48b49e82dff028] 199.19.213.161 "GET /v2.0/ports?network_id=ee26e1ae-dfe5-4bc3-8aa9-8a2c6bfd9c77&device_owner=network%3Adhcp HTTP/1.1" status: 200 len: 210 time: 0.0263982
2026-07-14 18:53:20.481 10 INFO neutron.services.segments.plugin [-] Segment 36fa5e82-21dd-4552-9049-42da25455119 resource provider aggregate not found
2026-07-14 18:53:20.482 9 INFO neutron.services.segments.plugin [-] Segment ac89d221-2688-43b1-8d74-32bc4ff0e243 resource provider aggregate not found
2026-07-14 18:53:20.491 10 INFO neutron.services.segments.plugin [-] Segment 36fa5e82-21dd-4552-9049-42da25455119 resource provider aggregate not found
2026-07-14 18:53:20.498 9 INFO neutron.services.segments.plugin [-] Segment ac89d221-2688-43b1-8d74-32bc4ff0e243 resource provider aggregate not found
2026-07-14 18:53:20.509 10 INFO neutron.wsgi [req-5efa336c-12b7-405f-8860-82b6a923ef64 req-9d85db0a-d596-4005-b52a-063bfd49c963 a7d0a42cf3eb418db63db859bcefec50 889d449229ae4bdfbf34277e4ebedf2f - - 35ffeaa6bba0459dbb48b49e82dff028 35ffeaa6bba0459dbb48b49e82dff028] 199.19.213.161 "GET /v2.0/networks/ee26e1ae-dfe5-4bc3-8aa9-8a2c6bfd9c77?fields=segments HTTP/1.1" status: 200 len: 212 time: 0.1393797
2026-07-14 18:53:20.510 9 INFO neutron.services.segments.plugin [-] Segment ac89d221-2688-43b1-8d74-32bc4ff0e243 resource provider not found; error: Placement Client Error (4xx): {"errors": [{"status": 404, "title": "Not Found", "detail": "The resource could not be found.\n\n No resource provider with uuid ac89d221-2688-43b1-8d74-32bc4ff0e243 found for delete ", "request_id": "req-16103c87-8c46-4d33-b937-5312416b1244"}]}
2026-07-14 18:53:20.511 10 INFO neutron.services.segments.plugin [-] Segment 36fa5e82-21dd-4552-9049-42da25455119 resource provider not found; error: Placement Client Error (4xx): {"errors": [{"status": 404, "title": "Not Found", "detail": "The resource could not be found.\n\n No resource provider with uuid 36fa5e82-21dd-4552-9049-42da25455119 found for delete ", "request_id": "req-148f0736-a215-450d-b49b-d0b2e2678b57"}]}
2026-07-14 18:53:20.521 9 INFO neutron.services.segments.plugin [-] Segment ac89d221-2688-43b1-8d74-32bc4ff0e243 resource provider not found; error: Placement Client Error (4xx): {"errors": [{"status": 404, "title": "Not Found", "detail": "The resource could not be found.\n\n No resource provider with uuid ac89d221-2688-43b1-8d74-32bc4ff0e243 found for delete ", "request_id": "req-d088637f-273e-4561-ab03-8e757eeecb4a"}]}
2026-07-14 18:53:20.523 10 INFO neutron.services.segments.plugin [-] Segment 36fa5e82-21dd-4552-9049-42da25455119 resource provider not found; error: Placement Client Error (4xx): {"errors": [{"status": 404, "title": "Not Found", "detail": "The resource could not be found.\n\n No resource provider with uuid 36fa5e82-21dd-4552-9049-42da25455119 found for delete ", "request_id": "req-1af05227-524b-4b9b-9bb8-e577a40ec0e3"}]}
2026-07-14 18:53:20.558 10 INFO neutron.wsgi [None req-72b10cc8-2683-4179-802c-b49510487d4d 0797d2cbaf0a4fa38fac66af7565f315 30274fa58c784e7db379cdaaaa1ba3ce - - default default] 10.0.0.110 "DELETE /v2.0/networks/c30e2274-72bf-408c-b2c8-c4aa2d1c0024 HTTP/1.1" status: 204 len: 168 time: 0.9575975
2026-07-14 18:53:20.581 9 INFO neutron.wsgi [None req-54efe1f7-5786-46d3-9041-3891d49302e9 42c5276c71b348a9abacbf421c309197 ff7e564635fa43fa9e2dc3cdab6453c3 - - default default] 10.0.0.110 "DELETE /v2.0/networks/2e133c80-84c2-46e3-a9d5-06b1489a48ae HTTP/1.1" status: 204 len: 168 time: 0.8576562
2026-07-14 18:53:20.605 10 INFO neutron.wsgi [req-5efa336c-12b7-405f-8860-82b6a923ef64 req-2d9d85df-b8da-46c6-8b74-ce1ace33e4f3 a7d0a42cf3eb418db63db859bcefec50 889d449229ae4bdfbf34277e4ebedf2f - - 35ffeaa6bba0459dbb48b49e82dff028 35ffeaa6bba0459dbb48b49e82dff028] 199.19.213.161 "GET /v2.0/networks/ee26e1ae-dfe5-4bc3-8aa9-8a2c6bfd9c77?fields=provider%3Aphysical_network&fields=provider%3Anetwork_type HTTP/1.1" status: 200 len: 277 time: 0.0897717
2026-07-14 18:53:20.710 10 INFO neutron.wsgi [req-0f21abc0-d2d8-4438-987b-018f1b56f1db req-2f22b4ab-5241-4720-8d9d-beff7284a9cc a7d0a42cf3eb418db63db859bcefec50 889d449229ae4bdfbf34277e4ebedf2f - - 35ffeaa6bba0459dbb48b49e82dff028 35ffeaa6bba0459dbb48b49e82dff028] 199.19.213.161 "GET /v2.0/ports?tenant_id=ebc709f662f84b2da42da30691bf04fb&device_id=eef03580-256a-498d-a092-bae8a36b508a HTTP/1.1" status: 200 len: 1407 time: 0.0611744
2026-07-14 18:53:20.830 10 INFO neutron.plugins.ml2.drivers.ovn.mech_driver.mech_driver [None req-d887c70c-8fc1-42e8-a873-0fff16e19d3d - - - - - -] OVN reports status up for port: 5f389a2a-b2af-437a-93d5-1529f8d9abd1
2026-07-14 18:53:20.856 10 INFO neutron.plugins.ml2.plugin [None req-d887c70c-8fc1-42e8-a873-0fff16e19d3d - - - - - -] Attempt 1 to provision port 5f389a2a-b2af-437a-93d5-1529f8d9abd1
2026-07-14 18:53:20.891 10 INFO neutron.wsgi [req-0f21abc0-d2d8-4438-987b-018f1b56f1db req-74e503c6-2fdc-4169-add4-17c4c3cf72f3 a7d0a42cf3eb418db63db859bcefec50 889d449229ae4bdfbf34277e4ebedf2f - - 35ffeaa6bba0459dbb48b49e82dff028 35ffeaa6bba0459dbb48b49e82dff028] 199.19.213.161 "GET /v2.0/networks?id=ee26e1ae-dfe5-4bc3-8aa9-8a2c6bfd9c77 HTTP/1.1" status: 200 len: 968 time: 0.1759596
2026-07-14 18:53:20.939 10 INFO neutron.wsgi [req-0f21abc0-d2d8-4438-987b-018f1b56f1db req-c2ba12df-0f9e-4233-956f-2324c468ad77 a7d0a42cf3eb418db63db859bcefec50 889d449229ae4bdfbf34277e4ebedf2f - - 35ffeaa6bba0459dbb48b49e82dff028 35ffeaa6bba0459dbb48b49e82dff028] 199.19.213.161 "GET /v2.0/floatingips?fixed_ip_address=10.100.0.8&port_id=5f389a2a-b2af-437a-93d5-1529f8d9abd1 HTTP/1.1" status: 200 len: 217 time: 0.0402849
2026-07-14 18:53:20.943 10 INFO neutron.wsgi [None req-98506a06-2afb-443f-a62d-3c0d90973714 42c5276c71b348a9abacbf421c309197 ff7e564635fa43fa9e2dc3cdab6453c3 - - default default] 10.0.0.110 "GET /v2.0/security-groups?tenant_id=a50df0dc325d4e4c982492a192d1fce2&name=default HTTP/1.1" status: 200 len: 3116 time: 0.1547456
2026-07-14 18:53:21.028 10 INFO neutron.wsgi [req-0f21abc0-d2d8-4438-987b-018f1b56f1db req-56b55d50-5224-4e87-a2e5-4abfac736ab1 a7d0a42cf3eb418db63db859bcefec50 889d449229ae4bdfbf34277e4ebedf2f - - 35ffeaa6bba0459dbb48b49e82dff028 35ffeaa6bba0459dbb48b49e82dff028] 199.19.213.161 "GET /v2.0/subnets?id=e8c31490-736d-4a69-819d-0d13ec04e22c HTTP/1.1" status: 200 len: 863 time: 0.0788848
2026-07-14 18:53:21.046 9 INFO neutron.wsgi [req-75296552-9c36-4def-84fd-066a20d46514 req-5421c1f9-2704-4924-a3fd-49f1c5d8e783 3ad93bc0997b44efbe0e455c929564f4 ebc709f662f84b2da42da30691bf04fb - - default default] 10.0.0.85 "GET /v2.0/ports?device_id=eef03580-256a-498d-a092-bae8a36b508a HTTP/1.1" status: 200 len: 1168 time: 0.0754294
2026-07-14 18:53:21.060 10 INFO neutron.wsgi [req-0f21abc0-d2d8-4438-987b-018f1b56f1db req-455cca29-01b0-4112-a808-913318f4799a a7d0a42cf3eb418db63db859bcefec50 889d449229ae4bdfbf34277e4ebedf2f - - 35ffeaa6bba0459dbb48b49e82dff028 35ffeaa6bba0459dbb48b49e82dff028] 199.19.213.161 "GET /v2.0/ports?network_id=ee26e1ae-dfe5-4bc3-8aa9-8a2c6bfd9c77&device_owner=network%3Adhcp HTTP/1.1" status: 200 len: 210 time: 0.0266757
2026-07-14 18:53:21.188 9 INFO neutron.wsgi [req-75296552-9c36-4def-84fd-066a20d46514 req-d1c13aaf-14ef-4676-a636-f0c8e7be3805 3ad93bc0997b44efbe0e455c929564f4 ebc709f662f84b2da42da30691bf04fb - - default default] 10.0.0.85 "GET /v2.0/security-groups?id=8ab2195f-43e3-4e1f-bc6e-d1dab979fc48&fields=id&fields=name HTTP/1.1" status: 200 len: 312 time: 0.1343167
2026-07-14 18:53:21.192 10 INFO neutron.wsgi [req-0f21abc0-d2d8-4438-987b-018f1b56f1db req-f93a5922-1303-41fd-abf2-bf2ee80d7377 a7d0a42cf3eb418db63db859bcefec50 889d449229ae4bdfbf34277e4ebedf2f - - 35ffeaa6bba0459dbb48b49e82dff028 35ffeaa6bba0459dbb48b49e82dff028] 199.19.213.161 "GET /v2.0/networks/ee26e1ae-dfe5-4bc3-8aa9-8a2c6bfd9c77?fields=segments HTTP/1.1" status: 200 len: 212 time: 0.1201658
2026-07-14 18:53:21.235 9 INFO neutron.db.ovn_revision_numbers_db [None req-5a67e19a-bdd8-45a0-b296-b46ab2de5ff0 a83587684f194fceaccdea989efbc9c4 e2749302ea844b22ab0af60f5a092c2f - - default default] Successfully bumped revision number for resource 1b72bf79-9899-4759-93ac-043520ebfa8b (type: floatingips) to 1
2026-07-14 18:53:21.295 10 INFO neutron.wsgi [req-0f21abc0-d2d8-4438-987b-018f1b56f1db req-e34bbe05-889e-431d-8142-aba3d214a161 a7d0a42cf3eb418db63db859bcefec50 889d449229ae4bdfbf34277e4ebedf2f - - 35ffeaa6bba0459dbb48b49e82dff028 35ffeaa6bba0459dbb48b49e82dff028] 199.19.213.161 "GET /v2.0/networks/ee26e1ae-dfe5-4bc3-8aa9-8a2c6bfd9c77?fields=provider%3Aphysical_network&fields=provider%3Anetwork_type HTTP/1.1" status: 200 len: 277 time: 0.0951421
2026-07-14 18:53:21.319 10 INFO neutron.wsgi [None req-8ec95eb1-b4b4-4812-a092-05b2067f4a46 0797d2cbaf0a4fa38fac66af7565f315 30274fa58c784e7db379cdaaaa1ba3ce - - default default] 10.0.0.110 "DELETE /v2.0/networks/2be168d8-8b40-4084-9632-d5b3c25104ec HTTP/1.1" status: 204 len: 168 time: 0.7547290 /var/lib/openstack/lib/python3.10/site-packages/pycadf/identifier.py:71: UserWarning: Invalid uuid: neutron. To ensure interoperability, identifiers should be a valid uuid. warnings.warn(('Invalid uuid: %s. To ensure interoperability, '
2026-07-14 18:53:21.396 10 INFO neutron.db.ovn_revision_numbers_db [None req-d887c70c-8fc1-42e8-a873-0fff16e19d3d - - - - - -] Successfully bumped revision number for resource 5f389a2a-b2af-437a-93d5-1529f8d9abd1 (type: ports) to 4
2026-07-14 18:53:21.407 9 INFO neutron.db.ovn_revision_numbers_db [None req-5a67e19a-bdd8-45a0-b296-b46ab2de5ff0 a83587684f194fceaccdea989efbc9c4 e2749302ea844b22ab0af60f5a092c2f - - default default] Successfully bumped revision number for resource 1b72bf79-9899-4759-93ac-043520ebfa8b (type: floatingips) to 2
2026-07-14 18:53:21.407 9 INFO neutron.db.l3_db [None req-5a67e19a-bdd8-45a0-b296-b46ab2de5ff0 a83587684f194fceaccdea989efbc9c4 e2749302ea844b22ab0af60f5a092c2f - - default default] Floating IP 1b72bf79-9899-4759-93ac-043520ebfa8b associated. External IP: 10.96.250.201, port: 22041744-a9fd-439e-b045-4cb3e5741368.
2026-07-14 18:53:21.438 9 INFO neutron.wsgi [None req-0129cb40-2217-499b-9a59-70050427ab77 42c5276c71b348a9abacbf421c309197 ff7e564635fa43fa9e2dc3cdab6453c3 - - default default] 10.0.0.110 "DELETE /v2.0/security-groups/9593cae4-5ee4-4140-a671-a2c8f5104514 HTTP/1.1" status: 204 len: 168 time: 0.4782300
2026-07-14 18:53:21.453 9 INFO neutron.wsgi [None req-5a67e19a-bdd8-45a0-b296-b46ab2de5ff0 a83587684f194fceaccdea989efbc9c4 e2749302ea844b22ab0af60f5a092c2f - - default default] 10.0.0.110 "PUT /v2.0/floatingips/1b72bf79-9899-4759-93ac-043520ebfa8b HTTP/1.1" status: 200 len: 1049 time: 1.2970459
2026-07-14 18:53:21.500 9 INFO neutron.notifiers.nova [-] Nova event matching ['req-cad85db8-e2a6-42bf-b7a6-d99501921ef5'] response: {'server_uuid': 'c79d5846-68aa-4c90-889c-059681ac387d', 'name': 'network-vif-plugged', 'status': 'completed', 'tag': '22041744-a9fd-439e-b045-4cb3e5741368', 'code': 200}
2026-07-14 18:53:21.500 9 INFO neutron.notifiers.nova [-] Nova event matching ['req-cad85db8-e2a6-42bf-b7a6-d99501921ef5'] response: {'name': 'network-changed', 'server_uuid': 'c79d5846-68aa-4c90-889c-059681ac387d', 'tag': '22041744-a9fd-439e-b045-4cb3e5741368', 'status': 'completed', 'code': 200} /var/lib/openstack/lib/python3.10/site-packages/pycadf/identifier.py:71: UserWarning: Invalid uuid: neutron. To ensure interoperability, identifiers should be a valid uuid. warnings.warn(('Invalid uuid: %s. To ensure interoperability, '
2026-07-14 18:53:21.572 10 INFO neutron.wsgi [req-7a0e4450-6917-4d8c-b222-c11497b52949 req-940abf92-f23d-4753-b3b3-81e48835c9ee a7d0a42cf3eb418db63db859bcefec50 889d449229ae4bdfbf34277e4ebedf2f - - 35ffeaa6bba0459dbb48b49e82dff028 35ffeaa6bba0459dbb48b49e82dff028] 199.19.213.161 "GET /v2.0/ports?tenant_id=e2749302ea844b22ab0af60f5a092c2f&device_id=c79d5846-68aa-4c90-889c-059681ac387d HTTP/1.1" status: 200 len: 1409 time: 0.0473638
2026-07-14 18:53:21.579 9 INFO neutron.wsgi [req-b64b7bd2-c58b-46ad-a145-180dbf2396e7 req-dfddff9d-7eda-47fc-82c0-dadc6136034a a83587684f194fceaccdea989efbc9c4 e2749302ea844b22ab0af60f5a092c2f - - default default] 10.0.0.85 "GET /v2.0/ports?device_id=c79d5846-68aa-4c90-889c-059681ac387d HTTP/1.1" status: 200 len: 1170 time: 0.0615976
2026-07-14 18:53:21.638 10 INFO neutron.wsgi [req-7a0e4450-6917-4d8c-b222-c11497b52949 req-349a7598-f193-406b-bf01-608373285e29 a7d0a42cf3eb418db63db859bcefec50 889d449229ae4bdfbf34277e4ebedf2f - - 35ffeaa6bba0459dbb48b49e82dff028 35ffeaa6bba0459dbb48b49e82dff028] 199.19.213.161 "GET /v2.0/networks?id=fdb3a28f-c6f0-4c96-8414-2421ba3299fb HTTP/1.1" status: 200 len: 981 time: 0.0604689
2026-07-14 18:53:21.655 9 INFO neutron.wsgi [req-b64b7bd2-c58b-46ad-a145-180dbf2396e7 req-c25d819e-0168-41d2-850d-6683660a6313 a83587684f194fceaccdea989efbc9c4 e2749302ea844b22ab0af60f5a092c2f - - default default] 10.0.0.85 "GET /v2.0/security-groups?id=1dc3f178-96f1-4fef-9c24-6755b37ffad5&fields=id&fields=name HTTP/1.1" status: 200 len: 311 time: 0.0637164
2026-07-14 18:53:21.691 10 INFO neutron.wsgi [req-7a0e4450-6917-4d8c-b222-c11497b52949 req-2635760c-184b-40b3-b04b-56ccc9f3857d a7d0a42cf3eb418db63db859bcefec50 889d449229ae4bdfbf34277e4ebedf2f - - 35ffeaa6bba0459dbb48b49e82dff028 35ffeaa6bba0459dbb48b49e82dff028] 199.19.213.161 "GET /v2.0/floatingips?fixed_ip_address=10.100.0.6&port_id=22041744-a9fd-439e-b045-4cb3e5741368 HTTP/1.1" status: 200 len: 1059 time: 0.0442095
2026-07-14 18:53:21.725 10 INFO neutron.wsgi [req-7a0e4450-6917-4d8c-b222-c11497b52949 req-b6353038-7e7e-45b1-957f-3c5c970c7863 a7d0a42cf3eb418db63db859bcefec50 889d449229ae4bdfbf34277e4ebedf2f - - 35ffeaa6bba0459dbb48b49e82dff028 35ffeaa6bba0459dbb48b49e82dff028] 199.19.213.161 "GET /v2.0/subnets?id=adb2dac1-cc10-4128-9ff7-3d6d242740f7 HTTP/1.1" status: 200 len: 876 time: 0.0284328
2026-07-14 18:53:21.757 10 INFO neutron.wsgi [req-7a0e4450-6917-4d8c-b222-c11497b52949 req-1c4a8483-5467-43ab-a411-6a12f9f70a0d a7d0a42cf3eb418db63db859bcefec50 889d449229ae4bdfbf34277e4ebedf2f - - 35ffeaa6bba0459dbb48b49e82dff028 35ffeaa6bba0459dbb48b49e82dff028] 199.19.213.161 "GET /v2.0/ports?network_id=fdb3a28f-c6f0-4c96-8414-2421ba3299fb&device_owner=network%3Adhcp HTTP/1.1" status: 200 len: 210 time: 0.0258696
2026-07-14 18:53:21.813 10 INFO neutron.wsgi [req-7a0e4450-6917-4d8c-b222-c11497b52949 req-e1e8bddb-5b91-4d43-8aff-df4b5412e60e a7d0a42cf3eb418db63db859bcefec50 889d449229ae4bdfbf34277e4ebedf2f - - 35ffeaa6bba0459dbb48b49e82dff028 35ffeaa6bba0459dbb48b49e82dff028] 199.19.213.161 "GET /v2.0/networks/fdb3a28f-c6f0-4c96-8414-2421ba3299fb?fields=segments HTTP/1.1" status: 200 len: 212 time: 0.0466113
2026-07-14 18:53:21.889 10 INFO neutron.wsgi [req-7a0e4450-6917-4d8c-b222-c11497b52949 req-1b06dde6-c3e4-4a0d-8270-0fa5a50c27ed a7d0a42cf3eb418db63db859bcefec50 889d449229ae4bdfbf34277e4ebedf2f - - 35ffeaa6bba0459dbb48b49e82dff028 35ffeaa6bba0459dbb48b49e82dff028] 199.19.213.161 "GET /v2.0/networks/fdb3a28f-c6f0-4c96-8414-2421ba3299fb?fields=provider%3Aphysical_network&fields=provider%3Anetwork_type HTTP/1.1" status: 200 len: 277 time: 0.0664804
2026-07-14 18:53:21.909 9 INFO neutron.wsgi [None req-6ed658c3-8fb1-4ea8-b8f4-8857ddf82bd2 0797d2cbaf0a4fa38fac66af7565f315 30274fa58c784e7db379cdaaaa1ba3ce - - default default] 10.0.0.110 "DELETE /v2.0/networks/41f93739-2b74-47b4-894a-6550b447a1d3 HTTP/1.1" status: 204 len: 168 time: 0.5786123
2026-07-14 18:53:22.236 10 INFO neutron.notifiers.nova [-] Nova event matching ['req-dd025019-1f8b-43e3-a09f-85cae3986d4a'] response: {'server_uuid': 'eef03580-256a-498d-a092-bae8a36b508a', 'name': 'network-vif-plugged', 'status': 'completed', 'tag': '5f389a2a-b2af-437a-93d5-1529f8d9abd1', 'code': 200}
2026-07-14 18:53:22.236 10 INFO neutron.notifiers.nova [-] Nova event matching ['req-dd025019-1f8b-43e3-a09f-85cae3986d4a'] response: {'server_uuid': 'eef03580-256a-498d-a092-bae8a36b508a', 'name': 'network-vif-plugged', 'status': 'completed', 'tag': '5f389a2a-b2af-437a-93d5-1529f8d9abd1', 'code': 200}
2026-07-14 18:53:22.311 9 INFO neutron.wsgi [req-fd55e4e2-7643-48a9-9c9d-60b74dc923f6 req-b302395a-672b-4559-a41a-224a99a803c3 3ad93bc0997b44efbe0e455c929564f4 ebc709f662f84b2da42da30691bf04fb - - default default] 10.0.0.85 "GET /v2.0/ports?device_id=eef03580-256a-498d-a092-bae8a36b508a HTTP/1.1" status: 200 len: 1170 time: 0.0496793
2026-07-14 18:53:22.351 10 INFO neutron.wsgi [None req-44697dc9-4fed-4ea2-ba67-46773c4323b7 0797d2cbaf0a4fa38fac66af7565f315 30274fa58c784e7db379cdaaaa1ba3ce - - default default] 10.0.0.110 "DELETE /v2.0/networks/54c8d12e-f6c7-4ef9-8712-d06b1d2de382 HTTP/1.1" status: 204 len: 168 time: 0.4364197
2026-07-14 18:53:22.398 9 INFO neutron.wsgi [req-fd55e4e2-7643-48a9-9c9d-60b74dc923f6 req-06f7da44-0b4a-44da-b352-cc2ce984170d 3ad93bc0997b44efbe0e455c929564f4 ebc709f662f84b2da42da30691bf04fb - - default default] 10.0.0.85 "GET /v2.0/security-groups?id=8ab2195f-43e3-4e1f-bc6e-d1dab979fc48&fields=id&fields=name HTTP/1.1" status: 200 len: 312 time: 0.0777638
2026-07-14 18:53:22.534 9 INFO neutron.services.segments.plugin [-] Segment 023cb942-632c-48be-a8d7-7b8eed8af71a resource provider aggregate not found
2026-07-14 18:53:22.542 10 INFO neutron.services.segments.plugin [-] Segment 422bacd2-02d3-4ee5-8c97-e54214c6fba7 resource provider aggregate not found
2026-07-14 18:53:22.543 9 INFO neutron.services.segments.plugin [-] Segment 023cb942-632c-48be-a8d7-7b8eed8af71a resource provider aggregate not found
2026-07-14 18:53:22.554 9 INFO neutron.services.segments.plugin [-] Segment 023cb942-632c-48be-a8d7-7b8eed8af71a resource provider not found; error: Placement Client Error (4xx): {"errors": [{"status": 404, "title": "Not Found", "detail": "The resource could not be found.\n\n No resource provider with uuid 023cb942-632c-48be-a8d7-7b8eed8af71a found for delete ", "request_id": "req-38ccc562-3a46-4252-81a6-fbea5ca1c22d"}]}
2026-07-14 18:53:22.554 10 INFO neutron.services.segments.plugin [-] Segment 422bacd2-02d3-4ee5-8c97-e54214c6fba7 resource provider aggregate not found
2026-07-14 18:53:22.561 10 INFO neutron.services.segments.plugin [-] Segment 422bacd2-02d3-4ee5-8c97-e54214c6fba7 resource provider not found; error: Placement Client Error (4xx): {"errors": [{"status": 404, "title": "Not Found", "detail": "The resource could not be found.\n\n No resource provider with uuid 422bacd2-02d3-4ee5-8c97-e54214c6fba7 found for delete ", "request_id": "req-c0fa546b-20b7-432f-b0dd-9577a37cd366"}]}
2026-07-14 18:53:22.565 9 INFO neutron.services.segments.plugin [-] Segment 023cb942-632c-48be-a8d7-7b8eed8af71a resource provider not found; error: Placement Client Error (4xx): {"errors": [{"status": 404, "title": "Not Found", "detail": "The resource could not be found.\n\n No resource provider with uuid 023cb942-632c-48be-a8d7-7b8eed8af71a found for delete ", "request_id": "req-d24907d9-d440-4aea-b55c-326e255e30ec"}]}
2026-07-14 18:53:22.569 10 INFO neutron.services.segments.plugin [-] Segment 422bacd2-02d3-4ee5-8c97-e54214c6fba7 resource provider not found; error: Placement Client Error (4xx): {"errors": [{"status": 404, "title": "Not Found", "detail": "The resource could not be found.\n\n No resource provider with uuid 422bacd2-02d3-4ee5-8c97-e54214c6fba7 found for delete ", "request_id": "req-3fd1fdcd-ae3c-41e2-95f6-95124c9007fc"}]}
2026-07-14 18:53:22.576 10 INFO neutron.services.segments.plugin [-] Segment 96a966fa-87cf-4472-9a1b-7f9179d74491 resource provider aggregate not found
2026-07-14 18:53:22.598 10 INFO neutron.services.segments.plugin [-] Segment 96a966fa-87cf-4472-9a1b-7f9179d74491 resource provider not found; error: Placement Client Error (4xx): {"errors": [{"status": 404, "title": "Not Found", "detail": "The resource could not be found.\n\n No resource provider with uuid 96a966fa-87cf-4472-9a1b-7f9179d74491 found for delete ", "request_id": "req-f3873e20-ad44-4efe-8229-9f6392c09c98"}]}
2026-07-14 18:53:22.604 10 INFO neutron.services.segments.plugin [-] Segment 96a966fa-87cf-4472-9a1b-7f9179d74491 resource provider aggregate not found
2026-07-14 18:53:22.620 10 INFO neutron.services.segments.plugin [-] Segment 96a966fa-87cf-4472-9a1b-7f9179d74491 resource provider not found; error: Placement Client Error (4xx): {"errors": [{"status": 404, "title": "Not Found", "detail": "The resource could not be found.\n\n No resource provider with uuid 96a966fa-87cf-4472-9a1b-7f9179d74491 found for delete ", "request_id": "req-fca459e1-cebc-482f-95a8-dd0185dd7309"}]}
2026-07-14 18:53:23.089 9 INFO neutron.wsgi [None req-136dbe10-0da9-4166-898d-295826682f57 42c5276c71b348a9abacbf421c309197 ff7e564635fa43fa9e2dc3cdab6453c3 - - default default] 10.0.0.110 "GET /v2.0/security-groups?tenant_id=30274fa58c784e7db379cdaaaa1ba3ce&name=default HTTP/1.1" status: 200 len: 3120 time: 0.2471869
2026-07-14 18:53:23.353 9 INFO neutron.wsgi [None req-b90e73b1-f1ce-4cf4-89b4-8f68f4bd21e1 42c5276c71b348a9abacbf421c309197 ff7e564635fa43fa9e2dc3cdab6453c3 - - default default] 10.0.0.110 "DELETE /v2.0/security-groups/3e94da88-8de8-407b-b072-d416df10fb8d HTTP/1.1" status: 204 len: 168 time: 0.2583776
2026-07-14 18:53:23.544 9 INFO neutron.wsgi [req-d6380c06-4fc8-4bb1-9517-ebb66d914831 req-00a5a463-8f9d-432e-8c44-736ba8fed94e 3ad93bc0997b44efbe0e455c929564f4 ebc709f662f84b2da42da30691bf04fb - - default default] 10.0.0.85 "GET /v2.0/ports?device_id=eef03580-256a-498d-a092-bae8a36b508a HTTP/1.1" status: 200 len: 1170 time: 0.0598154
2026-07-14 18:53:23.654 9 INFO neutron.wsgi [req-d6380c06-4fc8-4bb1-9517-ebb66d914831 req-d07a118a-2833-4da4-ac10-92ddbdd1bc9b 3ad93bc0997b44efbe0e455c929564f4 ebc709f662f84b2da42da30691bf04fb - - default default] 10.0.0.85 "GET /v2.0/security-groups?id=8ab2195f-43e3-4e1f-bc6e-d1dab979fc48&fields=id&fields=name HTTP/1.1" status: 200 len: 312 time: 0.0965226
2026-07-14 18:53:23.783 9 INFO neutron.wsgi [req-e3af885b-ca55-4dc9-a114-706907a31d7b req-13d3eed4-40c8-490f-834d-116edc22b29c 3ad93bc0997b44efbe0e455c929564f4 ebc709f662f84b2da42da30691bf04fb - - default default] 10.0.0.85 "GET /v2.0/ports?device_id=eef03580-256a-498d-a092-bae8a36b508a HTTP/1.1" status: 200 len: 1170 time: 0.0496826
2026-07-14 18:53:23.905 10 INFO neutron.db.ovn_revision_numbers_db [None req-4fec2f4b-e798-4d88-a969-f4d56fc42fb6 42c5276c71b348a9abacbf421c309197 ff7e564635fa43fa9e2dc3cdab6453c3 - - default default] Successfully bumped revision number for resource 31a567a3-e23d-4b23-a1e5-8099491b5b45 (type: security_groups) to 1
2026-07-14 18:53:23.920 10 INFO neutron.db.ovn_revision_numbers_db [None req-4fec2f4b-e798-4d88-a969-f4d56fc42fb6 42c5276c71b348a9abacbf421c309197 ff7e564635fa43fa9e2dc3cdab6453c3 - - default default] Successfully bumped revision number for resource 06608937-f734-4ffb-a845-761a167ea79c (type: security_group_rules) to 0
2026-07-14 18:53:23.936 10 INFO neutron.db.ovn_revision_numbers_db [None req-4fec2f4b-e798-4d88-a969-f4d56fc42fb6 42c5276c71b348a9abacbf421c309197 ff7e564635fa43fa9e2dc3cdab6453c3 - - default default] Successfully bumped revision number for resource 0afd9faa-dba4-4460-99db-e8114f89a6a0 (type: security_group_rules) to 0
2026-07-14 18:53:23.956 10 INFO neutron.db.ovn_revision_numbers_db [None req-4fec2f4b-e798-4d88-a969-f4d56fc42fb6 42c5276c71b348a9abacbf421c309197 ff7e564635fa43fa9e2dc3cdab6453c3 - - default default] Successfully bumped revision number for resource 76837b53-9159-4c2b-a549-9e14331057c8 (type: security_group_rules) to 0
2026-07-14 18:53:23.981 10 INFO neutron.db.ovn_revision_numbers_db [None req-4fec2f4b-e798-4d88-a969-f4d56fc42fb6 42c5276c71b348a9abacbf421c309197 ff7e564635fa43fa9e2dc3cdab6453c3 - - default default] Successfully bumped revision number for resource e2a881a4-9c52-4d89-97a5-5a2e40fff89f (type: security_group_rules) to 0
2026-07-14 18:53:24.045 10 INFO neutron.db.segments_db [None req-4fec2f4b-e798-4d88-a969-f4d56fc42fb6 42c5276c71b348a9abacbf421c309197 ff7e564635fa43fa9e2dc3cdab6453c3 - - default default] Added segment ac0c89d4-ac70-442f-939d-a0cfb014a2e1 of type geneve for network e4f09e0f-ee4c-42d7-bcb0-5ee6378c9717
2026-07-14 18:53:24.208 10 INFO neutron.db.ovn_revision_numbers_db [None req-4fec2f4b-e798-4d88-a969-f4d56fc42fb6 42c5276c71b348a9abacbf421c309197 ff7e564635fa43fa9e2dc3cdab6453c3 - - default default] Successfully bumped revision number for resource e4f09e0f-ee4c-42d7-bcb0-5ee6378c9717 (type: networks) to 1
2026-07-14 18:53:24.470 10 WARNING neutron.scheduler.dhcp_agent_scheduler [None req-4fec2f4b-e798-4d88-a969-f4d56fc42fb6 42c5276c71b348a9abacbf421c309197 ff7e564635fa43fa9e2dc3cdab6453c3 - - default default] No more DHCP agents
2026-07-14 18:53:24.476 10 WARNING neutron.api.rpc.agentnotifiers.dhcp_rpc_agent_api [None req-4fec2f4b-e798-4d88-a969-f4d56fc42fb6 42c5276c71b348a9abacbf421c309197 ff7e564635fa43fa9e2dc3cdab6453c3 - - default default] Unable to schedule network e4f09e0f-ee4c-42d7-bcb0-5ee6378c9717: no agents available; will retry on subsequent port and subnet creation events.
2026-07-14 18:53:24.574 10 INFO neutron.db.ovn_revision_numbers_db [None req-4fec2f4b-e798-4d88-a969-f4d56fc42fb6 42c5276c71b348a9abacbf421c309197 ff7e564635fa43fa9e2dc3cdab6453c3 - - default default] Successfully bumped revision number for resource c1e71ea4-845a-4ec4-83b1-12035331abc7 (type: ports) to 1
2026-07-14 18:53:24.615 9 INFO neutron.db.ovn_revision_numbers_db [None req-4a59cdec-e12e-42be-83ab-447db6e798ec 3ad93bc0997b44efbe0e455c929564f4 ebc709f662f84b2da42da30691bf04fb - - default default] Successfully bumped revision number for resource 80237374-19e0-491d-a6ad-3b6a1c389e78 (type: floatingips) to 1
2026-07-14 18:53:24.633 10 INFO neutron.wsgi [None req-4fec2f4b-e798-4d88-a969-f4d56fc42fb6 42c5276c71b348a9abacbf421c309197 ff7e564635fa43fa9e2dc3cdab6453c3 - - default default] 10.0.0.110 "POST /v2.0/networks HTTP/1.1" status: 201 len: 945 time: 1.1628034 /var/lib/openstack/lib/python3.10/site-packages/pycadf/identifier.py:71: UserWarning: Invalid uuid: neutron. To ensure interoperability, identifiers should be a valid uuid. warnings.warn(('Invalid uuid: %s. To ensure interoperability, '
2026-07-14 18:53:24.720 9 INFO neutron.db.ovn_revision_numbers_db [None req-4a59cdec-e12e-42be-83ab-447db6e798ec 3ad93bc0997b44efbe0e455c929564f4 ebc709f662f84b2da42da30691bf04fb - - default default] Successfully bumped revision number for resource 80237374-19e0-491d-a6ad-3b6a1c389e78 (type: floatingips) to 2
2026-07-14 18:53:24.721 9 INFO neutron.db.l3_db [None req-4a59cdec-e12e-42be-83ab-447db6e798ec 3ad93bc0997b44efbe0e455c929564f4 ebc709f662f84b2da42da30691bf04fb - - default default] Floating IP 80237374-19e0-491d-a6ad-3b6a1c389e78 associated. External IP: 10.96.250.214, port: 5f389a2a-b2af-437a-93d5-1529f8d9abd1.
2026-07-14 18:53:24.752 9 INFO neutron.wsgi [None req-4a59cdec-e12e-42be-83ab-447db6e798ec 3ad93bc0997b44efbe0e455c929564f4 ebc709f662f84b2da42da30691bf04fb - - default default] 10.0.0.110 "PUT /v2.0/floatingips/80237374-19e0-491d-a6ad-3b6a1c389e78 HTTP/1.1" status: 200 len: 1049 time: 0.9543514
2026-07-14 18:53:24.793 9 INFO neutron.notifiers.nova [-] Nova event matching ['req-4b0106b5-69b4-4b1c-9a5a-218377f9ddba'] response: {'name': 'network-changed', 'server_uuid': 'eef03580-256a-498d-a092-bae8a36b508a', 'tag': '5f389a2a-b2af-437a-93d5-1529f8d9abd1', 'status': 'completed', 'code': 200}
2026-07-14 18:53:24.906 10 INFO neutron.wsgi [req-deb10ccf-02cf-44c8-8c1a-6c4e024e425b req-9bc3718c-e633-40d2-b765-437bab91e1d4 a7d0a42cf3eb418db63db859bcefec50 889d449229ae4bdfbf34277e4ebedf2f - - 35ffeaa6bba0459dbb48b49e82dff028 35ffeaa6bba0459dbb48b49e82dff028] 199.19.213.161 "GET /v2.0/ports?tenant_id=ebc709f662f84b2da42da30691bf04fb&device_id=eef03580-256a-498d-a092-bae8a36b508a HTTP/1.1" status: 200 len: 1409 time: 0.0490627
2026-07-14 18:53:24.948 9 INFO neutron.wsgi [req-ebad9073-b7a1-4ad7-a247-f3f53304f0ec req-4271fcfd-0368-4dce-bcca-60b5ead607a8 3ad93bc0997b44efbe0e455c929564f4 ebc709f662f84b2da42da30691bf04fb - - default default] 10.0.0.85 "GET /v2.0/ports?device_id=eef03580-256a-498d-a092-bae8a36b508a HTTP/1.1" status: 200 len: 1170 time: 0.1110885
2026-07-14 18:53:24.991 9 INFO neutron.wsgi [req-ebad9073-b7a1-4ad7-a247-f3f53304f0ec req-7921a78f-a053-48e7-a6b8-2a0643dee315 3ad93bc0997b44efbe0e455c929564f4 ebc709f662f84b2da42da30691bf04fb - - default default] 10.0.0.85 "GET /v2.0/security-groups?id=8ab2195f-43e3-4e1f-bc6e-d1dab979fc48&fields=id&fields=name HTTP/1.1" status: 200 len: 312 time: 0.0349448
2026-07-14 18:53:24.992 10 INFO neutron.wsgi [req-deb10ccf-02cf-44c8-8c1a-6c4e024e425b req-2bd8cb97-999a-401a-9bc1-bd2b84f7449a a7d0a42cf3eb418db63db859bcefec50 889d449229ae4bdfbf34277e4ebedf2f - - 35ffeaa6bba0459dbb48b49e82dff028 35ffeaa6bba0459dbb48b49e82dff028] 199.19.213.161 "GET /v2.0/networks?id=ee26e1ae-dfe5-4bc3-8aa9-8a2c6bfd9c77 HTTP/1.1" status: 200 len: 968 time: 0.0781012
2026-07-14 18:53:25.030 10 WARNING neutron.scheduler.dhcp_agent_scheduler [None req-89b603bc-55cb-423f-9bea-02aa26b5d16a 42c5276c71b348a9abacbf421c309197 ff7e564635fa43fa9e2dc3cdab6453c3 - - default default] No more DHCP agents
2026-07-14 18:53:25.033 10 WARNING neutron.api.rpc.agentnotifiers.dhcp_rpc_agent_api [None req-89b603bc-55cb-423f-9bea-02aa26b5d16a 42c5276c71b348a9abacbf421c309197 ff7e564635fa43fa9e2dc3cdab6453c3 - - default default] Unable to schedule network e4f09e0f-ee4c-42d7-bcb0-5ee6378c9717: no agents available; will retry on subsequent port and subnet creation events.
2026-07-14 18:53:25.066 10 INFO neutron.wsgi [req-deb10ccf-02cf-44c8-8c1a-6c4e024e425b req-96883a0b-74e5-460d-b1c7-9d5a90ecc7ed a7d0a42cf3eb418db63db859bcefec50 889d449229ae4bdfbf34277e4ebedf2f - - 35ffeaa6bba0459dbb48b49e82dff028 35ffeaa6bba0459dbb48b49e82dff028] 199.19.213.161 "GET /v2.0/floatingips?fixed_ip_address=10.100.0.8&port_id=5f389a2a-b2af-437a-93d5-1529f8d9abd1 HTTP/1.1" status: 200 len: 1059 time: 0.0640152
2026-07-14 18:53:25.114 10 INFO neutron.wsgi [req-deb10ccf-02cf-44c8-8c1a-6c4e024e425b req-5be08f51-eaa5-4e3c-b5a8-cc7f9903c41c a7d0a42cf3eb418db63db859bcefec50 889d449229ae4bdfbf34277e4ebedf2f - - 35ffeaa6bba0459dbb48b49e82dff028 35ffeaa6bba0459dbb48b49e82dff028] 199.19.213.161 "GET /v2.0/subnets?id=e8c31490-736d-4a69-819d-0d13ec04e22c HTTP/1.1" status: 200 len: 863 time: 0.0378058
2026-07-14 18:53:25.156 10 INFO neutron.wsgi [req-deb10ccf-02cf-44c8-8c1a-6c4e024e425b req-870f0da7-1af0-44eb-bc58-d2177a4c5969 a7d0a42cf3eb418db63db859bcefec50 889d449229ae4bdfbf34277e4ebedf2f - - 35ffeaa6bba0459dbb48b49e82dff028 35ffeaa6bba0459dbb48b49e82dff028] 199.19.213.161 "GET /v2.0/ports?network_id=ee26e1ae-dfe5-4bc3-8aa9-8a2c6bfd9c77&device_owner=network%3Adhcp HTTP/1.1" status: 200 len: 210 time: 0.0332379
2026-07-14 18:53:25.268 10 INFO neutron.wsgi [req-deb10ccf-02cf-44c8-8c1a-6c4e024e425b req-3d47fd25-08b7-496d-87e2-e7f946c3329f a7d0a42cf3eb418db63db859bcefec50 889d449229ae4bdfbf34277e4ebedf2f - - 35ffeaa6bba0459dbb48b49e82dff028 35ffeaa6bba0459dbb48b49e82dff028] 199.19.213.161 "GET /v2.0/networks/ee26e1ae-dfe5-4bc3-8aa9-8a2c6bfd9c77?fields=segments HTTP/1.1" status: 200 len: 212 time: 0.1088216
2026-07-14 18:53:25.304 10 INFO neutron.plugins.ml2.drivers.ovn.mech_driver.mech_driver [None req-d887c70c-8fc1-42e8-a873-0fff16e19d3d - - - - - -] OVN reports status down for port: 5f389a2a-b2af-437a-93d5-1529f8d9abd1
2026-07-14 18:53:25.322 9 INFO neutron.wsgi [req-c9266305-09da-4891-8cf3-bcb931276cbb req-ad41d725-b1d3-4ecb-abbf-5a57c1c2eceb 3ad93bc0997b44efbe0e455c929564f4 ebc709f662f84b2da42da30691bf04fb - - default default] 10.0.0.85 "GET /v2.0/ports?device_id=eef03580-256a-498d-a092-bae8a36b508a HTTP/1.1" status: 200 len: 1170 time: 0.0503769
2026-07-14 18:53:25.380 9 INFO neutron.wsgi [req-c9266305-09da-4891-8cf3-bcb931276cbb req-a56ce3eb-629d-4daf-b5b5-d21ec21f6660 3ad93bc0997b44efbe0e455c929564f4 ebc709f662f84b2da42da30691bf04fb - - default default] 10.0.0.85 "GET /v2.0/security-groups?id=8ab2195f-43e3-4e1f-bc6e-d1dab979fc48&fields=id&fields=name HTTP/1.1" status: 200 len: 312 time: 0.0529628
2026-07-14 18:53:25.393 10 INFO neutron.wsgi [req-deb10ccf-02cf-44c8-8c1a-6c4e024e425b req-0ef1b6e5-2ed9-4ce8-b076-b9092a74cc0e a7d0a42cf3eb418db63db859bcefec50 889d449229ae4bdfbf34277e4ebedf2f - - 35ffeaa6bba0459dbb48b49e82dff028 35ffeaa6bba0459dbb48b49e82dff028] 199.19.213.161 "GET /v2.0/networks/ee26e1ae-dfe5-4bc3-8aa9-8a2c6bfd9c77?fields=provider%3Aphysical_network&fields=provider%3Anetwork_type HTTP/1.1" status: 200 len: 277 time: 0.1099033
2026-07-14 18:53:25.536 10 INFO neutron.notifiers.nova [-] Nova event matching ['req-6c80963e-419e-4b2f-be96-dfa23c181594'] response: {'server_uuid': 'eef03580-256a-498d-a092-bae8a36b508a', 'name': 'network-vif-unplugged', 'status': 'completed', 'tag': '5f389a2a-b2af-437a-93d5-1529f8d9abd1', 'code': 200}
2026-07-14 18:53:25.604 9 WARNING neutron_lib.context [None req-8f545d0e-fd5d-4cc9-8a18-6cd16c879254 a55fe642b7804a0491787826f1f6a82e 5fab96d0a42845eda939ebb4530a47a9 - - default default] Method 'is_advsvc' is deprecated since 2023.2 release (neutron-lib 3.8.0) and will be removed once support for the old RBAC API policies will be removed from Neutron. Please use method 'is_service_role' instead.
2026-07-14 18:53:25.726 10 INFO neutron.wsgi [req-62b92d04-c332-4148-a809-c40b71a14f88 req-3c04b34a-5862-4484-8d90-77b7f413b2b0 3ad93bc0997b44efbe0e455c929564f4 ebc709f662f84b2da42da30691bf04fb - - default default] 199.19.213.161 "GET /v2.0/ports?device_id=eef03580-256a-498d-a092-bae8a36b508a HTTP/1.1" status: 200 len: 1168 time: 0.1312308
2026-07-14 18:53:25.760 9 INFO neutron.db.ovn_revision_numbers_db [None req-8f545d0e-fd5d-4cc9-8a18-6cd16c879254 a55fe642b7804a0491787826f1f6a82e 5fab96d0a42845eda939ebb4530a47a9 - - default default] Successfully bumped revision number for resource 1665c255-5894-40b3-a794-3a5afb377ab2 (type: security_groups) to 1
2026-07-14 18:53:25.776 9 INFO neutron.db.ovn_revision_numbers_db [None req-8f545d0e-fd5d-4cc9-8a18-6cd16c879254 a55fe642b7804a0491787826f1f6a82e 5fab96d0a42845eda939ebb4530a47a9 - - default default] Successfully bumped revision number for resource 1ed28a52-56f3-4a46-b2a5-777b7be778fc (type: security_group_rules) to 0
2026-07-14 18:53:25.793 9 INFO neutron.db.ovn_revision_numbers_db [None req-8f545d0e-fd5d-4cc9-8a18-6cd16c879254 a55fe642b7804a0491787826f1f6a82e 5fab96d0a42845eda939ebb4530a47a9 - - default default] Successfully bumped revision number for resource 87a70ac6-e8fe-4eb1-921a-ce9fba69565c (type: security_group_rules) to 0
2026-07-14 18:53:25.809 9 INFO neutron.db.ovn_revision_numbers_db [None req-8f545d0e-fd5d-4cc9-8a18-6cd16c879254 a55fe642b7804a0491787826f1f6a82e 5fab96d0a42845eda939ebb4530a47a9 - - default default] Successfully bumped revision number for resource d345a095-60d3-42a6-8cd1-101ed44cebb0 (type: security_group_rules) to 0
2026-07-14 18:53:25.850 9 INFO neutron.db.ovn_revision_numbers_db [None req-8f545d0e-fd5d-4cc9-8a18-6cd16c879254 a55fe642b7804a0491787826f1f6a82e 5fab96d0a42845eda939ebb4530a47a9 - - default default] Successfully bumped revision number for resource d698b01d-e58a-418a-a22c-1f6a962cdd0d (type: security_group_rules) to 0
2026-07-14 18:53:25.905 10 INFO neutron.db.ovn_revision_numbers_db [None req-d887c70c-8fc1-42e8-a873-0fff16e19d3d - - - - - -] Successfully bumped revision number for resource 5f389a2a-b2af-437a-93d5-1529f8d9abd1 (type: ports) to 5
2026-07-14 18:53:25.907 9 INFO neutron.db.segments_db [None req-8f545d0e-fd5d-4cc9-8a18-6cd16c879254 a55fe642b7804a0491787826f1f6a82e 5fab96d0a42845eda939ebb4530a47a9 - - default default] Added segment 29ed40b6-d85a-428e-aa6c-28feef1e6a06 of type geneve for network 350ba39e-306d-4a6d-bc5c-6119a2988929
2026-07-14 18:53:25.947 10 INFO neutron.db.ovn_revision_numbers_db [None req-89b603bc-55cb-423f-9bea-02aa26b5d16a 42c5276c71b348a9abacbf421c309197 ff7e564635fa43fa9e2dc3cdab6453c3 - - default default] Successfully bumped revision number for resource c1e71ea4-845a-4ec4-83b1-12035331abc7 (type: ports) to 2
2026-07-14 18:53:26.037 10 INFO neutron.db.ovn_revision_numbers_db [None req-89b603bc-55cb-423f-9bea-02aa26b5d16a 42c5276c71b348a9abacbf421c309197 ff7e564635fa43fa9e2dc3cdab6453c3 - - default default] Successfully bumped revision number for resource 5ee1c9f6-d228-4c1d-8a46-519d4fcccc67 (type: subnets) to 0
2026-07-14 18:53:26.057 9 INFO neutron.db.ovn_revision_numbers_db [None req-8f545d0e-fd5d-4cc9-8a18-6cd16c879254 a55fe642b7804a0491787826f1f6a82e 5fab96d0a42845eda939ebb4530a47a9 - - default default] Successfully bumped revision number for resource 350ba39e-306d-4a6d-bc5c-6119a2988929 (type: networks) to 1
2026-07-14 18:53:26.068 10 INFO neutron.wsgi [None req-89b603bc-55cb-423f-9bea-02aa26b5d16a 42c5276c71b348a9abacbf421c309197 ff7e564635fa43fa9e2dc3cdab6453c3 - - default default] 10.0.0.110 "POST /v2.0/subnets HTTP/1.1" status: 201 len: 865 time: 1.4290085 /var/lib/openstack/lib/python3.10/site-packages/pycadf/identifier.py:71: UserWarning: Invalid uuid: neutron. To ensure interoperability, identifiers should be a valid uuid. warnings.warn(('Invalid uuid: %s. To ensure interoperability, '
2026-07-14 18:53:26.239 9 WARNING neutron.scheduler.dhcp_agent_scheduler [None req-8f545d0e-fd5d-4cc9-8a18-6cd16c879254 a55fe642b7804a0491787826f1f6a82e 5fab96d0a42845eda939ebb4530a47a9 - - default default] No more DHCP agents
2026-07-14 18:53:26.241 9 WARNING neutron.api.rpc.agentnotifiers.dhcp_rpc_agent_api [None req-8f545d0e-fd5d-4cc9-8a18-6cd16c879254 a55fe642b7804a0491787826f1f6a82e 5fab96d0a42845eda939ebb4530a47a9 - - default default] Unable to schedule network 350ba39e-306d-4a6d-bc5c-6119a2988929: no agents available; will retry on subsequent port and subnet creation events.
2026-07-14 18:53:26.346 9 INFO neutron.db.ovn_revision_numbers_db [None req-8f545d0e-fd5d-4cc9-8a18-6cd16c879254 a55fe642b7804a0491787826f1f6a82e 5fab96d0a42845eda939ebb4530a47a9 - - default default] Successfully bumped revision number for resource 5845c1b3-11b3-43b6-b44f-889423b25a80 (type: ports) to 1
2026-07-14 18:53:26.383 9 INFO neutron.wsgi [None req-8f545d0e-fd5d-4cc9-8a18-6cd16c879254 a55fe642b7804a0491787826f1f6a82e 5fab96d0a42845eda939ebb4530a47a9 - - default default] 10.0.0.110 "POST /v2.0/networks HTTP/1.1" status: 201 len: 847 time: 1.0092847
2026-07-14 18:53:26.527 9 INFO neutron.wsgi [req-4c065341-7b84-40e3-9171-ad430de6981e req-e81c748b-f483-4203-986e-f176020d5a71 3ad93bc0997b44efbe0e455c929564f4 ebc709f662f84b2da42da30691bf04fb - - default default] 10.0.0.85 "GET /v2.0/ports?device_id=eef03580-256a-498d-a092-bae8a36b508a HTTP/1.1" status: 200 len: 1168 time: 0.0540998
2026-07-14 18:53:26.581 10 INFO neutron.db.l3_db [req-62b92d04-c332-4148-a809-c40b71a14f88 req-030f32fc-2262-4291-9b20-009b32aaedd6 3ad93bc0997b44efbe0e455c929564f4 ebc709f662f84b2da42da30691bf04fb - - default default] Floating IP 80237374-19e0-491d-a6ad-3b6a1c389e78 disassociated. External IP: 10.96.250.214, port: 5f389a2a-b2af-437a-93d5-1529f8d9abd1.
2026-07-14 18:53:26.602 9 INFO neutron.wsgi [req-4c065341-7b84-40e3-9171-ad430de6981e req-6a3dc088-b4bb-451b-af3c-38f956b68ada 3ad93bc0997b44efbe0e455c929564f4 ebc709f662f84b2da42da30691bf04fb - - default default] 10.0.0.85 "GET /v2.0/security-groups?id=8ab2195f-43e3-4e1f-bc6e-d1dab979fc48&fields=id&fields=name HTTP/1.1" status: 200 len: 312 time: 0.0683277
2026-07-14 18:53:26.765 10 INFO neutron.wsgi [req-62b92d04-c332-4148-a809-c40b71a14f88 req-030f32fc-2262-4291-9b20-009b32aaedd6 3ad93bc0997b44efbe0e455c929564f4 ebc709f662f84b2da42da30691bf04fb - - default default] 199.19.213.161 "DELETE /v2.0/ports/5f389a2a-b2af-437a-93d5-1529f8d9abd1 HTTP/1.1" status: 204 len: 173 time: 1.0233812
2026-07-14 18:53:26.865 9 WARNING neutron_lib.context [None req-5dba60d7-02f9-4088-b071-68a7e9202ad6 a55fe642b7804a0491787826f1f6a82e 5fab96d0a42845eda939ebb4530a47a9 - - default default] Method 'is_advsvc' is deprecated since 2023.2 release (neutron-lib 3.8.0) and will be removed once support for the old RBAC API policies will be removed from Neutron. Please use method 'is_service_role' instead.
2026-07-14 18:53:26.981 10 WARNING neutron.scheduler.dhcp_agent_scheduler [None req-e71aa830-3769-4af3-9e62-edc5cb16c7ad 42c5276c71b348a9abacbf421c309197 ff7e564635fa43fa9e2dc3cdab6453c3 - - default default] No more DHCP agents
2026-07-14 18:53:26.982 10 WARNING neutron.api.rpc.agentnotifiers.dhcp_rpc_agent_api [None req-e71aa830-3769-4af3-9e62-edc5cb16c7ad 42c5276c71b348a9abacbf421c309197 ff7e564635fa43fa9e2dc3cdab6453c3 - - default default] Unable to schedule network 042559a0-e9f8-4ebe-aef7-fc562a7ceb78: no agents available; will retry on subsequent port and subnet creation events.
2026-07-14 18:53:27.124 9 WARNING neutron.scheduler.dhcp_agent_scheduler [None req-5dba60d7-02f9-4088-b071-68a7e9202ad6 a55fe642b7804a0491787826f1f6a82e 5fab96d0a42845eda939ebb4530a47a9 - - default default] No more DHCP agents
2026-07-14 18:53:27.126 9 WARNING neutron.api.rpc.agentnotifiers.dhcp_rpc_agent_api [None req-5dba60d7-02f9-4088-b071-68a7e9202ad6 a55fe642b7804a0491787826f1f6a82e 5fab96d0a42845eda939ebb4530a47a9 - - default default] Unable to schedule network 350ba39e-306d-4a6d-bc5c-6119a2988929: no agents available; will retry on subsequent port and subnet creation events.
2026-07-14 18:53:27.151 10 INFO neutron.db.ovn_revision_numbers_db [None req-e71aa830-3769-4af3-9e62-edc5cb16c7ad 42c5276c71b348a9abacbf421c309197 ff7e564635fa43fa9e2dc3cdab6453c3 - - default default] Successfully bumped revision number for resource fdefc223-3fb3-434c-b67d-18c9bf684ad8 (type: ports) to 1
2026-07-14 18:53:27.167 9 INFO neutron.db.ovn_revision_numbers_db [None req-5dba60d7-02f9-4088-b071-68a7e9202ad6 a55fe642b7804a0491787826f1f6a82e 5fab96d0a42845eda939ebb4530a47a9 - - default default] Successfully bumped revision number for resource 1e874396-1b69-499f-a415-9c9737078c7c (type: subnets) to 0
2026-07-14 18:53:27.185 9 INFO neutron.wsgi [None req-5dba60d7-02f9-4088-b071-68a7e9202ad6 a55fe642b7804a0491787826f1f6a82e 5fab96d0a42845eda939ebb4530a47a9 - - default default] 10.0.0.110 "POST /v2.0/subnets HTTP/1.1" status: 201 len: 848 time: 0.3251574
2026-07-14 18:53:27.197 9 WARNING neutron_lib.context [None req-79415b9d-0d7b-44c2-a012-7f924b1cf21c a55fe642b7804a0491787826f1f6a82e 5fab96d0a42845eda939ebb4530a47a9 - - default default] Method 'is_advsvc' is deprecated since 2023.2 release (neutron-lib 3.8.0) and will be removed once support for the old RBAC API policies will be removed from Neutron. Please use method 'is_service_role' instead.
2026-07-14 18:53:27.283 9 INFO neutron.db.segments_db [None req-79415b9d-0d7b-44c2-a012-7f924b1cf21c a55fe642b7804a0491787826f1f6a82e 5fab96d0a42845eda939ebb4530a47a9 - - default default] Added segment a0f9dd77-78e6-4e4c-8cd4-a425086bb836 of type geneve for network 5ec80b9a-991c-4b00-9dfe-588df48e4792
2026-07-14 18:53:27.459 9 INFO neutron.db.ovn_revision_numbers_db [None req-79415b9d-0d7b-44c2-a012-7f924b1cf21c a55fe642b7804a0491787826f1f6a82e 5fab96d0a42845eda939ebb4530a47a9 - - default default] Successfully bumped revision number for resource 5ec80b9a-991c-4b00-9dfe-588df48e4792 (type: networks) to 1
2026-07-14 18:53:27.570 10 INFO neutron.notifiers.nova [-] Nova event matching ['req-108473ec-915d-4fee-a4fd-0484ff5eba2f'] response: {'server_uuid': 'eef03580-256a-498d-a092-bae8a36b508a', 'name': 'network-vif-unplugged', 'status': 'completed', 'tag': '5f389a2a-b2af-437a-93d5-1529f8d9abd1', 'code': 200}
2026-07-14 18:53:27.571 10 INFO neutron.notifiers.nova [-] Nova event matching ['req-108473ec-915d-4fee-a4fd-0484ff5eba2f'] response: {'server_uuid': 'eef03580-256a-498d-a092-bae8a36b508a', 'name': 'network-vif-deleted', 'tag': '5f389a2a-b2af-437a-93d5-1529f8d9abd1', 'status': 'completed', 'code': 200}
2026-07-14 18:53:27.710 9 WARNING neutron.scheduler.dhcp_agent_scheduler [None req-79415b9d-0d7b-44c2-a012-7f924b1cf21c a55fe642b7804a0491787826f1f6a82e 5fab96d0a42845eda939ebb4530a47a9 - - default default] No more DHCP agents
2026-07-14 18:53:27.715 9 WARNING neutron.api.rpc.agentnotifiers.dhcp_rpc_agent_api [None req-79415b9d-0d7b-44c2-a012-7f924b1cf21c a55fe642b7804a0491787826f1f6a82e 5fab96d0a42845eda939ebb4530a47a9 - - default default] Unable to schedule network 5ec80b9a-991c-4b00-9dfe-588df48e4792: no agents available; will retry on subsequent port and subnet creation events.
2026-07-14 18:53:27.839 9 INFO neutron.db.ovn_revision_numbers_db [None req-79415b9d-0d7b-44c2-a012-7f924b1cf21c a55fe642b7804a0491787826f1f6a82e 5fab96d0a42845eda939ebb4530a47a9 - - default default] Successfully bumped revision number for resource 3c2da076-9557-4b4c-8b4e-e44268520164 (type: ports) to 1
2026-07-14 18:53:27.862 9 INFO neutron.wsgi [None req-79415b9d-0d7b-44c2-a012-7f924b1cf21c a55fe642b7804a0491787826f1f6a82e 5fab96d0a42845eda939ebb4530a47a9 - - default default] 10.0.0.110 "POST /v2.0/networks HTTP/1.1" status: 201 len: 847 time: 0.6697824
2026-07-14 18:53:27.883 10 INFO neutron.plugins.ml2.drivers.ovn.mech_driver.ovsdb.commands [None req-df649dd5-3529-4797-87d0-5b49a783ffd4 - - - - - -] Schedule LRP lrp-fdefc223-3fb3-434c-b67d-18c9bf684ad8 on gateway 075bdfd4-4d15-4480-a1da-59ab3d61ed06 with priority 1
2026-07-14 18:53:27.896 9 INFO neutron.wsgi [None req-8daccb2b-343a-43f7-a8aa-475059f0a7b9 3ad93bc0997b44efbe0e455c929564f4 ebc709f662f84b2da42da30691bf04fb - - default default] 10.0.0.110 "DELETE /v2.0/security-groups/8ab2195f-43e3-4e1f-bc6e-d1dab979fc48 HTTP/1.1" status: 204 len: 168 time: 0.2024658 /var/lib/openstack/lib/python3.10/site-packages/pycadf/identifier.py:71: UserWarning: Invalid uuid: neutron. To ensure interoperability, identifiers should be a valid uuid. warnings.warn(('Invalid uuid: %s. To ensure interoperability, '
2026-07-14 18:53:27.913 9 INFO neutron.plugins.ml2.drivers.ovn.mech_driver.mech_driver [None req-b3893bc5-85d2-406f-b2ce-5ab6e62dbb5a - - - - - -] OVN reports status up for port: fdefc223-3fb3-434c-b67d-18c9bf684ad8
2026-07-14 18:53:27.931 9 INFO neutron.plugins.ml2.plugin [None req-b3893bc5-85d2-406f-b2ce-5ab6e62dbb5a - - - - - -] Attempt 1 to provision port fdefc223-3fb3-434c-b67d-18c9bf684ad8
2026-07-14 18:53:27.936 10 INFO neutron.plugins.ml2.drivers.ovn.mech_driver.ovsdb.ovsdb_monitor [None req-68f97aa8-0195-4ef2-b4fe-59f2e526e5a2 - - - - - -] Router 5eadd8dc-aa63-4656-927c-8e4de9bfb69a is bound to host instance
2026-07-14 18:53:27.945 10 INFO neutron.api.v2.resource [None req-f07eac09-5ea2-488e-b02d-9dd68f9c4648 3ad93bc0997b44efbe0e455c929564f4 ebc709f662f84b2da42da30691bf04fb - - default default] show failed (client error): The resource could not be found.
2026-07-14 18:53:27.946 10 INFO neutron.wsgi [None req-f07eac09-5ea2-488e-b02d-9dd68f9c4648 3ad93bc0997b44efbe0e455c929564f4 ebc709f662f84b2da42da30691bf04fb - - default default] 10.0.0.110 "GET /v2.0/security-groups/8ab2195f-43e3-4e1f-bc6e-d1dab979fc48 HTTP/1.1" status: 404 len: 347 time: 0.0364859
2026-07-14 18:53:28.014 10 INFO neutron.db.ovn_revision_numbers_db [None req-e71aa830-3769-4af3-9e62-edc5cb16c7ad 42c5276c71b348a9abacbf421c309197 ff7e564635fa43fa9e2dc3cdab6453c3 - - default default] Successfully bumped revision number for resource fdefc223-3fb3-434c-b67d-18c9bf684ad8 (type: router_ports) to 1
2026-07-14 18:53:28.091 10 INFO neutron.wsgi [None req-bb22c002-55f1-4116-8c77-1d58735e7723 42c5276c71b348a9abacbf421c309197 ff7e564635fa43fa9e2dc3cdab6453c3 - - default default] 10.0.0.247 "GET /v2.0/networks HTTP/1.1" status: 200 len: 6116 time: 0.2228994
2026-07-14 18:53:28.153 9 INFO neutron.db.ovn_revision_numbers_db [None req-0545f4f8-abac-4b6f-9816-e3204c8f6df2 a55fe642b7804a0491787826f1f6a82e 5fab96d0a42845eda939ebb4530a47a9 - - default default] Successfully bumped revision number for resource 5ec80b9a-991c-4b00-9dfe-588df48e4792 (type: networks) to 2
2026-07-14 18:53:28.157 9 INFO neutron.wsgi [None req-0545f4f8-abac-4b6f-9816-e3204c8f6df2 a55fe642b7804a0491787826f1f6a82e 5fab96d0a42845eda939ebb4530a47a9 - - default default] 10.0.0.110 "PUT /v2.0/networks/5ec80b9a-991c-4b00-9dfe-588df48e4792 HTTP/1.1" status: 200 len: 792 time: 0.2899709
2026-07-14 18:53:28.176 10 WARNING neutron_lib.context [None req-dfadd255-c55d-4b8c-a905-9070fdf51f9e a55fe642b7804a0491787826f1f6a82e 5fab96d0a42845eda939ebb4530a47a9 - - default default] Method 'is_advsvc' is deprecated since 2023.2 release (neutron-lib 3.8.0) and will be removed once support for the old RBAC API policies will be removed from Neutron. Please use method 'is_service_role' instead.
2026-07-14 18:53:28.401 9 INFO neutron.wsgi [None req-4b56d224-480c-4cda-a709-ff4dbc6c8207 3ad93bc0997b44efbe0e455c929564f4 ebc709f662f84b2da42da30691bf04fb - - default default] 10.0.0.110 "DELETE /v2.0/floatingips/80237374-19e0-491d-a6ad-3b6a1c389e78 HTTP/1.1" status: 204 len: 168 time: 0.4489610
2026-07-14 18:53:28.449 10 INFO neutron.db.ovn_revision_numbers_db [None req-e71aa830-3769-4af3-9e62-edc5cb16c7ad 42c5276c71b348a9abacbf421c309197 ff7e564635fa43fa9e2dc3cdab6453c3 - - default default] Successfully bumped revision number for resource 5eadd8dc-aa63-4656-927c-8e4de9bfb69a (type: routers) to 2
