2026-07-14 18:51:27.856 10 INFO neutron.wsgi [None req-8d5f5a50-71b6-41bd-8c03-bd230e5860fc 42c5276c71b348a9abacbf421c309197 ff7e564635fa43fa9e2dc3cdab6453c3 - - default default] 10.0.0.247 "GET /v2.0/subnets HTTP/1.1" status: 200 len: 1437 time: 0.0801461
2026-07-14 18:51:27.895 10 INFO neutron.wsgi [None req-7e186267-72b6-46bf-a2ba-4a62312b60ea 42c5276c71b348a9abacbf421c309197 ff7e564635fa43fa9e2dc3cdab6453c3 - - default default] 10.0.0.247 "GET /v2.0/subnets HTTP/1.1" status: 200 len: 1437 time: 0.0375514
2026-07-14 18:51:27.906 10 INFO neutron.wsgi [None req-8611f99c-88aa-4da2-a7a2-c85e66dbd4ab 42c5276c71b348a9abacbf421c309197 ff7e564635fa43fa9e2dc3cdab6453c3 - - default default] 10.0.0.247 "GET /v2.0/subnetpools HTTP/1.1" status: 200 len: 193 time: 0.0097721
2026-07-14 18:51:27.958 10 INFO neutron.wsgi [None req-e08dbac1-bfbf-4f0b-880d-4324490038a6 42c5276c71b348a9abacbf421c309197 ff7e564635fa43fa9e2dc3cdab6453c3 - - default default] 10.0.0.247 "GET /v2.0/ports HTTP/1.1" status: 200 len: 5351 time: 0.0512047
2026-07-14 18:51:28.016 10 INFO neutron.wsgi [None req-3a121fc6-7919-4173-b958-62d650a342c7 42c5276c71b348a9abacbf421c309197 ff7e564635fa43fa9e2dc3cdab6453c3 - - default default] 10.0.0.247 "GET /v2.0/security-groups HTTP/1.1" status: 200 len: 17578 time: 0.0514209
2026-07-14 18:51:28.061 10 INFO neutron.wsgi [None req-67fb260b-f75c-4358-928c-8ba52d693be4 42c5276c71b348a9abacbf421c309197 ff7e564635fa43fa9e2dc3cdab6453c3 - - default default] 10.0.0.247 "GET /v2.0/agents HTTP/1.1" status: 200 len: 1390 time: 0.0397730
2026-07-14 18:51:28.073 10 INFO neutron.wsgi [None req-2b6a12dd-8404-4899-9502-20f5f2d78faf 42c5276c71b348a9abacbf421c309197 ff7e564635fa43fa9e2dc3cdab6453c3 - - default default] 10.0.0.247 "GET /v2.0/network-ip-availabilities HTTP/1.1" status: 200 len: 1280 time: 0.0104775
2026-07-14 18:51:28.092 10 INFO neutron.wsgi [None req-d18b2299-76d6-40e7-afe6-93a34326c527 42c5276c71b348a9abacbf421c309197 ff7e564635fa43fa9e2dc3cdab6453c3 - - default default] 10.0.0.247 "GET /v2.0/floatingips HTTP/1.1" status: 200 len: 193 time: 0.0176499
2026-07-14 18:51:28.168 10 INFO neutron.wsgi [None req-db88636a-77d1-4f38-8d80-3d805affb498 42c5276c71b348a9abacbf421c309197 ff7e564635fa43fa9e2dc3cdab6453c3 - - default default] 10.0.0.247 "GET /v2.0/networks HTTP/1.1" status: 200 len: 2349 time: 0.0760715
2026-07-14 18:51:28.298 10 INFO neutron.wsgi [None req-273142ec-4f8a-4ee8-bbd0-54b1e828bcb2 42c5276c71b348a9abacbf421c309197 ff7e564635fa43fa9e2dc3cdab6453c3 - - default default] 10.0.0.247 "GET /v2.0/routers HTTP/1.1" status: 200 len: 189 time: 0.1280131
2026-07-14 18:51:28.310 10 INFO neutron.wsgi [None req-d5eb2fac-0fe6-4bcf-94eb-f28476da9293 42c5276c71b348a9abacbf421c309197 ff7e564635fa43fa9e2dc3cdab6453c3 - - default default] 10.0.0.247 "GET /v2.0/agents?binary=ovn-controller HTTP/1.1" status: 200 len: 591 time: 0.0112212
2026-07-14 18:51:35.106 10 INFO neutron.wsgi [-] 10.0.0.139 "GET / HTTP/1.1" status: 200 len: 247 time: 0.0013394
2026-07-14 18:51:35.106 9 INFO neutron.wsgi [-] 10.0.0.139 "GET / HTTP/1.1" status: 200 len: 247 time: 0.0015280
2026-07-14 18:51:45.415 9 INFO neutron.wsgi [None req-36d8a8cf-b585-42ab-a167-2252a296d1f1 42c5276c71b348a9abacbf421c309197 ff7e564635fa43fa9e2dc3cdab6453c3 - - default default] 199.19.213.161,10.0.0.139 "GET /v2.0/networks?name=public HTTP/1.1" status: 200 len: 928 time: 0.1124513
2026-07-14 18:51:50.108 9 INFO neutron.wsgi [-] 10.0.0.139 "GET / HTTP/1.1" status: 200 len: 247 time: 0.0028200
2026-07-14 18:51:50.111 9 INFO neutron.wsgi [-] 10.0.0.139 "GET / HTTP/1.1" status: 200 len: 247 time: 0.0017533
2026-07-14 18:52:05.109 9 INFO neutron.wsgi [-] 10.0.0.139 "GET / HTTP/1.1" status: 200 len: 247 time: 0.0027153
2026-07-14 18:52:05.109 10 INFO neutron.wsgi [-] 10.0.0.139 "GET / HTTP/1.1" status: 200 len: 247 time: 0.0035517
2026-07-14 18:52:20.108 10 INFO neutron.wsgi [-] 10.0.0.139 "GET / HTTP/1.1" status: 200 len: 247 time: 0.0025027
2026-07-14 18:52:20.111 10 INFO neutron.wsgi [-] 10.0.0.139 "GET / HTTP/1.1" status: 200 len: 247 time: 0.0020454
2026-07-14 18:52:28.056 10 INFO neutron.wsgi [None req-538504b5-3bde-4c34-92f9-3ec00333adce 42c5276c71b348a9abacbf421c309197 ff7e564635fa43fa9e2dc3cdab6453c3 - - default default] 10.0.0.247 "GET /v2.0/networks HTTP/1.1" status: 200 len: 2349 time: 0.2075858
2026-07-14 18:52:28.072 10 INFO neutron.wsgi [None req-9c065571-7d00-4c8a-9bf9-d6ab18c59c55 42c5276c71b348a9abacbf421c309197 ff7e564635fa43fa9e2dc3cdab6453c3 - - default default] 10.0.0.247 "GET /v2.0/network-ip-availabilities HTTP/1.1" status: 200 len: 1280 time: 0.0139611
2026-07-14 18:52:28.102 10 INFO neutron.wsgi [None req-68c20248-c881-48a3-afd8-5ef478ddce44 42c5276c71b348a9abacbf421c309197 ff7e564635fa43fa9e2dc3cdab6453c3 - - default default] 10.0.0.247 "GET /v2.0/routers HTTP/1.1" status: 200 len: 189 time: 0.0292459
2026-07-14 18:52:28.145 10 INFO neutron.wsgi [None req-84afa234-d2cc-4511-81e4-32a7f2380e0f 42c5276c71b348a9abacbf421c309197 ff7e564635fa43fa9e2dc3cdab6453c3 - - default default] 10.0.0.247 "GET /v2.0/agents?binary=ovn-controller HTTP/1.1" status: 200 len: 591 time: 0.0423839
2026-07-14 18:52:28.196 10 INFO neutron.wsgi [None req-ab28f513-803e-4924-a7ba-398ee11a87fd 42c5276c71b348a9abacbf421c309197 ff7e564635fa43fa9e2dc3cdab6453c3 - - default default] 10.0.0.247 "GET /v2.0/security-groups HTTP/1.1" status: 200 len: 17578 time: 0.0488732
2026-07-14 18:52:28.203 9 INFO neutron.wsgi [None req-7ddea488-5b5c-4429-aee0-5b19f42ae17c 42c5276c71b348a9abacbf421c309197 ff7e564635fa43fa9e2dc3cdab6453c3 - - default default] 10.0.0.110 "GET /v2.0/networks HTTP/1.1" status: 200 len: 2368 time: 0.1583772
2026-07-14 18:52:28.245 10 INFO neutron.wsgi [None req-cbbc3e0f-071b-4ec9-b265-f98baeb41b2c 42c5276c71b348a9abacbf421c309197 ff7e564635fa43fa9e2dc3cdab6453c3 - - default default] 10.0.0.247 "GET /v2.0/subnets HTTP/1.1" status: 200 len: 1437 time: 0.0444236
2026-07-14 18:52:28.301 10 INFO neutron.wsgi [None req-16a7a97e-ee17-4e5b-98b5-54920e2aae4d 42c5276c71b348a9abacbf421c309197 ff7e564635fa43fa9e2dc3cdab6453c3 - - default default] 10.0.0.247 "GET /v2.0/ports HTTP/1.1" status: 200 len: 5351 time: 0.0545182
2026-07-14 18:52:28.318 10 INFO neutron.wsgi [None req-17ac8900-d497-4999-aa1a-61164af21693 42c5276c71b348a9abacbf421c309197 ff7e564635fa43fa9e2dc3cdab6453c3 - - default default] 10.0.0.247 "GET /v2.0/agents HTTP/1.1" status: 200 len: 1390 time: 0.0136938
2026-07-14 18:52:28.348 10 INFO neutron.wsgi [None req-cc35c05a-9ff7-4a96-853b-53d980d7d59c 42c5276c71b348a9abacbf421c309197 ff7e564635fa43fa9e2dc3cdab6453c3 - - default default] 10.0.0.247 "GET /v2.0/subnets HTTP/1.1" status: 200 len: 1437 time: 0.0293317
2026-07-14 18:52:28.360 10 INFO neutron.wsgi [None req-9ea464a3-554b-4b71-96c8-da35fd7cddef 42c5276c71b348a9abacbf421c309197 ff7e564635fa43fa9e2dc3cdab6453c3 - - default default] 10.0.0.247 "GET /v2.0/subnetpools HTTP/1.1" status: 200 len: 193 time: 0.0112922
2026-07-14 18:52:28.385 10 INFO neutron.wsgi [None req-6670c775-7708-4108-b9a2-413fd741638b 42c5276c71b348a9abacbf421c309197 ff7e564635fa43fa9e2dc3cdab6453c3 - - default default] 10.0.0.247 "GET /v2.0/floatingips HTTP/1.1" status: 200 len: 193 time: 0.0243475
2026-07-14 18:52:29.487 10 INFO neutron.wsgi [None req-bc68cabb-ee26-460a-b41e-02a454f9d8df 42c5276c71b348a9abacbf421c309197 ff7e564635fa43fa9e2dc3cdab6453c3 - - default default] 10.0.0.110 "GET /v2.0/floatingips HTTP/1.1" status: 200 len: 212 time: 0.0357869
2026-07-14 18:52:29.519 10 INFO neutron.wsgi [None req-12f408f8-ed8a-4ea7-b4f9-fe4b5059daa1 42c5276c71b348a9abacbf421c309197 ff7e564635fa43fa9e2dc3cdab6453c3 - - default default] 10.0.0.110 "GET /v2.0/routers HTTP/1.1" status: 200 len: 208 time: 0.0256944
2026-07-14 18:52:29.577 10 INFO neutron.wsgi [None req-e9bcbef8-a479-45ce-a8ae-b287435ce8d7 42c5276c71b348a9abacbf421c309197 ff7e564635fa43fa9e2dc3cdab6453c3 - - default default] 10.0.0.110 "GET /v2.0/ports HTTP/1.1" status: 200 len: 5370 time: 0.0519981
2026-07-14 18:52:29.630 9 INFO neutron.wsgi [None req-96d393d1-34ec-4a40-8375-48a884bc4098 42c5276c71b348a9abacbf421c309197 ff7e564635fa43fa9e2dc3cdab6453c3 - - default default] 10.0.0.110 "GET /v2.0/subnets HTTP/1.1" status: 200 len: 1456 time: 0.0463512
2026-07-14 18:52:29.705 9 INFO neutron.wsgi [None req-5644f044-f2d9-4715-ba70-edac6df6a074 42c5276c71b348a9abacbf421c309197 ff7e564635fa43fa9e2dc3cdab6453c3 - - default default] 10.0.0.110 "GET /v2.0/networks HTTP/1.1" status: 200 len: 2368 time: 0.0696759
2026-07-14 18:52:29.774 9 INFO neutron.wsgi [None req-202f4451-5dab-4f07-8b61-b605c0ddff6d 42c5276c71b348a9abacbf421c309197 ff7e564635fa43fa9e2dc3cdab6453c3 - - default default] 10.0.0.110 "GET /v2.0/security-groups HTTP/1.1" status: 200 len: 17597 time: 0.0641155
2026-07-14 18:52:29.792 9 INFO neutron.wsgi [None req-cfea6826-5309-4a27-8e34-aa7b0fba9479 42c5276c71b348a9abacbf421c309197 ff7e564635fa43fa9e2dc3cdab6453c3 - - default default] 10.0.0.110 "GET /v2.0/subnetpools HTTP/1.1" status: 200 len: 212 time: 0.0127654
2026-07-14 18:52:35.108 10 INFO neutron.wsgi [-] 10.0.0.139 "GET / HTTP/1.1" status: 200 len: 247 time: 0.0017886
2026-07-14 18:52:35.111 9 INFO neutron.wsgi [-] 10.0.0.139 "GET / HTTP/1.1" status: 200 len: 247 time: 0.0043390
2026-07-14 18:52:41.636 10 INFO neutron.db.ovn_revision_numbers_db [None req-9b318e08-a57a-475c-bf0b-7b60528834ec 42c5276c71b348a9abacbf421c309197 ff7e564635fa43fa9e2dc3cdab6453c3 - - default default] Successfully bumped revision number for resource cf6a5bdf-f2f8-4192-abbe-1ac010a60aea (type: security_groups) to 1
2026-07-14 18:52:41.642 9 INFO neutron.db.ovn_revision_numbers_db [None req-7dc96bfd-6757-4186-989f-47f0ff0b2c91 42c5276c71b348a9abacbf421c309197 ff7e564635fa43fa9e2dc3cdab6453c3 - - default default] Successfully bumped revision number for resource 48f58749-8ce3-4dc3-8489-47eb630d5c08 (type: security_groups) to 1
2026-07-14 18:52:41.658 10 INFO neutron.db.ovn_revision_numbers_db [None req-9b318e08-a57a-475c-bf0b-7b60528834ec 42c5276c71b348a9abacbf421c309197 ff7e564635fa43fa9e2dc3cdab6453c3 - - default default] Successfully bumped revision number for resource 087b09f6-b938-4684-b682-bd2036ab5b7c (type: security_group_rules) to 0
2026-07-14 18:52:41.662 9 INFO neutron.db.ovn_revision_numbers_db [None req-7dc96bfd-6757-4186-989f-47f0ff0b2c91 42c5276c71b348a9abacbf421c309197 ff7e564635fa43fa9e2dc3cdab6453c3 - - default default] Successfully bumped revision number for resource 1ac4a589-0a30-4cf3-95bd-1b8afe4ece29 (type: security_group_rules) to 0
2026-07-14 18:52:41.675 10 INFO neutron.db.ovn_revision_numbers_db [None req-9b318e08-a57a-475c-bf0b-7b60528834ec 42c5276c71b348a9abacbf421c309197 ff7e564635fa43fa9e2dc3cdab6453c3 - - default default] Successfully bumped revision number for resource b57f6a63-b028-49dc-b77f-36a8aa302a0c (type: security_group_rules) to 0
2026-07-14 18:52:41.679 9 INFO neutron.db.ovn_revision_numbers_db [None req-7dc96bfd-6757-4186-989f-47f0ff0b2c91 42c5276c71b348a9abacbf421c309197 ff7e564635fa43fa9e2dc3cdab6453c3 - - default default] Successfully bumped revision number for resource 636fbe16-65b1-41ae-9c16-90caf6e85ddc (type: security_group_rules) to 0
2026-07-14 18:52:41.693 10 INFO neutron.db.ovn_revision_numbers_db [None req-9b318e08-a57a-475c-bf0b-7b60528834ec 42c5276c71b348a9abacbf421c309197 ff7e564635fa43fa9e2dc3cdab6453c3 - - default default] Successfully bumped revision number for resource e6a61b23-b930-4422-b682-84258fb15e53 (type: security_group_rules) to 0
2026-07-14 18:52:41.698 9 INFO neutron.db.ovn_revision_numbers_db [None req-7dc96bfd-6757-4186-989f-47f0ff0b2c91 42c5276c71b348a9abacbf421c309197 ff7e564635fa43fa9e2dc3cdab6453c3 - - default default] Successfully bumped revision number for resource 6d24200d-7937-4811-989b-a78c48b2019e (type: security_group_rules) to 0
2026-07-14 18:52:41.709 10 INFO neutron.db.ovn_revision_numbers_db [None req-9b318e08-a57a-475c-bf0b-7b60528834ec 42c5276c71b348a9abacbf421c309197 ff7e564635fa43fa9e2dc3cdab6453c3 - - default default] Successfully bumped revision number for resource e9a5a854-ca46-4acf-bf41-1c4cb23dc440 (type: security_group_rules) to 0
2026-07-14 18:52:41.719 9 INFO neutron.db.ovn_revision_numbers_db [None req-7dc96bfd-6757-4186-989f-47f0ff0b2c91 42c5276c71b348a9abacbf421c309197 ff7e564635fa43fa9e2dc3cdab6453c3 - - default default] Successfully bumped revision number for resource c2790d46-9617-4cba-9456-43d85f572adb (type: security_group_rules) to 0
2026-07-14 18:52:41.760 10 INFO neutron.db.segments_db [None req-9b318e08-a57a-475c-bf0b-7b60528834ec 42c5276c71b348a9abacbf421c309197 ff7e564635fa43fa9e2dc3cdab6453c3 - - default default] Added segment 4c35d5f2-d421-4a3a-a2ec-89fde04c52e2 of type geneve for network e8711256-7a1e-418e-afef-65659d27ad4e
2026-07-14 18:52:41.770 9 INFO neutron.db.segments_db [None req-7dc96bfd-6757-4186-989f-47f0ff0b2c91 42c5276c71b348a9abacbf421c309197 ff7e564635fa43fa9e2dc3cdab6453c3 - - default default] Added segment 8bb2aad8-296b-4cdc-b103-117e2a0fc030 of type geneve for network c7cebf9c-ad31-42cb-9d16-cd086e7dc5b2
2026-07-14 18:52:41.774 9 INFO neutron.db.ovn_revision_numbers_db [None req-aa176a6c-545d-4821-b604-d192c488f2b3 42c5276c71b348a9abacbf421c309197 ff7e564635fa43fa9e2dc3cdab6453c3 - - default default] Successfully bumped revision number for resource 9593cae4-5ee4-4140-a671-a2c8f5104514 (type: security_groups) to 1
2026-07-14 18:52:41.795 9 INFO neutron.db.ovn_revision_numbers_db [None req-aa176a6c-545d-4821-b604-d192c488f2b3 42c5276c71b348a9abacbf421c309197 ff7e564635fa43fa9e2dc3cdab6453c3 - - default default] Successfully bumped revision number for resource 01ad7af7-a72e-4130-9062-d86c5ac738d6 (type: security_group_rules) to 0
2026-07-14 18:52:41.891 9 INFO neutron.db.ovn_revision_numbers_db [None req-aa176a6c-545d-4821-b604-d192c488f2b3 42c5276c71b348a9abacbf421c309197 ff7e564635fa43fa9e2dc3cdab6453c3 - - default default] Successfully bumped revision number for resource 1b52cf37-3294-4e6c-9797-38ba2122a495 (type: security_group_rules) to 0
2026-07-14 18:52:41.910 10 INFO neutron.db.ovn_revision_numbers_db [None req-9b318e08-a57a-475c-bf0b-7b60528834ec 42c5276c71b348a9abacbf421c309197 ff7e564635fa43fa9e2dc3cdab6453c3 - - default default] Successfully bumped revision number for resource e8711256-7a1e-418e-afef-65659d27ad4e (type: networks) to 1
2026-07-14 18:52:41.912 9 INFO neutron.db.ovn_revision_numbers_db [None req-aa176a6c-545d-4821-b604-d192c488f2b3 42c5276c71b348a9abacbf421c309197 ff7e564635fa43fa9e2dc3cdab6453c3 - - default default] Successfully bumped revision number for resource 5ebdca16-4e5d-4a87-ae86-bc2f72637bd6 (type: security_group_rules) to 0
2026-07-14 18:52:41.952 9 INFO neutron.db.ovn_revision_numbers_db [None req-aa176a6c-545d-4821-b604-d192c488f2b3 42c5276c71b348a9abacbf421c309197 ff7e564635fa43fa9e2dc3cdab6453c3 - - default default] Successfully bumped revision number for resource f55e27e0-cd32-40a4-9016-38e4335b6229 (type: security_group_rules) to 0
2026-07-14 18:52:42.022 9 INFO neutron.db.segments_db [None req-aa176a6c-545d-4821-b604-d192c488f2b3 42c5276c71b348a9abacbf421c309197 ff7e564635fa43fa9e2dc3cdab6453c3 - - default default] Added segment ac89d221-2688-43b1-8d74-32bc4ff0e243 of type geneve for network 2e133c80-84c2-46e3-a9d5-06b1489a48ae
2026-07-14 18:52:42.038 9 INFO neutron.db.ovn_revision_numbers_db [None req-7dc96bfd-6757-4186-989f-47f0ff0b2c91 42c5276c71b348a9abacbf421c309197 ff7e564635fa43fa9e2dc3cdab6453c3 - - default default] Successfully bumped revision number for resource c7cebf9c-ad31-42cb-9d16-cd086e7dc5b2 (type: networks) to 1
2026-07-14 18:52:42.098 10 WARNING neutron.scheduler.dhcp_agent_scheduler [None req-9b318e08-a57a-475c-bf0b-7b60528834ec 42c5276c71b348a9abacbf421c309197 ff7e564635fa43fa9e2dc3cdab6453c3 - - default default] No more DHCP agents
2026-07-14 18:52:42.102 10 WARNING neutron.api.rpc.agentnotifiers.dhcp_rpc_agent_api [None req-9b318e08-a57a-475c-bf0b-7b60528834ec 42c5276c71b348a9abacbf421c309197 ff7e564635fa43fa9e2dc3cdab6453c3 - - default default] Unable to schedule network e8711256-7a1e-418e-afef-65659d27ad4e: no agents available; will retry on subsequent port and subnet creation events.
2026-07-14 18:52:42.186 10 INFO neutron.db.ovn_revision_numbers_db [None req-9b318e08-a57a-475c-bf0b-7b60528834ec 42c5276c71b348a9abacbf421c309197 ff7e564635fa43fa9e2dc3cdab6453c3 - - default default] Successfully bumped revision number for resource 089eaf9e-7694-4409-a382-c10ddc49657e (type: ports) to 1
2026-07-14 18:52:42.208 10 INFO neutron.wsgi [None req-9b318e08-a57a-475c-bf0b-7b60528834ec 42c5276c71b348a9abacbf421c309197 ff7e564635fa43fa9e2dc3cdab6453c3 - - default default] 10.0.0.110 "POST /v2.0/networks HTTP/1.1" status: 201 len: 947 time: 0.8511147
2026-07-14 18:52:42.221 9 INFO neutron.db.ovn_revision_numbers_db [None req-aa176a6c-545d-4821-b604-d192c488f2b3 42c5276c71b348a9abacbf421c309197 ff7e564635fa43fa9e2dc3cdab6453c3 - - default default] Successfully bumped revision number for resource 2e133c80-84c2-46e3-a9d5-06b1489a48ae (type: networks) to 1
2026-07-14 18:52:42.305 9 WARNING neutron.scheduler.dhcp_agent_scheduler [None req-7dc96bfd-6757-4186-989f-47f0ff0b2c91 42c5276c71b348a9abacbf421c309197 ff7e564635fa43fa9e2dc3cdab6453c3 - - default default] No more DHCP agents
2026-07-14 18:52:42.310 9 WARNING neutron.api.rpc.agentnotifiers.dhcp_rpc_agent_api [None req-7dc96bfd-6757-4186-989f-47f0ff0b2c91 42c5276c71b348a9abacbf421c309197 ff7e564635fa43fa9e2dc3cdab6453c3 - - default default] Unable to schedule network c7cebf9c-ad31-42cb-9d16-cd086e7dc5b2: no agents available; will retry on subsequent port and subnet creation events.
2026-07-14 18:52:42.459 10 INFO neutron.db.ovn_revision_numbers_db [None req-ac61f986-dfb2-4a0a-a170-7ebb9aabe388 42c5276c71b348a9abacbf421c309197 ff7e564635fa43fa9e2dc3cdab6453c3 - - default default] Successfully bumped revision number for resource b43014ae-cad0-4eff-8f8e-4ca6a1403cd5 (type: security_groups) to 1
2026-07-14 18:52:42.475 10 INFO neutron.db.ovn_revision_numbers_db [None req-ac61f986-dfb2-4a0a-a170-7ebb9aabe388 42c5276c71b348a9abacbf421c309197 ff7e564635fa43fa9e2dc3cdab6453c3 - - default default] Successfully bumped revision number for resource 4b188577-c1d4-4825-92ef-e990996fa13d (type: security_group_rules) to 0
2026-07-14 18:52:42.483 9 INFO neutron.db.ovn_revision_numbers_db [None req-7dc96bfd-6757-4186-989f-47f0ff0b2c91 42c5276c71b348a9abacbf421c309197 ff7e564635fa43fa9e2dc3cdab6453c3 - - default default] Successfully bumped revision number for resource e1d33cf8-d892-4657-90b9-1bc19df5a010 (type: ports) to 1
2026-07-14 18:52:42.489 10 INFO neutron.db.ovn_revision_numbers_db [None req-ac61f986-dfb2-4a0a-a170-7ebb9aabe388 42c5276c71b348a9abacbf421c309197 ff7e564635fa43fa9e2dc3cdab6453c3 - - default default] Successfully bumped revision number for resource 60e3f7a7-201f-4bb1-8c38-8e3115f3ca75 (type: security_group_rules) to 0
2026-07-14 18:52:42.509 10 INFO neutron.db.ovn_revision_numbers_db [None req-ac61f986-dfb2-4a0a-a170-7ebb9aabe388 42c5276c71b348a9abacbf421c309197 ff7e564635fa43fa9e2dc3cdab6453c3 - - default default] Successfully bumped revision number for resource 649694c3-4a65-4266-b3f6-6fb0c1254812 (type: security_group_rules) to 0
2026-07-14 18:52:42.521 9 WARNING neutron.scheduler.dhcp_agent_scheduler [None req-5d8e64f7-cad5-4daf-948e-0e5f40887dd8 42c5276c71b348a9abacbf421c309197 ff7e564635fa43fa9e2dc3cdab6453c3 - - default default] No more DHCP agents
2026-07-14 18:52:42.525 10 INFO neutron.db.ovn_revision_numbers_db [None req-ac61f986-dfb2-4a0a-a170-7ebb9aabe388 42c5276c71b348a9abacbf421c309197 ff7e564635fa43fa9e2dc3cdab6453c3 - - default default] Successfully bumped revision number for resource d69df925-4597-4427-b401-5ffb401b55c0 (type: security_group_rules) to 0
2026-07-14 18:52:42.527 9 WARNING neutron.api.rpc.agentnotifiers.dhcp_rpc_agent_api [None req-5d8e64f7-cad5-4daf-948e-0e5f40887dd8 42c5276c71b348a9abacbf421c309197 ff7e564635fa43fa9e2dc3cdab6453c3 - - default default] Unable to schedule network e8711256-7a1e-418e-afef-65659d27ad4e: no agents available; will retry on subsequent port and subnet creation events.
2026-07-14 18:52:42.555 9 WARNING neutron.scheduler.dhcp_agent_scheduler [None req-aa176a6c-545d-4821-b604-d192c488f2b3 42c5276c71b348a9abacbf421c309197 ff7e564635fa43fa9e2dc3cdab6453c3 - - default default] No more DHCP agents
2026-07-14 18:52:42.555 10 INFO neutron.wsgi [None req-ac61f986-dfb2-4a0a-a170-7ebb9aabe388 42c5276c71b348a9abacbf421c309197 ff7e564635fa43fa9e2dc3cdab6453c3 - - default default] 10.0.0.110 "GET /v2.0/security-groups?tenant_id=d6062f863c54433692e21f21edf40fa6&name=default HTTP/1.1" status: 200 len: 3116 time: 0.3219218
2026-07-14 18:52:42.561 9 INFO neutron.wsgi [None req-7dc96bfd-6757-4186-989f-47f0ff0b2c91 42c5276c71b348a9abacbf421c309197 ff7e564635fa43fa9e2dc3cdab6453c3 - - default default] 10.0.0.110 "POST /v2.0/networks HTTP/1.1" status: 201 len: 951 time: 1.2321396
2026-07-14 18:52:42.564 9 WARNING neutron.api.rpc.agentnotifiers.dhcp_rpc_agent_api [None req-aa176a6c-545d-4821-b604-d192c488f2b3 42c5276c71b348a9abacbf421c309197 ff7e564635fa43fa9e2dc3cdab6453c3 - - default default] Unable to schedule network 2e133c80-84c2-46e3-a9d5-06b1489a48ae: no agents available; will retry on subsequent port and subnet creation events.
2026-07-14 18:52:42.717 10 WARNING neutron.scheduler.dhcp_agent_scheduler [None req-d20142d2-67c7-4ba1-a8ea-0aafa3f1f2a3 42c5276c71b348a9abacbf421c309197 ff7e564635fa43fa9e2dc3cdab6453c3 - - default default] No more DHCP agents
2026-07-14 18:52:42.720 10 WARNING neutron.api.rpc.agentnotifiers.dhcp_rpc_agent_api [None req-d20142d2-67c7-4ba1-a8ea-0aafa3f1f2a3 42c5276c71b348a9abacbf421c309197 ff7e564635fa43fa9e2dc3cdab6453c3 - - default default] Unable to schedule network c7cebf9c-ad31-42cb-9d16-cd086e7dc5b2: no agents available; will retry on subsequent port and subnet creation events.
2026-07-14 18:52:42.744 9 INFO neutron.db.ovn_revision_numbers_db [None req-aa176a6c-545d-4821-b604-d192c488f2b3 42c5276c71b348a9abacbf421c309197 ff7e564635fa43fa9e2dc3cdab6453c3 - - default default] Successfully bumped revision number for resource 2c9a963f-7616-4051-8f24-08f784c9a64a (type: ports) to 1
2026-07-14 18:52:42.788 9 INFO neutron.wsgi [None req-aa176a6c-545d-4821-b604-d192c488f2b3 42c5276c71b348a9abacbf421c309197 ff7e564635fa43fa9e2dc3cdab6453c3 - - default default] 10.0.0.110 "POST /v2.0/networks HTTP/1.1" status: 201 len: 948 time: 1.2167649
2026-07-14 18:52:43.081 9 WARNING neutron.scheduler.dhcp_agent_scheduler [None req-5fb316c8-49b4-4b3e-add8-4e951fa93c51 42c5276c71b348a9abacbf421c309197 ff7e564635fa43fa9e2dc3cdab6453c3 - - default default] No more DHCP agents
2026-07-14 18:52:43.086 9 INFO neutron.wsgi [None req-ccab20c1-d881-4a82-be0b-730e6588925b 42c5276c71b348a9abacbf421c309197 ff7e564635fa43fa9e2dc3cdab6453c3 - - default default] 10.0.0.110 "DELETE /v2.0/security-groups/b43014ae-cad0-4eff-8f8e-4ca6a1403cd5 HTTP/1.1" status: 204 len: 168 time: 0.5089529
2026-07-14 18:52:43.095 9 WARNING neutron.api.rpc.agentnotifiers.dhcp_rpc_agent_api [None req-5fb316c8-49b4-4b3e-add8-4e951fa93c51 42c5276c71b348a9abacbf421c309197 ff7e564635fa43fa9e2dc3cdab6453c3 - - default default] Unable to schedule network 2e133c80-84c2-46e3-a9d5-06b1489a48ae: no agents available; will retry on subsequent port and subnet creation events.
2026-07-14 18:52:43.234 10 INFO neutron.db.ovn_revision_numbers_db [None req-d20142d2-67c7-4ba1-a8ea-0aafa3f1f2a3 42c5276c71b348a9abacbf421c309197 ff7e564635fa43fa9e2dc3cdab6453c3 - - default default] Successfully bumped revision number for resource e1d33cf8-d892-4657-90b9-1bc19df5a010 (type: ports) to 2
2026-07-14 18:52:43.273 10 INFO neutron.db.ovn_revision_numbers_db [None req-d20142d2-67c7-4ba1-a8ea-0aafa3f1f2a3 42c5276c71b348a9abacbf421c309197 ff7e564635fa43fa9e2dc3cdab6453c3 - - default default] Successfully bumped revision number for resource 1e58f54e-4f58-4abf-8e6d-07df8d5e1686 (type: subnets) to 0
2026-07-14 18:52:43.292 10 INFO neutron.wsgi [None req-d20142d2-67c7-4ba1-a8ea-0aafa3f1f2a3 42c5276c71b348a9abacbf421c309197 ff7e564635fa43fa9e2dc3cdab6453c3 - - default default] 10.0.0.110 "POST /v2.0/subnets HTTP/1.1" status: 201 len: 871 time: 0.7260528
2026-07-14 18:52:43.520 9 INFO neutron.db.ovn_revision_numbers_db [None req-5d8e64f7-cad5-4daf-948e-0e5f40887dd8 42c5276c71b348a9abacbf421c309197 ff7e564635fa43fa9e2dc3cdab6453c3 - - default default] Successfully bumped revision number for resource 089eaf9e-7694-4409-a382-c10ddc49657e (type: ports) to 2
2026-07-14 18:52:43.570 9 INFO neutron.db.ovn_revision_numbers_db [None req-5d8e64f7-cad5-4daf-948e-0e5f40887dd8 42c5276c71b348a9abacbf421c309197 ff7e564635fa43fa9e2dc3cdab6453c3 - - default default] Successfully bumped revision number for resource 75f7bccb-135f-4afb-ad55-b3c16ec483e5 (type: subnets) to 0
2026-07-14 18:52:43.590 9 INFO neutron.wsgi [None req-5d8e64f7-cad5-4daf-948e-0e5f40887dd8 42c5276c71b348a9abacbf421c309197 ff7e564635fa43fa9e2dc3cdab6453c3 - - default default] 10.0.0.110 "POST /v2.0/subnets HTTP/1.1" status: 201 len: 867 time: 1.3759599
2026-07-14 18:52:44.011 10 WARNING neutron.scheduler.dhcp_agent_scheduler [None req-2621cd37-e251-4af1-b08c-bbe40ab24add 42c5276c71b348a9abacbf421c309197 ff7e564635fa43fa9e2dc3cdab6453c3 - - default default] No more DHCP agents
2026-07-14 18:52:44.013 10 WARNING neutron.api.rpc.agentnotifiers.dhcp_rpc_agent_api [None req-2621cd37-e251-4af1-b08c-bbe40ab24add 42c5276c71b348a9abacbf421c309197 ff7e564635fa43fa9e2dc3cdab6453c3 - - default default] Unable to schedule network 042559a0-e9f8-4ebe-aef7-fc562a7ceb78: no agents available; will retry on subsequent port and subnet creation events.
2026-07-14 18:52:44.039 9 INFO neutron.db.ovn_revision_numbers_db [None req-5fb316c8-49b4-4b3e-add8-4e951fa93c51 42c5276c71b348a9abacbf421c309197 ff7e564635fa43fa9e2dc3cdab6453c3 - - default default] Successfully bumped revision number for resource 2c9a963f-7616-4051-8f24-08f784c9a64a (type: ports) to 2
2026-07-14 18:52:44.105 9 INFO neutron.db.ovn_revision_numbers_db [None req-5fb316c8-49b4-4b3e-add8-4e951fa93c51 42c5276c71b348a9abacbf421c309197 ff7e564635fa43fa9e2dc3cdab6453c3 - - default default] Successfully bumped revision number for resource 477b4cb8-7272-49c5-b1c2-6b5e2ea0c087 (type: subnets) to 0
2026-07-14 18:52:44.128 9 INFO neutron.wsgi [None req-5fb316c8-49b4-4b3e-add8-4e951fa93c51 42c5276c71b348a9abacbf421c309197 ff7e564635fa43fa9e2dc3cdab6453c3 - - default default] 10.0.0.110 "POST /v2.0/subnets HTTP/1.1" status: 201 len: 869 time: 1.3339274
2026-07-14 18:52:44.208 10 INFO neutron.db.ovn_revision_numbers_db [None req-2621cd37-e251-4af1-b08c-bbe40ab24add 42c5276c71b348a9abacbf421c309197 ff7e564635fa43fa9e2dc3cdab6453c3 - - default default] Successfully bumped revision number for resource f3a097d6-d904-4142-956f-666e8f97dec0 (type: ports) to 1
2026-07-14 18:52:44.530 9 WARNING neutron.scheduler.dhcp_agent_scheduler [None req-d3c929cd-f046-4bc4-a2d2-94ffaba7be10 42c5276c71b348a9abacbf421c309197 ff7e564635fa43fa9e2dc3cdab6453c3 - - default default] No more DHCP agents
2026-07-14 18:52:44.536 9 WARNING neutron.api.rpc.agentnotifiers.dhcp_rpc_agent_api [None req-d3c929cd-f046-4bc4-a2d2-94ffaba7be10 42c5276c71b348a9abacbf421c309197 ff7e564635fa43fa9e2dc3cdab6453c3 - - default default] Unable to schedule network 042559a0-e9f8-4ebe-aef7-fc562a7ceb78: no agents available; will retry on subsequent port and subnet creation events.
2026-07-14 18:52:44.647 10 INFO neutron.plugins.ml2.drivers.ovn.mech_driver.ovsdb.extensions.qos [None req-2621cd37-e251-4af1-b08c-bbe40ab24add 42c5276c71b348a9abacbf421c309197 ff7e564635fa43fa9e2dc3cdab6453c3 - - default default] Starting OVNClientQosExtension
2026-07-14 18:52:44.755 9 INFO neutron.db.ovn_revision_numbers_db [None req-d3c929cd-f046-4bc4-a2d2-94ffaba7be10 42c5276c71b348a9abacbf421c309197 ff7e564635fa43fa9e2dc3cdab6453c3 - - default default] Successfully bumped revision number for resource 1663d570-79a2-4044-b6c6-8abe907c6d62 (type: ports) to 1
2026-07-14 18:52:45.018 9 WARNING neutron.scheduler.dhcp_agent_scheduler [None req-8ed447a6-eb74-44c6-b397-8e82a7730cbf 42c5276c71b348a9abacbf421c309197 ff7e564635fa43fa9e2dc3cdab6453c3 - - default default] No more DHCP agents
2026-07-14 18:52:45.023 9 WARNING neutron.api.rpc.agentnotifiers.dhcp_rpc_agent_api [None req-8ed447a6-eb74-44c6-b397-8e82a7730cbf 42c5276c71b348a9abacbf421c309197 ff7e564635fa43fa9e2dc3cdab6453c3 - - default default] Unable to schedule network 042559a0-e9f8-4ebe-aef7-fc562a7ceb78: no agents available; will retry on subsequent port and subnet creation events.
2026-07-14 18:52:45.184 10 INFO neutron.plugins.ml2.drivers.ovn.mech_driver.ovsdb.commands [None req-df649dd5-3529-4797-87d0-5b49a783ffd4 - - - - - -] Schedule LRP lrp-f3a097d6-d904-4142-956f-666e8f97dec0 on gateway 075bdfd4-4d15-4480-a1da-59ab3d61ed06 with priority 1
2026-07-14 18:52:45.250 10 INFO neutron.db.ovn_revision_numbers_db [None req-2621cd37-e251-4af1-b08c-bbe40ab24add 42c5276c71b348a9abacbf421c309197 ff7e564635fa43fa9e2dc3cdab6453c3 - - default default] Successfully bumped revision number for resource f3a097d6-d904-4142-956f-666e8f97dec0 (type: router_ports) to 1
2026-07-14 18:52:45.267 9 INFO neutron.plugins.ml2.drivers.ovn.mech_driver.ovsdb.ovsdb_monitor [-] Router d0fff272-06a6-415f-aec0-23282d95dae5 is bound to host instance
2026-07-14 18:52:45.283 9 INFO neutron.plugins.ml2.drivers.ovn.mech_driver.mech_driver [None req-b3893bc5-85d2-406f-b2ce-5ab6e62dbb5a - - - - - -] OVN reports status up for port: f3a097d6-d904-4142-956f-666e8f97dec0
2026-07-14 18:52:45.324 9 INFO neutron.plugins.ml2.plugin [None req-b3893bc5-85d2-406f-b2ce-5ab6e62dbb5a - - - - - -] Attempt 1 to provision port f3a097d6-d904-4142-956f-666e8f97dec0
2026-07-14 18:52:45.330 10 INFO neutron.db.ovn_revision_numbers_db [None req-2621cd37-e251-4af1-b08c-bbe40ab24add 42c5276c71b348a9abacbf421c309197 ff7e564635fa43fa9e2dc3cdab6453c3 - - default default] Successfully bumped revision number for resource d0fff272-06a6-415f-aec0-23282d95dae5 (type: routers) to 2
2026-07-14 18:52:45.349 10 INFO neutron.wsgi [None req-2621cd37-e251-4af1-b08c-bbe40ab24add 42c5276c71b348a9abacbf421c309197 ff7e564635fa43fa9e2dc3cdab6453c3 - - default default] 10.0.0.110 "POST /v2.0/routers HTTP/1.1" status: 201 len: 1173 time: 2.0517550
2026-07-14 18:52:45.459 9 INFO neutron.db.ovn_revision_numbers_db [None req-8ed447a6-eb74-44c6-b397-8e82a7730cbf 42c5276c71b348a9abacbf421c309197 ff7e564635fa43fa9e2dc3cdab6453c3 - - default default] Successfully bumped revision number for resource b4c46736-083d-4c69-8c87-fa0e19135230 (type: ports) to 1
2026-07-14 18:52:45.530 9 INFO neutron.plugins.ml2.drivers.ovn.mech_driver.ovsdb.extensions.qos [None req-d3c929cd-f046-4bc4-a2d2-94ffaba7be10 42c5276c71b348a9abacbf421c309197 ff7e564635fa43fa9e2dc3cdab6453c3 - - default default] Starting OVNClientQosExtension
2026-07-14 18:52:46.043 10 WARNING neutron.scheduler.dhcp_agent_scheduler [None req-557381f5-b881-4815-b5c6-838f7ead0c12 42c5276c71b348a9abacbf421c309197 ff7e564635fa43fa9e2dc3cdab6453c3 - - default default] No more DHCP agents
2026-07-14 18:52:46.046 10 WARNING neutron.api.rpc.agentnotifiers.dhcp_rpc_agent_api [None req-557381f5-b881-4815-b5c6-838f7ead0c12 42c5276c71b348a9abacbf421c309197 ff7e564635fa43fa9e2dc3cdab6453c3 - - default default] Unable to schedule network c7cebf9c-ad31-42cb-9d16-cd086e7dc5b2: no agents available; will retry on subsequent port and subnet creation events.
2026-07-14 18:52:46.204 10 INFO neutron.db.ovn_revision_numbers_db [None req-557381f5-b881-4815-b5c6-838f7ead0c12 42c5276c71b348a9abacbf421c309197 ff7e564635fa43fa9e2dc3cdab6453c3 - - default default] Successfully bumped revision number for resource 155d0848-3bc3-499f-afc9-54471a4b3e34 (type: ports) to 1
2026-07-14 18:52:46.423 9 INFO neutron.plugins.ml2.drivers.ovn.mech_driver.ovsdb.commands [None req-e0a30682-a2b6-4c0e-82c6-97db4112230f - - - - - -] Schedule LRP lrp-1663d570-79a2-4044-b6c6-8abe907c6d62 on gateway 075bdfd4-4d15-4480-a1da-59ab3d61ed06 with priority 1
2026-07-14 18:52:46.438 10 INFO neutron.plugins.ml2.drivers.ovn.mech_driver.mech_driver [-] OVN reports status up for port: 1663d570-79a2-4044-b6c6-8abe907c6d62
2026-07-14 18:52:46.452 10 INFO neutron.plugins.ml2.drivers.ovn.mech_driver.ovsdb.ovsdb_monitor [-] Router 29ff05e2-a5c2-471a-99cb-748e8ae9477d is bound to host instance
2026-07-14 18:52:46.470 10 INFO neutron.plugins.ml2.plugin [None req-d887c70c-8fc1-42e8-a873-0fff16e19d3d - - - - - -] Attempt 1 to provision port 1663d570-79a2-4044-b6c6-8abe907c6d62
2026-07-14 18:52:46.515 9 INFO neutron.db.ovn_revision_numbers_db [None req-d3c929cd-f046-4bc4-a2d2-94ffaba7be10 42c5276c71b348a9abacbf421c309197 ff7e564635fa43fa9e2dc3cdab6453c3 - - default default] Successfully bumped revision number for resource 1663d570-79a2-4044-b6c6-8abe907c6d62 (type: router_ports) to 1
2026-07-14 18:52:46.662 9 INFO neutron.db.ovn_revision_numbers_db [None req-d3c929cd-f046-4bc4-a2d2-94ffaba7be10 42c5276c71b348a9abacbf421c309197 ff7e564635fa43fa9e2dc3cdab6453c3 - - default default] Successfully bumped revision number for resource 29ff05e2-a5c2-471a-99cb-748e8ae9477d (type: routers) to 2
2026-07-14 18:52:46.694 9 INFO neutron.wsgi [None req-d3c929cd-f046-4bc4-a2d2-94ffaba7be10 42c5276c71b348a9abacbf421c309197 ff7e564635fa43fa9e2dc3cdab6453c3 - - default default] 10.0.0.110 "POST /v2.0/routers HTTP/1.1" status: 201 len: 1169 time: 3.0987916
2026-07-14 18:52:46.780 9 INFO neutron.db.ovn_revision_numbers_db [None req-d8355f9d-271a-4933-aa23-17011ac1b9b0 - - - - - -] Successfully bumped revision number for resource f3a097d6-d904-4142-956f-666e8f97dec0 (type: ports) to 1
2026-07-14 18:52:46.838 9 INFO neutron.plugins.ml2.drivers.ovn.mech_driver.ovsdb.commands [None req-e0a30682-a2b6-4c0e-82c6-97db4112230f - - - - - -] Schedule LRP lrp-b4c46736-083d-4c69-8c87-fa0e19135230 on gateway 075bdfd4-4d15-4480-a1da-59ab3d61ed06 with priority 1
2026-07-14 18:52:47.017 9 INFO neutron.db.ovn_revision_numbers_db [None req-8ed447a6-eb74-44c6-b397-8e82a7730cbf 42c5276c71b348a9abacbf421c309197 ff7e564635fa43fa9e2dc3cdab6453c3 - - default default] Successfully bumped revision number for resource b4c46736-083d-4c69-8c87-fa0e19135230 (type: router_ports) to 1
2026-07-14 18:52:47.127 9 INFO neutron.db.ovn_revision_numbers_db [None req-8ed447a6-eb74-44c6-b397-8e82a7730cbf 42c5276c71b348a9abacbf421c309197 ff7e564635fa43fa9e2dc3cdab6453c3 - - default default] Successfully bumped revision number for resource 1de5fe6b-a729-4ff2-b030-b2d69406e1dc (type: routers) to 2
2026-07-14 18:52:47.163 9 INFO neutron.wsgi [None req-8ed447a6-eb74-44c6-b397-8e82a7730cbf 42c5276c71b348a9abacbf421c309197 ff7e564635fa43fa9e2dc3cdab6453c3 - - default default] 10.0.0.110 "POST /v2.0/routers HTTP/1.1" status: 201 len: 1171 time: 3.0285430
2026-07-14 18:52:47.465 9 INFO neutron.db.ovn_revision_numbers_db [None req-d8355f9d-271a-4933-aa23-17011ac1b9b0 - - - - - -] Successfully bumped revision number for resource f3a097d6-d904-4142-956f-666e8f97dec0 (type: router_ports) to 3
2026-07-14 18:52:47.576 10 ERROR ovsdbapp.backend.ovs_idl.command [None req-557381f5-b881-4815-b5c6-838f7ead0c12 42c5276c71b348a9abacbf421c309197 ff7e564635fa43fa9e2dc3cdab6453c3 - - default default] Error executing command (DbGetCommand): ovsdbapp.backend.ovs_idl.idlutils.RowNotFound: Cannot find Logical_Router_Port with name=lrp-155d0848-3bc3-499f-afc9-54471a4b3e34
2026-07-14 18:52:47.576 10 ERROR ovsdbapp.backend.ovs_idl.command
Traceback (most recent call last):
2026-07-14 18:52:47.576 10 ERROR ovsdbapp.backend.ovs_idl.command
File "/var/lib/openstack/lib/python3.10/site-packages/ovsdbapp/backend/ovs_idl/command.py", line 47, in execute
2026-07-14 18:52:47.576 10 ERROR ovsdbapp.backend.ovs_idl.command self.run_idl(None)
2026-07-14 18:52:47.576 10 ERROR ovsdbapp.backend.ovs_idl.command
File "/var/lib/openstack/lib/python3.10/site-packages/ovsdbapp/backend/ovs_idl/command.py", line 235, in run_idl
2026-07-14 18:52:47.576 10 ERROR ovsdbapp.backend.ovs_idl.command record = self.api.lookup(self.table, self.record)
2026-07-14 18:52:47.576 10 ERROR ovsdbapp.backend.ovs_idl.command
File "/var/lib/openstack/lib/python3.10/site-packages/ovsdbapp/backend/ovs_idl/__init__.py", line 184, in lookup
2026-07-14 18:52:47.576 10 ERROR ovsdbapp.backend.ovs_idl.command return self._lookup(table, record)
2026-07-14 18:52:47.576 10 ERROR ovsdbapp.backend.ovs_idl.command
File "/var/lib/openstack/lib/python3.10/site-packages/ovsdbapp/backend/ovs_idl/__init__.py", line 235, in _lookup
2026-07-14 18:52:47.576 10 ERROR ovsdbapp.backend.ovs_idl.command row = idlutils.row_by_value(self, rl.table, rl.column, record)
2026-07-14 18:52:47.576 10 ERROR ovsdbapp.backend.ovs_idl.command
File "/var/lib/openstack/lib/python3.10/site-packages/ovsdbapp/backend/ovs_idl/idlutils.py", line 114, in row_by_value
2026-07-14 18:52:47.576 10 ERROR ovsdbapp.backend.ovs_idl.command raise RowNotFound(table=table, col=column, match=match)
2026-07-14 18:52:47.576 10 ERROR ovsdbapp.backend.ovs_idl.command ovsdbapp.backend.ovs_idl.idlutils.RowNotFound: Cannot find Logical_Router_Port with name=lrp-155d0848-3bc3-499f-afc9-54471a4b3e34
2026-07-14 18:52:47.576 10 ERROR ovsdbapp.backend.ovs_idl.command 
2026-07-14 18:52:47.577 10 ERROR neutron_lib.callbacks.manager [None req-557381f5-b881-4815-b5c6-838f7ead0c12 42c5276c71b348a9abacbf421c309197 ff7e564635fa43fa9e2dc3cdab6453c3 - - default default] Error during notification for neutron.services.ovn_l3.plugin.OVNL3RouterPlugin._port_update-8746044657382 port, after_update: ovsdbapp.backend.ovs_idl.idlutils.RowNotFound: Cannot find Logical_Router_Port with name=lrp-155d0848-3bc3-499f-afc9-54471a4b3e34
2026-07-14 18:52:47.577 10 ERROR neutron_lib.callbacks.manager
Traceback (most recent call last):
2026-07-14 18:52:47.577 10 ERROR neutron_lib.callbacks.manager
File "/var/lib/openstack/lib/python3.10/site-packages/neutron_lib/callbacks/manager.py", line 189, in _notify_loop
2026-07-14 18:52:47.577 10 ERROR neutron_lib.callbacks.manager callback.method(resource, event, trigger, payload=payload)
2026-07-14 18:52:47.577 10 ERROR neutron_lib.callbacks.manager
File "/var/lib/openstack/lib/python3.10/site-packages/neutron/services/ovn_l3/plugin.py", line 391, in _port_update
2026-07-14 18:52:47.577 10 ERROR neutron_lib.callbacks.manager l3plugin._ovn_client.update_router_port(context,
2026-07-14 18:52:47.577 10 ERROR neutron_lib.callbacks.manager
File "/var/lib/openstack/lib/python3.10/site-packages/neutron/plugins/ml2/drivers/ovn/mech_driver/ovsdb/ovn_client.py", line 1878, in update_router_port
2026-07-14 18:52:47.577 10 ERROR neutron_lib.callbacks.manager self._update_lrouter_port(context, port, if_exists=if_exists,
2026-07-14 18:52:47.577 10 ERROR neutron_lib.callbacks.manager
File "/var/lib/openstack/lib/python3.10/site-packages/neutron/plugins/ml2/drivers/ovn/mech_driver/ovsdb/ovn_client.py", line 1855, in _update_lrouter_port
2026-07-14 18:52:47.577 10 ERROR neutron_lib.callbacks.manager external_ids = self._nb_idl.db_get(
2026-07-14 18:52:47.577 10 ERROR neutron_lib.callbacks.manager
File "/var/lib/openstack/lib/python3.10/site-packages/ovsdbapp/backend/ovs_idl/command.py", line 47, in execute
2026-07-14 18:52:47.577 10 ERROR neutron_lib.callbacks.manager self.run_idl(None)
2026-07-14 18:52:47.577 10 ERROR neutron_lib.callbacks.manager
File "/var/lib/openstack/lib/python3.10/site-packages/ovsdbapp/backend/ovs_idl/command.py", line 235, in run_idl
2026-07-14 18:52:47.577 10 ERROR neutron_lib.callbacks.manager record = self.api.lookup(self.table, self.record)
2026-07-14 18:52:47.577 10 ERROR neutron_lib.callbacks.manager
File "/var/lib/openstack/lib/python3.10/site-packages/ovsdbapp/backend/ovs_idl/__init__.py", line 184, in lookup
2026-07-14 18:52:47.577 10 ERROR neutron_lib.callbacks.manager return self._lookup(table, record)
2026-07-14 18:52:47.577 10 ERROR neutron_lib.callbacks.manager
File "/var/lib/openstack/lib/python3.10/site-packages/ovsdbapp/backend/ovs_idl/__init__.py", line 235, in _lookup
2026-07-14 18:52:47.577 10 ERROR neutron_lib.callbacks.manager row = idlutils.row_by_value(self, rl.table, rl.column, record)
2026-07-14 18:52:47.577 10 ERROR neutron_lib.callbacks.manager
File "/var/lib/openstack/lib/python3.10/site-packages/ovsdbapp/backend/ovs_idl/idlutils.py", line 114, in row_by_value
2026-07-14 18:52:47.577 10 ERROR neutron_lib.callbacks.manager raise RowNotFound(table=table, col=column, match=match)
2026-07-14 18:52:47.577 10 ERROR neutron_lib.callbacks.manager ovsdbapp.backend.ovs_idl.idlutils.RowNotFound: Cannot find Logical_Router_Port with name=lrp-155d0848-3bc3-499f-afc9-54471a4b3e34
2026-07-14 18:52:47.577 10 ERROR neutron_lib.callbacks.manager 
2026-07-14 18:52:47.657 9 INFO neutron.db.ovn_revision_numbers_db [None req-f79da0ae-08e9-4369-8e8c-993e834f378e 42c5276c71b348a9abacbf421c309197 ff7e564635fa43fa9e2dc3cdab6453c3 - - default default] Successfully bumped revision number for resource 3407ff2d-7278-4b07-b26e-71685e900288 (type: security_groups) to 1
2026-07-14 18:52:47.694 9 INFO neutron.db.ovn_revision_numbers_db [None req-f79da0ae-08e9-4369-8e8c-993e834f378e 42c5276c71b348a9abacbf421c309197 ff7e564635fa43fa9e2dc3cdab6453c3 - - default default] Successfully bumped revision number for resource 192391f0-a249-47e8-aa16-6fb3fc3237d5 (type: security_group_rules) to 0
2026-07-14 18:52:47.726 9 INFO neutron.db.ovn_revision_numbers_db [None req-f79da0ae-08e9-4369-8e8c-993e834f378e 42c5276c71b348a9abacbf421c309197 ff7e564635fa43fa9e2dc3cdab6453c3 - - default default] Successfully bumped revision number for resource b7953e7a-fb54-4bcf-99ca-158ad4a6104c (type: security_group_rules) to 0
2026-07-14 18:52:47.864 9 INFO neutron.db.ovn_revision_numbers_db [None req-f79da0ae-08e9-4369-8e8c-993e834f378e 42c5276c71b348a9abacbf421c309197 ff7e564635fa43fa9e2dc3cdab6453c3 - - default default] Successfully bumped revision number for resource e344b0a8-19d4-4232-9eb6-a6533145c5d4 (type: security_group_rules) to 0
2026-07-14 18:52:47.910 9 INFO neutron.db.ovn_revision_numbers_db [None req-d8355f9d-271a-4933-aa23-17011ac1b9b0 - - - - - -] Successfully bumped revision number for resource f3a097d6-d904-4142-956f-666e8f97dec0 (type: ports) to 2
2026-07-14 18:52:47.917 9 INFO neutron.db.ovn_revision_numbers_db [None req-f79da0ae-08e9-4369-8e8c-993e834f378e 42c5276c71b348a9abacbf421c309197 ff7e564635fa43fa9e2dc3cdab6453c3 - - default default] Successfully bumped revision number for resource e919f389-1d95-461b-be00-c499aa97bc3d (type: security_group_rules) to 0
2026-07-14 18:52:47.951 10 WARNING neutron.scheduler.dhcp_agent_scheduler [None req-8caabc2b-0d4b-43c6-a0ad-c85b048dc0de 42c5276c71b348a9abacbf421c309197 ff7e564635fa43fa9e2dc3cdab6453c3 - - default default] No more DHCP agents
2026-07-14 18:52:47.952 9 INFO neutron.plugins.ml2.drivers.ovn.mech_driver.mech_driver [None req-b3893bc5-85d2-406f-b2ce-5ab6e62dbb5a - - - - - -] OVN reports status up for port: b4c46736-083d-4c69-8c87-fa0e19135230
2026-07-14 18:52:47.958 10 WARNING neutron.api.rpc.agentnotifiers.dhcp_rpc_agent_api [None req-8caabc2b-0d4b-43c6-a0ad-c85b048dc0de 42c5276c71b348a9abacbf421c309197 ff7e564635fa43fa9e2dc3cdab6453c3 - - default default] Unable to schedule network e8711256-7a1e-418e-afef-65659d27ad4e: no agents available; will retry on subsequent port and subnet creation events.
2026-07-14 18:52:47.959 9 INFO neutron.wsgi [None req-f79da0ae-08e9-4369-8e8c-993e834f378e 42c5276c71b348a9abacbf421c309197 ff7e564635fa43fa9e2dc3cdab6453c3 - - default default] 10.0.0.110 "GET /v2.0/security-groups?tenant_id=00555fec82b4475d8a4b0c6f5d7b783d&name=default HTTP/1.1" status: 200 len: 3116 time: 0.7458575
2026-07-14 18:52:47.976 9 INFO neutron.plugins.ml2.plugin [None req-b3893bc5-85d2-406f-b2ce-5ab6e62dbb5a - - - - - -] Attempt 1 to provision port b4c46736-083d-4c69-8c87-fa0e19135230
2026-07-14 18:52:47.993 10 INFO neutron.db.ovn_revision_numbers_db [None req-557381f5-b881-4815-b5c6-838f7ead0c12 42c5276c71b348a9abacbf421c309197 ff7e564635fa43fa9e2dc3cdab6453c3 - - default default] Successfully bumped revision number for resource 155d0848-3bc3-499f-afc9-54471a4b3e34 (type: ports) to 1
2026-07-14 18:52:48.004 10 INFO neutron.db.ovn_revision_numbers_db [None req-68f97aa8-0195-4ef2-b4fe-59f2e526e5a2 - - - - - -] Successfully bumped revision number for resource 1663d570-79a2-4044-b6c6-8abe907c6d62 (type: ports) to 1
2026-07-14 18:52:48.112 10 WARNING neutron.scheduler.dhcp_agent_scheduler [None req-557381f5-b881-4815-b5c6-838f7ead0c12 42c5276c71b348a9abacbf421c309197 ff7e564635fa43fa9e2dc3cdab6453c3 - - default default] No more DHCP agents
2026-07-14 18:52:48.113 10 WARNING neutron.api.rpc.agentnotifiers.dhcp_rpc_agent_api [None req-557381f5-b881-4815-b5c6-838f7ead0c12 42c5276c71b348a9abacbf421c309197 ff7e564635fa43fa9e2dc3cdab6453c3 - - default default] Unable to schedule network c7cebf9c-ad31-42cb-9d16-cd086e7dc5b2: no agents available; will retry on subsequent port and subnet creation events.
2026-07-14 18:52:48.197 9 WARNING neutron.scheduler.dhcp_agent_scheduler [None req-73fef3a6-b84d-4ff8-800d-3d6d3b7e070e 42c5276c71b348a9abacbf421c309197 ff7e564635fa43fa9e2dc3cdab6453c3 - - default default] No more DHCP agents
2026-07-14 18:52:48.202 9 WARNING neutron.api.rpc.agentnotifiers.dhcp_rpc_agent_api [None req-73fef3a6-b84d-4ff8-800d-3d6d3b7e070e 42c5276c71b348a9abacbf421c309197 ff7e564635fa43fa9e2dc3cdab6453c3 - - default default] Unable to schedule network 2e133c80-84c2-46e3-a9d5-06b1489a48ae: no agents available; will retry on subsequent port and subnet creation events.
2026-07-14 18:52:48.334 10 INFO neutron.db.ovn_revision_numbers_db [None req-8caabc2b-0d4b-43c6-a0ad-c85b048dc0de 42c5276c71b348a9abacbf421c309197 ff7e564635fa43fa9e2dc3cdab6453c3 - - default default] Successfully bumped revision number for resource e8f0bf2c-6af5-4049-9bd7-d5ef408fb10d (type: ports) to 1
2026-07-14 18:52:48.427 9 INFO neutron.db.ovn_revision_numbers_db [None req-73fef3a6-b84d-4ff8-800d-3d6d3b7e070e 42c5276c71b348a9abacbf421c309197 ff7e564635fa43fa9e2dc3cdab6453c3 - - default default] Successfully bumped revision number for resource a4e2b4a5-84ca-4730-8cb9-0563134c09c0 (type: ports) to 1
2026-07-14 18:52:48.498 9 INFO neutron.wsgi [None req-468b882d-66d6-4ef4-9a3a-45e586877fee 42c5276c71b348a9abacbf421c309197 ff7e564635fa43fa9e2dc3cdab6453c3 - - default default] 10.0.0.110 "DELETE /v2.0/security-groups/3407ff2d-7278-4b07-b26e-71685e900288 HTTP/1.1" status: 204 len: 168 time: 0.5308118
2026-07-14 18:52:48.649 9 INFO neutron.db.ovn_revision_numbers_db [None req-d8355f9d-271a-4933-aa23-17011ac1b9b0 - - - - - -] Successfully bumped revision number for resource f3a097d6-d904-4142-956f-666e8f97dec0 (type: ports) to 4
2026-07-14 18:52:48.959 10 INFO neutron.db.ovn_revision_numbers_db [None req-68f97aa8-0195-4ef2-b4fe-59f2e526e5a2 - - - - - -] Successfully bumped revision number for resource 1663d570-79a2-4044-b6c6-8abe907c6d62 (type: router_ports) to 3
2026-07-14 18:52:49.020 9 INFO neutron.db.ovn_revision_numbers_db [None req-d2431b25-f9c2-4e6e-89b8-9fbb940f941b 42c5276c71b348a9abacbf421c309197 ff7e564635fa43fa9e2dc3cdab6453c3 - - default default] Successfully bumped revision number for resource 8ea1a810-33f3-49a5-ae5a-1b41e075bfc0 (type: security_groups) to 1
2026-07-14 18:52:49.055 9 INFO neutron.db.ovn_revision_numbers_db [None req-d2431b25-f9c2-4e6e-89b8-9fbb940f941b 42c5276c71b348a9abacbf421c309197 ff7e564635fa43fa9e2dc3cdab6453c3 - - default default] Successfully bumped revision number for resource 2eeb2f1c-ee49-4667-a1cd-d37523be0ea5 (type: security_group_rules) to 0
2026-07-14 18:52:49.080 9 INFO neutron.db.ovn_revision_numbers_db [None req-d2431b25-f9c2-4e6e-89b8-9fbb940f941b 42c5276c71b348a9abacbf421c309197 ff7e564635fa43fa9e2dc3cdab6453c3 - - default default] Successfully bumped revision number for resource 8ce6546b-0931-45e2-8b99-5fdffc90a2af (type: security_group_rules) to 0
2026-07-14 18:52:49.113 9 INFO neutron.db.ovn_revision_numbers_db [None req-d2431b25-f9c2-4e6e-89b8-9fbb940f941b 42c5276c71b348a9abacbf421c309197 ff7e564635fa43fa9e2dc3cdab6453c3 - - default default] Successfully bumped revision number for resource 99015979-ad2c-487f-ac15-a27e8a3f30d8 (type: security_group_rules) to 0
2026-07-14 18:52:49.146 9 INFO neutron.db.ovn_revision_numbers_db [None req-d2431b25-f9c2-4e6e-89b8-9fbb940f941b 42c5276c71b348a9abacbf421c309197 ff7e564635fa43fa9e2dc3cdab6453c3 - - default default] Successfully bumped revision number for resource e16673c2-4638-41d8-b56f-6e448e6a6211 (type: security_group_rules) to 0
2026-07-14 18:52:49.182 9 INFO neutron.wsgi [None req-d2431b25-f9c2-4e6e-89b8-9fbb940f941b 42c5276c71b348a9abacbf421c309197 ff7e564635fa43fa9e2dc3cdab6453c3 - - default default] 10.0.0.110 "GET /v2.0/security-groups?tenant_id=dd25fe224e10432f99e8634e0e0bd7c1&name=default HTTP/1.1" status: 200 len: 3116 time: 0.5458105
2026-07-14 18:52:49.291 9 INFO neutron.db.ovn_revision_numbers_db [None req-d8355f9d-271a-4933-aa23-17011ac1b9b0 - - - - - -] Successfully bumped revision number for resource f3a097d6-d904-4142-956f-666e8f97dec0 (type: router_ports) to 4
2026-07-14 18:52:49.309 10 INFO neutron.plugins.ml2.drivers.ovn.mech_driver.mech_driver [None req-d887c70c-8fc1-42e8-a873-0fff16e19d3d - - - - - -] OVN reports status up for port: 155d0848-3bc3-499f-afc9-54471a4b3e34
2026-07-14 18:52:49.357 10 INFO neutron.plugins.ml2.plugin [None req-d887c70c-8fc1-42e8-a873-0fff16e19d3d - - - - - -] Attempt 1 to provision port 155d0848-3bc3-499f-afc9-54471a4b3e34
2026-07-14 18:52:49.458 9 ERROR ovsdbapp.backend.ovs_idl.command [None req-73fef3a6-b84d-4ff8-800d-3d6d3b7e070e 42c5276c71b348a9abacbf421c309197 ff7e564635fa43fa9e2dc3cdab6453c3 - - default default] Error executing command (DbGetCommand): ovsdbapp.backend.ovs_idl.idlutils.RowNotFound: Cannot find Logical_Router_Port with name=lrp-a4e2b4a5-84ca-4730-8cb9-0563134c09c0
2026-07-14 18:52:49.458 9 ERROR ovsdbapp.backend.ovs_idl.command
Traceback (most recent call last):
