2026-07-14 18:54:29.186 9 WARNING neutron_lib.context [None req-126016bd-1688-4a98-b092-c052e76a1ef2 45b8ce6528e64a5f8720fc3e95716646 e1f726b2acfa43ec815e735ea19d18e6 - - default default] Method 'is_advsvc' is deprecated since 2023.2 release (neutron-lib 3.8.0) and will be removed once support for the old RBAC API policies will be removed from Neutron. Please use method 'is_service_role' instead.
2026-07-14 18:54:29.448 9 WARNING neutron.scheduler.dhcp_agent_scheduler [None req-126016bd-1688-4a98-b092-c052e76a1ef2 45b8ce6528e64a5f8720fc3e95716646 e1f726b2acfa43ec815e735ea19d18e6 - - default default] No more DHCP agents
2026-07-14 18:54:29.452 9 WARNING neutron.api.rpc.agentnotifiers.dhcp_rpc_agent_api [None req-126016bd-1688-4a98-b092-c052e76a1ef2 45b8ce6528e64a5f8720fc3e95716646 e1f726b2acfa43ec815e735ea19d18e6 - - default default] Unable to schedule network 79c48f28-8a6f-4013-b0d4-8e409ca25e21: no agents available; will retry on subsequent port and subnet creation events.
2026-07-14 18:54:29.493 9 INFO neutron.db.ovn_revision_numbers_db [None req-126016bd-1688-4a98-b092-c052e76a1ef2 45b8ce6528e64a5f8720fc3e95716646 e1f726b2acfa43ec815e735ea19d18e6 - - default default] Successfully bumped revision number for resource 8240d68c-79a8-428f-96fd-e9486bba7b3f (type: subnets) to 0
2026-07-14 18:54:29.510 9 INFO neutron.wsgi [None req-126016bd-1688-4a98-b092-c052e76a1ef2 45b8ce6528e64a5f8720fc3e95716646 e1f726b2acfa43ec815e735ea19d18e6 - - default default] 10.0.0.110 "POST /v2.0/subnets HTTP/1.1" status: 201 len: 821 time: 0.3311965
2026-07-14 18:54:29.520 9 WARNING neutron_lib.context [None req-ca8d3eb6-1838-4d6d-a929-ac65996030ba 45b8ce6528e64a5f8720fc3e95716646 e1f726b2acfa43ec815e735ea19d18e6 - - default default] Method 'is_advsvc' is deprecated since 2023.2 release (neutron-lib 3.8.0) and will be removed once support for the old RBAC API policies will be removed from Neutron. Please use method 'is_service_role' instead.
2026-07-14 18:54:29.611 10 WARNING neutron_lib.context [None req-56884457-27b6-4ddd-9275-19fccd5582c3 05bc8ae930254127bc61c8d684bbe13b 797a8c9041484eaeb26b92c15d672156 - - default default] Method 'is_advsvc' is deprecated since 2023.2 release (neutron-lib 3.8.0) and will be removed once support for the old RBAC API policies will be removed from Neutron. Please use method 'is_service_role' instead.
2026-07-14 18:54:29.653 9 INFO neutron.db.ovn_revision_numbers_db [None req-ca8d3eb6-1838-4d6d-a929-ac65996030ba 45b8ce6528e64a5f8720fc3e95716646 e1f726b2acfa43ec815e735ea19d18e6 - - default default] Successfully bumped revision number for resource 9909cccc-bc07-4de1-9baf-24470f1b635f (type: routers) to 1
2026-07-14 18:54:29.669 9 INFO neutron.wsgi [None req-ca8d3eb6-1838-4d6d-a929-ac65996030ba 45b8ce6528e64a5f8720fc3e95716646 e1f726b2acfa43ec815e735ea19d18e6 - - default default] 10.0.0.110 "POST /v2.0/routers HTTP/1.1" status: 201 len: 805 time: 0.1544216
2026-07-14 18:54:29.755 10 INFO neutron.db.ovn_revision_numbers_db [None req-56884457-27b6-4ddd-9275-19fccd5582c3 05bc8ae930254127bc61c8d684bbe13b 797a8c9041484eaeb26b92c15d672156 - - default default] Successfully bumped revision number for resource b5eb286f-9faf-4f85-8c56-05829e91901e (type: security_groups) to 1
2026-07-14 18:54:29.770 10 INFO neutron.db.ovn_revision_numbers_db [None req-56884457-27b6-4ddd-9275-19fccd5582c3 05bc8ae930254127bc61c8d684bbe13b 797a8c9041484eaeb26b92c15d672156 - - default default] Successfully bumped revision number for resource 3fd1aa9d-4652-494f-a30d-995eb8ee339b (type: security_group_rules) to 0
2026-07-14 18:54:29.784 10 INFO neutron.db.ovn_revision_numbers_db [None req-56884457-27b6-4ddd-9275-19fccd5582c3 05bc8ae930254127bc61c8d684bbe13b 797a8c9041484eaeb26b92c15d672156 - - default default] Successfully bumped revision number for resource 8d053e08-a176-4fa5-a49e-cab4ae7c63a2 (type: security_group_rules) to 0
2026-07-14 18:54:29.801 10 INFO neutron.db.ovn_revision_numbers_db [None req-56884457-27b6-4ddd-9275-19fccd5582c3 05bc8ae930254127bc61c8d684bbe13b 797a8c9041484eaeb26b92c15d672156 - - default default] Successfully bumped revision number for resource cbaf89b2-de7d-4a3d-b21a-445d125a47a5 (type: security_group_rules) to 0
2026-07-14 18:54:29.817 10 INFO neutron.db.ovn_revision_numbers_db [None req-56884457-27b6-4ddd-9275-19fccd5582c3 05bc8ae930254127bc61c8d684bbe13b 797a8c9041484eaeb26b92c15d672156 - - default default] Successfully bumped revision number for resource fdea437d-9f13-49f5-8aa0-1a6e39a6c4b0 (type: security_group_rules) to 0
2026-07-14 18:54:29.872 10 INFO neutron.db.segments_db [None req-56884457-27b6-4ddd-9275-19fccd5582c3 05bc8ae930254127bc61c8d684bbe13b 797a8c9041484eaeb26b92c15d672156 - - default default] Added segment 03249ae9-4150-46ae-9ff7-a79fca124605 of type geneve for network b8b27fdc-9a95-4c51-8475-9a1768938fc2
2026-07-14 18:54:30.009 10 INFO neutron.db.ovn_revision_numbers_db [None req-56884457-27b6-4ddd-9275-19fccd5582c3 05bc8ae930254127bc61c8d684bbe13b 797a8c9041484eaeb26b92c15d672156 - - default default] Successfully bumped revision number for resource b8b27fdc-9a95-4c51-8475-9a1768938fc2 (type: networks) to 1
2026-07-14 18:54:30.200 10 WARNING neutron.scheduler.dhcp_agent_scheduler [None req-56884457-27b6-4ddd-9275-19fccd5582c3 05bc8ae930254127bc61c8d684bbe13b 797a8c9041484eaeb26b92c15d672156 - - default default] No more DHCP agents
2026-07-14 18:54:30.202 10 WARNING neutron.api.rpc.agentnotifiers.dhcp_rpc_agent_api [None req-56884457-27b6-4ddd-9275-19fccd5582c3 05bc8ae930254127bc61c8d684bbe13b 797a8c9041484eaeb26b92c15d672156 - - default default] Unable to schedule network b8b27fdc-9a95-4c51-8475-9a1768938fc2: no agents available; will retry on subsequent port and subnet creation events.
2026-07-14 18:54:30.286 10 INFO neutron.db.ovn_revision_numbers_db [None req-56884457-27b6-4ddd-9275-19fccd5582c3 05bc8ae930254127bc61c8d684bbe13b 797a8c9041484eaeb26b92c15d672156 - - default default] Successfully bumped revision number for resource de7538cc-87a9-4708-acf0-58c74827b6ab (type: ports) to 1
2026-07-14 18:54:30.313 10 INFO neutron.wsgi [None req-56884457-27b6-4ddd-9275-19fccd5582c3 05bc8ae930254127bc61c8d684bbe13b 797a8c9041484eaeb26b92c15d672156 - - default default] 10.0.0.110 "POST /v2.0/networks HTTP/1.1" status: 201 len: 849 time: 0.8843143
2026-07-14 18:54:30.323 10 WARNING neutron_lib.context [None req-15603e50-2a01-4437-a11f-74a0a168bf3c 05bc8ae930254127bc61c8d684bbe13b 797a8c9041484eaeb26b92c15d672156 - - default default] Method 'is_advsvc' is deprecated since 2023.2 release (neutron-lib 3.8.0) and will be removed once support for the old RBAC API policies will be removed from Neutron. Please use method 'is_service_role' instead.
2026-07-14 18:54:30.438 9 WARNING neutron.scheduler.dhcp_agent_scheduler [None req-a448ae16-8f0e-48bb-a826-b91de1399510 45b8ce6528e64a5f8720fc3e95716646 e1f726b2acfa43ec815e735ea19d18e6 - - default default] No more DHCP agents
2026-07-14 18:54:30.441 9 WARNING neutron.api.rpc.agentnotifiers.dhcp_rpc_agent_api [None req-a448ae16-8f0e-48bb-a826-b91de1399510 45b8ce6528e64a5f8720fc3e95716646 e1f726b2acfa43ec815e735ea19d18e6 - - default default] Unable to schedule network 79c48f28-8a6f-4013-b0d4-8e409ca25e21: no agents available; will retry on subsequent port and subnet creation events.
2026-07-14 18:54:30.586 9 INFO neutron.db.ovn_revision_numbers_db [None req-a448ae16-8f0e-48bb-a826-b91de1399510 45b8ce6528e64a5f8720fc3e95716646 e1f726b2acfa43ec815e735ea19d18e6 - - default default] Successfully bumped revision number for resource 59bc97dd-4fa5-4f81-88bf-2590c91cfe8d (type: ports) to 1
2026-07-14 18:54:30.586 10 WARNING neutron.scheduler.dhcp_agent_scheduler [None req-15603e50-2a01-4437-a11f-74a0a168bf3c 05bc8ae930254127bc61c8d684bbe13b 797a8c9041484eaeb26b92c15d672156 - - default default] No more DHCP agents
2026-07-14 18:54:30.588 10 WARNING neutron.api.rpc.agentnotifiers.dhcp_rpc_agent_api [None req-15603e50-2a01-4437-a11f-74a0a168bf3c 05bc8ae930254127bc61c8d684bbe13b 797a8c9041484eaeb26b92c15d672156 - - default default] Unable to schedule network b8b27fdc-9a95-4c51-8475-9a1768938fc2: no agents available; will retry on subsequent port and subnet creation events.
2026-07-14 18:54:30.613 10 INFO neutron.db.ovn_revision_numbers_db [None req-15603e50-2a01-4437-a11f-74a0a168bf3c 05bc8ae930254127bc61c8d684bbe13b 797a8c9041484eaeb26b92c15d672156 - - default default] Successfully bumped revision number for resource b38208ad-06b0-48f1-8e5f-5d2de246f565 (type: subnets) to 0
2026-07-14 18:54:30.629 10 INFO neutron.wsgi [None req-15603e50-2a01-4437-a11f-74a0a168bf3c 05bc8ae930254127bc61c8d684bbe13b 797a8c9041484eaeb26b92c15d672156 - - default default] 10.0.0.110 "POST /v2.0/subnets HTTP/1.1" status: 201 len: 802 time: 0.3111138
2026-07-14 18:54:30.640 10 WARNING neutron_lib.context [None req-ef148713-c928-4fb7-b4cc-e54243f90ea1 05bc8ae930254127bc61c8d684bbe13b 797a8c9041484eaeb26b92c15d672156 - - default default] Method 'is_advsvc' is deprecated since 2023.2 release (neutron-lib 3.8.0) and will be removed once support for the old RBAC API policies will be removed from Neutron. Please use method 'is_service_role' instead.
2026-07-14 18:54:31.107 9 ERROR ovsdbapp.backend.ovs_idl.command [None req-a448ae16-8f0e-48bb-a826-b91de1399510 45b8ce6528e64a5f8720fc3e95716646 e1f726b2acfa43ec815e735ea19d18e6 - - default default] Error executing command (DbGetCommand): ovsdbapp.backend.ovs_idl.idlutils.RowNotFound: Cannot find Logical_Router_Port with name=lrp-59bc97dd-4fa5-4f81-88bf-2590c91cfe8d
2026-07-14 18:54:31.107 9 ERROR ovsdbapp.backend.ovs_idl.command
Traceback (most recent call last):
2026-07-14 18:54:31.107 9 ERROR ovsdbapp.backend.ovs_idl.command
File "/var/lib/openstack/lib/python3.10/site-packages/ovsdbapp/backend/ovs_idl/command.py", line 47, in execute
2026-07-14 18:54:31.107 9 ERROR ovsdbapp.backend.ovs_idl.command self.run_idl(None)
2026-07-14 18:54:31.107 9 ERROR ovsdbapp.backend.ovs_idl.command
File "/var/lib/openstack/lib/python3.10/site-packages/ovsdbapp/backend/ovs_idl/command.py", line 235, in run_idl
2026-07-14 18:54:31.107 9 ERROR ovsdbapp.backend.ovs_idl.command record = self.api.lookup(self.table, self.record)
2026-07-14 18:54:31.107 9 ERROR ovsdbapp.backend.ovs_idl.command
File "/var/lib/openstack/lib/python3.10/site-packages/ovsdbapp/backend/ovs_idl/__init__.py", line 184, in lookup
2026-07-14 18:54:31.107 9 ERROR ovsdbapp.backend.ovs_idl.command return self._lookup(table, record)
2026-07-14 18:54:31.107 9 ERROR ovsdbapp.backend.ovs_idl.command
File "/var/lib/openstack/lib/python3.10/site-packages/ovsdbapp/backend/ovs_idl/__init__.py", line 235, in _lookup
2026-07-14 18:54:31.107 9 ERROR ovsdbapp.backend.ovs_idl.command row = idlutils.row_by_value(self, rl.table, rl.column, record)
2026-07-14 18:54:31.107 9 ERROR ovsdbapp.backend.ovs_idl.command
File "/var/lib/openstack/lib/python3.10/site-packages/ovsdbapp/backend/ovs_idl/idlutils.py", line 114, in row_by_value
2026-07-14 18:54:31.107 9 ERROR ovsdbapp.backend.ovs_idl.command raise RowNotFound(table=table, col=column, match=match)
2026-07-14 18:54:31.107 9 ERROR ovsdbapp.backend.ovs_idl.command ovsdbapp.backend.ovs_idl.idlutils.RowNotFound: Cannot find Logical_Router_Port with name=lrp-59bc97dd-4fa5-4f81-88bf-2590c91cfe8d
2026-07-14 18:54:31.107 9 ERROR ovsdbapp.backend.ovs_idl.command 
2026-07-14 18:54:31.108 9 ERROR neutron_lib.callbacks.manager [None req-a448ae16-8f0e-48bb-a826-b91de1399510 45b8ce6528e64a5f8720fc3e95716646 e1f726b2acfa43ec815e735ea19d18e6 - - default default] Error during notification for neutron.services.ovn_l3.plugin.OVNL3RouterPlugin._port_update-8746044657382 port, after_update: ovsdbapp.backend.ovs_idl.idlutils.RowNotFound: Cannot find Logical_Router_Port with name=lrp-59bc97dd-4fa5-4f81-88bf-2590c91cfe8d
2026-07-14 18:54:31.108 9 ERROR neutron_lib.callbacks.manager
Traceback (most recent call last):
2026-07-14 18:54:31.108 9 ERROR neutron_lib.callbacks.manager
File "/var/lib/openstack/lib/python3.10/site-packages/neutron_lib/callbacks/manager.py", line 189, in _notify_loop
2026-07-14 18:54:31.108 9 ERROR neutron_lib.callbacks.manager callback.method(resource, event, trigger, payload=payload)
2026-07-14 18:54:31.108 9 ERROR neutron_lib.callbacks.manager
File "/var/lib/openstack/lib/python3.10/site-packages/neutron/services/ovn_l3/plugin.py", line 391, in _port_update
2026-07-14 18:54:31.108 9 ERROR neutron_lib.callbacks.manager l3plugin._ovn_client.update_router_port(context,
2026-07-14 18:54:31.108 9 ERROR neutron_lib.callbacks.manager
File "/var/lib/openstack/lib/python3.10/site-packages/neutron/plugins/ml2/drivers/ovn/mech_driver/ovsdb/ovn_client.py", line 1878, in update_router_port
2026-07-14 18:54:31.108 9 ERROR neutron_lib.callbacks.manager self._update_lrouter_port(context, port, if_exists=if_exists,
2026-07-14 18:54:31.108 9 ERROR neutron_lib.callbacks.manager
File "/var/lib/openstack/lib/python3.10/site-packages/neutron/plugins/ml2/drivers/ovn/mech_driver/ovsdb/ovn_client.py", line 1855, in _update_lrouter_port
2026-07-14 18:54:31.108 9 ERROR neutron_lib.callbacks.manager external_ids = self._nb_idl.db_get(
2026-07-14 18:54:31.108 9 ERROR neutron_lib.callbacks.manager
File "/var/lib/openstack/lib/python3.10/site-packages/ovsdbapp/backend/ovs_idl/command.py", line 47, in execute
2026-07-14 18:54:31.108 9 ERROR neutron_lib.callbacks.manager self.run_idl(None)
2026-07-14 18:54:31.108 9 ERROR neutron_lib.callbacks.manager
File "/var/lib/openstack/lib/python3.10/site-packages/ovsdbapp/backend/ovs_idl/command.py", line 235, in run_idl
2026-07-14 18:54:31.108 9 ERROR neutron_lib.callbacks.manager record = self.api.lookup(self.table, self.record)
2026-07-14 18:54:31.108 9 ERROR neutron_lib.callbacks.manager
File "/var/lib/openstack/lib/python3.10/site-packages/ovsdbapp/backend/ovs_idl/__init__.py", line 184, in lookup
2026-07-14 18:54:31.108 9 ERROR neutron_lib.callbacks.manager return self._lookup(table, record)
2026-07-14 18:54:31.108 9 ERROR neutron_lib.callbacks.manager
File "/var/lib/openstack/lib/python3.10/site-packages/ovsdbapp/backend/ovs_idl/__init__.py", line 235, in _lookup
2026-07-14 18:54:31.108 9 ERROR neutron_lib.callbacks.manager row = idlutils.row_by_value(self, rl.table, rl.column, record)
2026-07-14 18:54:31.108 9 ERROR neutron_lib.callbacks.manager
File "/var/lib/openstack/lib/python3.10/site-packages/ovsdbapp/backend/ovs_idl/idlutils.py", line 114, in row_by_value
2026-07-14 18:54:31.108 9 ERROR neutron_lib.callbacks.manager raise RowNotFound(table=table, col=column, match=match)
2026-07-14 18:54:31.108 9 ERROR neutron_lib.callbacks.manager ovsdbapp.backend.ovs_idl.idlutils.RowNotFound: Cannot find Logical_Router_Port with name=lrp-59bc97dd-4fa5-4f81-88bf-2590c91cfe8d
2026-07-14 18:54:31.108 9 ERROR neutron_lib.callbacks.manager 
2026-07-14 18:54:31.180 10 WARNING neutron.scheduler.dhcp_agent_scheduler [None req-ef148713-c928-4fb7-b4cc-e54243f90ea1 05bc8ae930254127bc61c8d684bbe13b 797a8c9041484eaeb26b92c15d672156 - - default default] No more DHCP agents
2026-07-14 18:54:31.184 10 WARNING neutron.api.rpc.agentnotifiers.dhcp_rpc_agent_api [None req-ef148713-c928-4fb7-b4cc-e54243f90ea1 05bc8ae930254127bc61c8d684bbe13b 797a8c9041484eaeb26b92c15d672156 - - default default] Unable to schedule network 042559a0-e9f8-4ebe-aef7-fc562a7ceb78: no agents available; will retry on subsequent port and subnet creation events.
2026-07-14 18:54:31.300 9 INFO neutron.db.ovn_revision_numbers_db [None req-a448ae16-8f0e-48bb-a826-b91de1399510 45b8ce6528e64a5f8720fc3e95716646 e1f726b2acfa43ec815e735ea19d18e6 - - default default] Successfully bumped revision number for resource 59bc97dd-4fa5-4f81-88bf-2590c91cfe8d (type: ports) to 1
2026-07-14 18:54:31.366 10 INFO neutron.db.ovn_revision_numbers_db [None req-ef148713-c928-4fb7-b4cc-e54243f90ea1 05bc8ae930254127bc61c8d684bbe13b 797a8c9041484eaeb26b92c15d672156 - - default default] Successfully bumped revision number for resource 1399a968-82c9-4990-befb-000779d5846a (type: ports) to 1
2026-07-14 18:54:31.374 9 WARNING neutron.scheduler.dhcp_agent_scheduler [None req-a448ae16-8f0e-48bb-a826-b91de1399510 45b8ce6528e64a5f8720fc3e95716646 e1f726b2acfa43ec815e735ea19d18e6 - - default default] No more DHCP agents
2026-07-14 18:54:31.375 9 WARNING neutron.api.rpc.agentnotifiers.dhcp_rpc_agent_api [None req-a448ae16-8f0e-48bb-a826-b91de1399510 45b8ce6528e64a5f8720fc3e95716646 e1f726b2acfa43ec815e735ea19d18e6 - - default default] Unable to schedule network 79c48f28-8a6f-4013-b0d4-8e409ca25e21: no agents available; will retry on subsequent port and subnet creation events.
2026-07-14 18:54:31.583 9 INFO neutron.db.ovn_revision_numbers_db [None req-a448ae16-8f0e-48bb-a826-b91de1399510 45b8ce6528e64a5f8720fc3e95716646 e1f726b2acfa43ec815e735ea19d18e6 - - default default] Successfully bumped revision number for resource 59bc97dd-4fa5-4f81-88bf-2590c91cfe8d (type: router_ports) to 1
2026-07-14 18:54:31.591 9 INFO neutron.wsgi [None req-a448ae16-8f0e-48bb-a826-b91de1399510 45b8ce6528e64a5f8720fc3e95716646 e1f726b2acfa43ec815e735ea19d18e6 - - default default] 10.0.0.110 "PUT /v2.0/routers/9909cccc-bc07-4de1-9baf-24470f1b635f/add_router_interface HTTP/1.1" status: 200 len: 503 time: 1.9166665
2026-07-14 18:54:31.634 9 INFO neutron.wsgi [None req-34be843c-d1ae-4b4d-861d-161935478f6c 45b8ce6528e64a5f8720fc3e95716646 e1f726b2acfa43ec815e735ea19d18e6 - - default default] 10.0.0.110 "GET /v2.0/ports/59bc97dd-4fa5-4f81-88bf-2590c91cfe8d HTTP/1.1" status: 200 len: 1139 time: 0.0388150
2026-07-14 18:54:31.676 9 INFO neutron.wsgi [None req-5eb672e3-fd56-4a9f-94cf-6449ae1f21bc 45b8ce6528e64a5f8720fc3e95716646 e1f726b2acfa43ec815e735ea19d18e6 - - default default] 10.0.0.110 "GET /v2.0/ports/59bc97dd-4fa5-4f81-88bf-2590c91cfe8d HTTP/1.1" status: 200 len: 1139 time: 0.0376532
2026-07-14 18:54:31.790 9 INFO neutron.wsgi [req-95f60a19-41d2-486c-8bc2-4cb36b06d54b req-7d3365f0-d24d-4c26-a5e6-1ba76c1fa148 1fa58e055fdc46a98ee3627bd65f5a34 929807330ec84ad897dc573f4eb278b8 - - default default] 10.0.0.85 "GET /v2.0/ports?device_id=1dca1afb-f3fc-40bb-bc15-f5880bf458c2 HTTP/1.1" status: 200 len: 1174 time: 0.0857339
2026-07-14 18:54:31.849 9 INFO neutron.wsgi [req-95f60a19-41d2-486c-8bc2-4cb36b06d54b req-39ddc2bd-1869-449a-adef-43fa18d538c9 1fa58e055fdc46a98ee3627bd65f5a34 929807330ec84ad897dc573f4eb278b8 - - default default] 10.0.0.85 "GET /v2.0/security-groups?id=ebb609b3-95ae-4420-aa8a-6ebaa6c56ac5&fields=id&fields=name HTTP/1.1" status: 200 len: 311 time: 0.0491812
2026-07-14 18:54:31.971 9 INFO neutron.wsgi [req-db5c397c-9845-485f-9d3f-9b70a68dfb7e req-7b380253-6159-41fe-9c20-519f23a68b05 1fa58e055fdc46a98ee3627bd65f5a34 929807330ec84ad897dc573f4eb278b8 - - default default] 10.0.0.85 "GET /v2.0/ports?device_id=1dca1afb-f3fc-40bb-bc15-f5880bf458c2 HTTP/1.1" status: 200 len: 1174 time: 0.0577028
2026-07-14 18:54:32.031 9 INFO neutron.wsgi [req-db5c397c-9845-485f-9d3f-9b70a68dfb7e req-9d1d91be-d452-46cd-ad7d-83e599183747 1fa58e055fdc46a98ee3627bd65f5a34 929807330ec84ad897dc573f4eb278b8 - - default default] 10.0.0.85 "GET /v2.0/security-groups?id=ebb609b3-95ae-4420-aa8a-6ebaa6c56ac5&fields=id&fields=name HTTP/1.1" status: 200 len: 311 time: 0.0533652
2026-07-14 18:54:32.055 10 WARNING neutron.plugins.ml2.drivers.ovn.mech_driver.ovsdb.ovn_client [None req-d887c70c-8fc1-42e8-a873-0fff16e19d3d - - - - - -] No port found with ID d6e1c429-8277-4907-af8d-304552761c38: RuntimeError: No port found with ID d6e1c429-8277-4907-af8d-304552761c38
2026-07-14 18:54:32.056 10 INFO neutron.plugins.ml2.drivers.ovn.mech_driver.mech_driver [None req-d887c70c-8fc1-42e8-a873-0fff16e19d3d - - - - - -] OVN reports status up for port: 59bc97dd-4fa5-4f81-88bf-2590c91cfe8d
2026-07-14 18:54:32.075 10 INFO neutron.plugins.ml2.plugin [None req-d887c70c-8fc1-42e8-a873-0fff16e19d3d - - - - - -] Attempt 1 to provision port 59bc97dd-4fa5-4f81-88bf-2590c91cfe8d
2026-07-14 18:54:32.402 10 INFO neutron.plugins.ml2.drivers.ovn.mech_driver.ovsdb.commands [None req-df649dd5-3529-4797-87d0-5b49a783ffd4 - - - - - -] Schedule LRP lrp-1399a968-82c9-4990-befb-000779d5846a on gateway 075bdfd4-4d15-4480-a1da-59ab3d61ed06 with priority 1
2026-07-14 18:54:32.422 9 INFO neutron.plugins.ml2.drivers.ovn.mech_driver.mech_driver [None req-b3893bc5-85d2-406f-b2ce-5ab6e62dbb5a - - - - - -] OVN reports status up for port: 1399a968-82c9-4990-befb-000779d5846a
2026-07-14 18:54:32.435 9 INFO neutron.plugins.ml2.plugin [None req-b3893bc5-85d2-406f-b2ce-5ab6e62dbb5a - - - - - -] Attempt 1 to provision port 1399a968-82c9-4990-befb-000779d5846a
2026-07-14 18:54:32.441 9 INFO neutron.wsgi [req-7e58f409-7182-4340-9fbf-4750a1971b33 req-96e240db-7a63-4aac-a68b-ec2acd41ec21 1fa58e055fdc46a98ee3627bd65f5a34 929807330ec84ad897dc573f4eb278b8 - - default default] 10.0.0.85 "GET /v2.0/ports?device_id=1dca1afb-f3fc-40bb-bc15-f5880bf458c2 HTTP/1.1" status: 200 len: 1174 time: 0.0501750
2026-07-14 18:54:32.476 10 INFO neutron.db.ovn_revision_numbers_db [None req-ef148713-c928-4fb7-b4cc-e54243f90ea1 05bc8ae930254127bc61c8d684bbe13b 797a8c9041484eaeb26b92c15d672156 - - default default] Successfully bumped revision number for resource 1399a968-82c9-4990-befb-000779d5846a (type: router_ports) to 1
2026-07-14 18:54:32.510 9 INFO neutron.wsgi [req-7e58f409-7182-4340-9fbf-4750a1971b33 req-37d4a0d1-f23e-4f76-91f7-c188c1363667 1fa58e055fdc46a98ee3627bd65f5a34 929807330ec84ad897dc573f4eb278b8 - - default default] 10.0.0.85 "GET /v2.0/security-groups?id=ebb609b3-95ae-4420-aa8a-6ebaa6c56ac5&fields=id&fields=name HTTP/1.1" status: 200 len: 311 time: 0.0574524
2026-07-14 18:54:32.545 10 INFO neutron.wsgi [req-f96876b1-ba02-4c6e-b664-dce76ed85be9 req-a8b671db-a898-4c77-9690-f1f15e6d20cc a7d0a42cf3eb418db63db859bcefec50 889d449229ae4bdfbf34277e4ebedf2f - - 35ffeaa6bba0459dbb48b49e82dff028 35ffeaa6bba0459dbb48b49e82dff028] 199.19.213.161 "GET /v2.0/ports?tenant_id=929807330ec84ad897dc573f4eb278b8&device_id=1dca1afb-f3fc-40bb-bc15-f5880bf458c2 HTTP/1.1" status: 200 len: 1413 time: 0.0812426
2026-07-14 18:54:32.642 10 INFO neutron.db.ovn_revision_numbers_db [None req-ef148713-c928-4fb7-b4cc-e54243f90ea1 05bc8ae930254127bc61c8d684bbe13b 797a8c9041484eaeb26b92c15d672156 - - default default] Successfully bumped revision number for resource c62f1fcc-f921-4e7d-807a-f9f7ff727e4d (type: routers) to 2
2026-07-14 18:54:32.669 10 INFO neutron.wsgi [req-f96876b1-ba02-4c6e-b664-dce76ed85be9 req-8a007ed3-b9c1-45b8-83fd-21cfca087891 a7d0a42cf3eb418db63db859bcefec50 889d449229ae4bdfbf34277e4ebedf2f - - 35ffeaa6bba0459dbb48b49e82dff028 35ffeaa6bba0459dbb48b49e82dff028] 199.19.213.161 "GET /v2.0/networks?id=2aadd748-b16e-462b-8764-89cb721abac3 HTTP/1.1" status: 200 len: 973 time: 0.1000347
2026-07-14 18:54:32.673 10 INFO neutron.wsgi [None req-ef148713-c928-4fb7-b4cc-e54243f90ea1 05bc8ae930254127bc61c8d684bbe13b 797a8c9041484eaeb26b92c15d672156 - - default default] 10.0.0.110 "POST /v2.0/routers HTTP/1.1" status: 201 len: 1153 time: 2.0381384
2026-07-14 18:54:32.715 10 INFO neutron.db.ovn_revision_numbers_db [None req-d887c70c-8fc1-42e8-a873-0fff16e19d3d - - - - - -] Successfully bumped revision number for resource 59bc97dd-4fa5-4f81-88bf-2590c91cfe8d (type: ports) to 2
2026-07-14 18:54:32.720 10 INFO neutron.wsgi [req-f96876b1-ba02-4c6e-b664-dce76ed85be9 req-7b88f105-ed27-42f2-97f4-08e8a69d102c a7d0a42cf3eb418db63db859bcefec50 889d449229ae4bdfbf34277e4ebedf2f - - 35ffeaa6bba0459dbb48b49e82dff028 35ffeaa6bba0459dbb48b49e82dff028] 199.19.213.161 "GET /v2.0/floatingips?fixed_ip_address=10.100.0.11&port_id=26a38312-21c5-47ad-ba6e-447eac0c1c6f HTTP/1.1" status: 200 len: 1060 time: 0.0447900
2026-07-14 18:54:32.745 9 INFO neutron.wsgi [None req-e1f91eeb-4e0b-4713-ab0d-e43d23ad58e5 45b8ce6528e64a5f8720fc3e95716646 e1f726b2acfa43ec815e735ea19d18e6 - - default default] 10.0.0.110 "GET /v2.0/ports/59bc97dd-4fa5-4f81-88bf-2590c91cfe8d HTTP/1.1" status: 200 len: 1141 time: 0.0609307
2026-07-14 18:54:32.801 10 INFO neutron.wsgi [req-f96876b1-ba02-4c6e-b664-dce76ed85be9 req-ea40bfda-7cba-48ad-abe7-4de3a8e7b4b1 a7d0a42cf3eb418db63db859bcefec50 889d449229ae4bdfbf34277e4ebedf2f - - 35ffeaa6bba0459dbb48b49e82dff028 35ffeaa6bba0459dbb48b49e82dff028] 199.19.213.161 "GET /v2.0/subnets?id=5c01e731-8d0c-4f47-8a1f-1201185ca2d6 HTTP/1.1" status: 200 len: 869 time: 0.0762141
2026-07-14 18:54:32.834 10 INFO neutron.wsgi [req-f96876b1-ba02-4c6e-b664-dce76ed85be9 req-29d7033b-16b7-4783-ade7-422d043d8053 a7d0a42cf3eb418db63db859bcefec50 889d449229ae4bdfbf34277e4ebedf2f - - 35ffeaa6bba0459dbb48b49e82dff028 35ffeaa6bba0459dbb48b49e82dff028] 199.19.213.161 "GET /v2.0/ports?network_id=2aadd748-b16e-462b-8764-89cb721abac3&device_owner=network%3Adhcp HTTP/1.1" status: 200 len: 210 time: 0.0223992
2026-07-14 18:54:32.912 10 INFO neutron.wsgi [req-f96876b1-ba02-4c6e-b664-dce76ed85be9 req-a3715f93-c11d-4e97-9513-8979c8a7ac8b a7d0a42cf3eb418db63db859bcefec50 889d449229ae4bdfbf34277e4ebedf2f - - 35ffeaa6bba0459dbb48b49e82dff028 35ffeaa6bba0459dbb48b49e82dff028] 199.19.213.161 "GET /v2.0/networks/2aadd748-b16e-462b-8764-89cb721abac3?fields=segments HTTP/1.1" status: 200 len: 212 time: 0.0714588
2026-07-14 18:54:32.912 10 INFO neutron.db.ovn_revision_numbers_db [None req-d887c70c-8fc1-42e8-a873-0fff16e19d3d - - - - - -] Successfully bumped revision number for resource 59bc97dd-4fa5-4f81-88bf-2590c91cfe8d (type: router_ports) to 2
2026-07-14 18:54:32.975 10 INFO neutron.wsgi [req-f96876b1-ba02-4c6e-b664-dce76ed85be9 req-aa3aa04d-4990-4e81-8681-35458697b040 a7d0a42cf3eb418db63db859bcefec50 889d449229ae4bdfbf34277e4ebedf2f - - 35ffeaa6bba0459dbb48b49e82dff028 35ffeaa6bba0459dbb48b49e82dff028] 199.19.213.161 "GET /v2.0/networks/2aadd748-b16e-462b-8764-89cb721abac3?fields=provider%3Aphysical_network&fields=provider%3Anetwork_type HTTP/1.1" status: 200 len: 277 time: 0.0530198
2026-07-14 18:54:33.587 9 WARNING neutron.scheduler.dhcp_agent_scheduler [None req-3242d48c-a3ce-4922-8a4b-1a7be000cd28 05bc8ae930254127bc61c8d684bbe13b 797a8c9041484eaeb26b92c15d672156 - - default default] No more DHCP agents
2026-07-14 18:54:33.603 9 WARNING neutron.api.rpc.agentnotifiers.dhcp_rpc_agent_api [None req-3242d48c-a3ce-4922-8a4b-1a7be000cd28 05bc8ae930254127bc61c8d684bbe13b 797a8c9041484eaeb26b92c15d672156 - - default default] Unable to schedule network b8b27fdc-9a95-4c51-8475-9a1768938fc2: no agents available; will retry on subsequent port and subnet creation events.
2026-07-14 18:54:33.963 9 INFO neutron.wsgi [req-7aa5aae1-d37e-4493-ad7d-d2cab21cbf4b req-e4083165-71cc-4db9-830c-ce5af97881b7 1fa58e055fdc46a98ee3627bd65f5a34 929807330ec84ad897dc573f4eb278b8 - - default default] 10.0.0.85 "GET /v2.0/ports?device_id=1dca1afb-f3fc-40bb-bc15-f5880bf458c2 HTTP/1.1" status: 200 len: 1174 time: 0.3620360
2026-07-14 18:54:34.041 9 INFO neutron.wsgi [None req-78d34a58-4838-409e-b5ae-df3771b6b001 45b8ce6528e64a5f8720fc3e95716646 e1f726b2acfa43ec815e735ea19d18e6 - - default default] 10.0.0.110 "PUT /v2.0/routers/9909cccc-bc07-4de1-9baf-24470f1b635f/remove_router_interface HTTP/1.1" status: 200 len: 503 time: 1.2899210
2026-07-14 18:54:34.064 9 INFO neutron.wsgi [req-7aa5aae1-d37e-4493-ad7d-d2cab21cbf4b req-5073c079-a68d-4356-a89c-07a6535e68d5 1fa58e055fdc46a98ee3627bd65f5a34 929807330ec84ad897dc573f4eb278b8 - - default default] 10.0.0.85 "GET /v2.0/security-groups?id=ebb609b3-95ae-4420-aa8a-6ebaa6c56ac5&fields=id&fields=name HTTP/1.1" status: 200 len: 311 time: 0.0936646
2026-07-14 18:54:34.073 10 INFO neutron.wsgi [None req-86e2574e-04ff-4e9b-9fd8-3c62f9182c7c 45b8ce6528e64a5f8720fc3e95716646 e1f726b2acfa43ec815e735ea19d18e6 - - default default] 10.0.0.110 "GET /v2.0/ports?device_id=9909cccc-bc07-4de1-9baf-24470f1b635f HTTP/1.1" status: 200 len: 205 time: 0.0245645
2026-07-14 18:54:34.178 9 INFO neutron.db.ovn_revision_numbers_db [None req-3242d48c-a3ce-4922-8a4b-1a7be000cd28 05bc8ae930254127bc61c8d684bbe13b 797a8c9041484eaeb26b92c15d672156 - - default default] Successfully bumped revision number for resource e03ebb91-852e-4605-95cb-676d861e88fc (type: ports) to 1
2026-07-14 18:54:34.402 10 INFO neutron.wsgi [None req-1c07203d-bfd1-4479-9583-070bbc569d75 45b8ce6528e64a5f8720fc3e95716646 e1f726b2acfa43ec815e735ea19d18e6 - - default default] 10.0.0.110 "DELETE /v2.0/routers/9909cccc-bc07-4de1-9baf-24470f1b635f HTTP/1.1" status: 204 len: 168 time: 0.3240845
2026-07-14 18:54:34.614 10 INFO neutron.wsgi [None req-c359fa2e-0346-4c7f-9f3a-000d53b74b43 45b8ce6528e64a5f8720fc3e95716646 e1f726b2acfa43ec815e735ea19d18e6 - - default default] 10.0.0.110 "DELETE /v2.0/subnets/8240d68c-79a8-428f-96fd-e9486bba7b3f HTTP/1.1" status: 204 len: 168 time: 0.2034557
2026-07-14 18:54:34.840 9 ERROR ovsdbapp.backend.ovs_idl.command [None req-3242d48c-a3ce-4922-8a4b-1a7be000cd28 05bc8ae930254127bc61c8d684bbe13b 797a8c9041484eaeb26b92c15d672156 - - default default] Error executing command (DbGetCommand): ovsdbapp.backend.ovs_idl.idlutils.RowNotFound: Cannot find Logical_Router_Port with name=lrp-e03ebb91-852e-4605-95cb-676d861e88fc
2026-07-14 18:54:34.840 9 ERROR ovsdbapp.backend.ovs_idl.command
Traceback (most recent call last):
2026-07-14 18:54:34.840 9 ERROR ovsdbapp.backend.ovs_idl.command
File "/var/lib/openstack/lib/python3.10/site-packages/ovsdbapp/backend/ovs_idl/command.py", line 47, in execute
2026-07-14 18:54:34.840 9 ERROR ovsdbapp.backend.ovs_idl.command self.run_idl(None)
2026-07-14 18:54:34.840 9 ERROR ovsdbapp.backend.ovs_idl.command
File "/var/lib/openstack/lib/python3.10/site-packages/ovsdbapp/backend/ovs_idl/command.py", line 235, in run_idl
2026-07-14 18:54:34.840 9 ERROR ovsdbapp.backend.ovs_idl.command record = self.api.lookup(self.table, self.record)
2026-07-14 18:54:34.840 9 ERROR ovsdbapp.backend.ovs_idl.command
File "/var/lib/openstack/lib/python3.10/site-packages/ovsdbapp/backend/ovs_idl/__init__.py", line 184, in lookup
2026-07-14 18:54:34.840 9 ERROR ovsdbapp.backend.ovs_idl.command return self._lookup(table, record)
2026-07-14 18:54:34.840 9 ERROR ovsdbapp.backend.ovs_idl.command
File "/var/lib/openstack/lib/python3.10/site-packages/ovsdbapp/backend/ovs_idl/__init__.py", line 235, in _lookup
2026-07-14 18:54:34.840 9 ERROR ovsdbapp.backend.ovs_idl.command row = idlutils.row_by_value(self, rl.table, rl.column, record)
2026-07-14 18:54:34.840 9 ERROR ovsdbapp.backend.ovs_idl.command
File "/var/lib/openstack/lib/python3.10/site-packages/ovsdbapp/backend/ovs_idl/idlutils.py", line 114, in row_by_value
2026-07-14 18:54:34.840 9 ERROR ovsdbapp.backend.ovs_idl.command raise RowNotFound(table=table, col=column, match=match)
2026-07-14 18:54:34.840 9 ERROR ovsdbapp.backend.ovs_idl.command ovsdbapp.backend.ovs_idl.idlutils.RowNotFound: Cannot find Logical_Router_Port with name=lrp-e03ebb91-852e-4605-95cb-676d861e88fc
2026-07-14 18:54:34.840 9 ERROR ovsdbapp.backend.ovs_idl.command 
2026-07-14 18:54:34.841 9 ERROR neutron_lib.callbacks.manager [None req-3242d48c-a3ce-4922-8a4b-1a7be000cd28 05bc8ae930254127bc61c8d684bbe13b 797a8c9041484eaeb26b92c15d672156 - - default default] Error during notification for neutron.services.ovn_l3.plugin.OVNL3RouterPlugin._port_update-8746044657382 port, after_update: ovsdbapp.backend.ovs_idl.idlutils.RowNotFound: Cannot find Logical_Router_Port with name=lrp-e03ebb91-852e-4605-95cb-676d861e88fc
2026-07-14 18:54:34.841 9 ERROR neutron_lib.callbacks.manager
Traceback (most recent call last):
2026-07-14 18:54:34.841 9 ERROR neutron_lib.callbacks.manager
File "/var/lib/openstack/lib/python3.10/site-packages/neutron_lib/callbacks/manager.py", line 189, in _notify_loop
2026-07-14 18:54:34.841 9 ERROR neutron_lib.callbacks.manager callback.method(resource, event, trigger, payload=payload)
2026-07-14 18:54:34.841 9 ERROR neutron_lib.callbacks.manager
File "/var/lib/openstack/lib/python3.10/site-packages/neutron/services/ovn_l3/plugin.py", line 391, in _port_update
2026-07-14 18:54:34.841 9 ERROR neutron_lib.callbacks.manager l3plugin._ovn_client.update_router_port(context,
2026-07-14 18:54:34.841 9 ERROR neutron_lib.callbacks.manager
File "/var/lib/openstack/lib/python3.10/site-packages/neutron/plugins/ml2/drivers/ovn/mech_driver/ovsdb/ovn_client.py", line 1878, in update_router_port
2026-07-14 18:54:34.841 9 ERROR neutron_lib.callbacks.manager self._update_lrouter_port(context, port, if_exists=if_exists,
2026-07-14 18:54:34.841 9 ERROR neutron_lib.callbacks.manager
File "/var/lib/openstack/lib/python3.10/site-packages/neutron/plugins/ml2/drivers/ovn/mech_driver/ovsdb/ovn_client.py", line 1855, in _update_lrouter_port
2026-07-14 18:54:34.841 9 ERROR neutron_lib.callbacks.manager external_ids = self._nb_idl.db_get(
2026-07-14 18:54:34.841 9 ERROR neutron_lib.callbacks.manager
File "/var/lib/openstack/lib/python3.10/site-packages/ovsdbapp/backend/ovs_idl/command.py", line 47, in execute
2026-07-14 18:54:34.841 9 ERROR neutron_lib.callbacks.manager self.run_idl(None)
2026-07-14 18:54:34.841 9 ERROR neutron_lib.callbacks.manager
File "/var/lib/openstack/lib/python3.10/site-packages/ovsdbapp/backend/ovs_idl/command.py", line 235, in run_idl
2026-07-14 18:54:34.841 9 ERROR neutron_lib.callbacks.manager record = self.api.lookup(self.table, self.record)
2026-07-14 18:54:34.841 9 ERROR neutron_lib.callbacks.manager
File "/var/lib/openstack/lib/python3.10/site-packages/ovsdbapp/backend/ovs_idl/__init__.py", line 184, in lookup
2026-07-14 18:54:34.841 9 ERROR neutron_lib.callbacks.manager return self._lookup(table, record)
2026-07-14 18:54:34.841 9 ERROR neutron_lib.callbacks.manager
File "/var/lib/openstack/lib/python3.10/site-packages/ovsdbapp/backend/ovs_idl/__init__.py", line 235, in _lookup
2026-07-14 18:54:34.841 9 ERROR neutron_lib.callbacks.manager row = idlutils.row_by_value(self, rl.table, rl.column, record)
2026-07-14 18:54:34.841 9 ERROR neutron_lib.callbacks.manager
File "/var/lib/openstack/lib/python3.10/site-packages/ovsdbapp/backend/ovs_idl/idlutils.py", line 114, in row_by_value
2026-07-14 18:54:34.841 9 ERROR neutron_lib.callbacks.manager raise RowNotFound(table=table, col=column, match=match)
2026-07-14 18:54:34.841 9 ERROR neutron_lib.callbacks.manager ovsdbapp.backend.ovs_idl.idlutils.RowNotFound: Cannot find Logical_Router_Port with name=lrp-e03ebb91-852e-4605-95cb-676d861e88fc
2026-07-14 18:54:34.841 9 ERROR neutron_lib.callbacks.manager 
2026-07-14 18:54:35.021 10 INFO neutron.services.segments.plugin [-] Segment fec29b4b-2b9f-4d8c-b9fa-822bb617b8c4 resource provider aggregate not found
2026-07-14 18:54:35.026 10 INFO neutron.services.segments.plugin [-] Segment fec29b4b-2b9f-4d8c-b9fa-822bb617b8c4 resource provider aggregate not found
2026-07-14 18:54:35.043 10 INFO neutron.services.segments.plugin [-] Segment fec29b4b-2b9f-4d8c-b9fa-822bb617b8c4 resource provider not found; error: Placement Client Error (4xx): {"errors": [{"status": 404, "title": "Not Found", "detail": "The resource could not be found.\n\n No resource provider with uuid fec29b4b-2b9f-4d8c-b9fa-822bb617b8c4 found for delete ", "request_id": "req-f2f6eeb2-4ae2-4760-b117-66837302c52d"}]}
2026-07-14 18:54:35.052 10 INFO neutron.wsgi [None req-b9894225-6fac-474a-9152-8996df25e2c7 45b8ce6528e64a5f8720fc3e95716646 e1f726b2acfa43ec815e735ea19d18e6 - - default default] 10.0.0.110 "DELETE /v2.0/networks/79c48f28-8a6f-4013-b0d4-8e409ca25e21 HTTP/1.1" status: 204 len: 168 time: 0.4309218
2026-07-14 18:54:35.053 10 INFO neutron.services.segments.plugin [-] Segment fec29b4b-2b9f-4d8c-b9fa-822bb617b8c4 resource provider not found; error: Placement Client Error (4xx): {"errors": [{"status": 404, "title": "Not Found", "detail": "The resource could not be found.\n\n No resource provider with uuid fec29b4b-2b9f-4d8c-b9fa-822bb617b8c4 found for delete ", "request_id": "req-4e2891a1-ad13-455e-9a67-af041e198d04"}]} /var/lib/openstack/lib/python3.10/site-packages/pycadf/identifier.py:71: UserWarning: Invalid uuid: neutron. To ensure interoperability, identifiers should be a valid uuid. warnings.warn(('Invalid uuid: %s. To ensure interoperability, '
2026-07-14 18:54:35.065 9 WARNING neutron_lib.context [None req-55e2c1f9-6e7e-4892-92c8-7faac5bd242d 45b8ce6528e64a5f8720fc3e95716646 e1f726b2acfa43ec815e735ea19d18e6 - - default default] Method 'is_advsvc' is deprecated since 2023.2 release (neutron-lib 3.8.0) and will be removed once support for the old RBAC API policies will be removed from Neutron. Please use method 'is_service_role' instead.
2026-07-14 18:54:35.108 10 INFO neutron.wsgi [-] 10.0.0.139 "GET / HTTP/1.1" status: 200 len: 247 time: 0.0021474
2026-07-14 18:54:35.109 9 INFO neutron.wsgi [-] 10.0.0.139 "GET / HTTP/1.1" status: 200 len: 247 time: 0.0015359
2026-07-14 18:54:35.111 9 INFO neutron.db.ovn_revision_numbers_db [None req-3242d48c-a3ce-4922-8a4b-1a7be000cd28 05bc8ae930254127bc61c8d684bbe13b 797a8c9041484eaeb26b92c15d672156 - - default default] Successfully bumped revision number for resource e03ebb91-852e-4605-95cb-676d861e88fc (type: ports) to 1
2026-07-14 18:54:35.234 9 INFO neutron.wsgi [req-697977dc-a05c-4edd-8081-725e2ae81595 req-07524056-1864-474f-8f86-5c8259e0824f 1fa58e055fdc46a98ee3627bd65f5a34 929807330ec84ad897dc573f4eb278b8 - - default default] 10.0.0.85 "GET /v2.0/ports?device_id=1dca1afb-f3fc-40bb-bc15-f5880bf458c2 HTTP/1.1" status: 200 len: 1174 time: 0.0862179
2026-07-14 18:54:35.310 9 WARNING neutron.scheduler.dhcp_agent_scheduler [None req-3242d48c-a3ce-4922-8a4b-1a7be000cd28 05bc8ae930254127bc61c8d684bbe13b 797a8c9041484eaeb26b92c15d672156 - - default default] No more DHCP agents
2026-07-14 18:54:35.317 9 WARNING neutron.api.rpc.agentnotifiers.dhcp_rpc_agent_api [None req-3242d48c-a3ce-4922-8a4b-1a7be000cd28 05bc8ae930254127bc61c8d684bbe13b 797a8c9041484eaeb26b92c15d672156 - - default default] Unable to schedule network b8b27fdc-9a95-4c51-8475-9a1768938fc2: no agents available; will retry on subsequent port and subnet creation events.
2026-07-14 18:54:35.344 9 INFO neutron.wsgi [req-697977dc-a05c-4edd-8081-725e2ae81595 req-fcd478a5-6ff8-4984-9dc2-f6f1263818b4 1fa58e055fdc46a98ee3627bd65f5a34 929807330ec84ad897dc573f4eb278b8 - - default default] 10.0.0.85 "GET /v2.0/security-groups?id=ebb609b3-95ae-4420-aa8a-6ebaa6c56ac5&fields=id&fields=name HTTP/1.1" status: 200 len: 311 time: 0.1060882
2026-07-14 18:54:35.791 9 WARNING neutron.scheduler.dhcp_agent_scheduler [None req-55e2c1f9-6e7e-4892-92c8-7faac5bd242d 45b8ce6528e64a5f8720fc3e95716646 e1f726b2acfa43ec815e735ea19d18e6 - - default default] No more DHCP agents
2026-07-14 18:54:35.793 9 WARNING neutron.api.rpc.agentnotifiers.dhcp_rpc_agent_api [None req-55e2c1f9-6e7e-4892-92c8-7faac5bd242d 45b8ce6528e64a5f8720fc3e95716646 e1f726b2acfa43ec815e735ea19d18e6 - - default default] Unable to schedule network 042559a0-e9f8-4ebe-aef7-fc562a7ceb78: no agents available; will retry on subsequent port and subnet creation events.
2026-07-14 18:54:35.825 9 INFO neutron.db.ovn_revision_numbers_db [None req-3242d48c-a3ce-4922-8a4b-1a7be000cd28 05bc8ae930254127bc61c8d684bbe13b 797a8c9041484eaeb26b92c15d672156 - - default default] Successfully bumped revision number for resource e03ebb91-852e-4605-95cb-676d861e88fc (type: router_ports) to 1
2026-07-14 18:54:35.832 9 INFO neutron.wsgi [None req-3242d48c-a3ce-4922-8a4b-1a7be000cd28 05bc8ae930254127bc61c8d684bbe13b 797a8c9041484eaeb26b92c15d672156 - - default default] 10.0.0.110 "PUT /v2.0/routers/c62f1fcc-f921-4e7d-807a-f9f7ff727e4d/add_router_interface HTTP/1.1" status: 200 len: 503 time: 3.1494975
2026-07-14 18:54:35.846 10 WARNING neutron_lib.context [None req-ae562719-ec5e-4fc3-b7c7-84847ea6ccb9 05bc8ae930254127bc61c8d684bbe13b 797a8c9041484eaeb26b92c15d672156 - - default default] Method 'is_advsvc' is deprecated since 2023.2 release (neutron-lib 3.8.0) and will be removed once support for the old RBAC API policies will be removed from Neutron. Please use method 'is_service_role' instead.
2026-07-14 18:54:35.972 9 INFO neutron.db.ovn_revision_numbers_db [None req-55e2c1f9-6e7e-4892-92c8-7faac5bd242d 45b8ce6528e64a5f8720fc3e95716646 e1f726b2acfa43ec815e735ea19d18e6 - - default default] Successfully bumped revision number for resource a17db3f4-049b-4913-860f-5b1797c8ac71 (type: ports) to 1
2026-07-14 18:54:36.476 10 WARNING neutron.scheduler.dhcp_agent_scheduler [None req-ae562719-ec5e-4fc3-b7c7-84847ea6ccb9 05bc8ae930254127bc61c8d684bbe13b 797a8c9041484eaeb26b92c15d672156 - - default default] No more DHCP agents
2026-07-14 18:54:36.478 10 WARNING neutron.api.rpc.agentnotifiers.dhcp_rpc_agent_api [None req-ae562719-ec5e-4fc3-b7c7-84847ea6ccb9 05bc8ae930254127bc61c8d684bbe13b 797a8c9041484eaeb26b92c15d672156 - - default default] Unable to schedule network b8b27fdc-9a95-4c51-8475-9a1768938fc2: no agents available; will retry on subsequent port and subnet creation events.
2026-07-14 18:54:36.642 10 INFO neutron.db.ovn_revision_numbers_db [None req-ae562719-ec5e-4fc3-b7c7-84847ea6ccb9 05bc8ae930254127bc61c8d684bbe13b 797a8c9041484eaeb26b92c15d672156 - - default default] Successfully bumped revision number for resource 0dea2b4b-dcc8-4024-a6fd-a2bed7ea9f7c (type: ports) to 1
2026-07-14 18:54:36.674 10 INFO neutron.wsgi [None req-ae562719-ec5e-4fc3-b7c7-84847ea6ccb9 05bc8ae930254127bc61c8d684bbe13b 797a8c9041484eaeb26b92c15d672156 - - default default] 10.0.0.110 "POST /v2.0/ports HTTP/1.1" status: 201 len: 1154 time: 0.8357642 /var/lib/openstack/lib/python3.10/site-packages/pycadf/identifier.py:71: UserWarning: Invalid uuid: neutron. To ensure interoperability, identifiers should be a valid uuid. warnings.warn(('Invalid uuid: %s. To ensure interoperability, '
2026-07-14 18:54:36.684 10 WARNING neutron_lib.context [None req-758b0042-abd2-41cc-9095-f761e9074282 05bc8ae930254127bc61c8d684bbe13b 797a8c9041484eaeb26b92c15d672156 - - default default] Method 'is_advsvc' is deprecated since 2023.2 release (neutron-lib 3.8.0) and will be removed once support for the old RBAC API policies will be removed from Neutron. Please use method 'is_service_role' instead.
2026-07-14 18:54:36.726 9 INFO neutron.plugins.ml2.drivers.ovn.mech_driver.ovsdb.commands [None req-e0a30682-a2b6-4c0e-82c6-97db4112230f - - - - - -] Schedule LRP lrp-a17db3f4-049b-4913-860f-5b1797c8ac71 on gateway 075bdfd4-4d15-4480-a1da-59ab3d61ed06 with priority 1
2026-07-14 18:54:36.769 9 INFO neutron.db.ovn_revision_numbers_db [None req-55e2c1f9-6e7e-4892-92c8-7faac5bd242d 45b8ce6528e64a5f8720fc3e95716646 e1f726b2acfa43ec815e735ea19d18e6 - - default default] Successfully bumped revision number for resource a17db3f4-049b-4913-860f-5b1797c8ac71 (type: router_ports) to 1
2026-07-14 18:54:36.849 9 INFO neutron.db.ovn_revision_numbers_db [None req-55e2c1f9-6e7e-4892-92c8-7faac5bd242d 45b8ce6528e64a5f8720fc3e95716646 e1f726b2acfa43ec815e735ea19d18e6 - - default default] Successfully bumped revision number for resource 8713cfb4-cd70-49a5-b623-7c6b25905b5f (type: routers) to 2
2026-07-14 18:54:36.867 9 INFO neutron.wsgi [None req-55e2c1f9-6e7e-4892-92c8-7faac5bd242d 45b8ce6528e64a5f8720fc3e95716646 e1f726b2acfa43ec815e735ea19d18e6 - - default default] 10.0.0.110 "POST /v2.0/routers HTTP/1.1" status: 201 len: 1149 time: 1.8089590
2026-07-14 18:54:36.953 9 INFO neutron.wsgi [None req-95e5931e-a6d6-408f-b435-eecac4cd9f4b 45b8ce6528e64a5f8720fc3e95716646 e1f726b2acfa43ec815e735ea19d18e6 - - default default] 10.0.0.110 "GET /v2.0/routers/8713cfb4-cd70-49a5-b623-7c6b25905b5f HTTP/1.1" status: 200 len: 1150 time: 0.0814786
2026-07-14 18:54:37.071 10 WARNING neutron.scheduler.dhcp_agent_scheduler [None req-758b0042-abd2-41cc-9095-f761e9074282 05bc8ae930254127bc61c8d684bbe13b 797a8c9041484eaeb26b92c15d672156 - - default default] No more DHCP agents
2026-07-14 18:54:37.072 10 WARNING neutron.api.rpc.agentnotifiers.dhcp_rpc_agent_api [None req-758b0042-abd2-41cc-9095-f761e9074282 05bc8ae930254127bc61c8d684bbe13b 797a8c9041484eaeb26b92c15d672156 - - default default] Unable to schedule network b8b27fdc-9a95-4c51-8475-9a1768938fc2: no agents available; will retry on subsequent port and subnet creation events.
2026-07-14 18:54:37.265 10 INFO neutron.db.ovn_revision_numbers_db [None req-758b0042-abd2-41cc-9095-f761e9074282 05bc8ae930254127bc61c8d684bbe13b 797a8c9041484eaeb26b92c15d672156 - - default default] Successfully bumped revision number for resource 9915ff47-8262-4f93-904b-ee9856661944 (type: ports) to 1
2026-07-14 18:54:37.293 10 INFO neutron.wsgi [None req-758b0042-abd2-41cc-9095-f761e9074282 05bc8ae930254127bc61c8d684bbe13b 797a8c9041484eaeb26b92c15d672156 - - default default] 10.0.0.110 "POST /v2.0/ports HTTP/1.1" status: 201 len: 1158 time: 0.6146746
2026-07-14 18:54:37.303 9 WARNING neutron_lib.context [None req-876391f2-2fed-47ad-90c1-1d497700366e 05bc8ae930254127bc61c8d684bbe13b 797a8c9041484eaeb26b92c15d672156 - - default default] Method 'is_advsvc' is deprecated since 2023.2 release (neutron-lib 3.8.0) and will be removed once support for the old RBAC API policies will be removed from Neutron. Please use method 'is_service_role' instead.
2026-07-14 18:54:37.319 9 INFO neutron.wsgi [None req-e8d789da-69f6-4d8f-9df2-626d44f87324 45b8ce6528e64a5f8720fc3e95716646 e1f726b2acfa43ec815e735ea19d18e6 - - default default] 10.0.0.110 "GET /v2.0/routers HTTP/1.1" status: 200 len: 1153 time: 0.3626137
2026-07-14 18:54:37.426 10 WARNING neutron.plugins.ml2.drivers.ovn.mech_driver.ovsdb.ovn_client [None req-d887c70c-8fc1-42e8-a873-0fff16e19d3d - - - - - -] No port found with ID 59bc97dd-4fa5-4f81-88bf-2590c91cfe8d: RuntimeError: No port found with ID 59bc97dd-4fa5-4f81-88bf-2590c91cfe8d
2026-07-14 18:54:37.426 10 INFO neutron.plugins.ml2.drivers.ovn.mech_driver.mech_driver [None req-d887c70c-8fc1-42e8-a873-0fff16e19d3d - - - - - -] OVN reports status up for port: e03ebb91-852e-4605-95cb-676d861e88fc
2026-07-14 18:54:37.432 10 INFO neutron.plugins.ml2.plugin [None req-d887c70c-8fc1-42e8-a873-0fff16e19d3d - - - - - -] Attempt 1 to provision port e03ebb91-852e-4605-95cb-676d861e88fc
2026-07-14 18:54:37.602 9 WARNING neutron.plugins.ml2.drivers.ovn.mech_driver.ovsdb.ovn_client [None req-b3893bc5-85d2-406f-b2ce-5ab6e62dbb5a - - - - - -] No hosting information found for port 1399a968-82c9-4990-befb-000779d5846a: RuntimeError: No hosting information found for port 1399a968-82c9-4990-befb-000779d5846a
2026-07-14 18:54:37.602 9 INFO neutron.plugins.ml2.drivers.ovn.mech_driver.mech_driver [None req-b3893bc5-85d2-406f-b2ce-5ab6e62dbb5a - - - - - -] OVN reports status down for port: 26a38312-21c5-47ad-ba6e-447eac0c1c6f
2026-07-14 18:54:37.776 9 WARNING neutron.scheduler.dhcp_agent_scheduler [None req-876391f2-2fed-47ad-90c1-1d497700366e 05bc8ae930254127bc61c8d684bbe13b 797a8c9041484eaeb26b92c15d672156 - - default default] No more DHCP agents
2026-07-14 18:54:37.790 9 WARNING neutron.api.rpc.agentnotifiers.dhcp_rpc_agent_api [None req-876391f2-2fed-47ad-90c1-1d497700366e 05bc8ae930254127bc61c8d684bbe13b 797a8c9041484eaeb26b92c15d672156 - - default default] Unable to schedule network 042559a0-e9f8-4ebe-aef7-fc562a7ceb78: no agents available; will retry on subsequent port and subnet creation events.
2026-07-14 18:54:37.840 9 INFO neutron.notifiers.nova [-] Nova event matching ['req-cd16617d-e8b1-44cf-870c-1341d914f86a'] response: {'server_uuid': '1dca1afb-f3fc-40bb-bc15-f5880bf458c2', 'name': 'network-vif-unplugged', 'status': 'completed', 'tag': '26a38312-21c5-47ad-ba6e-447eac0c1c6f', 'code': 200}
2026-07-14 18:54:37.939 10 INFO neutron.db.ovn_revision_numbers_db [None req-d887c70c-8fc1-42e8-a873-0fff16e19d3d - - - - - -] Successfully bumped revision number for resource e03ebb91-852e-4605-95cb-676d861e88fc (type: ports) to 2
2026-07-14 18:54:38.094 10 INFO neutron.db.ovn_revision_numbers_db [None req-d887c70c-8fc1-42e8-a873-0fff16e19d3d - - - - - -] Successfully bumped revision number for resource e03ebb91-852e-4605-95cb-676d861e88fc (type: router_ports) to 2
2026-07-14 18:54:38.226 9 INFO neutron.db.ovn_revision_numbers_db [None req-63f70246-ea7d-40dc-882c-63045b74af53 45b8ce6528e64a5f8720fc3e95716646 e1f726b2acfa43ec815e735ea19d18e6 - - default default] Successfully bumped revision number for resource 8713cfb4-cd70-49a5-b623-7c6b25905b5f (type: routers) to 3
2026-07-14 18:54:38.237 9 INFO neutron.wsgi [None req-63f70246-ea7d-40dc-882c-63045b74af53 45b8ce6528e64a5f8720fc3e95716646 e1f726b2acfa43ec815e735ea19d18e6 - - default default] 10.0.0.110 "PUT /v2.0/routers/8713cfb4-cd70-49a5-b623-7c6b25905b5f HTTP/1.1" status: 200 len: 1157 time: 0.9128692 /var/lib/openstack/lib/python3.10/site-packages/pycadf/identifier.py:71: UserWarning: Invalid uuid: neutron. To ensure interoperability, identifiers should be a valid uuid. warnings.warn(('Invalid uuid: %s. To ensure interoperability, '
2026-07-14 18:54:38.263 9 INFO neutron.db.ovn_revision_numbers_db [None req-b3893bc5-85d2-406f-b2ce-5ab6e62dbb5a - - - - - -] Successfully bumped revision number for resource 26a38312-21c5-47ad-ba6e-447eac0c1c6f (type: ports) to 5
2026-07-14 18:54:38.289 9 WARNING neutron.plugins.ml2.drivers.ovn.mech_driver.ovsdb.ovn_client [None req-b3893bc5-85d2-406f-b2ce-5ab6e62dbb5a - - - - - -] Logical_Switch_Port %s host information not removed, the port state is up
2026-07-14 18:54:38.289 9 INFO neutron.plugins.ml2.drivers.ovn.mech_driver.mech_driver [None req-b3893bc5-85d2-406f-b2ce-5ab6e62dbb5a - - - - - -] OVN reports status up for port: 26a38312-21c5-47ad-ba6e-447eac0c1c6f
2026-07-14 18:54:38.332 9 INFO neutron.plugins.ml2.plugin [None req-b3893bc5-85d2-406f-b2ce-5ab6e62dbb5a - - - - - -] Attempt 1 to provision port 26a38312-21c5-47ad-ba6e-447eac0c1c6f
2026-07-14 18:54:38.341 10 INFO neutron.wsgi [None req-8f277d15-06b6-4890-8a3d-c75d271590c4 45b8ce6528e64a5f8720fc3e95716646 e1f726b2acfa43ec815e735ea19d18e6 - - default default] 10.0.0.110 "GET /v2.0/routers/8713cfb4-cd70-49a5-b623-7c6b25905b5f HTTP/1.1" status: 200 len: 1157 time: 0.0994513
2026-07-14 18:54:38.388 10 INFO neutron.wsgi [None req-47a654bd-5bd9-4c8d-8900-119312fb5c34 45b8ce6528e64a5f8720fc3e95716646 e1f726b2acfa43ec815e735ea19d18e6 - - default default] 10.0.0.110 "GET /v2.0/ports?device_id=8713cfb4-cd70-49a5-b623-7c6b25905b5f HTTP/1.1" status: 200 len: 205 time: 0.0293276
