2026-07-14 18:55:43.019 10 INFO neutron.wsgi [req-d2d16af9-f1e2-4463-bc25-9368833299d9 req-b98df2ca-19f6-4750-adad-806ed6a30281 4f0202ec8223444bbeac50718016c4ce e9f2d98f69e644068c175b8717ae4d9e - - default default] 199.19.213.161 "DELETE /v2.0/ports/e965d7da-1c1d-4c15-842d-c386330e6fed HTTP/1.1" status: 204 len: 173 time: 0.3239255
2026-07-14 18:55:43.371 10 INFO neutron.notifiers.nova [-] Nova event matching ['req-61f3f084-6dd5-45ac-b9fe-813d67d68a2f'] response: {'server_uuid': '2207a6cd-4624-4e63-8634-aa9a2a966ac3', 'name': 'network-vif-deleted', 'tag': 'e965d7da-1c1d-4c15-842d-c386330e6fed', 'status': 'completed', 'code': 200}
2026-07-14 18:55:43.422 10 INFO neutron.pecan_wsgi.hooks.translation [None req-43c3b24c-1b12-4fdd-b7fb-4f63c3c4af56 ceec366e5f964466a7787117f574f68d 2c35fec8c42f421c9c245ea4dc32fca3 - - default default] GET failed (client error): The resource could not be found.
2026-07-14 18:55:43.423 10 INFO neutron.wsgi [None req-43c3b24c-1b12-4fdd-b7fb-4f63c3c4af56 ceec366e5f964466a7787117f574f68d 2c35fec8c42f421c9c245ea4dc32fca3 - - default default] 10.0.0.110 "GET /v2.0/networks/0744bbc3-a5ff-4329-8ebc-298b5cad9ee9 HTTP/1.1" status: 404 len: 339 time: 0.2631686
2026-07-14 18:55:43.805 10 INFO neutron.wsgi [None req-2eb061b5-2a63-4094-b317-72fd1d58813d 4f0202ec8223444bbeac50718016c4ce e9f2d98f69e644068c175b8717ae4d9e - - default default] 10.0.0.110 "DELETE /v2.0/security-groups/585cf5bf-6adb-4ee5-8998-527656361be3 HTTP/1.1" status: 204 len: 168 time: 0.2401857 /var/lib/openstack/lib/python3.10/site-packages/pycadf/identifier.py:71: UserWarning: Invalid uuid: neutron. To ensure interoperability, identifiers should be a valid uuid. warnings.warn(('Invalid uuid: %s. To ensure interoperability, '
2026-07-14 18:55:44.258 9 INFO neutron.db.ovn_revision_numbers_db [None req-93d068d3-45b8-4895-9632-87fe79334f37 42c5276c71b348a9abacbf421c309197 ff7e564635fa43fa9e2dc3cdab6453c3 - - default default] Successfully bumped revision number for resource 10552245-d8dd-434d-a880-50375a25aa8d (type: security_groups) to 1
2026-07-14 18:55:44.274 9 INFO neutron.db.ovn_revision_numbers_db [None req-93d068d3-45b8-4895-9632-87fe79334f37 42c5276c71b348a9abacbf421c309197 ff7e564635fa43fa9e2dc3cdab6453c3 - - default default] Successfully bumped revision number for resource 2d07026a-1866-4d17-9818-d050a7c3a67e (type: security_group_rules) to 0
2026-07-14 18:55:44.287 9 INFO neutron.db.ovn_revision_numbers_db [None req-93d068d3-45b8-4895-9632-87fe79334f37 42c5276c71b348a9abacbf421c309197 ff7e564635fa43fa9e2dc3cdab6453c3 - - default default] Successfully bumped revision number for resource 66d03508-cd65-475a-825d-c625ac122bff (type: security_group_rules) to 0
2026-07-14 18:55:44.300 9 INFO neutron.db.ovn_revision_numbers_db [None req-93d068d3-45b8-4895-9632-87fe79334f37 42c5276c71b348a9abacbf421c309197 ff7e564635fa43fa9e2dc3cdab6453c3 - - default default] Successfully bumped revision number for resource b973f26b-9fbb-49f6-9b53-a867e3755476 (type: security_group_rules) to 0
2026-07-14 18:55:44.315 9 INFO neutron.db.ovn_revision_numbers_db [None req-93d068d3-45b8-4895-9632-87fe79334f37 42c5276c71b348a9abacbf421c309197 ff7e564635fa43fa9e2dc3cdab6453c3 - - default default] Successfully bumped revision number for resource d2535b02-c5f6-4877-8307-27d6997f4699 (type: security_group_rules) to 0
2026-07-14 18:55:44.343 9 INFO neutron.wsgi [None req-93d068d3-45b8-4895-9632-87fe79334f37 42c5276c71b348a9abacbf421c309197 ff7e564635fa43fa9e2dc3cdab6453c3 - - default default] 10.0.0.110 "GET /v2.0/security-groups?tenant_id=642c835c72cc40a48ca37d58b312ee4c&name=default HTTP/1.1" status: 200 len: 3120 time: 0.3294628
2026-07-14 18:55:44.458 10 INFO neutron.services.segments.plugin [-] Segment b924f0ba-9702-4992-8ef9-0c1683d67f99 resource provider aggregate not found
2026-07-14 18:55:44.479 10 INFO neutron.services.segments.plugin [-] Segment b924f0ba-9702-4992-8ef9-0c1683d67f99 resource provider aggregate not found
2026-07-14 18:55:44.499 10 INFO neutron.services.segments.plugin [-] Segment b924f0ba-9702-4992-8ef9-0c1683d67f99 resource provider not found; error: Placement Client Error (4xx): {"errors": [{"status": 404, "title": "Not Found", "detail": "The resource could not be found.\n\n No resource provider with uuid b924f0ba-9702-4992-8ef9-0c1683d67f99 found for delete ", "request_id": "req-ab223231-acdd-40aa-b129-348967fe70c8"}]}
2026-07-14 18:55:44.506 10 INFO neutron.services.segments.plugin [-] Segment b924f0ba-9702-4992-8ef9-0c1683d67f99 resource provider not found; error: Placement Client Error (4xx): {"errors": [{"status": 404, "title": "Not Found", "detail": "The resource could not be found.\n\n No resource provider with uuid b924f0ba-9702-4992-8ef9-0c1683d67f99 found for delete ", "request_id": "req-3ab462c7-994c-4fae-a6ed-ce16bb631a12"}]}
2026-07-14 18:55:44.525 10 INFO neutron.wsgi [None req-83dd706a-02ec-4500-b485-7ac983d62c78 68b505eb54d24b9398ca555e38c99f31 6aec68ee076a449bb1412027e5e36871 - - default default] 10.0.0.110 "DELETE /v2.0/networks/0744bbc3-a5ff-4329-8ebc-298b5cad9ee9 HTTP/1.1" status: 204 len: 168 time: 1.0963385
2026-07-14 18:55:44.550 9 INFO neutron.pecan_wsgi.hooks.translation [None req-a0470dac-c9f0-45eb-bcde-4146905dc2fe 68b505eb54d24b9398ca555e38c99f31 6aec68ee076a449bb1412027e5e36871 - - default default] DELETE failed (client error): The resource could not be found.
2026-07-14 18:55:44.553 9 INFO neutron.wsgi [None req-a0470dac-c9f0-45eb-bcde-4146905dc2fe 68b505eb54d24b9398ca555e38c99f31 6aec68ee076a449bb1412027e5e36871 - - default default] 10.0.0.110 "DELETE /v2.0/subnets/d2a7dc5b-fa90-451c-a9ba-1139c441e420 HTTP/1.1" status: 404 len: 337 time: 0.0215085
2026-07-14 18:55:44.581 9 INFO neutron.pecan_wsgi.hooks.translation [None req-a742da85-be2d-49d2-b6c1-5be1ea1f7a4a 68b505eb54d24b9398ca555e38c99f31 6aec68ee076a449bb1412027e5e36871 - - default default] DELETE failed (client error): The resource could not be found.
2026-07-14 18:55:44.584 9 INFO neutron.wsgi [None req-a742da85-be2d-49d2-b6c1-5be1ea1f7a4a 68b505eb54d24b9398ca555e38c99f31 6aec68ee076a449bb1412027e5e36871 - - default default] 10.0.0.110 "DELETE /v2.0/subnets/75697dbe-66f3-4aeb-8f2b-b83213001c72 HTTP/1.1" status: 404 len: 337 time: 0.0248280
2026-07-14 18:55:44.608 10 INFO neutron.pecan_wsgi.hooks.translation [None req-da7156a3-26c5-410d-bad8-70bce4c10852 68b505eb54d24b9398ca555e38c99f31 6aec68ee076a449bb1412027e5e36871 - - default default] DELETE failed (client error): The resource could not be found.
2026-07-14 18:55:44.611 10 INFO neutron.wsgi [None req-da7156a3-26c5-410d-bad8-70bce4c10852 68b505eb54d24b9398ca555e38c99f31 6aec68ee076a449bb1412027e5e36871 - - default default] 10.0.0.110 "DELETE /v2.0/subnets/5da20c5a-3fa0-4955-b29f-6c98c5cd5534 HTTP/1.1" status: 404 len: 337 time: 0.0214932
2026-07-14 18:55:44.626 9 INFO neutron.notifiers.nova [-] Nova event matching ['req-b214c9a4-42c6-4eb1-915a-1a4dda80367e'] response: {'server_uuid': '2207a6cd-4624-4e63-8634-aa9a2a966ac3', 'name': 'network-vif-unplugged', 'status': 'completed', 'tag': 'e965d7da-1c1d-4c15-842d-c386330e6fed', 'code': 200}
2026-07-14 18:55:44.653 9 INFO neutron.wsgi [None req-ba287cc1-9072-41e4-a730-8b41daf9dc4b 42c5276c71b348a9abacbf421c309197 ff7e564635fa43fa9e2dc3cdab6453c3 - - default default] 10.0.0.110 "DELETE /v2.0/security-groups/10552245-d8dd-434d-a880-50375a25aa8d HTTP/1.1" status: 204 len: 168 time: 0.3041062
2026-07-14 18:55:44.918 9 INFO neutron.db.ovn_revision_numbers_db [None req-f859cbbf-7973-44ff-9355-76a5d2c36403 42c5276c71b348a9abacbf421c309197 ff7e564635fa43fa9e2dc3cdab6453c3 - - default default] Successfully bumped revision number for resource b075358c-b89a-41ee-a6e4-efb002f0270b (type: security_groups) to 1
2026-07-14 18:55:44.931 9 INFO neutron.db.ovn_revision_numbers_db [None req-f859cbbf-7973-44ff-9355-76a5d2c36403 42c5276c71b348a9abacbf421c309197 ff7e564635fa43fa9e2dc3cdab6453c3 - - default default] Successfully bumped revision number for resource 18c0a048-060f-4d51-abb0-401c2f797288 (type: security_group_rules) to 0
2026-07-14 18:55:44.946 9 INFO neutron.db.ovn_revision_numbers_db [None req-f859cbbf-7973-44ff-9355-76a5d2c36403 42c5276c71b348a9abacbf421c309197 ff7e564635fa43fa9e2dc3cdab6453c3 - - default default] Successfully bumped revision number for resource 39373a5c-fa74-4163-8817-23275c9ff828 (type: security_group_rules) to 0
2026-07-14 18:55:44.962 9 INFO neutron.db.ovn_revision_numbers_db [None req-f859cbbf-7973-44ff-9355-76a5d2c36403 42c5276c71b348a9abacbf421c309197 ff7e564635fa43fa9e2dc3cdab6453c3 - - default default] Successfully bumped revision number for resource 7b6c729c-3dc3-4891-b4eb-4ee09d49609f (type: security_group_rules) to 0
2026-07-14 18:55:44.977 9 INFO neutron.db.ovn_revision_numbers_db [None req-f859cbbf-7973-44ff-9355-76a5d2c36403 42c5276c71b348a9abacbf421c309197 ff7e564635fa43fa9e2dc3cdab6453c3 - - default default] Successfully bumped revision number for resource fdc94868-c2c0-4a0c-a5a9-5d9708ae4d55 (type: security_group_rules) to 0
2026-07-14 18:55:45.002 9 INFO neutron.wsgi [None req-f859cbbf-7973-44ff-9355-76a5d2c36403 42c5276c71b348a9abacbf421c309197 ff7e564635fa43fa9e2dc3cdab6453c3 - - default default] 10.0.0.110 "GET /v2.0/security-groups?tenant_id=864a10cfeb554c09962b11db0df19fc2&name=default HTTP/1.1" status: 200 len: 3120 time: 0.1913991
2026-07-14 18:55:45.240 9 INFO neutron.wsgi [None req-59767826-2c25-41a2-b097-ade1b2976a1a 42c5276c71b348a9abacbf421c309197 ff7e564635fa43fa9e2dc3cdab6453c3 - - default default] 10.0.0.110 "DELETE /v2.0/security-groups/b075358c-b89a-41ee-a6e4-efb002f0270b HTTP/1.1" status: 204 len: 168 time: 0.2285252
2026-07-14 18:55:45.292 10 INFO neutron.wsgi [None req-79c775fd-378c-4e80-ab90-d8e839dfd4c8 4f0202ec8223444bbeac50718016c4ce e9f2d98f69e644068c175b8717ae4d9e - - default default] 10.0.0.110 "PUT /v2.0/routers/825c0377-8f40-4d6f-9e46-ed2b23c3e375/remove_router_interface HTTP/1.1" status: 200 len: 503 time: 1.4534745 /var/lib/openstack/lib/python3.10/site-packages/pycadf/identifier.py:71: UserWarning: Invalid uuid: neutron. To ensure interoperability, identifiers should be a valid uuid. warnings.warn(('Invalid uuid: %s. To ensure interoperability, '
2026-07-14 18:55:45.603 10 INFO neutron.wsgi [None req-17b485e1-0a07-4425-9de7-36a9448e51ed 4f0202ec8223444bbeac50718016c4ce e9f2d98f69e644068c175b8717ae4d9e - - default default] 10.0.0.110 "DELETE /v2.0/subnets/2132f401-c032-4374-8929-f58a66d56b67 HTTP/1.1" status: 204 len: 168 time: 0.3049831
2026-07-14 18:55:45.685 10 INFO neutron.wsgi [None req-e2ddfa4a-dca5-4aeb-bd88-efc23e880247 42c5276c71b348a9abacbf421c309197 ff7e564635fa43fa9e2dc3cdab6453c3 - - default default] 10.0.0.110 "GET /v2.0/security-groups?tenant_id=6aec68ee076a449bb1412027e5e36871&name=default HTTP/1.1" status: 200 len: 3120 time: 0.2103448
2026-07-14 18:55:46.045 10 INFO neutron.wsgi [None req-6060eb49-b415-4956-9e93-9a94cfb5fa4d 42c5276c71b348a9abacbf421c309197 ff7e564635fa43fa9e2dc3cdab6453c3 - - default default] 10.0.0.110 "DELETE /v2.0/security-groups/0bf54ba0-6f3e-4782-a133-1092264d036f HTTP/1.1" status: 204 len: 168 time: 0.3550754
2026-07-14 18:55:46.447 10 INFO neutron.db.ovn_revision_numbers_db [None req-ec4767e0-4413-4d64-868c-a9d147ad2600 42c5276c71b348a9abacbf421c309197 ff7e564635fa43fa9e2dc3cdab6453c3 - - default default] Successfully bumped revision number for resource 3f9ed768-4a7d-4f47-8cde-04299931329d (type: security_groups) to 1
2026-07-14 18:55:46.479 10 INFO neutron.db.ovn_revision_numbers_db [None req-ec4767e0-4413-4d64-868c-a9d147ad2600 42c5276c71b348a9abacbf421c309197 ff7e564635fa43fa9e2dc3cdab6453c3 - - default default] Successfully bumped revision number for resource 534e77bc-6249-413d-ab37-79c0a68e40d2 (type: security_group_rules) to 0
2026-07-14 18:55:46.526 10 INFO neutron.db.ovn_revision_numbers_db [None req-ec4767e0-4413-4d64-868c-a9d147ad2600 42c5276c71b348a9abacbf421c309197 ff7e564635fa43fa9e2dc3cdab6453c3 - - default default] Successfully bumped revision number for resource 9c7e95b8-81f4-4413-b783-9e7b95ffa02f (type: security_group_rules) to 0
2026-07-14 18:55:46.803 9 WARNING neutron_lib.context [None req-681ac2cb-f5ec-4995-b799-489225221bbf 33c71c5f27b74e6ba3c0bbe26b619933 e5403f4808784b258bff9ecfdc8cf2eb - - default default] Method 'is_advsvc' is deprecated since 2023.2 release (neutron-lib 3.8.0) and will be removed once support for the old RBAC API policies will be removed from Neutron. Please use method 'is_service_role' instead.
2026-07-14 18:55:46.829 10 INFO neutron.db.ovn_revision_numbers_db [None req-ec4767e0-4413-4d64-868c-a9d147ad2600 42c5276c71b348a9abacbf421c309197 ff7e564635fa43fa9e2dc3cdab6453c3 - - default default] Successfully bumped revision number for resource bbbbbac4-04ad-4d7d-ab32-27952d1901e6 (type: security_group_rules) to 0
2026-07-14 18:55:46.859 9 INFO neutron.wsgi [None req-681ac2cb-f5ec-4995-b799-489225221bbf 33c71c5f27b74e6ba3c0bbe26b619933 e5403f4808784b258bff9ecfdc8cf2eb - - default default] 10.0.0.110 "POST /v2.0/subnetpools HTTP/1.1" status: 201 len: 715 time: 0.2278464
2026-07-14 18:55:46.867 10 WARNING neutron_lib.context [None req-9093efbc-83ed-4ae1-a09f-b0244cbe0a64 33c71c5f27b74e6ba3c0bbe26b619933 e5403f4808784b258bff9ecfdc8cf2eb - - default default] Method 'is_advsvc' is deprecated since 2023.2 release (neutron-lib 3.8.0) and will be removed once support for the old RBAC API policies will be removed from Neutron. Please use method 'is_service_role' instead.
2026-07-14 18:55:46.871 10 INFO neutron.db.ovn_revision_numbers_db [None req-ec4767e0-4413-4d64-868c-a9d147ad2600 42c5276c71b348a9abacbf421c309197 ff7e564635fa43fa9e2dc3cdab6453c3 - - default default] Successfully bumped revision number for resource d929f58e-a2d6-4493-84e0-c8793118f985 (type: security_group_rules) to 0
2026-07-14 18:55:46.921 10 INFO neutron.wsgi [None req-ec4767e0-4413-4d64-868c-a9d147ad2600 42c5276c71b348a9abacbf421c309197 ff7e564635fa43fa9e2dc3cdab6453c3 - - default default] 10.0.0.110 "GET /v2.0/security-groups?tenant_id=2c35fec8c42f421c9c245ea4dc32fca3&name=default HTTP/1.1" status: 200 len: 3120 time: 0.7275567
2026-07-14 18:55:46.927 10 INFO neutron.wsgi [None req-ec1a1f6e-5203-40d6-a7cf-f04e792a49f9 4f0202ec8223444bbeac50718016c4ce e9f2d98f69e644068c175b8717ae4d9e - - default default] 10.0.0.110 "DELETE /v2.0/routers/825c0377-8f40-4d6f-9e46-ed2b23c3e375 HTTP/1.1" status: 204 len: 168 time: 1.3177414
2026-07-14 18:55:46.967 10 INFO neutron.wsgi [None req-9093efbc-83ed-4ae1-a09f-b0244cbe0a64 33c71c5f27b74e6ba3c0bbe26b619933 e5403f4808784b258bff9ecfdc8cf2eb - - default default] 10.0.0.110 "POST /v2.0/subnetpools HTTP/1.1" status: 201 len: 715 time: 0.1040759
2026-07-14 18:55:46.979 10 WARNING neutron_lib.context [None req-7c087b68-7c82-413a-974c-84eb4cee06f2 33c71c5f27b74e6ba3c0bbe26b619933 e5403f4808784b258bff9ecfdc8cf2eb - - default default] Method 'is_advsvc' is deprecated since 2023.2 release (neutron-lib 3.8.0) and will be removed once support for the old RBAC API policies will be removed from Neutron. Please use method 'is_service_role' instead.
2026-07-14 18:55:47.043 10 INFO neutron.wsgi [None req-7c087b68-7c82-413a-974c-84eb4cee06f2 33c71c5f27b74e6ba3c0bbe26b619933 e5403f4808784b258bff9ecfdc8cf2eb - - default default] 10.0.0.110 "POST /v2.0/subnetpools HTTP/1.1" status: 201 len: 715 time: 0.0704241
2026-07-14 18:55:47.056 10 WARNING neutron_lib.context [None req-e2df089d-0793-4ab2-91b5-d55567f0f157 33c71c5f27b74e6ba3c0bbe26b619933 e5403f4808784b258bff9ecfdc8cf2eb - - default default] Method 'is_advsvc' is deprecated since 2023.2 release (neutron-lib 3.8.0) and will be removed once support for the old RBAC API policies will be removed from Neutron. Please use method 'is_service_role' instead.
2026-07-14 18:55:47.123 10 INFO neutron.wsgi [None req-e2df089d-0793-4ab2-91b5-d55567f0f157 33c71c5f27b74e6ba3c0bbe26b619933 e5403f4808784b258bff9ecfdc8cf2eb - - default default] 10.0.0.110 "POST /v2.0/subnetpools HTTP/1.1" status: 201 len: 715 time: 0.0738025
2026-07-14 18:55:47.135 10 WARNING neutron_lib.context [None req-a17d9d90-600d-4c87-b0a1-9c14beeb8f0c 33c71c5f27b74e6ba3c0bbe26b619933 e5403f4808784b258bff9ecfdc8cf2eb - - default default] Method 'is_advsvc' is deprecated since 2023.2 release (neutron-lib 3.8.0) and will be removed once support for the old RBAC API policies will be removed from Neutron. Please use method 'is_service_role' instead.
2026-07-14 18:55:47.198 10 INFO neutron.wsgi [None req-a17d9d90-600d-4c87-b0a1-9c14beeb8f0c 33c71c5f27b74e6ba3c0bbe26b619933 e5403f4808784b258bff9ecfdc8cf2eb - - default default] 10.0.0.110 "POST /v2.0/subnetpools HTTP/1.1" status: 201 len: 715 time: 0.0687766
2026-07-14 18:55:47.249 10 INFO neutron.wsgi [None req-107173c0-9164-465b-8d13-d7bedf104594 33c71c5f27b74e6ba3c0bbe26b619933 e5403f4808784b258bff9ecfdc8cf2eb - - default default] 10.0.0.110 "PUT /v2.0/subnetpools/fceb5ba3-d148-47be-ac0f-15974fd09c22/tags HTTP/1.1" status: 200 len: 210 time: 0.0446653
2026-07-14 18:55:47.274 9 INFO neutron.wsgi [None req-ff0a27d5-23eb-4031-a1ee-907731c68bdb 42c5276c71b348a9abacbf421c309197 ff7e564635fa43fa9e2dc3cdab6453c3 - - default default] 10.0.0.110 "DELETE /v2.0/security-groups/3f9ed768-4a7d-4f47-8cde-04299931329d HTTP/1.1" status: 204 len: 168 time: 0.3478763
2026-07-14 18:55:47.275 10 WARNING neutron_lib.context [None req-7a89d5f8-4050-41c1-a267-6ac364ac6ea2 78fd33a4dcaf4a9c93c00d40c52f9a39 9059ae9cab504b44b595d40c8f6fd862 - - default default] Method 'is_advsvc' is deprecated since 2023.2 release (neutron-lib 3.8.0) and will be removed once support for the old RBAC API policies will be removed from Neutron. Please use method 'is_service_role' instead.
2026-07-14 18:55:47.298 10 INFO neutron.wsgi [None req-91f4fa1e-af7c-4799-80a5-0234e03718b2 33c71c5f27b74e6ba3c0bbe26b619933 e5403f4808784b258bff9ecfdc8cf2eb - - default default] 10.0.0.110 "PUT /v2.0/subnetpools/03d4fa02-a320-4e90-bdc0-d0c3d930333d/tags HTTP/1.1" status: 200 len: 218 time: 0.0448530
2026-07-14 18:55:47.346 10 INFO neutron.wsgi [None req-881500bf-6e11-4665-8886-c77d75adc746 33c71c5f27b74e6ba3c0bbe26b619933 e5403f4808784b258bff9ecfdc8cf2eb - - default default] 10.0.0.110 "PUT /v2.0/subnetpools/ecd52bdd-d8a0-4906-9778-c768a0df156a/tags HTTP/1.1" status: 200 len: 227 time: 0.0414300
2026-07-14 18:55:47.441 9 INFO neutron.services.segments.plugin [-] Segment 9fcaadad-68d0-4132-a5fc-ea375d0ebb76 resource provider aggregate not found
2026-07-14 18:55:47.446 10 INFO neutron.db.ovn_revision_numbers_db [None req-7a89d5f8-4050-41c1-a267-6ac364ac6ea2 78fd33a4dcaf4a9c93c00d40c52f9a39 9059ae9cab504b44b595d40c8f6fd862 - - default default] Successfully bumped revision number for resource f50177f1-654f-4f66-858e-371c093352a9 (type: security_groups) to 1
2026-07-14 18:55:47.448 9 INFO neutron.services.segments.plugin [-] Segment 9fcaadad-68d0-4132-a5fc-ea375d0ebb76 resource provider aggregate not found
2026-07-14 18:55:47.456 9 INFO neutron.wsgi [None req-d41d14b4-11cf-4392-b096-1ab02cc76ec6 33c71c5f27b74e6ba3c0bbe26b619933 e5403f4808784b258bff9ecfdc8cf2eb - - default default] 10.0.0.110 "PUT /v2.0/subnetpools/263afee5-c33d-42b6-8eb2-e9a786668264/tags HTTP/1.1" status: 200 len: 212 time: 0.1039770
2026-07-14 18:55:47.463 9 INFO neutron.services.segments.plugin [-] Segment 9fcaadad-68d0-4132-a5fc-ea375d0ebb76 resource provider not found; error: Placement Client Error (4xx): {"errors": [{"status": 404, "title": "Not Found", "detail": "The resource could not be found.\n\n No resource provider with uuid 9fcaadad-68d0-4132-a5fc-ea375d0ebb76 found for delete ", "request_id": "req-a59d3706-8876-4385-bf27-21920c594c6e"}]}
2026-07-14 18:55:47.473 10 INFO neutron.db.ovn_revision_numbers_db [None req-7a89d5f8-4050-41c1-a267-6ac364ac6ea2 78fd33a4dcaf4a9c93c00d40c52f9a39 9059ae9cab504b44b595d40c8f6fd862 - - default default] Successfully bumped revision number for resource 0c4ab667-2a8e-4734-8064-b764dda5c6b9 (type: security_group_rules) to 0
2026-07-14 18:55:47.475 9 INFO neutron.services.segments.plugin [-] Segment 9fcaadad-68d0-4132-a5fc-ea375d0ebb76 resource provider not found; error: Placement Client Error (4xx): {"errors": [{"status": 404, "title": "Not Found", "detail": "The resource could not be found.\n\n No resource provider with uuid 9fcaadad-68d0-4132-a5fc-ea375d0ebb76 found for delete ", "request_id": "req-0d49f3da-ef12-4093-a9df-ef8e30bf0b83"}]}
2026-07-14 18:55:47.502 9 INFO neutron.wsgi [None req-f021bdba-e676-433d-9121-6e8d1fdc25b1 4f0202ec8223444bbeac50718016c4ce e9f2d98f69e644068c175b8717ae4d9e - - default default] 10.0.0.110 "DELETE /v2.0/networks/a5852cf1-659f-43b0-9e00-99f2ea2ab250 HTTP/1.1" status: 204 len: 168 time: 0.5676935
2026-07-14 18:55:47.504 10 INFO neutron.wsgi [None req-7b2f9998-b8cb-4b16-bb7a-8ca860352239 33c71c5f27b74e6ba3c0bbe26b619933 e5403f4808784b258bff9ecfdc8cf2eb - - default default] 10.0.0.110 "GET /v2.0/subnetpools?tags=red HTTP/1.1" status: 200 len: 1758 time: 0.0422709
2026-07-14 18:55:47.512 10 INFO neutron.db.ovn_revision_numbers_db [None req-7a89d5f8-4050-41c1-a267-6ac364ac6ea2 78fd33a4dcaf4a9c93c00d40c52f9a39 9059ae9cab504b44b595d40c8f6fd862 - - default default] Successfully bumped revision number for resource 37e2fc03-eb49-4ca6-9f10-1bf6e252577f (type: security_group_rules) to 0
2026-07-14 18:55:47.559 10 INFO neutron.db.ovn_revision_numbers_db [None req-7a89d5f8-4050-41c1-a267-6ac364ac6ea2 78fd33a4dcaf4a9c93c00d40c52f9a39 9059ae9cab504b44b595d40c8f6fd862 - - default default] Successfully bumped revision number for resource 631f0091-74c4-4bea-bc18-b74762dece97 (type: security_group_rules) to 0
2026-07-14 18:55:47.565 10 INFO neutron.wsgi [None req-3f0c0f3c-fcca-4bcb-ada1-5faca804ab52 33c71c5f27b74e6ba3c0bbe26b619933 e5403f4808784b258bff9ecfdc8cf2eb - - default default] 10.0.0.110 "GET /v2.0/subnetpools?tags=red%2Cblue HTTP/1.1" status: 200 len: 1251 time: 0.0542986
2026-07-14 18:55:47.586 10 INFO neutron.db.ovn_revision_numbers_db [None req-7a89d5f8-4050-41c1-a267-6ac364ac6ea2 78fd33a4dcaf4a9c93c00d40c52f9a39 9059ae9cab504b44b595d40c8f6fd862 - - default default] Successfully bumped revision number for resource a6d8bde3-7dbb-467d-bf6e-08f057914d6a (type: security_group_rules) to 0
2026-07-14 18:55:47.601 9 INFO neutron.wsgi [None req-ff6a07f5-9e00-46cc-a4ae-ad7e2cecfa63 33c71c5f27b74e6ba3c0bbe26b619933 e5403f4808784b258bff9ecfdc8cf2eb - - default default] 10.0.0.110 "GET /v2.0/subnetpools?tags-any=blue HTTP/1.1" status: 200 len: 1251 time: 0.0300078
2026-07-14 18:55:47.631 9 INFO neutron.wsgi [None req-cb86fa73-f55e-4efb-9863-3ba0ea1fca7c 33c71c5f27b74e6ba3c0bbe26b619933 e5403f4808784b258bff9ecfdc8cf2eb - - default default] 10.0.0.110 "GET /v2.0/subnetpools?tags-any=red%2Cblue HTTP/1.1" status: 200 len: 1758 time: 0.0232735
2026-07-14 18:55:47.643 10 INFO neutron.db.segments_db [None req-7a89d5f8-4050-41c1-a267-6ac364ac6ea2 78fd33a4dcaf4a9c93c00d40c52f9a39 9059ae9cab504b44b595d40c8f6fd862 - - default default] Added segment 3c0a0991-0d67-45e4-ba3b-554385dd4e76 of type geneve for network 54e0f227-e9f3-41a4-b5a7-0245b924d5dc
2026-07-14 18:55:47.647 10 INFO neutron.db.ovn_revision_numbers_db [None req-66bad8cc-cf09-4f7a-a4a9-a78c70d2e4de 42c5276c71b348a9abacbf421c309197 ff7e564635fa43fa9e2dc3cdab6453c3 - - default default] Successfully bumped revision number for resource a649df49-a0f1-4fd9-a12d-7ccb1d859eb8 (type: security_groups) to 1
2026-07-14 18:55:47.659 9 INFO neutron.wsgi [None req-1416da9a-f689-4b21-beea-3374594fddbc 33c71c5f27b74e6ba3c0bbe26b619933 e5403f4808784b258bff9ecfdc8cf2eb - - default default] 10.0.0.110 "GET /v2.0/subnetpools?not-tags=red HTTP/1.1" status: 200 len: 1223 time: 0.0229821
2026-07-14 18:55:47.673 10 INFO neutron.db.ovn_revision_numbers_db [None req-66bad8cc-cf09-4f7a-a4a9-a78c70d2e4de 42c5276c71b348a9abacbf421c309197 ff7e564635fa43fa9e2dc3cdab6453c3 - - default default] Successfully bumped revision number for resource 64bf1cc7-17cf-414b-a257-5aa20b405ec6 (type: security_group_rules) to 0
2026-07-14 18:55:47.695 9 INFO neutron.wsgi [None req-2e681e1c-b01c-482e-a78b-b2e009e43f3d 33c71c5f27b74e6ba3c0bbe26b619933 e5403f4808784b258bff9ecfdc8cf2eb - - default default] 10.0.0.110 "GET /v2.0/subnetpools?not-tags=red%2Cblue HTTP/1.1" status: 200 len: 1730 time: 0.0319500
2026-07-14 18:55:47.717 10 INFO neutron.db.ovn_revision_numbers_db [None req-66bad8cc-cf09-4f7a-a4a9-a78c70d2e4de 42c5276c71b348a9abacbf421c309197 ff7e564635fa43fa9e2dc3cdab6453c3 - - default default] Successfully bumped revision number for resource a3947cd6-e6d8-4ba9-97fb-96ec50d983c7 (type: security_group_rules) to 0
2026-07-14 18:55:47.727 9 INFO neutron.wsgi [None req-621d8230-2dd6-44bc-ba5a-34ea17b75480 33c71c5f27b74e6ba3c0bbe26b619933 e5403f4808784b258bff9ecfdc8cf2eb - - default default] 10.0.0.110 "GET /v2.0/subnetpools?not-tags-any=blue HTTP/1.1" status: 200 len: 1730 time: 0.0261445
2026-07-14 18:55:47.743 10 INFO neutron.db.ovn_revision_numbers_db [None req-66bad8cc-cf09-4f7a-a4a9-a78c70d2e4de 42c5276c71b348a9abacbf421c309197 ff7e564635fa43fa9e2dc3cdab6453c3 - - default default] Successfully bumped revision number for resource ae332554-b605-4b93-bf1b-36dc7e0001c8 (type: security_group_rules) to 0
2026-07-14 18:55:47.751 9 INFO neutron.wsgi [None req-5bbf0e4f-8d75-48fc-a681-3975b470fc59 33c71c5f27b74e6ba3c0bbe26b619933 e5403f4808784b258bff9ecfdc8cf2eb - - default default] 10.0.0.110 "GET /v2.0/subnetpools?not-tags-any=red%2Cblue HTTP/1.1" status: 200 len: 1223 time: 0.0183885
2026-07-14 18:55:47.792 10 INFO neutron.db.ovn_revision_numbers_db [None req-66bad8cc-cf09-4f7a-a4a9-a78c70d2e4de 42c5276c71b348a9abacbf421c309197 ff7e564635fa43fa9e2dc3cdab6453c3 - - default default] Successfully bumped revision number for resource ebe1b6d0-fa0c-4b13-b1e4-77220c3597df (type: security_group_rules) to 0
2026-07-14 18:55:47.820 9 INFO neutron.wsgi [None req-9d7d86f8-e125-4853-9b0a-213aa2994f19 33c71c5f27b74e6ba3c0bbe26b619933 e5403f4808784b258bff9ecfdc8cf2eb - - default default] 10.0.0.110 "DELETE /v2.0/subnetpools/fceb5ba3-d148-47be-ac0f-15974fd09c22 HTTP/1.1" status: 204 len: 168 time: 0.0614967
2026-07-14 18:55:47.835 10 INFO neutron.wsgi [None req-66bad8cc-cf09-4f7a-a4a9-a78c70d2e4de 42c5276c71b348a9abacbf421c309197 ff7e564635fa43fa9e2dc3cdab6453c3 - - default default] 10.0.0.110 "GET /v2.0/security-groups?tenant_id=c27ae499784f4b88ac9a9673821deeb7&name=default HTTP/1.1" status: 200 len: 3120 time: 0.4091175
2026-07-14 18:55:47.848 10 INFO neutron.db.ovn_revision_numbers_db [None req-7a89d5f8-4050-41c1-a267-6ac364ac6ea2 78fd33a4dcaf4a9c93c00d40c52f9a39 9059ae9cab504b44b595d40c8f6fd862 - - default default] Successfully bumped revision number for resource 54e0f227-e9f3-41a4-b5a7-0245b924d5dc (type: networks) to 1
2026-07-14 18:55:47.885 9 INFO neutron.wsgi [None req-1309bba4-cc78-45ea-9f96-634737bd2180 33c71c5f27b74e6ba3c0bbe26b619933 e5403f4808784b258bff9ecfdc8cf2eb - - default default] 10.0.0.110 "DELETE /v2.0/subnetpools/03d4fa02-a320-4e90-bdc0-d0c3d930333d HTTP/1.1" status: 204 len: 168 time: 0.0595663
2026-07-14 18:55:47.934 9 INFO neutron.wsgi [None req-eb934802-4ea4-48b9-a9c3-a021a295bef5 33c71c5f27b74e6ba3c0bbe26b619933 e5403f4808784b258bff9ecfdc8cf2eb - - default default] 10.0.0.110 "DELETE /v2.0/subnetpools/ecd52bdd-d8a0-4906-9778-c768a0df156a HTTP/1.1" status: 204 len: 168 time: 0.0455735
2026-07-14 18:55:47.984 9 INFO neutron.wsgi [None req-e804e657-994d-4d40-be11-fea22c75a71a 33c71c5f27b74e6ba3c0bbe26b619933 e5403f4808784b258bff9ecfdc8cf2eb - - default default] 10.0.0.110 "DELETE /v2.0/subnetpools/263afee5-c33d-42b6-8eb2-e9a786668264 HTTP/1.1" status: 204 len: 168 time: 0.0461280
2026-07-14 18:55:48.049 9 INFO neutron.wsgi [None req-21e7477e-7ef4-4efe-8b94-3e2ba9da3336 33c71c5f27b74e6ba3c0bbe26b619933 e5403f4808784b258bff9ecfdc8cf2eb - - default default] 10.0.0.110 "DELETE /v2.0/subnetpools/b919cc5c-d2d1-46c1-922e-9358b954f45c HTTP/1.1" status: 204 len: 168 time: 0.0600140
2026-07-14 18:55:48.110 10 WARNING neutron.scheduler.dhcp_agent_scheduler [None req-7a89d5f8-4050-41c1-a267-6ac364ac6ea2 78fd33a4dcaf4a9c93c00d40c52f9a39 9059ae9cab504b44b595d40c8f6fd862 - - default default] No more DHCP agents
2026-07-14 18:55:48.113 10 WARNING neutron.api.rpc.agentnotifiers.dhcp_rpc_agent_api [None req-7a89d5f8-4050-41c1-a267-6ac364ac6ea2 78fd33a4dcaf4a9c93c00d40c52f9a39 9059ae9cab504b44b595d40c8f6fd862 - - default default] Unable to schedule network 54e0f227-e9f3-41a4-b5a7-0245b924d5dc: no agents available; will retry on subsequent port and subnet creation events.
2026-07-14 18:55:48.213 10 INFO neutron.wsgi [None req-91d0158a-927d-47b0-9973-a3efc984322f 42c5276c71b348a9abacbf421c309197 ff7e564635fa43fa9e2dc3cdab6453c3 - - default default] 10.0.0.110 "DELETE /v2.0/security-groups/a649df49-a0f1-4fd9-a12d-7ccb1d859eb8 HTTP/1.1" status: 204 len: 168 time: 0.3712354
2026-07-14 18:55:48.229 10 INFO neutron.db.ovn_revision_numbers_db [None req-7a89d5f8-4050-41c1-a267-6ac364ac6ea2 78fd33a4dcaf4a9c93c00d40c52f9a39 9059ae9cab504b44b595d40c8f6fd862 - - default default] Successfully bumped revision number for resource 4a02e39e-43f4-4cb5-9731-8d3262823200 (type: ports) to 1
2026-07-14 18:55:48.261 10 INFO neutron.wsgi [None req-7a89d5f8-4050-41c1-a267-6ac364ac6ea2 78fd33a4dcaf4a9c93c00d40c52f9a39 9059ae9cab504b44b595d40c8f6fd862 - - default default] 10.0.0.110 "POST /v2.0/networks HTTP/1.1" status: 201 len: 844 time: 1.0978732
2026-07-14 18:55:48.275 9 WARNING neutron_lib.context [None req-69e5e2e1-8fc5-49fa-a4bd-9052e7c834c9 78fd33a4dcaf4a9c93c00d40c52f9a39 9059ae9cab504b44b595d40c8f6fd862 - - default default] Method 'is_advsvc' is deprecated since 2023.2 release (neutron-lib 3.8.0) and will be removed once support for the old RBAC API policies will be removed from Neutron. Please use method 'is_service_role' instead.
2026-07-14 18:55:48.589 9 INFO neutron.wsgi [None req-a3761ccb-c0cb-4cd9-82ef-299c60519a0a 42c5276c71b348a9abacbf421c309197 ff7e564635fa43fa9e2dc3cdab6453c3 - - default default] 10.0.0.110 "GET /v2.0/security-groups?tenant_id=e9f2d98f69e644068c175b8717ae4d9e&name=default HTTP/1.1" status: 200 len: 3120 time: 0.3343751 /var/lib/openstack/lib/python3.10/site-packages/pycadf/identifier.py:71: UserWarning: Invalid uuid: neutron. To ensure interoperability, identifiers should be a valid uuid. warnings.warn(('Invalid uuid: %s. To ensure interoperability, '
2026-07-14 18:55:48.604 9 WARNING neutron.scheduler.dhcp_agent_scheduler [None req-69e5e2e1-8fc5-49fa-a4bd-9052e7c834c9 78fd33a4dcaf4a9c93c00d40c52f9a39 9059ae9cab504b44b595d40c8f6fd862 - - default default] No more DHCP agents
2026-07-14 18:55:48.612 9 WARNING neutron.api.rpc.agentnotifiers.dhcp_rpc_agent_api [None req-69e5e2e1-8fc5-49fa-a4bd-9052e7c834c9 78fd33a4dcaf4a9c93c00d40c52f9a39 9059ae9cab504b44b595d40c8f6fd862 - - default default] Unable to schedule network 54e0f227-e9f3-41a4-b5a7-0245b924d5dc: no agents available; will retry on subsequent port and subnet creation events.
2026-07-14 18:55:48.739 9 INFO neutron.db.ovn_revision_numbers_db [None req-69e5e2e1-8fc5-49fa-a4bd-9052e7c834c9 78fd33a4dcaf4a9c93c00d40c52f9a39 9059ae9cab504b44b595d40c8f6fd862 - - default default] Successfully bumped revision number for resource 3e1516c2-4495-4825-8360-ccbfae3dabfb (type: ports) to 1
2026-07-14 18:55:48.770 9 INFO neutron.wsgi [None req-69e5e2e1-8fc5-49fa-a4bd-9052e7c834c9 78fd33a4dcaf4a9c93c00d40c52f9a39 9059ae9cab504b44b595d40c8f6fd862 - - default default] 10.0.0.110 "POST /v2.0/ports HTTP/1.1" status: 201 len: 972 time: 0.5029340
2026-07-14 18:55:48.784 10 WARNING neutron_lib.context [None req-89db1f66-d4de-48b1-82d5-1f4d72aa9663 78fd33a4dcaf4a9c93c00d40c52f9a39 9059ae9cab504b44b595d40c8f6fd862 - - default default] Method 'is_advsvc' is deprecated since 2023.2 release (neutron-lib 3.8.0) and will be removed once support for the old RBAC API policies will be removed from Neutron. Please use method 'is_service_role' instead.
2026-07-14 18:55:48.867 10 INFO neutron.db.segments_db [None req-89db1f66-d4de-48b1-82d5-1f4d72aa9663 78fd33a4dcaf4a9c93c00d40c52f9a39 9059ae9cab504b44b595d40c8f6fd862 - - default default] Added segment 63ab5449-0b5f-4190-959a-6864d6e30938 of type geneve for network 4562857b-4a74-4a6a-a724-a2ac7c73dd51
2026-07-14 18:55:48.877 9 INFO neutron.wsgi [None req-22b73d9c-2ec9-4e37-beac-37a733bb414d 42c5276c71b348a9abacbf421c309197 ff7e564635fa43fa9e2dc3cdab6453c3 - - default default] 10.0.0.110 "DELETE /v2.0/security-groups/891854d4-a5cf-40d7-b7ea-0adfe17bae40 HTTP/1.1" status: 204 len: 168 time: 0.2824330
2026-07-14 18:55:49.038 10 INFO neutron.db.ovn_revision_numbers_db [None req-89db1f66-d4de-48b1-82d5-1f4d72aa9663 78fd33a4dcaf4a9c93c00d40c52f9a39 9059ae9cab504b44b595d40c8f6fd862 - - default default] Successfully bumped revision number for resource 4562857b-4a74-4a6a-a724-a2ac7c73dd51 (type: networks) to 1
2026-07-14 18:55:49.190 10 INFO neutron.db.ovn_revision_numbers_db [None req-53bda206-1d48-4d25-a66f-8c79262023eb 42c5276c71b348a9abacbf421c309197 ff7e564635fa43fa9e2dc3cdab6453c3 - - default default] Successfully bumped revision number for resource f7ed53b7-d36a-486e-af74-2030d0ddafcc (type: security_groups) to 1
2026-07-14 18:55:49.224 10 INFO neutron.db.ovn_revision_numbers_db [None req-53bda206-1d48-4d25-a66f-8c79262023eb 42c5276c71b348a9abacbf421c309197 ff7e564635fa43fa9e2dc3cdab6453c3 - - default default] Successfully bumped revision number for resource 1733cdc1-d9db-4262-9754-034698f90faa (type: security_group_rules) to 0
2026-07-14 18:55:49.253 10 INFO neutron.db.ovn_revision_numbers_db [None req-53bda206-1d48-4d25-a66f-8c79262023eb 42c5276c71b348a9abacbf421c309197 ff7e564635fa43fa9e2dc3cdab6453c3 - - default default] Successfully bumped revision number for resource 4c603880-a7fe-487d-b918-c62f57679129 (type: security_group_rules) to 0 /var/lib/openstack/lib/python3.10/site-packages/pycadf/identifier.py:71: UserWarning: Invalid uuid: neutron. To ensure interoperability, identifiers should be a valid uuid. warnings.warn(('Invalid uuid: %s. To ensure interoperability, '
2026-07-14 18:55:49.280 10 INFO neutron.db.ovn_revision_numbers_db [None req-53bda206-1d48-4d25-a66f-8c79262023eb 42c5276c71b348a9abacbf421c309197 ff7e564635fa43fa9e2dc3cdab6453c3 - - default default] Successfully bumped revision number for resource 4fc1513c-143e-47e0-976b-67b3a9c5cafe (type: security_group_rules) to 0
2026-07-14 18:55:49.281 10 WARNING neutron.scheduler.dhcp_agent_scheduler [None req-89db1f66-d4de-48b1-82d5-1f4d72aa9663 78fd33a4dcaf4a9c93c00d40c52f9a39 9059ae9cab504b44b595d40c8f6fd862 - - default default] No more DHCP agents
2026-07-14 18:55:49.284 10 WARNING neutron.api.rpc.agentnotifiers.dhcp_rpc_agent_api [None req-89db1f66-d4de-48b1-82d5-1f4d72aa9663 78fd33a4dcaf4a9c93c00d40c52f9a39 9059ae9cab504b44b595d40c8f6fd862 - - default default] Unable to schedule network 4562857b-4a74-4a6a-a724-a2ac7c73dd51: no agents available; will retry on subsequent port and subnet creation events.
2026-07-14 18:55:49.315 10 INFO neutron.db.ovn_revision_numbers_db [None req-53bda206-1d48-4d25-a66f-8c79262023eb 42c5276c71b348a9abacbf421c309197 ff7e564635fa43fa9e2dc3cdab6453c3 - - default default] Successfully bumped revision number for resource 5bc2623d-8ffa-4e22-9754-7b91eaa1d156 (type: security_group_rules) to 0
2026-07-14 18:55:49.347 10 INFO neutron.wsgi [None req-53bda206-1d48-4d25-a66f-8c79262023eb 42c5276c71b348a9abacbf421c309197 ff7e564635fa43fa9e2dc3cdab6453c3 - - default default] 10.0.0.110 "GET /v2.0/security-groups?tenant_id=4dd4fc31d4ed4ba0aa3c2fac7843f7b6&name=default HTTP/1.1" status: 200 len: 3120 time: 0.3673759
2026-07-14 18:55:49.405 10 INFO neutron.db.ovn_revision_numbers_db [None req-89db1f66-d4de-48b1-82d5-1f4d72aa9663 78fd33a4dcaf4a9c93c00d40c52f9a39 9059ae9cab504b44b595d40c8f6fd862 - - default default] Successfully bumped revision number for resource d2411bfb-fe21-48d9-803b-caef7ff34c9b (type: ports) to 1
2026-07-14 18:55:49.421 9 INFO neutron.db.ovn_revision_numbers_db [None req-12a27168-f2a9-4bc5-8892-ba45cd36569c 42c5276c71b348a9abacbf421c309197 ff7e564635fa43fa9e2dc3cdab6453c3 - - default default] Successfully bumped revision number for resource d04d68fa-d2a5-454a-aeda-4a15c7210afb (type: security_groups) to 1
2026-07-14 18:55:49.434 10 INFO neutron.wsgi [None req-89db1f66-d4de-48b1-82d5-1f4d72aa9663 78fd33a4dcaf4a9c93c00d40c52f9a39 9059ae9cab504b44b595d40c8f6fd862 - - default default] 10.0.0.110 "POST /v2.0/networks HTTP/1.1" status: 201 len: 830 time: 0.6570563
2026-07-14 18:55:49.446 9 WARNING neutron_lib.context [None req-1110b1b5-0454-4312-b221-d52178417f08 78fd33a4dcaf4a9c93c00d40c52f9a39 9059ae9cab504b44b595d40c8f6fd862 - - default default] Method 'is_advsvc' is deprecated since 2023.2 release (neutron-lib 3.8.0) and will be removed once support for the old RBAC API policies will be removed from Neutron. Please use method 'is_service_role' instead.
2026-07-14 18:55:49.449 9 INFO neutron.db.ovn_revision_numbers_db [None req-12a27168-f2a9-4bc5-8892-ba45cd36569c 42c5276c71b348a9abacbf421c309197 ff7e564635fa43fa9e2dc3cdab6453c3 - - default default] Successfully bumped revision number for resource 4a68e450-ea80-438d-aaaf-915b7dbaf67d (type: security_group_rules) to 0
2026-07-14 18:55:49.480 9 INFO neutron.db.ovn_revision_numbers_db [None req-12a27168-f2a9-4bc5-8892-ba45cd36569c 42c5276c71b348a9abacbf421c309197 ff7e564635fa43fa9e2dc3cdab6453c3 - - default default] Successfully bumped revision number for resource cc825411-687c-49c2-b956-48ae08614fa5 (type: security_group_rules) to 0
2026-07-14 18:55:49.504 9 INFO neutron.db.ovn_revision_numbers_db [None req-12a27168-f2a9-4bc5-8892-ba45cd36569c 42c5276c71b348a9abacbf421c309197 ff7e564635fa43fa9e2dc3cdab6453c3 - - default default] Successfully bumped revision number for resource d5750688-079f-467d-803e-f72ebac80a68 (type: security_group_rules) to 0
2026-07-14 18:55:49.537 9 INFO neutron.db.ovn_revision_numbers_db [None req-12a27168-f2a9-4bc5-8892-ba45cd36569c 42c5276c71b348a9abacbf421c309197 ff7e564635fa43fa9e2dc3cdab6453c3 - - default default] Successfully bumped revision number for resource e463f3e5-5004-4367-9937-ba99e724dd08 (type: security_group_rules) to 0
2026-07-14 18:55:49.584 9 INFO neutron.wsgi [None req-12a27168-f2a9-4bc5-8892-ba45cd36569c 42c5276c71b348a9abacbf421c309197 ff7e564635fa43fa9e2dc3cdab6453c3 - - default default] 10.0.0.110 "GET /v2.0/security-groups?tenant_id=bbf341eab0e2412ea2283aef59e780b0&name=default HTTP/1.1" status: 200 len: 3120 time: 0.5305705
2026-07-14 18:55:49.614 10 INFO neutron.wsgi [None req-972d4a0e-d055-4709-9d15-8956c366cd99 42c5276c71b348a9abacbf421c309197 ff7e564635fa43fa9e2dc3cdab6453c3 - - default default] 10.0.0.110 "DELETE /v2.0/security-groups/f7ed53b7-d36a-486e-af74-2030d0ddafcc HTTP/1.1" status: 204 len: 168 time: 0.2597606
2026-07-14 18:55:49.797 9 WARNING neutron.scheduler.dhcp_agent_scheduler [None req-1110b1b5-0454-4312-b221-d52178417f08 78fd33a4dcaf4a9c93c00d40c52f9a39 9059ae9cab504b44b595d40c8f6fd862 - - default default] No more DHCP agents
2026-07-14 18:55:49.802 9 WARNING neutron.api.rpc.agentnotifiers.dhcp_rpc_agent_api [None req-1110b1b5-0454-4312-b221-d52178417f08 78fd33a4dcaf4a9c93c00d40c52f9a39 9059ae9cab504b44b595d40c8f6fd862 - - default default] Unable to schedule network 4562857b-4a74-4a6a-a724-a2ac7c73dd51: no agents available; will retry on subsequent port and subnet creation events.
2026-07-14 18:55:49.908 9 INFO neutron.wsgi [None req-ff374c08-be1f-43d9-9c6d-697f8d438a07 42c5276c71b348a9abacbf421c309197 ff7e564635fa43fa9e2dc3cdab6453c3 - - default default] 10.0.0.110 "DELETE /v2.0/security-groups/d04d68fa-d2a5-454a-aeda-4a15c7210afb HTTP/1.1" status: 204 len: 168 time: 0.3154352
2026-07-14 18:55:50.107 9 INFO neutron.wsgi [-] 10.0.0.139 "GET / HTTP/1.1" status: 200 len: 247 time: 0.0015802
2026-07-14 18:55:50.107 10 INFO neutron.wsgi [-] 10.0.0.139 "GET / HTTP/1.1" status: 200 len: 247 time: 0.0017886
2026-07-14 18:55:50.310 9 INFO neutron.db.ovn_revision_numbers_db [None req-6bf9a184-2b6b-41f6-ae07-eb78aff0f028 42c5276c71b348a9abacbf421c309197 ff7e564635fa43fa9e2dc3cdab6453c3 - - default default] Successfully bumped revision number for resource 3986dee2-ff77-4c0a-82cb-797c1693490b (type: security_groups) to 1
2026-07-14 18:55:50.328 9 INFO neutron.db.ovn_revision_numbers_db [None req-6bf9a184-2b6b-41f6-ae07-eb78aff0f028 42c5276c71b348a9abacbf421c309197 ff7e564635fa43fa9e2dc3cdab6453c3 - - default default] Successfully bumped revision number for resource 1fb595fb-32d7-4d3e-81b5-8e02abca79cc (type: security_group_rules) to 0
2026-07-14 18:55:50.348 9 INFO neutron.db.ovn_revision_numbers_db [None req-6bf9a184-2b6b-41f6-ae07-eb78aff0f028 42c5276c71b348a9abacbf421c309197 ff7e564635fa43fa9e2dc3cdab6453c3 - - default default] Successfully bumped revision number for resource 6dc5aec3-8c5f-49d6-baa5-a85db5fc7a7d (type: security_group_rules) to 0
2026-07-14 18:55:50.383 9 INFO neutron.db.ovn_revision_numbers_db [None req-6bf9a184-2b6b-41f6-ae07-eb78aff0f028 42c5276c71b348a9abacbf421c309197 ff7e564635fa43fa9e2dc3cdab6453c3 - - default default] Successfully bumped revision number for resource aa476108-63c0-43f9-977e-89bab829149e (type: security_group_rules) to 0
2026-07-14 18:55:50.416 9 INFO neutron.db.ovn_revision_numbers_db [None req-6bf9a184-2b6b-41f6-ae07-eb78aff0f028 42c5276c71b348a9abacbf421c309197 ff7e564635fa43fa9e2dc3cdab6453c3 - - default default] Successfully bumped revision number for resource ef4b57cc-9f46-489f-8bb1-ac77d85f80a5 (type: security_group_rules) to 0
2026-07-14 18:55:50.448 9 INFO neutron.wsgi [None req-6bf9a184-2b6b-41f6-ae07-eb78aff0f028 42c5276c71b348a9abacbf421c309197 ff7e564635fa43fa9e2dc3cdab6453c3 - - default default] 10.0.0.110 "GET /v2.0/security-groups?tenant_id=6b093e6a8e9f4111af0eb8fa3963a3e2&name=default HTTP/1.1" status: 200 len: 3120 time: 0.3340437
2026-07-14 18:55:50.450 9 INFO neutron.db.ovn_revision_numbers_db [None req-1110b1b5-0454-4312-b221-d52178417f08 78fd33a4dcaf4a9c93c00d40c52f9a39 9059ae9cab504b44b595d40c8f6fd862 - - default default] Successfully bumped revision number for resource d2411bfb-fe21-48d9-803b-caef7ff34c9b (type: ports) to 2
2026-07-14 18:55:50.488 9 INFO neutron.db.ovn_revision_numbers_db [None req-1110b1b5-0454-4312-b221-d52178417f08 78fd33a4dcaf4a9c93c00d40c52f9a39 9059ae9cab504b44b595d40c8f6fd862 - - default default] Successfully bumped revision number for resource cff3ff20-dfeb-408b-a2f6-5f79a02a4b5f (type: subnets) to 0
2026-07-14 18:55:50.506 9 INFO neutron.wsgi [None req-1110b1b5-0454-4312-b221-d52178417f08 78fd33a4dcaf4a9c93c00d40c52f9a39 9059ae9cab504b44b595d40c8f6fd862 - - default default] 10.0.0.110 "POST /v2.0/subnets HTTP/1.1" status: 201 len: 801 time: 1.0654149
2026-07-14 18:55:50.517 9 WARNING neutron_lib.context [None req-510ae7a1-ce32-470c-a3b2-86d2d6de1d0f 78fd33a4dcaf4a9c93c00d40c52f9a39 9059ae9cab504b44b595d40c8f6fd862 - - default default] Method 'is_advsvc' is deprecated since 2023.2 release (neutron-lib 3.8.0) and will be removed once support for the old RBAC API policies will be removed from Neutron. Please use method 'is_service_role' instead.
2026-07-14 18:55:50.727 10 INFO neutron.wsgi [None req-3296b149-9ebb-4a68-bb03-a7c360a6c9ba 42c5276c71b348a9abacbf421c309197 ff7e564635fa43fa9e2dc3cdab6453c3 - - default default] 10.0.0.110 "DELETE /v2.0/security-groups/3986dee2-ff77-4c0a-82cb-797c1693490b HTTP/1.1" status: 204 len: 168 time: 0.2708330
2026-07-14 18:55:50.889 9 WARNING neutron.scheduler.dhcp_agent_scheduler [None req-510ae7a1-ce32-470c-a3b2-86d2d6de1d0f 78fd33a4dcaf4a9c93c00d40c52f9a39 9059ae9cab504b44b595d40c8f6fd862 - - default default] No more DHCP agents
2026-07-14 18:55:50.890 9 WARNING neutron.api.rpc.agentnotifiers.dhcp_rpc_agent_api [None req-510ae7a1-ce32-470c-a3b2-86d2d6de1d0f 78fd33a4dcaf4a9c93c00d40c52f9a39 9059ae9cab504b44b595d40c8f6fd862 - - default default] Unable to schedule network 4562857b-4a74-4a6a-a724-a2ac7c73dd51: no agents available; will retry on subsequent port and subnet creation events.
2026-07-14 18:55:50.948 10 INFO neutron.db.ovn_revision_numbers_db [None req-264381e6-2787-4660-9979-8d5534a1151a 42c5276c71b348a9abacbf421c309197 ff7e564635fa43fa9e2dc3cdab6453c3 - - default default] Successfully bumped revision number for resource 155b72f9-9098-42ca-83f5-d9121f69a14c (type: security_groups) to 1
2026-07-14 18:55:50.963 10 INFO neutron.db.ovn_revision_numbers_db [None req-264381e6-2787-4660-9979-8d5534a1151a 42c5276c71b348a9abacbf421c309197 ff7e564635fa43fa9e2dc3cdab6453c3 - - default default] Successfully bumped revision number for resource 8b321306-5de1-42ee-b014-d8ce581dc1fb (type: security_group_rules) to 0
2026-07-14 18:55:50.977 10 INFO neutron.db.ovn_revision_numbers_db [None req-264381e6-2787-4660-9979-8d5534a1151a 42c5276c71b348a9abacbf421c309197 ff7e564635fa43fa9e2dc3cdab6453c3 - - default default] Successfully bumped revision number for resource aa1c8cf8-8f18-4e19-9c5b-a1ed9e43e45f (type: security_group_rules) to 0
2026-07-14 18:55:50.993 10 INFO neutron.db.ovn_revision_numbers_db [None req-264381e6-2787-4660-9979-8d5534a1151a 42c5276c71b348a9abacbf421c309197 ff7e564635fa43fa9e2dc3cdab6453c3 - - default default] Successfully bumped revision number for resource bb5988dd-b368-48dc-9a35-9057243704ae (type: security_group_rules) to 0
2026-07-14 18:55:51.008 10 INFO neutron.db.ovn_revision_numbers_db [None req-264381e6-2787-4660-9979-8d5534a1151a 42c5276c71b348a9abacbf421c309197 ff7e564635fa43fa9e2dc3cdab6453c3 - - default default] Successfully bumped revision number for resource f35cde15-b76b-4bba-b6f6-bd8c59848e49 (type: security_group_rules) to 0
2026-07-14 18:55:51.029 10 INFO neutron.wsgi [None req-264381e6-2787-4660-9979-8d5534a1151a 42c5276c71b348a9abacbf421c309197 ff7e564635fa43fa9e2dc3cdab6453c3 - - default default] 10.0.0.110 "GET /v2.0/security-groups?tenant_id=e5403f4808784b258bff9ecfdc8cf2eb&name=default HTTP/1.1" status: 200 len: 3120 time: 0.1978986
2026-07-14 18:55:51.262 9 INFO neutron.db.ovn_revision_numbers_db [None req-510ae7a1-ce32-470c-a3b2-86d2d6de1d0f 78fd33a4dcaf4a9c93c00d40c52f9a39 9059ae9cab504b44b595d40c8f6fd862 - - default default] Successfully bumped revision number for resource 4d37de21-0e5c-4e94-b527-b2b9f4b0b8d2 (type: ports) to 1
2026-07-14 18:55:51.285 9 INFO neutron.wsgi [None req-510ae7a1-ce32-470c-a3b2-86d2d6de1d0f 78fd33a4dcaf4a9c93c00d40c52f9a39 9059ae9cab504b44b595d40c8f6fd862 - - default default] 10.0.0.110 "POST /v2.0/ports HTTP/1.1" status: 201 len: 1148 time: 0.7729685
2026-07-14 18:55:51.289 10 INFO neutron.wsgi [None req-edf78cf7-b2c1-4f68-be91-7724a1e3530d 42c5276c71b348a9abacbf421c309197 ff7e564635fa43fa9e2dc3cdab6453c3 - - default default] 10.0.0.110 "DELETE /v2.0/security-groups/155b72f9-9098-42ca-83f5-d9121f69a14c HTTP/1.1" status: 204 len: 168 time: 0.2535598 /var/lib/openstack/lib/python3.10/site-packages/pycadf/identifier.py:71: UserWarning: Invalid uuid: neutron. To ensure interoperability, identifiers should be a valid uuid. warnings.warn(('Invalid uuid: %s. To ensure interoperability, '
2026-07-14 18:55:51.740 10 WARNING neutron_lib.context [None req-c8ada898-4656-49e0-9636-04d9bd6a1505 f0209c86ae3f415ca456e35cbcf49cfb a1021085c4f1490db6326c8df9d59bd1 - - default default] Method 'is_advsvc' is deprecated since 2023.2 release (neutron-lib 3.8.0) and will be removed once support for the old RBAC API policies will be removed from Neutron. Please use method 'is_service_role' instead.
2026-07-14 18:55:51.778 10 INFO neutron.wsgi [None req-81c551bc-fa0b-4d08-96d9-eb7777527201 78fd33a4dcaf4a9c93c00d40c52f9a39 9059ae9cab504b44b595d40c8f6fd862 - - default default] 10.0.0.110 "DELETE /v2.0/ports/4d37de21-0e5c-4e94-b527-b2b9f4b0b8d2 HTTP/1.1" status: 204 len: 168 time: 0.4855626
2026-07-14 18:55:51.801 9 INFO neutron.pecan_wsgi.hooks.translation [None req-5e8dfae1-48f9-483c-aeb3-7a80fb71cc74 78fd33a4dcaf4a9c93c00d40c52f9a39 9059ae9cab504b44b595d40c8f6fd862 - - default default] DELETE failed (client error): The resource could not be found.
2026-07-14 18:55:51.804 9 INFO neutron.wsgi [None req-5e8dfae1-48f9-483c-aeb3-7a80fb71cc74 78fd33a4dcaf4a9c93c00d40c52f9a39 9059ae9cab504b44b595d40c8f6fd862 - - default default] 10.0.0.110 "DELETE /v2.0/ports/4d37de21-0e5c-4e94-b527-b2b9f4b0b8d2 HTTP/1.1" status: 404 len: 333 time: 0.0200670
2026-07-14 18:55:51.829 10 INFO neutron.pecan_wsgi.hooks.translation [None req-e50e31a6-e847-468e-a854-7e49e1dbdb91 78fd33a4dcaf4a9c93c00d40c52f9a39 9059ae9cab504b44b595d40c8f6fd862 - - default default] GET failed (client error): The resource could not be found.
2026-07-14 18:55:51.831 10 INFO neutron.wsgi [None req-e50e31a6-e847-468e-a854-7e49e1dbdb91 78fd33a4dcaf4a9c93c00d40c52f9a39 9059ae9cab504b44b595d40c8f6fd862 - - default default] 10.0.0.110 "GET /v2.0/ports/4d37de21-0e5c-4e94-b527-b2b9f4b0b8d2 HTTP/1.1" status: 404 len: 333 time: 0.0230343
2026-07-14 18:55:51.894 9 INFO neutron.db.ovn_revision_numbers_db [None req-203b7cdc-1881-4533-b5a1-e9efe2e4e041 42c5276c71b348a9abacbf421c309197 ff7e564635fa43fa9e2dc3cdab6453c3 - - default default] Successfully bumped revision number for resource daf73ae6-f01c-4464-8314-27c47e80097a (type: security_groups) to 1
2026-07-14 18:55:51.910 9 INFO neutron.db.ovn_revision_numbers_db [None req-203b7cdc-1881-4533-b5a1-e9efe2e4e041 42c5276c71b348a9abacbf421c309197 ff7e564635fa43fa9e2dc3cdab6453c3 - - default default] Successfully bumped revision number for resource 1edb1e89-8aae-4ba0-9cab-8a2f8eabbe20 (type: security_group_rules) to 0
2026-07-14 18:55:51.925 9 INFO neutron.db.ovn_revision_numbers_db [None req-203b7cdc-1881-4533-b5a1-e9efe2e4e041 42c5276c71b348a9abacbf421c309197 ff7e564635fa43fa9e2dc3cdab6453c3 - - default default] Successfully bumped revision number for resource 23ab3c48-7d39-4c0b-bb42-ca23e46bbe40 (type: security_group_rules) to 0
2026-07-14 18:55:51.943 9 INFO neutron.db.ovn_revision_numbers_db [None req-203b7cdc-1881-4533-b5a1-e9efe2e4e041 42c5276c71b348a9abacbf421c309197 ff7e564635fa43fa9e2dc3cdab6453c3 - - default default] Successfully bumped revision number for resource 4faeae46-e228-4be1-a4df-c4934e52ff46 (type: security_group_rules) to 0
