2026-07-14 18:53:06.929 9 INFO neutron.wsgi [None req-887375c5-6002-4679-82cc-fe99777d6030 0797d2cbaf0a4fa38fac66af7565f315 30274fa58c784e7db379cdaaaa1ba3ce - - default default] 10.0.0.110 "POST /v2.0/networks HTTP/1.1" status: 201 len: 1446 time: 2.5619917
2026-07-14 18:53:07.124 10 INFO neutron.wsgi [None req-2f068e6f-e6ef-4e0d-b1ff-8e145465c3ff 0797d2cbaf0a4fa38fac66af7565f315 30274fa58c784e7db379cdaaaa1ba3ce - - default default] 10.0.0.110 "GET /v2.0/networks HTTP/1.1" status: 200 len: 2052 time: 0.1876960
2026-07-14 18:53:07.126 10 INFO neutron.notifiers.nova [-] Nova event matching ['req-76880a8d-424c-4922-9ddc-4b811d41aa71'] response: {'server_uuid': '53111dd1-7fcf-4d56-8dbf-09973e5ac241', 'name': 'network-vif-plugged', 'status': 'completed', 'tag': 'f135e104-8abe-4822-9fc8-2d58cde6cd14', 'code': 200}
2026-07-14 18:53:07.373 9 INFO neutron.db.ovn_revision_numbers_db [None req-d8355f9d-271a-4933-aa23-17011ac1b9b0 - - - - - -] Successfully bumped revision number for resource 6b3154ec-f55f-40dc-9f39-b133a47b2cf3 (type: router_ports) to 3
2026-07-14 18:53:07.400 9 INFO neutron.wsgi [req-a2cd714c-d7f2-4381-ae0b-edd7c83945fc req-7a003e99-9b5a-4af4-81dd-cc312ee493d4 a981be43a91e4e1bbe8442c987a9580c a50df0dc325d4e4c982492a192d1fce2 - - default default] 10.0.0.85 "GET /v2.0/ports?device_id=53111dd1-7fcf-4d56-8dbf-09973e5ac241 HTTP/1.1" status: 200 len: 1170 time: 0.2696881
2026-07-14 18:53:07.505 9 INFO neutron.wsgi [req-a2cd714c-d7f2-4381-ae0b-edd7c83945fc req-9ed9f6c8-f958-4ea6-87d0-e811a95febe7 a981be43a91e4e1bbe8442c987a9580c a50df0dc325d4e4c982492a192d1fce2 - - default default] 10.0.0.85 "GET /v2.0/security-groups?id=732a2d60-fe72-4014-a1d5-ba725c85ae5a&fields=id&fields=name HTTP/1.1" status: 200 len: 313 time: 0.0960488
2026-07-14 18:53:07.511 10 INFO neutron.db.ovn_revision_numbers_db [None req-d887c70c-8fc1-42e8-a873-0fff16e19d3d - - - - - -] Successfully bumped revision number for resource f135e104-8abe-4822-9fc8-2d58cde6cd14 (type: ports) to 4
2026-07-14 18:53:07.552 10 ERROR ovsdbapp.backend.ovs_idl.command [None req-ec5c1adb-ce37-47df-b520-63f573c1d6bb 42c5276c71b348a9abacbf421c309197 ff7e564635fa43fa9e2dc3cdab6453c3 - - default default] Error executing command (DbGetCommand): ovsdbapp.backend.ovs_idl.idlutils.RowNotFound: Cannot find Logical_Router_Port with name=lrp-5deaa222-ebef-4348-b724-c929f2287e07
2026-07-14 18:53:07.552 10 ERROR ovsdbapp.backend.ovs_idl.command
Traceback (most recent call last):
2026-07-14 18:53:07.552 10 ERROR ovsdbapp.backend.ovs_idl.command
File "/var/lib/openstack/lib/python3.10/site-packages/ovsdbapp/backend/ovs_idl/command.py", line 47, in execute
2026-07-14 18:53:07.552 10 ERROR ovsdbapp.backend.ovs_idl.command self.run_idl(None)
2026-07-14 18:53:07.552 10 ERROR ovsdbapp.backend.ovs_idl.command
File "/var/lib/openstack/lib/python3.10/site-packages/ovsdbapp/backend/ovs_idl/command.py", line 235, in run_idl
2026-07-14 18:53:07.552 10 ERROR ovsdbapp.backend.ovs_idl.command record = self.api.lookup(self.table, self.record)
2026-07-14 18:53:07.552 10 ERROR ovsdbapp.backend.ovs_idl.command
File "/var/lib/openstack/lib/python3.10/site-packages/ovsdbapp/backend/ovs_idl/__init__.py", line 184, in lookup
2026-07-14 18:53:07.552 10 ERROR ovsdbapp.backend.ovs_idl.command return self._lookup(table, record)
2026-07-14 18:53:07.552 10 ERROR ovsdbapp.backend.ovs_idl.command
File "/var/lib/openstack/lib/python3.10/site-packages/ovsdbapp/backend/ovs_idl/__init__.py", line 235, in _lookup
2026-07-14 18:53:07.552 10 ERROR ovsdbapp.backend.ovs_idl.command row = idlutils.row_by_value(self, rl.table, rl.column, record)
2026-07-14 18:53:07.552 10 ERROR ovsdbapp.backend.ovs_idl.command
File "/var/lib/openstack/lib/python3.10/site-packages/ovsdbapp/backend/ovs_idl/idlutils.py", line 114, in row_by_value
2026-07-14 18:53:07.552 10 ERROR ovsdbapp.backend.ovs_idl.command raise RowNotFound(table=table, col=column, match=match)
2026-07-14 18:53:07.552 10 ERROR ovsdbapp.backend.ovs_idl.command ovsdbapp.backend.ovs_idl.idlutils.RowNotFound: Cannot find Logical_Router_Port with name=lrp-5deaa222-ebef-4348-b724-c929f2287e07
2026-07-14 18:53:07.552 10 ERROR ovsdbapp.backend.ovs_idl.command 
2026-07-14 18:53:07.553 10 ERROR neutron_lib.callbacks.manager [None req-ec5c1adb-ce37-47df-b520-63f573c1d6bb 42c5276c71b348a9abacbf421c309197 ff7e564635fa43fa9e2dc3cdab6453c3 - - default default] Error during notification for neutron.services.ovn_l3.plugin.OVNL3RouterPlugin._port_update-8746044657382 port, after_update: ovsdbapp.backend.ovs_idl.idlutils.RowNotFound: Cannot find Logical_Router_Port with name=lrp-5deaa222-ebef-4348-b724-c929f2287e07
2026-07-14 18:53:07.553 10 ERROR neutron_lib.callbacks.manager
Traceback (most recent call last):
2026-07-14 18:53:07.553 10 ERROR neutron_lib.callbacks.manager
File "/var/lib/openstack/lib/python3.10/site-packages/neutron_lib/callbacks/manager.py", line 189, in _notify_loop
2026-07-14 18:53:07.553 10 ERROR neutron_lib.callbacks.manager callback.method(resource, event, trigger, payload=payload)
2026-07-14 18:53:07.553 10 ERROR neutron_lib.callbacks.manager
File "/var/lib/openstack/lib/python3.10/site-packages/neutron/services/ovn_l3/plugin.py", line 391, in _port_update
2026-07-14 18:53:07.553 10 ERROR neutron_lib.callbacks.manager l3plugin._ovn_client.update_router_port(context,
2026-07-14 18:53:07.553 10 ERROR neutron_lib.callbacks.manager
File "/var/lib/openstack/lib/python3.10/site-packages/neutron/plugins/ml2/drivers/ovn/mech_driver/ovsdb/ovn_client.py", line 1878, in update_router_port
2026-07-14 18:53:07.553 10 ERROR neutron_lib.callbacks.manager self._update_lrouter_port(context, port, if_exists=if_exists,
2026-07-14 18:53:07.553 10 ERROR neutron_lib.callbacks.manager
File "/var/lib/openstack/lib/python3.10/site-packages/neutron/plugins/ml2/drivers/ovn/mech_driver/ovsdb/ovn_client.py", line 1855, in _update_lrouter_port
2026-07-14 18:53:07.553 10 ERROR neutron_lib.callbacks.manager external_ids = self._nb_idl.db_get(
2026-07-14 18:53:07.553 10 ERROR neutron_lib.callbacks.manager
File "/var/lib/openstack/lib/python3.10/site-packages/ovsdbapp/backend/ovs_idl/command.py", line 47, in execute
2026-07-14 18:53:07.553 10 ERROR neutron_lib.callbacks.manager self.run_idl(None)
2026-07-14 18:53:07.553 10 ERROR neutron_lib.callbacks.manager
File "/var/lib/openstack/lib/python3.10/site-packages/ovsdbapp/backend/ovs_idl/command.py", line 235, in run_idl
2026-07-14 18:53:07.553 10 ERROR neutron_lib.callbacks.manager record = self.api.lookup(self.table, self.record)
2026-07-14 18:53:07.553 10 ERROR neutron_lib.callbacks.manager
File "/var/lib/openstack/lib/python3.10/site-packages/ovsdbapp/backend/ovs_idl/__init__.py", line 184, in lookup
2026-07-14 18:53:07.553 10 ERROR neutron_lib.callbacks.manager return self._lookup(table, record)
2026-07-14 18:53:07.553 10 ERROR neutron_lib.callbacks.manager
File "/var/lib/openstack/lib/python3.10/site-packages/ovsdbapp/backend/ovs_idl/__init__.py", line 235, in _lookup
2026-07-14 18:53:07.553 10 ERROR neutron_lib.callbacks.manager row = idlutils.row_by_value(self, rl.table, rl.column, record)
2026-07-14 18:53:07.553 10 ERROR neutron_lib.callbacks.manager
File "/var/lib/openstack/lib/python3.10/site-packages/ovsdbapp/backend/ovs_idl/idlutils.py", line 114, in row_by_value
2026-07-14 18:53:07.553 10 ERROR neutron_lib.callbacks.manager raise RowNotFound(table=table, col=column, match=match)
2026-07-14 18:53:07.553 10 ERROR neutron_lib.callbacks.manager ovsdbapp.backend.ovs_idl.idlutils.RowNotFound: Cannot find Logical_Router_Port with name=lrp-5deaa222-ebef-4348-b724-c929f2287e07
2026-07-14 18:53:07.553 10 ERROR neutron_lib.callbacks.manager 
2026-07-14 18:53:07.758 9 INFO neutron.db.ovn_revision_numbers_db [None req-d8355f9d-271a-4933-aa23-17011ac1b9b0 - - - - - -] Successfully bumped revision number for resource 6b3154ec-f55f-40dc-9f39-b133a47b2cf3 (type: ports) to 2
2026-07-14 18:53:07.931 9 INFO neutron.services.segments.plugin [-] Segment 6bd0eb2f-94b9-459f-bdcd-88365778b221 resource provider aggregate not found
2026-07-14 18:53:07.935 9 INFO neutron.services.segments.plugin [-] Segment 6bd0eb2f-94b9-459f-bdcd-88365778b221 resource provider aggregate not found
2026-07-14 18:53:07.939 10 ERROR ovsdbapp.backend.ovs_idl.command [None req-9fc3737b-696c-4a41-9379-fc8491592bf7 42c5276c71b348a9abacbf421c309197 ff7e564635fa43fa9e2dc3cdab6453c3 - - default default] Error executing command (DbGetCommand): ovsdbapp.backend.ovs_idl.idlutils.RowNotFound: Cannot find Logical_Router_Port with name=lrp-9cede2ca-ec3c-4708-824c-109610d7628f
2026-07-14 18:53:07.939 10 ERROR ovsdbapp.backend.ovs_idl.command
Traceback (most recent call last):
2026-07-14 18:53:07.939 10 ERROR ovsdbapp.backend.ovs_idl.command
File "/var/lib/openstack/lib/python3.10/site-packages/ovsdbapp/backend/ovs_idl/command.py", line 47, in execute
2026-07-14 18:53:07.939 10 ERROR ovsdbapp.backend.ovs_idl.command self.run_idl(None)
2026-07-14 18:53:07.939 10 ERROR ovsdbapp.backend.ovs_idl.command
File "/var/lib/openstack/lib/python3.10/site-packages/ovsdbapp/backend/ovs_idl/command.py", line 235, in run_idl
2026-07-14 18:53:07.939 10 ERROR ovsdbapp.backend.ovs_idl.command record = self.api.lookup(self.table, self.record)
2026-07-14 18:53:07.939 10 ERROR ovsdbapp.backend.ovs_idl.command
File "/var/lib/openstack/lib/python3.10/site-packages/ovsdbapp/backend/ovs_idl/__init__.py", line 184, in lookup
2026-07-14 18:53:07.939 10 ERROR ovsdbapp.backend.ovs_idl.command return self._lookup(table, record)
2026-07-14 18:53:07.939 10 ERROR ovsdbapp.backend.ovs_idl.command
File "/var/lib/openstack/lib/python3.10/site-packages/ovsdbapp/backend/ovs_idl/__init__.py", line 235, in _lookup
2026-07-14 18:53:07.939 10 ERROR ovsdbapp.backend.ovs_idl.command row = idlutils.row_by_value(self, rl.table, rl.column, record)
2026-07-14 18:53:07.939 10 ERROR ovsdbapp.backend.ovs_idl.command
File "/var/lib/openstack/lib/python3.10/site-packages/ovsdbapp/backend/ovs_idl/idlutils.py", line 114, in row_by_value
2026-07-14 18:53:07.939 10 ERROR ovsdbapp.backend.ovs_idl.command raise RowNotFound(table=table, col=column, match=match)
2026-07-14 18:53:07.939 10 ERROR ovsdbapp.backend.ovs_idl.command ovsdbapp.backend.ovs_idl.idlutils.RowNotFound: Cannot find Logical_Router_Port with name=lrp-9cede2ca-ec3c-4708-824c-109610d7628f
2026-07-14 18:53:07.939 10 ERROR ovsdbapp.backend.ovs_idl.command 
2026-07-14 18:53:07.939 10 ERROR neutron_lib.callbacks.manager [None req-9fc3737b-696c-4a41-9379-fc8491592bf7 42c5276c71b348a9abacbf421c309197 ff7e564635fa43fa9e2dc3cdab6453c3 - - default default] Error during notification for neutron.services.ovn_l3.plugin.OVNL3RouterPlugin._port_update-8746044657382 port, after_update: ovsdbapp.backend.ovs_idl.idlutils.RowNotFound: Cannot find Logical_Router_Port with name=lrp-9cede2ca-ec3c-4708-824c-109610d7628f
2026-07-14 18:53:07.939 10 ERROR neutron_lib.callbacks.manager
Traceback (most recent call last):
2026-07-14 18:53:07.939 10 ERROR neutron_lib.callbacks.manager
File "/var/lib/openstack/lib/python3.10/site-packages/neutron_lib/callbacks/manager.py", line 189, in _notify_loop
2026-07-14 18:53:07.939 10 ERROR neutron_lib.callbacks.manager callback.method(resource, event, trigger, payload=payload)
2026-07-14 18:53:07.939 10 ERROR neutron_lib.callbacks.manager
File "/var/lib/openstack/lib/python3.10/site-packages/neutron/services/ovn_l3/plugin.py", line 391, in _port_update
2026-07-14 18:53:07.939 10 ERROR neutron_lib.callbacks.manager l3plugin._ovn_client.update_router_port(context,
2026-07-14 18:53:07.939 10 ERROR neutron_lib.callbacks.manager
File "/var/lib/openstack/lib/python3.10/site-packages/neutron/plugins/ml2/drivers/ovn/mech_driver/ovsdb/ovn_client.py", line 1878, in update_router_port
2026-07-14 18:53:07.939 10 ERROR neutron_lib.callbacks.manager self._update_lrouter_port(context, port, if_exists=if_exists,
2026-07-14 18:53:07.939 10 ERROR neutron_lib.callbacks.manager
File "/var/lib/openstack/lib/python3.10/site-packages/neutron/plugins/ml2/drivers/ovn/mech_driver/ovsdb/ovn_client.py", line 1855, in _update_lrouter_port
2026-07-14 18:53:07.939 10 ERROR neutron_lib.callbacks.manager external_ids = self._nb_idl.db_get(
2026-07-14 18:53:07.939 10 ERROR neutron_lib.callbacks.manager
File "/var/lib/openstack/lib/python3.10/site-packages/ovsdbapp/backend/ovs_idl/command.py", line 47, in execute
2026-07-14 18:53:07.939 10 ERROR neutron_lib.callbacks.manager self.run_idl(None)
2026-07-14 18:53:07.939 10 ERROR neutron_lib.callbacks.manager
File "/var/lib/openstack/lib/python3.10/site-packages/ovsdbapp/backend/ovs_idl/command.py", line 235, in run_idl
2026-07-14 18:53:07.939 10 ERROR neutron_lib.callbacks.manager record = self.api.lookup(self.table, self.record)
2026-07-14 18:53:07.939 10 ERROR neutron_lib.callbacks.manager
File "/var/lib/openstack/lib/python3.10/site-packages/ovsdbapp/backend/ovs_idl/__init__.py", line 184, in lookup
2026-07-14 18:53:07.939 10 ERROR neutron_lib.callbacks.manager return self._lookup(table, record)
2026-07-14 18:53:07.939 10 ERROR neutron_lib.callbacks.manager
File "/var/lib/openstack/lib/python3.10/site-packages/ovsdbapp/backend/ovs_idl/__init__.py", line 235, in _lookup
2026-07-14 18:53:07.939 10 ERROR neutron_lib.callbacks.manager row = idlutils.row_by_value(self, rl.table, rl.column, record)
2026-07-14 18:53:07.939 10 ERROR neutron_lib.callbacks.manager
File "/var/lib/openstack/lib/python3.10/site-packages/ovsdbapp/backend/ovs_idl/idlutils.py", line 114, in row_by_value
2026-07-14 18:53:07.939 10 ERROR neutron_lib.callbacks.manager raise RowNotFound(table=table, col=column, match=match)
2026-07-14 18:53:07.939 10 ERROR neutron_lib.callbacks.manager ovsdbapp.backend.ovs_idl.idlutils.RowNotFound: Cannot find Logical_Router_Port with name=lrp-9cede2ca-ec3c-4708-824c-109610d7628f
2026-07-14 18:53:07.939 10 ERROR neutron_lib.callbacks.manager 
2026-07-14 18:53:07.949 9 INFO neutron.plugins.ml2.drivers.ovn.mech_driver.mech_driver [None req-b3893bc5-85d2-406f-b2ce-5ab6e62dbb5a - - - - - -] OVN reports status up for port: ef65dff5-9494-405b-97a5-54f6bd6dc98c
2026-07-14 18:53:07.967 9 INFO neutron.services.segments.plugin [-] Segment 6bd0eb2f-94b9-459f-bdcd-88365778b221 resource provider not found; error: Placement Client Error (4xx): {"errors": [{"status": 404, "title": "Not Found", "detail": "The resource could not be found.\n\n No resource provider with uuid 6bd0eb2f-94b9-459f-bdcd-88365778b221 found for delete ", "request_id": "req-7d4ef4bb-ad66-4c05-a3cd-75e8753ac75e"}]}
2026-07-14 18:53:07.968 9 INFO neutron.services.segments.plugin [-] Segment 6bd0eb2f-94b9-459f-bdcd-88365778b221 resource provider not found; error: Placement Client Error (4xx): {"errors": [{"status": 404, "title": "Not Found", "detail": "The resource could not be found.\n\n No resource provider with uuid 6bd0eb2f-94b9-459f-bdcd-88365778b221 found for delete ", "request_id": "req-36bb256c-eed9-4f52-9696-688a3031a6f2"}]}
2026-07-14 18:53:07.977 9 INFO neutron.plugins.ml2.plugin [None req-b3893bc5-85d2-406f-b2ce-5ab6e62dbb5a - - - - - -] Attempt 1 to provision port ef65dff5-9494-405b-97a5-54f6bd6dc98c
2026-07-14 18:53:08.014 9 INFO neutron.wsgi [None req-4dddcb99-57d8-44d2-a3fb-def91180947c 0797d2cbaf0a4fa38fac66af7565f315 30274fa58c784e7db379cdaaaa1ba3ce - - default default] 10.0.0.110 "DELETE /v2.0/networks/353d05d9-3d2a-40fb-b87c-e079ad61e32a HTTP/1.1" status: 204 len: 168 time: 0.8846476 /var/lib/openstack/lib/python3.10/site-packages/pycadf/identifier.py:71: UserWarning: Invalid uuid: neutron. To ensure interoperability, identifiers should be a valid uuid. warnings.warn(('Invalid uuid: %s. To ensure interoperability, '
2026-07-14 18:53:08.085 10 INFO neutron.plugins.ml2.drivers.ovn.mech_driver.mech_driver [None req-d887c70c-8fc1-42e8-a873-0fff16e19d3d - - - - - -] OVN reports status up for port: 5deaa222-ebef-4348-b724-c929f2287e07
2026-07-14 18:53:08.115 10 INFO neutron.plugins.ml2.plugin [None req-d887c70c-8fc1-42e8-a873-0fff16e19d3d - - - - - -] Attempt 1 to provision port 5deaa222-ebef-4348-b724-c929f2287e07
2026-07-14 18:53:08.152 10 INFO neutron.db.ovn_revision_numbers_db [None req-ec5c1adb-ce37-47df-b520-63f573c1d6bb 42c5276c71b348a9abacbf421c309197 ff7e564635fa43fa9e2dc3cdab6453c3 - - default default] Successfully bumped revision number for resource 5deaa222-ebef-4348-b724-c929f2287e07 (type: ports) to 1
2026-07-14 18:53:08.329 10 WARNING neutron.scheduler.dhcp_agent_scheduler [None req-ec5c1adb-ce37-47df-b520-63f573c1d6bb 42c5276c71b348a9abacbf421c309197 ff7e564635fa43fa9e2dc3cdab6453c3 - - default default] No more DHCP agents
2026-07-14 18:53:08.329 9 INFO neutron.db.ovn_revision_numbers_db [None req-d8355f9d-271a-4933-aa23-17011ac1b9b0 - - - - - -] Successfully bumped revision number for resource 6b3154ec-f55f-40dc-9f39-b133a47b2cf3 (type: ports) to 4
2026-07-14 18:53:08.336 10 WARNING neutron.api.rpc.agentnotifiers.dhcp_rpc_agent_api [None req-ec5c1adb-ce37-47df-b520-63f573c1d6bb 42c5276c71b348a9abacbf421c309197 ff7e564635fa43fa9e2dc3cdab6453c3 - - default default] Unable to schedule network ee26e1ae-dfe5-4bc3-8aa9-8a2c6bfd9c77: no agents available; will retry on subsequent port and subnet creation events.
2026-07-14 18:53:08.461 10 INFO neutron.db.ovn_revision_numbers_db [None req-9fc3737b-696c-4a41-9379-fc8491592bf7 42c5276c71b348a9abacbf421c309197 ff7e564635fa43fa9e2dc3cdab6453c3 - - default default] Successfully bumped revision number for resource 9cede2ca-ec3c-4708-824c-109610d7628f (type: ports) to 1
2026-07-14 18:53:08.662 9 INFO neutron.wsgi [req-f1031da0-d767-4498-a0ce-a1fca420871f req-9686f5c8-8265-4e2c-bb12-371ad6350962 a981be43a91e4e1bbe8442c987a9580c a50df0dc325d4e4c982492a192d1fce2 - - default default] 10.0.0.85 "GET /v2.0/ports?device_id=53111dd1-7fcf-4d56-8dbf-09973e5ac241 HTTP/1.1" status: 200 len: 1170 time: 0.0592391
2026-07-14 18:53:08.690 10 WARNING neutron.scheduler.dhcp_agent_scheduler [None req-9fc3737b-696c-4a41-9379-fc8491592bf7 42c5276c71b348a9abacbf421c309197 ff7e564635fa43fa9e2dc3cdab6453c3 - - default default] No more DHCP agents
2026-07-14 18:53:08.699 10 WARNING neutron.api.rpc.agentnotifiers.dhcp_rpc_agent_api [None req-9fc3737b-696c-4a41-9379-fc8491592bf7 42c5276c71b348a9abacbf421c309197 ff7e564635fa43fa9e2dc3cdab6453c3 - - default default] Unable to schedule network fdb3a28f-c6f0-4c96-8414-2421ba3299fb: no agents available; will retry on subsequent port and subnet creation events.
2026-07-14 18:53:08.702 9 INFO neutron.db.ovn_revision_numbers_db [None req-d8355f9d-271a-4933-aa23-17011ac1b9b0 - - - - - -] Successfully bumped revision number for resource 6b3154ec-f55f-40dc-9f39-b133a47b2cf3 (type: router_ports) to 4
2026-07-14 18:53:08.724 9 INFO neutron.wsgi [req-f1031da0-d767-4498-a0ce-a1fca420871f req-f9e3793f-36cc-4a7e-80cc-c02218998a90 a981be43a91e4e1bbe8442c987a9580c a50df0dc325d4e4c982492a192d1fce2 - - default default] 10.0.0.85 "GET /v2.0/security-groups?id=732a2d60-fe72-4014-a1d5-ba725c85ae5a&fields=id&fields=name HTTP/1.1" status: 200 len: 313 time: 0.0484605
2026-07-14 18:53:08.758 9 INFO neutron.plugins.ml2.drivers.ovn.mech_driver.ovsdb.ovsdb_monitor [None req-d8355f9d-271a-4933-aa23-17011ac1b9b0 - - - - - -] Router b90e76f3-ba09-40c6-a175-bbdddc64b626 is bound to host instance
2026-07-14 18:53:08.867 9 INFO neutron.wsgi [req-fed385e4-c443-4267-a8a9-2dcce945e7dd req-ec1ec0ee-8a97-43ee-ac5d-dfec2ab07c5b a981be43a91e4e1bbe8442c987a9580c a50df0dc325d4e4c982492a192d1fce2 - - default default] 10.0.0.85 "GET /v2.0/ports?device_id=53111dd1-7fcf-4d56-8dbf-09973e5ac241 HTTP/1.1" status: 200 len: 1170 time: 0.0520885
2026-07-14 18:53:09.135 10 INFO neutron.services.segments.plugin [-] Segment 56762a9b-4525-484e-894b-5e29dc73de1e resource provider aggregate not found
2026-07-14 18:53:09.151 10 INFO neutron.services.segments.plugin [-] Segment 56762a9b-4525-484e-894b-5e29dc73de1e resource provider aggregate not found
2026-07-14 18:53:09.168 10 INFO neutron.services.segments.plugin [-] Segment 56762a9b-4525-484e-894b-5e29dc73de1e resource provider not found; error: Placement Client Error (4xx): {"errors": [{"status": 404, "title": "Not Found", "detail": "The resource could not be found.\n\n No resource provider with uuid 56762a9b-4525-484e-894b-5e29dc73de1e found for delete ", "request_id": "req-75131b94-2653-4fd4-b697-b02ed5f19655"}]}
2026-07-14 18:53:09.190 10 INFO neutron.services.segments.plugin [-] Segment 56762a9b-4525-484e-894b-5e29dc73de1e resource provider not found; error: Placement Client Error (4xx): {"errors": [{"status": 404, "title": "Not Found", "detail": "The resource could not be found.\n\n No resource provider with uuid 56762a9b-4525-484e-894b-5e29dc73de1e found for delete ", "request_id": "req-a78c36de-7a6e-435a-84f6-63c52b01c186"}]}
2026-07-14 18:53:09.197 10 INFO neutron.notifiers.nova [-] Nova event matching ['req-f38c3a1f-18fb-4ec3-82bc-c3a399167a77'] response: {'server_uuid': '53111dd1-7fcf-4d56-8dbf-09973e5ac241', 'name': 'network-vif-plugged', 'status': 'completed', 'tag': 'f135e104-8abe-4822-9fc8-2d58cde6cd14', 'code': 200}
2026-07-14 18:53:09.358 10 INFO neutron.wsgi [None req-30d5da69-b4d2-4ac4-b18c-840614399db7 0797d2cbaf0a4fa38fac66af7565f315 30274fa58c784e7db379cdaaaa1ba3ce - - default default] 10.0.0.110 "DELETE /v2.0/networks/b10b7f72-c88a-4190-a2f0-121dd3ccce2d HTTP/1.1" status: 204 len: 168 time: 1.3367651
2026-07-14 18:53:09.470 10 INFO neutron.db.ovn_revision_numbers_db [None req-d887c70c-8fc1-42e8-a873-0fff16e19d3d - - - - - -] Successfully bumped revision number for resource 5deaa222-ebef-4348-b724-c929f2287e07 (type: ports) to 2
2026-07-14 18:53:09.658 9 INFO neutron.wsgi [None req-0b276cc3-b05b-4c78-83fa-827de41be875 0797d2cbaf0a4fa38fac66af7565f315 30274fa58c784e7db379cdaaaa1ba3ce - - default default] 10.0.0.110 "GET /v2.0/networks HTTP/1.1" status: 200 len: 845 time: 0.2925961
2026-07-14 18:53:09.671 9 WARNING neutron_lib.context [None req-948e05d6-4866-471b-9eec-b6e9a299633d 0797d2cbaf0a4fa38fac66af7565f315 30274fa58c784e7db379cdaaaa1ba3ce - - default default] Method 'is_advsvc' is deprecated since 2023.2 release (neutron-lib 3.8.0) and will be removed once support for the old RBAC API policies will be removed from Neutron. Please use method 'is_service_role' instead.
2026-07-14 18:53:09.777 9 INFO neutron.db.segments_db [None req-948e05d6-4866-471b-9eec-b6e9a299633d 0797d2cbaf0a4fa38fac66af7565f315 30274fa58c784e7db379cdaaaa1ba3ce - - default default] Added segment 96a966fa-87cf-4472-9a1b-7f9179d74491 of type geneve for network 54c8d12e-f6c7-4ef9-8712-d06b1d2de382
2026-07-14 18:53:09.957 9 INFO neutron.db.ovn_revision_numbers_db [None req-d8355f9d-271a-4933-aa23-17011ac1b9b0 - - - - - -] Successfully bumped revision number for resource ef65dff5-9494-405b-97a5-54f6bd6dc98c (type: ports) to 1
2026-07-14 18:53:09.967 9 INFO neutron.db.ovn_revision_numbers_db [None req-948e05d6-4866-471b-9eec-b6e9a299633d 0797d2cbaf0a4fa38fac66af7565f315 30274fa58c784e7db379cdaaaa1ba3ce - - default default] Successfully bumped revision number for resource 54c8d12e-f6c7-4ef9-8712-d06b1d2de382 (type: networks) to 1
2026-07-14 18:53:09.993 10 ERROR ovsdbapp.backend.ovs_idl.command [None req-d887c70c-8fc1-42e8-a873-0fff16e19d3d - - - - - -] Error executing command (DbGetCommand): ovsdbapp.backend.ovs_idl.idlutils.RowNotFound: Cannot find Logical_Router_Port with name=lrp-5deaa222-ebef-4348-b724-c929f2287e07
2026-07-14 18:53:09.993 10 ERROR ovsdbapp.backend.ovs_idl.command
Traceback (most recent call last):
2026-07-14 18:53:09.993 10 ERROR ovsdbapp.backend.ovs_idl.command
File "/var/lib/openstack/lib/python3.10/site-packages/ovsdbapp/backend/ovs_idl/command.py", line 47, in execute
2026-07-14 18:53:09.993 10 ERROR ovsdbapp.backend.ovs_idl.command self.run_idl(None)
2026-07-14 18:53:09.993 10 ERROR ovsdbapp.backend.ovs_idl.command
File "/var/lib/openstack/lib/python3.10/site-packages/ovsdbapp/backend/ovs_idl/command.py", line 235, in run_idl
2026-07-14 18:53:09.993 10 ERROR ovsdbapp.backend.ovs_idl.command record = self.api.lookup(self.table, self.record)
2026-07-14 18:53:09.993 10 ERROR ovsdbapp.backend.ovs_idl.command
File "/var/lib/openstack/lib/python3.10/site-packages/ovsdbapp/backend/ovs_idl/__init__.py", line 184, in lookup
2026-07-14 18:53:09.993 10 ERROR ovsdbapp.backend.ovs_idl.command return self._lookup(table, record)
2026-07-14 18:53:09.993 10 ERROR ovsdbapp.backend.ovs_idl.command
File "/var/lib/openstack/lib/python3.10/site-packages/ovsdbapp/backend/ovs_idl/__init__.py", line 235, in _lookup
2026-07-14 18:53:09.993 10 ERROR ovsdbapp.backend.ovs_idl.command row = idlutils.row_by_value(self, rl.table, rl.column, record)
2026-07-14 18:53:09.993 10 ERROR ovsdbapp.backend.ovs_idl.command
File "/var/lib/openstack/lib/python3.10/site-packages/ovsdbapp/backend/ovs_idl/idlutils.py", line 114, in row_by_value
2026-07-14 18:53:09.993 10 ERROR ovsdbapp.backend.ovs_idl.command raise RowNotFound(table=table, col=column, match=match)
2026-07-14 18:53:09.993 10 ERROR ovsdbapp.backend.ovs_idl.command ovsdbapp.backend.ovs_idl.idlutils.RowNotFound: Cannot find Logical_Router_Port with name=lrp-5deaa222-ebef-4348-b724-c929f2287e07
2026-07-14 18:53:09.993 10 ERROR ovsdbapp.backend.ovs_idl.command 
2026-07-14 18:53:09.994 10 ERROR neutron_lib.callbacks.manager [None req-d887c70c-8fc1-42e8-a873-0fff16e19d3d - - - - - -] Error during notification for neutron.services.ovn_l3.plugin.OVNL3RouterPlugin._port_update-8746044657382 port, after_update: ovsdbapp.backend.ovs_idl.idlutils.RowNotFound: Cannot find Logical_Router_Port with name=lrp-5deaa222-ebef-4348-b724-c929f2287e07
2026-07-14 18:53:09.994 10 ERROR neutron_lib.callbacks.manager
Traceback (most recent call last):
2026-07-14 18:53:09.994 10 ERROR neutron_lib.callbacks.manager
File "/var/lib/openstack/lib/python3.10/site-packages/neutron_lib/callbacks/manager.py", line 189, in _notify_loop
2026-07-14 18:53:09.994 10 ERROR neutron_lib.callbacks.manager callback.method(resource, event, trigger, payload=payload)
2026-07-14 18:53:09.994 10 ERROR neutron_lib.callbacks.manager
File "/var/lib/openstack/lib/python3.10/site-packages/neutron/services/ovn_l3/plugin.py", line 391, in _port_update
2026-07-14 18:53:09.994 10 ERROR neutron_lib.callbacks.manager l3plugin._ovn_client.update_router_port(context,
2026-07-14 18:53:09.994 10 ERROR neutron_lib.callbacks.manager
File "/var/lib/openstack/lib/python3.10/site-packages/neutron/plugins/ml2/drivers/ovn/mech_driver/ovsdb/ovn_client.py", line 1878, in update_router_port
2026-07-14 18:53:09.994 10 ERROR neutron_lib.callbacks.manager self._update_lrouter_port(context, port, if_exists=if_exists,
2026-07-14 18:53:09.994 10 ERROR neutron_lib.callbacks.manager
File "/var/lib/openstack/lib/python3.10/site-packages/neutron/plugins/ml2/drivers/ovn/mech_driver/ovsdb/ovn_client.py", line 1855, in _update_lrouter_port
2026-07-14 18:53:09.994 10 ERROR neutron_lib.callbacks.manager external_ids = self._nb_idl.db_get(
2026-07-14 18:53:09.994 10 ERROR neutron_lib.callbacks.manager
File "/var/lib/openstack/lib/python3.10/site-packages/ovsdbapp/backend/ovs_idl/command.py", line 47, in execute
2026-07-14 18:53:09.994 10 ERROR neutron_lib.callbacks.manager self.run_idl(None)
2026-07-14 18:53:09.994 10 ERROR neutron_lib.callbacks.manager
File "/var/lib/openstack/lib/python3.10/site-packages/ovsdbapp/backend/ovs_idl/command.py", line 235, in run_idl
2026-07-14 18:53:09.994 10 ERROR neutron_lib.callbacks.manager record = self.api.lookup(self.table, self.record)
2026-07-14 18:53:09.994 10 ERROR neutron_lib.callbacks.manager
File "/var/lib/openstack/lib/python3.10/site-packages/ovsdbapp/backend/ovs_idl/__init__.py", line 184, in lookup
2026-07-14 18:53:09.994 10 ERROR neutron_lib.callbacks.manager return self._lookup(table, record)
2026-07-14 18:53:09.994 10 ERROR neutron_lib.callbacks.manager
File "/var/lib/openstack/lib/python3.10/site-packages/ovsdbapp/backend/ovs_idl/__init__.py", line 235, in _lookup
2026-07-14 18:53:09.994 10 ERROR neutron_lib.callbacks.manager row = idlutils.row_by_value(self, rl.table, rl.column, record)
2026-07-14 18:53:09.994 10 ERROR neutron_lib.callbacks.manager
File "/var/lib/openstack/lib/python3.10/site-packages/ovsdbapp/backend/ovs_idl/idlutils.py", line 114, in row_by_value
2026-07-14 18:53:09.994 10 ERROR neutron_lib.callbacks.manager raise RowNotFound(table=table, col=column, match=match)
2026-07-14 18:53:09.994 10 ERROR neutron_lib.callbacks.manager ovsdbapp.backend.ovs_idl.idlutils.RowNotFound: Cannot find Logical_Router_Port with name=lrp-5deaa222-ebef-4348-b724-c929f2287e07
2026-07-14 18:53:09.994 10 ERROR neutron_lib.callbacks.manager 
2026-07-14 18:53:10.247 9 WARNING neutron.scheduler.dhcp_agent_scheduler [None req-948e05d6-4866-471b-9eec-b6e9a299633d 0797d2cbaf0a4fa38fac66af7565f315 30274fa58c784e7db379cdaaaa1ba3ce - - default default] No more DHCP agents
2026-07-14 18:53:10.252 9 WARNING neutron.api.rpc.agentnotifiers.dhcp_rpc_agent_api [None req-948e05d6-4866-471b-9eec-b6e9a299633d 0797d2cbaf0a4fa38fac66af7565f315 30274fa58c784e7db379cdaaaa1ba3ce - - default default] Unable to schedule network 54c8d12e-f6c7-4ef9-8712-d06b1d2de382: no agents available; will retry on subsequent port and subnet creation events.
2026-07-14 18:53:10.419 9 INFO neutron.db.ovn_revision_numbers_db [None req-948e05d6-4866-471b-9eec-b6e9a299633d 0797d2cbaf0a4fa38fac66af7565f315 30274fa58c784e7db379cdaaaa1ba3ce - - default default] Successfully bumped revision number for resource 253855c5-e55c-4d2a-bdb1-c3c44bdb47be (type: ports) to 1
2026-07-14 18:53:10.449 9 INFO neutron.wsgi [None req-948e05d6-4866-471b-9eec-b6e9a299633d 0797d2cbaf0a4fa38fac66af7565f315 30274fa58c784e7db379cdaaaa1ba3ce - - default default] 10.0.0.110 "POST /v2.0/networks HTTP/1.1" status: 201 len: 849 time: 0.7824676
2026-07-14 18:53:10.459 9 WARNING neutron_lib.context [None req-b6398702-db3d-441d-801a-129a3f775107 0797d2cbaf0a4fa38fac66af7565f315 30274fa58c784e7db379cdaaaa1ba3ce - - default default] Method 'is_advsvc' is deprecated since 2023.2 release (neutron-lib 3.8.0) and will be removed once support for the old RBAC API policies will be removed from Neutron. Please use method 'is_service_role' instead.
2026-07-14 18:53:10.570 9 INFO neutron.db.segments_db [None req-b6398702-db3d-441d-801a-129a3f775107 0797d2cbaf0a4fa38fac66af7565f315 30274fa58c784e7db379cdaaaa1ba3ce - - default default] Added segment 023cb942-632c-48be-a8d7-7b8eed8af71a of type geneve for network 41f93739-2b74-47b4-894a-6550b447a1d3
2026-07-14 18:53:10.587 9 INFO neutron.db.ovn_revision_numbers_db [None req-d8355f9d-271a-4933-aa23-17011ac1b9b0 - - - - - -] Successfully bumped revision number for resource ef65dff5-9494-405b-97a5-54f6bd6dc98c (type: router_ports) to 3
2026-07-14 18:53:10.742 10 INFO neutron.db.ovn_revision_numbers_db [None req-40963575-34fb-45d1-918f-305a4523e085 a981be43a91e4e1bbe8442c987a9580c a50df0dc325d4e4c982492a192d1fce2 - - default default] Successfully bumped revision number for resource 5bf2d0f0-a037-4d4a-9bf2-4b08965e0ce5 (type: floatingips) to 1
2026-07-14 18:53:10.770 10 INFO neutron.db.ovn_revision_numbers_db [None req-ec5c1adb-ce37-47df-b520-63f573c1d6bb 42c5276c71b348a9abacbf421c309197 ff7e564635fa43fa9e2dc3cdab6453c3 - - default default] Successfully bumped revision number for resource 5deaa222-ebef-4348-b724-c929f2287e07 (type: router_ports) to 1
2026-07-14 18:53:10.780 10 INFO neutron.wsgi [None req-ec5c1adb-ce37-47df-b520-63f573c1d6bb 42c5276c71b348a9abacbf421c309197 ff7e564635fa43fa9e2dc3cdab6453c3 - - default default] 10.0.0.110 "PUT /v2.0/routers/b89b9adb-67b4-4ae5-bc79-3f84212699d7/add_router_interface HTTP/1.1" status: 200 len: 503 time: 5.4720869
2026-07-14 18:53:10.797 9 INFO neutron.db.ovn_revision_numbers_db [None req-b6398702-db3d-441d-801a-129a3f775107 0797d2cbaf0a4fa38fac66af7565f315 30274fa58c784e7db379cdaaaa1ba3ce - - default default] Successfully bumped revision number for resource 41f93739-2b74-47b4-894a-6550b447a1d3 (type: networks) to 1
2026-07-14 18:53:10.918 10 INFO neutron.db.ovn_revision_numbers_db [None req-40963575-34fb-45d1-918f-305a4523e085 a981be43a91e4e1bbe8442c987a9580c a50df0dc325d4e4c982492a192d1fce2 - - default default] Successfully bumped revision number for resource 5bf2d0f0-a037-4d4a-9bf2-4b08965e0ce5 (type: floatingips) to 2
2026-07-14 18:53:10.919 10 INFO neutron.db.l3_db [None req-40963575-34fb-45d1-918f-305a4523e085 a981be43a91e4e1bbe8442c987a9580c a50df0dc325d4e4c982492a192d1fce2 - - default default] Floating IP 5bf2d0f0-a037-4d4a-9bf2-4b08965e0ce5 associated. External IP: 10.96.250.202, port: f135e104-8abe-4822-9fc8-2d58cde6cd14.
2026-07-14 18:53:10.981 9 INFO neutron.db.ovn_revision_numbers_db [None req-d8355f9d-271a-4933-aa23-17011ac1b9b0 - - - - - -] Successfully bumped revision number for resource ef65dff5-9494-405b-97a5-54f6bd6dc98c (type: ports) to 2
2026-07-14 18:53:11.062 9 INFO neutron.plugins.ml2.drivers.ovn.mech_driver.mech_driver [None req-b3893bc5-85d2-406f-b2ce-5ab6e62dbb5a - - - - - -] OVN reports status up for port: 9cede2ca-ec3c-4708-824c-109610d7628f
2026-07-14 18:53:11.091 9 WARNING neutron.scheduler.dhcp_agent_scheduler [None req-b6398702-db3d-441d-801a-129a3f775107 0797d2cbaf0a4fa38fac66af7565f315 30274fa58c784e7db379cdaaaa1ba3ce - - default default] No more DHCP agents
2026-07-14 18:53:11.092 9 INFO neutron.plugins.ml2.plugin [None req-b3893bc5-85d2-406f-b2ce-5ab6e62dbb5a - - - - - -] Attempt 1 to provision port 9cede2ca-ec3c-4708-824c-109610d7628f
2026-07-14 18:53:11.095 9 WARNING neutron.api.rpc.agentnotifiers.dhcp_rpc_agent_api [None req-b6398702-db3d-441d-801a-129a3f775107 0797d2cbaf0a4fa38fac66af7565f315 30274fa58c784e7db379cdaaaa1ba3ce - - default default] Unable to schedule network 41f93739-2b74-47b4-894a-6550b447a1d3: no agents available; will retry on subsequent port and subnet creation events.
2026-07-14 18:53:11.194 10 INFO neutron.wsgi [None req-40963575-34fb-45d1-918f-305a4523e085 a981be43a91e4e1bbe8442c987a9580c a50df0dc325d4e4c982492a192d1fce2 - - default default] 10.0.0.110 "PUT /v2.0/floatingips/5bf2d0f0-a037-4d4a-9bf2-4b08965e0ce5 HTTP/1.1" status: 200 len: 1049 time: 2.3133717
2026-07-14 18:53:11.207 10 INFO neutron.wsgi [req-6d428f7d-eb41-4107-b8e5-8a16af9df5c8 req-fcf8b385-47bf-4ad6-8b1c-ed887a32de61 a7d0a42cf3eb418db63db859bcefec50 889d449229ae4bdfbf34277e4ebedf2f - - 35ffeaa6bba0459dbb48b49e82dff028 35ffeaa6bba0459dbb48b49e82dff028] 199.19.213.161 "GET /v2.0/ports?device_id=53111dd1-7fcf-4d56-8dbf-09973e5ac241&fields=binding%3Ahost_id&fields=binding%3Avif_type HTTP/1.1" status: 200 len: 265 time: 0.2700458
2026-07-14 18:53:11.208 10 INFO neutron.db.ovn_revision_numbers_db [None req-9fc3737b-696c-4a41-9379-fc8491592bf7 42c5276c71b348a9abacbf421c309197 ff7e564635fa43fa9e2dc3cdab6453c3 - - default default] Successfully bumped revision number for resource 9cede2ca-ec3c-4708-824c-109610d7628f (type: router_ports) to 1
2026-07-14 18:53:11.212 10 INFO neutron.wsgi [None req-9fc3737b-696c-4a41-9379-fc8491592bf7 42c5276c71b348a9abacbf421c309197 ff7e564635fa43fa9e2dc3cdab6453c3 - - default default] 10.0.0.110 "PUT /v2.0/routers/b90e76f3-ba09-40c6-a175-bbdddc64b626/add_router_interface HTTP/1.1" status: 200 len: 503 time: 5.8257318
2026-07-14 18:53:11.265 10 WARNING neutron_lib.context [None req-962bc595-6bf1-44ad-b063-3172803ead81 3ad93bc0997b44efbe0e455c929564f4 ebc709f662f84b2da42da30691bf04fb - - default default] Method 'is_advsvc' is deprecated since 2023.2 release (neutron-lib 3.8.0) and will be removed once support for the old RBAC API policies will be removed from Neutron. Please use method 'is_service_role' instead.
2026-07-14 18:53:11.283 10 INFO neutron.notifiers.nova [-] Nova event matching ['req-da187b2c-e9f6-430e-b9e7-044aedddf858'] response: {'name': 'network-changed', 'server_uuid': '53111dd1-7fcf-4d56-8dbf-09973e5ac241', 'tag': 'f135e104-8abe-4822-9fc8-2d58cde6cd14', 'status': 'completed', 'code': 200}
2026-07-14 18:53:11.318 10 INFO neutron.wsgi [req-6d428f7d-eb41-4107-b8e5-8a16af9df5c8 req-1825e160-1c4d-4e46-9457-c19deb76f2cd a7d0a42cf3eb418db63db859bcefec50 889d449229ae4bdfbf34277e4ebedf2f - - 35ffeaa6bba0459dbb48b49e82dff028 35ffeaa6bba0459dbb48b49e82dff028] 199.19.213.161 "GET /v2.0/ports?tenant_id=a50df0dc325d4e4c982492a192d1fce2&device_id=53111dd1-7fcf-4d56-8dbf-09973e5ac241 HTTP/1.1" status: 200 len: 1409 time: 0.0459650
2026-07-14 18:53:11.340 9 INFO neutron.db.ovn_revision_numbers_db [None req-b6398702-db3d-441d-801a-129a3f775107 0797d2cbaf0a4fa38fac66af7565f315 30274fa58c784e7db379cdaaaa1ba3ce - - default default] Successfully bumped revision number for resource 5ddf7f87-2289-4939-be85-69d917aa7b20 (type: ports) to 1
2026-07-14 18:53:11.444 10 INFO neutron.wsgi [req-6d428f7d-eb41-4107-b8e5-8a16af9df5c8 req-cb2136a8-e31b-4266-a60e-8aaf0bd56d3d a7d0a42cf3eb418db63db859bcefec50 889d449229ae4bdfbf34277e4ebedf2f - - 35ffeaa6bba0459dbb48b49e82dff028 35ffeaa6bba0459dbb48b49e82dff028] 199.19.213.161 "GET /v2.0/networks?id=2e133c80-84c2-46e3-a9d5-06b1489a48ae HTTP/1.1" status: 200 len: 976 time: 0.1015935
2026-07-14 18:53:11.502 10 INFO neutron.db.ovn_revision_numbers_db [None req-962bc595-6bf1-44ad-b063-3172803ead81 3ad93bc0997b44efbe0e455c929564f4 ebc709f662f84b2da42da30691bf04fb - - default default] Successfully bumped revision number for resource 8ab2195f-43e3-4e1f-bc6e-d1dab979fc48 (type: security_groups) to 1
2026-07-14 18:53:11.519 10 INFO neutron.wsgi [req-6d428f7d-eb41-4107-b8e5-8a16af9df5c8 req-0e6dbc71-14e1-48b3-925d-40b8e2ccb1e8 a7d0a42cf3eb418db63db859bcefec50 889d449229ae4bdfbf34277e4ebedf2f - - 35ffeaa6bba0459dbb48b49e82dff028 35ffeaa6bba0459dbb48b49e82dff028] 199.19.213.161 "GET /v2.0/floatingips?fixed_ip_address=10.100.0.6&port_id=f135e104-8abe-4822-9fc8-2d58cde6cd14 HTTP/1.1" status: 200 len: 1059 time: 0.0640762
2026-07-14 18:53:11.524 10 INFO neutron.db.ovn_revision_numbers_db [None req-962bc595-6bf1-44ad-b063-3172803ead81 3ad93bc0997b44efbe0e455c929564f4 ebc709f662f84b2da42da30691bf04fb - - default default] Successfully bumped revision number for resource 12f2d113-6507-4ec2-8086-98435110eae2 (type: security_group_rules) to 0
2026-07-14 18:53:11.571 10 INFO neutron.db.ovn_revision_numbers_db [None req-962bc595-6bf1-44ad-b063-3172803ead81 3ad93bc0997b44efbe0e455c929564f4 ebc709f662f84b2da42da30691bf04fb - - default default] Successfully bumped revision number for resource f5bdab1d-8662-415b-b798-d09253ca1963 (type: security_group_rules) to 0
2026-07-14 18:53:11.583 10 INFO neutron.wsgi [req-6d428f7d-eb41-4107-b8e5-8a16af9df5c8 req-606f7bf8-da04-419d-a8bc-1b1130e68d80 a7d0a42cf3eb418db63db859bcefec50 889d449229ae4bdfbf34277e4ebedf2f - - 35ffeaa6bba0459dbb48b49e82dff028 35ffeaa6bba0459dbb48b49e82dff028] 199.19.213.161 "GET /v2.0/subnets?id=477b4cb8-7272-49c5-b1c2-6b5e2ea0c087 HTTP/1.1" status: 200 len: 872 time: 0.0569906
2026-07-14 18:53:11.604 10 INFO neutron.wsgi [None req-962bc595-6bf1-44ad-b063-3172803ead81 3ad93bc0997b44efbe0e455c929564f4 ebc709f662f84b2da42da30691bf04fb - - default default] 10.0.0.110 "POST /v2.0/security-groups HTTP/1.1" status: 201 len: 1860 time: 0.3442645
2026-07-14 18:53:11.620 10 WARNING neutron_lib.context [None req-351ea7aa-1719-4f9c-9f53-46fa1e79dc55 3ad93bc0997b44efbe0e455c929564f4 ebc709f662f84b2da42da30691bf04fb - - default default] Method 'is_advsvc' is deprecated since 2023.2 release (neutron-lib 3.8.0) and will be removed once support for the old RBAC API policies will be removed from Neutron. Please use method 'is_service_role' instead.
2026-07-14 18:53:11.622 10 INFO neutron.wsgi [req-6d428f7d-eb41-4107-b8e5-8a16af9df5c8 req-f92d4d57-7336-4d92-b68a-227592e5a664 a7d0a42cf3eb418db63db859bcefec50 889d449229ae4bdfbf34277e4ebedf2f - - 35ffeaa6bba0459dbb48b49e82dff028 35ffeaa6bba0459dbb48b49e82dff028] 199.19.213.161 "GET /v2.0/ports?network_id=2e133c80-84c2-46e3-a9d5-06b1489a48ae&device_owner=network%3Adhcp HTTP/1.1" status: 200 len: 210 time: 0.0304544
2026-07-14 18:53:11.641 9 INFO neutron.wsgi [None req-b6398702-db3d-441d-801a-129a3f775107 0797d2cbaf0a4fa38fac66af7565f315 30274fa58c784e7db379cdaaaa1ba3ce - - default default] 10.0.0.110 "POST /v2.0/networks HTTP/1.1" status: 201 len: 848 time: 1.1856787
2026-07-14 18:53:11.667 10 WARNING neutron_lib.context [None req-39e3adbe-1231-4288-acaa-ab0e6e055aa4 0797d2cbaf0a4fa38fac66af7565f315 30274fa58c784e7db379cdaaaa1ba3ce - - default default] Method 'is_advsvc' is deprecated since 2023.2 release (neutron-lib 3.8.0) and will be removed once support for the old RBAC API policies will be removed from Neutron. Please use method 'is_service_role' instead.
2026-07-14 18:53:11.683 9 INFO neutron.wsgi [req-95ef2078-0be9-483e-b224-0542e75524c3 req-c9f08955-2325-437a-a121-754e76c6ae5a a981be43a91e4e1bbe8442c987a9580c a50df0dc325d4e4c982492a192d1fce2 - - default default] 10.0.0.85 "GET /v2.0/ports?device_id=53111dd1-7fcf-4d56-8dbf-09973e5ac241 HTTP/1.1" status: 200 len: 1170 time: 0.4175756
2026-07-14 18:53:11.734 10 INFO neutron.wsgi [req-6d428f7d-eb41-4107-b8e5-8a16af9df5c8 req-99cb3d96-8d31-4d6f-9b82-f03020cf1c02 a7d0a42cf3eb418db63db859bcefec50 889d449229ae4bdfbf34277e4ebedf2f - - 35ffeaa6bba0459dbb48b49e82dff028 35ffeaa6bba0459dbb48b49e82dff028] 199.19.213.161 "GET /v2.0/networks/2e133c80-84c2-46e3-a9d5-06b1489a48ae?fields=segments HTTP/1.1" status: 200 len: 212 time: 0.1016498
2026-07-14 18:53:11.748 10 WARNING neutron_lib.context [None req-39e3adbe-1231-4288-acaa-ab0e6e055aa4 0797d2cbaf0a4fa38fac66af7565f315 30274fa58c784e7db379cdaaaa1ba3ce - - default default] Method 'is_advsvc' is deprecated since 2023.2 release (neutron-lib 3.8.0) and will be removed once support for the old RBAC API policies will be removed from Neutron. Please use method 'is_service_role' instead.
2026-07-14 18:53:11.759 10 WARNING neutron_lib.context [None req-647c2d4a-5a7e-4c56-ab38-f02a67d2f4b8 a83587684f194fceaccdea989efbc9c4 e2749302ea844b22ab0af60f5a092c2f - - default default] Method 'is_advsvc' is deprecated since 2023.2 release (neutron-lib 3.8.0) and will be removed once support for the old RBAC API policies will be removed from Neutron. Please use method 'is_service_role' instead.
2026-07-14 18:53:11.771 9 INFO neutron.wsgi [req-95ef2078-0be9-483e-b224-0542e75524c3 req-5dbab0d5-7cb3-4482-b242-d15ae19b6ce6 a981be43a91e4e1bbe8442c987a9580c a50df0dc325d4e4c982492a192d1fce2 - - default default] 10.0.0.85 "GET /v2.0/security-groups?id=732a2d60-fe72-4014-a1d5-ba725c85ae5a&fields=id&fields=name HTTP/1.1" status: 200 len: 313 time: 0.0748351
2026-07-14 18:53:11.862 10 INFO neutron.wsgi [req-6d428f7d-eb41-4107-b8e5-8a16af9df5c8 req-34d96ab3-963c-404d-8d51-e63161d7c489 a7d0a42cf3eb418db63db859bcefec50 889d449229ae4bdfbf34277e4ebedf2f - - 35ffeaa6bba0459dbb48b49e82dff028 35ffeaa6bba0459dbb48b49e82dff028] 199.19.213.161 "GET /v2.0/networks/2e133c80-84c2-46e3-a9d5-06b1489a48ae?fields=provider%3Aphysical_network&fields=provider%3Anetwork_type HTTP/1.1" status: 200 len: 277 time: 0.1236959
2026-07-14 18:53:11.970 10 INFO neutron.db.ovn_revision_numbers_db [None req-351ea7aa-1719-4f9c-9f53-46fa1e79dc55 3ad93bc0997b44efbe0e455c929564f4 ebc709f662f84b2da42da30691bf04fb - - default default] Successfully bumped revision number for resource a3875e0b-2470-48a6-9eb9-0c3d44790d4f (type: security_group_rules) to 0
2026-07-14 18:53:11.980 10 INFO neutron.wsgi [req-20924e21-4459-4ca1-b9cc-62c32f14050e req-4c648ad4-5ef2-40ea-92f5-ba85c651f1fd a7d0a42cf3eb418db63db859bcefec50 889d449229ae4bdfbf34277e4ebedf2f - - 35ffeaa6bba0459dbb48b49e82dff028 35ffeaa6bba0459dbb48b49e82dff028] 199.19.213.161 "GET /v2.0/ports?tenant_id=a50df0dc325d4e4c982492a192d1fce2&device_id=53111dd1-7fcf-4d56-8dbf-09973e5ac241 HTTP/1.1" status: 200 len: 1409 time: 0.0653772
2026-07-14 18:53:11.996 9 INFO neutron.db.ovn_revision_numbers_db [None req-d8355f9d-271a-4933-aa23-17011ac1b9b0 - - - - - -] Successfully bumped revision number for resource ef65dff5-9494-405b-97a5-54f6bd6dc98c (type: ports) to 4
2026-07-14 18:53:12.052 10 INFO neutron.wsgi [None req-351ea7aa-1719-4f9c-9f53-46fa1e79dc55 3ad93bc0997b44efbe0e455c929564f4 ebc709f662f84b2da42da30691bf04fb - - default default] 10.0.0.110 "POST /v2.0/security-group-rules HTTP/1.1" status: 201 len: 796 time: 0.4366260
2026-07-14 18:53:12.071 10 WARNING neutron_lib.context [None req-27886871-a159-4738-9e1e-1dc2f342d082 3ad93bc0997b44efbe0e455c929564f4 ebc709f662f84b2da42da30691bf04fb - - default default] Method 'is_advsvc' is deprecated since 2023.2 release (neutron-lib 3.8.0) and will be removed once support for the old RBAC API policies will be removed from Neutron. Please use method 'is_service_role' instead.
2026-07-14 18:53:12.120 10 INFO neutron.db.ovn_revision_numbers_db [None req-647c2d4a-5a7e-4c56-ab38-f02a67d2f4b8 a83587684f194fceaccdea989efbc9c4 e2749302ea844b22ab0af60f5a092c2f - - default default] Successfully bumped revision number for resource 1dc3f178-96f1-4fef-9c24-6755b37ffad5 (type: security_groups) to 1
2026-07-14 18:53:12.143 10 INFO neutron.wsgi [req-20924e21-4459-4ca1-b9cc-62c32f14050e req-ee561e83-0639-4816-af72-2f79fccf5bc4 a7d0a42cf3eb418db63db859bcefec50 889d449229ae4bdfbf34277e4ebedf2f - - 35ffeaa6bba0459dbb48b49e82dff028 35ffeaa6bba0459dbb48b49e82dff028] 199.19.213.161 "GET /v2.0/networks?id=2e133c80-84c2-46e3-a9d5-06b1489a48ae HTTP/1.1" status: 200 len: 976 time: 0.1525569
2026-07-14 18:53:12.170 9 INFO neutron.db.ovn_revision_numbers_db [None req-b3893bc5-85d2-406f-b2ce-5ab6e62dbb5a - - - - - -] Successfully bumped revision number for resource 9cede2ca-ec3c-4708-824c-109610d7628f (type: ports) to 2
2026-07-14 18:53:12.191 10 INFO neutron.db.ovn_revision_numbers_db [None req-647c2d4a-5a7e-4c56-ab38-f02a67d2f4b8 a83587684f194fceaccdea989efbc9c4 e2749302ea844b22ab0af60f5a092c2f - - default default] Successfully bumped revision number for resource 2bb83c3d-9c43-412e-8b2a-13c0c1e7497a (type: security_group_rules) to 0
2026-07-14 18:53:12.217 10 INFO neutron.db.ovn_revision_numbers_db [None req-647c2d4a-5a7e-4c56-ab38-f02a67d2f4b8 a83587684f194fceaccdea989efbc9c4 e2749302ea844b22ab0af60f5a092c2f - - default default] Successfully bumped revision number for resource 7d7cfef4-803f-496a-a5c1-a28f1cdceb7e (type: security_group_rules) to 0
2026-07-14 18:53:12.234 10 INFO neutron.wsgi [req-20924e21-4459-4ca1-b9cc-62c32f14050e req-4498a0bc-5c64-46f8-bdf0-97c23c613723 a7d0a42cf3eb418db63db859bcefec50 889d449229ae4bdfbf34277e4ebedf2f - - 35ffeaa6bba0459dbb48b49e82dff028 35ffeaa6bba0459dbb48b49e82dff028] 199.19.213.161 "GET /v2.0/floatingips?fixed_ip_address=10.100.0.6&port_id=f135e104-8abe-4822-9fc8-2d58cde6cd14 HTTP/1.1" status: 200 len: 1059 time: 0.0787051
2026-07-14 18:53:12.255 10 INFO neutron.wsgi [None req-647c2d4a-5a7e-4c56-ab38-f02a67d2f4b8 a83587684f194fceaccdea989efbc9c4 e2749302ea844b22ab0af60f5a092c2f - - default default] 10.0.0.110 "POST /v2.0/security-groups HTTP/1.1" status: 201 len: 1859 time: 0.5001378
2026-07-14 18:53:12.295 9 WARNING neutron_lib.context [None req-54f72090-927d-4135-ad24-46ea128da53d a83587684f194fceaccdea989efbc9c4 e2749302ea844b22ab0af60f5a092c2f - - default default] Method 'is_advsvc' is deprecated since 2023.2 release (neutron-lib 3.8.0) and will be removed once support for the old RBAC API policies will be removed from Neutron. Please use method 'is_service_role' instead.
2026-07-14 18:53:12.301 10 INFO neutron.wsgi [req-20924e21-4459-4ca1-b9cc-62c32f14050e req-27a64be2-a4e0-4cfb-8532-b41b703da628 a7d0a42cf3eb418db63db859bcefec50 889d449229ae4bdfbf34277e4ebedf2f - - 35ffeaa6bba0459dbb48b49e82dff028 35ffeaa6bba0459dbb48b49e82dff028] 199.19.213.161 "GET /v2.0/subnets?id=477b4cb8-7272-49c5-b1c2-6b5e2ea0c087 HTTP/1.1" status: 200 len: 872 time: 0.0564702
2026-07-14 18:53:12.303 9 INFO neutron.wsgi [req-8a67a152-a9e7-49be-8a47-4fe1d06bc227 req-cabafc42-aa5f-438f-abbc-640024212c59 a981be43a91e4e1bbe8442c987a9580c a50df0dc325d4e4c982492a192d1fce2 - - default default] 10.0.0.85 "GET /v2.0/ports?device_id=53111dd1-7fcf-4d56-8dbf-09973e5ac241 HTTP/1.1" status: 200 len: 1170 time: 0.0976295
2026-07-14 18:53:12.336 10 INFO neutron.wsgi [req-20924e21-4459-4ca1-b9cc-62c32f14050e req-bf8d8c81-3316-420a-a048-0a9feed40d27 a7d0a42cf3eb418db63db859bcefec50 889d449229ae4bdfbf34277e4ebedf2f - - 35ffeaa6bba0459dbb48b49e82dff028 35ffeaa6bba0459dbb48b49e82dff028] 199.19.213.161 "GET /v2.0/ports?network_id=2e133c80-84c2-46e3-a9d5-06b1489a48ae&device_owner=network%3Adhcp HTTP/1.1" status: 200 len: 210 time: 0.0277612
2026-07-14 18:53:12.420 10 INFO neutron.db.ovn_revision_numbers_db [None req-27886871-a159-4738-9e1e-1dc2f342d082 3ad93bc0997b44efbe0e455c929564f4 ebc709f662f84b2da42da30691bf04fb - - default default] Successfully bumped revision number for resource 4d753646-63c3-424c-ad1d-2f13cfd00434 (type: security_group_rules) to 0
2026-07-14 18:53:12.430 10 INFO neutron.wsgi [req-20924e21-4459-4ca1-b9cc-62c32f14050e req-6a98632a-7fbe-4563-9349-f2b777c58e45 a7d0a42cf3eb418db63db859bcefec50 889d449229ae4bdfbf34277e4ebedf2f - - 35ffeaa6bba0459dbb48b49e82dff028 35ffeaa6bba0459dbb48b49e82dff028] 199.19.213.161 "GET /v2.0/networks/2e133c80-84c2-46e3-a9d5-06b1489a48ae?fields=segments HTTP/1.1" status: 200 len: 212 time: 0.0861166
2026-07-14 18:53:12.436 9 INFO neutron.wsgi [req-8a67a152-a9e7-49be-8a47-4fe1d06bc227 req-2768093e-7301-48a1-a0cd-788ed0404ba7 a981be43a91e4e1bbe8442c987a9580c a50df0dc325d4e4c982492a192d1fce2 - - default default] 10.0.0.85 "GET /v2.0/security-groups?id=732a2d60-fe72-4014-a1d5-ba725c85ae5a&fields=id&fields=name HTTP/1.1" status: 200 len: 313 time: 0.1213970
2026-07-14 18:53:12.481 10 INFO neutron.wsgi [None req-27886871-a159-4738-9e1e-1dc2f342d082 3ad93bc0997b44efbe0e455c929564f4 ebc709f662f84b2da42da30691bf04fb - - default default] 10.0.0.110 "POST /v2.0/security-group-rules HTTP/1.1" status: 201 len: 801 time: 0.4177480 /var/lib/openstack/lib/python3.10/site-packages/pycadf/identifier.py:71: UserWarning: Invalid uuid: neutron. To ensure interoperability, identifiers should be a valid uuid. warnings.warn(('Invalid uuid: %s. To ensure interoperability, '
