2026-07-14 18:53:38.527 10 INFO neutron.db.ovn_revision_numbers_db [None req-e8d8dee0-edb8-4740-9889-ac7782d50b4f 531fea6437b0498d8b9710a3522dbbb3 95812c4971b24952bfb00f853360501f - - default default] Successfully bumped revision number for resource 6230c824-38de-4882-b6d1-77a64e08b9b8 (type: networks) to 1
2026-07-14 18:53:38.758 10 INFO neutron.db.ovn_revision_numbers_db [req-ebb52615-20f4-4df2-b7f1-7d0cb3702173 req-f5ce8de4-235d-4327-a821-26e4cfefdbc1 a7d0a42cf3eb418db63db859bcefec50 889d449229ae4bdfbf34277e4ebedf2f - - 35ffeaa6bba0459dbb48b49e82dff028 35ffeaa6bba0459dbb48b49e82dff028] Successfully bumped revision number for resource 991a8fc2-5463-49eb-90f5-bad089372ce1 (type: ports) to 2
2026-07-14 18:53:38.805 10 INFO neutron.wsgi [req-ebb52615-20f4-4df2-b7f1-7d0cb3702173 req-f5ce8de4-235d-4327-a821-26e4cfefdbc1 a7d0a42cf3eb418db63db859bcefec50 889d449229ae4bdfbf34277e4ebedf2f - - 35ffeaa6bba0459dbb48b49e82dff028 35ffeaa6bba0459dbb48b49e82dff028] 199.19.213.161 "PUT /v2.0/ports/991a8fc2-5463-49eb-90f5-bad089372ce1 HTTP/1.1" status: 200 len: 1376 time: 1.6188006 /var/lib/openstack/lib/python3.10/site-packages/pycadf/identifier.py:71: UserWarning: Invalid uuid: neutron. To ensure interoperability, identifiers should be a valid uuid. warnings.warn(('Invalid uuid: %s. To ensure interoperability, '
2026-07-14 18:53:38.865 10 INFO neutron.notifiers.nova [-] Nova event matching ['req-edd708ff-fafa-4f78-85b6-5a28a7ffbb6a'] response: {'name': 'network-changed', 'server_uuid': 'a9714ace-1112-41ca-89cd-a7b75e67e631', 'tag': '991a8fc2-5463-49eb-90f5-bad089372ce1', 'status': 'completed', 'code': 200}
2026-07-14 18:53:38.876 10 WARNING neutron.scheduler.dhcp_agent_scheduler [None req-e8d8dee0-edb8-4740-9889-ac7782d50b4f 531fea6437b0498d8b9710a3522dbbb3 95812c4971b24952bfb00f853360501f - - default default] No more DHCP agents
2026-07-14 18:53:38.876 10 INFO neutron.db.ovn_revision_numbers_db [req-1df7a606-38a3-44f2-a067-9a5ca17e0d19 req-d81a018d-6089-42a5-891a-1e1cca005d04 a83587684f194fceaccdea989efbc9c4 e2749302ea844b22ab0af60f5a092c2f - - default default] Successfully bumped revision number for resource 22041744-a9fd-439e-b045-4cb3e5741368 (type: ports) to 5
2026-07-14 18:53:38.883 10 WARNING neutron.api.rpc.agentnotifiers.dhcp_rpc_agent_api [None req-e8d8dee0-edb8-4740-9889-ac7782d50b4f 531fea6437b0498d8b9710a3522dbbb3 95812c4971b24952bfb00f853360501f - - default default] Unable to schedule network 6230c824-38de-4882-b6d1-77a64e08b9b8: no agents available; will retry on subsequent port and subnet creation events.
2026-07-14 18:53:38.906 10 INFO neutron.wsgi [req-1df7a606-38a3-44f2-a067-9a5ca17e0d19 req-d81a018d-6089-42a5-891a-1e1cca005d04 a83587684f194fceaccdea989efbc9c4 e2749302ea844b22ab0af60f5a092c2f - - default default] 199.19.213.161 "PUT /v2.0/ports/22041744-a9fd-439e-b045-4cb3e5741368 HTTP/1.1" status: 200 len: 1345 time: 1.0134788
2026-07-14 18:53:38.912 10 INFO neutron.wsgi [req-ebb52615-20f4-4df2-b7f1-7d0cb3702173 req-c61c469d-ca16-4bb0-acb1-627c94d2d66c a7d0a42cf3eb418db63db859bcefec50 889d449229ae4bdfbf34277e4ebedf2f - - 35ffeaa6bba0459dbb48b49e82dff028 35ffeaa6bba0459dbb48b49e82dff028] 199.19.213.161 "GET /v2.0/ports?tenant_id=e399179270fa4d40b9d7560c5c7efd64&device_id=a9714ace-1112-41ca-89cd-a7b75e67e631 HTTP/1.1" status: 200 len: 1407 time: 0.0669935
2026-07-14 18:53:38.959 10 INFO neutron.wsgi [req-ebb52615-20f4-4df2-b7f1-7d0cb3702173 req-2ac428f1-a076-485f-95c3-c698f2accc5a a7d0a42cf3eb418db63db859bcefec50 889d449229ae4bdfbf34277e4ebedf2f - - 35ffeaa6bba0459dbb48b49e82dff028 35ffeaa6bba0459dbb48b49e82dff028] 199.19.213.161 "GET /v2.0/floatingips?fixed_ip_address=10.100.0.3&port_id=991a8fc2-5463-49eb-90f5-bad089372ce1 HTTP/1.1" status: 200 len: 217 time: 0.0410080
2026-07-14 18:53:39.020 10 INFO neutron.wsgi [req-1df7a606-38a3-44f2-a067-9a5ca17e0d19 req-c0b18ecc-12d5-4bd7-9e76-83c4ce4e595c a7d0a42cf3eb418db63db859bcefec50 889d449229ae4bdfbf34277e4ebedf2f - - 35ffeaa6bba0459dbb48b49e82dff028 35ffeaa6bba0459dbb48b49e82dff028] 199.19.213.161 "GET /v2.0/ports?tenant_id=e2749302ea844b22ab0af60f5a092c2f&device_id=c79d5846-68aa-4c90-889c-059681ac387d HTTP/1.1" status: 200 len: 1586 time: 0.0957315
2026-07-14 18:53:39.038 10 INFO neutron.wsgi [req-ebb52615-20f4-4df2-b7f1-7d0cb3702173 req-554c3107-71df-4c4c-9403-0458c6c56f57 a7d0a42cf3eb418db63db859bcefec50 889d449229ae4bdfbf34277e4ebedf2f - - 35ffeaa6bba0459dbb48b49e82dff028 35ffeaa6bba0459dbb48b49e82dff028] 199.19.213.161 "GET /v2.0/subnets?id=5ee1c9f6-d228-4c1d-8a46-519d4fcccc67 HTTP/1.1" status: 200 len: 868 time: 0.0709376
2026-07-14 18:53:39.074 10 INFO neutron.wsgi [req-ebb52615-20f4-4df2-b7f1-7d0cb3702173 req-f78e4cd3-d99c-4a10-947d-ce99e7e3dda2 a7d0a42cf3eb418db63db859bcefec50 889d449229ae4bdfbf34277e4ebedf2f - - 35ffeaa6bba0459dbb48b49e82dff028 35ffeaa6bba0459dbb48b49e82dff028] 199.19.213.161 "GET /v2.0/ports?network_id=e4f09e0f-ee4c-42d7-bcb0-5ee6378c9717&device_owner=network%3Adhcp HTTP/1.1" status: 200 len: 210 time: 0.0277126
2026-07-14 18:53:39.076 10 INFO neutron.db.ovn_revision_numbers_db [None req-e8d8dee0-edb8-4740-9889-ac7782d50b4f 531fea6437b0498d8b9710a3522dbbb3 95812c4971b24952bfb00f853360501f - - default default] Successfully bumped revision number for resource f9776e57-242b-4752-a168-b45327e76962 (type: ports) to 1
2026-07-14 18:53:39.112 9 INFO neutron.wsgi [req-e4c9f424-2d08-45dc-a70f-0b8e2cd5047b req-4e0f4b2d-2e03-4ccc-8f69-f2811f51a321 821d2ceaac2a4773abb7a6e6d5b1f6fe e399179270fa4d40b9d7560c5c7efd64 - - default default] 10.0.0.85 "GET /v2.0/ports?device_id=a9714ace-1112-41ca-89cd-a7b75e67e631 HTTP/1.1" status: 200 len: 1168 time: 0.0507317
2026-07-14 18:53:39.127 10 INFO neutron.wsgi [None req-e8d8dee0-edb8-4740-9889-ac7782d50b4f 531fea6437b0498d8b9710a3522dbbb3 95812c4971b24952bfb00f853360501f - - default default] 10.0.0.110 "POST /v2.0/networks HTTP/1.1" status: 201 len: 829 time: 1.0684657
2026-07-14 18:53:39.132 10 INFO neutron.wsgi [req-1df7a606-38a3-44f2-a067-9a5ca17e0d19 req-3f7c7131-9f5b-40c4-8db2-4e8c0ee92710 a7d0a42cf3eb418db63db859bcefec50 889d449229ae4bdfbf34277e4ebedf2f - - 35ffeaa6bba0459dbb48b49e82dff028 35ffeaa6bba0459dbb48b49e82dff028] 199.19.213.161 "GET /v2.0/networks?id=fdb3a28f-c6f0-4c96-8414-2421ba3299fb HTTP/1.1" status: 200 len: 981 time: 0.1048896
2026-07-14 18:53:39.139 10 WARNING neutron_lib.context [None req-5adb235c-fcc1-402c-ac07-ff97b3d4b477 531fea6437b0498d8b9710a3522dbbb3 95812c4971b24952bfb00f853360501f - - default default] Method 'is_advsvc' is deprecated since 2023.2 release (neutron-lib 3.8.0) and will be removed once support for the old RBAC API policies will be removed from Neutron. Please use method 'is_service_role' instead.
2026-07-14 18:53:39.168 9 INFO neutron.wsgi [req-e4c9f424-2d08-45dc-a70f-0b8e2cd5047b req-ef496e2b-e1c4-4244-a993-a2e93b0af4d2 821d2ceaac2a4773abb7a6e6d5b1f6fe e399179270fa4d40b9d7560c5c7efd64 - - default default] 10.0.0.85 "GET /v2.0/security-groups?id=ff726b7b-ab88-44f4-bd16-5d54beef028e&fields=id&fields=name HTTP/1.1" status: 200 len: 313 time: 0.0486600
2026-07-14 18:53:39.197 10 INFO neutron.wsgi [req-ebb52615-20f4-4df2-b7f1-7d0cb3702173 req-064c3202-7910-4301-b6ec-d83195312e11 a7d0a42cf3eb418db63db859bcefec50 889d449229ae4bdfbf34277e4ebedf2f - - 35ffeaa6bba0459dbb48b49e82dff028 35ffeaa6bba0459dbb48b49e82dff028] 199.19.213.161 "GET /v2.0/networks/e4f09e0f-ee4c-42d7-bcb0-5ee6378c9717?fields=segments HTTP/1.1" status: 200 len: 212 time: 0.1178563
2026-07-14 18:53:39.235 10 INFO neutron.wsgi [req-1df7a606-38a3-44f2-a067-9a5ca17e0d19 req-b51df685-facf-425f-8de4-aea92d37e111 a7d0a42cf3eb418db63db859bcefec50 889d449229ae4bdfbf34277e4ebedf2f - - 35ffeaa6bba0459dbb48b49e82dff028 35ffeaa6bba0459dbb48b49e82dff028] 199.19.213.161 "GET /v2.0/floatingips?fixed_ip_address=10.100.0.6&port_id=22041744-a9fd-439e-b045-4cb3e5741368 HTTP/1.1" status: 200 len: 1059 time: 0.0940239
2026-07-14 18:53:39.273 10 INFO neutron.wsgi [req-1df7a606-38a3-44f2-a067-9a5ca17e0d19 req-eb49c81a-7dac-4499-8663-4a4cbf0a02c8 a7d0a42cf3eb418db63db859bcefec50 889d449229ae4bdfbf34277e4ebedf2f - - 35ffeaa6bba0459dbb48b49e82dff028 35ffeaa6bba0459dbb48b49e82dff028] 199.19.213.161 "GET /v2.0/floatingips?fixed_ip_address=10.100.0.9&port_id=22041744-a9fd-439e-b045-4cb3e5741368 HTTP/1.1" status: 200 len: 217 time: 0.0326099
2026-07-14 18:53:39.311 10 INFO neutron.wsgi [req-ebb52615-20f4-4df2-b7f1-7d0cb3702173 req-a1256401-55ac-4f86-be7a-d079db68ca02 a7d0a42cf3eb418db63db859bcefec50 889d449229ae4bdfbf34277e4ebedf2f - - 35ffeaa6bba0459dbb48b49e82dff028 35ffeaa6bba0459dbb48b49e82dff028] 199.19.213.161 "GET /v2.0/networks/e4f09e0f-ee4c-42d7-bcb0-5ee6378c9717?fields=provider%3Aphysical_network&fields=provider%3Anetwork_type HTTP/1.1" status: 200 len: 277 time: 0.1093006
2026-07-14 18:53:39.332 10 INFO neutron.wsgi [req-1df7a606-38a3-44f2-a067-9a5ca17e0d19 req-7d731b2a-8e84-4419-8413-957740089ff8 a7d0a42cf3eb418db63db859bcefec50 889d449229ae4bdfbf34277e4ebedf2f - - 35ffeaa6bba0459dbb48b49e82dff028 35ffeaa6bba0459dbb48b49e82dff028] 199.19.213.161 "GET /v2.0/subnets?id=adb2dac1-cc10-4128-9ff7-3d6d242740f7 HTTP/1.1" status: 200 len: 876 time: 0.0512571
2026-07-14 18:53:39.383 10 INFO neutron.wsgi [req-1df7a606-38a3-44f2-a067-9a5ca17e0d19 req-82023d91-58cd-411c-b266-c1c4847219c3 a7d0a42cf3eb418db63db859bcefec50 889d449229ae4bdfbf34277e4ebedf2f - - 35ffeaa6bba0459dbb48b49e82dff028 35ffeaa6bba0459dbb48b49e82dff028] 199.19.213.161 "GET /v2.0/ports?network_id=fdb3a28f-c6f0-4c96-8414-2421ba3299fb&device_owner=network%3Adhcp HTTP/1.1" status: 200 len: 210 time: 0.0310159
2026-07-14 18:53:39.455 10 INFO neutron.wsgi [req-77a711ea-f3bc-487f-a1af-d6fd5e03f209 req-03b2f3b3-c587-467f-b857-29765032a939 a7d0a42cf3eb418db63db859bcefec50 889d449229ae4bdfbf34277e4ebedf2f - - 35ffeaa6bba0459dbb48b49e82dff028 35ffeaa6bba0459dbb48b49e82dff028] 199.19.213.161 "GET /v2.0/ports?tenant_id=e399179270fa4d40b9d7560c5c7efd64&device_id=a9714ace-1112-41ca-89cd-a7b75e67e631 HTTP/1.1" status: 200 len: 1407 time: 0.0831840
2026-07-14 18:53:39.743 10 INFO neutron.plugins.ml2.drivers.ovn.mech_driver.mech_driver [None req-d887c70c-8fc1-42e8-a873-0fff16e19d3d - - - - - -] OVN reports status up for port: 991a8fc2-5463-49eb-90f5-bad089372ce1
2026-07-14 18:53:39.785 10 INFO neutron.wsgi [req-1df7a606-38a3-44f2-a067-9a5ca17e0d19 req-75c0655b-c61c-4ee6-99e0-1a7deef9c451 a7d0a42cf3eb418db63db859bcefec50 889d449229ae4bdfbf34277e4ebedf2f - - 35ffeaa6bba0459dbb48b49e82dff028 35ffeaa6bba0459dbb48b49e82dff028] 199.19.213.161 "GET /v2.0/networks/fdb3a28f-c6f0-4c96-8414-2421ba3299fb?fields=segments HTTP/1.1" status: 200 len: 212 time: 0.3865054
2026-07-14 18:53:39.790 10 INFO neutron.plugins.ml2.plugin [None req-d887c70c-8fc1-42e8-a873-0fff16e19d3d - - - - - -] Attempt 1 to provision port 991a8fc2-5463-49eb-90f5-bad089372ce1
2026-07-14 18:53:39.867 10 INFO neutron.wsgi [req-77a711ea-f3bc-487f-a1af-d6fd5e03f209 req-36f943fc-c80f-45a0-98c4-aa9d997413f6 a7d0a42cf3eb418db63db859bcefec50 889d449229ae4bdfbf34277e4ebedf2f - - 35ffeaa6bba0459dbb48b49e82dff028 35ffeaa6bba0459dbb48b49e82dff028] 199.19.213.161 "GET /v2.0/networks?id=e4f09e0f-ee4c-42d7-bcb0-5ee6378c9717 HTTP/1.1" status: 200 len: 973 time: 0.4066882
2026-07-14 18:53:39.923 10 INFO neutron.wsgi [req-77a711ea-f3bc-487f-a1af-d6fd5e03f209 req-fe0d32f1-3c28-41bc-b69a-361682628ce2 a7d0a42cf3eb418db63db859bcefec50 889d449229ae4bdfbf34277e4ebedf2f - - 35ffeaa6bba0459dbb48b49e82dff028 35ffeaa6bba0459dbb48b49e82dff028] 199.19.213.161 "GET /v2.0/floatingips?fixed_ip_address=10.100.0.3&port_id=991a8fc2-5463-49eb-90f5-bad089372ce1 HTTP/1.1" status: 200 len: 217 time: 0.0482860
2026-07-14 18:53:39.936 9 INFO neutron.db.ovn_revision_numbers_db [None req-ded21780-bbff-41b2-a495-2898c7ce7057 42c5276c71b348a9abacbf421c309197 ff7e564635fa43fa9e2dc3cdab6453c3 - - default default] Successfully bumped revision number for resource eed6499b-2532-42dc-8def-100faa78fa2f (type: security_groups) to 1
2026-07-14 18:53:39.942 10 WARNING neutron.scheduler.dhcp_agent_scheduler [None req-5adb235c-fcc1-402c-ac07-ff97b3d4b477 531fea6437b0498d8b9710a3522dbbb3 95812c4971b24952bfb00f853360501f - - default default] No more DHCP agents
2026-07-14 18:53:39.949 9 INFO neutron.db.ovn_revision_numbers_db [None req-ded21780-bbff-41b2-a495-2898c7ce7057 42c5276c71b348a9abacbf421c309197 ff7e564635fa43fa9e2dc3cdab6453c3 - - default default] Successfully bumped revision number for resource 07af02bf-a9d6-487a-a274-bce0d0691e5d (type: security_group_rules) to 0
2026-07-14 18:53:39.952 10 WARNING neutron.api.rpc.agentnotifiers.dhcp_rpc_agent_api [None req-5adb235c-fcc1-402c-ac07-ff97b3d4b477 531fea6437b0498d8b9710a3522dbbb3 95812c4971b24952bfb00f853360501f - - default default] Unable to schedule network db508a00-9d66-412b-aae7-d6540948a9ca: no agents available; will retry on subsequent port and subnet creation events.
2026-07-14 18:53:39.964 10 INFO neutron.wsgi [req-1df7a606-38a3-44f2-a067-9a5ca17e0d19 req-1bc18d3c-3692-48ae-9009-6ffc778b6b73 a7d0a42cf3eb418db63db859bcefec50 889d449229ae4bdfbf34277e4ebedf2f - - 35ffeaa6bba0459dbb48b49e82dff028 35ffeaa6bba0459dbb48b49e82dff028] 199.19.213.161 "GET /v2.0/networks/fdb3a28f-c6f0-4c96-8414-2421ba3299fb?fields=provider%3Aphysical_network&fields=provider%3Anetwork_type HTTP/1.1" status: 200 len: 277 time: 0.1691804
2026-07-14 18:53:39.965 9 INFO neutron.db.ovn_revision_numbers_db [None req-ded21780-bbff-41b2-a495-2898c7ce7057 42c5276c71b348a9abacbf421c309197 ff7e564635fa43fa9e2dc3cdab6453c3 - - default default] Successfully bumped revision number for resource 93f22a37-ad3a-489f-bceb-1193610e0b80 (type: security_group_rules) to 0
2026-07-14 18:53:39.983 9 INFO neutron.db.ovn_revision_numbers_db [None req-ded21780-bbff-41b2-a495-2898c7ce7057 42c5276c71b348a9abacbf421c309197 ff7e564635fa43fa9e2dc3cdab6453c3 - - default default] Successfully bumped revision number for resource abeaf1c5-4dbb-44a9-a251-82765cde9caf (type: security_group_rules) to 0
2026-07-14 18:53:40.000 9 INFO neutron.db.ovn_revision_numbers_db [None req-ded21780-bbff-41b2-a495-2898c7ce7057 42c5276c71b348a9abacbf421c309197 ff7e564635fa43fa9e2dc3cdab6453c3 - - default default] Successfully bumped revision number for resource c7b8382e-70f6-4d28-af3b-a682e309d224 (type: security_group_rules) to 0
2026-07-14 18:53:40.006 10 INFO neutron.wsgi [req-77a711ea-f3bc-487f-a1af-d6fd5e03f209 req-fe20980e-4ae4-4d77-89f2-ffa9d4ab2622 a7d0a42cf3eb418db63db859bcefec50 889d449229ae4bdfbf34277e4ebedf2f - - 35ffeaa6bba0459dbb48b49e82dff028 35ffeaa6bba0459dbb48b49e82dff028] 199.19.213.161 "GET /v2.0/subnets?id=5ee1c9f6-d228-4c1d-8a46-519d4fcccc67 HTTP/1.1" status: 200 len: 868 time: 0.0681031
2026-07-14 18:53:40.031 9 INFO neutron.wsgi [None req-ded21780-bbff-41b2-a495-2898c7ce7057 42c5276c71b348a9abacbf421c309197 ff7e564635fa43fa9e2dc3cdab6453c3 - - default default] 10.0.0.110 "GET /v2.0/security-groups?tenant_id=f6fe8c33f2d2431381268a94d6c3b8b3&name=default HTTP/1.1" status: 200 len: 3120 time: 0.4553938
2026-07-14 18:53:40.041 10 INFO neutron.wsgi [req-77a711ea-f3bc-487f-a1af-d6fd5e03f209 req-12cf9f76-913c-4dea-a257-96831efa95b9 a7d0a42cf3eb418db63db859bcefec50 889d449229ae4bdfbf34277e4ebedf2f - - 35ffeaa6bba0459dbb48b49e82dff028 35ffeaa6bba0459dbb48b49e82dff028] 199.19.213.161 "GET /v2.0/ports?network_id=e4f09e0f-ee4c-42d7-bcb0-5ee6378c9717&device_owner=network%3Adhcp HTTP/1.1" status: 200 len: 210 time: 0.0266576
2026-07-14 18:53:40.182 10 INFO neutron.wsgi [req-77a711ea-f3bc-487f-a1af-d6fd5e03f209 req-e49e15e9-86df-420d-8a81-ea88fe03fe85 a7d0a42cf3eb418db63db859bcefec50 889d449229ae4bdfbf34277e4ebedf2f - - 35ffeaa6bba0459dbb48b49e82dff028 35ffeaa6bba0459dbb48b49e82dff028] 199.19.213.161 "GET /v2.0/networks/e4f09e0f-ee4c-42d7-bcb0-5ee6378c9717?fields=segments HTTP/1.1" status: 200 len: 212 time: 0.1306539
2026-07-14 18:53:40.312 10 INFO neutron.wsgi [req-77a711ea-f3bc-487f-a1af-d6fd5e03f209 req-1e1ee6a8-9062-4658-a052-ea089bcc2f69 a7d0a42cf3eb418db63db859bcefec50 889d449229ae4bdfbf34277e4ebedf2f - - 35ffeaa6bba0459dbb48b49e82dff028 35ffeaa6bba0459dbb48b49e82dff028] 199.19.213.161 "GET /v2.0/networks/e4f09e0f-ee4c-42d7-bcb0-5ee6378c9717?fields=provider%3Aphysical_network&fields=provider%3Anetwork_type HTTP/1.1" status: 200 len: 277 time: 0.1192408
2026-07-14 18:53:40.349 9 INFO neutron.wsgi [req-946af652-e344-4374-8516-c03858dc78c1 req-3b36b4e1-d58f-457b-9e09-25c7b6e9a804 821d2ceaac2a4773abb7a6e6d5b1f6fe e399179270fa4d40b9d7560c5c7efd64 - - default default] 10.0.0.85 "GET /v2.0/ports?device_id=a9714ace-1112-41ca-89cd-a7b75e67e631 HTTP/1.1" status: 200 len: 1170 time: 0.1139762
2026-07-14 18:53:40.398 9 INFO neutron.wsgi [req-946af652-e344-4374-8516-c03858dc78c1 req-ae36a03b-9ddc-4571-b22a-6c8b4d2227fb 821d2ceaac2a4773abb7a6e6d5b1f6fe e399179270fa4d40b9d7560c5c7efd64 - - default default] 10.0.0.85 "GET /v2.0/security-groups?id=ff726b7b-ab88-44f4-bd16-5d54beef028e&fields=id&fields=name HTTP/1.1" status: 200 len: 313 time: 0.0423813
2026-07-14 18:53:40.493 10 INFO neutron.db.ovn_revision_numbers_db [None req-d887c70c-8fc1-42e8-a873-0fff16e19d3d - - - - - -] Successfully bumped revision number for resource 991a8fc2-5463-49eb-90f5-bad089372ce1 (type: ports) to 4
2026-07-14 18:53:40.560 10 INFO neutron.wsgi [None req-6213ecb3-a35f-494c-a2d5-062d59a3bd84 42c5276c71b348a9abacbf421c309197 ff7e564635fa43fa9e2dc3cdab6453c3 - - default default] 10.0.0.110 "DELETE /v2.0/security-groups/eed6499b-2532-42dc-8def-100faa78fa2f HTTP/1.1" status: 204 len: 168 time: 0.5233397
2026-07-14 18:53:40.750 9 INFO neutron.wsgi [req-ecbd11e6-7942-461a-af2d-66fd36347081 req-0548ba26-d576-4aa0-9cef-5666ea483048 a83587684f194fceaccdea989efbc9c4 e2749302ea844b22ab0af60f5a092c2f - - default default] 10.0.0.85 "GET /v2.0/ports?device_id=c79d5846-68aa-4c90-889c-059681ac387d HTTP/1.1" status: 200 len: 1348 time: 0.0525537
2026-07-14 18:53:40.827 10 INFO neutron.db.ovn_revision_numbers_db [None req-5adb235c-fcc1-402c-ac07-ff97b3d4b477 531fea6437b0498d8b9710a3522dbbb3 95812c4971b24952bfb00f853360501f - - default default] Successfully bumped revision number for resource 8ac26bdd-aac8-4d62-97a8-14957da838d2 (type: ports) to 2
2026-07-14 18:53:40.833 9 INFO neutron.wsgi [req-ecbd11e6-7942-461a-af2d-66fd36347081 req-a02757d8-cab0-4151-be9f-ce81dff01f04 a83587684f194fceaccdea989efbc9c4 e2749302ea844b22ab0af60f5a092c2f - - default default] 10.0.0.85 "GET /v2.0/security-groups?id=1dc3f178-96f1-4fef-9c24-6755b37ffad5&fields=id&fields=name HTTP/1.1" status: 200 len: 311 time: 0.0760500
2026-07-14 18:53:40.880 10 INFO neutron.db.ovn_revision_numbers_db [None req-5adb235c-fcc1-402c-ac07-ff97b3d4b477 531fea6437b0498d8b9710a3522dbbb3 95812c4971b24952bfb00f853360501f - - default default] Successfully bumped revision number for resource 3d17f549-ab9b-4fc9-84c0-3105252f4e25 (type: subnets) to 0
2026-07-14 18:53:40.889 9 INFO neutron.db.ovn_revision_numbers_db [None req-f71ff4b6-5449-468c-a3ce-0004a227fd78 42c5276c71b348a9abacbf421c309197 ff7e564635fa43fa9e2dc3cdab6453c3 - - default default] Successfully bumped revision number for resource bce55368-f066-4d90-b555-dd3869a460b7 (type: security_groups) to 1
2026-07-14 18:53:40.897 10 INFO neutron.wsgi [None req-5adb235c-fcc1-402c-ac07-ff97b3d4b477 531fea6437b0498d8b9710a3522dbbb3 95812c4971b24952bfb00f853360501f - - default default] 10.0.0.110 "POST /v2.0/subnets HTTP/1.1" status: 201 len: 801 time: 1.7626679
2026-07-14 18:53:40.909 9 WARNING neutron_lib.context [None req-bda3dcca-9778-44b7-b5b2-9cfaf5766d10 531fea6437b0498d8b9710a3522dbbb3 95812c4971b24952bfb00f853360501f - - default default] Method 'is_advsvc' is deprecated since 2023.2 release (neutron-lib 3.8.0) and will be removed once support for the old RBAC API policies will be removed from Neutron. Please use method 'is_service_role' instead.
2026-07-14 18:53:40.912 10 INFO neutron.notifiers.nova [-] Nova event matching ['req-7fc28cf4-5e82-4250-a175-cd4a29b5fdaa'] response: {'name': 'network-changed', 'server_uuid': 'c79d5846-68aa-4c90-889c-059681ac387d', 'tag': '22041744-a9fd-439e-b045-4cb3e5741368', 'status': 'completed', 'code': 200}
2026-07-14 18:53:40.912 10 INFO neutron.notifiers.nova [-] Nova event matching ['req-7fc28cf4-5e82-4250-a175-cd4a29b5fdaa'] response: {'server_uuid': 'a9714ace-1112-41ca-89cd-a7b75e67e631', 'name': 'network-vif-plugged', 'status': 'completed', 'tag': '991a8fc2-5463-49eb-90f5-bad089372ce1', 'code': 200}
2026-07-14 18:53:40.912 10 INFO neutron.notifiers.nova [-] Nova event matching ['req-7fc28cf4-5e82-4250-a175-cd4a29b5fdaa'] response: {'server_uuid': 'a9714ace-1112-41ca-89cd-a7b75e67e631', 'name': 'network-vif-plugged', 'status': 'completed', 'tag': '991a8fc2-5463-49eb-90f5-bad089372ce1', 'code': 200}
2026-07-14 18:53:40.917 9 INFO neutron.db.ovn_revision_numbers_db [None req-f71ff4b6-5449-468c-a3ce-0004a227fd78 42c5276c71b348a9abacbf421c309197 ff7e564635fa43fa9e2dc3cdab6453c3 - - default default] Successfully bumped revision number for resource 04a541a8-719a-4f1e-9df4-8c391b76c841 (type: security_group_rules) to 0 /var/lib/openstack/lib/python3.10/site-packages/pycadf/identifier.py:71: UserWarning: Invalid uuid: neutron. To ensure interoperability, identifiers should be a valid uuid. warnings.warn(('Invalid uuid: %s. To ensure interoperability, '
2026-07-14 18:53:40.952 9 INFO neutron.db.ovn_revision_numbers_db [None req-f71ff4b6-5449-468c-a3ce-0004a227fd78 42c5276c71b348a9abacbf421c309197 ff7e564635fa43fa9e2dc3cdab6453c3 - - default default] Successfully bumped revision number for resource 5b0f8d32-9846-4dc4-9afa-d3c32281fc09 (type: security_group_rules) to 0
2026-07-14 18:53:40.972 9 INFO neutron.db.ovn_revision_numbers_db [None req-f71ff4b6-5449-468c-a3ce-0004a227fd78 42c5276c71b348a9abacbf421c309197 ff7e564635fa43fa9e2dc3cdab6453c3 - - default default] Successfully bumped revision number for resource 6c7aaf2f-101c-4f80-98c5-0a14d0fa7499 (type: security_group_rules) to 0
2026-07-14 18:53:40.974 10 INFO neutron.wsgi [req-ccfc007a-5a4b-44b8-a500-f3cc1592aaf3 req-6ce5a673-d975-434a-be7e-2e6888ac5ed1 a7d0a42cf3eb418db63db859bcefec50 889d449229ae4bdfbf34277e4ebedf2f - - 35ffeaa6bba0459dbb48b49e82dff028 35ffeaa6bba0459dbb48b49e82dff028] 199.19.213.161 "GET /v2.0/ports?tenant_id=e2749302ea844b22ab0af60f5a092c2f&device_id=c79d5846-68aa-4c90-889c-059681ac387d HTTP/1.1" status: 200 len: 1586 time: 0.0434866
2026-07-14 18:53:40.996 9 INFO neutron.db.ovn_revision_numbers_db [None req-f71ff4b6-5449-468c-a3ce-0004a227fd78 42c5276c71b348a9abacbf421c309197 ff7e564635fa43fa9e2dc3cdab6453c3 - - default default] Successfully bumped revision number for resource aaafbcb1-1fa9-4b80-9baf-70733d54e6f5 (type: security_group_rules) to 0
2026-07-14 18:53:41.029 9 INFO neutron.wsgi [None req-f71ff4b6-5449-468c-a3ce-0004a227fd78 42c5276c71b348a9abacbf421c309197 ff7e564635fa43fa9e2dc3cdab6453c3 - - default default] 10.0.0.110 "GET /v2.0/security-groups?tenant_id=9eb0a63350a348ab9dded367a1c82764&name=default HTTP/1.1" status: 200 len: 3120 time: 0.3393044
2026-07-14 18:53:41.039 10 INFO neutron.wsgi [req-ccfc007a-5a4b-44b8-a500-f3cc1592aaf3 req-0ab5eb0e-b79d-4253-8d13-3c082ddafcd9 a7d0a42cf3eb418db63db859bcefec50 889d449229ae4bdfbf34277e4ebedf2f - - 35ffeaa6bba0459dbb48b49e82dff028 35ffeaa6bba0459dbb48b49e82dff028] 199.19.213.161 "GET /v2.0/networks?id=fdb3a28f-c6f0-4c96-8414-2421ba3299fb HTTP/1.1" status: 200 len: 981 time: 0.0574419
2026-07-14 18:53:41.113 10 INFO neutron.wsgi [req-ccfc007a-5a4b-44b8-a500-f3cc1592aaf3 req-caa2e36c-2e9f-497f-8ba6-1f77a7a053b3 a7d0a42cf3eb418db63db859bcefec50 889d449229ae4bdfbf34277e4ebedf2f - - 35ffeaa6bba0459dbb48b49e82dff028 35ffeaa6bba0459dbb48b49e82dff028] 199.19.213.161 "GET /v2.0/floatingips?fixed_ip_address=10.100.0.6&port_id=22041744-a9fd-439e-b045-4cb3e5741368 HTTP/1.1" status: 200 len: 1059 time: 0.0669813
2026-07-14 18:53:41.147 10 INFO neutron.wsgi [req-ccfc007a-5a4b-44b8-a500-f3cc1592aaf3 req-c77b583d-d5ef-4def-8426-443a3070d070 a7d0a42cf3eb418db63db859bcefec50 889d449229ae4bdfbf34277e4ebedf2f - - 35ffeaa6bba0459dbb48b49e82dff028 35ffeaa6bba0459dbb48b49e82dff028] 199.19.213.161 "GET /v2.0/floatingips?fixed_ip_address=10.100.0.9&port_id=22041744-a9fd-439e-b045-4cb3e5741368 HTTP/1.1" status: 200 len: 217 time: 0.0288727
2026-07-14 18:53:41.170 9 WARNING neutron.scheduler.dhcp_agent_scheduler [None req-bda3dcca-9778-44b7-b5b2-9cfaf5766d10 531fea6437b0498d8b9710a3522dbbb3 95812c4971b24952bfb00f853360501f - - default default] No more DHCP agents
2026-07-14 18:53:41.172 9 WARNING neutron.api.rpc.agentnotifiers.dhcp_rpc_agent_api [None req-bda3dcca-9778-44b7-b5b2-9cfaf5766d10 531fea6437b0498d8b9710a3522dbbb3 95812c4971b24952bfb00f853360501f - - default default] Unable to schedule network 6230c824-38de-4882-b6d1-77a64e08b9b8: no agents available; will retry on subsequent port and subnet creation events.
2026-07-14 18:53:41.196 10 INFO neutron.wsgi [req-ccfc007a-5a4b-44b8-a500-f3cc1592aaf3 req-cc30e5a1-5cf9-4a57-b010-d0794e78fdc1 a7d0a42cf3eb418db63db859bcefec50 889d449229ae4bdfbf34277e4ebedf2f - - 35ffeaa6bba0459dbb48b49e82dff028 35ffeaa6bba0459dbb48b49e82dff028] 199.19.213.161 "GET /v2.0/subnets?id=adb2dac1-cc10-4128-9ff7-3d6d242740f7 HTTP/1.1" status: 200 len: 876 time: 0.0424824
2026-07-14 18:53:41.229 10 INFO neutron.wsgi [req-ccfc007a-5a4b-44b8-a500-f3cc1592aaf3 req-4f4cb87c-553c-449b-9e3a-3d79cc8aed57 a7d0a42cf3eb418db63db859bcefec50 889d449229ae4bdfbf34277e4ebedf2f - - 35ffeaa6bba0459dbb48b49e82dff028 35ffeaa6bba0459dbb48b49e82dff028] 199.19.213.161 "GET /v2.0/ports?network_id=fdb3a28f-c6f0-4c96-8414-2421ba3299fb&device_owner=network%3Adhcp HTTP/1.1" status: 200 len: 210 time: 0.0272086
2026-07-14 18:53:41.319 10 INFO neutron.wsgi [req-ccfc007a-5a4b-44b8-a500-f3cc1592aaf3 req-2bda0ec0-ef7a-4eb0-a04d-499d48ce4167 a7d0a42cf3eb418db63db859bcefec50 889d449229ae4bdfbf34277e4ebedf2f - - 35ffeaa6bba0459dbb48b49e82dff028 35ffeaa6bba0459dbb48b49e82dff028] 199.19.213.161 "GET /v2.0/networks/fdb3a28f-c6f0-4c96-8414-2421ba3299fb?fields=segments HTTP/1.1" status: 200 len: 212 time: 0.0793829
2026-07-14 18:53:41.401 10 INFO neutron.wsgi [req-ccfc007a-5a4b-44b8-a500-f3cc1592aaf3 req-c3faeaa7-622e-49c8-9ffd-1cd82be29291 a7d0a42cf3eb418db63db859bcefec50 889d449229ae4bdfbf34277e4ebedf2f - - 35ffeaa6bba0459dbb48b49e82dff028 35ffeaa6bba0459dbb48b49e82dff028] 199.19.213.161 "GET /v2.0/networks/fdb3a28f-c6f0-4c96-8414-2421ba3299fb?fields=provider%3Aphysical_network&fields=provider%3Anetwork_type HTTP/1.1" status: 200 len: 277 time: 0.0770404
2026-07-14 18:53:41.410 10 INFO neutron.wsgi [None req-2bcbf2b3-be84-44f2-8e02-97042684d3a5 42c5276c71b348a9abacbf421c309197 ff7e564635fa43fa9e2dc3cdab6453c3 - - default default] 10.0.0.110 "DELETE /v2.0/security-groups/bce55368-f066-4d90-b555-dd3869a460b7 HTTP/1.1" status: 204 len: 168 time: 0.3694551
2026-07-14 18:53:41.510 10 INFO neutron.wsgi [req-c2eaf06e-d9d3-4549-9a31-8eeef925fb96 req-72330199-c05e-420f-af04-2f7d4ca8aa39 a83587684f194fceaccdea989efbc9c4 e2749302ea844b22ab0af60f5a092c2f - - default default] 199.19.213.161 "GET /v2.0/ports?device_id=c79d5846-68aa-4c90-889c-059681ac387d&device_owner=compute%3Anova&fixed_ips=ip_address%3D10.100.0.9 HTTP/1.1" status: 200 len: 1348 time: 0.0703969
2026-07-14 18:53:41.586 9 INFO neutron.wsgi [req-334534ae-de5e-4c61-b5de-f2faf7861735 req-552d9e48-8036-43be-a12b-220fe4f04a52 821d2ceaac2a4773abb7a6e6d5b1f6fe e399179270fa4d40b9d7560c5c7efd64 - - default default] 10.0.0.85 "GET /v2.0/ports?device_id=a9714ace-1112-41ca-89cd-a7b75e67e631 HTTP/1.1" status: 200 len: 1170 time: 0.1047130
2026-07-14 18:53:41.650 9 INFO neutron.wsgi [req-334534ae-de5e-4c61-b5de-f2faf7861735 req-97cf59d8-8c13-4c21-9515-ac5bb02f50ed 821d2ceaac2a4773abb7a6e6d5b1f6fe e399179270fa4d40b9d7560c5c7efd64 - - default default] 10.0.0.85 "GET /v2.0/security-groups?id=ff726b7b-ab88-44f4-bd16-5d54beef028e&fields=id&fields=name HTTP/1.1" status: 200 len: 313 time: 0.0522821
2026-07-14 18:53:41.812 9 INFO neutron.db.ovn_revision_numbers_db [None req-bda3dcca-9778-44b7-b5b2-9cfaf5766d10 531fea6437b0498d8b9710a3522dbbb3 95812c4971b24952bfb00f853360501f - - default default] Successfully bumped revision number for resource f9776e57-242b-4752-a168-b45327e76962 (type: ports) to 2
2026-07-14 18:53:41.849 9 INFO neutron.db.ovn_revision_numbers_db [None req-bda3dcca-9778-44b7-b5b2-9cfaf5766d10 531fea6437b0498d8b9710a3522dbbb3 95812c4971b24952bfb00f853360501f - - default default] Successfully bumped revision number for resource 4d032e55-a4e7-4d23-a6f7-36185601627d (type: subnets) to 0
2026-07-14 18:53:41.867 9 INFO neutron.wsgi [None req-bda3dcca-9778-44b7-b5b2-9cfaf5766d10 531fea6437b0498d8b9710a3522dbbb3 95812c4971b24952bfb00f853360501f - - default default] 10.0.0.110 "POST /v2.0/subnets HTTP/1.1" status: 201 len: 801 time: 0.9638183
2026-07-14 18:53:41.878 9 WARNING neutron_lib.context [None req-fee8e277-3deb-4637-9451-c222e91b5c49 531fea6437b0498d8b9710a3522dbbb3 95812c4971b24952bfb00f853360501f - - default default] Method 'is_advsvc' is deprecated since 2023.2 release (neutron-lib 3.8.0) and will be removed once support for the old RBAC API policies will be removed from Neutron. Please use method 'is_service_role' instead.
2026-07-14 18:53:42.047 9 INFO neutron.db.ovn_revision_numbers_db [None req-fee8e277-3deb-4637-9451-c222e91b5c49 531fea6437b0498d8b9710a3522dbbb3 95812c4971b24952bfb00f853360501f - - default default] Successfully bumped revision number for resource f169efce-342d-44c9-8904-d6d6e9cf6fa1 (type: routers) to 1
2026-07-14 18:53:42.095 9 INFO neutron.wsgi [None req-fee8e277-3deb-4637-9451-c222e91b5c49 531fea6437b0498d8b9710a3522dbbb3 95812c4971b24952bfb00f853360501f - - default default] 10.0.0.110 "POST /v2.0/routers HTTP/1.1" status: 201 len: 801 time: 0.2225280 /var/lib/openstack/lib/python3.10/site-packages/pycadf/identifier.py:71: UserWarning: Invalid uuid: neutron. To ensure interoperability, identifiers should be a valid uuid. warnings.warn(('Invalid uuid: %s. To ensure interoperability, '
2026-07-14 18:53:42.260 10 INFO neutron.db.ovn_revision_numbers_db [req-c2eaf06e-d9d3-4549-9a31-8eeef925fb96 req-6875534b-2b32-4b50-86d7-0f196e26ddfe a83587684f194fceaccdea989efbc9c4 e2749302ea844b22ab0af60f5a092c2f - - default default] Successfully bumped revision number for resource 22041744-a9fd-439e-b045-4cb3e5741368 (type: ports) to 6
2026-07-14 18:53:42.285 10 INFO neutron.wsgi [req-c2eaf06e-d9d3-4549-9a31-8eeef925fb96 req-6875534b-2b32-4b50-86d7-0f196e26ddfe a83587684f194fceaccdea989efbc9c4 e2749302ea844b22ab0af60f5a092c2f - - default default] 199.19.213.161 "PUT /v2.0/ports/22041744-a9fd-439e-b045-4cb3e5741368 HTTP/1.1" status: 200 len: 1167 time: 0.7708075
2026-07-14 18:53:42.394 10 INFO neutron.wsgi [req-c2eaf06e-d9d3-4549-9a31-8eeef925fb96 req-e0cab164-2ef9-45be-a591-6344d13c6445 a7d0a42cf3eb418db63db859bcefec50 889d449229ae4bdfbf34277e4ebedf2f - - 35ffeaa6bba0459dbb48b49e82dff028 35ffeaa6bba0459dbb48b49e82dff028] 199.19.213.161 "GET /v2.0/ports?tenant_id=e2749302ea844b22ab0af60f5a092c2f&device_id=c79d5846-68aa-4c90-889c-059681ac387d HTTP/1.1" status: 200 len: 1409 time: 0.0836124
2026-07-14 18:53:42.537 10 INFO neutron.wsgi [req-c2eaf06e-d9d3-4549-9a31-8eeef925fb96 req-e99dab7f-89b2-4f8b-bd2c-2dd568d1d9e4 a7d0a42cf3eb418db63db859bcefec50 889d449229ae4bdfbf34277e4ebedf2f - - 35ffeaa6bba0459dbb48b49e82dff028 35ffeaa6bba0459dbb48b49e82dff028] 199.19.213.161 "GET /v2.0/networks?id=fdb3a28f-c6f0-4c96-8414-2421ba3299fb HTTP/1.1" status: 200 len: 981 time: 0.1213911
2026-07-14 18:53:42.611 10 INFO neutron.wsgi [req-c2eaf06e-d9d3-4549-9a31-8eeef925fb96 req-4ef137b5-0109-481e-b4df-f9b58fde2166 a7d0a42cf3eb418db63db859bcefec50 889d449229ae4bdfbf34277e4ebedf2f - - 35ffeaa6bba0459dbb48b49e82dff028 35ffeaa6bba0459dbb48b49e82dff028] 199.19.213.161 "GET /v2.0/floatingips?fixed_ip_address=10.100.0.6&port_id=22041744-a9fd-439e-b045-4cb3e5741368 HTTP/1.1" status: 200 len: 1059 time: 0.0659850
2026-07-14 18:53:42.771 9 INFO neutron.wsgi [req-4c2031d3-36c8-4987-a866-7c8f6a762544 req-1fb12da4-2324-4975-b2df-ab81fbf80120 821d2ceaac2a4773abb7a6e6d5b1f6fe e399179270fa4d40b9d7560c5c7efd64 - - default default] 10.0.0.85 "GET /v2.0/ports?device_id=a9714ace-1112-41ca-89cd-a7b75e67e631 HTTP/1.1" status: 200 len: 1170 time: 0.0442834
2026-07-14 18:53:42.829 9 INFO neutron.wsgi [req-4c2031d3-36c8-4987-a866-7c8f6a762544 req-a34a3c36-1013-4707-8ab5-bbbdbbd4815f 821d2ceaac2a4773abb7a6e6d5b1f6fe e399179270fa4d40b9d7560c5c7efd64 - - default default] 10.0.0.85 "GET /v2.0/security-groups?id=ff726b7b-ab88-44f4-bd16-5d54beef028e&fields=id&fields=name HTTP/1.1" status: 200 len: 313 time: 0.0498061
2026-07-14 18:53:42.961 9 INFO neutron.wsgi [req-aa8a7c6f-6344-4ee1-8e3f-a2086e0940c9 req-215fa58b-4ab6-48c0-9c3f-4b09186c1ac8 821d2ceaac2a4773abb7a6e6d5b1f6fe e399179270fa4d40b9d7560c5c7efd64 - - default default] 10.0.0.85 "GET /v2.0/ports?device_id=a9714ace-1112-41ca-89cd-a7b75e67e631 HTTP/1.1" status: 200 len: 1170 time: 0.0697441
2026-07-14 18:53:42.974 10 INFO neutron.notifiers.nova [-] Nova event matching ['req-b97d8691-a448-449f-824e-0b2fb311fd69'] response: {'name': 'network-changed', 'server_uuid': 'c79d5846-68aa-4c90-889c-059681ac387d', 'tag': '22041744-a9fd-439e-b045-4cb3e5741368', 'status': 'completed', 'code': 200}
2026-07-14 18:53:42.979 10 INFO neutron.wsgi [req-c2eaf06e-d9d3-4549-9a31-8eeef925fb96 req-4797dee3-0e60-41c7-93d0-e7cc8b869bf3 a7d0a42cf3eb418db63db859bcefec50 889d449229ae4bdfbf34277e4ebedf2f - - 35ffeaa6bba0459dbb48b49e82dff028 35ffeaa6bba0459dbb48b49e82dff028] 199.19.213.161 "GET /v2.0/subnets?id=adb2dac1-cc10-4128-9ff7-3d6d242740f7 HTTP/1.1" status: 200 len: 876 time: 0.3609395
2026-07-14 18:53:43.013 10 INFO neutron.wsgi [req-c2eaf06e-d9d3-4549-9a31-8eeef925fb96 req-5cbd1a62-6206-4028-8c25-6e09583a3daf a7d0a42cf3eb418db63db859bcefec50 889d449229ae4bdfbf34277e4ebedf2f - - 35ffeaa6bba0459dbb48b49e82dff028 35ffeaa6bba0459dbb48b49e82dff028] 199.19.213.161 "GET /v2.0/ports?network_id=fdb3a28f-c6f0-4c96-8414-2421ba3299fb&device_owner=network%3Adhcp HTTP/1.1" status: 200 len: 210 time: 0.0212617
2026-07-14 18:53:43.157 10 INFO neutron.wsgi [req-c2eaf06e-d9d3-4549-9a31-8eeef925fb96 req-ecf5c6c8-82d9-41fb-af2e-86f705fe139d a7d0a42cf3eb418db63db859bcefec50 889d449229ae4bdfbf34277e4ebedf2f - - 35ffeaa6bba0459dbb48b49e82dff028 35ffeaa6bba0459dbb48b49e82dff028] 199.19.213.161 "GET /v2.0/networks/fdb3a28f-c6f0-4c96-8414-2421ba3299fb?fields=segments HTTP/1.1" status: 200 len: 212 time: 0.1353657
2026-07-14 18:53:43.161 10 WARNING neutron.scheduler.dhcp_agent_scheduler [None req-201ffe25-f61f-48dc-baa0-df754c862ada 531fea6437b0498d8b9710a3522dbbb3 95812c4971b24952bfb00f853360501f - - default default] No more DHCP agents
2026-07-14 18:53:43.165 10 WARNING neutron.api.rpc.agentnotifiers.dhcp_rpc_agent_api [None req-201ffe25-f61f-48dc-baa0-df754c862ada 531fea6437b0498d8b9710a3522dbbb3 95812c4971b24952bfb00f853360501f - - default default] Unable to schedule network db508a00-9d66-412b-aae7-d6540948a9ca: no agents available; will retry on subsequent port and subnet creation events.
2026-07-14 18:53:43.255 10 INFO neutron.wsgi [req-c2eaf06e-d9d3-4549-9a31-8eeef925fb96 req-48501d50-4932-47e4-8004-38d188c6f2c1 a7d0a42cf3eb418db63db859bcefec50 889d449229ae4bdfbf34277e4ebedf2f - - 35ffeaa6bba0459dbb48b49e82dff028 35ffeaa6bba0459dbb48b49e82dff028] 199.19.213.161 "GET /v2.0/networks/fdb3a28f-c6f0-4c96-8414-2421ba3299fb?fields=provider%3Aphysical_network&fields=provider%3Anetwork_type HTTP/1.1" status: 200 len: 277 time: 0.0909760
2026-07-14 18:53:43.353 10 INFO neutron.wsgi [req-060aa87f-0400-472c-a1d5-f8d15bf9928c req-4a2cec73-d67e-4010-b418-99c296ad62fe a7d0a42cf3eb418db63db859bcefec50 889d449229ae4bdfbf34277e4ebedf2f - - 35ffeaa6bba0459dbb48b49e82dff028 35ffeaa6bba0459dbb48b49e82dff028] 199.19.213.161 "GET /v2.0/ports?tenant_id=e2749302ea844b22ab0af60f5a092c2f&device_id=c79d5846-68aa-4c90-889c-059681ac387d HTTP/1.1" status: 200 len: 1409 time: 0.0493867
2026-07-14 18:53:43.456 10 INFO neutron.wsgi [req-060aa87f-0400-472c-a1d5-f8d15bf9928c req-4f169942-082f-40de-9b72-71bbcf81fa96 a7d0a42cf3eb418db63db859bcefec50 889d449229ae4bdfbf34277e4ebedf2f - - 35ffeaa6bba0459dbb48b49e82dff028 35ffeaa6bba0459dbb48b49e82dff028] 199.19.213.161 "GET /v2.0/networks?id=fdb3a28f-c6f0-4c96-8414-2421ba3299fb HTTP/1.1" status: 200 len: 981 time: 0.0940888
2026-07-14 18:53:43.457 10 INFO neutron.db.ovn_revision_numbers_db [None req-201ffe25-f61f-48dc-baa0-df754c862ada 531fea6437b0498d8b9710a3522dbbb3 95812c4971b24952bfb00f853360501f - - default default] Successfully bumped revision number for resource 424e256c-2c3c-4c7c-a5c6-aef35a4f682f (type: ports) to 1
2026-07-14 18:53:43.554 10 INFO neutron.wsgi [req-060aa87f-0400-472c-a1d5-f8d15bf9928c req-4f265db8-e4d8-4b85-ad69-e6ad2ac613bc a7d0a42cf3eb418db63db859bcefec50 889d449229ae4bdfbf34277e4ebedf2f - - 35ffeaa6bba0459dbb48b49e82dff028 35ffeaa6bba0459dbb48b49e82dff028] 199.19.213.161 "GET /v2.0/floatingips?fixed_ip_address=10.100.0.6&port_id=22041744-a9fd-439e-b045-4cb3e5741368 HTTP/1.1" status: 200 len: 1059 time: 0.0918038
2026-07-14 18:53:43.658 9 INFO neutron.db.ovn_revision_numbers_db [None req-44ab7f74-9aa5-47e8-80c1-1feaefa6cb4e 821d2ceaac2a4773abb7a6e6d5b1f6fe e399179270fa4d40b9d7560c5c7efd64 - - default default] Successfully bumped revision number for resource c835e75d-c2f4-4972-903e-70d992b301dd (type: floatingips) to 1
2026-07-14 18:53:43.675 10 INFO neutron.wsgi [req-060aa87f-0400-472c-a1d5-f8d15bf9928c req-89a212e6-63c3-42c6-a311-f9167484c723 a7d0a42cf3eb418db63db859bcefec50 889d449229ae4bdfbf34277e4ebedf2f - - 35ffeaa6bba0459dbb48b49e82dff028 35ffeaa6bba0459dbb48b49e82dff028] 199.19.213.161 "GET /v2.0/subnets?id=adb2dac1-cc10-4128-9ff7-3d6d242740f7 HTTP/1.1" status: 200 len: 876 time: 0.1150513 /var/lib/openstack/lib/python3.10/site-packages/pycadf/identifier.py:71: UserWarning: Invalid uuid: neutron. To ensure interoperability, identifiers should be a valid uuid. warnings.warn(('Invalid uuid: %s. To ensure interoperability, '
2026-07-14 18:53:43.727 10 INFO neutron.wsgi [req-060aa87f-0400-472c-a1d5-f8d15bf9928c req-1e24d49e-565d-43f5-a52f-b76e39c18a44 a7d0a42cf3eb418db63db859bcefec50 889d449229ae4bdfbf34277e4ebedf2f - - 35ffeaa6bba0459dbb48b49e82dff028 35ffeaa6bba0459dbb48b49e82dff028] 199.19.213.161 "GET /v2.0/ports?network_id=fdb3a28f-c6f0-4c96-8414-2421ba3299fb&device_owner=network%3Adhcp HTTP/1.1" status: 200 len: 210 time: 0.0401130
2026-07-14 18:53:43.807 9 INFO neutron.db.ovn_revision_numbers_db [None req-44ab7f74-9aa5-47e8-80c1-1feaefa6cb4e 821d2ceaac2a4773abb7a6e6d5b1f6fe e399179270fa4d40b9d7560c5c7efd64 - - default default] Successfully bumped revision number for resource c835e75d-c2f4-4972-903e-70d992b301dd (type: floatingips) to 2
2026-07-14 18:53:43.808 9 INFO neutron.db.l3_db [None req-44ab7f74-9aa5-47e8-80c1-1feaefa6cb4e 821d2ceaac2a4773abb7a6e6d5b1f6fe e399179270fa4d40b9d7560c5c7efd64 - - default default] Floating IP c835e75d-c2f4-4972-903e-70d992b301dd associated. External IP: 10.96.250.211, port: 991a8fc2-5463-49eb-90f5-bad089372ce1.
2026-07-14 18:53:43.846 9 INFO neutron.wsgi [None req-44ab7f74-9aa5-47e8-80c1-1feaefa6cb4e 821d2ceaac2a4773abb7a6e6d5b1f6fe e399179270fa4d40b9d7560c5c7efd64 - - default default] 10.0.0.110 "PUT /v2.0/floatingips/c835e75d-c2f4-4972-903e-70d992b301dd HTTP/1.1" status: 200 len: 1049 time: 0.8739190
2026-07-14 18:53:43.857 10 INFO neutron.wsgi [req-060aa87f-0400-472c-a1d5-f8d15bf9928c req-1a723c9f-7ed2-40eb-b0bc-c2909060df7c a7d0a42cf3eb418db63db859bcefec50 889d449229ae4bdfbf34277e4ebedf2f - - 35ffeaa6bba0459dbb48b49e82dff028 35ffeaa6bba0459dbb48b49e82dff028] 199.19.213.161 "GET /v2.0/networks/fdb3a28f-c6f0-4c96-8414-2421ba3299fb?fields=segments HTTP/1.1" status: 200 len: 212 time: 0.1225145
2026-07-14 18:53:43.903 9 INFO neutron.notifiers.nova [-] Nova event matching ['req-74335e8e-0f7c-494d-9b78-582167b05164'] response: {'name': 'network-changed', 'server_uuid': 'a9714ace-1112-41ca-89cd-a7b75e67e631', 'tag': '991a8fc2-5463-49eb-90f5-bad089372ce1', 'status': 'completed', 'code': 200}
2026-07-14 18:53:43.935 9 INFO neutron.wsgi [req-8c91070f-c812-4941-a120-d588580256e9 req-dc3a7faa-bcd5-4339-bc9a-0db0459ca087 821d2ceaac2a4773abb7a6e6d5b1f6fe e399179270fa4d40b9d7560c5c7efd64 - - default default] 10.0.0.85 "GET /v2.0/ports?device_id=a9714ace-1112-41ca-89cd-a7b75e67e631 HTTP/1.1" status: 200 len: 1170 time: 0.0476663
2026-07-14 18:53:43.982 10 INFO neutron.wsgi [req-060aa87f-0400-472c-a1d5-f8d15bf9928c req-422d8691-ca25-40f4-8b6f-9a6b5f4b437b a7d0a42cf3eb418db63db859bcefec50 889d449229ae4bdfbf34277e4ebedf2f - - 35ffeaa6bba0459dbb48b49e82dff028 35ffeaa6bba0459dbb48b49e82dff028] 199.19.213.161 "GET /v2.0/networks/fdb3a28f-c6f0-4c96-8414-2421ba3299fb?fields=provider%3Aphysical_network&fields=provider%3Anetwork_type HTTP/1.1" status: 200 len: 277 time: 0.1194279
2026-07-14 18:53:43.990 10 INFO neutron.wsgi [req-253f7a85-e138-457e-962f-b0fb44221e9a req-dbdd48c1-4682-423b-b353-0fb82b74184b a7d0a42cf3eb418db63db859bcefec50 889d449229ae4bdfbf34277e4ebedf2f - - 35ffeaa6bba0459dbb48b49e82dff028 35ffeaa6bba0459dbb48b49e82dff028] 199.19.213.161 "GET /v2.0/ports?tenant_id=e399179270fa4d40b9d7560c5c7efd64&device_id=a9714ace-1112-41ca-89cd-a7b75e67e631 HTTP/1.1" status: 200 len: 1409 time: 0.0661616
2026-07-14 18:53:43.990 9 INFO neutron.wsgi [req-8c91070f-c812-4941-a120-d588580256e9 req-a1065ee9-da36-4938-8216-8b1c112e6293 821d2ceaac2a4773abb7a6e6d5b1f6fe e399179270fa4d40b9d7560c5c7efd64 - - default default] 10.0.0.85 "GET /v2.0/security-groups?id=ff726b7b-ab88-44f4-bd16-5d54beef028e&fields=id&fields=name HTTP/1.1" status: 200 len: 313 time: 0.0492849
2026-07-14 18:53:44.091 10 INFO neutron.wsgi [req-253f7a85-e138-457e-962f-b0fb44221e9a req-c999ce5e-f88a-4b4b-932e-318a0d0b9879 a7d0a42cf3eb418db63db859bcefec50 889d449229ae4bdfbf34277e4ebedf2f - - 35ffeaa6bba0459dbb48b49e82dff028 35ffeaa6bba0459dbb48b49e82dff028] 199.19.213.161 "GET /v2.0/networks?id=e4f09e0f-ee4c-42d7-bcb0-5ee6378c9717 HTTP/1.1" status: 200 len: 973 time: 0.0908239
2026-07-14 18:53:44.415 9 INFO neutron.plugins.ml2.drivers.ovn.mech_driver.mech_driver [None req-b3893bc5-85d2-406f-b2ce-5ab6e62dbb5a - - - - - -] OVN reports status down for port: 22041744-a9fd-439e-b045-4cb3e5741368
2026-07-14 18:53:44.429 10 INFO neutron.plugins.ml2.drivers.ovn.mech_driver.mech_driver [None req-d887c70c-8fc1-42e8-a873-0fff16e19d3d - - - - - -] OVN reports status down for port: 991a8fc2-5463-49eb-90f5-bad089372ce1
2026-07-14 18:53:44.451 10 INFO neutron.wsgi [req-253f7a85-e138-457e-962f-b0fb44221e9a req-05caa75b-bab7-433c-8922-56dbf5ac7e57 a7d0a42cf3eb418db63db859bcefec50 889d449229ae4bdfbf34277e4ebedf2f - - 35ffeaa6bba0459dbb48b49e82dff028 35ffeaa6bba0459dbb48b49e82dff028] 199.19.213.161 "GET /v2.0/floatingips?fixed_ip_address=10.100.0.3&port_id=991a8fc2-5463-49eb-90f5-bad089372ce1 HTTP/1.1" status: 200 len: 1059 time: 0.3547256
2026-07-14 18:53:44.462 9 INFO neutron.wsgi [req-293dcc2d-e6a4-4694-8ad1-0e8c5c95378f req-4bf1d3ae-a10c-4df5-ad9d-28b2dcbcaf42 821d2ceaac2a4773abb7a6e6d5b1f6fe e399179270fa4d40b9d7560c5c7efd64 - - default default] 10.0.0.85 "GET /v2.0/ports?device_id=a9714ace-1112-41ca-89cd-a7b75e67e631 HTTP/1.1" status: 200 len: 1170 time: 0.1234086
2026-07-14 18:53:44.545 10 INFO neutron.wsgi [req-253f7a85-e138-457e-962f-b0fb44221e9a req-3ca4b725-4b6a-4616-ae6c-6902998ed187 a7d0a42cf3eb418db63db859bcefec50 889d449229ae4bdfbf34277e4ebedf2f - - 35ffeaa6bba0459dbb48b49e82dff028 35ffeaa6bba0459dbb48b49e82dff028] 199.19.213.161 "GET /v2.0/subnets?id=5ee1c9f6-d228-4c1d-8a46-519d4fcccc67 HTTP/1.1" status: 200 len: 868 time: 0.0847642
2026-07-14 18:53:44.590 9 INFO neutron.wsgi [req-bea60c06-10e9-4432-97d3-30fa0c38d6ce req-3459fe09-3f25-4efe-80e2-815d0b30c5f1 a83587684f194fceaccdea989efbc9c4 e2749302ea844b22ab0af60f5a092c2f - - default default] 10.0.0.85 "GET /v2.0/ports?device_id=c79d5846-68aa-4c90-889c-059681ac387d HTTP/1.1" status: 200 len: 1170 time: 0.2531278
2026-07-14 18:53:44.604 9 INFO neutron.wsgi [req-293dcc2d-e6a4-4694-8ad1-0e8c5c95378f req-a79e25c6-e6a2-4299-ae96-69bb9c92095e 821d2ceaac2a4773abb7a6e6d5b1f6fe e399179270fa4d40b9d7560c5c7efd64 - - default default] 10.0.0.85 "GET /v2.0/security-groups?id=ff726b7b-ab88-44f4-bd16-5d54beef028e&fields=id&fields=name HTTP/1.1" status: 200 len: 313 time: 0.1274645
2026-07-14 18:53:44.626 10 INFO neutron.wsgi [req-253f7a85-e138-457e-962f-b0fb44221e9a req-21ebfb7e-1841-4617-b7d2-7ce4c9f8d03e a7d0a42cf3eb418db63db859bcefec50 889d449229ae4bdfbf34277e4ebedf2f - - 35ffeaa6bba0459dbb48b49e82dff028 35ffeaa6bba0459dbb48b49e82dff028] 199.19.213.161 "GET /v2.0/ports?network_id=e4f09e0f-ee4c-42d7-bcb0-5ee6378c9717&device_owner=network%3Adhcp HTTP/1.1" status: 200 len: 210 time: 0.0589807
2026-07-14 18:53:44.721 9 INFO neutron.wsgi [req-bea60c06-10e9-4432-97d3-30fa0c38d6ce req-6b6a88e1-78f8-4ea5-baba-85ffe815107b a83587684f194fceaccdea989efbc9c4 e2749302ea844b22ab0af60f5a092c2f - - default default] 10.0.0.85 "GET /v2.0/security-groups?id=1dc3f178-96f1-4fef-9c24-6755b37ffad5&fields=id&fields=name HTTP/1.1" status: 200 len: 311 time: 0.1231594
2026-07-14 18:53:44.758 10 ERROR ovsdbapp.backend.ovs_idl.command [None req-201ffe25-f61f-48dc-baa0-df754c862ada 531fea6437b0498d8b9710a3522dbbb3 95812c4971b24952bfb00f853360501f - - default default] Error executing command (DbGetCommand): ovsdbapp.backend.ovs_idl.idlutils.RowNotFound: Cannot find Logical_Router_Port with name=lrp-424e256c-2c3c-4c7c-a5c6-aef35a4f682f
2026-07-14 18:53:44.758 10 ERROR ovsdbapp.backend.ovs_idl.command
Traceback (most recent call last):
2026-07-14 18:53:44.758 10 ERROR ovsdbapp.backend.ovs_idl.command
File "/var/lib/openstack/lib/python3.10/site-packages/ovsdbapp/backend/ovs_idl/command.py", line 47, in execute
2026-07-14 18:53:44.758 10 ERROR ovsdbapp.backend.ovs_idl.command self.run_idl(None)
2026-07-14 18:53:44.758 10 ERROR ovsdbapp.backend.ovs_idl.command
File "/var/lib/openstack/lib/python3.10/site-packages/ovsdbapp/backend/ovs_idl/command.py", line 235, in run_idl
2026-07-14 18:53:44.758 10 ERROR ovsdbapp.backend.ovs_idl.command record = self.api.lookup(self.table, self.record)
2026-07-14 18:53:44.758 10 ERROR ovsdbapp.backend.ovs_idl.command
File "/var/lib/openstack/lib/python3.10/site-packages/ovsdbapp/backend/ovs_idl/__init__.py", line 184, in lookup
2026-07-14 18:53:44.758 10 ERROR ovsdbapp.backend.ovs_idl.command return self._lookup(table, record)
2026-07-14 18:53:44.758 10 ERROR ovsdbapp.backend.ovs_idl.command
File "/var/lib/openstack/lib/python3.10/site-packages/ovsdbapp/backend/ovs_idl/__init__.py", line 235, in _lookup
2026-07-14 18:53:44.758 10 ERROR ovsdbapp.backend.ovs_idl.command row = idlutils.row_by_value(self, rl.table, rl.column, record)
2026-07-14 18:53:44.758 10 ERROR ovsdbapp.backend.ovs_idl.command
File "/var/lib/openstack/lib/python3.10/site-packages/ovsdbapp/backend/ovs_idl/idlutils.py", line 114, in row_by_value
2026-07-14 18:53:44.758 10 ERROR ovsdbapp.backend.ovs_idl.command raise RowNotFound(table=table, col=column, match=match)
2026-07-14 18:53:44.758 10 ERROR ovsdbapp.backend.ovs_idl.command ovsdbapp.backend.ovs_idl.idlutils.RowNotFound: Cannot find Logical_Router_Port with name=lrp-424e256c-2c3c-4c7c-a5c6-aef35a4f682f
2026-07-14 18:53:44.758 10 ERROR ovsdbapp.backend.ovs_idl.command 
2026-07-14 18:53:44.759 10 ERROR neutron_lib.callbacks.manager [None req-201ffe25-f61f-48dc-baa0-df754c862ada 531fea6437b0498d8b9710a3522dbbb3 95812c4971b24952bfb00f853360501f - - default default] Error during notification for neutron.services.ovn_l3.plugin.OVNL3RouterPlugin._port_update-8746044657382 port, after_update: ovsdbapp.backend.ovs_idl.idlutils.RowNotFound: Cannot find Logical_Router_Port with name=lrp-424e256c-2c3c-4c7c-a5c6-aef35a4f682f
2026-07-14 18:53:44.759 10 ERROR neutron_lib.callbacks.manager
Traceback (most recent call last):
2026-07-14 18:53:44.759 10 ERROR neutron_lib.callbacks.manager
File "/var/lib/openstack/lib/python3.10/site-packages/neutron_lib/callbacks/manager.py", line 189, in _notify_loop
2026-07-14 18:53:44.759 10 ERROR neutron_lib.callbacks.manager callback.method(resource, event, trigger, payload=payload)
2026-07-14 18:53:44.759 10 ERROR neutron_lib.callbacks.manager
File "/var/lib/openstack/lib/python3.10/site-packages/neutron/services/ovn_l3/plugin.py", line 391, in _port_update
2026-07-14 18:53:44.759 10 ERROR neutron_lib.callbacks.manager l3plugin._ovn_client.update_router_port(context,
2026-07-14 18:53:44.759 10 ERROR neutron_lib.callbacks.manager
File "/var/lib/openstack/lib/python3.10/site-packages/neutron/plugins/ml2/drivers/ovn/mech_driver/ovsdb/ovn_client.py", line 1878, in update_router_port
2026-07-14 18:53:44.759 10 ERROR neutron_lib.callbacks.manager self._update_lrouter_port(context, port, if_exists=if_exists,
2026-07-14 18:53:44.759 10 ERROR neutron_lib.callbacks.manager
File "/var/lib/openstack/lib/python3.10/site-packages/neutron/plugins/ml2/drivers/ovn/mech_driver/ovsdb/ovn_client.py", line 1855, in _update_lrouter_port
2026-07-14 18:53:44.759 10 ERROR neutron_lib.callbacks.manager external_ids = self._nb_idl.db_get(
2026-07-14 18:53:44.759 10 ERROR neutron_lib.callbacks.manager
File "/var/lib/openstack/lib/python3.10/site-packages/ovsdbapp/backend/ovs_idl/command.py", line 47, in execute
2026-07-14 18:53:44.759 10 ERROR neutron_lib.callbacks.manager self.run_idl(None)
2026-07-14 18:53:44.759 10 ERROR neutron_lib.callbacks.manager
File "/var/lib/openstack/lib/python3.10/site-packages/ovsdbapp/backend/ovs_idl/command.py", line 235, in run_idl
2026-07-14 18:53:44.759 10 ERROR neutron_lib.callbacks.manager record = self.api.lookup(self.table, self.record)
2026-07-14 18:53:44.759 10 ERROR neutron_lib.callbacks.manager
File "/var/lib/openstack/lib/python3.10/site-packages/ovsdbapp/backend/ovs_idl/__init__.py", line 184, in lookup
2026-07-14 18:53:44.759 10 ERROR neutron_lib.callbacks.manager return self._lookup(table, record)
2026-07-14 18:53:44.759 10 ERROR neutron_lib.callbacks.manager
File "/var/lib/openstack/lib/python3.10/site-packages/ovsdbapp/backend/ovs_idl/__init__.py", line 235, in _lookup
