2026-07-14 18:57:04.457 9 INFO neutron.wsgi [None req-0c092400-15f1-4daa-9fa9-1f300522a113 d76c29a569ce4476880c6d6cb649b9e7 6fd163f45de44f9ca54fd954407a627f - - default default] 10.0.0.110 "DELETE /v2.0/floatingips/84acfbec-f54b-493e-8056-dc177bbf4aea HTTP/1.1" status: 204 len: 168 time: 0.4081352
2026-07-14 18:57:04.561 10 INFO neutron.wsgi [req-24c988e0-25e5-4470-bbc7-c5ba7c4ab27b req-15d7bd80-3e23-4057-a29e-47b1427c0b17 0354982e02b5467aaac480057aa616f9 ecf48c17b60e4dd9a03d745c08490db4 - - default default] 199.19.213.161 "GET /v2.0/networks?id=edbff245-bb15-4a24-9c4f-4cbff09a4b40 HTTP/1.1" status: 200 len: 904 time: 0.0898645
2026-07-14 18:57:04.624 10 INFO neutron.wsgi [req-24c988e0-25e5-4470-bbc7-c5ba7c4ab27b req-e6943196-f79a-4ef3-8bf8-db9eec4e48db 0354982e02b5467aaac480057aa616f9 ecf48c17b60e4dd9a03d745c08490db4 - - default default] 199.19.213.161 "GET /v2.0/security-groups?fields=id&fields=name&tenant_id=ecf48c17b60e4dd9a03d745c08490db4 HTTP/1.1" status: 200 len: 376 time: 0.0553324
2026-07-14 18:57:04.637 10 WARNING neutron_lib.context [req-24c988e0-25e5-4470-bbc7-c5ba7c4ab27b req-5d1c996b-d782-466d-9c62-84b1206e8023 0354982e02b5467aaac480057aa616f9 ecf48c17b60e4dd9a03d745c08490db4 - - default default] Method 'is_advsvc' is deprecated since 2023.2 release (neutron-lib 3.8.0) and will be removed once support for the old RBAC API policies will be removed from Neutron. Please use method 'is_service_role' instead.
2026-07-14 18:57:05.057 10 WARNING neutron.scheduler.dhcp_agent_scheduler [req-24c988e0-25e5-4470-bbc7-c5ba7c4ab27b req-5d1c996b-d782-466d-9c62-84b1206e8023 0354982e02b5467aaac480057aa616f9 ecf48c17b60e4dd9a03d745c08490db4 - - default default] No more DHCP agents
2026-07-14 18:57:05.059 10 WARNING neutron.api.rpc.agentnotifiers.dhcp_rpc_agent_api [req-24c988e0-25e5-4470-bbc7-c5ba7c4ab27b req-5d1c996b-d782-466d-9c62-84b1206e8023 0354982e02b5467aaac480057aa616f9 ecf48c17b60e4dd9a03d745c08490db4 - - default default] Unable to schedule network edbff245-bb15-4a24-9c4f-4cbff09a4b40: no agents available; will retry on subsequent port and subnet creation events.
2026-07-14 18:57:05.107 10 INFO neutron.wsgi [-] 10.0.0.139 "GET / HTTP/1.1" status: 200 len: 247 time: 0.0013609
2026-07-14 18:57:05.109 10 INFO neutron.wsgi [-] 10.0.0.139 "GET / HTTP/1.1" status: 200 len: 247 time: 0.0011950
2026-07-14 18:57:05.135 9 INFO neutron.wsgi [None req-a556078f-ac46-4d1a-be62-c35483c4aa4b d76c29a569ce4476880c6d6cb649b9e7 6fd163f45de44f9ca54fd954407a627f - - default default] 10.0.0.110 "DELETE /v2.0/floatingips/3f5892c2-c419-436e-9d15-5e287ed2441a HTTP/1.1" status: 204 len: 168 time: 0.6708136
2026-07-14 18:57:05.271 10 INFO neutron.db.ovn_revision_numbers_db [req-24c988e0-25e5-4470-bbc7-c5ba7c4ab27b req-5d1c996b-d782-466d-9c62-84b1206e8023 0354982e02b5467aaac480057aa616f9 ecf48c17b60e4dd9a03d745c08490db4 - - default default] Successfully bumped revision number for resource 92ff2fbf-5564-4c69-9765-b480d2493128 (type: ports) to 1
2026-07-14 18:57:05.300 10 INFO neutron.wsgi [req-24c988e0-25e5-4470-bbc7-c5ba7c4ab27b req-5d1c996b-d782-466d-9c62-84b1206e8023 0354982e02b5467aaac480057aa616f9 ecf48c17b60e4dd9a03d745c08490db4 - - default default] 199.19.213.161 "POST /v2.0/ports HTTP/1.1" status: 201 len: 1388 time: 0.6700358 /var/lib/openstack/lib/python3.10/site-packages/pycadf/identifier.py:71: UserWarning: Invalid uuid: neutron. To ensure interoperability, identifiers should be a valid uuid. warnings.warn(('Invalid uuid: %s. To ensure interoperability, '
2026-07-14 18:57:05.535 9 INFO neutron.wsgi [None req-4c992299-cad5-4fa9-a7e3-f430487e4501 d76c29a569ce4476880c6d6cb649b9e7 6fd163f45de44f9ca54fd954407a627f - - default default] 10.0.0.110 "DELETE /v2.0/floatingips/e8344788-14b6-4e79-b837-0668ade6b82e HTTP/1.1" status: 204 len: 168 time: 0.3963878
2026-07-14 18:57:05.856 10 INFO neutron.db.ovn_revision_numbers_db [req-24c988e0-25e5-4470-bbc7-c5ba7c4ab27b req-f4e3a154-5466-460f-b16b-1d24fd4544c7 a7d0a42cf3eb418db63db859bcefec50 889d449229ae4bdfbf34277e4ebedf2f - - 35ffeaa6bba0459dbb48b49e82dff028 35ffeaa6bba0459dbb48b49e82dff028] Successfully bumped revision number for resource 92ff2fbf-5564-4c69-9765-b480d2493128 (type: ports) to 2
2026-07-14 18:57:05.924 9 INFO neutron.wsgi [None req-60ac894c-cbb7-4ef8-b46a-1893fc5da6b6 d76c29a569ce4476880c6d6cb649b9e7 6fd163f45de44f9ca54fd954407a627f - - default default] 10.0.0.110 "DELETE /v2.0/floatingips/ad56cb10-99a9-4c6d-8edf-a0581aa59b89 HTTP/1.1" status: 204 len: 168 time: 0.3837230 /var/lib/openstack/lib/python3.10/site-packages/pycadf/identifier.py:71: UserWarning: Invalid uuid: neutron. To ensure interoperability, identifiers should be a valid uuid. warnings.warn(('Invalid uuid: %s. To ensure interoperability, '
2026-07-14 18:57:06.215 10 INFO neutron.db.ovn_revision_numbers_db [req-24c988e0-25e5-4470-bbc7-c5ba7c4ab27b req-f4e3a154-5466-460f-b16b-1d24fd4544c7 a7d0a42cf3eb418db63db859bcefec50 889d449229ae4bdfbf34277e4ebedf2f - - 35ffeaa6bba0459dbb48b49e82dff028 35ffeaa6bba0459dbb48b49e82dff028] Successfully bumped revision number for resource 92ff2fbf-5564-4c69-9765-b480d2493128 (type: ports) to 2
2026-07-14 18:57:06.250 10 INFO neutron.wsgi [req-24c988e0-25e5-4470-bbc7-c5ba7c4ab27b req-f4e3a154-5466-460f-b16b-1d24fd4544c7 a7d0a42cf3eb418db63db859bcefec50 889d449229ae4bdfbf34277e4ebedf2f - - 35ffeaa6bba0459dbb48b49e82dff028 35ffeaa6bba0459dbb48b49e82dff028] 199.19.213.161 "PUT /v2.0/ports/92ff2fbf-5564-4c69-9765-b480d2493128 HTTP/1.1" status: 200 len: 1605 time: 0.9418116 /var/lib/openstack/lib/python3.10/site-packages/pycadf/identifier.py:71: UserWarning: Invalid uuid: neutron. To ensure interoperability, identifiers should be a valid uuid. warnings.warn(('Invalid uuid: %s. To ensure interoperability, '
2026-07-14 18:57:06.313 10 INFO neutron.notifiers.nova [-] Nova event matching ['req-17fc24a5-9fe2-4a9d-a026-5aea3cec8b85'] response: {'name': 'network-changed', 'server_uuid': '78faf6bd-ab83-4393-b552-0085bd2ec7ec', 'tag': '92ff2fbf-5564-4c69-9765-b480d2493128', 'status': 'completed', 'code': 200}
2026-07-14 18:57:06.356 10 INFO neutron.wsgi [req-24c988e0-25e5-4470-bbc7-c5ba7c4ab27b req-c1c817f1-5f74-4390-b3d4-ba58cf3f311f a7d0a42cf3eb418db63db859bcefec50 889d449229ae4bdfbf34277e4ebedf2f - - 35ffeaa6bba0459dbb48b49e82dff028 35ffeaa6bba0459dbb48b49e82dff028] 199.19.213.161 "GET /v2.0/ports?tenant_id=ecf48c17b60e4dd9a03d745c08490db4&device_id=78faf6bd-ab83-4393-b552-0085bd2ec7ec HTTP/1.1" status: 200 len: 1636 time: 0.0686061
2026-07-14 18:57:06.408 10 INFO neutron.wsgi [req-24c988e0-25e5-4470-bbc7-c5ba7c4ab27b req-93080f10-96db-45a5-a355-880ec0e22531 a7d0a42cf3eb418db63db859bcefec50 889d449229ae4bdfbf34277e4ebedf2f - - 35ffeaa6bba0459dbb48b49e82dff028 35ffeaa6bba0459dbb48b49e82dff028] 199.19.213.161 "GET /v2.0/floatingips?fixed_ip_address=10.2.2.254&port_id=92ff2fbf-5564-4c69-9765-b480d2493128 HTTP/1.1" status: 200 len: 217 time: 0.0385406
2026-07-14 18:57:06.444 10 INFO neutron.wsgi [req-24c988e0-25e5-4470-bbc7-c5ba7c4ab27b req-953b27ba-593d-4a20-bd58-334203acaa09 a7d0a42cf3eb418db63db859bcefec50 889d449229ae4bdfbf34277e4ebedf2f - - 35ffeaa6bba0459dbb48b49e82dff028 35ffeaa6bba0459dbb48b49e82dff028] 199.19.213.161 "GET /v2.0/floatingips?fixed_ip_address=fd77%3A1457%3A4cf0%3A26a8%3A%3A25&port_id=92ff2fbf-5564-4c69-9765-b480d2493128 HTTP/1.1" status: 200 len: 217 time: 0.0288715
2026-07-14 18:57:06.495 10 INFO neutron.wsgi [req-24c988e0-25e5-4470-bbc7-c5ba7c4ab27b req-17351fa0-feb6-4498-ba2c-9c4cbc3d9f8c a7d0a42cf3eb418db63db859bcefec50 889d449229ae4bdfbf34277e4ebedf2f - - 35ffeaa6bba0459dbb48b49e82dff028 35ffeaa6bba0459dbb48b49e82dff028] 199.19.213.161 "GET /v2.0/subnets?id=fad353b8-8343-4f51-9039-5b06f78a72bd&id=78a551a1-a182-4702-b5dc-394cb43810b2 HTTP/1.1" status: 200 len: 1566 time: 0.0407784
2026-07-14 18:57:06.529 10 INFO neutron.wsgi [None req-3b31ce2f-868c-4acd-819d-7b7a079e0e93 d76c29a569ce4476880c6d6cb649b9e7 6fd163f45de44f9ca54fd954407a627f - - default default] 10.0.0.110 "DELETE /v2.0/floatingips/81ed65f4-2df9-419e-9947-18e3283e5304 HTTP/1.1" status: 204 len: 168 time: 0.5990369
2026-07-14 18:57:06.531 10 INFO neutron.wsgi [req-24c988e0-25e5-4470-bbc7-c5ba7c4ab27b req-f2fc60b5-ceb3-40c6-963b-79b67fad40ae a7d0a42cf3eb418db63db859bcefec50 889d449229ae4bdfbf34277e4ebedf2f - - 35ffeaa6bba0459dbb48b49e82dff028 35ffeaa6bba0459dbb48b49e82dff028] 199.19.213.161 "GET /v2.0/ports?network_id=edbff245-bb15-4a24-9c4f-4cbff09a4b40&device_owner=network%3Adhcp HTTP/1.1" status: 200 len: 210 time: 0.0230665
2026-07-14 18:57:06.573 10 INFO neutron.wsgi [req-24c988e0-25e5-4470-bbc7-c5ba7c4ab27b req-9e4c1050-9d95-47ad-848c-e092939c9fa9 a7d0a42cf3eb418db63db859bcefec50 889d449229ae4bdfbf34277e4ebedf2f - - 35ffeaa6bba0459dbb48b49e82dff028 35ffeaa6bba0459dbb48b49e82dff028] 199.19.213.161 "GET /v2.0/ports?network_id=edbff245-bb15-4a24-9c4f-4cbff09a4b40&device_owner=network%3Adhcp HTTP/1.1" status: 200 len: 210 time: 0.0327272
2026-07-14 18:57:06.678 10 INFO neutron.wsgi [req-24c988e0-25e5-4470-bbc7-c5ba7c4ab27b req-d15edeae-c9f3-4ffd-89fb-36b459d30e18 a7d0a42cf3eb418db63db859bcefec50 889d449229ae4bdfbf34277e4ebedf2f - - 35ffeaa6bba0459dbb48b49e82dff028 35ffeaa6bba0459dbb48b49e82dff028] 199.19.213.161 "GET /v2.0/networks/edbff245-bb15-4a24-9c4f-4cbff09a4b40?fields=segments HTTP/1.1" status: 200 len: 212 time: 0.0983105
2026-07-14 18:57:06.748 10 INFO neutron.wsgi [req-24c988e0-25e5-4470-bbc7-c5ba7c4ab27b req-d09448b8-9c12-47e7-a1f4-7d2c5d0c3d93 a7d0a42cf3eb418db63db859bcefec50 889d449229ae4bdfbf34277e4ebedf2f - - 35ffeaa6bba0459dbb48b49e82dff028 35ffeaa6bba0459dbb48b49e82dff028] 199.19.213.161 "GET /v2.0/networks/edbff245-bb15-4a24-9c4f-4cbff09a4b40?fields=provider%3Aphysical_network&fields=provider%3Anetwork_type HTTP/1.1" status: 200 len: 277 time: 0.0644448
2026-07-14 18:57:06.848 10 INFO neutron.wsgi [req-2405032b-28c5-4e15-a537-5552df161043 req-c595059b-baf1-494b-ac93-5199aea4393d a7d0a42cf3eb418db63db859bcefec50 889d449229ae4bdfbf34277e4ebedf2f - - 35ffeaa6bba0459dbb48b49e82dff028 35ffeaa6bba0459dbb48b49e82dff028] 199.19.213.161 "GET /v2.0/ports?tenant_id=ecf48c17b60e4dd9a03d745c08490db4&device_id=78faf6bd-ab83-4393-b552-0085bd2ec7ec HTTP/1.1" status: 200 len: 1636 time: 0.0459273
2026-07-14 18:57:06.922 10 INFO neutron.wsgi [req-2405032b-28c5-4e15-a537-5552df161043 req-95a0464c-35d5-4d77-9ba9-440dc5e287d8 a7d0a42cf3eb418db63db859bcefec50 889d449229ae4bdfbf34277e4ebedf2f - - 35ffeaa6bba0459dbb48b49e82dff028 35ffeaa6bba0459dbb48b49e82dff028] 199.19.213.161 "GET /v2.0/networks?id=edbff245-bb15-4a24-9c4f-4cbff09a4b40 HTTP/1.1" status: 200 len: 1003 time: 0.0651457
2026-07-14 18:57:06.966 10 INFO neutron.wsgi [req-2405032b-28c5-4e15-a537-5552df161043 req-e95eda50-ad0d-4404-943f-8262bee9a2f0 a7d0a42cf3eb418db63db859bcefec50 889d449229ae4bdfbf34277e4ebedf2f - - 35ffeaa6bba0459dbb48b49e82dff028 35ffeaa6bba0459dbb48b49e82dff028] 199.19.213.161 "GET /v2.0/floatingips?fixed_ip_address=10.2.2.254&port_id=92ff2fbf-5564-4c69-9765-b480d2493128 HTTP/1.1" status: 200 len: 217 time: 0.0340168
2026-07-14 18:57:06.987 9 INFO neutron.plugins.ml2.drivers.ovn.mech_driver.mech_driver [None req-b3893bc5-85d2-406f-b2ce-5ab6e62dbb5a - - - - - -] OVN reports status up for port: 92ff2fbf-5564-4c69-9765-b480d2493128
2026-07-14 18:57:07.004 9 INFO neutron.plugins.ml2.plugin [None req-b3893bc5-85d2-406f-b2ce-5ab6e62dbb5a - - - - - -] Attempt 1 to provision port 92ff2fbf-5564-4c69-9765-b480d2493128
2026-07-14 18:57:07.011 10 INFO neutron.wsgi [req-2405032b-28c5-4e15-a537-5552df161043 req-a5bc1acb-98a8-445a-a473-074ab0588278 a7d0a42cf3eb418db63db859bcefec50 889d449229ae4bdfbf34277e4ebedf2f - - 35ffeaa6bba0459dbb48b49e82dff028 35ffeaa6bba0459dbb48b49e82dff028] 199.19.213.161 "GET /v2.0/floatingips?fixed_ip_address=fd77%3A1457%3A4cf0%3A26a8%3A%3A25&port_id=92ff2fbf-5564-4c69-9765-b480d2493128 HTTP/1.1" status: 200 len: 217 time: 0.0328784
2026-07-14 18:57:07.067 10 INFO neutron.wsgi [req-2405032b-28c5-4e15-a537-5552df161043 req-106a5700-e0a5-458b-ac32-216f47280360 a7d0a42cf3eb418db63db859bcefec50 889d449229ae4bdfbf34277e4ebedf2f - - 35ffeaa6bba0459dbb48b49e82dff028 35ffeaa6bba0459dbb48b49e82dff028] 199.19.213.161 "GET /v2.0/subnets?id=fad353b8-8343-4f51-9039-5b06f78a72bd&id=78a551a1-a182-4702-b5dc-394cb43810b2 HTTP/1.1" status: 200 len: 1566 time: 0.0501606
2026-07-14 18:57:07.103 10 INFO neutron.wsgi [req-2405032b-28c5-4e15-a537-5552df161043 req-4838fffc-5b24-49ac-840c-4722fb7958ae a7d0a42cf3eb418db63db859bcefec50 889d449229ae4bdfbf34277e4ebedf2f - - 35ffeaa6bba0459dbb48b49e82dff028 35ffeaa6bba0459dbb48b49e82dff028] 199.19.213.161 "GET /v2.0/ports?network_id=edbff245-bb15-4a24-9c4f-4cbff09a4b40&device_owner=network%3Adhcp HTTP/1.1" status: 200 len: 210 time: 0.0292852
2026-07-14 18:57:07.140 10 INFO neutron.wsgi [req-2405032b-28c5-4e15-a537-5552df161043 req-24519e5a-162c-42fe-b5c5-55b5e00502c8 a7d0a42cf3eb418db63db859bcefec50 889d449229ae4bdfbf34277e4ebedf2f - - 35ffeaa6bba0459dbb48b49e82dff028 35ffeaa6bba0459dbb48b49e82dff028] 199.19.213.161 "GET /v2.0/ports?network_id=edbff245-bb15-4a24-9c4f-4cbff09a4b40&device_owner=network%3Adhcp HTTP/1.1" status: 200 len: 210 time: 0.0297766
2026-07-14 18:57:07.169 9 INFO neutron.notifiers.nova [-] Nova event matching ['req-b932b114-7264-48d2-88eb-db51d1bb620c'] response: {'server_uuid': '78faf6bd-ab83-4393-b552-0085bd2ec7ec', 'name': 'network-vif-plugged', 'status': 'completed', 'tag': '92ff2fbf-5564-4c69-9765-b480d2493128', 'code': 200}
2026-07-14 18:57:07.254 10 INFO neutron.wsgi [req-2405032b-28c5-4e15-a537-5552df161043 req-88653070-5e0f-4424-9b07-26edbe200d77 a7d0a42cf3eb418db63db859bcefec50 889d449229ae4bdfbf34277e4ebedf2f - - 35ffeaa6bba0459dbb48b49e82dff028 35ffeaa6bba0459dbb48b49e82dff028] 199.19.213.161 "GET /v2.0/networks/edbff245-bb15-4a24-9c4f-4cbff09a4b40?fields=segments HTTP/1.1" status: 200 len: 212 time: 0.1059573
2026-07-14 18:57:07.357 10 INFO neutron.wsgi [req-2405032b-28c5-4e15-a537-5552df161043 req-39420170-c7cc-44d0-9271-460ca809e408 a7d0a42cf3eb418db63db859bcefec50 889d449229ae4bdfbf34277e4ebedf2f - - 35ffeaa6bba0459dbb48b49e82dff028 35ffeaa6bba0459dbb48b49e82dff028] 199.19.213.161 "GET /v2.0/networks/edbff245-bb15-4a24-9c4f-4cbff09a4b40?fields=provider%3Aphysical_network&fields=provider%3Anetwork_type HTTP/1.1" status: 200 len: 277 time: 0.0882046
2026-07-14 18:57:07.447 9 INFO neutron.db.ovn_revision_numbers_db [None req-b3893bc5-85d2-406f-b2ce-5ab6e62dbb5a - - - - - -] Successfully bumped revision number for resource 92ff2fbf-5564-4c69-9765-b480d2493128 (type: ports) to 4
2026-07-14 18:57:07.994 10 INFO neutron.db.ovn_revision_numbers_db [None req-d4cb90bb-a7a0-4cb1-a183-e976be936b22 42c5276c71b348a9abacbf421c309197 ff7e564635fa43fa9e2dc3cdab6453c3 - - default default] Successfully bumped revision number for resource fb522b0a-2681-4aa9-8996-3b7f74a7c9ea (type: security_groups) to 1
2026-07-14 18:57:08.009 10 INFO neutron.db.ovn_revision_numbers_db [None req-d4cb90bb-a7a0-4cb1-a183-e976be936b22 42c5276c71b348a9abacbf421c309197 ff7e564635fa43fa9e2dc3cdab6453c3 - - default default] Successfully bumped revision number for resource 3f4258b8-2630-472f-a2a3-a3c07c38a657 (type: security_group_rules) to 0
2026-07-14 18:57:08.025 10 INFO neutron.db.ovn_revision_numbers_db [None req-d4cb90bb-a7a0-4cb1-a183-e976be936b22 42c5276c71b348a9abacbf421c309197 ff7e564635fa43fa9e2dc3cdab6453c3 - - default default] Successfully bumped revision number for resource 818446cb-999d-4b29-98cb-21cd7ed8025f (type: security_group_rules) to 0
2026-07-14 18:57:08.044 10 INFO neutron.db.ovn_revision_numbers_db [None req-d4cb90bb-a7a0-4cb1-a183-e976be936b22 42c5276c71b348a9abacbf421c309197 ff7e564635fa43fa9e2dc3cdab6453c3 - - default default] Successfully bumped revision number for resource 8b00ee73-bbd2-48a6-8a7a-cf91f298df71 (type: security_group_rules) to 0
2026-07-14 18:57:08.059 10 INFO neutron.db.ovn_revision_numbers_db [None req-d4cb90bb-a7a0-4cb1-a183-e976be936b22 42c5276c71b348a9abacbf421c309197 ff7e564635fa43fa9e2dc3cdab6453c3 - - default default] Successfully bumped revision number for resource d221a2da-c450-43a0-8a99-8bb665bc3bd0 (type: security_group_rules) to 0
2026-07-14 18:57:08.084 10 INFO neutron.wsgi [None req-d4cb90bb-a7a0-4cb1-a183-e976be936b22 42c5276c71b348a9abacbf421c309197 ff7e564635fa43fa9e2dc3cdab6453c3 - - default default] 10.0.0.110 "GET /v2.0/security-groups?tenant_id=6fd163f45de44f9ca54fd954407a627f&name=default HTTP/1.1" status: 200 len: 3120 time: 0.5015228 /var/lib/openstack/lib/python3.10/site-packages/pycadf/identifier.py:71: UserWarning: Invalid uuid: neutron. To ensure interoperability, identifiers should be a valid uuid. warnings.warn(('Invalid uuid: %s. To ensure interoperability, '
2026-07-14 18:57:08.387 9 INFO neutron.wsgi [None req-a92880f0-309f-4708-99d9-43b0f71abe50 42c5276c71b348a9abacbf421c309197 ff7e564635fa43fa9e2dc3cdab6453c3 - - default default] 10.0.0.110 "DELETE /v2.0/security-groups/fb522b0a-2681-4aa9-8996-3b7f74a7c9ea HTTP/1.1" status: 204 len: 168 time: 0.2967925
2026-07-14 18:57:08.674 9 INFO neutron.wsgi [req-b6c223c3-d56d-4350-a18d-4a988acf8fe2 req-dd0247a3-55d8-403d-b304-72d4deaa2e61 a7d0a42cf3eb418db63db859bcefec50 889d449229ae4bdfbf34277e4ebedf2f - - 35ffeaa6bba0459dbb48b49e82dff028 35ffeaa6bba0459dbb48b49e82dff028] 10.0.0.151 "GET /v2.0/ports?device_id=559e9b91-aa11-43ff-8272-0f276a56632b HTTP/1.1" status: 200 len: 1638 time: 0.0492942
2026-07-14 18:57:08.739 9 INFO neutron.wsgi [req-b6c223c3-d56d-4350-a18d-4a988acf8fe2 req-7e7399a1-e631-41ca-965d-4f96d95c4324 a7d0a42cf3eb418db63db859bcefec50 889d449229ae4bdfbf34277e4ebedf2f - - 35ffeaa6bba0459dbb48b49e82dff028 35ffeaa6bba0459dbb48b49e82dff028] 10.0.0.151 "GET /v2.0/security-groups?id=2c536c09-1b0e-4bce-92b3-31bf4ed20333&fields=id&fields=name HTTP/1.1" status: 200 len: 309 time: 0.0480540
2026-07-14 18:57:08.756 10 INFO neutron.db.ovn_revision_numbers_db [None req-38f1e315-37e8-4272-a301-4ab6bb99ac18 42c5276c71b348a9abacbf421c309197 ff7e564635fa43fa9e2dc3cdab6453c3 - - default default] Successfully bumped revision number for resource de8c2244-4a79-4680-b24d-74dad5017172 (type: security_groups) to 1
2026-07-14 18:57:08.771 10 INFO neutron.db.ovn_revision_numbers_db [None req-38f1e315-37e8-4272-a301-4ab6bb99ac18 42c5276c71b348a9abacbf421c309197 ff7e564635fa43fa9e2dc3cdab6453c3 - - default default] Successfully bumped revision number for resource 2f1fb660-41db-422d-92ba-7338759f8178 (type: security_group_rules) to 0
2026-07-14 18:57:08.794 10 INFO neutron.db.ovn_revision_numbers_db [None req-38f1e315-37e8-4272-a301-4ab6bb99ac18 42c5276c71b348a9abacbf421c309197 ff7e564635fa43fa9e2dc3cdab6453c3 - - default default] Successfully bumped revision number for resource 99467db2-1747-4fb2-a4c3-ec87fed3a752 (type: security_group_rules) to 0
2026-07-14 18:57:08.813 10 INFO neutron.db.ovn_revision_numbers_db [None req-38f1e315-37e8-4272-a301-4ab6bb99ac18 42c5276c71b348a9abacbf421c309197 ff7e564635fa43fa9e2dc3cdab6453c3 - - default default] Successfully bumped revision number for resource d82a0ed5-d992-49f1-a189-cca381e59d02 (type: security_group_rules) to 0
2026-07-14 18:57:08.836 10 INFO neutron.db.ovn_revision_numbers_db [None req-38f1e315-37e8-4272-a301-4ab6bb99ac18 42c5276c71b348a9abacbf421c309197 ff7e564635fa43fa9e2dc3cdab6453c3 - - default default] Successfully bumped revision number for resource f3ec0fb8-667e-46a4-bbe7-54dc897eaafd (type: security_group_rules) to 0
2026-07-14 18:57:08.863 10 INFO neutron.wsgi [None req-38f1e315-37e8-4272-a301-4ab6bb99ac18 42c5276c71b348a9abacbf421c309197 ff7e564635fa43fa9e2dc3cdab6453c3 - - default default] 10.0.0.110 "GET /v2.0/security-groups?tenant_id=379215470a104c7689a215d932603cfa&name=default HTTP/1.1" status: 200 len: 3120 time: 0.2402804
2026-07-14 18:57:08.963 9 INFO neutron.wsgi [req-57a85709-fa60-4f5f-bb2a-62733b6b3a1a req-13106767-f191-4749-84f7-2f1c817ef60d 0354982e02b5467aaac480057aa616f9 ecf48c17b60e4dd9a03d745c08490db4 - - default default] 10.0.0.85 "GET /v2.0/ports?device_id=78faf6bd-ab83-4393-b552-0085bd2ec7ec HTTP/1.1" status: 200 len: 1400 time: 0.1312268
2026-07-14 18:57:09.035 9 INFO neutron.wsgi [req-57a85709-fa60-4f5f-bb2a-62733b6b3a1a req-77ed9a41-2be4-4b82-abd1-a386d0175088 0354982e02b5467aaac480057aa616f9 ecf48c17b60e4dd9a03d745c08490db4 - - default default] 10.0.0.85 "GET /v2.0/security-groups?id=2c536c09-1b0e-4bce-92b3-31bf4ed20333&fields=id&fields=name HTTP/1.1" status: 200 len: 309 time: 0.0611725
2026-07-14 18:57:09.172 9 INFO neutron.wsgi [None req-79156ecb-0a90-491e-83f2-802bb04cf75e 42c5276c71b348a9abacbf421c309197 ff7e564635fa43fa9e2dc3cdab6453c3 - - default default] 10.0.0.110 "DELETE /v2.0/security-groups/de8c2244-4a79-4680-b24d-74dad5017172 HTTP/1.1" status: 204 len: 168 time: 0.2994888
2026-07-14 18:57:09.178 10 INFO neutron.wsgi [None req-8783bbdd-0918-4ff4-b979-17f5d0d75538 0354982e02b5467aaac480057aa616f9 ecf48c17b60e4dd9a03d745c08490db4 - - default default] 10.0.0.110 "GET /v2.0/ports?network_id=edbff245-bb15-4a24-9c4f-4cbff09a4b40&mac_address=fa%3A16%3A3e%3Af1%3A4f%3A02 HTTP/1.1" status: 200 len: 1395 time: 0.1196806
2026-07-14 18:57:09.186 10 WARNING neutron_lib.context [None req-5e054ea1-c329-4746-aba2-3cf135f47450 0354982e02b5467aaac480057aa616f9 ecf48c17b60e4dd9a03d745c08490db4 - - default default] Method 'is_advsvc' is deprecated since 2023.2 release (neutron-lib 3.8.0) and will be removed once support for the old RBAC API policies will be removed from Neutron. Please use method 'is_service_role' instead.
2026-07-14 18:57:09.212 9 INFO neutron.notifiers.nova [-] Nova event matching ['req-0d3cb35c-c7ce-4e1e-bf44-433b42887730'] response: {'server_uuid': '78faf6bd-ab83-4393-b552-0085bd2ec7ec', 'name': 'network-vif-plugged', 'status': 'completed', 'tag': '92ff2fbf-5564-4c69-9765-b480d2493128', 'code': 200}
2026-07-14 18:57:09.540 10 WARNING neutron.scheduler.dhcp_agent_scheduler [None req-5e054ea1-c329-4746-aba2-3cf135f47450 0354982e02b5467aaac480057aa616f9 ecf48c17b60e4dd9a03d745c08490db4 - - default default] No more DHCP agents
2026-07-14 18:57:09.542 10 WARNING neutron.api.rpc.agentnotifiers.dhcp_rpc_agent_api [None req-5e054ea1-c329-4746-aba2-3cf135f47450 0354982e02b5467aaac480057aa616f9 ecf48c17b60e4dd9a03d745c08490db4 - - default default] Unable to schedule network 042559a0-e9f8-4ebe-aef7-fc562a7ceb78: no agents available; will retry on subsequent port and subnet creation events.
2026-07-14 18:57:09.561 9 WARNING neutron_lib.context [None req-930f5580-066c-4f34-9b47-ab35cb1569ca d2ccc92890a54fa1ba1797d81b8e437c bd9316992cc3415f95f2a2398aa531dd - - default default] Method 'is_advsvc' is deprecated since 2023.2 release (neutron-lib 3.8.0) and will be removed once support for the old RBAC API policies will be removed from Neutron. Please use method 'is_service_role' instead.
2026-07-14 18:57:09.593 9 INFO neutron.db.ovn_revision_numbers_db [None req-e1d10ff6-0537-44ee-a982-a584311c847c 42c5276c71b348a9abacbf421c309197 ff7e564635fa43fa9e2dc3cdab6453c3 - - default default] Successfully bumped revision number for resource 9794a181-a428-40e0-8f20-9605e7bc885a (type: security_groups) to 1
2026-07-14 18:57:09.610 9 INFO neutron.db.ovn_revision_numbers_db [None req-e1d10ff6-0537-44ee-a982-a584311c847c 42c5276c71b348a9abacbf421c309197 ff7e564635fa43fa9e2dc3cdab6453c3 - - default default] Successfully bumped revision number for resource 0549bd8e-a5de-4bf5-b7f8-b4b9004b5c51 (type: security_group_rules) to 0
2026-07-14 18:57:09.632 9 INFO neutron.db.ovn_revision_numbers_db [None req-e1d10ff6-0537-44ee-a982-a584311c847c 42c5276c71b348a9abacbf421c309197 ff7e564635fa43fa9e2dc3cdab6453c3 - - default default] Successfully bumped revision number for resource 3e7ee4c3-1efa-4a7d-b4ba-6cb541cc46e6 (type: security_group_rules) to 0
2026-07-14 18:57:09.652 9 INFO neutron.db.ovn_revision_numbers_db [None req-e1d10ff6-0537-44ee-a982-a584311c847c 42c5276c71b348a9abacbf421c309197 ff7e564635fa43fa9e2dc3cdab6453c3 - - default default] Successfully bumped revision number for resource 5e73fe86-0e73-4930-b2a2-8deb81356103 (type: security_group_rules) to 0
2026-07-14 18:57:09.671 9 INFO neutron.db.ovn_revision_numbers_db [None req-e1d10ff6-0537-44ee-a982-a584311c847c 42c5276c71b348a9abacbf421c309197 ff7e564635fa43fa9e2dc3cdab6453c3 - - default default] Successfully bumped revision number for resource bed233dd-4cd9-4111-9de7-fd0a92cef1c9 (type: security_group_rules) to 0
2026-07-14 18:57:09.703 9 INFO neutron.wsgi [None req-e1d10ff6-0537-44ee-a982-a584311c847c 42c5276c71b348a9abacbf421c309197 ff7e564635fa43fa9e2dc3cdab6453c3 - - default default] 10.0.0.110 "GET /v2.0/security-groups?tenant_id=917fde52c0004929bdd2b5b2277b0b45&name=default HTTP/1.1" status: 200 len: 3120 time: 0.3061900
2026-07-14 18:57:09.780 9 INFO neutron.db.ovn_revision_numbers_db [None req-930f5580-066c-4f34-9b47-ab35cb1569ca d2ccc92890a54fa1ba1797d81b8e437c bd9316992cc3415f95f2a2398aa531dd - - default default] Successfully bumped revision number for resource bac603e7-5cc0-453d-a63c-54a7c1a65abd (type: security_groups) to 1
2026-07-14 18:57:09.799 9 INFO neutron.db.ovn_revision_numbers_db [None req-930f5580-066c-4f34-9b47-ab35cb1569ca d2ccc92890a54fa1ba1797d81b8e437c bd9316992cc3415f95f2a2398aa531dd - - default default] Successfully bumped revision number for resource b5c4cc00-c9d6-4176-bf1f-6e3b8d518195 (type: security_group_rules) to 0
2026-07-14 18:57:09.820 9 INFO neutron.db.ovn_revision_numbers_db [None req-930f5580-066c-4f34-9b47-ab35cb1569ca d2ccc92890a54fa1ba1797d81b8e437c bd9316992cc3415f95f2a2398aa531dd - - default default] Successfully bumped revision number for resource c12f1111-376b-43ea-835d-2deededf8fd0 (type: security_group_rules) to 0
2026-07-14 18:57:09.841 9 INFO neutron.db.ovn_revision_numbers_db [None req-930f5580-066c-4f34-9b47-ab35cb1569ca d2ccc92890a54fa1ba1797d81b8e437c bd9316992cc3415f95f2a2398aa531dd - - default default] Successfully bumped revision number for resource c5f91e32-a67d-4b99-a37f-a273a2d98009 (type: security_group_rules) to 0
2026-07-14 18:57:09.861 9 INFO neutron.db.ovn_revision_numbers_db [None req-930f5580-066c-4f34-9b47-ab35cb1569ca d2ccc92890a54fa1ba1797d81b8e437c bd9316992cc3415f95f2a2398aa531dd - - default default] Successfully bumped revision number for resource c75a3b36-e795-4588-9a28-a03e7c6036de (type: security_group_rules) to 0
2026-07-14 18:57:09.925 9 INFO neutron.db.segments_db [None req-930f5580-066c-4f34-9b47-ab35cb1569ca d2ccc92890a54fa1ba1797d81b8e437c bd9316992cc3415f95f2a2398aa531dd - - default default] Added segment b19100f9-1d13-4751-8796-18f7ad61f7d6 of type geneve for network 7b70822d-fb22-4ddd-a266-cdeba6ea2193
2026-07-14 18:57:10.036 9 INFO neutron.wsgi [None req-e988b573-faed-4c24-a36a-4cf899de323c 42c5276c71b348a9abacbf421c309197 ff7e564635fa43fa9e2dc3cdab6453c3 - - default default] 10.0.0.110 "DELETE /v2.0/security-groups/9794a181-a428-40e0-8f20-9605e7bc885a HTTP/1.1" status: 204 len: 168 time: 0.3251531
2026-07-14 18:57:10.096 9 INFO neutron.db.ovn_revision_numbers_db [None req-930f5580-066c-4f34-9b47-ab35cb1569ca d2ccc92890a54fa1ba1797d81b8e437c bd9316992cc3415f95f2a2398aa531dd - - default default] Successfully bumped revision number for resource 7b70822d-fb22-4ddd-a266-cdeba6ea2193 (type: networks) to 1
2026-07-14 18:57:10.362 9 WARNING neutron.scheduler.dhcp_agent_scheduler [None req-930f5580-066c-4f34-9b47-ab35cb1569ca d2ccc92890a54fa1ba1797d81b8e437c bd9316992cc3415f95f2a2398aa531dd - - default default] No more DHCP agents
2026-07-14 18:57:10.365 9 WARNING neutron.api.rpc.agentnotifiers.dhcp_rpc_agent_api [None req-930f5580-066c-4f34-9b47-ab35cb1569ca d2ccc92890a54fa1ba1797d81b8e437c bd9316992cc3415f95f2a2398aa531dd - - default default] Unable to schedule network 7b70822d-fb22-4ddd-a266-cdeba6ea2193: no agents available; will retry on subsequent port and subnet creation events.
2026-07-14 18:57:10.482 9 INFO neutron.db.ovn_revision_numbers_db [None req-930f5580-066c-4f34-9b47-ab35cb1569ca d2ccc92890a54fa1ba1797d81b8e437c bd9316992cc3415f95f2a2398aa531dd - - default default] Successfully bumped revision number for resource a99d0ea6-51cb-4528-a91e-be3d5d8447fa (type: ports) to 1
2026-07-14 18:57:10.525 9 INFO neutron.wsgi [None req-930f5580-066c-4f34-9b47-ab35cb1569ca d2ccc92890a54fa1ba1797d81b8e437c bd9316992cc3415f95f2a2398aa531dd - - default default] 10.0.0.110 "POST /v2.0/networks HTTP/1.1" status: 201 len: 830 time: 1.2857349
2026-07-14 18:57:10.539 9 WARNING neutron_lib.context [None req-58b5e5c6-c639-4b87-b964-b01b6f89ad76 d2ccc92890a54fa1ba1797d81b8e437c bd9316992cc3415f95f2a2398aa531dd - - default default] Method 'is_advsvc' is deprecated since 2023.2 release (neutron-lib 3.8.0) and will be removed once support for the old RBAC API policies will be removed from Neutron. Please use method 'is_service_role' instead.
2026-07-14 18:57:10.833 10 INFO neutron.db.ovn_revision_numbers_db [None req-5e054ea1-c329-4746-aba2-3cf135f47450 0354982e02b5467aaac480057aa616f9 ecf48c17b60e4dd9a03d745c08490db4 - - default default] Successfully bumped revision number for resource 618eaf0b-ca9e-460c-a4a9-137cc8d58c8f (type: floatingips) to -1
2026-07-14 18:57:10.908 9 WARNING neutron.scheduler.dhcp_agent_scheduler [None req-58b5e5c6-c639-4b87-b964-b01b6f89ad76 d2ccc92890a54fa1ba1797d81b8e437c bd9316992cc3415f95f2a2398aa531dd - - default default] No more DHCP agents
2026-07-14 18:57:10.912 9 WARNING neutron.api.rpc.agentnotifiers.dhcp_rpc_agent_api [None req-58b5e5c6-c639-4b87-b964-b01b6f89ad76 d2ccc92890a54fa1ba1797d81b8e437c bd9316992cc3415f95f2a2398aa531dd - - default default] Unable to schedule network 7b70822d-fb22-4ddd-a266-cdeba6ea2193: no agents available; will retry on subsequent port and subnet creation events.
2026-07-14 18:57:10.959 10 INFO neutron.db.ovn_revision_numbers_db [None req-5e054ea1-c329-4746-aba2-3cf135f47450 0354982e02b5467aaac480057aa616f9 ecf48c17b60e4dd9a03d745c08490db4 - - default default] Successfully bumped revision number for resource 618eaf0b-ca9e-460c-a4a9-137cc8d58c8f (type: floatingips) to 1
2026-07-14 18:57:10.959 10 INFO neutron.db.l3_db [None req-5e054ea1-c329-4746-aba2-3cf135f47450 0354982e02b5467aaac480057aa616f9 ecf48c17b60e4dd9a03d745c08490db4 - - default default] Floating IP 618eaf0b-ca9e-460c-a4a9-137cc8d58c8f associated. External IP: 10.96.250.211, port: 92ff2fbf-5564-4c69-9765-b480d2493128.
2026-07-14 18:57:11.009 10 INFO neutron.wsgi [None req-5e054ea1-c329-4746-aba2-3cf135f47450 0354982e02b5467aaac480057aa616f9 ecf48c17b60e4dd9a03d745c08490db4 - - default default] 10.0.0.110 "POST /v2.0/floatingips HTTP/1.1" status: 201 len: 1054 time: 1.8274150
2026-07-14 18:57:11.012 9 INFO neutron.db.ovn_revision_numbers_db [None req-58b5e5c6-c639-4b87-b964-b01b6f89ad76 d2ccc92890a54fa1ba1797d81b8e437c bd9316992cc3415f95f2a2398aa531dd - - default default] Successfully bumped revision number for resource 9b143d2c-56da-47d9-8636-823f53d38029 (type: ports) to 1
2026-07-14 18:57:11.051 10 INFO neutron.notifiers.nova [-] Nova event matching ['req-9a8ee698-d5a7-4ad7-bf4d-d9279eba4984'] response: {'name': 'network-changed', 'server_uuid': '78faf6bd-ab83-4393-b552-0085bd2ec7ec', 'tag': '92ff2fbf-5564-4c69-9765-b480d2493128', 'status': 'completed', 'code': 200}
2026-07-14 18:57:11.058 9 INFO neutron.wsgi [None req-58b5e5c6-c639-4b87-b964-b01b6f89ad76 d2ccc92890a54fa1ba1797d81b8e437c bd9316992cc3415f95f2a2398aa531dd - - default default] 10.0.0.110 "POST /v2.0/ports HTTP/1.1" status: 201 len: 942 time: 0.5266695 /var/lib/openstack/lib/python3.10/site-packages/pycadf/identifier.py:71: UserWarning: Invalid uuid: neutron. To ensure interoperability, identifiers should be a valid uuid. warnings.warn(('Invalid uuid: %s. To ensure interoperability, '
2026-07-14 18:57:11.069 9 WARNING neutron_lib.context [None req-260ac375-bab7-4315-9991-e5cced43079d d2ccc92890a54fa1ba1797d81b8e437c bd9316992cc3415f95f2a2398aa531dd - - default default] Method 'is_advsvc' is deprecated since 2023.2 release (neutron-lib 3.8.0) and will be removed once support for the old RBAC API policies will be removed from Neutron. Please use method 'is_service_role' instead.
2026-07-14 18:57:11.119 10 INFO neutron.wsgi [req-f281c324-90bb-4f51-ba71-923d3e8d09f1 req-9bba9378-23ea-428e-92d0-7031cee8401f a7d0a42cf3eb418db63db859bcefec50 889d449229ae4bdfbf34277e4ebedf2f - - 35ffeaa6bba0459dbb48b49e82dff028 35ffeaa6bba0459dbb48b49e82dff028] 199.19.213.161 "GET /v2.0/ports?tenant_id=ecf48c17b60e4dd9a03d745c08490db4&device_id=78faf6bd-ab83-4393-b552-0085bd2ec7ec HTTP/1.1" status: 200 len: 1638 time: 0.0414450
2026-07-14 18:57:11.190 9 INFO neutron.db.segments_db [None req-260ac375-bab7-4315-9991-e5cced43079d d2ccc92890a54fa1ba1797d81b8e437c bd9316992cc3415f95f2a2398aa531dd - - default default] Added segment 77e5000f-0048-4df5-9de4-9e15711aa12c of type geneve for network eed26cc9-1023-4dd6-904e-0fb8659b9cac
2026-07-14 18:57:11.196 10 INFO neutron.wsgi [req-f281c324-90bb-4f51-ba71-923d3e8d09f1 req-05ec8955-956d-4b27-991f-4e1b31403a60 a7d0a42cf3eb418db63db859bcefec50 889d449229ae4bdfbf34277e4ebedf2f - - 35ffeaa6bba0459dbb48b49e82dff028 35ffeaa6bba0459dbb48b49e82dff028] 199.19.213.161 "GET /v2.0/networks?id=edbff245-bb15-4a24-9c4f-4cbff09a4b40 HTTP/1.1" status: 200 len: 1003 time: 0.0699086
2026-07-14 18:57:11.258 10 INFO neutron.wsgi [req-f281c324-90bb-4f51-ba71-923d3e8d09f1 req-743961c0-4f6e-41f1-a0e9-8ce3cff4e184 a7d0a42cf3eb418db63db859bcefec50 889d449229ae4bdfbf34277e4ebedf2f - - 35ffeaa6bba0459dbb48b49e82dff028 35ffeaa6bba0459dbb48b49e82dff028] 199.19.213.161 "GET /v2.0/floatingips?fixed_ip_address=10.2.2.254&port_id=92ff2fbf-5564-4c69-9765-b480d2493128 HTTP/1.1" status: 200 len: 1059 time: 0.0552852
2026-07-14 18:57:11.320 10 INFO neutron.wsgi [req-f281c324-90bb-4f51-ba71-923d3e8d09f1 req-6c50f7ae-ca5e-428f-9182-84538005306a a7d0a42cf3eb418db63db859bcefec50 889d449229ae4bdfbf34277e4ebedf2f - - 35ffeaa6bba0459dbb48b49e82dff028 35ffeaa6bba0459dbb48b49e82dff028] 199.19.213.161 "GET /v2.0/floatingips?fixed_ip_address=fd77%3A1457%3A4cf0%3A26a8%3A%3A25&port_id=92ff2fbf-5564-4c69-9765-b480d2493128 HTTP/1.1" status: 200 len: 217 time: 0.0554729
2026-07-14 18:57:11.368 10 INFO neutron.wsgi [req-f281c324-90bb-4f51-ba71-923d3e8d09f1 req-39b9e9e2-6822-4513-a51a-32317ef8f730 a7d0a42cf3eb418db63db859bcefec50 889d449229ae4bdfbf34277e4ebedf2f - - 35ffeaa6bba0459dbb48b49e82dff028 35ffeaa6bba0459dbb48b49e82dff028] 199.19.213.161 "GET /v2.0/subnets?id=fad353b8-8343-4f51-9039-5b06f78a72bd&id=78a551a1-a182-4702-b5dc-394cb43810b2 HTTP/1.1" status: 200 len: 1566 time: 0.0435290
2026-07-14 18:57:11.399 9 INFO neutron.db.ovn_revision_numbers_db [None req-260ac375-bab7-4315-9991-e5cced43079d d2ccc92890a54fa1ba1797d81b8e437c bd9316992cc3415f95f2a2398aa531dd - - default default] Successfully bumped revision number for resource eed26cc9-1023-4dd6-904e-0fb8659b9cac (type: networks) to 1
2026-07-14 18:57:11.411 10 INFO neutron.wsgi [req-f281c324-90bb-4f51-ba71-923d3e8d09f1 req-576db607-e212-459e-b50f-72e4f8a74fea a7d0a42cf3eb418db63db859bcefec50 889d449229ae4bdfbf34277e4ebedf2f - - 35ffeaa6bba0459dbb48b49e82dff028 35ffeaa6bba0459dbb48b49e82dff028] 199.19.213.161 "GET /v2.0/ports?network_id=edbff245-bb15-4a24-9c4f-4cbff09a4b40&device_owner=network%3Adhcp HTTP/1.1" status: 200 len: 210 time: 0.0349886
2026-07-14 18:57:11.447 10 INFO neutron.wsgi [req-f281c324-90bb-4f51-ba71-923d3e8d09f1 req-a17e0a1b-1baa-4249-8b11-077aee0ead8d a7d0a42cf3eb418db63db859bcefec50 889d449229ae4bdfbf34277e4ebedf2f - - 35ffeaa6bba0459dbb48b49e82dff028 35ffeaa6bba0459dbb48b49e82dff028] 199.19.213.161 "GET /v2.0/ports?network_id=edbff245-bb15-4a24-9c4f-4cbff09a4b40&device_owner=network%3Adhcp HTTP/1.1" status: 200 len: 210 time: 0.0317280
2026-07-14 18:57:11.537 10 INFO neutron.wsgi [req-f281c324-90bb-4f51-ba71-923d3e8d09f1 req-a7122af0-bed7-4a80-8308-e957f56f63b1 a7d0a42cf3eb418db63db859bcefec50 889d449229ae4bdfbf34277e4ebedf2f - - 35ffeaa6bba0459dbb48b49e82dff028 35ffeaa6bba0459dbb48b49e82dff028] 199.19.213.161 "GET /v2.0/networks/edbff245-bb15-4a24-9c4f-4cbff09a4b40?fields=segments HTTP/1.1" status: 200 len: 212 time: 0.0844679
2026-07-14 18:57:11.614 10 INFO neutron.wsgi [req-f281c324-90bb-4f51-ba71-923d3e8d09f1 req-fb4fe5a7-67c4-44dc-b9e7-051a51677865 a7d0a42cf3eb418db63db859bcefec50 889d449229ae4bdfbf34277e4ebedf2f - - 35ffeaa6bba0459dbb48b49e82dff028 35ffeaa6bba0459dbb48b49e82dff028] 199.19.213.161 "GET /v2.0/networks/edbff245-bb15-4a24-9c4f-4cbff09a4b40?fields=provider%3Aphysical_network&fields=provider%3Anetwork_type HTTP/1.1" status: 200 len: 277 time: 0.0707493
2026-07-14 18:57:11.673 9 WARNING neutron.scheduler.dhcp_agent_scheduler [None req-260ac375-bab7-4315-9991-e5cced43079d d2ccc92890a54fa1ba1797d81b8e437c bd9316992cc3415f95f2a2398aa531dd - - default default] No more DHCP agents
2026-07-14 18:57:11.676 9 WARNING neutron.api.rpc.agentnotifiers.dhcp_rpc_agent_api [None req-260ac375-bab7-4315-9991-e5cced43079d d2ccc92890a54fa1ba1797d81b8e437c bd9316992cc3415f95f2a2398aa531dd - - default default] Unable to schedule network eed26cc9-1023-4dd6-904e-0fb8659b9cac: no agents available; will retry on subsequent port and subnet creation events.
2026-07-14 18:57:11.803 9 INFO neutron.db.ovn_revision_numbers_db [None req-260ac375-bab7-4315-9991-e5cced43079d d2ccc92890a54fa1ba1797d81b8e437c bd9316992cc3415f95f2a2398aa531dd - - default default] Successfully bumped revision number for resource b0bacb38-db27-4266-9bf3-52d12802f3f2 (type: ports) to 1
2026-07-14 18:57:11.843 9 INFO neutron.wsgi [None req-260ac375-bab7-4315-9991-e5cced43079d d2ccc92890a54fa1ba1797d81b8e437c bd9316992cc3415f95f2a2398aa531dd - - default default] 10.0.0.110 "POST /v2.0/networks HTTP/1.1" status: 201 len: 831 time: 0.7797489
2026-07-14 18:57:11.858 9 WARNING neutron_lib.context [None req-e31a7ee0-8078-4c02-9934-9886720cadc6 d2ccc92890a54fa1ba1797d81b8e437c bd9316992cc3415f95f2a2398aa531dd - - default default] Method 'is_advsvc' is deprecated since 2023.2 release (neutron-lib 3.8.0) and will be removed once support for the old RBAC API policies will be removed from Neutron. Please use method 'is_service_role' instead.
2026-07-14 18:57:12.195 9 WARNING neutron.scheduler.dhcp_agent_scheduler [None req-e31a7ee0-8078-4c02-9934-9886720cadc6 d2ccc92890a54fa1ba1797d81b8e437c bd9316992cc3415f95f2a2398aa531dd - - default default] No more DHCP agents
2026-07-14 18:57:12.198 9 WARNING neutron.api.rpc.agentnotifiers.dhcp_rpc_agent_api [None req-e31a7ee0-8078-4c02-9934-9886720cadc6 d2ccc92890a54fa1ba1797d81b8e437c bd9316992cc3415f95f2a2398aa531dd - - default default] Unable to schedule network eed26cc9-1023-4dd6-904e-0fb8659b9cac: no agents available; will retry on subsequent port and subnet creation events.
2026-07-14 18:57:12.300 9 INFO neutron.db.ovn_revision_numbers_db [None req-e31a7ee0-8078-4c02-9934-9886720cadc6 d2ccc92890a54fa1ba1797d81b8e437c bd9316992cc3415f95f2a2398aa531dd - - default default] Successfully bumped revision number for resource 0b5256a1-bf29-40de-ada1-51cd0dddc4e6 (type: ports) to 1
2026-07-14 18:57:12.328 9 INFO neutron.wsgi [None req-e31a7ee0-8078-4c02-9934-9886720cadc6 d2ccc92890a54fa1ba1797d81b8e437c bd9316992cc3415f95f2a2398aa531dd - - default default] 10.0.0.110 "POST /v2.0/ports HTTP/1.1" status: 201 len: 942 time: 0.4748511 /var/lib/openstack/lib/python3.10/site-packages/pycadf/identifier.py:71: UserWarning: Invalid uuid: neutron. To ensure interoperability, identifiers should be a valid uuid. warnings.warn(('Invalid uuid: %s. To ensure interoperability, '
2026-07-14 18:57:12.338 9 WARNING neutron_lib.context [None req-8d991fa4-9c57-46fc-bb0f-fafe54831b1c d2ccc92890a54fa1ba1797d81b8e437c bd9316992cc3415f95f2a2398aa531dd - - default default] Method 'is_advsvc' is deprecated since 2023.2 release (neutron-lib 3.8.0) and will be removed once support for the old RBAC API policies will be removed from Neutron. Please use method 'is_service_role' instead.
2026-07-14 18:57:12.433 9 INFO neutron.db.segments_db [None req-8d991fa4-9c57-46fc-bb0f-fafe54831b1c d2ccc92890a54fa1ba1797d81b8e437c bd9316992cc3415f95f2a2398aa531dd - - default default] Added segment 10e7b482-cf98-4010-be5c-956420be1379 of type geneve for network a93ee6e3-9f2b-4720-a63f-ba446b7b6f5d
2026-07-14 18:57:12.631 9 INFO neutron.db.ovn_revision_numbers_db [None req-8d991fa4-9c57-46fc-bb0f-fafe54831b1c d2ccc92890a54fa1ba1797d81b8e437c bd9316992cc3415f95f2a2398aa531dd - - default default] Successfully bumped revision number for resource a93ee6e3-9f2b-4720-a63f-ba446b7b6f5d (type: networks) to 1
2026-07-14 18:57:12.843 9 WARNING neutron.scheduler.dhcp_agent_scheduler [None req-8d991fa4-9c57-46fc-bb0f-fafe54831b1c d2ccc92890a54fa1ba1797d81b8e437c bd9316992cc3415f95f2a2398aa531dd - - default default] No more DHCP agents
2026-07-14 18:57:12.845 9 WARNING neutron.api.rpc.agentnotifiers.dhcp_rpc_agent_api [None req-8d991fa4-9c57-46fc-bb0f-fafe54831b1c d2ccc92890a54fa1ba1797d81b8e437c bd9316992cc3415f95f2a2398aa531dd - - default default] Unable to schedule network a93ee6e3-9f2b-4720-a63f-ba446b7b6f5d: no agents available; will retry on subsequent port and subnet creation events.
2026-07-14 18:57:12.931 9 INFO neutron.db.ovn_revision_numbers_db [None req-8d991fa4-9c57-46fc-bb0f-fafe54831b1c d2ccc92890a54fa1ba1797d81b8e437c bd9316992cc3415f95f2a2398aa531dd - - default default] Successfully bumped revision number for resource 3ceb3c19-9ac2-437c-a0e0-66fd2d30137d (type: ports) to 1
2026-07-14 18:57:12.955 9 INFO neutron.wsgi [None req-8d991fa4-9c57-46fc-bb0f-fafe54831b1c d2ccc92890a54fa1ba1797d81b8e437c bd9316992cc3415f95f2a2398aa531dd - - default default] 10.0.0.110 "POST /v2.0/networks HTTP/1.1" status: 201 len: 830 time: 0.6222415
2026-07-14 18:57:12.968 9 WARNING neutron_lib.context [None req-bd2a7311-a1ee-440e-b658-dde68aacb3da d2ccc92890a54fa1ba1797d81b8e437c bd9316992cc3415f95f2a2398aa531dd - - default default] Method 'is_advsvc' is deprecated since 2023.2 release (neutron-lib 3.8.0) and will be removed once support for the old RBAC API policies will be removed from Neutron. Please use method 'is_service_role' instead.
2026-07-14 18:57:13.273 9 WARNING neutron.scheduler.dhcp_agent_scheduler [None req-bd2a7311-a1ee-440e-b658-dde68aacb3da d2ccc92890a54fa1ba1797d81b8e437c bd9316992cc3415f95f2a2398aa531dd - - default default] No more DHCP agents
2026-07-14 18:57:13.276 9 WARNING neutron.api.rpc.agentnotifiers.dhcp_rpc_agent_api [None req-bd2a7311-a1ee-440e-b658-dde68aacb3da d2ccc92890a54fa1ba1797d81b8e437c bd9316992cc3415f95f2a2398aa531dd - - default default] Unable to schedule network a93ee6e3-9f2b-4720-a63f-ba446b7b6f5d: no agents available; will retry on subsequent port and subnet creation events.
2026-07-14 18:57:13.378 9 INFO neutron.db.ovn_revision_numbers_db [None req-bd2a7311-a1ee-440e-b658-dde68aacb3da d2ccc92890a54fa1ba1797d81b8e437c bd9316992cc3415f95f2a2398aa531dd - - default default] Successfully bumped revision number for resource 97f382e2-3e16-4cf8-b868-7de54f9c5f19 (type: ports) to 1
2026-07-14 18:57:13.405 9 INFO neutron.wsgi [None req-bd2a7311-a1ee-440e-b658-dde68aacb3da d2ccc92890a54fa1ba1797d81b8e437c bd9316992cc3415f95f2a2398aa531dd - - default default] 10.0.0.110 "POST /v2.0/ports HTTP/1.1" status: 201 len: 942 time: 0.4428093 /var/lib/openstack/lib/python3.10/site-packages/pycadf/identifier.py:71: UserWarning: Invalid uuid: neutron. To ensure interoperability, identifiers should be a valid uuid. warnings.warn(('Invalid uuid: %s. To ensure interoperability, '
2026-07-14 18:57:13.419 9 WARNING neutron_lib.context [None req-34ef8c92-9938-4665-b2e2-448ede563162 d2ccc92890a54fa1ba1797d81b8e437c bd9316992cc3415f95f2a2398aa531dd - - default default] Method 'is_advsvc' is deprecated since 2023.2 release (neutron-lib 3.8.0) and will be removed once support for the old RBAC API policies will be removed from Neutron. Please use method 'is_service_role' instead.
2026-07-14 18:57:13.522 9 INFO neutron.db.segments_db [None req-34ef8c92-9938-4665-b2e2-448ede563162 d2ccc92890a54fa1ba1797d81b8e437c bd9316992cc3415f95f2a2398aa531dd - - default default] Added segment f6ade45a-196a-4782-beb9-41c31bdd209c of type geneve for network 7711afbf-4c30-48a9-b509-29305358988a
2026-07-14 18:57:13.733 9 INFO neutron.db.ovn_revision_numbers_db [None req-34ef8c92-9938-4665-b2e2-448ede563162 d2ccc92890a54fa1ba1797d81b8e437c bd9316992cc3415f95f2a2398aa531dd - - default default] Successfully bumped revision number for resource 7711afbf-4c30-48a9-b509-29305358988a (type: networks) to 1
2026-07-14 18:57:13.801 10 WARNING neutron_lib.context [None req-51efcc3c-a20e-4226-925e-e3a60a29c2a3 55db2d371a704d7ab79b0a619815e0ce 964ac5f21e8a4e0f89da06718d533131 - - default default] Method 'is_advsvc' is deprecated since 2023.2 release (neutron-lib 3.8.0) and will be removed once support for the old RBAC API policies will be removed from Neutron. Please use method 'is_service_role' instead.
2026-07-14 18:57:13.954 9 WARNING neutron.scheduler.dhcp_agent_scheduler [None req-34ef8c92-9938-4665-b2e2-448ede563162 d2ccc92890a54fa1ba1797d81b8e437c bd9316992cc3415f95f2a2398aa531dd - - default default] No more DHCP agents
2026-07-14 18:57:13.957 9 WARNING neutron.api.rpc.agentnotifiers.dhcp_rpc_agent_api [None req-34ef8c92-9938-4665-b2e2-448ede563162 d2ccc92890a54fa1ba1797d81b8e437c bd9316992cc3415f95f2a2398aa531dd - - default default] Unable to schedule network 7711afbf-4c30-48a9-b509-29305358988a: no agents available; will retry on subsequent port and subnet creation events.
2026-07-14 18:57:13.972 10 INFO neutron.db.ovn_revision_numbers_db [None req-51efcc3c-a20e-4226-925e-e3a60a29c2a3 55db2d371a704d7ab79b0a619815e0ce 964ac5f21e8a4e0f89da06718d533131 - - default default] Successfully bumped revision number for resource 3323b138-8a18-4bbc-87f0-b833d2294237 (type: security_groups) to 1
2026-07-14 18:57:13.983 10 INFO neutron.wsgi [req-e849d9f2-14c1-4e66-8e89-8cbb53d22c77 req-d8e10181-5b7a-4fe5-acc5-a4361b80da54 a7d0a42cf3eb418db63db859bcefec50 889d449229ae4bdfbf34277e4ebedf2f - - 35ffeaa6bba0459dbb48b49e82dff028 35ffeaa6bba0459dbb48b49e82dff028] 199.19.213.161 "GET /v2.0/ports?device_id=559e9b91-aa11-43ff-8272-0f276a56632b&fields=binding%3Ahost_id&fields=binding%3Avif_type HTTP/1.1" status: 200 len: 265 time: 0.0529139
2026-07-14 18:57:13.991 10 INFO neutron.db.ovn_revision_numbers_db [None req-51efcc3c-a20e-4226-925e-e3a60a29c2a3 55db2d371a704d7ab79b0a619815e0ce 964ac5f21e8a4e0f89da06718d533131 - - default default] Successfully bumped revision number for resource 43021115-4a28-4874-8209-49f2ce97699f (type: security_group_rules) to 0
2026-07-14 18:57:14.004 10 INFO neutron.db.ovn_revision_numbers_db [None req-51efcc3c-a20e-4226-925e-e3a60a29c2a3 55db2d371a704d7ab79b0a619815e0ce 964ac5f21e8a4e0f89da06718d533131 - - default default] Successfully bumped revision number for resource 78823baf-4f0c-4058-997b-7136ed9d94cb (type: security_group_rules) to 0
2026-07-14 18:57:14.024 10 INFO neutron.db.ovn_revision_numbers_db [None req-51efcc3c-a20e-4226-925e-e3a60a29c2a3 55db2d371a704d7ab79b0a619815e0ce 964ac5f21e8a4e0f89da06718d533131 - - default default] Successfully bumped revision number for resource c05dd4bc-27d2-42eb-9fcc-9793529efbac (type: security_group_rules) to 0
2026-07-14 18:57:14.041 9 INFO neutron.db.ovn_revision_numbers_db [None req-34ef8c92-9938-4665-b2e2-448ede563162 d2ccc92890a54fa1ba1797d81b8e437c bd9316992cc3415f95f2a2398aa531dd - - default default] Successfully bumped revision number for resource e30cad88-8040-42ed-aad4-ebc9faccc4b5 (type: ports) to 1
2026-07-14 18:57:14.050 10 INFO neutron.db.ovn_revision_numbers_db [None req-51efcc3c-a20e-4226-925e-e3a60a29c2a3 55db2d371a704d7ab79b0a619815e0ce 964ac5f21e8a4e0f89da06718d533131 - - default default] Successfully bumped revision number for resource e7f9ba29-ed80-4d4a-bc78-b77cd1973a89 (type: security_group_rules) to 0
2026-07-14 18:57:14.075 9 INFO neutron.wsgi [None req-34ef8c92-9938-4665-b2e2-448ede563162 d2ccc92890a54fa1ba1797d81b8e437c bd9316992cc3415f95f2a2398aa531dd - - default default] 10.0.0.110 "POST /v2.0/networks HTTP/1.1" status: 201 len: 830 time: 0.6639824
2026-07-14 18:57:14.082 10 INFO neutron.wsgi [req-e849d9f2-14c1-4e66-8e89-8cbb53d22c77 req-074a160b-eb43-4dca-90e2-112b8cc00989 a7d0a42cf3eb418db63db859bcefec50 889d449229ae4bdfbf34277e4ebedf2f - - 35ffeaa6bba0459dbb48b49e82dff028 35ffeaa6bba0459dbb48b49e82dff028] 199.19.213.161 "GET /v2.0/ports?tenant_id=ecf48c17b60e4dd9a03d745c08490db4&device_id=559e9b91-aa11-43ff-8272-0f276a56632b HTTP/1.1" status: 200 len: 1638 time: 0.0565245
2026-07-14 18:57:14.086 9 WARNING neutron_lib.context [None req-55ea36e7-b780-4974-b5a0-ac1354eb4150 d2ccc92890a54fa1ba1797d81b8e437c bd9316992cc3415f95f2a2398aa531dd - - default default] Method 'is_advsvc' is deprecated since 2023.2 release (neutron-lib 3.8.0) and will be removed once support for the old RBAC API policies will be removed from Neutron. Please use method 'is_service_role' instead.
2026-07-14 18:57:14.123 10 INFO neutron.db.segments_db [None req-51efcc3c-a20e-4226-925e-e3a60a29c2a3 55db2d371a704d7ab79b0a619815e0ce 964ac5f21e8a4e0f89da06718d533131 - - default default] Added segment e143f4cb-92de-46c8-9ac9-6c2471430254 of type geneve for network 28a546d0-c024-4a73-b0f2-6ac462ee2a1b
2026-07-14 18:57:14.204 10 INFO neutron.wsgi [req-e849d9f2-14c1-4e66-8e89-8cbb53d22c77 req-8eb661df-096a-46a2-8081-2d94e4db6892 a7d0a42cf3eb418db63db859bcefec50 889d449229ae4bdfbf34277e4ebedf2f - - 35ffeaa6bba0459dbb48b49e82dff028 35ffeaa6bba0459dbb48b49e82dff028] 199.19.213.161 "GET /v2.0/networks?id=a527be45-3b0e-4283-87d1-4eb80dab3c90 HTTP/1.1" status: 200 len: 1003 time: 0.0942061
2026-07-14 18:57:14.285 10 INFO neutron.wsgi [req-e849d9f2-14c1-4e66-8e89-8cbb53d22c77 req-acc66d7f-a83e-4a1d-b89f-98ec9c5fde7d a7d0a42cf3eb418db63db859bcefec50 889d449229ae4bdfbf34277e4ebedf2f - - 35ffeaa6bba0459dbb48b49e82dff028 35ffeaa6bba0459dbb48b49e82dff028] 199.19.213.161 "GET /v2.0/floatingips?fixed_ip_address=10.2.1.149&port_id=1663b139-68ab-4718-8818-91da38e30199 HTTP/1.1" status: 200 len: 1059 time: 0.0741518
