2026-07-14 18:53:49.920 10 INFO neutron.wsgi [None req-3d84b2a2-9ac2-43b1-95b6-76c9027d3758 42c5276c71b348a9abacbf421c309197 ff7e564635fa43fa9e2dc3cdab6453c3 - - default default] 10.0.0.110 "PUT /v2.0/routers/5eadd8dc-aa63-4656-927c-8e4de9bfb69a/remove_router_interface HTTP/1.1" status: 200 len: 503 time: 1.9284389 /var/lib/openstack/lib/python3.10/site-packages/pycadf/identifier.py:71: UserWarning: Invalid uuid: neutron. To ensure interoperability, identifiers should be a valid uuid. warnings.warn(('Invalid uuid: %s. To ensure interoperability, ' /var/lib/openstack/lib/python3.10/site-packages/pycadf/identifier.py:71: UserWarning: Invalid uuid: neutron. To ensure interoperability, identifiers should be a valid uuid. warnings.warn(('Invalid uuid: %s. To ensure interoperability, '
2026-07-14 18:53:49.940 10 INFO neutron.wsgi [None req-f78b3792-1210-44d0-9ec6-95a7bd708b4a 531fea6437b0498d8b9710a3522dbbb3 95812c4971b24952bfb00f853360501f - - default default] 10.0.0.110 "GET /v2.0/ports/0b7c97c4-6257-4e35-b9b0-be274f33c60a HTTP/1.1" status: 200 len: 1135 time: 0.1667998
2026-07-14 18:53:50.108 10 INFO neutron.wsgi [-] 10.0.0.139 "GET / HTTP/1.1" status: 200 len: 247 time: 0.0023129
2026-07-14 18:53:50.110 10 INFO neutron.wsgi [-] 10.0.0.139 "GET / HTTP/1.1" status: 200 len: 247 time: 0.0017183
2026-07-14 18:53:50.352 9 INFO neutron.db.ovn_revision_numbers_db [None req-3c63232c-19a2-4b2a-a604-cff57cd558c9 42c5276c71b348a9abacbf421c309197 ff7e564635fa43fa9e2dc3cdab6453c3 - - default default] Successfully bumped revision number for resource d5d4ae28-5753-4207-b69a-a933e4daf16b (type: security_groups) to 1
2026-07-14 18:53:50.387 9 INFO neutron.db.ovn_revision_numbers_db [None req-3c63232c-19a2-4b2a-a604-cff57cd558c9 42c5276c71b348a9abacbf421c309197 ff7e564635fa43fa9e2dc3cdab6453c3 - - default default] Successfully bumped revision number for resource 4676aa23-9bcc-4ad4-8745-d9c885cdb0fb (type: security_group_rules) to 0
2026-07-14 18:53:50.408 9 INFO neutron.db.ovn_revision_numbers_db [None req-3c63232c-19a2-4b2a-a604-cff57cd558c9 42c5276c71b348a9abacbf421c309197 ff7e564635fa43fa9e2dc3cdab6453c3 - - default default] Successfully bumped revision number for resource 5f22ca21-aa1d-4971-b6c6-b5f0f5fd4e71 (type: security_group_rules) to 0
2026-07-14 18:53:50.437 9 INFO neutron.db.ovn_revision_numbers_db [None req-3c63232c-19a2-4b2a-a604-cff57cd558c9 42c5276c71b348a9abacbf421c309197 ff7e564635fa43fa9e2dc3cdab6453c3 - - default default] Successfully bumped revision number for resource 8aabe200-8eaa-4a30-8752-2ec409de42fb (type: security_group_rules) to 0
2026-07-14 18:53:50.490 9 INFO neutron.db.ovn_revision_numbers_db [None req-3c63232c-19a2-4b2a-a604-cff57cd558c9 42c5276c71b348a9abacbf421c309197 ff7e564635fa43fa9e2dc3cdab6453c3 - - default default] Successfully bumped revision number for resource c2e23a15-4e1c-4231-91fb-90cd87910c15 (type: security_group_rules) to 0
2026-07-14 18:53:50.518 9 INFO neutron.wsgi [None req-3c63232c-19a2-4b2a-a604-cff57cd558c9 42c5276c71b348a9abacbf421c309197 ff7e564635fa43fa9e2dc3cdab6453c3 - - default default] 10.0.0.110 "GET /v2.0/security-groups?tenant_id=57d03e1599704512a1b09ca625572430&name=default HTTP/1.1" status: 200 len: 3120 time: 0.4892168
2026-07-14 18:53:50.880 10 INFO neutron.wsgi [None req-16d1a2b4-5bbb-41fa-a1eb-371b73b4ac8b 42c5276c71b348a9abacbf421c309197 ff7e564635fa43fa9e2dc3cdab6453c3 - - default default] 10.0.0.110 "DELETE /v2.0/routers/5eadd8dc-aa63-4656-927c-8e4de9bfb69a HTTP/1.1" status: 204 len: 168 time: 0.9538994
2026-07-14 18:53:50.993 10 INFO neutron.wsgi [None req-4dd9461e-3701-4c32-a7a7-802dc010228d 531fea6437b0498d8b9710a3522dbbb3 95812c4971b24952bfb00f853360501f - - default default] 10.0.0.110 "GET /v2.0/ports/0b7c97c4-6257-4e35-b9b0-be274f33c60a HTTP/1.1" status: 200 len: 1135 time: 0.0468872
2026-07-14 18:53:51.112 10 INFO neutron.wsgi [None req-3747e702-34f0-4064-8fe4-033af576711c 42c5276c71b348a9abacbf421c309197 ff7e564635fa43fa9e2dc3cdab6453c3 - - default default] 10.0.0.110 "DELETE /v2.0/subnets/5ee1c9f6-d228-4c1d-8a46-519d4fcccc67 HTTP/1.1" status: 204 len: 168 time: 0.2273190
2026-07-14 18:53:51.182 9 INFO neutron.wsgi [None req-464a08b3-a9d7-418d-986a-a27e783b0bc4 42c5276c71b348a9abacbf421c309197 ff7e564635fa43fa9e2dc3cdab6453c3 - - default default] 10.0.0.110 "DELETE /v2.0/security-groups/d5d4ae28-5753-4207-b69a-a933e4daf16b HTTP/1.1" status: 204 len: 168 time: 0.6584158
2026-07-14 18:53:51.265 9 INFO neutron.wsgi [None req-af6d023e-bbcc-4cd1-b4c6-bebf808677c7 42c5276c71b348a9abacbf421c309197 ff7e564635fa43fa9e2dc3cdab6453c3 - - default default] 10.0.0.110 "DELETE /v2.0/routers/b90e76f3-ba09-40c6-a175-bbdddc64b626 HTTP/1.1" status: 204 len: 168 time: 1.3451636
2026-07-14 18:53:51.469 10 WARNING neutron.plugins.ml2.drivers.ovn.mech_driver.ovsdb.ovn_client [None req-d887c70c-8fc1-42e8-a873-0fff16e19d3d - - - - - -] No hosting information found for port 424e256c-2c3c-4c7c-a5c6-aef35a4f682f: RuntimeError: No hosting information found for port 424e256c-2c3c-4c7c-a5c6-aef35a4f682f
2026-07-14 18:53:51.498 10 INFO neutron.plugins.ml2.drivers.ovn.mech_driver.mech_driver [None req-d887c70c-8fc1-42e8-a873-0fff16e19d3d - - - - - -] OVN reports status up for port: 0b7c97c4-6257-4e35-b9b0-be274f33c60a
2026-07-14 18:53:51.509 10 INFO neutron.plugins.ml2.plugin [None req-d887c70c-8fc1-42e8-a873-0fff16e19d3d - - - - - -] Attempt 1 to provision port 0b7c97c4-6257-4e35-b9b0-be274f33c60a
2026-07-14 18:53:51.511 9 INFO neutron.wsgi [None req-3eaab399-8594-4d1e-ad10-fc088093ea16 42c5276c71b348a9abacbf421c309197 ff7e564635fa43fa9e2dc3cdab6453c3 - - default default] 10.0.0.110 "DELETE /v2.0/subnets/adb2dac1-cc10-4128-9ff7-3d6d242740f7 HTTP/1.1" status: 204 len: 168 time: 0.2414086
2026-07-14 18:53:51.897 10 INFO neutron.services.segments.plugin [-] Segment ac0c89d4-ac70-442f-939d-a0cfb014a2e1 resource provider aggregate not found
2026-07-14 18:53:51.901 10 INFO neutron.services.segments.plugin [-] Segment ac0c89d4-ac70-442f-939d-a0cfb014a2e1 resource provider aggregate not found
2026-07-14 18:53:51.920 10 INFO neutron.services.segments.plugin [-] Segment ac0c89d4-ac70-442f-939d-a0cfb014a2e1 resource provider not found; error: Placement Client Error (4xx): {"errors": [{"status": 404, "title": "Not Found", "detail": "The resource could not be found.\n\n No resource provider with uuid ac0c89d4-ac70-442f-939d-a0cfb014a2e1 found for delete ", "request_id": "req-3563f694-72a2-4862-8702-f65945f459f4"}]}
2026-07-14 18:53:51.925 10 INFO neutron.services.segments.plugin [-] Segment ac0c89d4-ac70-442f-939d-a0cfb014a2e1 resource provider not found; error: Placement Client Error (4xx): {"errors": [{"status": 404, "title": "Not Found", "detail": "The resource could not be found.\n\n No resource provider with uuid ac0c89d4-ac70-442f-939d-a0cfb014a2e1 found for delete ", "request_id": "req-c0b729d0-881f-43fc-889f-e3b2a52d485a"}]}
2026-07-14 18:53:51.942 9 INFO neutron.services.segments.plugin [-] Segment 2c84ae80-5d0d-47c9-b092-a5a0faab7070 resource provider aggregate not found
2026-07-14 18:53:51.947 9 INFO neutron.services.segments.plugin [-] Segment 2c84ae80-5d0d-47c9-b092-a5a0faab7070 resource provider aggregate not found
2026-07-14 18:53:51.963 9 INFO neutron.services.segments.plugin [-] Segment 2c84ae80-5d0d-47c9-b092-a5a0faab7070 resource provider not found; error: Placement Client Error (4xx): {"errors": [{"status": 404, "title": "Not Found", "detail": "The resource could not be found.\n\n No resource provider with uuid 2c84ae80-5d0d-47c9-b092-a5a0faab7070 found for delete ", "request_id": "req-658c0880-4353-4dc8-ac11-0f1172091b82"}]}
2026-07-14 18:53:51.964 9 INFO neutron.services.segments.plugin [-] Segment 2c84ae80-5d0d-47c9-b092-a5a0faab7070 resource provider not found; error: Placement Client Error (4xx): {"errors": [{"status": 404, "title": "Not Found", "detail": "The resource could not be found.\n\n No resource provider with uuid 2c84ae80-5d0d-47c9-b092-a5a0faab7070 found for delete ", "request_id": "req-345c8e80-31a1-4519-b206-6688d4ff29b2"}]}
2026-07-14 18:53:51.966 10 INFO neutron.wsgi [None req-4b2ec875-2965-48a1-8444-12c3d7fb221d 42c5276c71b348a9abacbf421c309197 ff7e564635fa43fa9e2dc3cdab6453c3 - - default default] 10.0.0.110 "DELETE /v2.0/networks/e4f09e0f-ee4c-42d7-bcb0-5ee6378c9717 HTTP/1.1" status: 204 len: 168 time: 0.8484216
2026-07-14 18:53:51.985 9 INFO neutron.wsgi [None req-aa4a4c0d-c1f1-4c59-afd0-74c7789841c4 42c5276c71b348a9abacbf421c309197 ff7e564635fa43fa9e2dc3cdab6453c3 - - default default] 10.0.0.110 "DELETE /v2.0/networks/fdb3a28f-c6f0-4c96-8414-2421ba3299fb HTTP/1.1" status: 204 len: 168 time: 0.4690981
2026-07-14 18:53:52.051 9 INFO neutron.wsgi [None req-62adf41c-1601-43cc-9807-61d3eff90795 531fea6437b0498d8b9710a3522dbbb3 95812c4971b24952bfb00f853360501f - - default default] 10.0.0.110 "GET /v2.0/ports/0b7c97c4-6257-4e35-b9b0-be274f33c60a HTTP/1.1" status: 200 len: 1137 time: 0.0519485
2026-07-14 18:53:52.067 10 INFO neutron.db.ovn_revision_numbers_db [None req-d887c70c-8fc1-42e8-a873-0fff16e19d3d - - - - - -] Successfully bumped revision number for resource 0b7c97c4-6257-4e35-b9b0-be274f33c60a (type: ports) to 2 /var/lib/openstack/lib/python3.10/site-packages/pycadf/identifier.py:71: UserWarning: Invalid uuid: neutron. To ensure interoperability, identifiers should be a valid uuid. warnings.warn(('Invalid uuid: %s. To ensure interoperability, '
2026-07-14 18:53:52.190 9 INFO neutron.wsgi [None req-bb2094fa-0463-4769-a5d8-55c18a2b8f73 42c5276c71b348a9abacbf421c309197 ff7e564635fa43fa9e2dc3cdab6453c3 - - default default] 10.0.0.110 "GET /v2.0/security-groups?tenant_id=e2749302ea844b22ab0af60f5a092c2f&name=default HTTP/1.1" status: 200 len: 3120 time: 0.0762537
2026-07-14 18:53:52.204 10 INFO neutron.wsgi [None req-8c25b998-c38a-4900-acc0-92836817fbd9 42c5276c71b348a9abacbf421c309197 ff7e564635fa43fa9e2dc3cdab6453c3 - - default default] 10.0.0.110 "GET /v2.0/security-groups?tenant_id=e399179270fa4d40b9d7560c5c7efd64&name=default HTTP/1.1" status: 200 len: 3120 time: 0.1246336
2026-07-14 18:53:52.261 10 INFO neutron.db.ovn_revision_numbers_db [None req-d887c70c-8fc1-42e8-a873-0fff16e19d3d - - - - - -] Successfully bumped revision number for resource 0b7c97c4-6257-4e35-b9b0-be274f33c60a (type: router_ports) to 2
2026-07-14 18:53:52.474 10 INFO neutron.wsgi [None req-3b9ca67e-79fb-4436-b049-6c5a9168664c 42c5276c71b348a9abacbf421c309197 ff7e564635fa43fa9e2dc3cdab6453c3 - - default default] 10.0.0.110 "DELETE /v2.0/security-groups/2a227244-1dbd-40d0-aeac-981fd721e85b HTTP/1.1" status: 204 len: 168 time: 0.2767386
2026-07-14 18:53:52.622 9 INFO neutron.wsgi [None req-4a3fa9ac-1ba6-44fa-b39e-3ffee7fd09bc 42c5276c71b348a9abacbf421c309197 ff7e564635fa43fa9e2dc3cdab6453c3 - - default default] 10.0.0.110 "DELETE /v2.0/security-groups/31a567a3-e23d-4b23-a1e5-8099491b5b45 HTTP/1.1" status: 204 len: 168 time: 0.4110804
2026-07-14 18:53:53.053 9 INFO neutron.wsgi [None req-a0dc2403-18df-4f1e-8795-8036fe8d9a58 531fea6437b0498d8b9710a3522dbbb3 95812c4971b24952bfb00f853360501f - - default default] 10.0.0.110 "PUT /v2.0/routers/f169efce-342d-44c9-8904-d6d6e9cf6fa1/remove_router_interface HTTP/1.1" status: 200 len: 503 time: 0.9962788 /var/lib/openstack/lib/python3.10/site-packages/pycadf/identifier.py:71: UserWarning: Invalid uuid: neutron. To ensure interoperability, identifiers should be a valid uuid. warnings.warn(('Invalid uuid: %s. To ensure interoperability, '
2026-07-14 18:53:53.171 9 INFO neutron.wsgi [None req-24d54f65-18d0-4d10-aaab-3a5a12786af9 531fea6437b0498d8b9710a3522dbbb3 95812c4971b24952bfb00f853360501f - - default default] 10.0.0.110 "GET /v2.0/ports/424e256c-2c3c-4c7c-a5c6-aef35a4f682f HTTP/1.1" status: 200 len: 1137 time: 0.1143630
2026-07-14 18:53:53.546 9 WARNING neutron_lib.context [None req-df750c6f-222a-4a73-aaaf-6898e08d4b45 5cb1416f75c54584ae3f5f5b3494aa6e 036d52029bf443d6bfd3b41710cd9746 - - default default] Method 'is_advsvc' is deprecated since 2023.2 release (neutron-lib 3.8.0) and will be removed once support for the old RBAC API policies will be removed from Neutron. Please use method 'is_service_role' instead.
2026-07-14 18:53:53.777 9 INFO neutron.db.ovn_revision_numbers_db [None req-df750c6f-222a-4a73-aaaf-6898e08d4b45 5cb1416f75c54584ae3f5f5b3494aa6e 036d52029bf443d6bfd3b41710cd9746 - - default default] Successfully bumped revision number for resource ef8cfc8e-709f-4603-a666-6c3f5c48dc09 (type: security_groups) to 1
2026-07-14 18:53:53.822 9 INFO neutron.db.ovn_revision_numbers_db [None req-df750c6f-222a-4a73-aaaf-6898e08d4b45 5cb1416f75c54584ae3f5f5b3494aa6e 036d52029bf443d6bfd3b41710cd9746 - - default default] Successfully bumped revision number for resource 90282c97-0615-4576-8cf1-6ebf802ee9be (type: security_group_rules) to 0
2026-07-14 18:53:53.844 9 INFO neutron.db.ovn_revision_numbers_db [None req-df750c6f-222a-4a73-aaaf-6898e08d4b45 5cb1416f75c54584ae3f5f5b3494aa6e 036d52029bf443d6bfd3b41710cd9746 - - default default] Successfully bumped revision number for resource a92529d5-d4aa-4d0e-8dfc-30171b61f192 (type: security_group_rules) to 0
2026-07-14 18:53:53.862 9 INFO neutron.db.ovn_revision_numbers_db [None req-df750c6f-222a-4a73-aaaf-6898e08d4b45 5cb1416f75c54584ae3f5f5b3494aa6e 036d52029bf443d6bfd3b41710cd9746 - - default default] Successfully bumped revision number for resource adca028b-f4a4-4529-ac34-a58a6736591d (type: security_group_rules) to 0
2026-07-14 18:53:53.876 9 INFO neutron.db.ovn_revision_numbers_db [None req-df750c6f-222a-4a73-aaaf-6898e08d4b45 5cb1416f75c54584ae3f5f5b3494aa6e 036d52029bf443d6bfd3b41710cd9746 - - default default] Successfully bumped revision number for resource ce18b1a4-8209-411d-9fc2-5ecf738c8a35 (type: security_group_rules) to 0
2026-07-14 18:53:53.979 9 INFO neutron.db.segments_db [None req-df750c6f-222a-4a73-aaaf-6898e08d4b45 5cb1416f75c54584ae3f5f5b3494aa6e 036d52029bf443d6bfd3b41710cd9746 - - default default] Added segment 1dad0124-16fc-444e-b39f-5737cb174d29 of type geneve for network 8ee0dde9-6aae-492a-a628-1fcff158d498
2026-07-14 18:53:54.051 9 INFO neutron.wsgi [None req-dedf322a-140a-4898-b746-25edec7678d1 531fea6437b0498d8b9710a3522dbbb3 95812c4971b24952bfb00f853360501f - - default default] 10.0.0.110 "PUT /v2.0/routers/f169efce-342d-44c9-8904-d6d6e9cf6fa1/remove_router_interface HTTP/1.1" status: 200 len: 503 time: 0.8747892
2026-07-14 18:53:54.081 10 INFO neutron.wsgi [None req-513d1591-538d-49aa-bb41-0c1c6c0fea33 531fea6437b0498d8b9710a3522dbbb3 95812c4971b24952bfb00f853360501f - - default default] 10.0.0.110 "GET /v2.0/ports?device_id=f169efce-342d-44c9-8904-d6d6e9cf6fa1 HTTP/1.1" status: 200 len: 205 time: 0.0250988
2026-07-14 18:53:54.162 9 INFO neutron.db.ovn_revision_numbers_db [None req-df750c6f-222a-4a73-aaaf-6898e08d4b45 5cb1416f75c54584ae3f5f5b3494aa6e 036d52029bf443d6bfd3b41710cd9746 - - default default] Successfully bumped revision number for resource 8ee0dde9-6aae-492a-a628-1fcff158d498 (type: networks) to 1
2026-07-14 18:53:54.351 10 INFO neutron.wsgi [None req-6af1620f-a938-4721-ba19-eba9430b2b40 531fea6437b0498d8b9710a3522dbbb3 95812c4971b24952bfb00f853360501f - - default default] 10.0.0.110 "DELETE /v2.0/routers/f169efce-342d-44c9-8904-d6d6e9cf6fa1 HTTP/1.1" status: 204 len: 168 time: 0.2629220
2026-07-14 18:53:54.382 9 WARNING neutron.scheduler.dhcp_agent_scheduler [None req-df750c6f-222a-4a73-aaaf-6898e08d4b45 5cb1416f75c54584ae3f5f5b3494aa6e 036d52029bf443d6bfd3b41710cd9746 - - default default] No more DHCP agents
2026-07-14 18:53:54.385 9 WARNING neutron.api.rpc.agentnotifiers.dhcp_rpc_agent_api [None req-df750c6f-222a-4a73-aaaf-6898e08d4b45 5cb1416f75c54584ae3f5f5b3494aa6e 036d52029bf443d6bfd3b41710cd9746 - - default default] Unable to schedule network 8ee0dde9-6aae-492a-a628-1fcff158d498: no agents available; will retry on subsequent port and subnet creation events. /var/lib/openstack/lib/python3.10/site-packages/pycadf/identifier.py:71: UserWarning: Invalid uuid: neutron. To ensure interoperability, identifiers should be a valid uuid. warnings.warn(('Invalid uuid: %s. To ensure interoperability, '
2026-07-14 18:53:54.511 9 INFO neutron.db.ovn_revision_numbers_db [None req-df750c6f-222a-4a73-aaaf-6898e08d4b45 5cb1416f75c54584ae3f5f5b3494aa6e 036d52029bf443d6bfd3b41710cd9746 - - default default] Successfully bumped revision number for resource 9f7347e1-5ad0-4632-938c-352a7a85a5da (type: ports) to 1
2026-07-14 18:53:54.539 9 INFO neutron.wsgi [None req-df750c6f-222a-4a73-aaaf-6898e08d4b45 5cb1416f75c54584ae3f5f5b3494aa6e 036d52029bf443d6bfd3b41710cd9746 - - default default] 10.0.0.110 "POST /v2.0/networks HTTP/1.1" status: 201 len: 847 time: 1.1997132
2026-07-14 18:53:54.550 9 WARNING neutron_lib.context [None req-e55ebac8-526e-4148-a757-73692dd91356 5cb1416f75c54584ae3f5f5b3494aa6e 036d52029bf443d6bfd3b41710cd9746 - - default default] Method 'is_advsvc' is deprecated since 2023.2 release (neutron-lib 3.8.0) and will be removed once support for the old RBAC API policies will be removed from Neutron. Please use method 'is_service_role' instead.
2026-07-14 18:53:54.629 9 INFO neutron.db.ovn_revision_numbers_db [None req-793a2eab-9329-4b20-a358-b6fcccfe23c1 42c5276c71b348a9abacbf421c309197 ff7e564635fa43fa9e2dc3cdab6453c3 - - default default] Successfully bumped revision number for resource fb776468-9c1f-4186-9519-502c29d5c1ad (type: security_groups) to 1
2026-07-14 18:53:54.632 10 INFO neutron.wsgi [None req-2c9091ca-f115-4ed4-ace9-b757ef2a2c1d 531fea6437b0498d8b9710a3522dbbb3 95812c4971b24952bfb00f853360501f - - default default] 10.0.0.110 "DELETE /v2.0/subnets/4d032e55-a4e7-4d23-a6f7-36185601627d HTTP/1.1" status: 204 len: 168 time: 0.2774878
2026-07-14 18:53:54.652 9 INFO neutron.db.ovn_revision_numbers_db [None req-793a2eab-9329-4b20-a358-b6fcccfe23c1 42c5276c71b348a9abacbf421c309197 ff7e564635fa43fa9e2dc3cdab6453c3 - - default default] Successfully bumped revision number for resource 082de83f-ae63-40be-ad6a-3f6fef62c6dc (type: security_group_rules) to 0
2026-07-14 18:53:54.681 9 INFO neutron.db.ovn_revision_numbers_db [None req-793a2eab-9329-4b20-a358-b6fcccfe23c1 42c5276c71b348a9abacbf421c309197 ff7e564635fa43fa9e2dc3cdab6453c3 - - default default] Successfully bumped revision number for resource 0cc9c89d-9a35-4bf0-8e7b-fec625615ada (type: security_group_rules) to 0
2026-07-14 18:53:54.704 9 INFO neutron.db.ovn_revision_numbers_db [None req-793a2eab-9329-4b20-a358-b6fcccfe23c1 42c5276c71b348a9abacbf421c309197 ff7e564635fa43fa9e2dc3cdab6453c3 - - default default] Successfully bumped revision number for resource 3ac266e2-a537-470c-b684-dace156792ee (type: security_group_rules) to 0
2026-07-14 18:53:54.731 9 INFO neutron.db.ovn_revision_numbers_db [None req-793a2eab-9329-4b20-a358-b6fcccfe23c1 42c5276c71b348a9abacbf421c309197 ff7e564635fa43fa9e2dc3cdab6453c3 - - default default] Successfully bumped revision number for resource 5f938953-a29c-4fd7-bece-33347303fb2a (type: security_group_rules) to 0
2026-07-14 18:53:54.790 9 INFO neutron.db.segments_db [None req-793a2eab-9329-4b20-a358-b6fcccfe23c1 42c5276c71b348a9abacbf421c309197 ff7e564635fa43fa9e2dc3cdab6453c3 - - default default] Added segment 9960f42d-568c-42d9-b5e6-159fe4fb5f2c of type geneve for network 2aadd748-b16e-462b-8764-89cb721abac3
2026-07-14 18:53:54.887 10 INFO neutron.wsgi [None req-2d104d26-7b82-47fa-a489-a5c5315ccba5 531fea6437b0498d8b9710a3522dbbb3 95812c4971b24952bfb00f853360501f - - default default] 10.0.0.110 "DELETE /v2.0/subnets/3d17f549-ab9b-4fc9-84c0-3105252f4e25 HTTP/1.1" status: 204 len: 168 time: 0.2496383
2026-07-14 18:53:54.908 9 WARNING neutron.scheduler.dhcp_agent_scheduler [None req-e55ebac8-526e-4148-a757-73692dd91356 5cb1416f75c54584ae3f5f5b3494aa6e 036d52029bf443d6bfd3b41710cd9746 - - default default] No more DHCP agents
2026-07-14 18:53:54.925 9 WARNING neutron.api.rpc.agentnotifiers.dhcp_rpc_agent_api [None req-e55ebac8-526e-4148-a757-73692dd91356 5cb1416f75c54584ae3f5f5b3494aa6e 036d52029bf443d6bfd3b41710cd9746 - - default default] Unable to schedule network 8ee0dde9-6aae-492a-a628-1fcff158d498: no agents available; will retry on subsequent port and subnet creation events.
2026-07-14 18:53:55.018 9 INFO neutron.db.ovn_revision_numbers_db [None req-793a2eab-9329-4b20-a358-b6fcccfe23c1 42c5276c71b348a9abacbf421c309197 ff7e564635fa43fa9e2dc3cdab6453c3 - - default default] Successfully bumped revision number for resource 2aadd748-b16e-462b-8764-89cb721abac3 (type: networks) to 1
2026-07-14 18:53:55.099 9 INFO neutron.db.ovn_revision_numbers_db [None req-e55ebac8-526e-4148-a757-73692dd91356 5cb1416f75c54584ae3f5f5b3494aa6e 036d52029bf443d6bfd3b41710cd9746 - - default default] Successfully bumped revision number for resource 2f459e13-b918-487a-a3ee-aceff7dd1c7e (type: ports) to 1
2026-07-14 18:53:55.159 9 INFO neutron.wsgi [None req-e55ebac8-526e-4148-a757-73692dd91356 5cb1416f75c54584ae3f5f5b3494aa6e 036d52029bf443d6bfd3b41710cd9746 - - default default] 10.0.0.110 "POST /v2.0/ports HTTP/1.1" status: 201 len: 977 time: 0.6145060
2026-07-14 18:53:55.171 10 WARNING neutron_lib.context [None req-8cbc9b85-efa3-46bc-95a1-a4c34fbfd718 5cb1416f75c54584ae3f5f5b3494aa6e 036d52029bf443d6bfd3b41710cd9746 - - default default] Method 'is_advsvc' is deprecated since 2023.2 release (neutron-lib 3.8.0) and will be removed once support for the old RBAC API policies will be removed from Neutron. Please use method 'is_service_role' instead.
2026-07-14 18:53:55.280 9 WARNING neutron.scheduler.dhcp_agent_scheduler [None req-793a2eab-9329-4b20-a358-b6fcccfe23c1 42c5276c71b348a9abacbf421c309197 ff7e564635fa43fa9e2dc3cdab6453c3 - - default default] No more DHCP agents
2026-07-14 18:53:55.282 9 WARNING neutron.api.rpc.agentnotifiers.dhcp_rpc_agent_api [None req-793a2eab-9329-4b20-a358-b6fcccfe23c1 42c5276c71b348a9abacbf421c309197 ff7e564635fa43fa9e2dc3cdab6453c3 - - default default] Unable to schedule network 2aadd748-b16e-462b-8764-89cb721abac3: no agents available; will retry on subsequent port and subnet creation events.
2026-07-14 18:53:55.329 10 INFO neutron.db.segments_db [None req-8cbc9b85-efa3-46bc-95a1-a4c34fbfd718 5cb1416f75c54584ae3f5f5b3494aa6e 036d52029bf443d6bfd3b41710cd9746 - - default default] Added segment 486c40ac-360f-4d5f-981f-91c05ebadb91 of type geneve for network cd72ba70-1eb5-4ada-bf5e-93d4ba881527
2026-07-14 18:53:55.372 10 INFO neutron.services.segments.plugin [-] Segment 35a0b58b-f7dd-41dc-a4eb-bd35dff1fff5 resource provider aggregate not found
2026-07-14 18:53:55.386 9 INFO neutron.db.ovn_revision_numbers_db [None req-793a2eab-9329-4b20-a358-b6fcccfe23c1 42c5276c71b348a9abacbf421c309197 ff7e564635fa43fa9e2dc3cdab6453c3 - - default default] Successfully bumped revision number for resource 7ec732b4-8d2d-4115-a6d2-05b667265814 (type: ports) to 1
2026-07-14 18:53:55.390 10 INFO neutron.services.segments.plugin [-] Segment 35a0b58b-f7dd-41dc-a4eb-bd35dff1fff5 resource provider aggregate not found
2026-07-14 18:53:55.409 10 INFO neutron.services.segments.plugin [-] Segment 35a0b58b-f7dd-41dc-a4eb-bd35dff1fff5 resource provider not found; error: Placement Client Error (4xx): {"errors": [{"status": 404, "title": "Not Found", "detail": "The resource could not be found.\n\n No resource provider with uuid 35a0b58b-f7dd-41dc-a4eb-bd35dff1fff5 found for delete ", "request_id": "req-d5702b4a-87c6-40c9-b10a-ec870657271b"}]}
2026-07-14 18:53:55.414 9 INFO neutron.wsgi [None req-793a2eab-9329-4b20-a358-b6fcccfe23c1 42c5276c71b348a9abacbf421c309197 ff7e564635fa43fa9e2dc3cdab6453c3 - - default default] 10.0.0.110 "POST /v2.0/networks HTTP/1.1" status: 201 len: 945 time: 1.2933865
2026-07-14 18:53:55.415 10 INFO neutron.services.segments.plugin [-] Segment 35a0b58b-f7dd-41dc-a4eb-bd35dff1fff5 resource provider not found; error: Placement Client Error (4xx): {"errors": [{"status": 404, "title": "Not Found", "detail": "The resource could not be found.\n\n No resource provider with uuid 35a0b58b-f7dd-41dc-a4eb-bd35dff1fff5 found for delete ", "request_id": "req-a428a2ff-17bf-4014-8d53-8f53032d3c38"}]} /var/lib/openstack/lib/python3.10/site-packages/pycadf/identifier.py:71: UserWarning: Invalid uuid: neutron. To ensure interoperability, identifiers should be a valid uuid. warnings.warn(('Invalid uuid: %s. To ensure interoperability, '
2026-07-14 18:53:55.483 10 INFO neutron.wsgi [None req-15c43b9b-687b-473a-affb-6ce356c8491b 531fea6437b0498d8b9710a3522dbbb3 95812c4971b24952bfb00f853360501f - - default default] 10.0.0.110 "DELETE /v2.0/networks/6230c824-38de-4882-b6d1-77a64e08b9b8 HTTP/1.1" status: 204 len: 168 time: 0.5911338
2026-07-14 18:53:55.615 10 INFO neutron.db.ovn_revision_numbers_db [None req-8cbc9b85-efa3-46bc-95a1-a4c34fbfd718 5cb1416f75c54584ae3f5f5b3494aa6e 036d52029bf443d6bfd3b41710cd9746 - - default default] Successfully bumped revision number for resource cd72ba70-1eb5-4ada-bf5e-93d4ba881527 (type: networks) to 1
2026-07-14 18:53:55.823 10 WARNING neutron.scheduler.dhcp_agent_scheduler [None req-8cbc9b85-efa3-46bc-95a1-a4c34fbfd718 5cb1416f75c54584ae3f5f5b3494aa6e 036d52029bf443d6bfd3b41710cd9746 - - default default] No more DHCP agents
2026-07-14 18:53:55.825 10 WARNING neutron.api.rpc.agentnotifiers.dhcp_rpc_agent_api [None req-8cbc9b85-efa3-46bc-95a1-a4c34fbfd718 5cb1416f75c54584ae3f5f5b3494aa6e 036d52029bf443d6bfd3b41710cd9746 - - default default] Unable to schedule network cd72ba70-1eb5-4ada-bf5e-93d4ba881527: no agents available; will retry on subsequent port and subnet creation events.
2026-07-14 18:53:55.924 10 INFO neutron.db.ovn_revision_numbers_db [None req-8cbc9b85-efa3-46bc-95a1-a4c34fbfd718 5cb1416f75c54584ae3f5f5b3494aa6e 036d52029bf443d6bfd3b41710cd9746 - - default default] Successfully bumped revision number for resource d2b0d3b3-0ade-4ee9-a2ab-cfac91411b85 (type: ports) to 1
2026-07-14 18:53:55.949 10 INFO neutron.wsgi [None req-8cbc9b85-efa3-46bc-95a1-a4c34fbfd718 5cb1416f75c54584ae3f5f5b3494aa6e 036d52029bf443d6bfd3b41710cd9746 - - default default] 10.0.0.110 "POST /v2.0/networks HTTP/1.1" status: 201 len: 835 time: 0.7843735
2026-07-14 18:53:55.960 10 WARNING neutron_lib.context [None req-d536c725-71ab-4283-b82c-5ad1a1983269 5cb1416f75c54584ae3f5f5b3494aa6e 036d52029bf443d6bfd3b41710cd9746 - - default default] Method 'is_advsvc' is deprecated since 2023.2 release (neutron-lib 3.8.0) and will be removed once support for the old RBAC API policies will be removed from Neutron. Please use method 'is_service_role' instead.
2026-07-14 18:53:56.000 9 WARNING neutron.scheduler.dhcp_agent_scheduler [None req-9d287e51-cd95-43c9-b74d-47598b1b1efb 42c5276c71b348a9abacbf421c309197 ff7e564635fa43fa9e2dc3cdab6453c3 - - default default] No more DHCP agents
2026-07-14 18:53:56.008 9 WARNING neutron.api.rpc.agentnotifiers.dhcp_rpc_agent_api [None req-9d287e51-cd95-43c9-b74d-47598b1b1efb 42c5276c71b348a9abacbf421c309197 ff7e564635fa43fa9e2dc3cdab6453c3 - - default default] Unable to schedule network 2aadd748-b16e-462b-8764-89cb721abac3: no agents available; will retry on subsequent port and subnet creation events.
2026-07-14 18:53:56.241 10 WARNING neutron.scheduler.dhcp_agent_scheduler [None req-d536c725-71ab-4283-b82c-5ad1a1983269 5cb1416f75c54584ae3f5f5b3494aa6e 036d52029bf443d6bfd3b41710cd9746 - - default default] No more DHCP agents
2026-07-14 18:53:56.243 10 WARNING neutron.api.rpc.agentnotifiers.dhcp_rpc_agent_api [None req-d536c725-71ab-4283-b82c-5ad1a1983269 5cb1416f75c54584ae3f5f5b3494aa6e 036d52029bf443d6bfd3b41710cd9746 - - default default] Unable to schedule network cd72ba70-1eb5-4ada-bf5e-93d4ba881527: no agents available; will retry on subsequent port and subnet creation events.
2026-07-14 18:53:56.264 9 INFO neutron.db.ovn_revision_numbers_db [None req-d4869ab5-7533-4384-828c-ff738ed0c4e4 42c5276c71b348a9abacbf421c309197 ff7e564635fa43fa9e2dc3cdab6453c3 - - default default] Successfully bumped revision number for resource 08818e04-6e51-4cfc-adc4-e5859c6f287b (type: security_groups) to 1
2026-07-14 18:53:56.276 10 INFO neutron.db.ovn_revision_numbers_db [None req-d536c725-71ab-4283-b82c-5ad1a1983269 5cb1416f75c54584ae3f5f5b3494aa6e 036d52029bf443d6bfd3b41710cd9746 - - default default] Successfully bumped revision number for resource 7d88c153-9dd4-48c3-8c34-4dff68a9a0d1 (type: subnets) to 0
2026-07-14 18:53:56.296 10 INFO neutron.wsgi [None req-d536c725-71ab-4283-b82c-5ad1a1983269 5cb1416f75c54584ae3f5f5b3494aa6e 036d52029bf443d6bfd3b41710cd9746 - - default default] 10.0.0.110 "POST /v2.0/subnets HTTP/1.1" status: 201 len: 821 time: 0.3417428
2026-07-14 18:53:56.310 10 WARNING neutron_lib.context [None req-b46aa863-5c02-460e-82fc-c6d288e16f00 5cb1416f75c54584ae3f5f5b3494aa6e 036d52029bf443d6bfd3b41710cd9746 - - default default] Method 'is_advsvc' is deprecated since 2023.2 release (neutron-lib 3.8.0) and will be removed once support for the old RBAC API policies will be removed from Neutron. Please use method 'is_service_role' instead.
2026-07-14 18:53:56.315 9 INFO neutron.db.ovn_revision_numbers_db [None req-d4869ab5-7533-4384-828c-ff738ed0c4e4 42c5276c71b348a9abacbf421c309197 ff7e564635fa43fa9e2dc3cdab6453c3 - - default default] Successfully bumped revision number for resource 16b8ede3-5b83-4236-8d88-ad200efb2feb (type: security_group_rules) to 0
2026-07-14 18:53:56.360 9 INFO neutron.db.ovn_revision_numbers_db [None req-d4869ab5-7533-4384-828c-ff738ed0c4e4 42c5276c71b348a9abacbf421c309197 ff7e564635fa43fa9e2dc3cdab6453c3 - - default default] Successfully bumped revision number for resource 45247cd8-a081-486d-ab06-3a1f9cd3c4f3 (type: security_group_rules) to 0
2026-07-14 18:53:56.416 9 INFO neutron.db.ovn_revision_numbers_db [None req-d4869ab5-7533-4384-828c-ff738ed0c4e4 42c5276c71b348a9abacbf421c309197 ff7e564635fa43fa9e2dc3cdab6453c3 - - default default] Successfully bumped revision number for resource 89dcb873-066e-4201-9b0f-17935bce32e9 (type: security_group_rules) to 0
2026-07-14 18:53:56.465 9 INFO neutron.services.segments.plugin [-] Segment 12edd05b-5114-459a-8783-9ef280ecbb60 resource provider aggregate not found
2026-07-14 18:53:56.474 9 INFO neutron.services.segments.plugin [-] Segment 12edd05b-5114-459a-8783-9ef280ecbb60 resource provider aggregate not found
2026-07-14 18:53:56.488 9 INFO neutron.db.ovn_revision_numbers_db [None req-d4869ab5-7533-4384-828c-ff738ed0c4e4 42c5276c71b348a9abacbf421c309197 ff7e564635fa43fa9e2dc3cdab6453c3 - - default default] Successfully bumped revision number for resource a1e31380-7e8d-4eea-b961-681e57a17d78 (type: security_group_rules) to 0
2026-07-14 18:53:56.491 9 INFO neutron.services.segments.plugin [-] Segment 12edd05b-5114-459a-8783-9ef280ecbb60 resource provider not found; error: Placement Client Error (4xx): {"errors": [{"status": 404, "title": "Not Found", "detail": "The resource could not be found.\n\n No resource provider with uuid 12edd05b-5114-459a-8783-9ef280ecbb60 found for delete ", "request_id": "req-4dd6b634-b9e2-48bf-b34e-c49ab15b0aa7"}]}
2026-07-14 18:53:56.500 9 INFO neutron.services.segments.plugin [-] Segment 12edd05b-5114-459a-8783-9ef280ecbb60 resource provider not found; error: Placement Client Error (4xx): {"errors": [{"status": 404, "title": "Not Found", "detail": "The resource could not be found.\n\n No resource provider with uuid 12edd05b-5114-459a-8783-9ef280ecbb60 found for delete ", "request_id": "req-f8b321eb-4d3e-43f2-8e82-4045806910cb"}]}
2026-07-14 18:53:56.537 9 INFO neutron.wsgi [None req-d4869ab5-7533-4384-828c-ff738ed0c4e4 42c5276c71b348a9abacbf421c309197 ff7e564635fa43fa9e2dc3cdab6453c3 - - default default] 10.0.0.110 "GET /v2.0/security-groups?tenant_id=bfee3749220049f89a7b6a42fba9b4b9&name=default HTTP/1.1" status: 200 len: 3120 time: 0.9581704
2026-07-14 18:53:56.562 9 INFO neutron.wsgi [None req-1b79fc62-b129-451d-b8e1-c4b40b869fa4 531fea6437b0498d8b9710a3522dbbb3 95812c4971b24952bfb00f853360501f - - default default] 10.0.0.110 "DELETE /v2.0/networks/db508a00-9d66-412b-aae7-d6540948a9ca HTTP/1.1" status: 204 len: 168 time: 1.0726342
2026-07-14 18:53:56.574 9 WARNING neutron_lib.context [None req-9ea1e37a-2580-42d8-9c34-0442255f2250 531fea6437b0498d8b9710a3522dbbb3 95812c4971b24952bfb00f853360501f - - default default] Method 'is_advsvc' is deprecated since 2023.2 release (neutron-lib 3.8.0) and will be removed once support for the old RBAC API policies will be removed from Neutron. Please use method 'is_service_role' instead.
2026-07-14 18:53:56.690 9 INFO neutron.db.segments_db [None req-9ea1e37a-2580-42d8-9c34-0442255f2250 531fea6437b0498d8b9710a3522dbbb3 95812c4971b24952bfb00f853360501f - - default default] Added segment c9f1aac9-643f-4945-98f5-e16605be6a3e of type geneve for network 9f62387e-cd05-48a9-a2fd-b1e49d122e1a
2026-07-14 18:53:56.790 10 WARNING neutron.scheduler.dhcp_agent_scheduler [None req-b46aa863-5c02-460e-82fc-c6d288e16f00 5cb1416f75c54584ae3f5f5b3494aa6e 036d52029bf443d6bfd3b41710cd9746 - - default default] No more DHCP agents
2026-07-14 18:53:56.794 10 WARNING neutron.api.rpc.agentnotifiers.dhcp_rpc_agent_api [None req-b46aa863-5c02-460e-82fc-c6d288e16f00 5cb1416f75c54584ae3f5f5b3494aa6e 036d52029bf443d6bfd3b41710cd9746 - - default default] Unable to schedule network cd72ba70-1eb5-4ada-bf5e-93d4ba881527: no agents available; will retry on subsequent port and subnet creation events.
2026-07-14 18:53:56.872 10 INFO neutron.wsgi [None req-f35e269d-29a8-4f5f-a7a1-adf1f04704e6 42c5276c71b348a9abacbf421c309197 ff7e564635fa43fa9e2dc3cdab6453c3 - - default default] 10.0.0.110 "DELETE /v2.0/security-groups/08818e04-6e51-4cfc-adc4-e5859c6f287b HTTP/1.1" status: 204 len: 168 time: 0.3282120
2026-07-14 18:53:56.923 10 INFO neutron.db.ovn_revision_numbers_db [None req-b46aa863-5c02-460e-82fc-c6d288e16f00 5cb1416f75c54584ae3f5f5b3494aa6e 036d52029bf443d6bfd3b41710cd9746 - - default default] Successfully bumped revision number for resource 242fd913-4283-4134-bed0-63c5071232ff (type: ports) to 1
2026-07-14 18:53:56.943 9 INFO neutron.db.ovn_revision_numbers_db [None req-9ea1e37a-2580-42d8-9c34-0442255f2250 531fea6437b0498d8b9710a3522dbbb3 95812c4971b24952bfb00f853360501f - - default default] Successfully bumped revision number for resource 9f62387e-cd05-48a9-a2fd-b1e49d122e1a (type: networks) to 1
2026-07-14 18:53:56.949 10 INFO neutron.wsgi [None req-b46aa863-5c02-460e-82fc-c6d288e16f00 5cb1416f75c54584ae3f5f5b3494aa6e 036d52029bf443d6bfd3b41710cd9746 - - default default] 10.0.0.110 "POST /v2.0/ports HTTP/1.1" status: 201 len: 1160 time: 0.6478133 /var/lib/openstack/lib/python3.10/site-packages/pycadf/identifier.py:71: UserWarning: Invalid uuid: neutron. To ensure interoperability, identifiers should be a valid uuid. warnings.warn(('Invalid uuid: %s. To ensure interoperability, '
2026-07-14 18:53:56.988 9 INFO neutron.db.ovn_revision_numbers_db [None req-9d287e51-cd95-43c9-b74d-47598b1b1efb 42c5276c71b348a9abacbf421c309197 ff7e564635fa43fa9e2dc3cdab6453c3 - - default default] Successfully bumped revision number for resource 7ec732b4-8d2d-4115-a6d2-05b667265814 (type: ports) to 2
2026-07-14 18:53:57.071 9 INFO neutron.db.ovn_revision_numbers_db [None req-9d287e51-cd95-43c9-b74d-47598b1b1efb 42c5276c71b348a9abacbf421c309197 ff7e564635fa43fa9e2dc3cdab6453c3 - - default default] Successfully bumped revision number for resource 5c01e731-8d0c-4f47-8a1f-1201185ca2d6 (type: subnets) to 0
2026-07-14 18:53:57.098 9 INFO neutron.wsgi [None req-9d287e51-cd95-43c9-b74d-47598b1b1efb 42c5276c71b348a9abacbf421c309197 ff7e564635fa43fa9e2dc3cdab6453c3 - - default default] 10.0.0.110 "POST /v2.0/subnets HTTP/1.1" status: 201 len: 866 time: 1.6734231
2026-07-14 18:53:57.220 9 WARNING neutron.scheduler.dhcp_agent_scheduler [None req-9ea1e37a-2580-42d8-9c34-0442255f2250 531fea6437b0498d8b9710a3522dbbb3 95812c4971b24952bfb00f853360501f - - default default] No more DHCP agents
2026-07-14 18:53:57.226 9 WARNING neutron.api.rpc.agentnotifiers.dhcp_rpc_agent_api [None req-9ea1e37a-2580-42d8-9c34-0442255f2250 531fea6437b0498d8b9710a3522dbbb3 95812c4971b24952bfb00f853360501f - - default default] Unable to schedule network 9f62387e-cd05-48a9-a2fd-b1e49d122e1a: no agents available; will retry on subsequent port and subnet creation events.
2026-07-14 18:53:57.279 10 WARNING neutron.plugins.ml2.drivers.ovn.mech_driver.ovsdb.ovn_client [None req-d887c70c-8fc1-42e8-a873-0fff16e19d3d - - - - - -] No port found with ID 0b7c97c4-6257-4e35-b9b0-be274f33c60a: RuntimeError: No port found with ID 0b7c97c4-6257-4e35-b9b0-be274f33c60a
2026-07-14 18:53:57.322 10 INFO neutron.wsgi [None req-f4fdd50d-e7fe-49da-85c9-60b159e001e3 5cb1416f75c54584ae3f5f5b3494aa6e 036d52029bf443d6bfd3b41710cd9746 - - default default] 10.0.0.110 "DELETE /v2.0/ports/242fd913-4283-4134-bed0-63c5071232ff HTTP/1.1" status: 204 len: 168 time: 0.3680530
2026-07-14 18:53:57.353 10 INFO neutron.pecan_wsgi.hooks.translation [None req-b154016e-a401-48e6-ace9-3563b8b39b13 5cb1416f75c54584ae3f5f5b3494aa6e 036d52029bf443d6bfd3b41710cd9746 - - default default] DELETE failed (client error): The resource could not be found.
2026-07-14 18:53:57.360 10 INFO neutron.wsgi [None req-b154016e-a401-48e6-ace9-3563b8b39b13 5cb1416f75c54584ae3f5f5b3494aa6e 036d52029bf443d6bfd3b41710cd9746 - - default default] 10.0.0.110 "DELETE /v2.0/ports/242fd913-4283-4134-bed0-63c5071232ff HTTP/1.1" status: 404 len: 333 time: 0.0273838
2026-07-14 18:53:57.396 10 INFO neutron.pecan_wsgi.hooks.translation [None req-9f631590-41f1-46ed-81d3-36a403b1e946 5cb1416f75c54584ae3f5f5b3494aa6e 036d52029bf443d6bfd3b41710cd9746 - - default default] GET failed (client error): The resource could not be found.
2026-07-14 18:53:57.398 10 INFO neutron.wsgi [None req-9f631590-41f1-46ed-81d3-36a403b1e946 5cb1416f75c54584ae3f5f5b3494aa6e 036d52029bf443d6bfd3b41710cd9746 - - default default] 10.0.0.110 "GET /v2.0/ports/242fd913-4283-4134-bed0-63c5071232ff HTTP/1.1" status: 404 len: 333 time: 0.0241466
2026-07-14 18:53:57.452 9 INFO neutron.db.ovn_revision_numbers_db [None req-9ea1e37a-2580-42d8-9c34-0442255f2250 531fea6437b0498d8b9710a3522dbbb3 95812c4971b24952bfb00f853360501f - - default default] Successfully bumped revision number for resource ee4d0553-c6cb-445a-b0e9-0cb9e0181d2f (type: ports) to 1
2026-07-14 18:53:57.515 9 INFO neutron.wsgi [None req-9ea1e37a-2580-42d8-9c34-0442255f2250 531fea6437b0498d8b9710a3522dbbb3 95812c4971b24952bfb00f853360501f - - default default] 10.0.0.110 "POST /v2.0/networks HTTP/1.1" status: 201 len: 828 time: 0.9457998
2026-07-14 18:53:57.535 9 WARNING neutron_lib.context [None req-62f32d1f-0a2b-4fed-85e0-79654106eb05 531fea6437b0498d8b9710a3522dbbb3 95812c4971b24952bfb00f853360501f - - default default] Method 'is_advsvc' is deprecated since 2023.2 release (neutron-lib 3.8.0) and will be removed once support for the old RBAC API policies will be removed from Neutron. Please use method 'is_service_role' instead.
2026-07-14 18:53:57.873 10 INFO neutron.wsgi [None req-5856e4a2-3767-4172-9a0b-c4a80c5ea469 5cb1416f75c54584ae3f5f5b3494aa6e 036d52029bf443d6bfd3b41710cd9746 - - default default] 10.0.0.110 "DELETE /v2.0/subnets/7d88c153-9dd4-48c3-8c34-4dff68a9a0d1 HTTP/1.1" status: 204 len: 168 time: 0.4713132
2026-07-14 18:53:57.919 9 WARNING neutron.scheduler.dhcp_agent_scheduler [None req-36f4c598-f36d-46fd-b8b5-b7d09b7249b2 42c5276c71b348a9abacbf421c309197 ff7e564635fa43fa9e2dc3cdab6453c3 - - default default] No more DHCP agents
2026-07-14 18:53:57.926 9 WARNING neutron.api.rpc.agentnotifiers.dhcp_rpc_agent_api [None req-36f4c598-f36d-46fd-b8b5-b7d09b7249b2 42c5276c71b348a9abacbf421c309197 ff7e564635fa43fa9e2dc3cdab6453c3 - - default default] Unable to schedule network 042559a0-e9f8-4ebe-aef7-fc562a7ceb78: no agents available; will retry on subsequent port and subnet creation events.
2026-07-14 18:53:57.930 9 WARNING neutron.scheduler.dhcp_agent_scheduler [None req-62f32d1f-0a2b-4fed-85e0-79654106eb05 531fea6437b0498d8b9710a3522dbbb3 95812c4971b24952bfb00f853360501f - - default default] No more DHCP agents
2026-07-14 18:53:57.937 9 WARNING neutron.api.rpc.agentnotifiers.dhcp_rpc_agent_api [None req-62f32d1f-0a2b-4fed-85e0-79654106eb05 531fea6437b0498d8b9710a3522dbbb3 95812c4971b24952bfb00f853360501f - - default default] Unable to schedule network 9f62387e-cd05-48a9-a2fd-b1e49d122e1a: no agents available; will retry on subsequent port and subnet creation events.
2026-07-14 18:53:58.152 9 INFO neutron.db.ovn_revision_numbers_db [None req-36f4c598-f36d-46fd-b8b5-b7d09b7249b2 42c5276c71b348a9abacbf421c309197 ff7e564635fa43fa9e2dc3cdab6453c3 - - default default] Successfully bumped revision number for resource 1e85d555-fa25-439d-9987-88296cd170cb (type: ports) to 1
2026-07-14 18:53:58.345 10 INFO neutron.services.segments.plugin [-] Segment 486c40ac-360f-4d5f-981f-91c05ebadb91 resource provider aggregate not found
2026-07-14 18:53:58.352 10 INFO neutron.services.segments.plugin [-] Segment 486c40ac-360f-4d5f-981f-91c05ebadb91 resource provider aggregate not found
2026-07-14 18:53:58.362 10 INFO neutron.services.segments.plugin [-] Segment 486c40ac-360f-4d5f-981f-91c05ebadb91 resource provider not found; error: Placement Client Error (4xx): {"errors": [{"status": 404, "title": "Not Found", "detail": "The resource could not be found.\n\n No resource provider with uuid 486c40ac-360f-4d5f-981f-91c05ebadb91 found for delete ", "request_id": "req-c5992ec2-5bb7-4052-8355-5c1cb271030f"}]}
2026-07-14 18:53:58.371 10 INFO neutron.services.segments.plugin [-] Segment 486c40ac-360f-4d5f-981f-91c05ebadb91 resource provider not found; error: Placement Client Error (4xx): {"errors": [{"status": 404, "title": "Not Found", "detail": "The resource could not be found.\n\n No resource provider with uuid 486c40ac-360f-4d5f-981f-91c05ebadb91 found for delete ", "request_id": "req-fa00834b-75bd-4259-ba14-4f24af091599"}]}
2026-07-14 18:53:58.394 10 INFO neutron.wsgi [None req-12f0a56b-8c5a-46ea-a0c5-8e64e2ad1d71 5cb1416f75c54584ae3f5f5b3494aa6e 036d52029bf443d6bfd3b41710cd9746 - - default default] 10.0.0.110 "DELETE /v2.0/networks/cd72ba70-1eb5-4ada-bf5e-93d4ba881527 HTTP/1.1" status: 204 len: 168 time: 0.5151308
2026-07-14 18:53:58.403 10 WARNING neutron_lib.context [None req-9794d18b-2e20-4bbf-aa94-8ad008fb40a2 5cb1416f75c54584ae3f5f5b3494aa6e 036d52029bf443d6bfd3b41710cd9746 - - default default] Method 'is_advsvc' is deprecated since 2023.2 release (neutron-lib 3.8.0) and will be removed once support for the old RBAC API policies will be removed from Neutron. Please use method 'is_service_role' instead.
2026-07-14 18:53:58.522 10 INFO neutron.db.segments_db [None req-9794d18b-2e20-4bbf-aa94-8ad008fb40a2 5cb1416f75c54584ae3f5f5b3494aa6e 036d52029bf443d6bfd3b41710cd9746 - - default default] Added segment 82b0ba1c-3fcb-4863-91ae-61e9565e0266 of type geneve for network bc50754b-1c9f-4bb0-89a2-f8d7bc20a91a
2026-07-14 18:53:58.721 9 INFO neutron.db.ovn_revision_numbers_db [None req-62f32d1f-0a2b-4fed-85e0-79654106eb05 531fea6437b0498d8b9710a3522dbbb3 95812c4971b24952bfb00f853360501f - - default default] Successfully bumped revision number for resource ee4d0553-c6cb-445a-b0e9-0cb9e0181d2f (type: ports) to 2
2026-07-14 18:53:58.749 10 INFO neutron.db.ovn_revision_numbers_db [None req-9794d18b-2e20-4bbf-aa94-8ad008fb40a2 5cb1416f75c54584ae3f5f5b3494aa6e 036d52029bf443d6bfd3b41710cd9746 - - default default] Successfully bumped revision number for resource bc50754b-1c9f-4bb0-89a2-f8d7bc20a91a (type: networks) to 1
2026-07-14 18:53:58.764 9 INFO neutron.db.ovn_revision_numbers_db [None req-62f32d1f-0a2b-4fed-85e0-79654106eb05 531fea6437b0498d8b9710a3522dbbb3 95812c4971b24952bfb00f853360501f - - default default] Successfully bumped revision number for resource a342eb09-894f-4a61-9793-efde703da521 (type: subnets) to 0
2026-07-14 18:53:58.989 10 WARNING neutron.scheduler.dhcp_agent_scheduler [None req-9794d18b-2e20-4bbf-aa94-8ad008fb40a2 5cb1416f75c54584ae3f5f5b3494aa6e 036d52029bf443d6bfd3b41710cd9746 - - default default] No more DHCP agents
2026-07-14 18:53:58.992 10 WARNING neutron.api.rpc.agentnotifiers.dhcp_rpc_agent_api [None req-9794d18b-2e20-4bbf-aa94-8ad008fb40a2 5cb1416f75c54584ae3f5f5b3494aa6e 036d52029bf443d6bfd3b41710cd9746 - - default default] Unable to schedule network bc50754b-1c9f-4bb0-89a2-f8d7bc20a91a: no agents available; will retry on subsequent port and subnet creation events.
2026-07-14 18:53:59.051 9 INFO neutron.wsgi [None req-62f32d1f-0a2b-4fed-85e0-79654106eb05 531fea6437b0498d8b9710a3522dbbb3 95812c4971b24952bfb00f853360501f - - default default] 10.0.0.110 "POST /v2.0/subnets HTTP/1.1" status: 201 len: 801 time: 1.5216253
2026-07-14 18:53:59.061 9 WARNING neutron_lib.context [None req-07290dae-92a8-40c8-845e-57294499c962 531fea6437b0498d8b9710a3522dbbb3 95812c4971b24952bfb00f853360501f - - default default] Method 'is_advsvc' is deprecated since 2023.2 release (neutron-lib 3.8.0) and will be removed once support for the old RBAC API policies will be removed from Neutron. Please use method 'is_service_role' instead.
2026-07-14 18:53:59.069 10 INFO neutron.db.ovn_revision_numbers_db [None req-9794d18b-2e20-4bbf-aa94-8ad008fb40a2 5cb1416f75c54584ae3f5f5b3494aa6e 036d52029bf443d6bfd3b41710cd9746 - - default default] Successfully bumped revision number for resource f4b6ec2f-8d80-42c4-acb5-b0be3162d70f (type: ports) to 1
2026-07-14 18:53:59.092 10 INFO neutron.wsgi [None req-9794d18b-2e20-4bbf-aa94-8ad008fb40a2 5cb1416f75c54584ae3f5f5b3494aa6e 036d52029bf443d6bfd3b41710cd9746 - - default default] 10.0.0.110 "POST /v2.0/networks HTTP/1.1" status: 201 len: 833 time: 0.6931129
2026-07-14 18:53:59.104 10 WARNING neutron_lib.context [None req-692259b7-f1d5-4342-b5e8-a5aad31ddb38 5cb1416f75c54584ae3f5f5b3494aa6e 036d52029bf443d6bfd3b41710cd9746 - - default default] Method 'is_advsvc' is deprecated since 2023.2 release (neutron-lib 3.8.0) and will be removed once support for the old RBAC API policies will be removed from Neutron. Please use method 'is_service_role' instead.
2026-07-14 18:53:59.208 9 INFO neutron.db.ovn_revision_numbers_db [None req-07290dae-92a8-40c8-845e-57294499c962 531fea6437b0498d8b9710a3522dbbb3 95812c4971b24952bfb00f853360501f - - default default] Successfully bumped revision number for resource a42c9845-0f6e-451e-86b1-b6211d67f227 (type: routers) to 1
2026-07-14 18:53:59.231 9 INFO neutron.wsgi [None req-07290dae-92a8-40c8-845e-57294499c962 531fea6437b0498d8b9710a3522dbbb3 95812c4971b24952bfb00f853360501f - - default default] 10.0.0.110 "POST /v2.0/routers HTTP/1.1" status: 201 len: 801 time: 0.1740963
2026-07-14 18:53:59.243 9 WARNING neutron_lib.context [None req-4dc5a84f-c6e4-437f-b6f6-4bbd5a0e8630 531fea6437b0498d8b9710a3522dbbb3 95812c4971b24952bfb00f853360501f - - default default] Method 'is_advsvc' is deprecated since 2023.2 release (neutron-lib 3.8.0) and will be removed once support for the old RBAC API policies will be removed from Neutron. Please use method 'is_service_role' instead.
2026-07-14 18:53:59.376 10 WARNING neutron.scheduler.dhcp_agent_scheduler [None req-692259b7-f1d5-4342-b5e8-a5aad31ddb38 5cb1416f75c54584ae3f5f5b3494aa6e 036d52029bf443d6bfd3b41710cd9746 - - default default] No more DHCP agents
2026-07-14 18:53:59.379 10 WARNING neutron.api.rpc.agentnotifiers.dhcp_rpc_agent_api [None req-692259b7-f1d5-4342-b5e8-a5aad31ddb38 5cb1416f75c54584ae3f5f5b3494aa6e 036d52029bf443d6bfd3b41710cd9746 - - default default] Unable to schedule network bc50754b-1c9f-4bb0-89a2-f8d7bc20a91a: no agents available; will retry on subsequent port and subnet creation events.
2026-07-14 18:53:59.430 10 INFO neutron.db.ovn_revision_numbers_db [None req-692259b7-f1d5-4342-b5e8-a5aad31ddb38 5cb1416f75c54584ae3f5f5b3494aa6e 036d52029bf443d6bfd3b41710cd9746 - - default default] Successfully bumped revision number for resource 85aee69a-3f5a-4555-afc9-780d58a11983 (type: subnets) to 0
2026-07-14 18:53:59.437 9 INFO neutron.plugins.ml2.drivers.ovn.mech_driver.ovsdb.commands [None req-e0a30682-a2b6-4c0e-82c6-97db4112230f - - - - - -] Schedule LRP lrp-1e85d555-fa25-439d-9987-88296cd170cb on gateway 075bdfd4-4d15-4480-a1da-59ab3d61ed06 with priority 1
2026-07-14 18:53:59.447 10 INFO neutron.plugins.ml2.drivers.ovn.mech_driver.mech_driver [None req-d887c70c-8fc1-42e8-a873-0fff16e19d3d - - - - - -] OVN reports status up for port: 1e85d555-fa25-439d-9987-88296cd170cb
2026-07-14 18:53:59.468 10 INFO neutron.wsgi [None req-692259b7-f1d5-4342-b5e8-a5aad31ddb38 5cb1416f75c54584ae3f5f5b3494aa6e 036d52029bf443d6bfd3b41710cd9746 - - default default] 10.0.0.110 "POST /v2.0/subnets HTTP/1.1" status: 201 len: 821 time: 0.3693755
2026-07-14 18:53:59.472 10 INFO neutron.plugins.ml2.drivers.ovn.mech_driver.ovsdb.ovsdb_monitor [None req-68f97aa8-0195-4ef2-b4fe-59f2e526e5a2 - - - - - -] Router 8abf8c24-e9eb-4c21-affe-63bbb12e6794 is bound to host instance
2026-07-14 18:53:59.481 9 WARNING neutron_lib.context [None req-fb79972a-e9f6-4c1f-a4c9-bd36af3aa85d 5cb1416f75c54584ae3f5f5b3494aa6e 036d52029bf443d6bfd3b41710cd9746 - - default default] Method 'is_advsvc' is deprecated since 2023.2 release (neutron-lib 3.8.0) and will be removed once support for the old RBAC API policies will be removed from Neutron. Please use method 'is_service_role' instead.
2026-07-14 18:53:59.494 10 INFO neutron.plugins.ml2.plugin [None req-d887c70c-8fc1-42e8-a873-0fff16e19d3d - - - - - -] Attempt 1 to provision port 1e85d555-fa25-439d-9987-88296cd170cb
2026-07-14 18:53:59.529 9 INFO neutron.db.ovn_revision_numbers_db [None req-36f4c598-f36d-46fd-b8b5-b7d09b7249b2 42c5276c71b348a9abacbf421c309197 ff7e564635fa43fa9e2dc3cdab6453c3 - - default default] Successfully bumped revision number for resource 1e85d555-fa25-439d-9987-88296cd170cb (type: router_ports) to 1
2026-07-14 18:53:59.650 9 INFO neutron.db.ovn_revision_numbers_db [None req-36f4c598-f36d-46fd-b8b5-b7d09b7249b2 42c5276c71b348a9abacbf421c309197 ff7e564635fa43fa9e2dc3cdab6453c3 - - default default] Successfully bumped revision number for resource 8abf8c24-e9eb-4c21-affe-63bbb12e6794 (type: routers) to 2
