2026-07-14 18:54:38.800 9 INFO neutron.db.ovn_revision_numbers_db [None req-b3893bc5-85d2-406f-b2ce-5ab6e62dbb5a - - - - - -] Successfully bumped revision number for resource 26a38312-21c5-47ad-ba6e-447eac0c1c6f (type: ports) to 6
2026-07-14 18:54:39.221 10 INFO neutron.wsgi [None req-6050d821-594a-4dd9-862c-cec752689c66 45b8ce6528e64a5f8720fc3e95716646 e1f726b2acfa43ec815e735ea19d18e6 - - default default] 10.0.0.110 "DELETE /v2.0/routers/8713cfb4-cd70-49a5-b623-7c6b25905b5f HTTP/1.1" status: 204 len: 168 time: 0.8285999
2026-07-14 18:54:39.243 9 INFO neutron.db.ovn_revision_numbers_db [None req-876391f2-2fed-47ad-90c1-1d497700366e 05bc8ae930254127bc61c8d684bbe13b 797a8c9041484eaeb26b92c15d672156 - - default default] Successfully bumped revision number for resource 19799845-7f3c-4198-938f-ce1c479a53c3 (type: floatingips) to -1
2026-07-14 18:54:39.249 10 INFO neutron.wsgi [None req-7555ac7d-b9ef-4bee-94bc-5fdc2562f77f 45b8ce6528e64a5f8720fc3e95716646 e1f726b2acfa43ec815e735ea19d18e6 - - default default] 10.0.0.110 "GET /v2.0/ports?device_id=8713cfb4-cd70-49a5-b623-7c6b25905b5f HTTP/1.1" status: 200 len: 205 time: 0.0213563
2026-07-14 18:54:39.274 10 INFO neutron.api.v2.resource [None req-770a1dc7-5103-43fa-bc13-e594a43cf855 45b8ce6528e64a5f8720fc3e95716646 e1f726b2acfa43ec815e735ea19d18e6 - - default default] delete failed (client error): The resource could not be found.
2026-07-14 18:54:39.275 10 INFO neutron.wsgi [None req-770a1dc7-5103-43fa-bc13-e594a43cf855 45b8ce6528e64a5f8720fc3e95716646 e1f726b2acfa43ec815e735ea19d18e6 - - default default] 10.0.0.110 "DELETE /v2.0/routers/8713cfb4-cd70-49a5-b623-7c6b25905b5f HTTP/1.1" status: 404 len: 336 time: 0.0225616
2026-07-14 18:54:39.306 10 INFO neutron.wsgi [None req-3c01e5a6-1db5-441d-b611-6fb78343ec32 45b8ce6528e64a5f8720fc3e95716646 e1f726b2acfa43ec815e735ea19d18e6 - - default default] 10.0.0.110 "GET /v2.0/ports?device_id=9909cccc-bc07-4de1-9baf-24470f1b635f HTTP/1.1" status: 200 len: 205 time: 0.0265150 /var/lib/openstack/lib/python3.10/site-packages/pycadf/identifier.py:71: UserWarning: Invalid uuid: neutron. To ensure interoperability, identifiers should be a valid uuid. warnings.warn(('Invalid uuid: %s. To ensure interoperability, '
2026-07-14 18:54:39.335 9 INFO neutron.api.v2.resource [None req-5148b258-b8d9-4f8a-8d26-e349fd7ddfc4 45b8ce6528e64a5f8720fc3e95716646 e1f726b2acfa43ec815e735ea19d18e6 - - default default] delete failed (client error): The resource could not be found.
2026-07-14 18:54:39.337 9 INFO neutron.wsgi [None req-5148b258-b8d9-4f8a-8d26-e349fd7ddfc4 45b8ce6528e64a5f8720fc3e95716646 e1f726b2acfa43ec815e735ea19d18e6 - - default default] 10.0.0.110 "DELETE /v2.0/routers/9909cccc-bc07-4de1-9baf-24470f1b635f HTTP/1.1" status: 404 len: 336 time: 0.0253246
2026-07-14 18:54:39.362 10 INFO neutron.pecan_wsgi.hooks.translation [None req-c84d72e3-e947-4bdc-91c7-fd1303eca240 45b8ce6528e64a5f8720fc3e95716646 e1f726b2acfa43ec815e735ea19d18e6 - - default default] DELETE failed (client error): The resource could not be found.
2026-07-14 18:54:39.366 10 INFO neutron.wsgi [None req-c84d72e3-e947-4bdc-91c7-fd1303eca240 45b8ce6528e64a5f8720fc3e95716646 e1f726b2acfa43ec815e735ea19d18e6 - - default default] 10.0.0.110 "DELETE /v2.0/subnets/8240d68c-79a8-428f-96fd-e9486bba7b3f HTTP/1.1" status: 404 len: 337 time: 0.0233047
2026-07-14 18:54:39.396 9 INFO neutron.wsgi [None req-68f59b87-8176-4d09-9b60-dce89c422fd2 45b8ce6528e64a5f8720fc3e95716646 e1f726b2acfa43ec815e735ea19d18e6 - - default default] 10.0.0.110 "GET /v2.0/ports?device_id=eb3d2dcd-c7ff-43d1-9d14-1a9c299b7469 HTTP/1.1" status: 200 len: 205 time: 0.0258305
2026-07-14 18:54:39.405 9 INFO neutron.db.ovn_revision_numbers_db [None req-876391f2-2fed-47ad-90c1-1d497700366e 05bc8ae930254127bc61c8d684bbe13b 797a8c9041484eaeb26b92c15d672156 - - default default] Successfully bumped revision number for resource 19799845-7f3c-4198-938f-ce1c479a53c3 (type: floatingips) to 1
2026-07-14 18:54:39.405 9 INFO neutron.db.l3_db [None req-876391f2-2fed-47ad-90c1-1d497700366e 05bc8ae930254127bc61c8d684bbe13b 797a8c9041484eaeb26b92c15d672156 - - default default] Floating IP 19799845-7f3c-4198-938f-ce1c479a53c3 associated. External IP: 10.96.250.206, port: 9915ff47-8262-4f93-904b-ee9856661944.
2026-07-14 18:54:39.433 10 INFO neutron.api.v2.resource [None req-279b2d1b-65c2-463e-ad92-de63df5cbc3c 45b8ce6528e64a5f8720fc3e95716646 e1f726b2acfa43ec815e735ea19d18e6 - - default default] delete failed (client error): The resource could not be found.
2026-07-14 18:54:39.434 10 INFO neutron.wsgi [None req-279b2d1b-65c2-463e-ad92-de63df5cbc3c 45b8ce6528e64a5f8720fc3e95716646 e1f726b2acfa43ec815e735ea19d18e6 - - default default] 10.0.0.110 "DELETE /v2.0/routers/eb3d2dcd-c7ff-43d1-9d14-1a9c299b7469 HTTP/1.1" status: 404 len: 336 time: 0.0335331
2026-07-14 18:54:39.453 9 INFO neutron.wsgi [None req-876391f2-2fed-47ad-90c1-1d497700366e 05bc8ae930254127bc61c8d684bbe13b 797a8c9041484eaeb26b92c15d672156 - - default default] 10.0.0.110 "POST /v2.0/floatingips HTTP/1.1" status: 201 len: 1042 time: 2.1550903
2026-07-14 18:54:39.458 10 INFO neutron.pecan_wsgi.hooks.translation [None req-8fedf05e-93be-4f82-b911-ceae8df2b698 45b8ce6528e64a5f8720fc3e95716646 e1f726b2acfa43ec815e735ea19d18e6 - - default default] DELETE failed (client error): The resource could not be found.
2026-07-14 18:54:39.462 10 INFO neutron.wsgi [None req-8fedf05e-93be-4f82-b911-ceae8df2b698 45b8ce6528e64a5f8720fc3e95716646 e1f726b2acfa43ec815e735ea19d18e6 - - default default] 10.0.0.110 "DELETE /v2.0/subnets/1c58a7f6-f758-414d-9f46-f6419fb27588 HTTP/1.1" status: 404 len: 337 time: 0.0220046
2026-07-14 18:54:39.488 10 INFO neutron.wsgi [None req-89b5f7de-eb48-4301-acc3-e174923a2db6 45b8ce6528e64a5f8720fc3e95716646 e1f726b2acfa43ec815e735ea19d18e6 - - default default] 10.0.0.110 "GET /v2.0/ports?device_id=c8d37e22-8b81-49e7-b287-d2e5402160d0 HTTP/1.1" status: 200 len: 205 time: 0.0220580
2026-07-14 18:54:39.529 10 INFO neutron.api.v2.resource [None req-4d5c279b-f360-4632-8438-45972679ff1f 45b8ce6528e64a5f8720fc3e95716646 e1f726b2acfa43ec815e735ea19d18e6 - - default default] delete failed (client error): The resource could not be found.
2026-07-14 18:54:39.530 10 INFO neutron.wsgi [None req-4d5c279b-f360-4632-8438-45972679ff1f 45b8ce6528e64a5f8720fc3e95716646 e1f726b2acfa43ec815e735ea19d18e6 - - default default] 10.0.0.110 "DELETE /v2.0/routers/c8d37e22-8b81-49e7-b287-d2e5402160d0 HTTP/1.1" status: 404 len: 336 time: 0.0366592
2026-07-14 18:54:39.555 10 INFO neutron.pecan_wsgi.hooks.translation [None req-d103e615-377b-413a-b4ab-24a84ccdbaf1 45b8ce6528e64a5f8720fc3e95716646 e1f726b2acfa43ec815e735ea19d18e6 - - default default] DELETE failed (client error): The resource could not be found.
2026-07-14 18:54:39.558 10 INFO neutron.wsgi [None req-d103e615-377b-413a-b4ab-24a84ccdbaf1 45b8ce6528e64a5f8720fc3e95716646 e1f726b2acfa43ec815e735ea19d18e6 - - default default] 10.0.0.110 "DELETE /v2.0/subnets/92144174-3a70-4087-bed4-3c5a88fb65d1 HTTP/1.1" status: 404 len: 337 time: 0.0226426
2026-07-14 18:54:39.578 10 INFO neutron.pecan_wsgi.hooks.translation [None req-a34bf27f-7698-4511-b77e-dccf5b2991f4 45b8ce6528e64a5f8720fc3e95716646 e1f726b2acfa43ec815e735ea19d18e6 - - default default] DELETE failed (client error): The resource could not be found.
2026-07-14 18:54:39.581 10 INFO neutron.wsgi [None req-a34bf27f-7698-4511-b77e-dccf5b2991f4 45b8ce6528e64a5f8720fc3e95716646 e1f726b2acfa43ec815e735ea19d18e6 - - default default] 10.0.0.110 "DELETE /v2.0/subnets/c0321fa3-fd68-4177-9b57-f41893f5df6b HTTP/1.1" status: 404 len: 337 time: 0.0170093
2026-07-14 18:54:39.714 9 INFO neutron.db.ovn_revision_numbers_db [None req-2bdfc15d-533b-4cf5-bb37-e06ea2e097be 05bc8ae930254127bc61c8d684bbe13b 797a8c9041484eaeb26b92c15d672156 - - default default] Successfully bumped revision number for resource 19799845-7f3c-4198-938f-ce1c479a53c3 (type: floatingips) to 2
2026-07-14 18:54:39.780 9 INFO neutron.db.l3_db [None req-2bdfc15d-533b-4cf5-bb37-e06ea2e097be 05bc8ae930254127bc61c8d684bbe13b 797a8c9041484eaeb26b92c15d672156 - - default default] Floating IP 19799845-7f3c-4198-938f-ce1c479a53c3 disassociated. External IP: 10.96.250.206, port: 9915ff47-8262-4f93-904b-ee9856661944.
2026-07-14 18:54:39.812 9 INFO neutron.wsgi [None req-2bdfc15d-533b-4cf5-bb37-e06ea2e097be 05bc8ae930254127bc61c8d684bbe13b 797a8c9041484eaeb26b92c15d672156 - - default default] 10.0.0.110 "PUT /v2.0/floatingips/19799845-7f3c-4198-938f-ce1c479a53c3 HTTP/1.1" status: 200 len: 748 time: 0.3494127
2026-07-14 18:54:39.892 9 INFO neutron.notifiers.nova [-] Nova event matching ['req-c919117b-0ec6-4b59-b140-c9e9c3523c9e'] response: {'server_uuid': '1dca1afb-f3fc-40bb-bc15-f5880bf458c2', 'name': 'network-vif-unplugged', 'status': 'completed', 'tag': '26a38312-21c5-47ad-ba6e-447eac0c1c6f', 'code': 200}
2026-07-14 18:54:39.892 9 INFO neutron.notifiers.nova [-] Nova event matching ['req-c919117b-0ec6-4b59-b140-c9e9c3523c9e'] response: {'server_uuid': '1dca1afb-f3fc-40bb-bc15-f5880bf458c2', 'name': 'network-vif-plugged', 'status': 'completed', 'tag': '26a38312-21c5-47ad-ba6e-447eac0c1c6f', 'code': 200}
2026-07-14 18:54:39.892 9 INFO neutron.notifiers.nova [-] Nova event matching ['req-c919117b-0ec6-4b59-b140-c9e9c3523c9e'] response: {'server_uuid': '1dca1afb-f3fc-40bb-bc15-f5880bf458c2', 'name': 'network-vif-plugged', 'status': 'completed', 'tag': '26a38312-21c5-47ad-ba6e-447eac0c1c6f', 'code': 200}
2026-07-14 18:54:40.147 9 INFO neutron.wsgi [None req-5dbdbd81-864a-4fd0-a210-4710425040e8 05bc8ae930254127bc61c8d684bbe13b 797a8c9041484eaeb26b92c15d672156 - - default default] 10.0.0.110 "DELETE /v2.0/floatingips/19799845-7f3c-4198-938f-ce1c479a53c3 HTTP/1.1" status: 204 len: 168 time: 0.3289788
2026-07-14 18:54:40.159 9 WARNING neutron_lib.context [None req-35a9079e-80c8-41c5-b935-419e94c61613 05bc8ae930254127bc61c8d684bbe13b 797a8c9041484eaeb26b92c15d672156 - - default default] Method 'is_advsvc' is deprecated since 2023.2 release (neutron-lib 3.8.0) and will be removed once support for the old RBAC API policies will be removed from Neutron. Please use method 'is_service_role' instead.
2026-07-14 18:54:40.295 10 INFO neutron.wsgi [None req-3394d9ff-3a70-4a45-932f-0d0f9549cb9b 42c5276c71b348a9abacbf421c309197 ff7e564635fa43fa9e2dc3cdab6453c3 - - default default] 10.0.0.110 "GET /v2.0/security-groups?tenant_id=e1f726b2acfa43ec815e735ea19d18e6&name=default HTTP/1.1" status: 200 len: 3120 time: 0.1386611
2026-07-14 18:54:40.425 9 WARNING neutron.scheduler.dhcp_agent_scheduler [None req-35a9079e-80c8-41c5-b935-419e94c61613 05bc8ae930254127bc61c8d684bbe13b 797a8c9041484eaeb26b92c15d672156 - - default default] No more DHCP agents
2026-07-14 18:54:40.428 9 WARNING neutron.api.rpc.agentnotifiers.dhcp_rpc_agent_api [None req-35a9079e-80c8-41c5-b935-419e94c61613 05bc8ae930254127bc61c8d684bbe13b 797a8c9041484eaeb26b92c15d672156 - - default default] Unable to schedule network 042559a0-e9f8-4ebe-aef7-fc562a7ceb78: no agents available; will retry on subsequent port and subnet creation events.
2026-07-14 18:54:40.804 10 INFO neutron.wsgi [None req-5d70529e-33df-4e18-a8db-40b656531a96 42c5276c71b348a9abacbf421c309197 ff7e564635fa43fa9e2dc3cdab6453c3 - - default default] 10.0.0.110 "DELETE /v2.0/security-groups/71abf23b-8447-4779-828f-1296bb795d2f HTTP/1.1" status: 204 len: 168 time: 0.5040872
2026-07-14 18:54:41.222 9 INFO neutron.db.ovn_revision_numbers_db [None req-35a9079e-80c8-41c5-b935-419e94c61613 05bc8ae930254127bc61c8d684bbe13b 797a8c9041484eaeb26b92c15d672156 - - default default] Successfully bumped revision number for resource 759299c1-e4c8-4ad6-84be-60d00d55ffa9 (type: floatingips) to -1
2026-07-14 18:54:41.363 9 INFO neutron.db.ovn_revision_numbers_db [None req-35a9079e-80c8-41c5-b935-419e94c61613 05bc8ae930254127bc61c8d684bbe13b 797a8c9041484eaeb26b92c15d672156 - - default default] Successfully bumped revision number for resource 759299c1-e4c8-4ad6-84be-60d00d55ffa9 (type: floatingips) to 1
2026-07-14 18:54:41.363 9 INFO neutron.db.l3_db [None req-35a9079e-80c8-41c5-b935-419e94c61613 05bc8ae930254127bc61c8d684bbe13b 797a8c9041484eaeb26b92c15d672156 - - default default] Floating IP 759299c1-e4c8-4ad6-84be-60d00d55ffa9 associated. External IP: 10.96.250.215, port: 0dea2b4b-dcc8-4024-a6fd-a2bed7ea9f7c.
2026-07-14 18:54:41.417 9 INFO neutron.wsgi [None req-35a9079e-80c8-41c5-b935-419e94c61613 05bc8ae930254127bc61c8d684bbe13b 797a8c9041484eaeb26b92c15d672156 - - default default] 10.0.0.110 "POST /v2.0/floatingips HTTP/1.1" status: 201 len: 1041 time: 1.2626407 /var/lib/openstack/lib/python3.10/site-packages/pycadf/identifier.py:71: UserWarning: Invalid uuid: neutron. To ensure interoperability, identifiers should be a valid uuid. warnings.warn(('Invalid uuid: %s. To ensure interoperability, '
2026-07-14 18:54:41.438 10 INFO neutron.db.ovn_revision_numbers_db [None req-52ea1a61-d1a5-4c61-b06a-1d5003192d3e 42c5276c71b348a9abacbf421c309197 ff7e564635fa43fa9e2dc3cdab6453c3 - - default default] Successfully bumped revision number for resource f95abdbc-46de-494a-bcc4-63df0959223f (type: security_groups) to 1
2026-07-14 18:54:41.456 10 INFO neutron.db.ovn_revision_numbers_db [None req-52ea1a61-d1a5-4c61-b06a-1d5003192d3e 42c5276c71b348a9abacbf421c309197 ff7e564635fa43fa9e2dc3cdab6453c3 - - default default] Successfully bumped revision number for resource 01778051-00c9-4d88-bc64-c7b8044f3e7d (type: security_group_rules) to 0
2026-07-14 18:54:41.472 10 INFO neutron.db.ovn_revision_numbers_db [None req-52ea1a61-d1a5-4c61-b06a-1d5003192d3e 42c5276c71b348a9abacbf421c309197 ff7e564635fa43fa9e2dc3cdab6453c3 - - default default] Successfully bumped revision number for resource 018e0fe4-361d-4fa3-9088-cd00fc8f8701 (type: security_group_rules) to 0
2026-07-14 18:54:41.487 9 INFO neutron.wsgi [None req-090b569d-fb47-4d23-81bb-d68d8e65bfd5 05bc8ae930254127bc61c8d684bbe13b 797a8c9041484eaeb26b92c15d672156 - - default default] 10.0.0.110 "GET /v2.0/floatingips/759299c1-e4c8-4ad6-84be-60d00d55ffa9 HTTP/1.1" status: 200 len: 1038 time: 0.0649045
2026-07-14 18:54:41.495 10 INFO neutron.db.ovn_revision_numbers_db [None req-52ea1a61-d1a5-4c61-b06a-1d5003192d3e 42c5276c71b348a9abacbf421c309197 ff7e564635fa43fa9e2dc3cdab6453c3 - - default default] Successfully bumped revision number for resource 99cb279d-387d-40cf-9cfd-947dd97f8836 (type: security_group_rules) to 0
2026-07-14 18:54:41.515 10 INFO neutron.db.ovn_revision_numbers_db [None req-52ea1a61-d1a5-4c61-b06a-1d5003192d3e 42c5276c71b348a9abacbf421c309197 ff7e564635fa43fa9e2dc3cdab6453c3 - - default default] Successfully bumped revision number for resource b3380247-1b8b-4701-a873-37883488cc4e (type: security_group_rules) to 0
2026-07-14 18:54:41.540 10 INFO neutron.wsgi [None req-52ea1a61-d1a5-4c61-b06a-1d5003192d3e 42c5276c71b348a9abacbf421c309197 ff7e564635fa43fa9e2dc3cdab6453c3 - - default default] 10.0.0.110 "GET /v2.0/security-groups?tenant_id=d105c535117f4fc2a65055edc1387ffb&name=default HTTP/1.1" status: 200 len: 3120 time: 0.4569464
2026-07-14 18:54:41.598 9 INFO neutron.wsgi [None req-62861e67-7025-4f0f-aeed-c85a41050eb7 05bc8ae930254127bc61c8d684bbe13b 797a8c9041484eaeb26b92c15d672156 - - default default] 10.0.0.110 "GET /v2.0/floatingips HTTP/1.1" status: 200 len: 1041 time: 0.0824695
2026-07-14 18:54:41.908 10 INFO neutron.wsgi [None req-4b54ea7d-6465-47e0-bbbf-232f385dc46c 42c5276c71b348a9abacbf421c309197 ff7e564635fa43fa9e2dc3cdab6453c3 - - default default] 10.0.0.110 "DELETE /v2.0/security-groups/f95abdbc-46de-494a-bcc4-63df0959223f HTTP/1.1" status: 204 len: 168 time: 0.3579385
2026-07-14 18:54:42.292 10 INFO neutron.db.ovn_revision_numbers_db [None req-07074ae4-100d-42f2-ab70-21992b183277 05bc8ae930254127bc61c8d684bbe13b 797a8c9041484eaeb26b92c15d672156 - - default default] Successfully bumped revision number for resource 759299c1-e4c8-4ad6-84be-60d00d55ffa9 (type: floatingips) to 2
2026-07-14 18:54:42.464 10 INFO neutron.db.ovn_revision_numbers_db [None req-07074ae4-100d-42f2-ab70-21992b183277 05bc8ae930254127bc61c8d684bbe13b 797a8c9041484eaeb26b92c15d672156 - - default default] Successfully bumped revision number for resource 759299c1-e4c8-4ad6-84be-60d00d55ffa9 (type: floatingips) to 2
2026-07-14 18:54:42.465 10 INFO neutron.db.l3_db [None req-07074ae4-100d-42f2-ab70-21992b183277 05bc8ae930254127bc61c8d684bbe13b 797a8c9041484eaeb26b92c15d672156 - - default default] Floating IP 759299c1-e4c8-4ad6-84be-60d00d55ffa9 associated. External IP: 10.96.250.215, port: 0dea2b4b-dcc8-4024-a6fd-a2bed7ea9f7c.
2026-07-14 18:54:42.529 10 INFO neutron.wsgi [None req-07074ae4-100d-42f2-ab70-21992b183277 05bc8ae930254127bc61c8d684bbe13b 797a8c9041484eaeb26b92c15d672156 - - default default] 10.0.0.110 "PUT /v2.0/floatingips/759299c1-e4c8-4ad6-84be-60d00d55ffa9 HTTP/1.1" status: 200 len: 1039 time: 0.9269326
2026-07-14 18:54:42.734 10 INFO neutron.db.ovn_revision_numbers_db [None req-7ba64050-2804-47dc-a0ef-4be12211ca3d 05bc8ae930254127bc61c8d684bbe13b 797a8c9041484eaeb26b92c15d672156 - - default default] Successfully bumped revision number for resource 759299c1-e4c8-4ad6-84be-60d00d55ffa9 (type: floatingips) to 3
2026-07-14 18:54:42.795 10 INFO neutron.db.l3_db [None req-7ba64050-2804-47dc-a0ef-4be12211ca3d 05bc8ae930254127bc61c8d684bbe13b 797a8c9041484eaeb26b92c15d672156 - - default default] Floating IP 759299c1-e4c8-4ad6-84be-60d00d55ffa9 disassociated. External IP: 10.96.250.215, port: 9915ff47-8262-4f93-904b-ee9856661944.
2026-07-14 18:54:42.828 10 INFO neutron.wsgi [None req-7ba64050-2804-47dc-a0ef-4be12211ca3d 05bc8ae930254127bc61c8d684bbe13b 797a8c9041484eaeb26b92c15d672156 - - default default] 10.0.0.110 "PUT /v2.0/floatingips/759299c1-e4c8-4ad6-84be-60d00d55ffa9 HTTP/1.1" status: 200 len: 748 time: 0.2939060 /var/lib/openstack/lib/python3.10/site-packages/pycadf/identifier.py:71: UserWarning: Invalid uuid: neutron. To ensure interoperability, identifiers should be a valid uuid. warnings.warn(('Invalid uuid: %s. To ensure interoperability, '
2026-07-14 18:54:42.981 9 WARNING neutron_lib.context [None req-d897807e-66f1-4bd6-9af2-c3431b9a97a7 d2d1fefd44734a0fb49e73710a7c6e65 bd06cf4f83e74fef8c6956b3f2aa7a1a - - default default] Method 'is_advsvc' is deprecated since 2023.2 release (neutron-lib 3.8.0) and will be removed once support for the old RBAC API policies will be removed from Neutron. Please use method 'is_service_role' instead.
2026-07-14 18:54:43.200 10 INFO neutron.wsgi [None req-0882582a-d521-4cfc-b042-0699cfc88379 05bc8ae930254127bc61c8d684bbe13b 797a8c9041484eaeb26b92c15d672156 - - default default] 10.0.0.110 "DELETE /v2.0/floatingips/759299c1-e4c8-4ad6-84be-60d00d55ffa9 HTTP/1.1" status: 204 len: 168 time: 0.3662415
2026-07-14 18:54:43.229 10 INFO neutron.api.v2.resource [None req-bab340ff-36b7-4fe7-84a2-34fcafea1214 05bc8ae930254127bc61c8d684bbe13b 797a8c9041484eaeb26b92c15d672156 - - default default] delete failed (client error): The resource could not be found.
2026-07-14 18:54:43.231 10 INFO neutron.wsgi [None req-bab340ff-36b7-4fe7-84a2-34fcafea1214 05bc8ae930254127bc61c8d684bbe13b 797a8c9041484eaeb26b92c15d672156 - - default default] 10.0.0.110 "DELETE /v2.0/floatingips/759299c1-e4c8-4ad6-84be-60d00d55ffa9 HTTP/1.1" status: 404 len: 345 time: 0.0264571
2026-07-14 18:54:43.330 9 INFO neutron.db.ovn_revision_numbers_db [None req-d897807e-66f1-4bd6-9af2-c3431b9a97a7 d2d1fefd44734a0fb49e73710a7c6e65 bd06cf4f83e74fef8c6956b3f2aa7a1a - - default default] Successfully bumped revision number for resource 14166830-0982-45ce-a6bc-6327da3d3a5f (type: security_groups) to 1
2026-07-14 18:54:43.349 9 INFO neutron.db.ovn_revision_numbers_db [None req-d897807e-66f1-4bd6-9af2-c3431b9a97a7 d2d1fefd44734a0fb49e73710a7c6e65 bd06cf4f83e74fef8c6956b3f2aa7a1a - - default default] Successfully bumped revision number for resource 359f3065-437b-458b-97e0-52872a889158 (type: security_group_rules) to 0
2026-07-14 18:54:43.363 9 INFO neutron.db.ovn_revision_numbers_db [None req-d897807e-66f1-4bd6-9af2-c3431b9a97a7 d2d1fefd44734a0fb49e73710a7c6e65 bd06cf4f83e74fef8c6956b3f2aa7a1a - - default default] Successfully bumped revision number for resource 5823c504-1d82-44ca-8930-8525699fe42b (type: security_group_rules) to 0
2026-07-14 18:54:43.384 9 INFO neutron.db.ovn_revision_numbers_db [None req-d897807e-66f1-4bd6-9af2-c3431b9a97a7 d2d1fefd44734a0fb49e73710a7c6e65 bd06cf4f83e74fef8c6956b3f2aa7a1a - - default default] Successfully bumped revision number for resource 808c13e0-8be3-4ef7-9a0b-221161b32510 (type: security_group_rules) to 0
2026-07-14 18:54:43.400 9 INFO neutron.db.ovn_revision_numbers_db [None req-d897807e-66f1-4bd6-9af2-c3431b9a97a7 d2d1fefd44734a0fb49e73710a7c6e65 bd06cf4f83e74fef8c6956b3f2aa7a1a - - default default] Successfully bumped revision number for resource fc9c6e91-b939-4d02-89bd-ebdf175023e0 (type: security_group_rules) to 0
2026-07-14 18:54:43.529 9 INFO neutron.db.ovn_revision_numbers_db [None req-d897807e-66f1-4bd6-9af2-c3431b9a97a7 d2d1fefd44734a0fb49e73710a7c6e65 bd06cf4f83e74fef8c6956b3f2aa7a1a - - default default] Successfully bumped revision number for resource 04c0bc15-346e-4504-8c47-991362126a5a (type: security_groups) to 1
2026-07-14 18:54:43.546 9 INFO neutron.db.ovn_revision_numbers_db [None req-d897807e-66f1-4bd6-9af2-c3431b9a97a7 d2d1fefd44734a0fb49e73710a7c6e65 bd06cf4f83e74fef8c6956b3f2aa7a1a - - default default] Successfully bumped revision number for resource 9e5dd608-4b9b-421f-86ea-4be8d4abd34c (type: security_group_rules) to 0
2026-07-14 18:54:43.568 9 INFO neutron.db.ovn_revision_numbers_db [None req-d897807e-66f1-4bd6-9af2-c3431b9a97a7 d2d1fefd44734a0fb49e73710a7c6e65 bd06cf4f83e74fef8c6956b3f2aa7a1a - - default default] Successfully bumped revision number for resource f168e1a4-7d9b-456d-8d40-195dda7990b8 (type: security_group_rules) to 0
2026-07-14 18:54:43.589 9 INFO neutron.wsgi [None req-d897807e-66f1-4bd6-9af2-c3431b9a97a7 d2d1fefd44734a0fb49e73710a7c6e65 bd06cf4f83e74fef8c6956b3f2aa7a1a - - default default] 10.0.0.110 "POST /v2.0/security-groups HTTP/1.1" status: 201 len: 1825 time: 0.8311946
2026-07-14 18:54:43.665 10 INFO neutron.wsgi [None req-259207ae-eed8-435e-a846-6a6c7bc3690e d2d1fefd44734a0fb49e73710a7c6e65 bd06cf4f83e74fef8c6956b3f2aa7a1a - - default default] 10.0.0.110 "GET /v2.0/security-groups HTTP/1.1" status: 200 len: 4725 time: 0.0702832
2026-07-14 18:54:43.781 10 INFO neutron.wsgi [None req-0066993b-ab94-48e2-ab04-ded772c24013 05bc8ae930254127bc61c8d684bbe13b 797a8c9041484eaeb26b92c15d672156 - - default default] 10.0.0.110 "DELETE /v2.0/ports/9915ff47-8262-4f93-904b-ee9856661944 HTTP/1.1" status: 204 len: 168 time: 0.5428770
2026-07-14 18:54:43.801 10 INFO neutron.db.ovn_revision_numbers_db [None req-7ceb7eae-bf42-4e5a-928c-c4bbbaf2655a d2d1fefd44734a0fb49e73710a7c6e65 bd06cf4f83e74fef8c6956b3f2aa7a1a - - default default] Successfully bumped revision number for resource 04c0bc15-346e-4504-8c47-991362126a5a (type: security_groups) to 2
2026-07-14 18:54:43.808 10 INFO neutron.wsgi [None req-7ceb7eae-bf42-4e5a-928c-c4bbbaf2655a d2d1fefd44734a0fb49e73710a7c6e65 bd06cf4f83e74fef8c6956b3f2aa7a1a - - default default] 10.0.0.110 "PUT /v2.0/security-groups/04c0bc15-346e-4504-8c47-991362126a5a HTTP/1.1" status: 200 len: 1857 time: 0.1372449
2026-07-14 18:54:43.841 10 WARNING neutron.plugins.ml2.drivers.ovn.mech_driver.ovsdb.ovn_client [None req-d887c70c-8fc1-42e8-a873-0fff16e19d3d - - - - - -] No hosting information found for port e03ebb91-852e-4605-95cb-676d861e88fc: RuntimeError: No hosting information found for port e03ebb91-852e-4605-95cb-676d861e88fc
2026-07-14 18:54:43.842 10 INFO neutron.plugins.ml2.drivers.ovn.mech_driver.mech_driver [None req-d887c70c-8fc1-42e8-a873-0fff16e19d3d - - - - - -] OVN reports status up for port: a17db3f4-049b-4913-860f-5b1797c8ac71
2026-07-14 18:54:43.847 9 INFO neutron.wsgi [None req-6629af06-0ff0-4090-a798-366ef5cf978d d2d1fefd44734a0fb49e73710a7c6e65 bd06cf4f83e74fef8c6956b3f2aa7a1a - - default default] 10.0.0.110 "GET /v2.0/security-groups/04c0bc15-346e-4504-8c47-991362126a5a HTTP/1.1" status: 200 len: 1857 time: 0.0324001
2026-07-14 18:54:44.029 10 INFO neutron.wsgi [None req-07e096ea-5253-461d-befc-a003ba88ee50 d2d1fefd44734a0fb49e73710a7c6e65 bd06cf4f83e74fef8c6956b3f2aa7a1a - - default default] 10.0.0.110 "DELETE /v2.0/security-groups/04c0bc15-346e-4504-8c47-991362126a5a HTTP/1.1" status: 204 len: 168 time: 0.1662760 /var/lib/openstack/lib/python3.10/site-packages/pycadf/identifier.py:71: UserWarning: Invalid uuid: neutron. To ensure interoperability, identifiers should be a valid uuid. warnings.warn(('Invalid uuid: %s. To ensure interoperability, '
2026-07-14 18:54:44.075 10 INFO neutron.wsgi [None req-bc79e003-5b8c-481f-b8eb-620d3ab27692 d2d1fefd44734a0fb49e73710a7c6e65 bd06cf4f83e74fef8c6956b3f2aa7a1a - - default default] 10.0.0.110 "GET /v2.0/security-groups HTTP/1.1" status: 200 len: 3120 time: 0.0399961
2026-07-14 18:54:44.094 9 INFO neutron.api.v2.resource [None req-7ca861c7-f267-4303-9ffb-89d32055a8de d2d1fefd44734a0fb49e73710a7c6e65 bd06cf4f83e74fef8c6956b3f2aa7a1a - - default default] delete failed (client error): The resource could not be found.
2026-07-14 18:54:44.096 9 INFO neutron.wsgi [None req-7ca861c7-f267-4303-9ffb-89d32055a8de d2d1fefd44734a0fb49e73710a7c6e65 bd06cf4f83e74fef8c6956b3f2aa7a1a - - default default] 10.0.0.110 "DELETE /v2.0/security-groups/04c0bc15-346e-4504-8c47-991362126a5a HTTP/1.1" status: 404 len: 347 time: 0.0139852
2026-07-14 18:54:44.111 10 WARNING neutron_lib.context [None req-e13db7cd-7ec3-4d93-bb82-877f8fecce68 d2d1fefd44734a0fb49e73710a7c6e65 bd06cf4f83e74fef8c6956b3f2aa7a1a - - default default] Method 'is_advsvc' is deprecated since 2023.2 release (neutron-lib 3.8.0) and will be removed once support for the old RBAC API policies will be removed from Neutron. Please use method 'is_service_role' instead.
2026-07-14 18:54:44.254 9 INFO neutron.wsgi [None req-a5557dfe-143c-41ec-aa08-dd71c21e27fd 05bc8ae930254127bc61c8d684bbe13b 797a8c9041484eaeb26b92c15d672156 - - default default] 10.0.0.110 "DELETE /v2.0/ports/0dea2b4b-dcc8-4024-a6fd-a2bed7ea9f7c HTTP/1.1" status: 204 len: 168 time: 0.4674799
2026-07-14 18:54:44.270 10 INFO neutron.db.ovn_revision_numbers_db [None req-e13db7cd-7ec3-4d93-bb82-877f8fecce68 d2d1fefd44734a0fb49e73710a7c6e65 bd06cf4f83e74fef8c6956b3f2aa7a1a - - default default] Successfully bumped revision number for resource 6b4dde7d-356d-42cf-a1dd-feadd7815982 (type: security_groups) to 1
2026-07-14 18:54:44.286 10 INFO neutron.db.ovn_revision_numbers_db [None req-e13db7cd-7ec3-4d93-bb82-877f8fecce68 d2d1fefd44734a0fb49e73710a7c6e65 bd06cf4f83e74fef8c6956b3f2aa7a1a - - default default] Successfully bumped revision number for resource 5fe8aedf-1324-46c9-8841-49522cdf3365 (type: security_group_rules) to 0
2026-07-14 18:54:44.299 10 INFO neutron.db.ovn_revision_numbers_db [None req-e13db7cd-7ec3-4d93-bb82-877f8fecce68 d2d1fefd44734a0fb49e73710a7c6e65 bd06cf4f83e74fef8c6956b3f2aa7a1a - - default default] Successfully bumped revision number for resource e365b926-e119-478d-866f-580aee967997 (type: security_group_rules) to 0
2026-07-14 18:54:44.308 9 INFO neutron.wsgi [None req-af9255d6-7141-4a71-a308-ad32a9d88ec3 05bc8ae930254127bc61c8d684bbe13b 797a8c9041484eaeb26b92c15d672156 - - default default] 10.0.0.110 "GET /v2.0/ports?device_id=c62f1fcc-f921-4e7d-807a-f9f7ff727e4d HTTP/1.1" status: 200 len: 1140 time: 0.0498636
2026-07-14 18:54:44.326 10 INFO neutron.wsgi [None req-e13db7cd-7ec3-4d93-bb82-877f8fecce68 d2d1fefd44734a0fb49e73710a7c6e65 bd06cf4f83e74fef8c6956b3f2aa7a1a - - default default] 10.0.0.110 "POST /v2.0/security-groups HTTP/1.1" status: 201 len: 1825 time: 0.2226512
2026-07-14 18:54:44.344 9 WARNING neutron_lib.context [None req-9982e8ea-8a63-4703-a68b-d260fe895ca6 d2d1fefd44734a0fb49e73710a7c6e65 bd06cf4f83e74fef8c6956b3f2aa7a1a - - default default] Method 'is_advsvc' is deprecated since 2023.2 release (neutron-lib 3.8.0) and will be removed once support for the old RBAC API policies will be removed from Neutron. Please use method 'is_service_role' instead.
2026-07-14 18:54:44.595 9 INFO neutron.db.ovn_revision_numbers_db [None req-9982e8ea-8a63-4703-a68b-d260fe895ca6 d2d1fefd44734a0fb49e73710a7c6e65 bd06cf4f83e74fef8c6956b3f2aa7a1a - - default default] Successfully bumped revision number for resource 99fe27ff-c8af-4ce5-8e3c-6e0104ae88b6 (type: security_group_rules) to 0
2026-07-14 18:54:44.625 9 INFO neutron.wsgi [None req-9982e8ea-8a63-4703-a68b-d260fe895ca6 d2d1fefd44734a0fb49e73710a7c6e65 bd06cf4f83e74fef8c6956b3f2aa7a1a - - default default] 10.0.0.110 "POST /v2.0/security-group-rules HTTP/1.1" status: 201 len: 800 time: 0.2856681
2026-07-14 18:54:44.655 9 INFO neutron.wsgi [None req-cbf393a8-69a0-4ace-9e62-15e68787a1ef d2d1fefd44734a0fb49e73710a7c6e65 bd06cf4f83e74fef8c6956b3f2aa7a1a - - default default] 10.0.0.110 "GET /v2.0/security-group-rules/99fe27ff-c8af-4ce5-8e3c-6e0104ae88b6 HTTP/1.1" status: 200 len: 795 time: 0.0253308
2026-07-14 18:54:44.773 10 INFO neutron.wsgi [None req-1731a444-a900-4151-889b-de4938cd27fe d2d1fefd44734a0fb49e73710a7c6e65 bd06cf4f83e74fef8c6956b3f2aa7a1a - - default default] 10.0.0.110 "GET /v2.0/security-group-rules HTTP/1.1" status: 200 len: 4333 time: 0.1116474
2026-07-14 18:54:44.914 10 INFO neutron.wsgi [None req-50f2aa7c-3ab4-44a5-9293-e840b589fe86 d2d1fefd44734a0fb49e73710a7c6e65 bd06cf4f83e74fef8c6956b3f2aa7a1a - - default default] 10.0.0.110 "DELETE /v2.0/security-group-rules/99fe27ff-c8af-4ce5-8e3c-6e0104ae88b6 HTTP/1.1" status: 204 len: 168 time: 0.1350839
2026-07-14 18:54:44.997 10 INFO neutron.wsgi [None req-d4393843-e7c5-448e-9f6a-f39d00cfc421 d2d1fefd44734a0fb49e73710a7c6e65 bd06cf4f83e74fef8c6956b3f2aa7a1a - - default default] 10.0.0.110 "GET /v2.0/security-group-rules HTTP/1.1" status: 200 len: 3755 time: 0.0796239
2026-07-14 18:54:45.008 10 WARNING neutron_lib.context [None req-be6616c6-f842-43f5-a8cc-9ab54cd98586 d2d1fefd44734a0fb49e73710a7c6e65 bd06cf4f83e74fef8c6956b3f2aa7a1a - - default default] Method 'is_advsvc' is deprecated since 2023.2 release (neutron-lib 3.8.0) and will be removed once support for the old RBAC API policies will be removed from Neutron. Please use method 'is_service_role' instead.
2026-07-14 18:54:45.062 10 WARNING neutron_lib.context [None req-6de7d00a-5345-4678-b2f0-6959fe72a5de 4f0202ec8223444bbeac50718016c4ce e9f2d98f69e644068c175b8717ae4d9e - - default default] Method 'is_advsvc' is deprecated since 2023.2 release (neutron-lib 3.8.0) and will be removed once support for the old RBAC API policies will be removed from Neutron. Please use method 'is_service_role' instead.
2026-07-14 18:54:45.166 10 INFO neutron.db.ovn_revision_numbers_db [None req-be6616c6-f842-43f5-a8cc-9ab54cd98586 d2d1fefd44734a0fb49e73710a7c6e65 bd06cf4f83e74fef8c6956b3f2aa7a1a - - default default] Successfully bumped revision number for resource 204e05aa-b1cb-403e-a200-a1e9142ce8c6 (type: security_group_rules) to 0
2026-07-14 18:54:45.205 10 INFO neutron.wsgi [None req-be6616c6-f842-43f5-a8cc-9ab54cd98586 d2d1fefd44734a0fb49e73710a7c6e65 bd06cf4f83e74fef8c6956b3f2aa7a1a - - default default] 10.0.0.110 "POST /v2.0/security-group-rules HTTP/1.1" status: 201 len: 800 time: 0.2023644
2026-07-14 18:54:45.231 10 INFO neutron.wsgi [None req-77038495-16aa-48dc-8991-57ca05de590f d2d1fefd44734a0fb49e73710a7c6e65 bd06cf4f83e74fef8c6956b3f2aa7a1a - - default default] 10.0.0.110 "GET /v2.0/security-group-rules/204e05aa-b1cb-403e-a200-a1e9142ce8c6 HTTP/1.1" status: 200 len: 795 time: 0.0215933
2026-07-14 18:54:45.249 10 INFO neutron.db.ovn_revision_numbers_db [None req-6de7d00a-5345-4678-b2f0-6959fe72a5de 4f0202ec8223444bbeac50718016c4ce e9f2d98f69e644068c175b8717ae4d9e - - default default] Successfully bumped revision number for resource 891854d4-a5cf-40d7-b7ea-0adfe17bae40 (type: security_groups) to 1
2026-07-14 18:54:45.260 10 INFO neutron.db.ovn_revision_numbers_db [None req-6de7d00a-5345-4678-b2f0-6959fe72a5de 4f0202ec8223444bbeac50718016c4ce e9f2d98f69e644068c175b8717ae4d9e - - default default] Successfully bumped revision number for resource 32f938a3-27fb-4936-a1c8-7cc2f760e7fe (type: security_group_rules) to 0
2026-07-14 18:54:45.274 10 INFO neutron.db.ovn_revision_numbers_db [None req-6de7d00a-5345-4678-b2f0-6959fe72a5de 4f0202ec8223444bbeac50718016c4ce e9f2d98f69e644068c175b8717ae4d9e - - default default] Successfully bumped revision number for resource 34fd1cde-be9b-4a75-b238-afff2d558258 (type: security_group_rules) to 0
2026-07-14 18:54:45.287 10 INFO neutron.db.ovn_revision_numbers_db [None req-6de7d00a-5345-4678-b2f0-6959fe72a5de 4f0202ec8223444bbeac50718016c4ce e9f2d98f69e644068c175b8717ae4d9e - - default default] Successfully bumped revision number for resource 3ceb7029-830c-4aef-8f4f-694835f9ccf6 (type: security_group_rules) to 0
2026-07-14 18:54:45.310 10 INFO neutron.db.ovn_revision_numbers_db [None req-6de7d00a-5345-4678-b2f0-6959fe72a5de 4f0202ec8223444bbeac50718016c4ce e9f2d98f69e644068c175b8717ae4d9e - - default default] Successfully bumped revision number for resource c5d7f0be-6c2b-4921-a1a8-0ca9366f7723 (type: security_group_rules) to 0
2026-07-14 18:54:45.357 9 INFO neutron.wsgi [None req-c8c4ef09-983c-41fb-80c2-f7f6c72ca870 d2d1fefd44734a0fb49e73710a7c6e65 bd06cf4f83e74fef8c6956b3f2aa7a1a - - default default] 10.0.0.110 "GET /v2.0/security-group-rules HTTP/1.1" status: 200 len: 4333 time: 0.1199830
2026-07-14 18:54:45.373 10 INFO neutron.db.segments_db [None req-6de7d00a-5345-4678-b2f0-6959fe72a5de 4f0202ec8223444bbeac50718016c4ce e9f2d98f69e644068c175b8717ae4d9e - - default default] Added segment 9fcaadad-68d0-4132-a5fc-ea375d0ebb76 of type geneve for network a5852cf1-659f-43b0-9e00-99f2ea2ab250
2026-07-14 18:54:45.472 9 INFO neutron.wsgi [None req-cca60b6f-7f2f-42cb-8820-8fc7dc25eb85 05bc8ae930254127bc61c8d684bbe13b 797a8c9041484eaeb26b92c15d672156 - - default default] 10.0.0.110 "PUT /v2.0/routers/c62f1fcc-f921-4e7d-807a-f9f7ff727e4d/remove_router_interface HTTP/1.1" status: 200 len: 503 time: 1.1579807 /var/lib/openstack/lib/python3.10/site-packages/pycadf/identifier.py:71: UserWarning: Invalid uuid: neutron. To ensure interoperability, identifiers should be a valid uuid. warnings.warn(('Invalid uuid: %s. To ensure interoperability, '
2026-07-14 18:54:45.588 10 INFO neutron.db.ovn_revision_numbers_db [None req-6de7d00a-5345-4678-b2f0-6959fe72a5de 4f0202ec8223444bbeac50718016c4ce e9f2d98f69e644068c175b8717ae4d9e - - default default] Successfully bumped revision number for resource a5852cf1-659f-43b0-9e00-99f2ea2ab250 (type: networks) to 1
2026-07-14 18:54:45.597 10 INFO neutron.wsgi [None req-62a5ad0b-f4b3-4f6d-bff0-7d4c3898facf d2d1fefd44734a0fb49e73710a7c6e65 bd06cf4f83e74fef8c6956b3f2aa7a1a - - default default] 10.0.0.110 "DELETE /v2.0/security-group-rules/204e05aa-b1cb-403e-a200-a1e9142ce8c6 HTTP/1.1" status: 204 len: 168 time: 0.2335796
2026-07-14 18:54:45.690 9 INFO neutron.wsgi [None req-31ea53dd-97d1-4fc3-8e3e-a653991a3698 d2d1fefd44734a0fb49e73710a7c6e65 bd06cf4f83e74fef8c6956b3f2aa7a1a - - default default] 10.0.0.110 "GET /v2.0/security-group-rules HTTP/1.1" status: 200 len: 3755 time: 0.0876465
2026-07-14 18:54:45.698 9 WARNING neutron_lib.context [None req-540e716e-52d6-4cb8-806c-22338f0c9ad3 d2d1fefd44734a0fb49e73710a7c6e65 bd06cf4f83e74fef8c6956b3f2aa7a1a - - default default] Method 'is_advsvc' is deprecated since 2023.2 release (neutron-lib 3.8.0) and will be removed once support for the old RBAC API policies will be removed from Neutron. Please use method 'is_service_role' instead.
2026-07-14 18:54:45.767 9 INFO neutron.db.securitygroups_db [None req-540e716e-52d6-4cb8-806c-22338f0c9ad3 d2d1fefd44734a0fb49e73710a7c6e65 bd06cf4f83e74fef8c6956b3f2aa7a1a - - default default] Project bd06cf4f83e74fef8c6956b3f2aa7a1a added a security group rule with legacy IPv6 ICMP protocol name icmp, ipv6-icmp should be used instead. It was automatically converted.
2026-07-14 18:54:45.787 10 WARNING neutron.scheduler.dhcp_agent_scheduler [None req-6de7d00a-5345-4678-b2f0-6959fe72a5de 4f0202ec8223444bbeac50718016c4ce e9f2d98f69e644068c175b8717ae4d9e - - default default] No more DHCP agents
2026-07-14 18:54:45.789 10 WARNING neutron.api.rpc.agentnotifiers.dhcp_rpc_agent_api [None req-6de7d00a-5345-4678-b2f0-6959fe72a5de 4f0202ec8223444bbeac50718016c4ce e9f2d98f69e644068c175b8717ae4d9e - - default default] Unable to schedule network a5852cf1-659f-43b0-9e00-99f2ea2ab250: no agents available; will retry on subsequent port and subnet creation events.
2026-07-14 18:54:45.878 10 INFO neutron.db.ovn_revision_numbers_db [None req-6de7d00a-5345-4678-b2f0-6959fe72a5de 4f0202ec8223444bbeac50718016c4ce e9f2d98f69e644068c175b8717ae4d9e - - default default] Successfully bumped revision number for resource 5b8d8b7d-133b-4c30-8781-ca1134265d90 (type: ports) to 1
2026-07-14 18:54:45.881 9 INFO neutron.db.ovn_revision_numbers_db [None req-540e716e-52d6-4cb8-806c-22338f0c9ad3 d2d1fefd44734a0fb49e73710a7c6e65 bd06cf4f83e74fef8c6956b3f2aa7a1a - - default default] Successfully bumped revision number for resource e7bf45f7-f174-46a0-bb1b-d62db792a61b (type: security_group_rules) to 0
2026-07-14 18:54:45.901 10 INFO neutron.wsgi [None req-6de7d00a-5345-4678-b2f0-6959fe72a5de 4f0202ec8223444bbeac50718016c4ce e9f2d98f69e644068c175b8717ae4d9e - - default default] 10.0.0.110 "POST /v2.0/networks HTTP/1.1" status: 201 len: 831 time: 1.0567954
2026-07-14 18:54:45.913 10 WARNING neutron_lib.context [None req-c7941c6a-9f35-416e-b665-999845f08891 4f0202ec8223444bbeac50718016c4ce e9f2d98f69e644068c175b8717ae4d9e - - default default] Method 'is_advsvc' is deprecated since 2023.2 release (neutron-lib 3.8.0) and will be removed once support for the old RBAC API policies will be removed from Neutron. Please use method 'is_service_role' instead.
2026-07-14 18:54:45.928 9 INFO neutron.wsgi [None req-540e716e-52d6-4cb8-806c-22338f0c9ad3 d2d1fefd44734a0fb49e73710a7c6e65 bd06cf4f83e74fef8c6956b3f2aa7a1a - - default default] 10.0.0.110 "POST /v2.0/security-group-rules HTTP/1.1" status: 201 len: 806 time: 0.2337110
2026-07-14 18:54:45.957 9 INFO neutron.wsgi [None req-e1073851-d64e-43c3-9d1c-ba5b5b42de2d d2d1fefd44734a0fb49e73710a7c6e65 bd06cf4f83e74fef8c6956b3f2aa7a1a - - default default] 10.0.0.110 "GET /v2.0/security-group-rules/e7bf45f7-f174-46a0-bb1b-d62db792a61b HTTP/1.1" status: 200 len: 801 time: 0.0222595
2026-07-14 18:54:46.331 10 INFO neutron.wsgi [None req-1991654c-0266-45a2-bc8f-702ea6526a96 d2d1fefd44734a0fb49e73710a7c6e65 bd06cf4f83e74fef8c6956b3f2aa7a1a - - default default] 10.0.0.110 "GET /v2.0/security-group-rules HTTP/1.1" status: 200 len: 4339 time: 0.3686225
2026-07-14 18:54:46.431 9 INFO neutron.wsgi [None req-7eaea045-c768-4690-95bf-68447e15543f 05bc8ae930254127bc61c8d684bbe13b 797a8c9041484eaeb26b92c15d672156 - - default default] 10.0.0.110 "DELETE /v2.0/routers/c62f1fcc-f921-4e7d-807a-f9f7ff727e4d HTTP/1.1" status: 204 len: 168 time: 0.9534574
2026-07-14 18:54:46.702 10 WARNING neutron.scheduler.dhcp_agent_scheduler [None req-c7941c6a-9f35-416e-b665-999845f08891 4f0202ec8223444bbeac50718016c4ce e9f2d98f69e644068c175b8717ae4d9e - - default default] No more DHCP agents
2026-07-14 18:54:46.704 10 WARNING neutron.api.rpc.agentnotifiers.dhcp_rpc_agent_api [None req-c7941c6a-9f35-416e-b665-999845f08891 4f0202ec8223444bbeac50718016c4ce e9f2d98f69e644068c175b8717ae4d9e - - default default] Unable to schedule network 042559a0-e9f8-4ebe-aef7-fc562a7ceb78: no agents available; will retry on subsequent port and subnet creation events.
2026-07-14 18:54:46.780 9 INFO neutron.wsgi [None req-7d7e6e26-28a8-4bad-9ecb-5e60b450615a d2d1fefd44734a0fb49e73710a7c6e65 bd06cf4f83e74fef8c6956b3f2aa7a1a - - default default] 10.0.0.110 "DELETE /v2.0/security-group-rules/e7bf45f7-f174-46a0-bb1b-d62db792a61b HTTP/1.1" status: 204 len: 168 time: 0.4366775
2026-07-14 18:54:46.864 10 INFO neutron.db.ovn_revision_numbers_db [None req-c7941c6a-9f35-416e-b665-999845f08891 4f0202ec8223444bbeac50718016c4ce e9f2d98f69e644068c175b8717ae4d9e - - default default] Successfully bumped revision number for resource 2a662461-ae82-4514-9a42-b0c03e868626 (type: ports) to 1
2026-07-14 18:54:46.885 9 INFO neutron.wsgi [None req-de5cb085-3cb2-47d1-801d-9f63d29a82c1 d2d1fefd44734a0fb49e73710a7c6e65 bd06cf4f83e74fef8c6956b3f2aa7a1a - - default default] 10.0.0.110 "GET /v2.0/security-group-rules HTTP/1.1" status: 200 len: 3755 time: 0.0964170
2026-07-14 18:54:46.906 9 INFO neutron.wsgi [None req-6e845521-7a94-4f6e-ad8a-734ffed7d59e 05bc8ae930254127bc61c8d684bbe13b 797a8c9041484eaeb26b92c15d672156 - - default default] 10.0.0.110 "DELETE /v2.0/subnets/b38208ad-06b0-48f1-8e5f-5d2de246f565 HTTP/1.1" status: 204 len: 168 time: 0.4678216
2026-07-14 18:54:47.084 10 INFO neutron.wsgi [None req-a02aa4f8-6648-4b39-b5d7-914ede49724b d2d1fefd44734a0fb49e73710a7c6e65 bd06cf4f83e74fef8c6956b3f2aa7a1a - - default default] 10.0.0.110 "DELETE /v2.0/security-groups/6b4dde7d-356d-42cf-a1dd-feadd7815982 HTTP/1.1" status: 204 len: 168 time: 0.1924176
2026-07-14 18:54:47.135 10 INFO neutron.wsgi [None req-385dce60-b46d-4b36-a80a-f97d71c1f281 d2d1fefd44734a0fb49e73710a7c6e65 bd06cf4f83e74fef8c6956b3f2aa7a1a - - default default] 10.0.0.110 "GET /v2.0/security-groups HTTP/1.1" status: 200 len: 3120 time: 0.0458741
2026-07-14 18:54:47.204 10 INFO neutron.wsgi [None req-a21b7c09-8035-4a51-a137-66c34be1466a d2d1fefd44734a0fb49e73710a7c6e65 bd06cf4f83e74fef8c6956b3f2aa7a1a - - default default] 10.0.0.110 "GET /v2.0/security-groups HTTP/1.1" status: 200 len: 3120 time: 0.0615656
2026-07-14 18:54:47.328 9 INFO neutron.services.segments.plugin [-] Segment 03249ae9-4150-46ae-9ff7-a79fca124605 resource provider aggregate not found
2026-07-14 18:54:47.334 9 INFO neutron.services.segments.plugin [-] Segment 03249ae9-4150-46ae-9ff7-a79fca124605 resource provider aggregate not found
2026-07-14 18:54:47.356 9 INFO neutron.wsgi [None req-ce7a4974-a77b-49fc-b9f2-7004ac858494 05bc8ae930254127bc61c8d684bbe13b 797a8c9041484eaeb26b92c15d672156 - - default default] 10.0.0.110 "DELETE /v2.0/networks/b8b27fdc-9a95-4c51-8475-9a1768938fc2 HTTP/1.1" status: 204 len: 168 time: 0.4461880
2026-07-14 18:54:47.359 9 INFO neutron.services.segments.plugin [-] Segment 03249ae9-4150-46ae-9ff7-a79fca124605 resource provider not found; error: Placement Client Error (4xx): {"errors": [{"status": 404, "title": "Not Found", "detail": "The resource could not be found.\n\n No resource provider with uuid 03249ae9-4150-46ae-9ff7-a79fca124605 found for delete ", "request_id": "req-beb81d52-dc2d-4477-84ef-6fba845ae258"}]}
2026-07-14 18:54:47.359 9 INFO neutron.services.segments.plugin [-] Segment 03249ae9-4150-46ae-9ff7-a79fca124605 resource provider not found; error: Placement Client Error (4xx): {"errors": [{"status": 404, "title": "Not Found", "detail": "The resource could not be found.\n\n No resource provider with uuid 03249ae9-4150-46ae-9ff7-a79fca124605 found for delete ", "request_id": "req-f546beea-d676-45d2-9f13-b7ea950bd2cb"}]}
2026-07-14 18:54:47.536 10 INFO neutron.wsgi [req-6f7506ae-1e1a-4025-bc87-ecf736e88534 req-1ac7f2af-0ffe-4f6a-8d85-d32a6f3e2c46 a7d0a42cf3eb418db63db859bcefec50 889d449229ae4bdfbf34277e4ebedf2f - - 35ffeaa6bba0459dbb48b49e82dff028 35ffeaa6bba0459dbb48b49e82dff028] 10.0.0.151 "GET /v2.0/ports?device_id=1dca1afb-f3fc-40bb-bc15-f5880bf458c2 HTTP/1.1" status: 200 len: 1413 time: 0.2570622
2026-07-14 18:54:47.613 10 INFO neutron.wsgi [req-6f7506ae-1e1a-4025-bc87-ecf736e88534 req-8a1663be-bb95-484a-b5bf-7ced9b017445 a7d0a42cf3eb418db63db859bcefec50 889d449229ae4bdfbf34277e4ebedf2f - - 35ffeaa6bba0459dbb48b49e82dff028 35ffeaa6bba0459dbb48b49e82dff028] 10.0.0.151 "GET /v2.0/security-groups?id=ebb609b3-95ae-4420-aa8a-6ebaa6c56ac5&fields=id&fields=name HTTP/1.1" status: 200 len: 311 time: 0.0581653
2026-07-14 18:54:47.698 10 INFO neutron.plugins.ml2.drivers.ovn.mech_driver.ovsdb.commands [None req-df649dd5-3529-4797-87d0-5b49a783ffd4 - - - - - -] Schedule LRP lrp-2a662461-ae82-4514-9a42-b0c03e868626 on gateway 075bdfd4-4d15-4480-a1da-59ab3d61ed06 with priority 1
2026-07-14 18:54:47.708 10 INFO neutron.plugins.ml2.drivers.ovn.mech_driver.mech_driver [None req-d887c70c-8fc1-42e8-a873-0fff16e19d3d - - - - - -] OVN reports status up for port: 2a662461-ae82-4514-9a42-b0c03e868626
2026-07-14 18:54:47.724 9 INFO neutron.plugins.ml2.drivers.ovn.mech_driver.ovsdb.ovsdb_monitor [None req-d8355f9d-271a-4933-aa23-17011ac1b9b0 - - - - - -] Router 825c0377-8f40-4d6f-9e46-ed2b23c3e375 is bound to host instance
2026-07-14 18:54:47.728 10 INFO neutron.plugins.ml2.plugin [None req-d887c70c-8fc1-42e8-a873-0fff16e19d3d - - - - - -] Attempt 1 to provision port 2a662461-ae82-4514-9a42-b0c03e868626
2026-07-14 18:54:47.772 10 INFO neutron.db.ovn_revision_numbers_db [None req-c7941c6a-9f35-416e-b665-999845f08891 4f0202ec8223444bbeac50718016c4ce e9f2d98f69e644068c175b8717ae4d9e - - default default] Successfully bumped revision number for resource 2a662461-ae82-4514-9a42-b0c03e868626 (type: router_ports) to 1
2026-07-14 18:54:47.856 10 INFO neutron.db.ovn_revision_numbers_db [None req-c7941c6a-9f35-416e-b665-999845f08891 4f0202ec8223444bbeac50718016c4ce e9f2d98f69e644068c175b8717ae4d9e - - default default] Successfully bumped revision number for resource 825c0377-8f40-4d6f-9e46-ed2b23c3e375 (type: routers) to 2
2026-07-14 18:54:47.883 10 INFO neutron.wsgi [None req-c7941c6a-9f35-416e-b665-999845f08891 4f0202ec8223444bbeac50718016c4ce e9f2d98f69e644068c175b8717ae4d9e - - default default] 10.0.0.110 "POST /v2.0/routers HTTP/1.1" status: 201 len: 1153 time: 1.9755375
2026-07-14 18:54:47.993 9 INFO neutron.wsgi [None req-9c6cc9da-db2a-4483-a9fc-2a4e652b4900 42c5276c71b348a9abacbf421c309197 ff7e564635fa43fa9e2dc3cdab6453c3 - - default default] 10.0.0.110 "GET /v2.0/security-groups?tenant_id=bd06cf4f83e74fef8c6956b3f2aa7a1a&name=default HTTP/1.1" status: 200 len: 3120 time: 0.1782813
2026-07-14 18:54:48.031 10 INFO neutron.wsgi [None req-5218e112-39e5-4634-9452-67fbadc83a2e 42c5276c71b348a9abacbf421c309197 ff7e564635fa43fa9e2dc3cdab6453c3 - - default default] 10.0.0.110 "GET /v2.0/security-groups?tenant_id=797a8c9041484eaeb26b92c15d672156&name=default HTTP/1.1" status: 200 len: 3120 time: 0.1614764
2026-07-14 18:54:48.104 10 INFO neutron.wsgi [None req-500c3479-1392-498b-a247-3e55695c0989 198707c29f494b91ad26b99100b6d3d4 4dd4fc31d4ed4ba0aa3c2fac7843f7b6 - - default default] 10.0.0.110 "GET /v2.0/subnets?project_id=e9f2d98f69e644068c175b8717ae4d9e&cidr=10.100.0.0%2F28 HTTP/1.1" status: 200 len: 207 time: 0.2130363
2026-07-14 18:54:48.243 10 INFO neutron.wsgi [None req-20989b5c-4ec8-4a7b-b877-ad341b919b47 198707c29f494b91ad26b99100b6d3d4 4dd4fc31d4ed4ba0aa3c2fac7843f7b6 - - default default] 10.0.0.110 "GET /v2.0/networks?router%3Aexternal=True HTTP/1.1" status: 200 len: 947 time: 0.1334932
2026-07-14 18:54:48.282 9 INFO neutron.wsgi [None req-a3811773-bbfa-4604-85a0-d2be33ab454f 198707c29f494b91ad26b99100b6d3d4 4dd4fc31d4ed4ba0aa3c2fac7843f7b6 - - default default] 10.0.0.110 "GET /v2.0/subnets?network_id=042559a0-e9f8-4ebe-aef7-fc562a7ceb78&cidr=10.100.0.0%2F28 HTTP/1.1" status: 200 len: 207 time: 0.0305829
2026-07-14 18:54:48.292 9 WARNING neutron_lib.context [None req-5e6078a8-5a49-4343-be62-20b210fcfd40 4f0202ec8223444bbeac50718016c4ce e9f2d98f69e644068c175b8717ae4d9e - - default default] Method 'is_advsvc' is deprecated since 2023.2 release (neutron-lib 3.8.0) and will be removed once support for the old RBAC API policies will be removed from Neutron. Please use method 'is_service_role' instead.
2026-07-14 18:54:48.363 10 INFO neutron.wsgi [None req-b16b20bb-d8f8-463d-9472-cab2667420d1 42c5276c71b348a9abacbf421c309197 ff7e564635fa43fa9e2dc3cdab6453c3 - - default default] 10.0.0.110 "DELETE /v2.0/security-groups/14166830-0982-45ce-a6bc-6327da3d3a5f HTTP/1.1" status: 204 len: 168 time: 0.3635993
2026-07-14 18:54:48.386 10 INFO neutron.wsgi [None req-65de183b-d432-4f8e-a300-234baa8889ef 42c5276c71b348a9abacbf421c309197 ff7e564635fa43fa9e2dc3cdab6453c3 - - default default] 10.0.0.110 "DELETE /v2.0/security-groups/b5eb286f-9faf-4f85-8c56-05829e91901e HTTP/1.1" status: 204 len: 168 time: 0.3503609
2026-07-14 18:54:48.662 9 WARNING neutron.scheduler.dhcp_agent_scheduler [None req-5e6078a8-5a49-4343-be62-20b210fcfd40 4f0202ec8223444bbeac50718016c4ce e9f2d98f69e644068c175b8717ae4d9e - - default default] No more DHCP agents
2026-07-14 18:54:48.666 9 WARNING neutron.api.rpc.agentnotifiers.dhcp_rpc_agent_api [None req-5e6078a8-5a49-4343-be62-20b210fcfd40 4f0202ec8223444bbeac50718016c4ce e9f2d98f69e644068c175b8717ae4d9e - - default default] Unable to schedule network a5852cf1-659f-43b0-9e00-99f2ea2ab250: no agents available; will retry on subsequent port and subnet creation events.
2026-07-14 18:54:48.780 9 INFO neutron.db.ovn_revision_numbers_db [None req-d8355f9d-271a-4933-aa23-17011ac1b9b0 - - - - - -] Successfully bumped revision number for resource 2a662461-ae82-4514-9a42-b0c03e868626 (type: ports) to 1
2026-07-14 18:54:49.519 9 INFO neutron.db.ovn_revision_numbers_db [None req-d8355f9d-271a-4933-aa23-17011ac1b9b0 - - - - - -] Successfully bumped revision number for resource 2a662461-ae82-4514-9a42-b0c03e868626 (type: router_ports) to 3
2026-07-14 18:54:49.611 9 INFO neutron.db.ovn_revision_numbers_db [None req-5e6078a8-5a49-4343-be62-20b210fcfd40 4f0202ec8223444bbeac50718016c4ce e9f2d98f69e644068c175b8717ae4d9e - - default default] Successfully bumped revision number for resource 5b8d8b7d-133b-4c30-8781-ca1134265d90 (type: ports) to 2
2026-07-14 18:54:49.659 9 INFO neutron.db.ovn_revision_numbers_db [None req-5e6078a8-5a49-4343-be62-20b210fcfd40 4f0202ec8223444bbeac50718016c4ce e9f2d98f69e644068c175b8717ae4d9e - - default default] Successfully bumped revision number for resource 2132f401-c032-4374-8929-f58a66d56b67 (type: subnets) to 0
