2026-07-14 18:56:12.873 10 INFO neutron.db.ovn_revision_numbers_db [None req-358c9fa5-7b3e-4467-afb2-ac6f10d097e5 42c5276c71b348a9abacbf421c309197 ff7e564635fa43fa9e2dc3cdab6453c3 - - default default] Successfully bumped revision number for resource 79c4e28a-7561-4784-a328-013d44e7c717 (type: ports) to 1
2026-07-14 18:56:12.901 10 INFO neutron.wsgi [None req-358c9fa5-7b3e-4467-afb2-ac6f10d097e5 42c5276c71b348a9abacbf421c309197 ff7e564635fa43fa9e2dc3cdab6453c3 - - default default] 10.0.0.110 "POST /v2.0/networks HTTP/1.1" status: 201 len: 943 time: 1.1313181
2026-07-14 18:56:12.937 9 INFO neutron.wsgi [None req-0dbe63de-bee9-4680-b15d-a78b774c15f8 42c5276c71b348a9abacbf421c309197 ff7e564635fa43fa9e2dc3cdab6453c3 - - default default] 10.0.0.110 "DELETE /v2.0/security-groups/3376c0e4-9f68-422d-b76f-a64c4637db10 HTTP/1.1" status: 204 len: 168 time: 0.3134656
2026-07-14 18:56:13.016 9 INFO neutron.wsgi [req-617bdfdb-304d-4ab7-a74a-7bd87272dab1 req-7f6d9d1d-de7c-41d0-ac43-34e80537e479 05fdce5190fb4d88b81dfdeb88c6b6a3 89ae89637f15478a87a4edfc0fd50687 - - default default] 10.0.0.85 "GET /v2.0/security-groups?name=tempest-secgroup-smoke-372590698&fields=id&tenant_id=89ae89637f15478a87a4edfc0fd50687 HTTP/1.1" status: 200 len: 267 time: 0.0748153
2026-07-14 18:56:13.087 9 INFO neutron.wsgi [req-617bdfdb-304d-4ab7-a74a-7bd87272dab1 req-e11a0901-d0ff-4c44-b04d-12848e25d973 05fdce5190fb4d88b81dfdeb88c6b6a3 89ae89637f15478a87a4edfc0fd50687 - - default default] 10.0.0.85 "GET /v2.0/security-groups?name=tempest-securitygroup--1842770724&fields=id&tenant_id=89ae89637f15478a87a4edfc0fd50687 HTTP/1.1" status: 200 len: 267 time: 0.0642028
2026-07-14 18:56:13.205 10 INFO neutron.db.ovn_revision_numbers_db [None req-b2024a37-3649-49af-8409-f6598ec82760 42c5276c71b348a9abacbf421c309197 ff7e564635fa43fa9e2dc3cdab6453c3 - - default default] Successfully bumped revision number for resource 3bce72ca-12c8-4141-936a-ee32e88be121 (type: security_groups) to 1
2026-07-14 18:56:13.221 10 INFO neutron.wsgi [None req-d6aac89d-152e-4cd9-a698-c375b430a641 0da4e6b33f9d4b49b2155d01716bf5a7 b16dc8cb0f74466d8afd6d940e605e3f - - default default] 10.0.0.110 "DELETE /v2.0/networks/dbd546de-8aa8-4b09-8a42-3979ded3363d HTTP/1.1" status: 204 len: 168 time: 0.4642906
2026-07-14 18:56:13.231 10 INFO neutron.db.ovn_revision_numbers_db [None req-b2024a37-3649-49af-8409-f6598ec82760 42c5276c71b348a9abacbf421c309197 ff7e564635fa43fa9e2dc3cdab6453c3 - - default default] Successfully bumped revision number for resource 7baa0645-8ce3-494d-9e70-025760db8b4a (type: security_group_rules) to 0
2026-07-14 18:56:13.244 10 INFO neutron.db.ovn_revision_numbers_db [None req-b2024a37-3649-49af-8409-f6598ec82760 42c5276c71b348a9abacbf421c309197 ff7e564635fa43fa9e2dc3cdab6453c3 - - default default] Successfully bumped revision number for resource a44e7cc2-6872-4eab-9fe8-6aecef1b7c10 (type: security_group_rules) to 0
2026-07-14 18:56:13.303 9 INFO neutron.services.segments.plugin [-] Segment 4bacff34-81c6-4c00-a2ea-8e4789168fe3 resource provider aggregate not found
2026-07-14 18:56:13.315 9 INFO neutron.services.segments.plugin [-] Segment 4bacff34-81c6-4c00-a2ea-8e4789168fe3 resource provider aggregate not found
2026-07-14 18:56:13.339 9 INFO neutron.services.segments.plugin [-] Segment 4bacff34-81c6-4c00-a2ea-8e4789168fe3 resource provider not found; error: Placement Client Error (4xx): {"errors": [{"status": 404, "title": "Not Found", "detail": "The resource could not be found.\n\n No resource provider with uuid 4bacff34-81c6-4c00-a2ea-8e4789168fe3 found for delete ", "request_id": "req-4cc9ac4a-b1b2-450e-94f2-60a4b3f4984c"}]}
2026-07-14 18:56:13.346 9 INFO neutron.services.segments.plugin [-] Segment 4bacff34-81c6-4c00-a2ea-8e4789168fe3 resource provider not found; error: Placement Client Error (4xx): {"errors": [{"status": 404, "title": "Not Found", "detail": "The resource could not be found.\n\n No resource provider with uuid 4bacff34-81c6-4c00-a2ea-8e4789168fe3 found for delete ", "request_id": "req-8d35b7d3-0f7c-4733-a194-91ac4c59591d"}]}
2026-07-14 18:56:13.364 9 WARNING neutron.scheduler.dhcp_agent_scheduler [None req-375d34c6-256b-4000-9372-e305481411cb 42c5276c71b348a9abacbf421c309197 ff7e564635fa43fa9e2dc3cdab6453c3 - - default default] No more DHCP agents
2026-07-14 18:56:13.365 9 INFO neutron.services.segments.plugin [-] Segment 40171c2d-be7e-472e-868a-c5e6c7a0e421 resource provider aggregate not found
2026-07-14 18:56:13.370 9 INFO neutron.services.segments.plugin [-] Segment 40171c2d-be7e-472e-868a-c5e6c7a0e421 resource provider aggregate not found
2026-07-14 18:56:13.377 9 WARNING neutron.api.rpc.agentnotifiers.dhcp_rpc_agent_api [None req-375d34c6-256b-4000-9372-e305481411cb 42c5276c71b348a9abacbf421c309197 ff7e564635fa43fa9e2dc3cdab6453c3 - - default default] Unable to schedule network e8a63f56-9037-46ec-9d8c-1dd6a221d505: no agents available; will retry on subsequent port and subnet creation events.
2026-07-14 18:56:13.391 9 INFO neutron.services.segments.plugin [-] Segment 40171c2d-be7e-472e-868a-c5e6c7a0e421 resource provider not found; error: Placement Client Error (4xx): {"errors": [{"status": 404, "title": "Not Found", "detail": "The resource could not be found.\n\n No resource provider with uuid 40171c2d-be7e-472e-868a-c5e6c7a0e421 found for delete ", "request_id": "req-7f836d8c-a4ee-4f5d-9d99-64424193a624"}]}
2026-07-14 18:56:13.391 9 INFO neutron.services.segments.plugin [-] Segment 40171c2d-be7e-472e-868a-c5e6c7a0e421 resource provider not found; error: Placement Client Error (4xx): {"errors": [{"status": 404, "title": "Not Found", "detail": "The resource could not be found.\n\n No resource provider with uuid 40171c2d-be7e-472e-868a-c5e6c7a0e421 found for delete ", "request_id": "req-3496440a-e967-400e-8a83-363b964f5a42"}]}
2026-07-14 18:56:13.433 9 INFO neutron.wsgi [req-617bdfdb-304d-4ab7-a74a-7bd87272dab1 req-389387e5-51eb-41c9-ba0f-ef7836e03366 05fdce5190fb4d88b81dfdeb88c6b6a3 89ae89637f15478a87a4edfc0fd50687 - - default default] 10.0.0.85 "GET /v2.0/networks?id=1be6e370-9ba9-4123-8838-d03fdfb12b51 HTTP/1.1" status: 200 len: 872 time: 0.3371067
2026-07-14 18:56:13.450 9 INFO neutron.wsgi [req-617bdfdb-304d-4ab7-a74a-7bd87272dab1 req-919b5781-89a8-4ded-9d9e-c5bcbc5ed7cd 05fdce5190fb4d88b81dfdeb88c6b6a3 89ae89637f15478a87a4edfc0fd50687 - - default default] 10.0.0.85 "GET /v2.0/quotas/89ae89637f15478a87a4edfc0fd50687 HTTP/1.1" status: 200 len: 491 time: 0.0094306
2026-07-14 18:56:13.486 10 INFO neutron.db.ovn_revision_numbers_db [None req-b2024a37-3649-49af-8409-f6598ec82760 42c5276c71b348a9abacbf421c309197 ff7e564635fa43fa9e2dc3cdab6453c3 - - default default] Successfully bumped revision number for resource c60bb0cb-393a-4bd2-b0f0-bb356a3e483f (type: security_group_rules) to 0
2026-07-14 18:56:13.499 10 WARNING neutron.plugins.ml2.drivers.ovn.mech_driver.ovsdb.ovn_client [None req-d887c70c-8fc1-42e8-a873-0fff16e19d3d - - - - - -] No hosting information found for port 4c5bb022-0e31-4b33-be0e-9dee965ad173: RuntimeError: No hosting information found for port 4c5bb022-0e31-4b33-be0e-9dee965ad173
2026-07-14 18:56:13.508 10 INFO neutron.db.ovn_revision_numbers_db [None req-b2024a37-3649-49af-8409-f6598ec82760 42c5276c71b348a9abacbf421c309197 ff7e564635fa43fa9e2dc3cdab6453c3 - - default default] Successfully bumped revision number for resource cf0fb5d1-a9ea-408c-b384-fb8286261c7c (type: security_group_rules) to 0
2026-07-14 18:56:13.537 10 INFO neutron.wsgi [None req-b2024a37-3649-49af-8409-f6598ec82760 42c5276c71b348a9abacbf421c309197 ff7e564635fa43fa9e2dc3cdab6453c3 - - default default] 10.0.0.110 "GET /v2.0/security-groups?tenant_id=568c7a0282524f999d1637f4b0592b63&name=default HTTP/1.1" status: 200 len: 3120 time: 0.5049329
2026-07-14 18:56:13.597 9 INFO neutron.wsgi [req-617bdfdb-304d-4ab7-a74a-7bd87272dab1 req-95910270-d67d-4a62-a908-528754fe381e 05fdce5190fb4d88b81dfdeb88c6b6a3 89ae89637f15478a87a4edfc0fd50687 - - default default] 10.0.0.85 "GET /v2.0/ports?tenant_id=89ae89637f15478a87a4edfc0fd50687&fields=id HTTP/1.1" status: 200 len: 302 time: 0.1414437
2026-07-14 18:56:13.685 9 INFO neutron.wsgi [req-617bdfdb-304d-4ab7-a74a-7bd87272dab1 req-27aacf98-4ef2-40be-883f-01f9c9b5d6af a7d0a42cf3eb418db63db859bcefec50 889d449229ae4bdfbf34277e4ebedf2f - - 35ffeaa6bba0459dbb48b49e82dff028 35ffeaa6bba0459dbb48b49e82dff028] 10.0.0.85 "GET /v2.0/networks/1be6e370-9ba9-4123-8838-d03fdfb12b51?fields=segments HTTP/1.1" status: 200 len: 212 time: 0.0741029
2026-07-14 18:56:13.759 9 INFO neutron.wsgi [req-617bdfdb-304d-4ab7-a74a-7bd87272dab1 req-76f1e5e9-1c95-4073-9fc4-e316e21b5785 a7d0a42cf3eb418db63db859bcefec50 889d449229ae4bdfbf34277e4ebedf2f - - 35ffeaa6bba0459dbb48b49e82dff028 35ffeaa6bba0459dbb48b49e82dff028] 10.0.0.85 "GET /v2.0/networks/1be6e370-9ba9-4123-8838-d03fdfb12b51?fields=provider%3Aphysical_network&fields=provider%3Anetwork_type HTTP/1.1" status: 200 len: 277 time: 0.0666721
2026-07-14 18:56:13.781 10 INFO neutron.wsgi [None req-59113624-447d-425c-80f7-912a970ca231 42c5276c71b348a9abacbf421c309197 ff7e564635fa43fa9e2dc3cdab6453c3 - - default default] 10.0.0.110 "DELETE /v2.0/security-groups/3bce72ca-12c8-4141-936a-ee32e88be121 HTTP/1.1" status: 204 len: 168 time: 0.2376883
2026-07-14 18:56:13.970 9 INFO neutron.wsgi [req-66e01261-b50e-4cfc-80b9-8fbb1498f68a req-13200315-2eaf-4971-93e1-0fdc4d4903ae 05fdce5190fb4d88b81dfdeb88c6b6a3 89ae89637f15478a87a4edfc0fd50687 - - default default] 10.0.0.85 "GET /v2.0/ports?device_id=b6c2c1f9-66f6-4cb2-be49-f324a0b3ae66 HTTP/1.1" status: 200 len: 210 time: 0.0474675
2026-07-14 18:56:14.033 9 INFO neutron.db.ovn_revision_numbers_db [None req-375d34c6-256b-4000-9372-e305481411cb 42c5276c71b348a9abacbf421c309197 ff7e564635fa43fa9e2dc3cdab6453c3 - - default default] Successfully bumped revision number for resource 79c4e28a-7561-4784-a328-013d44e7c717 (type: ports) to 2
2026-07-14 18:56:14.071 9 INFO neutron.db.ovn_revision_numbers_db [None req-375d34c6-256b-4000-9372-e305481411cb 42c5276c71b348a9abacbf421c309197 ff7e564635fa43fa9e2dc3cdab6453c3 - - default default] Successfully bumped revision number for resource 80230f4c-cf7f-4c3d-a34b-3d09045d6192 (type: subnets) to 0
2026-07-14 18:56:14.090 9 INFO neutron.wsgi [None req-375d34c6-256b-4000-9372-e305481411cb 42c5276c71b348a9abacbf421c309197 ff7e564635fa43fa9e2dc3cdab6453c3 - - default default] 10.0.0.110 "POST /v2.0/subnets HTTP/1.1" status: 201 len: 863 time: 1.1824603
2026-07-14 18:56:14.568 9 INFO neutron.db.ovn_revision_numbers_db [None req-861bfe73-cab1-4a40-aacf-f480b4b0ee15 42c5276c71b348a9abacbf421c309197 ff7e564635fa43fa9e2dc3cdab6453c3 - - default default] Successfully bumped revision number for resource 0b40c9cc-7576-40f6-b7eb-6eb087596302 (type: security_groups) to 1
2026-07-14 18:56:14.583 9 INFO neutron.db.ovn_revision_numbers_db [None req-861bfe73-cab1-4a40-aacf-f480b4b0ee15 42c5276c71b348a9abacbf421c309197 ff7e564635fa43fa9e2dc3cdab6453c3 - - default default] Successfully bumped revision number for resource 7748de7f-1ddb-4de1-8472-026607dbfcfe (type: security_group_rules) to 0
2026-07-14 18:56:14.598 9 INFO neutron.db.ovn_revision_numbers_db [None req-861bfe73-cab1-4a40-aacf-f480b4b0ee15 42c5276c71b348a9abacbf421c309197 ff7e564635fa43fa9e2dc3cdab6453c3 - - default default] Successfully bumped revision number for resource 99c14f25-0ba7-4574-955a-a6d319029441 (type: security_group_rules) to 0
2026-07-14 18:56:14.619 9 INFO neutron.db.ovn_revision_numbers_db [None req-861bfe73-cab1-4a40-aacf-f480b4b0ee15 42c5276c71b348a9abacbf421c309197 ff7e564635fa43fa9e2dc3cdab6453c3 - - default default] Successfully bumped revision number for resource b11c8c75-29ee-4c1d-83a3-add65ff5208d (type: security_group_rules) to 0
2026-07-14 18:56:14.638 9 INFO neutron.db.ovn_revision_numbers_db [None req-861bfe73-cab1-4a40-aacf-f480b4b0ee15 42c5276c71b348a9abacbf421c309197 ff7e564635fa43fa9e2dc3cdab6453c3 - - default default] Successfully bumped revision number for resource c2c9b8c7-c642-4a7b-8307-b4fd57c83f61 (type: security_group_rules) to 0
2026-07-14 18:56:14.661 9 INFO neutron.wsgi [None req-861bfe73-cab1-4a40-aacf-f480b4b0ee15 42c5276c71b348a9abacbf421c309197 ff7e564635fa43fa9e2dc3cdab6453c3 - - default default] 10.0.0.110 "GET /v2.0/security-groups?tenant_id=4d63f9d005da495999b20f1054f1bc50&name=default HTTP/1.1" status: 200 len: 3120 time: 0.4485064
2026-07-14 18:56:14.741 10 INFO neutron.services.segments.plugin [-] Segment 81d9f5f1-af50-4a1e-8ce8-0366c074ff8d resource provider aggregate not found
2026-07-14 18:56:14.756 10 INFO neutron.services.segments.plugin [-] Segment 81d9f5f1-af50-4a1e-8ce8-0366c074ff8d resource provider aggregate not found
2026-07-14 18:56:14.768 10 WARNING neutron.scheduler.dhcp_agent_scheduler [None req-c7674b2d-357f-4d6e-92c2-2ff893d2d34b 42c5276c71b348a9abacbf421c309197 ff7e564635fa43fa9e2dc3cdab6453c3 - - default default] No more DHCP agents
2026-07-14 18:56:14.769 10 INFO neutron.services.segments.plugin [-] Segment 81d9f5f1-af50-4a1e-8ce8-0366c074ff8d resource provider not found; error: Placement Client Error (4xx): {"errors": [{"status": 404, "title": "Not Found", "detail": "The resource could not be found.\n\n No resource provider with uuid 81d9f5f1-af50-4a1e-8ce8-0366c074ff8d found for delete ", "request_id": "req-c4f0b09a-95fb-4580-b6e8-72bcf54d892d"}]}
2026-07-14 18:56:14.785 10 INFO neutron.services.segments.plugin [-] Segment 81d9f5f1-af50-4a1e-8ce8-0366c074ff8d resource provider not found; error: Placement Client Error (4xx): {"errors": [{"status": 404, "title": "Not Found", "detail": "The resource could not be found.\n\n No resource provider with uuid 81d9f5f1-af50-4a1e-8ce8-0366c074ff8d found for delete ", "request_id": "req-aa6c9474-b54d-464e-8e2a-56df4e5feb2c"}]}
2026-07-14 18:56:14.785 10 WARNING neutron.api.rpc.agentnotifiers.dhcp_rpc_agent_api [None req-c7674b2d-357f-4d6e-92c2-2ff893d2d34b 42c5276c71b348a9abacbf421c309197 ff7e564635fa43fa9e2dc3cdab6453c3 - - default default] Unable to schedule network 042559a0-e9f8-4ebe-aef7-fc562a7ceb78: no agents available; will retry on subsequent port and subnet creation events.
2026-07-14 18:56:14.863 10 INFO neutron.wsgi [req-617bdfdb-304d-4ab7-a74a-7bd87272dab1 req-e175cffc-0868-4d25-b250-46d03f9823b2 05fdce5190fb4d88b81dfdeb88c6b6a3 89ae89637f15478a87a4edfc0fd50687 - - default default] 199.19.213.161 "GET /v2.0/networks?id=1be6e370-9ba9-4123-8838-d03fdfb12b51 HTTP/1.1" status: 200 len: 872 time: 0.1864512
2026-07-14 18:56:14.970 10 INFO neutron.wsgi [req-617bdfdb-304d-4ab7-a74a-7bd87272dab1 req-fe996d94-3848-4b1e-8c61-736e0b535ca9 05fdce5190fb4d88b81dfdeb88c6b6a3 89ae89637f15478a87a4edfc0fd50687 - - default default] 199.19.213.161 "GET /v2.0/security-groups?fields=id&fields=name&tenant_id=89ae89637f15478a87a4edfc0fd50687 HTTP/1.1" status: 200 len: 472 time: 0.0967107
2026-07-14 18:56:14.989 10 WARNING neutron_lib.context [req-617bdfdb-304d-4ab7-a74a-7bd87272dab1 req-7e84c101-613a-4eb0-9553-1c16257cee35 05fdce5190fb4d88b81dfdeb88c6b6a3 89ae89637f15478a87a4edfc0fd50687 - - default default] Method 'is_advsvc' is deprecated since 2023.2 release (neutron-lib 3.8.0) and will be removed once support for the old RBAC API policies will be removed from Neutron. Please use method 'is_service_role' instead.
2026-07-14 18:56:15.078 9 INFO neutron.wsgi [req-5a6eb00c-94b8-40a0-b309-e457811826d8 req-dc59da95-e039-43fa-9762-b84a65ed407d 05fdce5190fb4d88b81dfdeb88c6b6a3 89ae89637f15478a87a4edfc0fd50687 - - default default] 10.0.0.85 "GET /v2.0/ports?device_id=b6c2c1f9-66f6-4cb2-be49-f324a0b3ae66 HTTP/1.1" status: 200 len: 210 time: 0.0317008
2026-07-14 18:56:15.087 10 INFO neutron.db.ovn_revision_numbers_db [None req-c7674b2d-357f-4d6e-92c2-2ff893d2d34b 42c5276c71b348a9abacbf421c309197 ff7e564635fa43fa9e2dc3cdab6453c3 - - default default] Successfully bumped revision number for resource 466b79ce-5c4b-41f0-9684-3b0a01c9ba18 (type: ports) to 1
2026-07-14 18:56:15.219 10 INFO neutron.wsgi [None req-d73abc58-bd52-4914-9788-334dabd6395f 42c5276c71b348a9abacbf421c309197 ff7e564635fa43fa9e2dc3cdab6453c3 - - default default] 10.0.0.110 "DELETE /v2.0/security-groups/0b40c9cc-7576-40f6-b7eb-6eb087596302 HTTP/1.1" status: 204 len: 168 time: 0.5535522
2026-07-14 18:56:15.431 9 INFO neutron.wsgi [None req-32d34d43-3684-4722-8d62-6427c05fe775 42c5276c71b348a9abacbf421c309197 ff7e564635fa43fa9e2dc3cdab6453c3 - - default default] 10.0.0.110 "GET /v2.0/security-groups?tenant_id=b16dc8cb0f74466d8afd6d940e605e3f&name=default HTTP/1.1" status: 200 len: 3120 time: 0.0426333
2026-07-14 18:56:15.537 10 WARNING neutron.scheduler.dhcp_agent_scheduler [req-617bdfdb-304d-4ab7-a74a-7bd87272dab1 req-7e84c101-613a-4eb0-9553-1c16257cee35 05fdce5190fb4d88b81dfdeb88c6b6a3 89ae89637f15478a87a4edfc0fd50687 - - default default] No more DHCP agents
2026-07-14 18:56:15.539 10 WARNING neutron.api.rpc.agentnotifiers.dhcp_rpc_agent_api [req-617bdfdb-304d-4ab7-a74a-7bd87272dab1 req-7e84c101-613a-4eb0-9553-1c16257cee35 05fdce5190fb4d88b81dfdeb88c6b6a3 89ae89637f15478a87a4edfc0fd50687 - - default default] Unable to schedule network 1be6e370-9ba9-4123-8838-d03fdfb12b51: no agents available; will retry on subsequent port and subnet creation events.
2026-07-14 18:56:15.643 9 INFO neutron.wsgi [None req-6e7b627e-2c9e-4494-bcd5-c1b7f56d1883 42c5276c71b348a9abacbf421c309197 ff7e564635fa43fa9e2dc3cdab6453c3 - - default default] 10.0.0.110 "DELETE /v2.0/security-groups/271fd441-a070-40ec-80bd-e9c58cc8d9cd HTTP/1.1" status: 204 len: 168 time: 0.2046461
2026-07-14 18:56:15.963 9 INFO neutron.db.ovn_revision_numbers_db [None req-6d2ac34b-93f0-4aca-a193-feb36382b69f 42c5276c71b348a9abacbf421c309197 ff7e564635fa43fa9e2dc3cdab6453c3 - - default default] Successfully bumped revision number for resource 0b7505d7-158c-498a-b30e-d9ce53355413 (type: security_groups) to 1
2026-07-14 18:56:15.979 9 INFO neutron.db.ovn_revision_numbers_db [None req-6d2ac34b-93f0-4aca-a193-feb36382b69f 42c5276c71b348a9abacbf421c309197 ff7e564635fa43fa9e2dc3cdab6453c3 - - default default] Successfully bumped revision number for resource 2da063a1-f81d-47f7-8ff7-8a84bfc34b09 (type: security_group_rules) to 0
2026-07-14 18:56:16.001 9 INFO neutron.db.ovn_revision_numbers_db [None req-6d2ac34b-93f0-4aca-a193-feb36382b69f 42c5276c71b348a9abacbf421c309197 ff7e564635fa43fa9e2dc3cdab6453c3 - - default default] Successfully bumped revision number for resource 915cccf3-3c09-467d-b85b-b704a316777f (type: security_group_rules) to 0
2026-07-14 18:56:16.034 9 INFO neutron.db.ovn_revision_numbers_db [None req-6d2ac34b-93f0-4aca-a193-feb36382b69f 42c5276c71b348a9abacbf421c309197 ff7e564635fa43fa9e2dc3cdab6453c3 - - default default] Successfully bumped revision number for resource bb7a0da1-6bd4-495e-8178-ca262e797a94 (type: security_group_rules) to 0
2026-07-14 18:56:16.052 9 INFO neutron.db.ovn_revision_numbers_db [None req-6d2ac34b-93f0-4aca-a193-feb36382b69f 42c5276c71b348a9abacbf421c309197 ff7e564635fa43fa9e2dc3cdab6453c3 - - default default] Successfully bumped revision number for resource ef87577b-d51d-47e7-8d1c-64ac52c1912e (type: security_group_rules) to 0
2026-07-14 18:56:16.070 9 INFO neutron.wsgi [None req-6d2ac34b-93f0-4aca-a193-feb36382b69f 42c5276c71b348a9abacbf421c309197 ff7e564635fa43fa9e2dc3cdab6453c3 - - default default] 10.0.0.110 "GET /v2.0/security-groups?tenant_id=b7c68762e20f41bab1bc23f7fe8c9682&name=default HTTP/1.1" status: 200 len: 3120 time: 0.2401221
2026-07-14 18:56:16.082 10 INFO neutron.db.ovn_revision_numbers_db [req-617bdfdb-304d-4ab7-a74a-7bd87272dab1 req-7e84c101-613a-4eb0-9553-1c16257cee35 05fdce5190fb4d88b81dfdeb88c6b6a3 89ae89637f15478a87a4edfc0fd50687 - - default default] Successfully bumped revision number for resource 57ad69d2-b636-44ea-9655-c15bf49d9836 (type: ports) to 1
2026-07-14 18:56:16.121 10 INFO neutron.wsgi [req-617bdfdb-304d-4ab7-a74a-7bd87272dab1 req-7e84c101-613a-4eb0-9553-1c16257cee35 05fdce5190fb4d88b81dfdeb88c6b6a3 89ae89637f15478a87a4edfc0fd50687 - - default default] 199.19.213.161 "POST /v2.0/ports HTTP/1.1" status: 201 len: 1197 time: 1.1412323 /var/lib/openstack/lib/python3.10/site-packages/pycadf/identifier.py:71: UserWarning: Invalid uuid: neutron. To ensure interoperability, identifiers should be a valid uuid. warnings.warn(('Invalid uuid: %s. To ensure interoperability, '
2026-07-14 18:56:16.237 9 INFO neutron.wsgi [req-f5d46ad3-5276-4d34-9a70-b42e74121c14 req-4f7808f0-4b0f-4b2a-9fe3-aebefb3633eb 05fdce5190fb4d88b81dfdeb88c6b6a3 89ae89637f15478a87a4edfc0fd50687 - - default default] 10.0.0.85 "GET /v2.0/ports?device_id=b6c2c1f9-66f6-4cb2-be49-f324a0b3ae66 HTTP/1.1" status: 200 len: 1195 time: 0.0814331
2026-07-14 18:56:16.329 9 INFO neutron.wsgi [req-f5d46ad3-5276-4d34-9a70-b42e74121c14 req-1a370566-6831-4f4d-86f1-33927de96ce9 05fdce5190fb4d88b81dfdeb88c6b6a3 89ae89637f15478a87a4edfc0fd50687 - - default default] 10.0.0.85 "GET /v2.0/security-groups?id=a479549f-3db6-4032-9656-db5a4da0b437&id=fb7dfb3a-852c-4d4a-a2f6-0642801c18b7&fields=id&fields=name HTTP/1.1" status: 200 len: 405 time: 0.0762708
2026-07-14 18:56:16.366 10 INFO neutron.plugins.ml2.drivers.ovn.mech_driver.ovsdb.commands [None req-df649dd5-3529-4797-87d0-5b49a783ffd4 - - - - - -] Schedule LRP lrp-466b79ce-5c4b-41f0-9684-3b0a01c9ba18 on gateway 075bdfd4-4d15-4480-a1da-59ab3d61ed06 with priority 1
2026-07-14 18:56:16.406 10 INFO neutron.plugins.ml2.drivers.ovn.mech_driver.mech_driver [None req-d887c70c-8fc1-42e8-a873-0fff16e19d3d - - - - - -] OVN reports status up for port: 466b79ce-5c4b-41f0-9684-3b0a01c9ba18
2026-07-14 18:56:16.420 9 INFO neutron.wsgi [None req-72cf91bd-cb31-4720-a060-66dfb8cc8414 42c5276c71b348a9abacbf421c309197 ff7e564635fa43fa9e2dc3cdab6453c3 - - default default] 10.0.0.110 "DELETE /v2.0/security-groups/0b7505d7-158c-498a-b30e-d9ce53355413 HTTP/1.1" status: 204 len: 168 time: 0.3456383
2026-07-14 18:56:16.440 10 INFO neutron.plugins.ml2.drivers.ovn.mech_driver.ovsdb.ovsdb_monitor [None req-68f97aa8-0195-4ef2-b4fe-59f2e526e5a2 - - - - - -] Router 0c3f37e2-a521-4287-a056-7efdd89d78f4 is bound to host instance
2026-07-14 18:56:16.445 10 INFO neutron.plugins.ml2.plugin [None req-d887c70c-8fc1-42e8-a873-0fff16e19d3d - - - - - -] Attempt 1 to provision port 466b79ce-5c4b-41f0-9684-3b0a01c9ba18
2026-07-14 18:56:16.510 10 INFO neutron.db.ovn_revision_numbers_db [None req-c7674b2d-357f-4d6e-92c2-2ff893d2d34b 42c5276c71b348a9abacbf421c309197 ff7e564635fa43fa9e2dc3cdab6453c3 - - default default] Successfully bumped revision number for resource 466b79ce-5c4b-41f0-9684-3b0a01c9ba18 (type: router_ports) to 1
2026-07-14 18:56:16.676 10 INFO neutron.db.ovn_revision_numbers_db [None req-c7674b2d-357f-4d6e-92c2-2ff893d2d34b 42c5276c71b348a9abacbf421c309197 ff7e564635fa43fa9e2dc3cdab6453c3 - - default default] Successfully bumped revision number for resource 0c3f37e2-a521-4287-a056-7efdd89d78f4 (type: routers) to 2
2026-07-14 18:56:16.709 10 INFO neutron.wsgi [None req-c7674b2d-357f-4d6e-92c2-2ff893d2d34b 42c5276c71b348a9abacbf421c309197 ff7e564635fa43fa9e2dc3cdab6453c3 - - default default] 10.0.0.110 "POST /v2.0/routers HTTP/1.1" status: 201 len: 1165 time: 2.6121123
2026-07-14 18:56:16.986 10 INFO neutron.db.ovn_revision_numbers_db [req-617bdfdb-304d-4ab7-a74a-7bd87272dab1 req-df58b262-7ced-42ad-82a8-e0e902bffc45 a7d0a42cf3eb418db63db859bcefec50 889d449229ae4bdfbf34277e4ebedf2f - - 35ffeaa6bba0459dbb48b49e82dff028 35ffeaa6bba0459dbb48b49e82dff028] Successfully bumped revision number for resource 57ad69d2-b636-44ea-9655-c15bf49d9836 (type: ports) to 2
2026-07-14 18:56:17.288 9 WARNING neutron.scheduler.dhcp_agent_scheduler [None req-59d379e7-c613-4f74-81d9-82e787ed1432 42c5276c71b348a9abacbf421c309197 ff7e564635fa43fa9e2dc3cdab6453c3 - - default default] No more DHCP agents
2026-07-14 18:56:17.292 9 WARNING neutron.api.rpc.agentnotifiers.dhcp_rpc_agent_api [None req-59d379e7-c613-4f74-81d9-82e787ed1432 42c5276c71b348a9abacbf421c309197 ff7e564635fa43fa9e2dc3cdab6453c3 - - default default] Unable to schedule network e8a63f56-9037-46ec-9d8c-1dd6a221d505: no agents available; will retry on subsequent port and subnet creation events.
2026-07-14 18:56:17.341 10 INFO neutron.db.ovn_revision_numbers_db [req-617bdfdb-304d-4ab7-a74a-7bd87272dab1 req-df58b262-7ced-42ad-82a8-e0e902bffc45 a7d0a42cf3eb418db63db859bcefec50 889d449229ae4bdfbf34277e4ebedf2f - - 35ffeaa6bba0459dbb48b49e82dff028 35ffeaa6bba0459dbb48b49e82dff028] Successfully bumped revision number for resource 57ad69d2-b636-44ea-9655-c15bf49d9836 (type: ports) to 2
2026-07-14 18:56:17.384 10 INFO neutron.wsgi [req-617bdfdb-304d-4ab7-a74a-7bd87272dab1 req-df58b262-7ced-42ad-82a8-e0e902bffc45 a7d0a42cf3eb418db63db859bcefec50 889d449229ae4bdfbf34277e4ebedf2f - - 35ffeaa6bba0459dbb48b49e82dff028 35ffeaa6bba0459dbb48b49e82dff028] 199.19.213.161 "PUT /v2.0/ports/57ad69d2-b636-44ea-9655-c15bf49d9836 HTTP/1.1" status: 200 len: 1415 time: 1.2528183 /var/lib/openstack/lib/python3.10/site-packages/pycadf/identifier.py:71: UserWarning: Invalid uuid: neutron. To ensure interoperability, identifiers should be a valid uuid. warnings.warn(('Invalid uuid: %s. To ensure interoperability, '
2026-07-14 18:56:17.465 9 INFO neutron.wsgi [req-5a411d61-b26c-4bab-b3c7-b8d1372e9e6a req-efa8d836-74a7-4d87-b311-1e56835b4bd2 05fdce5190fb4d88b81dfdeb88c6b6a3 89ae89637f15478a87a4edfc0fd50687 - - default default] 10.0.0.85 "GET /v2.0/ports?device_id=b6c2c1f9-66f6-4cb2-be49-f324a0b3ae66 HTTP/1.1" status: 200 len: 1208 time: 0.0693762
2026-07-14 18:56:17.522 10 INFO neutron.wsgi [req-617bdfdb-304d-4ab7-a74a-7bd87272dab1 req-91081bf0-b835-477a-8452-91cd0e92b162 a7d0a42cf3eb418db63db859bcefec50 889d449229ae4bdfbf34277e4ebedf2f - - 35ffeaa6bba0459dbb48b49e82dff028 35ffeaa6bba0459dbb48b49e82dff028] 199.19.213.161 "GET /v2.0/ports?tenant_id=89ae89637f15478a87a4edfc0fd50687&device_id=b6c2c1f9-66f6-4cb2-be49-f324a0b3ae66 HTTP/1.1" status: 200 len: 1446 time: 0.0966890
2026-07-14 18:56:17.549 9 INFO neutron.wsgi [req-5a411d61-b26c-4bab-b3c7-b8d1372e9e6a req-995b9e70-2a67-43ba-b821-e0aa703cde4f 05fdce5190fb4d88b81dfdeb88c6b6a3 89ae89637f15478a87a4edfc0fd50687 - - default default] 10.0.0.85 "GET /v2.0/security-groups?id=a479549f-3db6-4032-9656-db5a4da0b437&id=fb7dfb3a-852c-4d4a-a2f6-0642801c18b7&fields=id&fields=name HTTP/1.1" status: 200 len: 405 time: 0.0773449
2026-07-14 18:56:17.554 9 INFO neutron.db.ovn_revision_numbers_db [None req-59d379e7-c613-4f74-81d9-82e787ed1432 42c5276c71b348a9abacbf421c309197 ff7e564635fa43fa9e2dc3cdab6453c3 - - default default] Successfully bumped revision number for resource 08dc3962-cc93-4ce2-898a-0022634be828 (type: ports) to 1
2026-07-14 18:56:17.813 10 INFO neutron.notifiers.nova [-] Nova event matching ['req-104f4bb1-4fd8-4b32-8425-fefe6d62b357'] response: {'name': 'network-changed', 'server_uuid': 'b6c2c1f9-66f6-4cb2-be49-f324a0b3ae66', 'tag': '57ad69d2-b636-44ea-9655-c15bf49d9836', 'status': 'completed', 'code': 200}
2026-07-14 18:56:17.816 10 WARNING neutron_lib.context [None req-f2b8c390-6220-4e3c-a8a0-c5672f29eb3f 969b6a8c9c7c48afa1f23af4def52a1b 3cb4c4477c8b4fab9d2842f9daf1b165 - - default default] Method 'is_advsvc' is deprecated since 2023.2 release (neutron-lib 3.8.0) and will be removed once support for the old RBAC API policies will be removed from Neutron. Please use method 'is_service_role' instead.
2026-07-14 18:56:17.821 10 INFO neutron.wsgi [req-617bdfdb-304d-4ab7-a74a-7bd87272dab1 req-a4584f3e-5fad-43a0-b302-bd6ee847c219 a7d0a42cf3eb418db63db859bcefec50 889d449229ae4bdfbf34277e4ebedf2f - - 35ffeaa6bba0459dbb48b49e82dff028 35ffeaa6bba0459dbb48b49e82dff028] 199.19.213.161 "GET /v2.0/floatingips?fixed_ip_address=10.100.0.4&port_id=57ad69d2-b636-44ea-9655-c15bf49d9836 HTTP/1.1" status: 200 len: 217 time: 0.2776766
2026-07-14 18:56:17.880 10 INFO neutron.wsgi [req-617bdfdb-304d-4ab7-a74a-7bd87272dab1 req-daa29486-c5c3-481a-be6a-d163f572c8f0 a7d0a42cf3eb418db63db859bcefec50 889d449229ae4bdfbf34277e4ebedf2f - - 35ffeaa6bba0459dbb48b49e82dff028 35ffeaa6bba0459dbb48b49e82dff028] 199.19.213.161 "GET /v2.0/subnets?id=211ad0cf-704e-4cdf-b57f-331e70696a2e HTTP/1.1" status: 200 len: 866 time: 0.0529871
2026-07-14 18:56:17.920 10 INFO neutron.db.ovn_revision_numbers_db [None req-68f97aa8-0195-4ef2-b4fe-59f2e526e5a2 - - - - - -] Successfully bumped revision number for resource 466b79ce-5c4b-41f0-9684-3b0a01c9ba18 (type: ports) to 1
2026-07-14 18:56:17.924 10 INFO neutron.wsgi [req-617bdfdb-304d-4ab7-a74a-7bd87272dab1 req-515cebd9-91ad-42e2-b190-8469945df2f6 a7d0a42cf3eb418db63db859bcefec50 889d449229ae4bdfbf34277e4ebedf2f - - 35ffeaa6bba0459dbb48b49e82dff028 35ffeaa6bba0459dbb48b49e82dff028] 199.19.213.161 "GET /v2.0/ports?network_id=1be6e370-9ba9-4123-8838-d03fdfb12b51&device_owner=network%3Adhcp HTTP/1.1" status: 200 len: 210 time: 0.0357318
2026-07-14 18:56:18.024 10 INFO neutron.wsgi [req-617bdfdb-304d-4ab7-a74a-7bd87272dab1 req-ebd488c5-cfbe-4516-a230-febd34289678 a7d0a42cf3eb418db63db859bcefec50 889d449229ae4bdfbf34277e4ebedf2f - - 35ffeaa6bba0459dbb48b49e82dff028 35ffeaa6bba0459dbb48b49e82dff028] 199.19.213.161 "GET /v2.0/networks/1be6e370-9ba9-4123-8838-d03fdfb12b51?fields=segments HTTP/1.1" status: 200 len: 212 time: 0.0938244
2026-07-14 18:56:18.127 10 INFO neutron.db.ovn_revision_numbers_db [None req-f2b8c390-6220-4e3c-a8a0-c5672f29eb3f 969b6a8c9c7c48afa1f23af4def52a1b 3cb4c4477c8b4fab9d2842f9daf1b165 - - default default] Successfully bumped revision number for resource c2158e33-3ae1-4ca3-b859-05d449d91b55 (type: security_groups) to 1
2026-07-14 18:56:18.156 10 INFO neutron.wsgi [req-617bdfdb-304d-4ab7-a74a-7bd87272dab1 req-b5db8325-3d53-44e0-a909-e92903e83b93 a7d0a42cf3eb418db63db859bcefec50 889d449229ae4bdfbf34277e4ebedf2f - - 35ffeaa6bba0459dbb48b49e82dff028 35ffeaa6bba0459dbb48b49e82dff028] 199.19.213.161 "GET /v2.0/networks/1be6e370-9ba9-4123-8838-d03fdfb12b51?fields=provider%3Aphysical_network&fields=provider%3Anetwork_type HTTP/1.1" status: 200 len: 277 time: 0.1250293
2026-07-14 18:56:18.163 10 INFO neutron.db.ovn_revision_numbers_db [None req-f2b8c390-6220-4e3c-a8a0-c5672f29eb3f 969b6a8c9c7c48afa1f23af4def52a1b 3cb4c4477c8b4fab9d2842f9daf1b165 - - default default] Successfully bumped revision number for resource 67e5bc5f-1bc4-4e80-80fe-699779a0a8bd (type: security_group_rules) to 0
2026-07-14 18:56:18.184 10 INFO neutron.db.ovn_revision_numbers_db [None req-f2b8c390-6220-4e3c-a8a0-c5672f29eb3f 969b6a8c9c7c48afa1f23af4def52a1b 3cb4c4477c8b4fab9d2842f9daf1b165 - - default default] Successfully bumped revision number for resource c10ac5df-cfeb-42bd-ae35-d9f1f5f92467 (type: security_group_rules) to 0
2026-07-14 18:56:18.250 10 INFO neutron.db.ovn_revision_numbers_db [None req-f2b8c390-6220-4e3c-a8a0-c5672f29eb3f 969b6a8c9c7c48afa1f23af4def52a1b 3cb4c4477c8b4fab9d2842f9daf1b165 - - default default] Successfully bumped revision number for resource d94912ce-8051-4e3f-b4e9-c5052daca185 (type: security_group_rules) to 0
2026-07-14 18:56:18.273 10 INFO neutron.wsgi [req-060dc13a-a4dc-46ac-b2d6-3cdd9e9bb816 req-19d27041-51f4-4276-9fd9-44fabbe31c61 a7d0a42cf3eb418db63db859bcefec50 889d449229ae4bdfbf34277e4ebedf2f - - 35ffeaa6bba0459dbb48b49e82dff028 35ffeaa6bba0459dbb48b49e82dff028] 199.19.213.161 "GET /v2.0/ports?tenant_id=89ae89637f15478a87a4edfc0fd50687&device_id=b6c2c1f9-66f6-4cb2-be49-f324a0b3ae66 HTTP/1.1" status: 200 len: 1446 time: 0.0636210
2026-07-14 18:56:18.292 9 ERROR ovsdbapp.backend.ovs_idl.command [None req-59d379e7-c613-4f74-81d9-82e787ed1432 42c5276c71b348a9abacbf421c309197 ff7e564635fa43fa9e2dc3cdab6453c3 - - default default] Error executing command (DbGetCommand): ovsdbapp.backend.ovs_idl.idlutils.RowNotFound: Cannot find Logical_Router_Port with name=lrp-08dc3962-cc93-4ce2-898a-0022634be828
2026-07-14 18:56:18.292 9 ERROR ovsdbapp.backend.ovs_idl.command
Traceback (most recent call last):
2026-07-14 18:56:18.292 9 ERROR ovsdbapp.backend.ovs_idl.command
File "/var/lib/openstack/lib/python3.10/site-packages/ovsdbapp/backend/ovs_idl/command.py", line 47, in execute
2026-07-14 18:56:18.292 9 ERROR ovsdbapp.backend.ovs_idl.command self.run_idl(None)
2026-07-14 18:56:18.292 9 ERROR ovsdbapp.backend.ovs_idl.command
File "/var/lib/openstack/lib/python3.10/site-packages/ovsdbapp/backend/ovs_idl/command.py", line 235, in run_idl
2026-07-14 18:56:18.292 9 ERROR ovsdbapp.backend.ovs_idl.command record = self.api.lookup(self.table, self.record)
2026-07-14 18:56:18.292 9 ERROR ovsdbapp.backend.ovs_idl.command
File "/var/lib/openstack/lib/python3.10/site-packages/ovsdbapp/backend/ovs_idl/__init__.py", line 184, in lookup
2026-07-14 18:56:18.292 9 ERROR ovsdbapp.backend.ovs_idl.command return self._lookup(table, record)
2026-07-14 18:56:18.292 9 ERROR ovsdbapp.backend.ovs_idl.command
File "/var/lib/openstack/lib/python3.10/site-packages/ovsdbapp/backend/ovs_idl/__init__.py", line 235, in _lookup
2026-07-14 18:56:18.292 9 ERROR ovsdbapp.backend.ovs_idl.command row = idlutils.row_by_value(self, rl.table, rl.column, record)
2026-07-14 18:56:18.292 9 ERROR ovsdbapp.backend.ovs_idl.command
File "/var/lib/openstack/lib/python3.10/site-packages/ovsdbapp/backend/ovs_idl/idlutils.py", line 114, in row_by_value
2026-07-14 18:56:18.292 9 ERROR ovsdbapp.backend.ovs_idl.command raise RowNotFound(table=table, col=column, match=match)
2026-07-14 18:56:18.292 9 ERROR ovsdbapp.backend.ovs_idl.command ovsdbapp.backend.ovs_idl.idlutils.RowNotFound: Cannot find Logical_Router_Port with name=lrp-08dc3962-cc93-4ce2-898a-0022634be828
2026-07-14 18:56:18.292 9 ERROR ovsdbapp.backend.ovs_idl.command 
2026-07-14 18:56:18.293 9 ERROR neutron_lib.callbacks.manager [None req-59d379e7-c613-4f74-81d9-82e787ed1432 42c5276c71b348a9abacbf421c309197 ff7e564635fa43fa9e2dc3cdab6453c3 - - default default] Error during notification for neutron.services.ovn_l3.plugin.OVNL3RouterPlugin._port_update-8746044657382 port, after_update: ovsdbapp.backend.ovs_idl.idlutils.RowNotFound: Cannot find Logical_Router_Port with name=lrp-08dc3962-cc93-4ce2-898a-0022634be828
2026-07-14 18:56:18.293 9 ERROR neutron_lib.callbacks.manager
Traceback (most recent call last):
2026-07-14 18:56:18.293 9 ERROR neutron_lib.callbacks.manager
File "/var/lib/openstack/lib/python3.10/site-packages/neutron_lib/callbacks/manager.py", line 189, in _notify_loop
2026-07-14 18:56:18.293 9 ERROR neutron_lib.callbacks.manager callback.method(resource, event, trigger, payload=payload)
2026-07-14 18:56:18.293 9 ERROR neutron_lib.callbacks.manager
File "/var/lib/openstack/lib/python3.10/site-packages/neutron/services/ovn_l3/plugin.py", line 391, in _port_update
2026-07-14 18:56:18.293 9 ERROR neutron_lib.callbacks.manager l3plugin._ovn_client.update_router_port(context,
2026-07-14 18:56:18.293 9 ERROR neutron_lib.callbacks.manager
File "/var/lib/openstack/lib/python3.10/site-packages/neutron/plugins/ml2/drivers/ovn/mech_driver/ovsdb/ovn_client.py", line 1878, in update_router_port
2026-07-14 18:56:18.293 9 ERROR neutron_lib.callbacks.manager self._update_lrouter_port(context, port, if_exists=if_exists,
2026-07-14 18:56:18.293 9 ERROR neutron_lib.callbacks.manager
File "/var/lib/openstack/lib/python3.10/site-packages/neutron/plugins/ml2/drivers/ovn/mech_driver/ovsdb/ovn_client.py", line 1855, in _update_lrouter_port
2026-07-14 18:56:18.293 9 ERROR neutron_lib.callbacks.manager external_ids = self._nb_idl.db_get(
2026-07-14 18:56:18.293 9 ERROR neutron_lib.callbacks.manager
File "/var/lib/openstack/lib/python3.10/site-packages/ovsdbapp/backend/ovs_idl/command.py", line 47, in execute
2026-07-14 18:56:18.293 9 ERROR neutron_lib.callbacks.manager self.run_idl(None)
2026-07-14 18:56:18.293 9 ERROR neutron_lib.callbacks.manager
File "/var/lib/openstack/lib/python3.10/site-packages/ovsdbapp/backend/ovs_idl/command.py", line 235, in run_idl
2026-07-14 18:56:18.293 9 ERROR neutron_lib.callbacks.manager record = self.api.lookup(self.table, self.record)
2026-07-14 18:56:18.293 9 ERROR neutron_lib.callbacks.manager
File "/var/lib/openstack/lib/python3.10/site-packages/ovsdbapp/backend/ovs_idl/__init__.py", line 184, in lookup
2026-07-14 18:56:18.293 9 ERROR neutron_lib.callbacks.manager return self._lookup(table, record)
2026-07-14 18:56:18.293 9 ERROR neutron_lib.callbacks.manager
File "/var/lib/openstack/lib/python3.10/site-packages/ovsdbapp/backend/ovs_idl/__init__.py", line 235, in _lookup
2026-07-14 18:56:18.293 9 ERROR neutron_lib.callbacks.manager row = idlutils.row_by_value(self, rl.table, rl.column, record)
2026-07-14 18:56:18.293 9 ERROR neutron_lib.callbacks.manager
File "/var/lib/openstack/lib/python3.10/site-packages/ovsdbapp/backend/ovs_idl/idlutils.py", line 114, in row_by_value
2026-07-14 18:56:18.293 9 ERROR neutron_lib.callbacks.manager raise RowNotFound(table=table, col=column, match=match)
2026-07-14 18:56:18.293 9 ERROR neutron_lib.callbacks.manager ovsdbapp.backend.ovs_idl.idlutils.RowNotFound: Cannot find Logical_Router_Port with name=lrp-08dc3962-cc93-4ce2-898a-0022634be828
2026-07-14 18:56:18.293 9 ERROR neutron_lib.callbacks.manager 
2026-07-14 18:56:18.302 10 INFO neutron.db.ovn_revision_numbers_db [None req-f2b8c390-6220-4e3c-a8a0-c5672f29eb3f 969b6a8c9c7c48afa1f23af4def52a1b 3cb4c4477c8b4fab9d2842f9daf1b165 - - default default] Successfully bumped revision number for resource fe9d4d01-a995-4a83-85bf-9a58b8bdbb32 (type: security_group_rules) to 0
2026-07-14 18:56:18.370 9 INFO neutron.wsgi [req-c720cbf9-7c07-44b6-aaa8-7638957f19d7 req-adfe7598-b9c0-491e-ba97-3ea468cbb29f a7d0a42cf3eb418db63db859bcefec50 889d449229ae4bdfbf34277e4ebedf2f - - 35ffeaa6bba0459dbb48b49e82dff028 35ffeaa6bba0459dbb48b49e82dff028] 199.19.213.161 "GET /v2.0/ports?device_id=b6c2c1f9-66f6-4cb2-be49-f324a0b3ae66 HTTP/1.1" status: 200 len: 1446 time: 0.0624068
2026-07-14 18:56:18.376 10 INFO neutron.db.segments_db [None req-f2b8c390-6220-4e3c-a8a0-c5672f29eb3f 969b6a8c9c7c48afa1f23af4def52a1b 3cb4c4477c8b4fab9d2842f9daf1b165 - - default default] Added segment 9307900a-6a67-44b4-94e8-332554e6330d of type geneve for network 26ca6ecb-eb88-4649-9597-d8f2fe8e7cd6
2026-07-14 18:56:18.394 10 INFO neutron.wsgi [req-060dc13a-a4dc-46ac-b2d6-3cdd9e9bb816 req-9b381621-a486-4148-8915-5e1778cd1596 a7d0a42cf3eb418db63db859bcefec50 889d449229ae4bdfbf34277e4ebedf2f - - 35ffeaa6bba0459dbb48b49e82dff028 35ffeaa6bba0459dbb48b49e82dff028] 199.19.213.161 "GET /v2.0/networks?id=1be6e370-9ba9-4123-8838-d03fdfb12b51 HTTP/1.1" status: 200 len: 971 time: 0.1139030
2026-07-14 18:56:18.432 10 INFO neutron.wsgi [req-060dc13a-a4dc-46ac-b2d6-3cdd9e9bb816 req-b260109f-56d6-46a5-bad9-22f20a57dc70 a7d0a42cf3eb418db63db859bcefec50 889d449229ae4bdfbf34277e4ebedf2f - - 35ffeaa6bba0459dbb48b49e82dff028 35ffeaa6bba0459dbb48b49e82dff028] 199.19.213.161 "GET /v2.0/floatingips?fixed_ip_address=10.100.0.4&port_id=57ad69d2-b636-44ea-9655-c15bf49d9836 HTTP/1.1" status: 200 len: 217 time: 0.0288162
2026-07-14 18:56:18.454 9 INFO neutron.wsgi [req-c720cbf9-7c07-44b6-aaa8-7638957f19d7 req-2c166f54-2cf4-4f0f-8f10-47eba4b8bcb6 a7d0a42cf3eb418db63db859bcefec50 889d449229ae4bdfbf34277e4ebedf2f - - 35ffeaa6bba0459dbb48b49e82dff028 35ffeaa6bba0459dbb48b49e82dff028] 199.19.213.161 "GET /v2.0/security-groups?id=a479549f-3db6-4032-9656-db5a4da0b437&id=fb7dfb3a-852c-4d4a-a2f6-0642801c18b7&fields=id&fields=name HTTP/1.1" status: 200 len: 405 time: 0.0751708
2026-07-14 18:56:18.504 10 INFO neutron.wsgi [req-060dc13a-a4dc-46ac-b2d6-3cdd9e9bb816 req-4411fbb5-b2e3-48b5-8adb-4ff602dd77d2 a7d0a42cf3eb418db63db859bcefec50 889d449229ae4bdfbf34277e4ebedf2f - - 35ffeaa6bba0459dbb48b49e82dff028 35ffeaa6bba0459dbb48b49e82dff028] 199.19.213.161 "GET /v2.0/subnets?id=211ad0cf-704e-4cdf-b57f-331e70696a2e HTTP/1.1" status: 200 len: 866 time: 0.0661640
2026-07-14 18:56:18.591 10 INFO neutron.wsgi [req-060dc13a-a4dc-46ac-b2d6-3cdd9e9bb816 req-7cc1ba58-85fa-4010-83bd-52240f57129a a7d0a42cf3eb418db63db859bcefec50 889d449229ae4bdfbf34277e4ebedf2f - - 35ffeaa6bba0459dbb48b49e82dff028 35ffeaa6bba0459dbb48b49e82dff028] 199.19.213.161 "GET /v2.0/ports?network_id=1be6e370-9ba9-4123-8838-d03fdfb12b51&device_owner=network%3Adhcp HTTP/1.1" status: 200 len: 210 time: 0.0766330
2026-07-14 18:56:18.644 9 INFO neutron.plugins.ml2.drivers.ovn.mech_driver.mech_driver [None req-b3893bc5-85d2-406f-b2ce-5ab6e62dbb5a - - - - - -] OVN reports status up for port: 08dc3962-cc93-4ce2-898a-0022634be828
2026-07-14 18:56:18.673 9 INFO neutron.plugins.ml2.plugin [None req-b3893bc5-85d2-406f-b2ce-5ab6e62dbb5a - - - - - -] Attempt 1 to provision port 08dc3962-cc93-4ce2-898a-0022634be828
2026-07-14 18:56:18.720 9 INFO neutron.db.ovn_revision_numbers_db [None req-59d379e7-c613-4f74-81d9-82e787ed1432 42c5276c71b348a9abacbf421c309197 ff7e564635fa43fa9e2dc3cdab6453c3 - - default default] Successfully bumped revision number for resource 08dc3962-cc93-4ce2-898a-0022634be828 (type: ports) to 1
2026-07-14 18:56:18.725 10 INFO neutron.db.ovn_revision_numbers_db [None req-f2b8c390-6220-4e3c-a8a0-c5672f29eb3f 969b6a8c9c7c48afa1f23af4def52a1b 3cb4c4477c8b4fab9d2842f9daf1b165 - - default default] Successfully bumped revision number for resource 26ca6ecb-eb88-4649-9597-d8f2fe8e7cd6 (type: networks) to 1
2026-07-14 18:56:18.763 10 INFO neutron.wsgi [req-060dc13a-a4dc-46ac-b2d6-3cdd9e9bb816 req-590fe5ca-757b-439f-b338-e47cb3ceb486 a7d0a42cf3eb418db63db859bcefec50 889d449229ae4bdfbf34277e4ebedf2f - - 35ffeaa6bba0459dbb48b49e82dff028 35ffeaa6bba0459dbb48b49e82dff028] 199.19.213.161 "GET /v2.0/networks/1be6e370-9ba9-4123-8838-d03fdfb12b51?fields=segments HTTP/1.1" status: 200 len: 212 time: 0.1610754
2026-07-14 18:56:18.771 10 INFO neutron.db.ovn_revision_numbers_db [None req-68f97aa8-0195-4ef2-b4fe-59f2e526e5a2 - - - - - -] Successfully bumped revision number for resource 466b79ce-5c4b-41f0-9684-3b0a01c9ba18 (type: router_ports) to 3
2026-07-14 18:56:18.842 9 INFO neutron.wsgi [req-2e5c372e-0dcd-498c-ae22-121a2dbfd9c1 req-33c2d0b3-6d72-42bd-b667-80b74b8d348f 05fdce5190fb4d88b81dfdeb88c6b6a3 89ae89637f15478a87a4edfc0fd50687 - - default default] 10.0.0.85 "GET /v2.0/ports?device_id=b6c2c1f9-66f6-4cb2-be49-f324a0b3ae66 HTTP/1.1" status: 200 len: 1208 time: 0.1868827
2026-07-14 18:56:18.862 9 WARNING neutron.scheduler.dhcp_agent_scheduler [None req-59d379e7-c613-4f74-81d9-82e787ed1432 42c5276c71b348a9abacbf421c309197 ff7e564635fa43fa9e2dc3cdab6453c3 - - default default] No more DHCP agents
2026-07-14 18:56:18.869 9 WARNING neutron.api.rpc.agentnotifiers.dhcp_rpc_agent_api [None req-59d379e7-c613-4f74-81d9-82e787ed1432 42c5276c71b348a9abacbf421c309197 ff7e564635fa43fa9e2dc3cdab6453c3 - - default default] Unable to schedule network e8a63f56-9037-46ec-9d8c-1dd6a221d505: no agents available; will retry on subsequent port and subnet creation events.
2026-07-14 18:56:18.912 10 INFO neutron.wsgi [req-060dc13a-a4dc-46ac-b2d6-3cdd9e9bb816 req-2e47d449-4b81-4210-a296-923bc7461512 a7d0a42cf3eb418db63db859bcefec50 889d449229ae4bdfbf34277e4ebedf2f - - 35ffeaa6bba0459dbb48b49e82dff028 35ffeaa6bba0459dbb48b49e82dff028] 199.19.213.161 "GET /v2.0/networks/1be6e370-9ba9-4123-8838-d03fdfb12b51?fields=provider%3Aphysical_network&fields=provider%3Anetwork_type HTTP/1.1" status: 200 len: 277 time: 0.1305804
2026-07-14 18:56:18.923 9 INFO neutron.wsgi [req-2e5c372e-0dcd-498c-ae22-121a2dbfd9c1 req-8149c217-efcb-4a7b-b8df-2d432e5e4ac5 05fdce5190fb4d88b81dfdeb88c6b6a3 89ae89637f15478a87a4edfc0fd50687 - - default default] 10.0.0.85 "GET /v2.0/security-groups?id=a479549f-3db6-4032-9656-db5a4da0b437&id=fb7dfb3a-852c-4d4a-a2f6-0642801c18b7&fields=id&fields=name HTTP/1.1" status: 200 len: 405 time: 0.0748739
2026-07-14 18:56:19.055 10 WARNING neutron.scheduler.dhcp_agent_scheduler [None req-f2b8c390-6220-4e3c-a8a0-c5672f29eb3f 969b6a8c9c7c48afa1f23af4def52a1b 3cb4c4477c8b4fab9d2842f9daf1b165 - - default default] No more DHCP agents
2026-07-14 18:56:19.060 10 WARNING neutron.api.rpc.agentnotifiers.dhcp_rpc_agent_api [None req-f2b8c390-6220-4e3c-a8a0-c5672f29eb3f 969b6a8c9c7c48afa1f23af4def52a1b 3cb4c4477c8b4fab9d2842f9daf1b165 - - default default] Unable to schedule network 26ca6ecb-eb88-4649-9597-d8f2fe8e7cd6: no agents available; will retry on subsequent port and subnet creation events.
2026-07-14 18:56:19.147 10 INFO neutron.db.ovn_revision_numbers_db [None req-68f97aa8-0195-4ef2-b4fe-59f2e526e5a2 - - - - - -] Successfully bumped revision number for resource 466b79ce-5c4b-41f0-9684-3b0a01c9ba18 (type: ports) to 2
2026-07-14 18:56:19.160 10 INFO neutron.db.ovn_revision_numbers_db [None req-f2b8c390-6220-4e3c-a8a0-c5672f29eb3f 969b6a8c9c7c48afa1f23af4def52a1b 3cb4c4477c8b4fab9d2842f9daf1b165 - - default default] Successfully bumped revision number for resource 01513208-3935-4173-829c-e2ad85789029 (type: ports) to 1
2026-07-14 18:56:19.191 10 INFO neutron.wsgi [None req-f2b8c390-6220-4e3c-a8a0-c5672f29eb3f 969b6a8c9c7c48afa1f23af4def52a1b 3cb4c4477c8b4fab9d2842f9daf1b165 - - default default] 10.0.0.110 "POST /v2.0/networks HTTP/1.1" status: 201 len: 831 time: 1.8834372
2026-07-14 18:56:19.199 10 WARNING neutron_lib.context [None req-3f569ef9-6fc8-42e1-b00c-34c95eb5237c 969b6a8c9c7c48afa1f23af4def52a1b 3cb4c4477c8b4fab9d2842f9daf1b165 - - default default] Method 'is_advsvc' is deprecated since 2023.2 release (neutron-lib 3.8.0) and will be removed once support for the old RBAC API policies will be removed from Neutron. Please use method 'is_service_role' instead.
2026-07-14 18:56:19.349 9 INFO neutron.db.ovn_revision_numbers_db [None req-b3893bc5-85d2-406f-b2ce-5ab6e62dbb5a - - - - - -] Successfully bumped revision number for resource 08dc3962-cc93-4ce2-898a-0022634be828 (type: ports) to 2
2026-07-14 18:56:19.356 10 INFO neutron.plugins.ml2.drivers.ovn.mech_driver.mech_driver [None req-d887c70c-8fc1-42e8-a873-0fff16e19d3d - - - - - -] OVN reports status up for port: 57ad69d2-b636-44ea-9655-c15bf49d9836
2026-07-14 18:56:19.650 10 INFO neutron.plugins.ml2.plugin [None req-d887c70c-8fc1-42e8-a873-0fff16e19d3d - - - - - -] Attempt 1 to provision port 57ad69d2-b636-44ea-9655-c15bf49d9836
2026-07-14 18:56:19.719 9 ERROR ovsdbapp.backend.ovs_idl.command [None req-b3893bc5-85d2-406f-b2ce-5ab6e62dbb5a - - - - - -] Error executing command (DbGetCommand): ovsdbapp.backend.ovs_idl.idlutils.RowNotFound: Cannot find Logical_Router_Port with name=lrp-08dc3962-cc93-4ce2-898a-0022634be828
2026-07-14 18:56:19.719 9 ERROR ovsdbapp.backend.ovs_idl.command
Traceback (most recent call last):
2026-07-14 18:56:19.719 9 ERROR ovsdbapp.backend.ovs_idl.command
File "/var/lib/openstack/lib/python3.10/site-packages/ovsdbapp/backend/ovs_idl/command.py", line 47, in execute
2026-07-14 18:56:19.719 9 ERROR ovsdbapp.backend.ovs_idl.command self.run_idl(None)
2026-07-14 18:56:19.719 9 ERROR ovsdbapp.backend.ovs_idl.command
File "/var/lib/openstack/lib/python3.10/site-packages/ovsdbapp/backend/ovs_idl/command.py", line 235, in run_idl
2026-07-14 18:56:19.719 9 ERROR ovsdbapp.backend.ovs_idl.command record = self.api.lookup(self.table, self.record)
2026-07-14 18:56:19.719 9 ERROR ovsdbapp.backend.ovs_idl.command
File "/var/lib/openstack/lib/python3.10/site-packages/ovsdbapp/backend/ovs_idl/__init__.py", line 184, in lookup
2026-07-14 18:56:19.719 9 ERROR ovsdbapp.backend.ovs_idl.command return self._lookup(table, record)
2026-07-14 18:56:19.719 9 ERROR ovsdbapp.backend.ovs_idl.command
File "/var/lib/openstack/lib/python3.10/site-packages/ovsdbapp/backend/ovs_idl/__init__.py", line 235, in _lookup
2026-07-14 18:56:19.719 9 ERROR ovsdbapp.backend.ovs_idl.command row = idlutils.row_by_value(self, rl.table, rl.column, record)
2026-07-14 18:56:19.719 9 ERROR ovsdbapp.backend.ovs_idl.command
File "/var/lib/openstack/lib/python3.10/site-packages/ovsdbapp/backend/ovs_idl/idlutils.py", line 114, in row_by_value
2026-07-14 18:56:19.719 9 ERROR ovsdbapp.backend.ovs_idl.command raise RowNotFound(table=table, col=column, match=match)
2026-07-14 18:56:19.719 9 ERROR ovsdbapp.backend.ovs_idl.command ovsdbapp.backend.ovs_idl.idlutils.RowNotFound: Cannot find Logical_Router_Port with name=lrp-08dc3962-cc93-4ce2-898a-0022634be828
2026-07-14 18:56:19.719 9 ERROR ovsdbapp.backend.ovs_idl.command 
2026-07-14 18:56:19.719 9 ERROR neutron_lib.callbacks.manager [None req-b3893bc5-85d2-406f-b2ce-5ab6e62dbb5a - - - - - -] Error during notification for neutron.services.ovn_l3.plugin.OVNL3RouterPlugin._port_update-8746044657382 port, after_update: ovsdbapp.backend.ovs_idl.idlutils.RowNotFound: Cannot find Logical_Router_Port with name=lrp-08dc3962-cc93-4ce2-898a-0022634be828
2026-07-14 18:56:19.719 9 ERROR neutron_lib.callbacks.manager
Traceback (most recent call last):
2026-07-14 18:56:19.719 9 ERROR neutron_lib.callbacks.manager
File "/var/lib/openstack/lib/python3.10/site-packages/neutron_lib/callbacks/manager.py", line 189, in _notify_loop
2026-07-14 18:56:19.719 9 ERROR neutron_lib.callbacks.manager callback.method(resource, event, trigger, payload=payload)
2026-07-14 18:56:19.719 9 ERROR neutron_lib.callbacks.manager
File "/var/lib/openstack/lib/python3.10/site-packages/neutron/services/ovn_l3/plugin.py", line 391, in _port_update
2026-07-14 18:56:19.719 9 ERROR neutron_lib.callbacks.manager l3plugin._ovn_client.update_router_port(context,
2026-07-14 18:56:19.719 9 ERROR neutron_lib.callbacks.manager
File "/var/lib/openstack/lib/python3.10/site-packages/neutron/plugins/ml2/drivers/ovn/mech_driver/ovsdb/ovn_client.py", line 1878, in update_router_port
2026-07-14 18:56:19.719 9 ERROR neutron_lib.callbacks.manager self._update_lrouter_port(context, port, if_exists=if_exists,
2026-07-14 18:56:19.719 9 ERROR neutron_lib.callbacks.manager
File "/var/lib/openstack/lib/python3.10/site-packages/neutron/plugins/ml2/drivers/ovn/mech_driver/ovsdb/ovn_client.py", line 1855, in _update_lrouter_port
2026-07-14 18:56:19.719 9 ERROR neutron_lib.callbacks.manager external_ids = self._nb_idl.db_get(
2026-07-14 18:56:19.719 9 ERROR neutron_lib.callbacks.manager
File "/var/lib/openstack/lib/python3.10/site-packages/ovsdbapp/backend/ovs_idl/command.py", line 47, in execute
2026-07-14 18:56:19.719 9 ERROR neutron_lib.callbacks.manager self.run_idl(None)
2026-07-14 18:56:19.719 9 ERROR neutron_lib.callbacks.manager
