2026-07-14 18:55:20.897 10 INFO neutron.wsgi [req-d2a29a6e-c105-459d-bc2d-e534d536ca36 req-9ee79e3b-2b88-4616-8ccf-9848d90a5f38 4f0202ec8223444bbeac50718016c4ce e9f2d98f69e644068c175b8717ae4d9e - - default default] 199.19.213.161 "GET /v2.0/security-groups?fields=id&fields=name&tenant_id=e9f2d98f69e644068c175b8717ae4d9e HTTP/1.1" status: 200 len: 471 time: 0.0858707
2026-07-14 18:55:20.912 10 WARNING neutron_lib.context [req-d2a29a6e-c105-459d-bc2d-e534d536ca36 req-e2faf012-9d34-4895-be61-49e53df60e6f 4f0202ec8223444bbeac50718016c4ce e9f2d98f69e644068c175b8717ae4d9e - - default default] Method 'is_advsvc' is deprecated since 2023.2 release (neutron-lib 3.8.0) and will be removed once support for the old RBAC API policies will be removed from Neutron. Please use method 'is_service_role' instead.
2026-07-14 18:55:21.015 9 INFO neutron.wsgi [-] 10.0.0.110 "GET / HTTP/1.1" status: 200 len: 279 time: 0.0034881
2026-07-14 18:55:21.172 9 INFO neutron.wsgi [None req-25f77d9c-dfd1-451f-8cb5-7cddb0e08d91 aa2d7b284a89454f846ccd8b6632993a 89bedb3e445046f18f054f86fdcd2f0d - - default default] 10.0.0.110 "GET /v2.0/ HTTP/1.1" status: 200 len: 826 time: 0.1522100
2026-07-14 18:55:21.385 10 WARNING neutron.scheduler.dhcp_agent_scheduler [req-d2a29a6e-c105-459d-bc2d-e534d536ca36 req-e2faf012-9d34-4895-be61-49e53df60e6f 4f0202ec8223444bbeac50718016c4ce e9f2d98f69e644068c175b8717ae4d9e - - default default] No more DHCP agents
2026-07-14 18:55:21.387 10 WARNING neutron.api.rpc.agentnotifiers.dhcp_rpc_agent_api [req-d2a29a6e-c105-459d-bc2d-e534d536ca36 req-e2faf012-9d34-4895-be61-49e53df60e6f 4f0202ec8223444bbeac50718016c4ce e9f2d98f69e644068c175b8717ae4d9e - - default default] Unable to schedule network a5852cf1-659f-43b0-9e00-99f2ea2ab250: no agents available; will retry on subsequent port and subnet creation events.
2026-07-14 18:55:21.635 10 INFO neutron.db.ovn_revision_numbers_db [req-d2a29a6e-c105-459d-bc2d-e534d536ca36 req-e2faf012-9d34-4895-be61-49e53df60e6f 4f0202ec8223444bbeac50718016c4ce e9f2d98f69e644068c175b8717ae4d9e - - default default] Successfully bumped revision number for resource ac2b2cbd-0c56-4720-b4d7-43c7c9005128 (type: ports) to 1
2026-07-14 18:55:21.677 10 INFO neutron.wsgi [req-d2a29a6e-c105-459d-bc2d-e534d536ca36 req-e2faf012-9d34-4895-be61-49e53df60e6f 4f0202ec8223444bbeac50718016c4ce e9f2d98f69e644068c175b8717ae4d9e - - default default] 199.19.213.161 "POST /v2.0/ports HTTP/1.1" status: 201 len: 1162 time: 0.7704320 /var/lib/openstack/lib/python3.10/site-packages/pycadf/identifier.py:71: UserWarning: Invalid uuid: neutron. To ensure interoperability, identifiers should be a valid uuid. warnings.warn(('Invalid uuid: %s. To ensure interoperability, '
2026-07-14 18:55:21.953 9 INFO neutron.wsgi [req-5002da56-7b81-4dec-af35-84ce6fbc9d46 req-658628e8-8007-4947-a4eb-7f7a5afaa939 4f0202ec8223444bbeac50718016c4ce e9f2d98f69e644068c175b8717ae4d9e - - default default] 10.0.0.85 "GET /v2.0/ports?device_id=9db31084-f6ef-4b9f-96e1-d41d7410e074 HTTP/1.1" status: 200 len: 1160 time: 0.0452218
2026-07-14 18:55:22.005 9 INFO neutron.wsgi [req-5002da56-7b81-4dec-af35-84ce6fbc9d46 req-988bbdff-88ad-466a-ba91-1958dee47f8a 4f0202ec8223444bbeac50718016c4ce e9f2d98f69e644068c175b8717ae4d9e - - default default] 10.0.0.85 "GET /v2.0/security-groups?id=d907a9aa-d961-4d34-bb4f-978ab200ac5c&fields=id&fields=name HTTP/1.1" status: 200 len: 312 time: 0.0422471
2026-07-14 18:55:22.255 10 INFO neutron.db.ovn_revision_numbers_db [None req-3ea4839b-386f-4b9c-a6a0-c6d5a2c3bfcf 42c5276c71b348a9abacbf421c309197 ff7e564635fa43fa9e2dc3cdab6453c3 - - default default] Successfully bumped revision number for resource f8044205-a0a7-49bf-bac6-7aafbd848c26 (type: security_groups) to 1
2026-07-14 18:55:22.287 10 INFO neutron.db.ovn_revision_numbers_db [None req-3ea4839b-386f-4b9c-a6a0-c6d5a2c3bfcf 42c5276c71b348a9abacbf421c309197 ff7e564635fa43fa9e2dc3cdab6453c3 - - default default] Successfully bumped revision number for resource 5610974c-6ef7-4bd0-a411-8d6105718cb9 (type: security_group_rules) to 0
2026-07-14 18:55:22.314 10 INFO neutron.db.ovn_revision_numbers_db [None req-3ea4839b-386f-4b9c-a6a0-c6d5a2c3bfcf 42c5276c71b348a9abacbf421c309197 ff7e564635fa43fa9e2dc3cdab6453c3 - - default default] Successfully bumped revision number for resource 89efbb11-f595-4454-8b43-210e23b6a863 (type: security_group_rules) to 0
2026-07-14 18:55:22.630 10 INFO neutron.db.ovn_revision_numbers_db [None req-3ea4839b-386f-4b9c-a6a0-c6d5a2c3bfcf 42c5276c71b348a9abacbf421c309197 ff7e564635fa43fa9e2dc3cdab6453c3 - - default default] Successfully bumped revision number for resource 92427e8b-4cac-49eb-b90f-38ba0da15bdb (type: security_group_rules) to 0
2026-07-14 18:55:22.675 10 INFO neutron.db.ovn_revision_numbers_db [None req-3ea4839b-386f-4b9c-a6a0-c6d5a2c3bfcf 42c5276c71b348a9abacbf421c309197 ff7e564635fa43fa9e2dc3cdab6453c3 - - default default] Successfully bumped revision number for resource a5e87f50-7335-4f8c-9f6f-a8ae338d67ab (type: security_group_rules) to 0
2026-07-14 18:55:22.695 10 INFO neutron.wsgi [None req-599ed3a7-7402-48f2-ae0e-b3816dfdf5bc 42c5276c71b348a9abacbf421c309197 ff7e564635fa43fa9e2dc3cdab6453c3 - - default default] 10.0.0.110 "PUT /v2.0/routers/90ffef13-bce1-4ff2-bef9-9f5a2a6a43ec/remove_router_interface HTTP/1.1" status: 200 len: 503 time: 2.2927723
2026-07-14 18:55:22.698 10 INFO neutron.db.ovn_revision_numbers_db [req-d2a29a6e-c105-459d-bc2d-e534d536ca36 req-4ffbad55-a22e-478d-bbff-7706c96d0392 a7d0a42cf3eb418db63db859bcefec50 889d449229ae4bdfbf34277e4ebedf2f - - 35ffeaa6bba0459dbb48b49e82dff028 35ffeaa6bba0459dbb48b49e82dff028] Successfully bumped revision number for resource ac2b2cbd-0c56-4720-b4d7-43c7c9005128 (type: ports) to 2
2026-07-14 18:55:22.712 10 INFO neutron.wsgi [None req-3ea4839b-386f-4b9c-a6a0-c6d5a2c3bfcf 42c5276c71b348a9abacbf421c309197 ff7e564635fa43fa9e2dc3cdab6453c3 - - default default] 10.0.0.110 "GET /v2.0/security-groups?tenant_id=89bedb3e445046f18f054f86fdcd2f0d&name=default HTTP/1.1" status: 200 len: 3120 time: 0.9745917 /var/lib/openstack/lib/python3.10/site-packages/pycadf/identifier.py:71: UserWarning: Invalid uuid: neutron. To ensure interoperability, identifiers should be a valid uuid. warnings.warn(('Invalid uuid: %s. To ensure interoperability, '
2026-07-14 18:55:23.037 10 INFO neutron.db.ovn_revision_numbers_db [req-d2a29a6e-c105-459d-bc2d-e534d536ca36 req-4ffbad55-a22e-478d-bbff-7706c96d0392 a7d0a42cf3eb418db63db859bcefec50 889d449229ae4bdfbf34277e4ebedf2f - - 35ffeaa6bba0459dbb48b49e82dff028 35ffeaa6bba0459dbb48b49e82dff028] Successfully bumped revision number for resource ac2b2cbd-0c56-4720-b4d7-43c7c9005128 (type: ports) to 2
2026-07-14 18:55:23.072 10 INFO neutron.wsgi [req-d2a29a6e-c105-459d-bc2d-e534d536ca36 req-4ffbad55-a22e-478d-bbff-7706c96d0392 a7d0a42cf3eb418db63db859bcefec50 889d449229ae4bdfbf34277e4ebedf2f - - 35ffeaa6bba0459dbb48b49e82dff028 35ffeaa6bba0459dbb48b49e82dff028] 199.19.213.161 "PUT /v2.0/ports/ac2b2cbd-0c56-4720-b4d7-43c7c9005128 HTTP/1.1" status: 200 len: 1380 time: 1.3778849
2026-07-14 18:55:23.091 10 INFO neutron.wsgi [None req-ba1b8c68-2c47-474b-a607-88d769323290 42c5276c71b348a9abacbf421c309197 ff7e564635fa43fa9e2dc3cdab6453c3 - - default default] 10.0.0.110 "DELETE /v2.0/security-groups/f8044205-a0a7-49bf-bac6-7aafbd848c26 HTTP/1.1" status: 204 len: 168 time: 0.3635426 /var/lib/openstack/lib/python3.10/site-packages/pycadf/identifier.py:71: UserWarning: Invalid uuid: neutron. To ensure interoperability, identifiers should be a valid uuid. warnings.warn(('Invalid uuid: %s. To ensure interoperability, '
2026-07-14 18:55:23.132 10 INFO neutron.notifiers.nova [-] Nova event matching ['req-9f0d284e-6133-4726-9595-ee6372f6fa9a'] response: {'name': 'network-changed', 'server_uuid': '9db31084-f6ef-4b9f-96e1-d41d7410e074', 'tag': 'ac2b2cbd-0c56-4720-b4d7-43c7c9005128', 'status': 'completed', 'code': 200}
2026-07-14 18:55:23.161 9 INFO neutron.wsgi [req-4de567c4-109a-41ac-92f0-839b59dcf725 req-20138685-da32-48b9-a13c-5201e9ac46d0 4f0202ec8223444bbeac50718016c4ce e9f2d98f69e644068c175b8717ae4d9e - - default default] 10.0.0.85 "GET /v2.0/ports?device_id=9db31084-f6ef-4b9f-96e1-d41d7410e074 HTTP/1.1" status: 200 len: 1172 time: 0.0752945
2026-07-14 18:55:23.162 10 INFO neutron.wsgi [req-d2a29a6e-c105-459d-bc2d-e534d536ca36 req-992b6b61-1d8d-4ed4-8f28-da2f2faa01e6 a7d0a42cf3eb418db63db859bcefec50 889d449229ae4bdfbf34277e4ebedf2f - - 35ffeaa6bba0459dbb48b49e82dff028 35ffeaa6bba0459dbb48b49e82dff028] 199.19.213.161 "GET /v2.0/ports?tenant_id=e9f2d98f69e644068c175b8717ae4d9e&device_id=9db31084-f6ef-4b9f-96e1-d41d7410e074 HTTP/1.1" status: 200 len: 1411 time: 0.0441058
2026-07-14 18:55:23.191 10 INFO neutron.wsgi [req-d2a29a6e-c105-459d-bc2d-e534d536ca36 req-3ef75eff-c3a9-471a-a04f-2265a93a1e99 a7d0a42cf3eb418db63db859bcefec50 889d449229ae4bdfbf34277e4ebedf2f - - 35ffeaa6bba0459dbb48b49e82dff028 35ffeaa6bba0459dbb48b49e82dff028] 199.19.213.161 "GET /v2.0/floatingips?fixed_ip_address=10.100.0.11&port_id=ac2b2cbd-0c56-4720-b4d7-43c7c9005128 HTTP/1.1" status: 200 len: 217 time: 0.0228443
2026-07-14 18:55:23.228 10 INFO neutron.wsgi [req-d2a29a6e-c105-459d-bc2d-e534d536ca36 req-53a1c662-6492-4530-9c84-ae7e44c1cb2a a7d0a42cf3eb418db63db859bcefec50 889d449229ae4bdfbf34277e4ebedf2f - - 35ffeaa6bba0459dbb48b49e82dff028 35ffeaa6bba0459dbb48b49e82dff028] 199.19.213.161 "GET /v2.0/subnets?id=2132f401-c032-4374-8929-f58a66d56b67 HTTP/1.1" status: 200 len: 852 time: 0.0315478
2026-07-14 18:55:23.230 9 INFO neutron.wsgi [req-4de567c4-109a-41ac-92f0-839b59dcf725 req-1f36dbcf-61c4-4502-b781-9178d7187452 4f0202ec8223444bbeac50718016c4ce e9f2d98f69e644068c175b8717ae4d9e - - default default] 10.0.0.85 "GET /v2.0/security-groups?id=d907a9aa-d961-4d34-bb4f-978ab200ac5c&fields=id&fields=name HTTP/1.1" status: 200 len: 312 time: 0.0614963
2026-07-14 18:55:23.252 10 INFO neutron.wsgi [req-d2a29a6e-c105-459d-bc2d-e534d536ca36 req-34cf5b53-f772-4fb9-a3fa-d185d919b606 a7d0a42cf3eb418db63db859bcefec50 889d449229ae4bdfbf34277e4ebedf2f - - 35ffeaa6bba0459dbb48b49e82dff028 35ffeaa6bba0459dbb48b49e82dff028] 199.19.213.161 "GET /v2.0/ports?network_id=a5852cf1-659f-43b0-9e00-99f2ea2ab250&device_owner=network%3Adhcp HTTP/1.1" status: 200 len: 210 time: 0.0198720
2026-07-14 18:55:23.325 10 INFO neutron.wsgi [req-d2a29a6e-c105-459d-bc2d-e534d536ca36 req-35c70459-4cca-4cbd-a9fc-664f197a9d5e a7d0a42cf3eb418db63db859bcefec50 889d449229ae4bdfbf34277e4ebedf2f - - 35ffeaa6bba0459dbb48b49e82dff028 35ffeaa6bba0459dbb48b49e82dff028] 199.19.213.161 "GET /v2.0/networks/a5852cf1-659f-43b0-9e00-99f2ea2ab250?fields=segments HTTP/1.1" status: 200 len: 212 time: 0.0655050
2026-07-14 18:55:23.391 10 INFO neutron.wsgi [req-d2a29a6e-c105-459d-bc2d-e534d536ca36 req-16c92069-3125-4cfd-b4de-2fe1410d2d9b a7d0a42cf3eb418db63db859bcefec50 889d449229ae4bdfbf34277e4ebedf2f - - 35ffeaa6bba0459dbb48b49e82dff028 35ffeaa6bba0459dbb48b49e82dff028] 199.19.213.161 "GET /v2.0/networks/a5852cf1-659f-43b0-9e00-99f2ea2ab250?fields=provider%3Aphysical_network&fields=provider%3Anetwork_type HTTP/1.1" status: 200 len: 277 time: 0.0605066
2026-07-14 18:55:23.477 10 INFO neutron.wsgi [req-de3640a8-dc05-4383-906b-2dfe0cd5cf76 req-2a22e11a-012f-432b-985b-0021172473c1 a7d0a42cf3eb418db63db859bcefec50 889d449229ae4bdfbf34277e4ebedf2f - - 35ffeaa6bba0459dbb48b49e82dff028 35ffeaa6bba0459dbb48b49e82dff028] 199.19.213.161 "GET /v2.0/ports?tenant_id=e9f2d98f69e644068c175b8717ae4d9e&device_id=9db31084-f6ef-4b9f-96e1-d41d7410e074 HTTP/1.1" status: 200 len: 1411 time: 0.0432301
2026-07-14 18:55:23.580 10 INFO neutron.wsgi [req-de3640a8-dc05-4383-906b-2dfe0cd5cf76 req-cd3f4e05-17fb-4b4e-a73c-0456a8cee622 a7d0a42cf3eb418db63db859bcefec50 889d449229ae4bdfbf34277e4ebedf2f - - 35ffeaa6bba0459dbb48b49e82dff028 35ffeaa6bba0459dbb48b49e82dff028] 199.19.213.161 "GET /v2.0/networks?id=a5852cf1-659f-43b0-9e00-99f2ea2ab250 HTTP/1.1" status: 200 len: 958 time: 0.0966837
2026-07-14 18:55:23.620 10 INFO neutron.plugins.ml2.drivers.ovn.mech_driver.mech_driver [None req-d887c70c-8fc1-42e8-a873-0fff16e19d3d - - - - - -] OVN reports status up for port: ac2b2cbd-0c56-4720-b4d7-43c7c9005128
2026-07-14 18:55:23.624 10 INFO neutron.wsgi [req-de3640a8-dc05-4383-906b-2dfe0cd5cf76 req-8a936e40-330e-4beb-af00-a6ed9089e7f5 a7d0a42cf3eb418db63db859bcefec50 889d449229ae4bdfbf34277e4ebedf2f - - 35ffeaa6bba0459dbb48b49e82dff028 35ffeaa6bba0459dbb48b49e82dff028] 199.19.213.161 "GET /v2.0/floatingips?fixed_ip_address=10.100.0.11&port_id=ac2b2cbd-0c56-4720-b4d7-43c7c9005128 HTTP/1.1" status: 200 len: 217 time: 0.0322590
2026-07-14 18:55:23.650 10 INFO neutron.plugins.ml2.plugin [None req-d887c70c-8fc1-42e8-a873-0fff16e19d3d - - - - - -] Attempt 1 to provision port ac2b2cbd-0c56-4720-b4d7-43c7c9005128
2026-07-14 18:55:23.676 10 INFO neutron.wsgi [req-de3640a8-dc05-4383-906b-2dfe0cd5cf76 req-11140673-ec73-4ad0-9249-6fae9fb7a3f5 a7d0a42cf3eb418db63db859bcefec50 889d449229ae4bdfbf34277e4ebedf2f - - 35ffeaa6bba0459dbb48b49e82dff028 35ffeaa6bba0459dbb48b49e82dff028] 199.19.213.161 "GET /v2.0/subnets?id=2132f401-c032-4374-8929-f58a66d56b67 HTTP/1.1" status: 200 len: 852 time: 0.0471761
2026-07-14 18:55:23.676 9 INFO neutron.wsgi [None req-c7d8c6b5-e1c1-4631-94eb-a248a980f2c0 42c5276c71b348a9abacbf421c309197 ff7e564635fa43fa9e2dc3cdab6453c3 - - default default] 10.0.0.110 "DELETE /v2.0/routers/90ffef13-bce1-4ff2-bef9-9f5a2a6a43ec HTTP/1.1" status: 204 len: 168 time: 0.9738998
2026-07-14 18:55:23.723 10 INFO neutron.wsgi [req-de3640a8-dc05-4383-906b-2dfe0cd5cf76 req-0df4be00-b286-41cb-90af-1c7d547b42e1 a7d0a42cf3eb418db63db859bcefec50 889d449229ae4bdfbf34277e4ebedf2f - - 35ffeaa6bba0459dbb48b49e82dff028 35ffeaa6bba0459dbb48b49e82dff028] 199.19.213.161 "GET /v2.0/ports?network_id=a5852cf1-659f-43b0-9e00-99f2ea2ab250&device_owner=network%3Adhcp HTTP/1.1" status: 200 len: 210 time: 0.0342758
2026-07-14 18:55:23.820 10 INFO neutron.wsgi [req-de3640a8-dc05-4383-906b-2dfe0cd5cf76 req-10022855-2143-4a16-8654-e27c58e2bfa8 a7d0a42cf3eb418db63db859bcefec50 889d449229ae4bdfbf34277e4ebedf2f - - 35ffeaa6bba0459dbb48b49e82dff028 35ffeaa6bba0459dbb48b49e82dff028] 199.19.213.161 "GET /v2.0/networks/a5852cf1-659f-43b0-9e00-99f2ea2ab250?fields=segments HTTP/1.1" status: 200 len: 212 time: 0.0891030
2026-07-14 18:55:23.933 10 INFO neutron.wsgi [req-de3640a8-dc05-4383-906b-2dfe0cd5cf76 req-c5e2e73d-36ae-48f1-b4fb-fba5d3962528 a7d0a42cf3eb418db63db859bcefec50 889d449229ae4bdfbf34277e4ebedf2f - - 35ffeaa6bba0459dbb48b49e82dff028 35ffeaa6bba0459dbb48b49e82dff028] 199.19.213.161 "GET /v2.0/networks/a5852cf1-659f-43b0-9e00-99f2ea2ab250?fields=provider%3Aphysical_network&fields=provider%3Anetwork_type HTTP/1.1" status: 200 len: 277 time: 0.1063206
2026-07-14 18:55:24.022 10 INFO neutron.wsgi [None req-57a90226-a8dc-442d-8209-e0311622f8b2 42c5276c71b348a9abacbf421c309197 ff7e564635fa43fa9e2dc3cdab6453c3 - - default default] 10.0.0.110 "DELETE /v2.0/subnets/3e069fb3-ef61-45c9-bb10-fead1f306324 HTTP/1.1" status: 204 len: 168 time: 0.3403575
2026-07-14 18:55:24.135 10 INFO neutron.db.ovn_revision_numbers_db [None req-d887c70c-8fc1-42e8-a873-0fff16e19d3d - - - - - -] Successfully bumped revision number for resource ac2b2cbd-0c56-4720-b4d7-43c7c9005128 (type: ports) to 4
2026-07-14 18:55:24.345 9 INFO neutron.wsgi [req-b055d0f6-9d35-4240-a3e8-77a26cff12a8 req-20ccfc3e-8ab7-480e-be04-d43cbadae239 4f0202ec8223444bbeac50718016c4ce e9f2d98f69e644068c175b8717ae4d9e - - default default] 10.0.0.85 "GET /v2.0/ports?device_id=9db31084-f6ef-4b9f-96e1-d41d7410e074 HTTP/1.1" status: 200 len: 1174 time: 0.0444582
2026-07-14 18:55:24.394 9 INFO neutron.wsgi [req-b055d0f6-9d35-4240-a3e8-77a26cff12a8 req-30317d81-2755-4f6c-a4d1-a74c15987c89 4f0202ec8223444bbeac50718016c4ce e9f2d98f69e644068c175b8717ae4d9e - - default default] 10.0.0.85 "GET /v2.0/security-groups?id=d907a9aa-d961-4d34-bb4f-978ab200ac5c&fields=id&fields=name HTTP/1.1" status: 200 len: 312 time: 0.0424504
2026-07-14 18:55:24.582 10 INFO neutron.services.segments.plugin [-] Segment f652d1ca-1e32-437e-8c02-99027e9988a3 resource provider aggregate not found
2026-07-14 18:55:24.588 10 INFO neutron.services.segments.plugin [-] Segment f652d1ca-1e32-437e-8c02-99027e9988a3 resource provider aggregate not found
2026-07-14 18:55:24.603 10 INFO neutron.services.segments.plugin [-] Segment f652d1ca-1e32-437e-8c02-99027e9988a3 resource provider not found; error: Placement Client Error (4xx): {"errors": [{"status": 404, "title": "Not Found", "detail": "The resource could not be found.\n\n No resource provider with uuid f652d1ca-1e32-437e-8c02-99027e9988a3 found for delete ", "request_id": "req-c87c9b14-13de-4252-8cac-4e66ed6f7a6c"}]}
2026-07-14 18:55:24.606 10 INFO neutron.services.segments.plugin [-] Segment f652d1ca-1e32-437e-8c02-99027e9988a3 resource provider not found; error: Placement Client Error (4xx): {"errors": [{"status": 404, "title": "Not Found", "detail": "The resource could not be found.\n\n No resource provider with uuid f652d1ca-1e32-437e-8c02-99027e9988a3 found for delete ", "request_id": "req-24d0d957-a1a8-460d-8e0f-929bc8fd814d"}]}
2026-07-14 18:55:24.629 10 INFO neutron.wsgi [None req-0a641494-e277-4ee2-8001-241cbc02a686 42c5276c71b348a9abacbf421c309197 ff7e564635fa43fa9e2dc3cdab6453c3 - - default default] 10.0.0.110 "DELETE /v2.0/networks/868fde4c-b55d-4015-9cb8-79dbb02ae2f4 HTTP/1.1" status: 204 len: 168 time: 0.6003911
2026-07-14 18:55:24.887 9 INFO neutron.wsgi [None req-f861474b-27da-4fec-8025-b9d1d4cd7c34 42c5276c71b348a9abacbf421c309197 ff7e564635fa43fa9e2dc3cdab6453c3 - - default default] 10.0.0.110 "GET /v2.0/security-groups?tenant_id=ed1100387eb74954b874cef527b04390&name=default HTTP/1.1" status: 200 len: 3120 time: 0.0433116
2026-07-14 18:55:25.149 9 INFO neutron.wsgi [None req-8cdfce7b-5afb-4062-8379-c7c26a1aa480 42c5276c71b348a9abacbf421c309197 ff7e564635fa43fa9e2dc3cdab6453c3 - - default default] 10.0.0.110 "DELETE /v2.0/security-groups/c5e1a743-47d8-46d7-944c-47c3726ccd28 HTTP/1.1" status: 204 len: 168 time: 0.2580860
2026-07-14 18:55:25.173 10 INFO neutron.notifiers.nova [-] Nova event matching ['req-7533ebdc-33eb-40b2-add8-b889b0961563'] response: {'server_uuid': '9db31084-f6ef-4b9f-96e1-d41d7410e074', 'name': 'network-vif-plugged', 'status': 'completed', 'tag': 'ac2b2cbd-0c56-4720-b4d7-43c7c9005128', 'code': 200}
2026-07-14 18:55:25.174 10 INFO neutron.notifiers.nova [-] Nova event matching ['req-7533ebdc-33eb-40b2-add8-b889b0961563'] response: {'server_uuid': '9db31084-f6ef-4b9f-96e1-d41d7410e074', 'name': 'network-vif-plugged', 'status': 'completed', 'tag': 'ac2b2cbd-0c56-4720-b4d7-43c7c9005128', 'code': 200} /var/lib/openstack/lib/python3.10/site-packages/pycadf/identifier.py:71: UserWarning: Invalid uuid: neutron. To ensure interoperability, identifiers should be a valid uuid. warnings.warn(('Invalid uuid: %s. To ensure interoperability, '
2026-07-14 18:55:25.480 10 INFO neutron.wsgi [None req-dfe9e2e8-5885-4aa7-830f-54aea6bf5884 276335c4b80b42ac9cdc31b7c51d0c94 b5bb31ff0d58481aa6606ce4c4029328 - - default default] 10.0.0.110 "POST /v2.0/qos/policies HTTP/1.1" status: 201 len: 558 time: 0.2762775
2026-07-14 18:55:25.531 10 INFO neutron.wsgi [None req-4f8fb358-313a-495e-9277-f3c42ca34421 276335c4b80b42ac9cdc31b7c51d0c94 b5bb31ff0d58481aa6606ce4c4029328 - - default default] 10.0.0.110 "POST /v2.0/qos/policies HTTP/1.1" status: 201 len: 558 time: 0.0466259
2026-07-14 18:55:25.579 10 INFO neutron.wsgi [None req-93b4fa76-aac3-450a-b8fc-9b7dfac3e48d 276335c4b80b42ac9cdc31b7c51d0c94 b5bb31ff0d58481aa6606ce4c4029328 - - default default] 10.0.0.110 "POST /v2.0/qos/policies HTTP/1.1" status: 201 len: 558 time: 0.0421731
2026-07-14 18:55:25.589 9 INFO neutron.wsgi [req-f1c29b7c-ef90-4cb8-9be8-4318e50145e8 req-828dc3ea-4d99-40ab-ac51-82336578db6a 4f0202ec8223444bbeac50718016c4ce e9f2d98f69e644068c175b8717ae4d9e - - default default] 10.0.0.85 "GET /v2.0/ports?device_id=9db31084-f6ef-4b9f-96e1-d41d7410e074 HTTP/1.1" status: 200 len: 1174 time: 0.1186669
2026-07-14 18:55:25.639 10 INFO neutron.wsgi [None req-02960940-91c3-4f29-a817-dc4407a576c6 276335c4b80b42ac9cdc31b7c51d0c94 b5bb31ff0d58481aa6606ce4c4029328 - - default default] 10.0.0.110 "POST /v2.0/qos/policies HTTP/1.1" status: 201 len: 558 time: 0.0538678
2026-07-14 18:55:25.671 9 INFO neutron.wsgi [req-f1c29b7c-ef90-4cb8-9be8-4318e50145e8 req-88c24582-533c-4e6b-8527-360f2485aabd 4f0202ec8223444bbeac50718016c4ce e9f2d98f69e644068c175b8717ae4d9e - - default default] 10.0.0.85 "GET /v2.0/security-groups?id=d907a9aa-d961-4d34-bb4f-978ab200ac5c&fields=id&fields=name HTTP/1.1" status: 200 len: 312 time: 0.0741203
2026-07-14 18:55:25.695 10 INFO neutron.wsgi [None req-857894cc-de84-4e4f-9a34-9c16290ac5b1 276335c4b80b42ac9cdc31b7c51d0c94 b5bb31ff0d58481aa6606ce4c4029328 - - default default] 10.0.0.110 "POST /v2.0/qos/policies HTTP/1.1" status: 201 len: 558 time: 0.0433445
2026-07-14 18:55:25.751 10 INFO neutron.wsgi [None req-58e6ee7d-1177-4eb4-a4a8-893acf0eaee5 276335c4b80b42ac9cdc31b7c51d0c94 b5bb31ff0d58481aa6606ce4c4029328 - - default default] 10.0.0.110 "PUT /v2.0/policies/1c628ced-97b0-4308-badc-c7c19cafb9b4/tags HTTP/1.1" status: 200 len: 210 time: 0.0513880
2026-07-14 18:55:25.791 10 INFO neutron.wsgi [None req-ead887ed-c59b-4716-8873-341baba9455b 276335c4b80b42ac9cdc31b7c51d0c94 b5bb31ff0d58481aa6606ce4c4029328 - - default default] 10.0.0.110 "PUT /v2.0/policies/1514cd8e-b750-4249-a3f1-6f7a4e34d56a/tags HTTP/1.1" status: 200 len: 218 time: 0.0337849
2026-07-14 18:55:25.802 9 INFO neutron.wsgi [req-939dcbb6-f9da-49fe-afe4-6628f95736f7 req-9cf45ca0-0769-40aa-b2e1-e50b38972d83 4f0202ec8223444bbeac50718016c4ce e9f2d98f69e644068c175b8717ae4d9e - - default default] 10.0.0.85 "GET /v2.0/ports?device_id=9db31084-f6ef-4b9f-96e1-d41d7410e074 HTTP/1.1" status: 200 len: 1174 time: 0.0518959
2026-07-14 18:55:25.825 10 INFO neutron.wsgi [None req-3992550f-0ce3-41c1-ba20-40aa2adc1b9a 276335c4b80b42ac9cdc31b7c51d0c94 b5bb31ff0d58481aa6606ce4c4029328 - - default default] 10.0.0.110 "PUT /v2.0/policies/35f1e0be-307e-46ee-9b51-0d167f3cd604/tags HTTP/1.1" status: 200 len: 227 time: 0.0281103
2026-07-14 18:55:25.853 9 INFO neutron.wsgi [req-939dcbb6-f9da-49fe-afe4-6628f95736f7 req-5bf297a9-3a5b-439e-a431-9019423c861a 4f0202ec8223444bbeac50718016c4ce e9f2d98f69e644068c175b8717ae4d9e - - default default] 10.0.0.85 "GET /v2.0/security-groups?id=d907a9aa-d961-4d34-bb4f-978ab200ac5c&fields=id&fields=name HTTP/1.1" status: 200 len: 312 time: 0.0452271
2026-07-14 18:55:25.858 10 INFO neutron.wsgi [None req-33282628-ad84-486c-a485-0e4c1240d3e0 276335c4b80b42ac9cdc31b7c51d0c94 b5bb31ff0d58481aa6606ce4c4029328 - - default default] 10.0.0.110 "PUT /v2.0/policies/d98bb061-c318-46b9-8733-646d2951c5d7/tags HTTP/1.1" status: 200 len: 212 time: 0.0287476
2026-07-14 18:55:25.926 10 INFO neutron.wsgi [None req-7bbffb6a-554f-432e-9996-ad93277d555a 198707c29f494b91ad26b99100b6d3d4 4dd4fc31d4ed4ba0aa3c2fac7843f7b6 - - default default] 10.0.0.110 "GET /v2.0/ports?device_id=9db31084-f6ef-4b9f-96e1-d41d7410e074 HTTP/1.1" status: 200 len: 1408 time: 0.0426636
2026-07-14 18:55:26.440 9 INFO neutron.wsgi [None req-1dde8214-98d0-4082-a68b-72b5a6226ffa 48549dab4e6e49e3a401d4b6bb5e4255 0d5758ee77e843db8e32ef148642a442 - - default default] 10.0.0.110 "GET /v2.0/qos/policies?tags=red HTTP/1.1" status: 200 len: 1296 time: 0.2002139
2026-07-14 18:55:26.481 10 INFO neutron.db.ovn_revision_numbers_db [None req-3c8b7063-43a1-49a6-aa48-af17881ecbfb 4f0202ec8223444bbeac50718016c4ce e9f2d98f69e644068c175b8717ae4d9e - - default default] Successfully bumped revision number for resource 981a0eb4-6059-43d1-b91b-50d866554e75 (type: floatingips) to 4
2026-07-14 18:55:26.507 9 INFO neutron.wsgi [None req-033c588a-8791-42fa-9199-22fd99dbb326 48549dab4e6e49e3a401d4b6bb5e4255 0d5758ee77e843db8e32ef148642a442 - - default default] 10.0.0.110 "GET /v2.0/qos/policies?tags=red%2Cblue HTTP/1.1" status: 200 len: 941 time: 0.0622048 /var/lib/openstack/lib/python3.10/site-packages/pycadf/identifier.py:71: UserWarning: Invalid uuid: neutron. To ensure interoperability, identifiers should be a valid uuid. warnings.warn(('Invalid uuid: %s. To ensure interoperability, '
2026-07-14 18:55:26.616 10 INFO neutron.wsgi [None req-b3e7cdf4-3c0d-4851-93e9-0fa3122535e4 48549dab4e6e49e3a401d4b6bb5e4255 0d5758ee77e843db8e32ef148642a442 - - default default] 10.0.0.110 "GET /v2.0/qos/policies?tags-any=blue HTTP/1.1" status: 200 len: 941 time: 0.1022787
2026-07-14 18:55:26.639 10 INFO neutron.db.ovn_revision_numbers_db [None req-3c8b7063-43a1-49a6-aa48-af17881ecbfb 4f0202ec8223444bbeac50718016c4ce e9f2d98f69e644068c175b8717ae4d9e - - default default] Successfully bumped revision number for resource 981a0eb4-6059-43d1-b91b-50d866554e75 (type: floatingips) to 5
2026-07-14 18:55:26.640 10 INFO neutron.db.l3_db [None req-3c8b7063-43a1-49a6-aa48-af17881ecbfb 4f0202ec8223444bbeac50718016c4ce e9f2d98f69e644068c175b8717ae4d9e - - default default] Floating IP 981a0eb4-6059-43d1-b91b-50d866554e75 associated. External IP: 10.96.250.215, port: ac2b2cbd-0c56-4720-b4d7-43c7c9005128.
2026-07-14 18:55:26.674 10 INFO neutron.wsgi [None req-3c8b7063-43a1-49a6-aa48-af17881ecbfb 4f0202ec8223444bbeac50718016c4ce e9f2d98f69e644068c175b8717ae4d9e - - default default] 10.0.0.110 "PUT /v2.0/floatingips/981a0eb4-6059-43d1-b91b-50d866554e75 HTTP/1.1" status: 200 len: 1050 time: 0.7415586
2026-07-14 18:55:26.719 9 INFO neutron.wsgi [None req-2ea5f58c-5832-4358-8eec-beceeecb8a23 48549dab4e6e49e3a401d4b6bb5e4255 0d5758ee77e843db8e32ef148642a442 - - default default] 10.0.0.110 "GET /v2.0/qos/policies?tags-any=red%2Cblue HTTP/1.1" status: 200 len: 1296 time: 0.0955708
2026-07-14 18:55:26.724 10 INFO neutron.wsgi [None req-785d9d2f-1cd7-4463-8a0b-bb66ce495fe3 4f0202ec8223444bbeac50718016c4ce e9f2d98f69e644068c175b8717ae4d9e - - default default] 10.0.0.110 "GET /v2.0/floatingips/981a0eb4-6059-43d1-b91b-50d866554e75 HTTP/1.1" status: 200 len: 1052 time: 0.0446074
2026-07-14 18:55:26.783 10 INFO neutron.wsgi [None req-1c9fc0e6-4e64-4121-81d7-304572afb2ce 48549dab4e6e49e3a401d4b6bb5e4255 0d5758ee77e843db8e32ef148642a442 - - default default] 10.0.0.110 "GET /v2.0/qos/policies?not-tags=red HTTP/1.1" status: 200 len: 913 time: 0.0580637
2026-07-14 18:55:26.874 10 INFO neutron.wsgi [None req-b65a4694-db33-42be-83b7-873fbfda8041 48549dab4e6e49e3a401d4b6bb5e4255 0d5758ee77e843db8e32ef148642a442 - - default default] 10.0.0.110 "GET /v2.0/qos/policies?not-tags=red%2Cblue HTTP/1.1" status: 200 len: 1268 time: 0.0853124
2026-07-14 18:55:26.953 10 INFO neutron.wsgi [None req-ca717551-193b-442d-b175-b48c277bdaa9 48549dab4e6e49e3a401d4b6bb5e4255 0d5758ee77e843db8e32ef148642a442 - - default default] 10.0.0.110 "GET /v2.0/qos/policies?not-tags-any=blue HTTP/1.1" status: 200 len: 1268 time: 0.0723600
2026-07-14 18:55:27.014 10 INFO neutron.wsgi [None req-4d719eb1-a4d1-46ac-baad-17e1e745970e 48549dab4e6e49e3a401d4b6bb5e4255 0d5758ee77e843db8e32ef148642a442 - - default default] 10.0.0.110 "GET /v2.0/qos/policies?not-tags-any=red%2Cblue HTTP/1.1" status: 200 len: 913 time: 0.0541863
2026-07-14 18:55:27.107 9 INFO neutron.wsgi [None req-1540bdb6-15c3-4cf5-a745-e3c9a12ca6a0 276335c4b80b42ac9cdc31b7c51d0c94 b5bb31ff0d58481aa6606ce4c4029328 - - default default] 10.0.0.110 "DELETE /v2.0/qos/policies/1c628ced-97b0-4308-badc-c7c19cafb9b4 HTTP/1.1" status: 204 len: 168 time: 0.0853062
2026-07-14 18:55:27.216 10 INFO neutron.notifiers.nova [-] Nova event matching ['req-8427ed26-4305-4d57-a3fd-b27ece5d3ba6'] response: {'name': 'network-changed', 'server_uuid': '9db31084-f6ef-4b9f-96e1-d41d7410e074', 'tag': 'ac2b2cbd-0c56-4720-b4d7-43c7c9005128', 'status': 'completed', 'code': 200}
2026-07-14 18:55:27.280 10 INFO neutron.wsgi [req-fd5f2dba-953d-4183-ae95-09118cd9fe6d req-7c291ce8-6aaf-46aa-8771-67b2b595aa2c a7d0a42cf3eb418db63db859bcefec50 889d449229ae4bdfbf34277e4ebedf2f - - 35ffeaa6bba0459dbb48b49e82dff028 35ffeaa6bba0459dbb48b49e82dff028] 199.19.213.161 "GET /v2.0/ports?tenant_id=e9f2d98f69e644068c175b8717ae4d9e&device_id=9db31084-f6ef-4b9f-96e1-d41d7410e074 HTTP/1.1" status: 200 len: 1413 time: 0.0403759
2026-07-14 18:55:27.350 10 INFO neutron.wsgi [req-fd5f2dba-953d-4183-ae95-09118cd9fe6d req-c4b74714-d919-4ced-8049-b51e978b9620 a7d0a42cf3eb418db63db859bcefec50 889d449229ae4bdfbf34277e4ebedf2f - - 35ffeaa6bba0459dbb48b49e82dff028 35ffeaa6bba0459dbb48b49e82dff028] 199.19.213.161 "GET /v2.0/networks?id=a5852cf1-659f-43b0-9e00-99f2ea2ab250 HTTP/1.1" status: 200 len: 958 time: 0.0598979
2026-07-14 18:55:27.395 9 INFO neutron.wsgi [None req-f4d6bff9-630c-4077-a96a-c964768082c7 276335c4b80b42ac9cdc31b7c51d0c94 b5bb31ff0d58481aa6606ce4c4029328 - - default default] 10.0.0.110 "DELETE /v2.0/qos/policies/1514cd8e-b750-4249-a3f1-6f7a4e34d56a HTTP/1.1" status: 204 len: 168 time: 0.2823899
2026-07-14 18:55:27.403 10 INFO neutron.wsgi [req-fd5f2dba-953d-4183-ae95-09118cd9fe6d req-2984583f-81d3-48cb-91d1-48c28bbade44 a7d0a42cf3eb418db63db859bcefec50 889d449229ae4bdfbf34277e4ebedf2f - - 35ffeaa6bba0459dbb48b49e82dff028 35ffeaa6bba0459dbb48b49e82dff028] 199.19.213.161 "GET /v2.0/floatingips?fixed_ip_address=10.100.0.11&port_id=ac2b2cbd-0c56-4720-b4d7-43c7c9005128 HTTP/1.1" status: 200 len: 1060 time: 0.0443091
2026-07-14 18:55:27.450 10 INFO neutron.wsgi [req-fd5f2dba-953d-4183-ae95-09118cd9fe6d req-6783c220-8bf0-427b-82f4-7fa2bc83a893 a7d0a42cf3eb418db63db859bcefec50 889d449229ae4bdfbf34277e4ebedf2f - - 35ffeaa6bba0459dbb48b49e82dff028 35ffeaa6bba0459dbb48b49e82dff028] 199.19.213.161 "GET /v2.0/subnets?id=2132f401-c032-4374-8929-f58a66d56b67 HTTP/1.1" status: 200 len: 852 time: 0.0412276
2026-07-14 18:55:27.486 9 INFO neutron.wsgi [None req-dd69dbb2-7842-4a71-a25d-03a3ffc08ec1 276335c4b80b42ac9cdc31b7c51d0c94 b5bb31ff0d58481aa6606ce4c4029328 - - default default] 10.0.0.110 "DELETE /v2.0/qos/policies/35f1e0be-307e-46ee-9b51-0d167f3cd604 HTTP/1.1" status: 204 len: 168 time: 0.0863898
2026-07-14 18:55:27.498 10 INFO neutron.wsgi [req-fd5f2dba-953d-4183-ae95-09118cd9fe6d req-edaf29df-0b9e-44a0-b007-bb0dcad2c27e a7d0a42cf3eb418db63db859bcefec50 889d449229ae4bdfbf34277e4ebedf2f - - 35ffeaa6bba0459dbb48b49e82dff028 35ffeaa6bba0459dbb48b49e82dff028] 199.19.213.161 "GET /v2.0/ports?network_id=a5852cf1-659f-43b0-9e00-99f2ea2ab250&device_owner=network%3Adhcp HTTP/1.1" status: 200 len: 210 time: 0.0414860
2026-07-14 18:55:27.582 10 INFO neutron.wsgi [req-fd5f2dba-953d-4183-ae95-09118cd9fe6d req-7552c940-ef7f-4f35-9707-181040fa1e56 a7d0a42cf3eb418db63db859bcefec50 889d449229ae4bdfbf34277e4ebedf2f - - 35ffeaa6bba0459dbb48b49e82dff028 35ffeaa6bba0459dbb48b49e82dff028] 199.19.213.161 "GET /v2.0/networks/a5852cf1-659f-43b0-9e00-99f2ea2ab250?fields=segments HTTP/1.1" status: 200 len: 212 time: 0.0763123
2026-07-14 18:55:27.590 10 INFO neutron.wsgi [None req-028815a2-0028-437b-98d1-4147901f7a5c 276335c4b80b42ac9cdc31b7c51d0c94 b5bb31ff0d58481aa6606ce4c4029328 - - default default] 10.0.0.110 "DELETE /v2.0/qos/policies/d98bb061-c318-46b9-8733-646d2951c5d7 HTTP/1.1" status: 204 len: 168 time: 0.0994747
2026-07-14 18:55:27.676 10 INFO neutron.wsgi [req-fd5f2dba-953d-4183-ae95-09118cd9fe6d req-ae2b4461-58ed-4f65-a74f-e60b490d3b1a a7d0a42cf3eb418db63db859bcefec50 889d449229ae4bdfbf34277e4ebedf2f - - 35ffeaa6bba0459dbb48b49e82dff028 35ffeaa6bba0459dbb48b49e82dff028] 199.19.213.161 "GET /v2.0/networks/a5852cf1-659f-43b0-9e00-99f2ea2ab250?fields=provider%3Aphysical_network&fields=provider%3Anetwork_type HTTP/1.1" status: 200 len: 277 time: 0.0846977
2026-07-14 18:55:27.683 10 INFO neutron.wsgi [None req-7810ffce-9780-4a1e-9a80-8aa7d649d9ea 276335c4b80b42ac9cdc31b7c51d0c94 b5bb31ff0d58481aa6606ce4c4029328 - - default default] 10.0.0.110 "DELETE /v2.0/qos/policies/4dd16541-6127-4cd1-979e-6a514e1b8b34 HTTP/1.1" status: 204 len: 168 time: 0.0840147
2026-07-14 18:55:28.385 10 INFO neutron.wsgi [None req-e123bc2f-80c5-4035-b4c9-388c95959a26 42c5276c71b348a9abacbf421c309197 ff7e564635fa43fa9e2dc3cdab6453c3 - - default default] 10.0.0.247 "GET /v2.0/routers HTTP/1.1" status: 200 len: 1150 time: 0.5087798
2026-07-14 18:55:28.415 10 INFO neutron.wsgi [None req-bd8efd60-d53f-4f8f-a96e-b9e5b10a7534 42c5276c71b348a9abacbf421c309197 ff7e564635fa43fa9e2dc3cdab6453c3 - - default default] 10.0.0.247 "GET /v2.0/agents?binary=ovn-controller HTTP/1.1" status: 200 len: 591 time: 0.0294583
2026-07-14 18:55:28.457 10 INFO neutron.wsgi [None req-343915e0-aeb6-49b9-ba0d-281a5b36f0d6 42c5276c71b348a9abacbf421c309197 ff7e564635fa43fa9e2dc3cdab6453c3 - - default default] 10.0.0.247 "GET /v2.0/network-ip-availabilities HTTP/1.1" status: 200 len: 1725 time: 0.0406246
2026-07-14 18:55:28.536 10 INFO neutron.wsgi [None req-7418eafe-13c5-4adb-b5ce-30ba0bb103b3 42c5276c71b348a9abacbf421c309197 ff7e564635fa43fa9e2dc3cdab6453c3 - - default default] 10.0.0.247 "GET /v2.0/security-groups HTTP/1.1" status: 200 len: 31162 time: 0.0773251
2026-07-14 18:55:28.610 10 INFO neutron.wsgi [None req-cc7dd58e-62fa-436e-aced-278dd3b98412 42c5276c71b348a9abacbf421c309197 ff7e564635fa43fa9e2dc3cdab6453c3 - - default default] 10.0.0.247 "GET /v2.0/subnets HTTP/1.1" status: 200 len: 2077 time: 0.0634985
2026-07-14 18:55:28.721 10 INFO neutron.wsgi [None req-5b140db6-ae66-43de-9766-7c4707bc3bde 42c5276c71b348a9abacbf421c309197 ff7e564635fa43fa9e2dc3cdab6453c3 - - default default] 10.0.0.247 "GET /v2.0/floatingips HTTP/1.1" status: 200 len: 1036 time: 0.1076918
2026-07-14 18:55:28.834 10 INFO neutron.wsgi [None req-3c64e660-dd5b-425d-9710-88c7fcc060dc 42c5276c71b348a9abacbf421c309197 ff7e564635fa43fa9e2dc3cdab6453c3 - - default default] 10.0.0.247 "GET /v2.0/networks HTTP/1.1" status: 200 len: 3094 time: 0.1109016
2026-07-14 18:55:28.891 10 INFO neutron.wsgi [None req-76be4101-c7df-4777-ac04-5f04d6f4dd2a 42c5276c71b348a9abacbf421c309197 ff7e564635fa43fa9e2dc3cdab6453c3 - - default default] 10.0.0.247 "GET /v2.0/subnets HTTP/1.1" status: 200 len: 2077 time: 0.0520406
2026-07-14 18:55:28.904 10 INFO neutron.wsgi [None req-b364f5b5-941b-4960-a6da-3583a5867e0e 42c5276c71b348a9abacbf421c309197 ff7e564635fa43fa9e2dc3cdab6453c3 - - default default] 10.0.0.247 "GET /v2.0/subnetpools HTTP/1.1" status: 200 len: 193 time: 0.0119343
2026-07-14 18:55:28.931 10 INFO neutron.wsgi [None req-37727d97-6ff7-4ed4-b5fd-d7e67eb6d4b1 42c5276c71b348a9abacbf421c309197 ff7e564635fa43fa9e2dc3cdab6453c3 - - default default] 10.0.0.247 "GET /v2.0/agents HTTP/1.1" status: 200 len: 1390 time: 0.0261319
2026-07-14 18:55:28.954 9 INFO neutron.db.ovn_revision_numbers_db [None req-b27581e3-11dd-4051-8007-42db4b1eb045 42c5276c71b348a9abacbf421c309197 ff7e564635fa43fa9e2dc3cdab6453c3 - - default default] Successfully bumped revision number for resource 49798a9c-54fc-4bc1-ac36-1d415f9c5f6f (type: security_groups) to 1
2026-07-14 18:55:28.977 10 INFO neutron.db.ovn_revision_numbers_db [None req-f38763d3-fa1f-4dcd-81c1-6c761b2b5db1 42c5276c71b348a9abacbf421c309197 ff7e564635fa43fa9e2dc3cdab6453c3 - - default default] Successfully bumped revision number for resource a79e6165-fbe9-4a7e-8718-1e4b7cee308b (type: security_groups) to 1
2026-07-14 18:55:28.978 9 INFO neutron.db.ovn_revision_numbers_db [None req-b27581e3-11dd-4051-8007-42db4b1eb045 42c5276c71b348a9abacbf421c309197 ff7e564635fa43fa9e2dc3cdab6453c3 - - default default] Successfully bumped revision number for resource 82d3b7dd-c173-4ecf-aac2-99a00712bc9e (type: security_group_rules) to 0
2026-07-14 18:55:28.998 9 INFO neutron.db.ovn_revision_numbers_db [None req-b27581e3-11dd-4051-8007-42db4b1eb045 42c5276c71b348a9abacbf421c309197 ff7e564635fa43fa9e2dc3cdab6453c3 - - default default] Successfully bumped revision number for resource cc216683-6a25-4e5d-94ea-b38b83752d6c (type: security_group_rules) to 0
2026-07-14 18:55:29.019 9 INFO neutron.db.ovn_revision_numbers_db [None req-b27581e3-11dd-4051-8007-42db4b1eb045 42c5276c71b348a9abacbf421c309197 ff7e564635fa43fa9e2dc3cdab6453c3 - - default default] Successfully bumped revision number for resource cca93951-b8af-4ae2-8cde-2148182fc55e (type: security_group_rules) to 0
2026-07-14 18:55:29.026 10 INFO neutron.wsgi [None req-b9202fbe-7250-486f-8ed4-456139aaf37d 42c5276c71b348a9abacbf421c309197 ff7e564635fa43fa9e2dc3cdab6453c3 - - default default] 10.0.0.247 "GET /v2.0/ports HTTP/1.1" status: 200 len: 11971 time: 0.0932317
2026-07-14 18:55:29.035 9 INFO neutron.db.ovn_revision_numbers_db [None req-b27581e3-11dd-4051-8007-42db4b1eb045 42c5276c71b348a9abacbf421c309197 ff7e564635fa43fa9e2dc3cdab6453c3 - - default default] Successfully bumped revision number for resource ee128775-aa85-4e0f-9935-1490dead381e (type: security_group_rules) to 0
2026-07-14 18:55:29.037 10 INFO neutron.db.ovn_revision_numbers_db [None req-f38763d3-fa1f-4dcd-81c1-6c761b2b5db1 42c5276c71b348a9abacbf421c309197 ff7e564635fa43fa9e2dc3cdab6453c3 - - default default] Successfully bumped revision number for resource 2b784ca9-5cc7-4cd4-80b1-01f9bd54510f (type: security_group_rules) to 0
2026-07-14 18:55:29.054 10 INFO neutron.db.ovn_revision_numbers_db [None req-f38763d3-fa1f-4dcd-81c1-6c761b2b5db1 42c5276c71b348a9abacbf421c309197 ff7e564635fa43fa9e2dc3cdab6453c3 - - default default] Successfully bumped revision number for resource 62a20a20-fea1-4918-a922-10cdb58b0942 (type: security_group_rules) to 0
2026-07-14 18:55:29.060 9 INFO neutron.wsgi [None req-b27581e3-11dd-4051-8007-42db4b1eb045 42c5276c71b348a9abacbf421c309197 ff7e564635fa43fa9e2dc3cdab6453c3 - - default default] 10.0.0.110 "GET /v2.0/security-groups?tenant_id=f512b31b74ef4e8a8145f309052598ea&name=default HTTP/1.1" status: 200 len: 3120 time: 0.4013326
2026-07-14 18:55:29.079 10 INFO neutron.db.ovn_revision_numbers_db [None req-f38763d3-fa1f-4dcd-81c1-6c761b2b5db1 42c5276c71b348a9abacbf421c309197 ff7e564635fa43fa9e2dc3cdab6453c3 - - default default] Successfully bumped revision number for resource 70eb3220-e546-4a93-a5f5-b38edca75bd5 (type: security_group_rules) to 0
2026-07-14 18:55:29.102 10 INFO neutron.db.ovn_revision_numbers_db [None req-f38763d3-fa1f-4dcd-81c1-6c761b2b5db1 42c5276c71b348a9abacbf421c309197 ff7e564635fa43fa9e2dc3cdab6453c3 - - default default] Successfully bumped revision number for resource d02741f4-3686-4c3f-b0fc-09a27d3c277b (type: security_group_rules) to 0
2026-07-14 18:55:29.127 10 INFO neutron.wsgi [None req-f38763d3-fa1f-4dcd-81c1-6c761b2b5db1 42c5276c71b348a9abacbf421c309197 ff7e564635fa43fa9e2dc3cdab6453c3 - - default default] 10.0.0.110 "GET /v2.0/security-groups?tenant_id=20dcdaf6dfef441fae8a98d10e6409e0&name=default HTTP/1.1" status: 200 len: 3120 time: 0.7220654
2026-07-14 18:55:29.420 10 INFO neutron.wsgi [None req-85b774ca-f388-4487-a297-544c3ccbd906 42c5276c71b348a9abacbf421c309197 ff7e564635fa43fa9e2dc3cdab6453c3 - - default default] 10.0.0.110 "DELETE /v2.0/security-groups/a79e6165-fbe9-4a7e-8718-1e4b7cee308b HTTP/1.1" status: 204 len: 168 time: 0.2846415
2026-07-14 18:55:29.426 10 INFO neutron.wsgi [None req-daac9901-065b-4e99-a0e5-1284a2429169 42c5276c71b348a9abacbf421c309197 ff7e564635fa43fa9e2dc3cdab6453c3 - - default default] 10.0.0.110 "DELETE /v2.0/security-groups/49798a9c-54fc-4bc1-ac36-1d415f9c5f6f HTTP/1.1" status: 204 len: 168 time: 0.3577025
2026-07-14 18:55:29.736 10 INFO neutron.db.ovn_revision_numbers_db [None req-32feda8d-0a0b-4f19-91d1-7945da67f8c5 42c5276c71b348a9abacbf421c309197 ff7e564635fa43fa9e2dc3cdab6453c3 - - default default] Successfully bumped revision number for resource 06f9b441-3fe4-4cb8-940c-864e09622994 (type: security_groups) to 1
2026-07-14 18:55:29.738 10 INFO neutron.db.ovn_revision_numbers_db [None req-6be3d2e2-cd03-4bbf-bbe9-9949bdda3169 42c5276c71b348a9abacbf421c309197 ff7e564635fa43fa9e2dc3cdab6453c3 - - default default] Successfully bumped revision number for resource a6b216e1-827c-4d74-ad34-462a926679be (type: security_groups) to 1
2026-07-14 18:55:29.753 10 INFO neutron.db.ovn_revision_numbers_db [None req-32feda8d-0a0b-4f19-91d1-7945da67f8c5 42c5276c71b348a9abacbf421c309197 ff7e564635fa43fa9e2dc3cdab6453c3 - - default default] Successfully bumped revision number for resource 643a469e-d0b2-45ed-b70c-d1ac6c692003 (type: security_group_rules) to 0
2026-07-14 18:55:29.756 10 INFO neutron.db.ovn_revision_numbers_db [None req-6be3d2e2-cd03-4bbf-bbe9-9949bdda3169 42c5276c71b348a9abacbf421c309197 ff7e564635fa43fa9e2dc3cdab6453c3 - - default default] Successfully bumped revision number for resource 216d2cdb-e21b-4758-b796-2e4899f4faee (type: security_group_rules) to 0
2026-07-14 18:55:29.769 10 INFO neutron.db.ovn_revision_numbers_db [None req-32feda8d-0a0b-4f19-91d1-7945da67f8c5 42c5276c71b348a9abacbf421c309197 ff7e564635fa43fa9e2dc3cdab6453c3 - - default default] Successfully bumped revision number for resource b85a3950-7de7-4e6b-ab69-73c32151b601 (type: security_group_rules) to 0
2026-07-14 18:55:29.773 10 INFO neutron.db.ovn_revision_numbers_db [None req-6be3d2e2-cd03-4bbf-bbe9-9949bdda3169 42c5276c71b348a9abacbf421c309197 ff7e564635fa43fa9e2dc3cdab6453c3 - - default default] Successfully bumped revision number for resource acc5185f-4a75-43a2-84ea-7f6256f5e61e (type: security_group_rules) to 0
2026-07-14 18:55:29.783 10 INFO neutron.db.ovn_revision_numbers_db [None req-32feda8d-0a0b-4f19-91d1-7945da67f8c5 42c5276c71b348a9abacbf421c309197 ff7e564635fa43fa9e2dc3cdab6453c3 - - default default] Successfully bumped revision number for resource b8c16545-df36-464a-8807-1d4f18f01755 (type: security_group_rules) to 0
2026-07-14 18:55:29.790 10 INFO neutron.db.ovn_revision_numbers_db [None req-6be3d2e2-cd03-4bbf-bbe9-9949bdda3169 42c5276c71b348a9abacbf421c309197 ff7e564635fa43fa9e2dc3cdab6453c3 - - default default] Successfully bumped revision number for resource ae3581c4-b152-418c-b2e9-f528f67f5ace (type: security_group_rules) to 0
2026-07-14 18:55:29.800 10 INFO neutron.db.ovn_revision_numbers_db [None req-32feda8d-0a0b-4f19-91d1-7945da67f8c5 42c5276c71b348a9abacbf421c309197 ff7e564635fa43fa9e2dc3cdab6453c3 - - default default] Successfully bumped revision number for resource f987f910-3eee-4e9b-8974-1c1db839550b (type: security_group_rules) to 0
2026-07-14 18:55:29.808 10 INFO neutron.db.ovn_revision_numbers_db [None req-6be3d2e2-cd03-4bbf-bbe9-9949bdda3169 42c5276c71b348a9abacbf421c309197 ff7e564635fa43fa9e2dc3cdab6453c3 - - default default] Successfully bumped revision number for resource e7decc6e-97e4-4b63-9768-bc84feb80fe5 (type: security_group_rules) to 0
2026-07-14 18:55:29.826 10 INFO neutron.wsgi [None req-32feda8d-0a0b-4f19-91d1-7945da67f8c5 42c5276c71b348a9abacbf421c309197 ff7e564635fa43fa9e2dc3cdab6453c3 - - default default] 10.0.0.110 "GET /v2.0/security-groups?tenant_id=9c2e8688cfc54af0ba7e9aa5c5fb3ebc&name=default HTTP/1.1" status: 200 len: 3120 time: 0.2408540
2026-07-14 18:55:29.835 10 INFO neutron.wsgi [None req-6be3d2e2-cd03-4bbf-bbe9-9949bdda3169 42c5276c71b348a9abacbf421c309197 ff7e564635fa43fa9e2dc3cdab6453c3 - - default default] 10.0.0.110 "GET /v2.0/security-groups?tenant_id=b5bb31ff0d58481aa6606ce4c4029328&name=default HTTP/1.1" status: 200 len: 3120 time: 0.2391064
2026-07-14 18:55:30.057 9 INFO neutron.wsgi [None req-5a523de6-742a-48fe-bb3c-feeedebff8c0 42c5276c71b348a9abacbf421c309197 ff7e564635fa43fa9e2dc3cdab6453c3 - - default default] 10.0.0.110 "DELETE /v2.0/security-groups/06f9b441-3fe4-4cb8-940c-864e09622994 HTTP/1.1" status: 204 len: 168 time: 0.2260866
2026-07-14 18:55:30.114 10 INFO neutron.wsgi [None req-5779f186-c179-483a-a825-46ddc3b716cc 42c5276c71b348a9abacbf421c309197 ff7e564635fa43fa9e2dc3cdab6453c3 - - default default] 10.0.0.110 "DELETE /v2.0/security-groups/a6b216e1-827c-4d74-ad34-462a926679be HTTP/1.1" status: 204 len: 168 time: 0.2615745
2026-07-14 18:55:30.372 9 INFO neutron.db.ovn_revision_numbers_db [None req-4b2b0ad1-18b6-4930-b417-e8ced0cd7406 42c5276c71b348a9abacbf421c309197 ff7e564635fa43fa9e2dc3cdab6453c3 - - default default] Successfully bumped revision number for resource 63ca0faf-2c73-42dd-9f74-6010e62e21f0 (type: security_groups) to 1
2026-07-14 18:55:30.387 9 INFO neutron.db.ovn_revision_numbers_db [None req-4b2b0ad1-18b6-4930-b417-e8ced0cd7406 42c5276c71b348a9abacbf421c309197 ff7e564635fa43fa9e2dc3cdab6453c3 - - default default] Successfully bumped revision number for resource 42e0daea-0e71-4cb9-a7c2-cc9babdd5a3a (type: security_group_rules) to 0
2026-07-14 18:55:30.399 9 INFO neutron.db.ovn_revision_numbers_db [None req-4b2b0ad1-18b6-4930-b417-e8ced0cd7406 42c5276c71b348a9abacbf421c309197 ff7e564635fa43fa9e2dc3cdab6453c3 - - default default] Successfully bumped revision number for resource 6a31d2b6-b374-45f8-ab1b-a90de468d100 (type: security_group_rules) to 0
2026-07-14 18:55:30.416 9 INFO neutron.db.ovn_revision_numbers_db [None req-4b2b0ad1-18b6-4930-b417-e8ced0cd7406 42c5276c71b348a9abacbf421c309197 ff7e564635fa43fa9e2dc3cdab6453c3 - - default default] Successfully bumped revision number for resource da5d4b46-ae35-4997-8bde-809d8eb8daf3 (type: security_group_rules) to 0
2026-07-14 18:55:30.431 9 INFO neutron.db.ovn_revision_numbers_db [None req-4b2b0ad1-18b6-4930-b417-e8ced0cd7406 42c5276c71b348a9abacbf421c309197 ff7e564635fa43fa9e2dc3cdab6453c3 - - default default] Successfully bumped revision number for resource eed842db-98b8-4985-9c18-f7c1d236d7a1 (type: security_group_rules) to 0
2026-07-14 18:55:30.453 9 INFO neutron.wsgi [None req-4b2b0ad1-18b6-4930-b417-e8ced0cd7406 42c5276c71b348a9abacbf421c309197 ff7e564635fa43fa9e2dc3cdab6453c3 - - default default] 10.0.0.110 "GET /v2.0/security-groups?tenant_id=0d5758ee77e843db8e32ef148642a442&name=default HTTP/1.1" status: 200 len: 3120 time: 0.1875207
2026-07-14 18:55:30.610 10 INFO neutron.db.ovn_revision_numbers_db [None req-82c43b59-886f-489a-9a39-3cedfddaf400 42c5276c71b348a9abacbf421c309197 ff7e564635fa43fa9e2dc3cdab6453c3 - - default default] Successfully bumped revision number for resource 3adf149f-21e8-42d4-bd51-21e23d447bc8 (type: security_groups) to 1
2026-07-14 18:55:30.629 10 INFO neutron.db.ovn_revision_numbers_db [None req-82c43b59-886f-489a-9a39-3cedfddaf400 42c5276c71b348a9abacbf421c309197 ff7e564635fa43fa9e2dc3cdab6453c3 - - default default] Successfully bumped revision number for resource 0468c629-746d-4403-b8d7-df3ab8f26c49 (type: security_group_rules) to 0
2026-07-14 18:55:30.645 10 INFO neutron.db.ovn_revision_numbers_db [None req-82c43b59-886f-489a-9a39-3cedfddaf400 42c5276c71b348a9abacbf421c309197 ff7e564635fa43fa9e2dc3cdab6453c3 - - default default] Successfully bumped revision number for resource 36a43e14-32cc-4918-8ad4-69ef715023e9 (type: security_group_rules) to 0
2026-07-14 18:55:30.659 10 INFO neutron.db.ovn_revision_numbers_db [None req-82c43b59-886f-489a-9a39-3cedfddaf400 42c5276c71b348a9abacbf421c309197 ff7e564635fa43fa9e2dc3cdab6453c3 - - default default] Successfully bumped revision number for resource 3ce91749-d1f6-4c43-9201-29938a54dcf0 (type: security_group_rules) to 0
2026-07-14 18:55:30.679 10 INFO neutron.db.ovn_revision_numbers_db [None req-82c43b59-886f-489a-9a39-3cedfddaf400 42c5276c71b348a9abacbf421c309197 ff7e564635fa43fa9e2dc3cdab6453c3 - - default default] Successfully bumped revision number for resource c4997329-881f-4a8e-85bf-1bad4760d7f5 (type: security_group_rules) to 0
2026-07-14 18:55:30.689 9 INFO neutron.wsgi [None req-8e8f04e7-46fe-4a3e-a919-9cced2abba70 42c5276c71b348a9abacbf421c309197 ff7e564635fa43fa9e2dc3cdab6453c3 - - default default] 10.0.0.110 "DELETE /v2.0/security-groups/63ca0faf-2c73-42dd-9f74-6010e62e21f0 HTTP/1.1" status: 204 len: 168 time: 0.2306719
2026-07-14 18:55:30.704 10 INFO neutron.wsgi [None req-82c43b59-886f-489a-9a39-3cedfddaf400 42c5276c71b348a9abacbf421c309197 ff7e564635fa43fa9e2dc3cdab6453c3 - - default default] 10.0.0.110 "GET /v2.0/security-groups?tenant_id=08a5588798ba400f8d5383c95025e2ec&name=default HTTP/1.1" status: 200 len: 3120 time: 0.5096719
2026-07-14 18:55:30.960 10 INFO neutron.wsgi [None req-acbe31e7-1d44-4eb0-b5b0-076fcb0cb2a1 42c5276c71b348a9abacbf421c309197 ff7e564635fa43fa9e2dc3cdab6453c3 - - default default] 10.0.0.110 "DELETE /v2.0/security-groups/3adf149f-21e8-42d4-bd51-21e23d447bc8 HTTP/1.1" status: 204 len: 168 time: 0.2501552
2026-07-14 18:55:31.196 9 INFO neutron.db.ovn_revision_numbers_db [None req-55468236-1922-49e6-844d-0015204d7f3b 42c5276c71b348a9abacbf421c309197 ff7e564635fa43fa9e2dc3cdab6453c3 - - default default] Successfully bumped revision number for resource 88d9d95a-cada-4e52-9cee-71c61daaaa08 (type: security_groups) to 1
2026-07-14 18:55:31.213 9 INFO neutron.db.ovn_revision_numbers_db [None req-55468236-1922-49e6-844d-0015204d7f3b 42c5276c71b348a9abacbf421c309197 ff7e564635fa43fa9e2dc3cdab6453c3 - - default default] Successfully bumped revision number for resource 65b4563e-8d32-4e65-91f0-bfb76253ce4b (type: security_group_rules) to 0
2026-07-14 18:55:31.225 9 INFO neutron.db.ovn_revision_numbers_db [None req-55468236-1922-49e6-844d-0015204d7f3b 42c5276c71b348a9abacbf421c309197 ff7e564635fa43fa9e2dc3cdab6453c3 - - default default] Successfully bumped revision number for resource 99eca1d1-3d9e-4e06-880c-1b2a8b49c768 (type: security_group_rules) to 0
2026-07-14 18:55:31.246 9 INFO neutron.db.ovn_revision_numbers_db [None req-55468236-1922-49e6-844d-0015204d7f3b 42c5276c71b348a9abacbf421c309197 ff7e564635fa43fa9e2dc3cdab6453c3 - - default default] Successfully bumped revision number for resource c9952739-b66d-4c6f-90c3-63209e22b059 (type: security_group_rules) to 0
2026-07-14 18:55:31.262 9 INFO neutron.db.ovn_revision_numbers_db [None req-55468236-1922-49e6-844d-0015204d7f3b 42c5276c71b348a9abacbf421c309197 ff7e564635fa43fa9e2dc3cdab6453c3 - - default default] Successfully bumped revision number for resource cc8578b2-22cb-4e75-8ee4-be75e7370b31 (type: security_group_rules) to 0
2026-07-14 18:55:31.284 9 INFO neutron.wsgi [None req-55468236-1922-49e6-844d-0015204d7f3b 42c5276c71b348a9abacbf421c309197 ff7e564635fa43fa9e2dc3cdab6453c3 - - default default] 10.0.0.110 "GET /v2.0/security-groups?tenant_id=3c1d499106384a9f87c40acf2a73f326&name=default HTTP/1.1" status: 200 len: 3120 time: 0.2172160
