2026-07-14 18:57:14.320 10 INFO neutron.wsgi [req-e849d9f2-14c1-4e66-8e89-8cbb53d22c77 req-84e4114f-f74e-42aa-a02f-7bd14a6ef92c a7d0a42cf3eb418db63db859bcefec50 889d449229ae4bdfbf34277e4ebedf2f - - 35ffeaa6bba0459dbb48b49e82dff028 35ffeaa6bba0459dbb48b49e82dff028] 199.19.213.161 "GET /v2.0/floatingips?fixed_ip_address=fd7b%3Af9f7%3Afff%3A4eca%3A%3A1cb&port_id=1663b139-68ab-4718-8818-91da38e30199 HTTP/1.1" status: 200 len: 217 time: 0.0287077
2026-07-14 18:57:14.332 10 INFO neutron.db.ovn_revision_numbers_db [None req-51efcc3c-a20e-4226-925e-e3a60a29c2a3 55db2d371a704d7ab79b0a619815e0ce 964ac5f21e8a4e0f89da06718d533131 - - default default] Successfully bumped revision number for resource 28a546d0-c024-4a73-b0f2-6ac462ee2a1b (type: networks) to 1
2026-07-14 18:57:14.371 10 INFO neutron.wsgi [req-e849d9f2-14c1-4e66-8e89-8cbb53d22c77 req-4014ad74-d3e8-4a15-8a78-dc04fb7299ae a7d0a42cf3eb418db63db859bcefec50 889d449229ae4bdfbf34277e4ebedf2f - - 35ffeaa6bba0459dbb48b49e82dff028 35ffeaa6bba0459dbb48b49e82dff028] 199.19.213.161 "GET /v2.0/subnets?id=e84e8477-fa98-4cae-8f97-41ba85eed955&id=b916c511-f9bf-45e9-a4a3-0e7163393df1 HTTP/1.1" status: 200 len: 1562 time: 0.0454428
2026-07-14 18:57:14.380 9 WARNING neutron.scheduler.dhcp_agent_scheduler [None req-55ea36e7-b780-4974-b5a0-ac1354eb4150 d2ccc92890a54fa1ba1797d81b8e437c bd9316992cc3415f95f2a2398aa531dd - - default default] No more DHCP agents
2026-07-14 18:57:14.382 9 WARNING neutron.api.rpc.agentnotifiers.dhcp_rpc_agent_api [None req-55ea36e7-b780-4974-b5a0-ac1354eb4150 d2ccc92890a54fa1ba1797d81b8e437c bd9316992cc3415f95f2a2398aa531dd - - default default] Unable to schedule network 7711afbf-4c30-48a9-b509-29305358988a: no agents available; will retry on subsequent port and subnet creation events.
2026-07-14 18:57:14.403 10 INFO neutron.wsgi [req-e849d9f2-14c1-4e66-8e89-8cbb53d22c77 req-91fb0df7-948d-4462-be56-ecdaf41a8c52 a7d0a42cf3eb418db63db859bcefec50 889d449229ae4bdfbf34277e4ebedf2f - - 35ffeaa6bba0459dbb48b49e82dff028 35ffeaa6bba0459dbb48b49e82dff028] 199.19.213.161 "GET /v2.0/ports?network_id=a527be45-3b0e-4283-87d1-4eb80dab3c90&device_owner=network%3Adhcp HTTP/1.1" status: 200 len: 210 time: 0.0238676
2026-07-14 18:57:14.466 10 INFO neutron.wsgi [req-e849d9f2-14c1-4e66-8e89-8cbb53d22c77 req-47fab9ed-fdc5-4cf5-90a2-79b59b218a31 a7d0a42cf3eb418db63db859bcefec50 889d449229ae4bdfbf34277e4ebedf2f - - 35ffeaa6bba0459dbb48b49e82dff028 35ffeaa6bba0459dbb48b49e82dff028] 199.19.213.161 "GET /v2.0/ports?network_id=a527be45-3b0e-4283-87d1-4eb80dab3c90&device_owner=network%3Adhcp HTTP/1.1" status: 200 len: 210 time: 0.0443828
2026-07-14 18:57:14.520 9 INFO neutron.db.ovn_revision_numbers_db [None req-55ea36e7-b780-4974-b5a0-ac1354eb4150 d2ccc92890a54fa1ba1797d81b8e437c bd9316992cc3415f95f2a2398aa531dd - - default default] Successfully bumped revision number for resource d72cb516-0127-4e59-a7cd-1e6d2877fea3 (type: ports) to 1
2026-07-14 18:57:14.550 9 INFO neutron.wsgi [None req-55ea36e7-b780-4974-b5a0-ac1354eb4150 d2ccc92890a54fa1ba1797d81b8e437c bd9316992cc3415f95f2a2398aa531dd - - default default] 10.0.0.110 "POST /v2.0/ports HTTP/1.1" status: 201 len: 942 time: 0.4684131 /var/lib/openstack/lib/python3.10/site-packages/pycadf/identifier.py:71: UserWarning: Invalid uuid: neutron. To ensure interoperability, identifiers should be a valid uuid. warnings.warn(('Invalid uuid: %s. To ensure interoperability, '
2026-07-14 18:57:14.560 10 INFO neutron.wsgi [req-e849d9f2-14c1-4e66-8e89-8cbb53d22c77 req-00b277a8-2dcd-41b6-b0c7-b87ebd058d2d a7d0a42cf3eb418db63db859bcefec50 889d449229ae4bdfbf34277e4ebedf2f - - 35ffeaa6bba0459dbb48b49e82dff028 35ffeaa6bba0459dbb48b49e82dff028] 199.19.213.161 "GET /v2.0/networks/a527be45-3b0e-4283-87d1-4eb80dab3c90?fields=segments HTTP/1.1" status: 200 len: 212 time: 0.0843883
2026-07-14 18:57:14.561 9 WARNING neutron_lib.context [None req-3504f643-0ecf-49f1-a332-8c51483a3a11 d2ccc92890a54fa1ba1797d81b8e437c bd9316992cc3415f95f2a2398aa531dd - - default default] Method 'is_advsvc' is deprecated since 2023.2 release (neutron-lib 3.8.0) and will be removed once support for the old RBAC API policies will be removed from Neutron. Please use method 'is_service_role' instead.
2026-07-14 18:57:14.630 10 WARNING neutron.scheduler.dhcp_agent_scheduler [None req-51efcc3c-a20e-4226-925e-e3a60a29c2a3 55db2d371a704d7ab79b0a619815e0ce 964ac5f21e8a4e0f89da06718d533131 - - default default] No more DHCP agents
2026-07-14 18:57:14.632 10 WARNING neutron.api.rpc.agentnotifiers.dhcp_rpc_agent_api [None req-51efcc3c-a20e-4226-925e-e3a60a29c2a3 55db2d371a704d7ab79b0a619815e0ce 964ac5f21e8a4e0f89da06718d533131 - - default default] Unable to schedule network 28a546d0-c024-4a73-b0f2-6ac462ee2a1b: no agents available; will retry on subsequent port and subnet creation events.
2026-07-14 18:57:14.645 10 INFO neutron.wsgi [req-e849d9f2-14c1-4e66-8e89-8cbb53d22c77 req-c00b35f8-80dc-45b4-b445-634b938da39f a7d0a42cf3eb418db63db859bcefec50 889d449229ae4bdfbf34277e4ebedf2f - - 35ffeaa6bba0459dbb48b49e82dff028 35ffeaa6bba0459dbb48b49e82dff028] 199.19.213.161 "GET /v2.0/networks/a527be45-3b0e-4283-87d1-4eb80dab3c90?fields=provider%3Aphysical_network&fields=provider%3Anetwork_type HTTP/1.1" status: 200 len: 277 time: 0.0775697
2026-07-14 18:57:14.654 9 INFO neutron.db.segments_db [None req-3504f643-0ecf-49f1-a332-8c51483a3a11 d2ccc92890a54fa1ba1797d81b8e437c bd9316992cc3415f95f2a2398aa531dd - - default default] Added segment 178f34f1-413a-4b3a-bc22-66c914c52ad5 of type geneve for network 218208a7-1e00-429f-8534-3f513458db74
2026-07-14 18:57:14.720 10 INFO neutron.db.ovn_revision_numbers_db [None req-51efcc3c-a20e-4226-925e-e3a60a29c2a3 55db2d371a704d7ab79b0a619815e0ce 964ac5f21e8a4e0f89da06718d533131 - - default default] Successfully bumped revision number for resource 87d62d90-3a4c-4137-9ca3-3a6eebab09bb (type: ports) to 1
2026-07-14 18:57:14.740 10 INFO neutron.wsgi [None req-51efcc3c-a20e-4226-925e-e3a60a29c2a3 55db2d371a704d7ab79b0a619815e0ce 964ac5f21e8a4e0f89da06718d533131 - - default default] 10.0.0.110 "POST /v2.0/networks HTTP/1.1" status: 201 len: 830 time: 1.1462102
2026-07-14 18:57:14.811 10 INFO neutron.wsgi [None req-3a1ce7bb-42af-4d08-ac4f-81e28f21d78e 55db2d371a704d7ab79b0a619815e0ce 964ac5f21e8a4e0f89da06718d533131 - - default default] 10.0.0.110 "PUT /v2.0/networks/28a546d0-c024-4a73-b0f2-6ac462ee2a1b/tags HTTP/1.1" status: 200 len: 218 time: 0.0653739
2026-07-14 18:57:14.839 9 INFO neutron.db.ovn_revision_numbers_db [None req-3504f643-0ecf-49f1-a332-8c51483a3a11 d2ccc92890a54fa1ba1797d81b8e437c bd9316992cc3415f95f2a2398aa531dd - - default default] Successfully bumped revision number for resource 218208a7-1e00-429f-8534-3f513458db74 (type: networks) to 1
2026-07-14 18:57:14.886 9 INFO neutron.wsgi [None req-c2c6c546-5a40-45c8-945e-fc945bac7311 55db2d371a704d7ab79b0a619815e0ce 964ac5f21e8a4e0f89da06718d533131 - - default default] 10.0.0.110 "GET /v2.0/networks/28a546d0-c024-4a73-b0f2-6ac462ee2a1b/tags HTTP/1.1" status: 200 len: 218 time: 0.0701404
2026-07-14 18:57:14.957 10 INFO neutron.wsgi [None req-2af74f71-e1a3-4b89-89e5-024772c8164a 55db2d371a704d7ab79b0a619815e0ce 964ac5f21e8a4e0f89da06718d533131 - - default default] 10.0.0.110 "PUT /v2.0/networks/28a546d0-c024-4a73-b0f2-6ac462ee2a1b/tags/green HTTP/1.1" status: 201 len: 201 time: 0.0632131
2026-07-14 18:57:15.082 9 WARNING neutron.scheduler.dhcp_agent_scheduler [None req-3504f643-0ecf-49f1-a332-8c51483a3a11 d2ccc92890a54fa1ba1797d81b8e437c bd9316992cc3415f95f2a2398aa531dd - - default default] No more DHCP agents
2026-07-14 18:57:15.084 9 WARNING neutron.api.rpc.agentnotifiers.dhcp_rpc_agent_api [None req-3504f643-0ecf-49f1-a332-8c51483a3a11 d2ccc92890a54fa1ba1797d81b8e437c bd9316992cc3415f95f2a2398aa531dd - - default default] Unable to schedule network 218208a7-1e00-429f-8534-3f513458db74: no agents available; will retry on subsequent port and subnet creation events.
2026-07-14 18:57:15.195 9 INFO neutron.db.ovn_revision_numbers_db [None req-3504f643-0ecf-49f1-a332-8c51483a3a11 d2ccc92890a54fa1ba1797d81b8e437c bd9316992cc3415f95f2a2398aa531dd - - default default] Successfully bumped revision number for resource e6e9379f-5eaf-4880-a07c-f3138a1fe251 (type: ports) to 1
2026-07-14 18:57:15.235 9 INFO neutron.wsgi [None req-3504f643-0ecf-49f1-a332-8c51483a3a11 d2ccc92890a54fa1ba1797d81b8e437c bd9316992cc3415f95f2a2398aa531dd - - default default] 10.0.0.110 "POST /v2.0/networks HTTP/1.1" status: 201 len: 831 time: 0.6798742
2026-07-14 18:57:15.246 9 WARNING neutron_lib.context [None req-73d06491-bf9b-4a29-870c-1adf9dd2c689 d2ccc92890a54fa1ba1797d81b8e437c bd9316992cc3415f95f2a2398aa531dd - - default default] Method 'is_advsvc' is deprecated since 2023.2 release (neutron-lib 3.8.0) and will be removed once support for the old RBAC API policies will be removed from Neutron. Please use method 'is_service_role' instead.
2026-07-14 18:57:15.267 10 INFO neutron.wsgi [None req-d80708c5-cfef-4e97-a6de-c0a690ba5e0e 55db2d371a704d7ab79b0a619815e0ce 964ac5f21e8a4e0f89da06718d533131 - - default default] 10.0.0.110 "GET /v2.0/networks/28a546d0-c024-4a73-b0f2-6ac462ee2a1b/tags HTTP/1.1" status: 200 len: 227 time: 0.3050115
2026-07-14 18:57:15.312 10 INFO neutron.wsgi [None req-02af4277-341a-437a-8751-0a713122fcbf 55db2d371a704d7ab79b0a619815e0ce 964ac5f21e8a4e0f89da06718d533131 - - default default] 10.0.0.110 "PUT /v2.0/networks/28a546d0-c024-4a73-b0f2-6ac462ee2a1b/tags/red HTTP/1.1" status: 201 len: 201 time: 0.0383053
2026-07-14 18:57:15.355 10 INFO neutron.wsgi [None req-677a73a5-bf4d-4122-baeb-38ee54f5b64d 55db2d371a704d7ab79b0a619815e0ce 964ac5f21e8a4e0f89da06718d533131 - - default default] 10.0.0.110 "GET /v2.0/networks/28a546d0-c024-4a73-b0f2-6ac462ee2a1b/tags HTTP/1.1" status: 200 len: 227 time: 0.0383403
2026-07-14 18:57:15.414 10 INFO neutron.wsgi [None req-616bf640-3364-4622-96f5-a9126799b613 55db2d371a704d7ab79b0a619815e0ce 964ac5f21e8a4e0f89da06718d533131 - - default default] 10.0.0.110 "PUT /v2.0/networks/28a546d0-c024-4a73-b0f2-6ac462ee2a1b/tags/black.or.white HTTP/1.1" status: 201 len: 201 time: 0.0532405
2026-07-14 18:57:15.480 10 INFO neutron.wsgi [None req-d1f7fb9b-527a-444e-9e74-6344e1676a28 55db2d371a704d7ab79b0a619815e0ce 964ac5f21e8a4e0f89da06718d533131 - - default default] 10.0.0.110 "GET /v2.0/networks/28a546d0-c024-4a73-b0f2-6ac462ee2a1b/tags HTTP/1.1" status: 200 len: 245 time: 0.0599723
2026-07-14 18:57:15.862 9 WARNING neutron.scheduler.dhcp_agent_scheduler [None req-73d06491-bf9b-4a29-870c-1adf9dd2c689 d2ccc92890a54fa1ba1797d81b8e437c bd9316992cc3415f95f2a2398aa531dd - - default default] No more DHCP agents
2026-07-14 18:57:15.864 9 INFO neutron.wsgi [None req-31906484-330e-44c7-89fc-eb9859517809 55db2d371a704d7ab79b0a619815e0ce 964ac5f21e8a4e0f89da06718d533131 - - default default] 10.0.0.110 "PUT /v2.0/networks/28a546d0-c024-4a73-b0f2-6ac462ee2a1b/tags HTTP/1.1" status: 200 len: 230 time: 0.3779047
2026-07-14 18:57:15.866 9 WARNING neutron.api.rpc.agentnotifiers.dhcp_rpc_agent_api [None req-73d06491-bf9b-4a29-870c-1adf9dd2c689 d2ccc92890a54fa1ba1797d81b8e437c bd9316992cc3415f95f2a2398aa531dd - - default default] Unable to schedule network 218208a7-1e00-429f-8534-3f513458db74: no agents available; will retry on subsequent port and subnet creation events.
2026-07-14 18:57:15.941 10 INFO neutron.wsgi [None req-1488d8e9-87de-4095-a92f-cadc9de43735 55db2d371a704d7ab79b0a619815e0ce 964ac5f21e8a4e0f89da06718d533131 - - default default] 10.0.0.110 "GET /v2.0/networks/28a546d0-c024-4a73-b0f2-6ac462ee2a1b/tags HTTP/1.1" status: 200 len: 230 time: 0.0673828
2026-07-14 18:57:15.975 9 INFO neutron.db.ovn_revision_numbers_db [None req-73d06491-bf9b-4a29-870c-1adf9dd2c689 d2ccc92890a54fa1ba1797d81b8e437c bd9316992cc3415f95f2a2398aa531dd - - default default] Successfully bumped revision number for resource e584b7b0-6de4-4221-88e0-ef7d2a8834c9 (type: ports) to 1
2026-07-14 18:57:16.087 9 INFO neutron.wsgi [None req-73d06491-bf9b-4a29-870c-1adf9dd2c689 d2ccc92890a54fa1ba1797d81b8e437c bd9316992cc3415f95f2a2398aa531dd - - default default] 10.0.0.110 "POST /v2.0/ports HTTP/1.1" status: 201 len: 942 time: 0.8476839
2026-07-14 18:57:16.099 10 INFO neutron.wsgi [None req-db52f668-3253-4c6c-a07a-f6e64bb7d894 55db2d371a704d7ab79b0a619815e0ce 964ac5f21e8a4e0f89da06718d533131 - - default default] 10.0.0.110 "GET /v2.0/networks/28a546d0-c024-4a73-b0f2-6ac462ee2a1b/tags/red HTTP/1.1" status: 204 len: 168 time: 0.1531475 /var/lib/openstack/lib/python3.10/site-packages/pycadf/identifier.py:71: UserWarning: Invalid uuid: neutron. To ensure interoperability, identifiers should be a valid uuid. warnings.warn(('Invalid uuid: %s. To ensure interoperability, '
2026-07-14 18:57:16.154 9 INFO neutron.api.v2.resource [None req-d8fa56e4-1b61-49e7-99b0-922e8452ca97 55db2d371a704d7ab79b0a619815e0ce 964ac5f21e8a4e0f89da06718d533131 - - default default] show failed (client error): The resource could not be found.
2026-07-14 18:57:16.156 9 INFO neutron.wsgi [None req-d8fa56e4-1b61-49e7-99b0-922e8452ca97 55db2d371a704d7ab79b0a619815e0ce 964ac5f21e8a4e0f89da06718d533131 - - default default] 10.0.0.110 "GET /v2.0/networks/28a546d0-c024-4a73-b0f2-6ac462ee2a1b/tags/green HTTP/1.1" status: 404 len: 299 time: 0.0509453
2026-07-14 18:57:16.158 10 INFO neutron.wsgi [None req-2d1a390f-f9f3-4aa9-a873-a8d074a2b17f d2ccc92890a54fa1ba1797d81b8e437c bd9316992cc3415f95f2a2398aa531dd - - default default] 10.0.0.110 "PUT /v2.0/ports/9b143d2c-56da-47d9-8636-823f53d38029/tags HTTP/1.1" status: 200 len: 210 time: 0.0666900
2026-07-14 18:57:16.215 10 INFO neutron.wsgi [None req-863bc30b-dcb7-403e-90cf-790fd307883d d2ccc92890a54fa1ba1797d81b8e437c bd9316992cc3415f95f2a2398aa531dd - - default default] 10.0.0.110 "PUT /v2.0/ports/0b5256a1-bf29-40de-ada1-51cd0dddc4e6/tags HTTP/1.1" status: 200 len: 218 time: 0.0524235
2026-07-14 18:57:16.233 9 INFO neutron.wsgi [None req-66977860-7945-4fed-8895-e219e8608aec 55db2d371a704d7ab79b0a619815e0ce 964ac5f21e8a4e0f89da06718d533131 - - default default] 10.0.0.110 "DELETE /v2.0/networks/28a546d0-c024-4a73-b0f2-6ac462ee2a1b/tags/red HTTP/1.1" status: 204 len: 168 time: 0.0702646
2026-07-14 18:57:16.264 10 INFO neutron.wsgi [None req-77f2fcad-35c8-4fbe-b6cc-00e1b763dc59 d2ccc92890a54fa1ba1797d81b8e437c bd9316992cc3415f95f2a2398aa531dd - - default default] 10.0.0.110 "PUT /v2.0/ports/97f382e2-3e16-4cf8-b868-7de54f9c5f19/tags HTTP/1.1" status: 200 len: 227 time: 0.0443671
2026-07-14 18:57:16.285 9 INFO neutron.wsgi [None req-811281fe-0171-4edc-bdff-5a5db1c098bc 55db2d371a704d7ab79b0a619815e0ce 964ac5f21e8a4e0f89da06718d533131 - - default default] 10.0.0.110 "GET /v2.0/networks/28a546d0-c024-4a73-b0f2-6ac462ee2a1b/tags HTTP/1.1" status: 200 len: 223 time: 0.0469277
2026-07-14 18:57:16.348 10 INFO neutron.wsgi [None req-e60aea14-18ea-4ee9-83d5-46ec29b8d9ca d2ccc92890a54fa1ba1797d81b8e437c bd9316992cc3415f95f2a2398aa531dd - - default default] 10.0.0.110 "PUT /v2.0/ports/d72cb516-0127-4e59-a7cd-1e6d2877fea3/tags HTTP/1.1" status: 200 len: 212 time: 0.0795674
2026-07-14 18:57:16.384 9 INFO neutron.api.v2.resource [None req-e003e5a0-7c2e-4359-8315-e916be1e49a3 55db2d371a704d7ab79b0a619815e0ce 964ac5f21e8a4e0f89da06718d533131 - - default default] delete failed (client error): The resource could not be found.
2026-07-14 18:57:16.386 9 INFO neutron.wsgi [None req-e003e5a0-7c2e-4359-8315-e916be1e49a3 55db2d371a704d7ab79b0a619815e0ce 964ac5f21e8a4e0f89da06718d533131 - - default default] 10.0.0.110 "DELETE /v2.0/networks/28a546d0-c024-4a73-b0f2-6ac462ee2a1b/tags/green HTTP/1.1" status: 404 len: 299 time: 0.0772717
2026-07-14 18:57:16.472 9 INFO neutron.wsgi [None req-2f61d1f4-49ae-45b1-9b1c-55ac51baa3df 55db2d371a704d7ab79b0a619815e0ce 964ac5f21e8a4e0f89da06718d533131 - - default default] 10.0.0.110 "DELETE /v2.0/networks/28a546d0-c024-4a73-b0f2-6ac462ee2a1b/tags HTTP/1.1" status: 204 len: 168 time: 0.0801191
2026-07-14 18:57:16.537 9 INFO neutron.wsgi [None req-1c5f24f5-bfe9-40e0-a866-dd85fc134af3 55db2d371a704d7ab79b0a619815e0ce 964ac5f21e8a4e0f89da06718d533131 - - default default] 10.0.0.110 "GET /v2.0/networks/28a546d0-c024-4a73-b0f2-6ac462ee2a1b/tags HTTP/1.1" status: 200 len: 205 time: 0.0600171
2026-07-14 18:57:16.591 10 INFO neutron.wsgi [None req-9af93fc3-9005-4100-b868-840c4083a118 d2ccc92890a54fa1ba1797d81b8e437c bd9316992cc3415f95f2a2398aa531dd - - default default] 10.0.0.110 "GET /v2.0/ports?tags=red HTTP/1.1" status: 200 len: 2448 time: 0.2362723
2026-07-14 18:57:16.679 10 INFO neutron.wsgi [None req-e8766cb1-0df5-4c7c-ad25-3618bb1ffbfc d2ccc92890a54fa1ba1797d81b8e437c bd9316992cc3415f95f2a2398aa531dd - - default default] 10.0.0.110 "GET /v2.0/ports?tags=red%2Cblue HTTP/1.1" status: 200 len: 1708 time: 0.0823054
2026-07-14 18:57:16.873 9 INFO neutron.wsgi [None req-4e7e9ab9-6fe9-4a0a-b8f4-a4247c970cd2 d2ccc92890a54fa1ba1797d81b8e437c bd9316992cc3415f95f2a2398aa531dd - - default default] 10.0.0.110 "GET /v2.0/ports?tags-any=blue HTTP/1.1" status: 200 len: 1708 time: 0.1881654
2026-07-14 18:57:16.955 10 INFO neutron.wsgi [None req-39d0d3ea-172f-4e19-a3e5-7661048b79fb d2ccc92890a54fa1ba1797d81b8e437c bd9316992cc3415f95f2a2398aa531dd - - default default] 10.0.0.110 "GET /v2.0/ports?tags-any=red%2Cblue HTTP/1.1" status: 200 len: 2448 time: 0.0682447
2026-07-14 18:57:17.168 9 INFO neutron.services.segments.plugin [-] Segment e143f4cb-92de-46c8-9ac9-6c2471430254 resource provider aggregate not found
2026-07-14 18:57:17.173 9 INFO neutron.services.segments.plugin [-] Segment e143f4cb-92de-46c8-9ac9-6c2471430254 resource provider aggregate not found
2026-07-14 18:57:17.189 9 INFO neutron.services.segments.plugin [-] Segment e143f4cb-92de-46c8-9ac9-6c2471430254 resource provider not found; error: Placement Client Error (4xx): {"errors": [{"status": 404, "title": "Not Found", "detail": "The resource could not be found.\n\n No resource provider with uuid e143f4cb-92de-46c8-9ac9-6c2471430254 found for delete ", "request_id": "req-b00b249f-104b-41cc-8838-225c4602a121"}]}
2026-07-14 18:57:17.198 9 INFO neutron.services.segments.plugin [-] Segment e143f4cb-92de-46c8-9ac9-6c2471430254 resource provider not found; error: Placement Client Error (4xx): {"errors": [{"status": 404, "title": "Not Found", "detail": "The resource could not be found.\n\n No resource provider with uuid e143f4cb-92de-46c8-9ac9-6c2471430254 found for delete ", "request_id": "req-4fbf1fb0-7ef2-4c20-9b19-d9def3944842"}]}
2026-07-14 18:57:17.218 9 INFO neutron.wsgi [None req-a5ee6546-7a88-4bf3-b074-1d6ce9bf9140 55db2d371a704d7ab79b0a619815e0ce 964ac5f21e8a4e0f89da06718d533131 - - default default] 10.0.0.110 "DELETE /v2.0/networks/28a546d0-c024-4a73-b0f2-6ac462ee2a1b HTTP/1.1" status: 204 len: 168 time: 0.6732130
2026-07-14 18:57:17.244 9 INFO neutron.wsgi [None req-47599664-5af2-48eb-8ca8-01efa7daa8ea d2ccc92890a54fa1ba1797d81b8e437c bd9316992cc3415f95f2a2398aa531dd - - default default] 10.0.0.110 "GET /v2.0/ports?not-tags=red HTTP/1.1" status: 200 len: 5463 time: 0.2834854
2026-07-14 18:57:17.341 9 INFO neutron.wsgi [None req-fb46590f-b44f-460d-aab4-20b36c0c6bb3 d2ccc92890a54fa1ba1797d81b8e437c bd9316992cc3415f95f2a2398aa531dd - - default default] 10.0.0.110 "GET /v2.0/ports?not-tags=red%2Cblue HTTP/1.1" status: 200 len: 6203 time: 0.0921133
2026-07-14 18:57:17.445 9 INFO neutron.wsgi [None req-f14ec74f-a3e9-431b-b99d-98a06c5741e3 d2ccc92890a54fa1ba1797d81b8e437c bd9316992cc3415f95f2a2398aa531dd - - default default] 10.0.0.110 "GET /v2.0/ports?not-tags-any=blue HTTP/1.1" status: 200 len: 6203 time: 0.0983808
2026-07-14 18:57:17.537 9 INFO neutron.wsgi [None req-31bd8af8-7f48-42d1-aefb-20b90e5e121a d2ccc92890a54fa1ba1797d81b8e437c bd9316992cc3415f95f2a2398aa531dd - - default default] 10.0.0.110 "GET /v2.0/ports?not-tags-any=red%2Cblue HTTP/1.1" status: 200 len: 5463 time: 0.0850208
2026-07-14 18:57:17.868 9 INFO neutron.wsgi [None req-ab38ca7f-e3e6-429e-bbae-5691246d07ed d2ccc92890a54fa1ba1797d81b8e437c bd9316992cc3415f95f2a2398aa531dd - - default default] 10.0.0.110 "DELETE /v2.0/ports/9b143d2c-56da-47d9-8636-823f53d38029 HTTP/1.1" status: 204 len: 168 time: 0.3255260
2026-07-14 18:57:18.022 10 INFO neutron.wsgi [req-23d86920-e07e-4397-8acd-8e76c116e676 req-3c6755f6-e569-400f-8149-b8fd1e52daca a7d0a42cf3eb418db63db859bcefec50 889d449229ae4bdfbf34277e4ebedf2f - - 35ffeaa6bba0459dbb48b49e82dff028 35ffeaa6bba0459dbb48b49e82dff028] 10.0.0.151 "GET /v2.0/ports?device_id=78faf6bd-ab83-4393-b552-0085bd2ec7ec HTTP/1.1" status: 200 len: 1638 time: 0.0572190
2026-07-14 18:57:18.107 10 INFO neutron.wsgi [req-23d86920-e07e-4397-8acd-8e76c116e676 req-6587697b-2090-4505-85f7-8606ccbce9e1 a7d0a42cf3eb418db63db859bcefec50 889d449229ae4bdfbf34277e4ebedf2f - - 35ffeaa6bba0459dbb48b49e82dff028 35ffeaa6bba0459dbb48b49e82dff028] 10.0.0.151 "GET /v2.0/security-groups?id=2c536c09-1b0e-4bce-92b3-31bf4ed20333&fields=id&fields=name HTTP/1.1" status: 200 len: 309 time: 0.0785418
2026-07-14 18:57:18.205 10 INFO neutron.wsgi [None req-f9b8d57d-8341-4623-aa9c-41276329353e d2ccc92890a54fa1ba1797d81b8e437c bd9316992cc3415f95f2a2398aa531dd - - default default] 10.0.0.110 "DELETE /v2.0/ports/0b5256a1-bf29-40de-ada1-51cd0dddc4e6 HTTP/1.1" status: 204 len: 168 time: 0.3305969
2026-07-14 18:57:18.221 9 INFO neutron.wsgi [None req-ed2caa01-2c62-4995-a5d3-ebcd11d31de6 42c5276c71b348a9abacbf421c309197 ff7e564635fa43fa9e2dc3cdab6453c3 - - default default] 10.0.0.110 "GET /v2.0/security-groups?tenant_id=964ac5f21e8a4e0f89da06718d533131&name=default HTTP/1.1" status: 200 len: 3124 time: 0.1945505
2026-07-14 18:57:18.524 10 INFO neutron.wsgi [None req-74ea7773-d1aa-4a07-b4e3-bdaa40f9a9d1 d2ccc92890a54fa1ba1797d81b8e437c bd9316992cc3415f95f2a2398aa531dd - - default default] 10.0.0.110 "DELETE /v2.0/ports/97f382e2-3e16-4cf8-b868-7de54f9c5f19 HTTP/1.1" status: 204 len: 168 time: 0.3144290
2026-07-14 18:57:18.577 10 INFO neutron.wsgi [None req-c7d63e8d-b2dc-4694-94cb-512d41130737 42c5276c71b348a9abacbf421c309197 ff7e564635fa43fa9e2dc3cdab6453c3 - - default default] 10.0.0.110 "DELETE /v2.0/security-groups/3323b138-8a18-4bbc-87f0-b833d2294237 HTTP/1.1" status: 204 len: 168 time: 0.3464274
2026-07-14 18:57:18.815 9 INFO neutron.db.ovn_revision_numbers_db [None req-5b1d302d-9c26-4c58-a9b8-d22fb0897472 42c5276c71b348a9abacbf421c309197 ff7e564635fa43fa9e2dc3cdab6453c3 - - default default] Successfully bumped revision number for resource dee28b69-4117-4d91-820a-2cff85c87bc5 (type: security_groups) to 1
2026-07-14 18:57:18.832 9 INFO neutron.db.ovn_revision_numbers_db [None req-5b1d302d-9c26-4c58-a9b8-d22fb0897472 42c5276c71b348a9abacbf421c309197 ff7e564635fa43fa9e2dc3cdab6453c3 - - default default] Successfully bumped revision number for resource 1894cf74-a4fd-4b38-973d-56c9b4639a4f (type: security_group_rules) to 0
2026-07-14 18:57:18.850 9 INFO neutron.db.ovn_revision_numbers_db [None req-5b1d302d-9c26-4c58-a9b8-d22fb0897472 42c5276c71b348a9abacbf421c309197 ff7e564635fa43fa9e2dc3cdab6453c3 - - default default] Successfully bumped revision number for resource 2ae4518a-6366-445d-b6e8-f94d7a247d77 (type: security_group_rules) to 0
2026-07-14 18:57:18.857 10 INFO neutron.wsgi [None req-2c8c1515-ead0-4895-b795-e0cb78524e8a d2ccc92890a54fa1ba1797d81b8e437c bd9316992cc3415f95f2a2398aa531dd - - default default] 10.0.0.110 "DELETE /v2.0/ports/d72cb516-0127-4e59-a7cd-1e6d2877fea3 HTTP/1.1" status: 204 len: 168 time: 0.3259478
2026-07-14 18:57:18.865 9 INFO neutron.db.ovn_revision_numbers_db [None req-5b1d302d-9c26-4c58-a9b8-d22fb0897472 42c5276c71b348a9abacbf421c309197 ff7e564635fa43fa9e2dc3cdab6453c3 - - default default] Successfully bumped revision number for resource 6b08facc-260b-4645-a6ff-682f02a62bb0 (type: security_group_rules) to 0
2026-07-14 18:57:18.883 9 INFO neutron.db.ovn_revision_numbers_db [None req-5b1d302d-9c26-4c58-a9b8-d22fb0897472 42c5276c71b348a9abacbf421c309197 ff7e564635fa43fa9e2dc3cdab6453c3 - - default default] Successfully bumped revision number for resource cc4aa7b8-e6e0-4b88-aeb6-fa0de828b7e2 (type: security_group_rules) to 0
2026-07-14 18:57:18.905 9 INFO neutron.wsgi [None req-5b1d302d-9c26-4c58-a9b8-d22fb0897472 42c5276c71b348a9abacbf421c309197 ff7e564635fa43fa9e2dc3cdab6453c3 - - default default] 10.0.0.110 "GET /v2.0/security-groups?tenant_id=3cdf26e593324b488e551435d2be262e&name=default HTTP/1.1" status: 200 len: 3124 time: 0.2173169
2026-07-14 18:57:19.193 10 INFO neutron.wsgi [None req-e288c663-05d9-48c8-bd00-3182e2ac7161 42c5276c71b348a9abacbf421c309197 ff7e564635fa43fa9e2dc3cdab6453c3 - - default default] 10.0.0.110 "DELETE /v2.0/security-groups/dee28b69-4117-4d91-820a-2cff85c87bc5 HTTP/1.1" status: 204 len: 168 time: 0.2834756
2026-07-14 18:57:19.198 10 INFO neutron.wsgi [None req-ab40af59-303c-469d-9369-41fad0c8b3d9 d2ccc92890a54fa1ba1797d81b8e437c bd9316992cc3415f95f2a2398aa531dd - - default default] 10.0.0.110 "DELETE /v2.0/ports/e584b7b0-6de4-4221-88e0-ef7d2a8834c9 HTTP/1.1" status: 204 len: 168 time: 0.3362091
2026-07-14 18:57:19.607 10 INFO neutron.services.segments.plugin [-] Segment b19100f9-1d13-4751-8796-18f7ad61f7d6 resource provider aggregate not found
2026-07-14 18:57:19.616 10 INFO neutron.services.segments.plugin [-] Segment b19100f9-1d13-4751-8796-18f7ad61f7d6 resource provider aggregate not found
2026-07-14 18:57:19.630 10 INFO neutron.services.segments.plugin [-] Segment b19100f9-1d13-4751-8796-18f7ad61f7d6 resource provider not found; error: Placement Client Error (4xx): {"errors": [{"status": 404, "title": "Not Found", "detail": "The resource could not be found.\n\n No resource provider with uuid b19100f9-1d13-4751-8796-18f7ad61f7d6 found for delete ", "request_id": "req-e59af772-8c29-4851-9ea2-99b00d17fd63"}]}
2026-07-14 18:57:19.634 10 INFO neutron.services.segments.plugin [-] Segment b19100f9-1d13-4751-8796-18f7ad61f7d6 resource provider not found; error: Placement Client Error (4xx): {"errors": [{"status": 404, "title": "Not Found", "detail": "The resource could not be found.\n\n No resource provider with uuid b19100f9-1d13-4751-8796-18f7ad61f7d6 found for delete ", "request_id": "req-1238e92e-9433-4067-81c1-f7b77257d86f"}]}
2026-07-14 18:57:19.651 10 INFO neutron.wsgi [None req-44df4e5d-c614-418e-9002-31f3f3d3020e d2ccc92890a54fa1ba1797d81b8e437c bd9316992cc3415f95f2a2398aa531dd - - default default] 10.0.0.110 "DELETE /v2.0/networks/7b70822d-fb22-4ddd-a266-cdeba6ea2193 HTTP/1.1" status: 204 len: 168 time: 0.4489903
2026-07-14 18:57:20.036 9 INFO neutron.services.segments.plugin [-] Segment 77e5000f-0048-4df5-9de4-9e15711aa12c resource provider aggregate not found
2026-07-14 18:57:20.043 9 INFO neutron.services.segments.plugin [-] Segment 77e5000f-0048-4df5-9de4-9e15711aa12c resource provider aggregate not found
2026-07-14 18:57:20.059 9 INFO neutron.services.segments.plugin [-] Segment 77e5000f-0048-4df5-9de4-9e15711aa12c resource provider not found; error: Placement Client Error (4xx): {"errors": [{"status": 404, "title": "Not Found", "detail": "The resource could not be found.\n\n No resource provider with uuid 77e5000f-0048-4df5-9de4-9e15711aa12c found for delete ", "request_id": "req-59fd2f88-4260-48eb-8a46-5d2cc08d78c8"}]}
2026-07-14 18:57:20.062 9 INFO neutron.services.segments.plugin [-] Segment 77e5000f-0048-4df5-9de4-9e15711aa12c resource provider not found; error: Placement Client Error (4xx): {"errors": [{"status": 404, "title": "Not Found", "detail": "The resource could not be found.\n\n No resource provider with uuid 77e5000f-0048-4df5-9de4-9e15711aa12c found for delete ", "request_id": "req-a1e368ac-a57f-4bf8-a892-d1de7a1dce30"}]}
2026-07-14 18:57:20.069 9 INFO neutron.wsgi [None req-b20b4956-8e9f-4cb4-84ae-7fb5edeafe0c d2ccc92890a54fa1ba1797d81b8e437c bd9316992cc3415f95f2a2398aa531dd - - default default] 10.0.0.110 "DELETE /v2.0/networks/eed26cc9-1023-4dd6-904e-0fb8659b9cac HTTP/1.1" status: 204 len: 168 time: 0.4126625
2026-07-14 18:57:20.109 9 INFO neutron.wsgi [-] 10.0.0.139 "GET / HTTP/1.1" status: 200 len: 247 time: 0.0026584
2026-07-14 18:57:20.112 9 INFO neutron.wsgi [-] 10.0.0.139 "GET / HTTP/1.1" status: 200 len: 247 time: 0.0021110
2026-07-14 18:57:20.473 10 INFO neutron.wsgi [None req-735e6e49-de9a-48b4-b42b-e0491c5f65cd d2ccc92890a54fa1ba1797d81b8e437c bd9316992cc3415f95f2a2398aa531dd - - default default] 10.0.0.110 "DELETE /v2.0/networks/a93ee6e3-9f2b-4720-a63f-ba446b7b6f5d HTTP/1.1" status: 204 len: 168 time: 0.3993340
2026-07-14 18:57:20.877 10 INFO neutron.wsgi [None req-600dbfcc-15fd-4022-bebf-a2373e985c7c d2ccc92890a54fa1ba1797d81b8e437c bd9316992cc3415f95f2a2398aa531dd - - default default] 10.0.0.110 "DELETE /v2.0/networks/7711afbf-4c30-48a9-b509-29305358988a HTTP/1.1" status: 204 len: 168 time: 0.3962629
2026-07-14 18:57:21.304 9 INFO neutron.wsgi [None req-e89e3138-5e03-4194-9227-6104f9ac548d d2ccc92890a54fa1ba1797d81b8e437c bd9316992cc3415f95f2a2398aa531dd - - default default] 10.0.0.110 "DELETE /v2.0/networks/218208a7-1e00-429f-8534-3f513458db74 HTTP/1.1" status: 204 len: 168 time: 0.4115820
2026-07-14 18:57:21.653 10 INFO neutron.services.segments.plugin [-] Segment 10e7b482-cf98-4010-be5c-956420be1379 resource provider aggregate not found
2026-07-14 18:57:21.660 10 INFO neutron.services.segments.plugin [-] Segment 10e7b482-cf98-4010-be5c-956420be1379 resource provider aggregate not found
2026-07-14 18:57:21.674 10 INFO neutron.services.segments.plugin [-] Segment 10e7b482-cf98-4010-be5c-956420be1379 resource provider not found; error: Placement Client Error (4xx): {"errors": [{"status": 404, "title": "Not Found", "detail": "The resource could not be found.\n\n No resource provider with uuid 10e7b482-cf98-4010-be5c-956420be1379 found for delete ", "request_id": "req-6efefbd3-2674-4c39-9a35-b49fac417ce3"}]}
2026-07-14 18:57:21.679 10 INFO neutron.services.segments.plugin [-] Segment 10e7b482-cf98-4010-be5c-956420be1379 resource provider not found; error: Placement Client Error (4xx): {"errors": [{"status": 404, "title": "Not Found", "detail": "The resource could not be found.\n\n No resource provider with uuid 10e7b482-cf98-4010-be5c-956420be1379 found for delete ", "request_id": "req-8503f59e-72dd-41f7-bef0-561b5a978205"}]}
2026-07-14 18:57:21.688 10 INFO neutron.services.segments.plugin [-] Segment f6ade45a-196a-4782-beb9-41c31bdd209c resource provider aggregate not found
2026-07-14 18:57:21.695 10 INFO neutron.services.segments.plugin [-] Segment f6ade45a-196a-4782-beb9-41c31bdd209c resource provider aggregate not found
2026-07-14 18:57:21.699 10 INFO neutron.services.segments.plugin [-] Segment f6ade45a-196a-4782-beb9-41c31bdd209c resource provider not found; error: Placement Client Error (4xx): {"errors": [{"status": 404, "title": "Not Found", "detail": "The resource could not be found.\n\n No resource provider with uuid f6ade45a-196a-4782-beb9-41c31bdd209c found for delete ", "request_id": "req-64d29696-7dd0-4a53-9659-1d58a3a3f526"}]}
2026-07-14 18:57:21.712 10 INFO neutron.services.segments.plugin [-] Segment f6ade45a-196a-4782-beb9-41c31bdd209c resource provider not found; error: Placement Client Error (4xx): {"errors": [{"status": 404, "title": "Not Found", "detail": "The resource could not be found.\n\n No resource provider with uuid f6ade45a-196a-4782-beb9-41c31bdd209c found for delete ", "request_id": "req-a2547af5-584a-44d5-ae84-9bfd91251463"}]}
2026-07-14 18:57:22.080 9 INFO neutron.services.segments.plugin [-] Segment 178f34f1-413a-4b3a-bc22-66c914c52ad5 resource provider aggregate not found
2026-07-14 18:57:22.093 9 INFO neutron.services.segments.plugin [-] Segment 178f34f1-413a-4b3a-bc22-66c914c52ad5 resource provider aggregate not found
2026-07-14 18:57:22.114 9 INFO neutron.services.segments.plugin [-] Segment 178f34f1-413a-4b3a-bc22-66c914c52ad5 resource provider not found; error: Placement Client Error (4xx): {"errors": [{"status": 404, "title": "Not Found", "detail": "The resource could not be found.\n\n No resource provider with uuid 178f34f1-413a-4b3a-bc22-66c914c52ad5 found for delete ", "request_id": "req-ec6984f7-78fb-4b3f-874e-735ca8183b62"}]}
2026-07-14 18:57:22.130 9 INFO neutron.services.segments.plugin [-] Segment 178f34f1-413a-4b3a-bc22-66c914c52ad5 resource provider not found; error: Placement Client Error (4xx): {"errors": [{"status": 404, "title": "Not Found", "detail": "The resource could not be found.\n\n No resource provider with uuid 178f34f1-413a-4b3a-bc22-66c914c52ad5 found for delete ", "request_id": "req-e43e2966-2488-469c-a52c-665a194a459e"}]}
2026-07-14 18:57:22.589 10 INFO neutron.db.ovn_revision_numbers_db [None req-491fe246-1f49-4358-b885-fccba35dedda 42c5276c71b348a9abacbf421c309197 ff7e564635fa43fa9e2dc3cdab6453c3 - - default default] Successfully bumped revision number for resource d0644aaf-b6de-4aee-9812-38c4c7345f79 (type: security_groups) to 1
2026-07-14 18:57:22.617 10 INFO neutron.db.ovn_revision_numbers_db [None req-491fe246-1f49-4358-b885-fccba35dedda 42c5276c71b348a9abacbf421c309197 ff7e564635fa43fa9e2dc3cdab6453c3 - - default default] Successfully bumped revision number for resource 23bef2e2-bdcc-4893-a145-bce11573c2b3 (type: security_group_rules) to 0
2026-07-14 18:57:22.639 10 INFO neutron.db.ovn_revision_numbers_db [None req-491fe246-1f49-4358-b885-fccba35dedda 42c5276c71b348a9abacbf421c309197 ff7e564635fa43fa9e2dc3cdab6453c3 - - default default] Successfully bumped revision number for resource 318dbc49-d3cc-42a1-8803-342730fa6cec (type: security_group_rules) to 0
2026-07-14 18:57:22.666 10 INFO neutron.db.ovn_revision_numbers_db [None req-491fe246-1f49-4358-b885-fccba35dedda 42c5276c71b348a9abacbf421c309197 ff7e564635fa43fa9e2dc3cdab6453c3 - - default default] Successfully bumped revision number for resource 8ee680d6-17c2-45f4-a7d3-22339d5e6c4a (type: security_group_rules) to 0
2026-07-14 18:57:22.689 10 INFO neutron.db.ovn_revision_numbers_db [None req-491fe246-1f49-4358-b885-fccba35dedda 42c5276c71b348a9abacbf421c309197 ff7e564635fa43fa9e2dc3cdab6453c3 - - default default] Successfully bumped revision number for resource af90a612-d862-4079-b533-6c94905caeb9 (type: security_group_rules) to 0
2026-07-14 18:57:22.713 10 INFO neutron.wsgi [None req-ae02afce-6e44-4d45-baba-ddfd2da03bc5 7b181f73f49d4ebc940c00a4dcc4f78c 946654f6beed455cbe2a27397c5e5efe - - default default] 10.0.0.110 "POST /v2.0/qos/policies HTTP/1.1" status: 201 len: 558 time: 0.1027215
2026-07-14 18:57:22.721 10 INFO neutron.wsgi [None req-491fe246-1f49-4358-b885-fccba35dedda 42c5276c71b348a9abacbf421c309197 ff7e564635fa43fa9e2dc3cdab6453c3 - - default default] 10.0.0.110 "GET /v2.0/security-groups?tenant_id=c4d8969404c5410395cde0187dc455de&name=default HTTP/1.1" status: 200 len: 3124 time: 0.4439924
2026-07-14 18:57:22.763 9 INFO neutron.wsgi [None req-faa9dc5d-e757-4143-a0b3-aab933c045fa 7b181f73f49d4ebc940c00a4dcc4f78c 946654f6beed455cbe2a27397c5e5efe - - default default] 10.0.0.110 "PUT /v2.0/policies/8bbf026d-b00f-4ef8-9801-30185818c794/tags HTTP/1.1" status: 200 len: 218 time: 0.0434000
2026-07-14 18:57:22.787 9 INFO neutron.wsgi [None req-e98fa74a-c1e0-4c2a-baaf-fd1c90b88e67 7b181f73f49d4ebc940c00a4dcc4f78c 946654f6beed455cbe2a27397c5e5efe - - default default] 10.0.0.110 "GET /v2.0/policies/8bbf026d-b00f-4ef8-9801-30185818c794/tags HTTP/1.1" status: 200 len: 218 time: 0.0165324
2026-07-14 18:57:22.822 9 INFO neutron.wsgi [None req-19f3b2b6-e699-4cdb-bc62-b127807c8a6e 7b181f73f49d4ebc940c00a4dcc4f78c 946654f6beed455cbe2a27397c5e5efe - - default default] 10.0.0.110 "PUT /v2.0/policies/8bbf026d-b00f-4ef8-9801-30185818c794/tags/green HTTP/1.1" status: 201 len: 201 time: 0.0295701
2026-07-14 18:57:22.844 9 INFO neutron.wsgi [None req-62a00d29-dd4f-4cb6-bab6-1743c046a300 7b181f73f49d4ebc940c00a4dcc4f78c 946654f6beed455cbe2a27397c5e5efe - - default default] 10.0.0.110 "GET /v2.0/policies/8bbf026d-b00f-4ef8-9801-30185818c794/tags HTTP/1.1" status: 200 len: 227 time: 0.0170443
2026-07-14 18:57:22.857 10 INFO neutron.wsgi [None req-64cae60e-f407-4726-ad58-a4d72a9bc2a8 d56d5dffa30748279ff9acb681f2f9db cd4b93fa916e4406850ab1ca08e249c2 - - default default] 10.0.0.110 "GET /v2.0/subnets/6dd549bf-cb12-44c8-a8d7-6d07d5750b5a HTTP/1.1" status: 200 len: 846 time: 0.0442696
2026-07-14 18:57:22.867 9 INFO neutron.wsgi [None req-7d098280-82d2-4e77-95e3-ba7f4f3a3cd7 7b181f73f49d4ebc940c00a4dcc4f78c 946654f6beed455cbe2a27397c5e5efe - - default default] 10.0.0.110 "PUT /v2.0/policies/8bbf026d-b00f-4ef8-9801-30185818c794/tags/red HTTP/1.1" status: 201 len: 201 time: 0.0182877
2026-07-14 18:57:22.906 10 INFO neutron.wsgi [None req-0e5c1ebb-87bc-4da6-ae25-1d04ed58e167 7b181f73f49d4ebc940c00a4dcc4f78c 946654f6beed455cbe2a27397c5e5efe - - default default] 10.0.0.110 "GET /v2.0/policies/8bbf026d-b00f-4ef8-9801-30185818c794/tags HTTP/1.1" status: 200 len: 227 time: 0.0336432
2026-07-14 18:57:22.949 10 INFO neutron.wsgi [None req-8ea894a7-7ca6-4012-88c9-eec61cfb84c7 7b181f73f49d4ebc940c00a4dcc4f78c 946654f6beed455cbe2a27397c5e5efe - - default default] 10.0.0.110 "PUT /v2.0/policies/8bbf026d-b00f-4ef8-9801-30185818c794/tags/black.or.white HTTP/1.1" status: 201 len: 201 time: 0.0380504
2026-07-14 18:57:22.972 9 INFO neutron.wsgi [None req-ff9b228e-3c00-4679-ac8a-572ab2fc6fa9 7b181f73f49d4ebc940c00a4dcc4f78c 946654f6beed455cbe2a27397c5e5efe - - default default] 10.0.0.110 "GET /v2.0/policies/8bbf026d-b00f-4ef8-9801-30185818c794/tags HTTP/1.1" status: 200 len: 245 time: 0.0178831
2026-07-14 18:57:23.004 10 INFO neutron.wsgi [None req-d01fa07d-e142-4b52-8bf8-9166f28bf3cf 42c5276c71b348a9abacbf421c309197 ff7e564635fa43fa9e2dc3cdab6453c3 - - default default] 10.0.0.110 "DELETE /v2.0/security-groups/d0644aaf-b6de-4aee-9812-38c4c7345f79 HTTP/1.1" status: 204 len: 168 time: 0.2779350
2026-07-14 18:57:23.013 9 INFO neutron.wsgi [None req-0ac4a54c-b052-45a2-b894-d03c27e584e4 7b181f73f49d4ebc940c00a4dcc4f78c 946654f6beed455cbe2a27397c5e5efe - - default default] 10.0.0.110 "PUT /v2.0/policies/8bbf026d-b00f-4ef8-9801-30185818c794/tags HTTP/1.1" status: 200 len: 230 time: 0.0365782
2026-07-14 18:57:23.034 9 INFO neutron.wsgi [None req-020115ac-15f2-41da-a985-7f4b179e0584 7b181f73f49d4ebc940c00a4dcc4f78c 946654f6beed455cbe2a27397c5e5efe - - default default] 10.0.0.110 "GET /v2.0/policies/8bbf026d-b00f-4ef8-9801-30185818c794/tags HTTP/1.1" status: 200 len: 230 time: 0.0184336
2026-07-14 18:57:23.057 9 INFO neutron.wsgi [None req-bfa1f535-04a1-4aed-a923-991a6dc40609 7b181f73f49d4ebc940c00a4dcc4f78c 946654f6beed455cbe2a27397c5e5efe - - default default] 10.0.0.110 "GET /v2.0/policies/8bbf026d-b00f-4ef8-9801-30185818c794/tags/red HTTP/1.1" status: 204 len: 168 time: 0.0174658
2026-07-14 18:57:23.085 9 INFO neutron.api.v2.resource [None req-fabbba35-4107-4fff-9f26-7e620a3ec2aa 7b181f73f49d4ebc940c00a4dcc4f78c 946654f6beed455cbe2a27397c5e5efe - - default default] show failed (client error): The resource could not be found.
2026-07-14 18:57:23.086 9 INFO neutron.wsgi [None req-fabbba35-4107-4fff-9f26-7e620a3ec2aa 7b181f73f49d4ebc940c00a4dcc4f78c 946654f6beed455cbe2a27397c5e5efe - - default default] 10.0.0.110 "GET /v2.0/policies/8bbf026d-b00f-4ef8-9801-30185818c794/tags/green HTTP/1.1" status: 404 len: 299 time: 0.0235832
2026-07-14 18:57:23.140 10 INFO neutron.wsgi [None req-26eaabbf-609e-4f99-bd9f-7e6d80cfe2bc 7b181f73f49d4ebc940c00a4dcc4f78c 946654f6beed455cbe2a27397c5e5efe - - default default] 10.0.0.110 "DELETE /v2.0/policies/8bbf026d-b00f-4ef8-9801-30185818c794/tags/red HTTP/1.1" status: 204 len: 168 time: 0.0477140
2026-07-14 18:57:23.159 10 INFO neutron.wsgi [None req-83044bae-33e4-48ef-90b6-91977af30d8c 42c5276c71b348a9abacbf421c309197 ff7e564635fa43fa9e2dc3cdab6453c3 - - default default] 10.0.0.110 "GET /v2.0/security-groups?tenant_id=bd9316992cc3415f95f2a2398aa531dd&name=default HTTP/1.1" status: 200 len: 3124 time: 0.0516887
2026-07-14 18:57:23.168 10 INFO neutron.wsgi [None req-204fbbc9-0daa-4a26-b41f-ce6943b9b329 7b181f73f49d4ebc940c00a4dcc4f78c 946654f6beed455cbe2a27397c5e5efe - - default default] 10.0.0.110 "GET /v2.0/policies/8bbf026d-b00f-4ef8-9801-30185818c794/tags HTTP/1.1" status: 200 len: 223 time: 0.0216162
2026-07-14 18:57:23.210 9 INFO neutron.api.v2.resource [None req-93bcad25-5a41-4b4d-a233-e66fd86e5333 7b181f73f49d4ebc940c00a4dcc4f78c 946654f6beed455cbe2a27397c5e5efe - - default default] delete failed (client error): The resource could not be found.
2026-07-14 18:57:23.212 9 INFO neutron.wsgi [None req-93bcad25-5a41-4b4d-a233-e66fd86e5333 7b181f73f49d4ebc940c00a4dcc4f78c 946654f6beed455cbe2a27397c5e5efe - - default default] 10.0.0.110 "DELETE /v2.0/policies/8bbf026d-b00f-4ef8-9801-30185818c794/tags/green HTTP/1.1" status: 404 len: 299 time: 0.0388548
2026-07-14 18:57:23.253 9 INFO neutron.wsgi [None req-75a77e7c-bc8b-4ed5-8094-5a58ec15e874 7b181f73f49d4ebc940c00a4dcc4f78c 946654f6beed455cbe2a27397c5e5efe - - default default] 10.0.0.110 "DELETE /v2.0/policies/8bbf026d-b00f-4ef8-9801-30185818c794/tags HTTP/1.1" status: 204 len: 168 time: 0.0364616
2026-07-14 18:57:23.276 10 INFO neutron.wsgi [None req-6981b613-b890-4e38-acef-b018ab7ac87a 7b181f73f49d4ebc940c00a4dcc4f78c 946654f6beed455cbe2a27397c5e5efe - - default default] 10.0.0.110 "GET /v2.0/policies/8bbf026d-b00f-4ef8-9801-30185818c794/tags HTTP/1.1" status: 200 len: 205 time: 0.0180550
2026-07-14 18:57:23.334 10 INFO neutron.wsgi [None req-7049030c-906e-49bf-bac0-2b889c7156b2 7b181f73f49d4ebc940c00a4dcc4f78c 946654f6beed455cbe2a27397c5e5efe - - default default] 10.0.0.110 "DELETE /v2.0/qos/policies/8bbf026d-b00f-4ef8-9801-30185818c794 HTTP/1.1" status: 204 len: 168 time: 0.0538394
2026-07-14 18:57:23.439 9 INFO neutron.wsgi [None req-3c5a56c5-aa0f-433b-a05c-118a2d86bbad 42c5276c71b348a9abacbf421c309197 ff7e564635fa43fa9e2dc3cdab6453c3 - - default default] 10.0.0.110 "DELETE /v2.0/security-groups/bac603e7-5cc0-453d-a63c-54a7c1a65abd HTTP/1.1" status: 204 len: 168 time: 0.2754114
2026-07-14 18:57:23.706 9 INFO neutron.db.ovn_revision_numbers_db [None req-17579c34-e9ee-4c56-8678-cc49a583a7a6 42c5276c71b348a9abacbf421c309197 ff7e564635fa43fa9e2dc3cdab6453c3 - - default default] Successfully bumped revision number for resource 04476df2-4210-4319-bfa3-dc3f2a356b93 (type: security_groups) to 1
2026-07-14 18:57:23.724 9 INFO neutron.db.ovn_revision_numbers_db [None req-17579c34-e9ee-4c56-8678-cc49a583a7a6 42c5276c71b348a9abacbf421c309197 ff7e564635fa43fa9e2dc3cdab6453c3 - - default default] Successfully bumped revision number for resource 5f71a37c-e573-42a1-ba91-8d55be4c267a (type: security_group_rules) to 0
2026-07-14 18:57:23.742 9 INFO neutron.db.ovn_revision_numbers_db [None req-17579c34-e9ee-4c56-8678-cc49a583a7a6 42c5276c71b348a9abacbf421c309197 ff7e564635fa43fa9e2dc3cdab6453c3 - - default default] Successfully bumped revision number for resource 7575f961-242e-455d-a21e-ca74cb2aec84 (type: security_group_rules) to 0
2026-07-14 18:57:23.757 9 INFO neutron.db.ovn_revision_numbers_db [None req-17579c34-e9ee-4c56-8678-cc49a583a7a6 42c5276c71b348a9abacbf421c309197 ff7e564635fa43fa9e2dc3cdab6453c3 - - default default] Successfully bumped revision number for resource 8c03db41-8dde-4a40-9f8a-462e9310fbbe (type: security_group_rules) to 0
2026-07-14 18:57:23.769 9 INFO neutron.db.ovn_revision_numbers_db [None req-17579c34-e9ee-4c56-8678-cc49a583a7a6 42c5276c71b348a9abacbf421c309197 ff7e564635fa43fa9e2dc3cdab6453c3 - - default default] Successfully bumped revision number for resource f70738c6-dbd5-4b58-afb6-e96ff1c58325 (type: security_group_rules) to 0
2026-07-14 18:57:23.787 9 INFO neutron.wsgi [None req-17579c34-e9ee-4c56-8678-cc49a583a7a6 42c5276c71b348a9abacbf421c309197 ff7e564635fa43fa9e2dc3cdab6453c3 - - default default] 10.0.0.110 "GET /v2.0/security-groups?tenant_id=948c1f00f846453d82df4feecafce4b8&name=default HTTP/1.1" status: 200 len: 3124 time: 0.2162237
2026-07-14 18:57:23.942 10 INFO neutron.wsgi [None req-ec41192e-82ad-4c94-b72c-f2fce28dd56e 42c5276c71b348a9abacbf421c309197 ff7e564635fa43fa9e2dc3cdab6453c3 - - default default] 10.0.0.117 "GET /v2.0/extensions/security-group HTTP/1.1" status: 200 len: 369 time: 0.1778107
2026-07-14 18:57:23.955 10 INFO neutron.wsgi [None req-8b967052-f5b7-4af5-a3bd-72bc8adc24ba 42c5276c71b348a9abacbf421c309197 ff7e564635fa43fa9e2dc3cdab6453c3 - - default default] 10.0.0.117 "GET /v2.0/extensions/dns-integration HTTP/1.1" status: 200 len: 371 time: 0.0065050
2026-07-14 18:57:23.964 10 INFO neutron.wsgi [None req-246037cd-72f8-4c2e-abb7-06fb23c28776 42c5276c71b348a9abacbf421c309197 ff7e564635fa43fa9e2dc3cdab6453c3 - - default default] 10.0.0.117 "GET /v2.0/extensions/qos HTTP/1.1" status: 200 len: 365 time: 0.0041418
2026-07-14 18:57:23.977 10 INFO neutron.wsgi [None req-e8c07e8e-4215-42ea-bfb0-a8b16d1822f0 42c5276c71b348a9abacbf421c309197 ff7e564635fa43fa9e2dc3cdab6453c3 - - default default] 10.0.0.117 "GET /v2.0/extensions/allowed-address-pairs HTTP/1.1" status: 200 len: 383 time: 0.0047395
2026-07-14 18:57:24.180 10 INFO neutron.db.ovn_revision_numbers_db [None req-5f4b795c-925c-4bfa-9b04-450480a1c811 42c5276c71b348a9abacbf421c309197 ff7e564635fa43fa9e2dc3cdab6453c3 - - default default] Successfully bumped revision number for resource 47013ffb-052e-4755-8693-fd9408f19ab0 (type: security_groups) to 1
2026-07-14 18:57:24.197 10 INFO neutron.wsgi [None req-9f22ec98-475b-4ca4-b5c4-96a16c70a96e 42c5276c71b348a9abacbf421c309197 ff7e564635fa43fa9e2dc3cdab6453c3 - - default default] 10.0.0.110 "DELETE /v2.0/security-groups/04476df2-4210-4319-bfa3-dc3f2a356b93 HTTP/1.1" status: 204 len: 168 time: 0.2852392
2026-07-14 18:57:24.205 10 INFO neutron.db.ovn_revision_numbers_db [None req-5f4b795c-925c-4bfa-9b04-450480a1c811 42c5276c71b348a9abacbf421c309197 ff7e564635fa43fa9e2dc3cdab6453c3 - - default default] Successfully bumped revision number for resource 90f49d60-b661-44dd-959a-ceaaa06d3f3a (type: security_group_rules) to 0
2026-07-14 18:57:24.220 10 INFO neutron.db.ovn_revision_numbers_db [None req-5f4b795c-925c-4bfa-9b04-450480a1c811 42c5276c71b348a9abacbf421c309197 ff7e564635fa43fa9e2dc3cdab6453c3 - - default default] Successfully bumped revision number for resource b32e6fae-a187-4c1b-ab49-e9d703d77b30 (type: security_group_rules) to 0
2026-07-14 18:57:24.238 10 INFO neutron.db.ovn_revision_numbers_db [None req-5f4b795c-925c-4bfa-9b04-450480a1c811 42c5276c71b348a9abacbf421c309197 ff7e564635fa43fa9e2dc3cdab6453c3 - - default default] Successfully bumped revision number for resource d5dcaecd-aba2-4c39-8a2e-ad14522db1cd (type: security_group_rules) to 0
2026-07-14 18:57:24.256 10 INFO neutron.db.ovn_revision_numbers_db [None req-5f4b795c-925c-4bfa-9b04-450480a1c811 42c5276c71b348a9abacbf421c309197 ff7e564635fa43fa9e2dc3cdab6453c3 - - default default] Successfully bumped revision number for resource d7916bf8-47f2-4459-ad6f-317694060d87 (type: security_group_rules) to 0
2026-07-14 18:57:24.279 10 INFO neutron.wsgi [None req-5f4b795c-925c-4bfa-9b04-450480a1c811 42c5276c71b348a9abacbf421c309197 ff7e564635fa43fa9e2dc3cdab6453c3 - - default default] 10.0.0.110 "GET /v2.0/security-groups?tenant_id=4046cea1749347a584ba9a15e3114aff&name=default HTTP/1.1" status: 200 len: 3124 time: 0.2826607
2026-07-14 18:57:24.560 9 INFO neutron.wsgi [None req-a30f3da1-dce7-439c-a552-3d7448748607 42c5276c71b348a9abacbf421c309197 ff7e564635fa43fa9e2dc3cdab6453c3 - - default default] 10.0.0.110 "DELETE /v2.0/security-groups/47013ffb-052e-4755-8693-fd9408f19ab0 HTTP/1.1" status: 204 len: 168 time: 0.2753685
2026-07-14 18:57:24.621 9 INFO neutron.wsgi [-] 10.0.0.117 "GET / HTTP/1.1" status: 200 len: 284 time: 0.0024447
2026-07-14 18:57:24.677 9 INFO neutron.wsgi [None req-617e2285-49dd-4fd2-b3a1-ab7e34a5f847 0354982e02b5467aaac480057aa616f9 ecf48c17b60e4dd9a03d745c08490db4 - - default default] 10.0.0.117 "GET /v2.0/subnets/6dd549bf-cb12-44c8-a8d7-6d07d5750b5a HTTP/1.1" status: 200 len: 833 time: 0.0402813
2026-07-14 18:57:24.693 10 INFO neutron.wsgi [None req-972fc48e-5015-422c-9c84-8f33e85e9e85 42c5276c71b348a9abacbf421c309197 ff7e564635fa43fa9e2dc3cdab6453c3 - - default default] 10.0.0.117 "GET /v2.0/extensions/security-group HTTP/1.1" status: 200 len: 369 time: 0.0072095
2026-07-14 18:57:24.704 10 INFO neutron.wsgi [None req-15136aaf-4d90-47f0-bc8a-b5cd002844c5 42c5276c71b348a9abacbf421c309197 ff7e564635fa43fa9e2dc3cdab6453c3 - - default default] 10.0.0.117 "GET /v2.0/extensions/dns-integration HTTP/1.1" status: 200 len: 371 time: 0.0049655
2026-07-14 18:57:24.712 10 INFO neutron.wsgi [None req-402b2ce0-fbd9-43ef-b74b-55c777bb74c6 42c5276c71b348a9abacbf421c309197 ff7e564635fa43fa9e2dc3cdab6453c3 - - default default] 10.0.0.117 "GET /v2.0/extensions/qos HTTP/1.1" status: 200 len: 365 time: 0.0044038
2026-07-14 18:57:24.724 10 INFO neutron.wsgi [None req-4be26c38-bef6-4564-8ca8-4ce06e118d26 42c5276c71b348a9abacbf421c309197 ff7e564635fa43fa9e2dc3cdab6453c3 - - default default] 10.0.0.117 "GET /v2.0/extensions/allowed-address-pairs HTTP/1.1" status: 200 len: 383 time: 0.0053763
2026-07-14 18:57:24.772 10 INFO neutron.wsgi [None req-ef64c300-54d0-4b69-9fa5-b66f6654e5fb 42c5276c71b348a9abacbf421c309197 ff7e564635fa43fa9e2dc3cdab6453c3 - - default default] 10.0.0.117 "GET /v2.0/subnets/6dd549bf-cb12-44c8-a8d7-6d07d5750b5a HTTP/1.1" status: 200 len: 851 time: 0.0383096
2026-07-14 18:57:24.859 10 INFO neutron.db.ovn_revision_numbers_db [None req-a9643d12-562b-43cb-99ce-f6f4ada1c072 42c5276c71b348a9abacbf421c309197 ff7e564635fa43fa9e2dc3cdab6453c3 - - default default] Successfully bumped revision number for resource d8a9413c-5df7-4c4a-9e15-63e999b401fb (type: security_groups) to 1
2026-07-14 18:57:24.871 10 INFO neutron.wsgi [None req-f1146f8b-c653-4db8-b159-f43b02f85cdb 42c5276c71b348a9abacbf421c309197 ff7e564635fa43fa9e2dc3cdab6453c3 - - default default] 10.0.0.117 "GET /v2.0/extensions/security-group HTTP/1.1" status: 200 len: 369 time: 0.0077245
2026-07-14 18:57:24.880 10 INFO neutron.wsgi [None req-bae1c216-e4af-4b91-85d4-f45f6878de2c 42c5276c71b348a9abacbf421c309197 ff7e564635fa43fa9e2dc3cdab6453c3 - - default default] 10.0.0.117 "GET /v2.0/extensions/dns-integration HTTP/1.1" status: 200 len: 371 time: 0.0045197
