2026-07-14 18:54:04.506 10 WARNING neutron.api.rpc.agentnotifiers.dhcp_rpc_agent_api [None req-32d1a691-e687-4306-9d6f-6775398f0df2 531fea6437b0498d8b9710a3522dbbb3 95812c4971b24952bfb00f853360501f - - default default] Unable to schedule network 9f62387e-cd05-48a9-a2fd-b1e49d122e1a: no agents available; will retry on subsequent port and subnet creation events.
2026-07-14 18:54:04.606 9 INFO neutron.wsgi [None req-2badff39-b9aa-448b-aaf2-8ac5244bd9e5 42c5276c71b348a9abacbf421c309197 ff7e564635fa43fa9e2dc3cdab6453c3 - - default default] 10.0.0.110 "DELETE /v2.0/security-groups/2ee02952-fef9-44a2-b6cc-4805209fdc78 HTTP/1.1" status: 204 len: 168 time: 0.2738237
2026-07-14 18:54:04.637 10 INFO neutron.db.ovn_revision_numbers_db [None req-68f97aa8-0195-4ef2-b4fe-59f2e526e5a2 - - - - - -] Successfully bumped revision number for resource 1e85d555-fa25-439d-9987-88296cd170cb (type: ports) to 4
2026-07-14 18:54:04.859 10 INFO neutron.db.ovn_revision_numbers_db [None req-32d1a691-e687-4306-9d6f-6775398f0df2 531fea6437b0498d8b9710a3522dbbb3 95812c4971b24952bfb00f853360501f - - default default] Successfully bumped revision number for resource 0439d9b5-4806-4563-bab6-62dc12ed1301 (type: router_ports) to 3
2026-07-14 18:54:04.866 10 INFO neutron.wsgi [None req-32d1a691-e687-4306-9d6f-6775398f0df2 531fea6437b0498d8b9710a3522dbbb3 95812c4971b24952bfb00f853360501f - - default default] 10.0.0.110 "PUT /v2.0/routers/a42c9845-0f6e-451e-86b1-b6211d67f227/add_router_interface HTTP/1.1" status: 200 len: 503 time: 4.7259493
2026-07-14 18:54:05.036 9 INFO neutron.wsgi [None req-5b486610-d0e9-406e-a20c-3f1d6e1563a1 42c5276c71b348a9abacbf421c309197 ff7e564635fa43fa9e2dc3cdab6453c3 - - default default] 10.0.0.110 "GET /v2.0/security-groups?tenant_id=036d52029bf443d6bfd3b41710cd9746&name=default HTTP/1.1" status: 200 len: 3120 time: 0.2157490
2026-07-14 18:54:05.039 10 INFO neutron.wsgi [None req-3a433a67-1ca0-487c-a607-b88b6f5f0253 531fea6437b0498d8b9710a3522dbbb3 95812c4971b24952bfb00f853360501f - - default default] 10.0.0.110 "GET /v2.0/ports/0439d9b5-4806-4563-bab6-62dc12ed1301 HTTP/1.1" status: 200 len: 1205 time: 0.1663749
2026-07-14 18:54:05.108 10 INFO neutron.wsgi [-] 10.0.0.139 "GET / HTTP/1.1" status: 200 len: 247 time: 0.0015044
2026-07-14 18:54:05.110 10 INFO neutron.wsgi [-] 10.0.0.139 "GET / HTTP/1.1" status: 200 len: 247 time: 0.0011480
2026-07-14 18:54:05.135 10 INFO neutron.db.ovn_revision_numbers_db [None req-68f97aa8-0195-4ef2-b4fe-59f2e526e5a2 - - - - - -] Successfully bumped revision number for resource 1e85d555-fa25-439d-9987-88296cd170cb (type: router_ports) to 4
2026-07-14 18:54:05.235 10 INFO neutron.db.ovn_revision_numbers_db [None req-932395a7-8239-4253-bfe7-810a3da0f7d2 42c5276c71b348a9abacbf421c309197 ff7e564635fa43fa9e2dc3cdab6453c3 - - default default] Successfully bumped revision number for resource cbeb128c-eb82-46a9-ab26-f594ff4b432f (type: router_ports) to 1
2026-07-14 18:54:05.244 10 INFO neutron.wsgi [None req-932395a7-8239-4253-bfe7-810a3da0f7d2 42c5276c71b348a9abacbf421c309197 ff7e564635fa43fa9e2dc3cdab6453c3 - - default default] 10.0.0.110 "PUT /v2.0/routers/8abf8c24-e9eb-4c21-affe-63bbb12e6794/add_router_interface HTTP/1.1" status: 200 len: 503 time: 5.5518897
2026-07-14 18:54:05.511 9 INFO neutron.wsgi [None req-21c7cc95-5d6a-4a9a-bdcd-70f6ed8c2adc 42c5276c71b348a9abacbf421c309197 ff7e564635fa43fa9e2dc3cdab6453c3 - - default default] 10.0.0.110 "DELETE /v2.0/security-groups/ef8cfc8e-709f-4603-a666-6c3f5c48dc09 HTTP/1.1" status: 204 len: 168 time: 0.4687760
2026-07-14 18:54:05.951 10 WARNING neutron_lib.context [None req-315da89e-4bf2-4f8a-9a10-51df5d16bc8a 1fa58e055fdc46a98ee3627bd65f5a34 929807330ec84ad897dc573f4eb278b8 - - default default] Method 'is_advsvc' is deprecated since 2023.2 release (neutron-lib 3.8.0) and will be removed once support for the old RBAC API policies will be removed from Neutron. Please use method 'is_service_role' instead.
2026-07-14 18:54:05.975 9 INFO neutron.wsgi [None req-78bdf025-96d0-4625-87a5-92851cfa6b4d 531fea6437b0498d8b9710a3522dbbb3 95812c4971b24952bfb00f853360501f - - default default] 10.0.0.110 "PUT /v2.0/routers/a42c9845-0f6e-451e-86b1-b6211d67f227/remove_router_interface HTTP/1.1" status: 200 len: 503 time: 0.9244382 /var/lib/openstack/lib/python3.10/site-packages/pycadf/identifier.py:71: UserWarning: Invalid uuid: neutron. To ensure interoperability, identifiers should be a valid uuid. warnings.warn(('Invalid uuid: %s. To ensure interoperability, '
2026-07-14 18:54:06.054 9 INFO neutron.api.v2.resource [None req-5356956d-7415-4cee-8326-2d9f0ace23a4 531fea6437b0498d8b9710a3522dbbb3 95812c4971b24952bfb00f853360501f - - default default] remove_router_interface failed (client error): The resource could not be found.
2026-07-14 18:54:06.055 9 INFO neutron.wsgi [None req-5356956d-7415-4cee-8326-2d9f0ace23a4 531fea6437b0498d8b9710a3522dbbb3 95812c4971b24952bfb00f853360501f - - default default] 10.0.0.110 "PUT /v2.0/routers/a42c9845-0f6e-451e-86b1-b6211d67f227/remove_router_interface HTTP/1.1" status: 404 len: 398 time: 0.0758266
2026-07-14 18:54:06.087 10 INFO neutron.wsgi [None req-1581c57e-2702-43e1-8608-d629c4538923 531fea6437b0498d8b9710a3522dbbb3 95812c4971b24952bfb00f853360501f - - default default] 10.0.0.110 "GET /v2.0/ports?device_id=a42c9845-0f6e-451e-86b1-b6211d67f227 HTTP/1.1" status: 200 len: 205 time: 0.0278580
2026-07-14 18:54:06.434 10 INFO neutron.db.ovn_revision_numbers_db [None req-315da89e-4bf2-4f8a-9a10-51df5d16bc8a 1fa58e055fdc46a98ee3627bd65f5a34 929807330ec84ad897dc573f4eb278b8 - - default default] Successfully bumped revision number for resource ebb609b3-95ae-4420-aa8a-6ebaa6c56ac5 (type: security_groups) to 1
2026-07-14 18:54:06.485 10 INFO neutron.db.ovn_revision_numbers_db [None req-315da89e-4bf2-4f8a-9a10-51df5d16bc8a 1fa58e055fdc46a98ee3627bd65f5a34 929807330ec84ad897dc573f4eb278b8 - - default default] Successfully bumped revision number for resource 88ac5a62-dc18-4f38-9476-4751e3a540a3 (type: security_group_rules) to 0
2026-07-14 18:54:06.530 10 INFO neutron.db.ovn_revision_numbers_db [None req-315da89e-4bf2-4f8a-9a10-51df5d16bc8a 1fa58e055fdc46a98ee3627bd65f5a34 929807330ec84ad897dc573f4eb278b8 - - default default] Successfully bumped revision number for resource deec51ab-7898-4923-ae22-075139835483 (type: security_group_rules) to 0
2026-07-14 18:54:06.571 10 INFO neutron.wsgi [None req-315da89e-4bf2-4f8a-9a10-51df5d16bc8a 1fa58e055fdc46a98ee3627bd65f5a34 929807330ec84ad897dc573f4eb278b8 - - default default] 10.0.0.110 "POST /v2.0/security-groups HTTP/1.1" status: 201 len: 1859 time: 0.6253922
2026-07-14 18:54:06.594 10 WARNING neutron_lib.context [None req-482677c3-a410-447f-a102-2387775ef074 1fa58e055fdc46a98ee3627bd65f5a34 929807330ec84ad897dc573f4eb278b8 - - default default] Method 'is_advsvc' is deprecated since 2023.2 release (neutron-lib 3.8.0) and will be removed once support for the old RBAC API policies will be removed from Neutron. Please use method 'is_service_role' instead.
2026-07-14 18:54:06.697 10 INFO neutron.wsgi [None req-4f922933-3837-4bf0-b05a-c005fef4141c 531fea6437b0498d8b9710a3522dbbb3 95812c4971b24952bfb00f853360501f - - default default] 10.0.0.110 "DELETE /v2.0/routers/a42c9845-0f6e-451e-86b1-b6211d67f227 HTTP/1.1" status: 204 len: 168 time: 0.6039021
2026-07-14 18:54:06.791 10 INFO neutron.db.ovn_revision_numbers_db [None req-482677c3-a410-447f-a102-2387775ef074 1fa58e055fdc46a98ee3627bd65f5a34 929807330ec84ad897dc573f4eb278b8 - - default default] Successfully bumped revision number for resource 05a39770-d5b9-441a-be7f-738a232c5f86 (type: security_group_rules) to 0
2026-07-14 18:54:06.820 10 INFO neutron.wsgi [None req-482677c3-a410-447f-a102-2387775ef074 1fa58e055fdc46a98ee3627bd65f5a34 929807330ec84ad897dc573f4eb278b8 - - default default] 10.0.0.110 "POST /v2.0/security-group-rules HTTP/1.1" status: 201 len: 796 time: 0.2418301
2026-07-14 18:54:06.830 10 WARNING neutron_lib.context [None req-95fff01d-6718-4625-8484-5ef273b31329 1fa58e055fdc46a98ee3627bd65f5a34 929807330ec84ad897dc573f4eb278b8 - - default default] Method 'is_advsvc' is deprecated since 2023.2 release (neutron-lib 3.8.0) and will be removed once support for the old RBAC API policies will be removed from Neutron. Please use method 'is_service_role' instead.
2026-07-14 18:54:06.935 9 INFO neutron.wsgi [None req-bfeb8365-f462-4705-9e03-b8de3714379c 531fea6437b0498d8b9710a3522dbbb3 95812c4971b24952bfb00f853360501f - - default default] 10.0.0.110 "DELETE /v2.0/subnets/a342eb09-894f-4a61-9793-efde703da521 HTTP/1.1" status: 204 len: 168 time: 0.2344208
2026-07-14 18:54:06.961 10 INFO neutron.db.ovn_revision_numbers_db [None req-95fff01d-6718-4625-8484-5ef273b31329 1fa58e055fdc46a98ee3627bd65f5a34 929807330ec84ad897dc573f4eb278b8 - - default default] Successfully bumped revision number for resource fa918f51-9ec2-486e-9d8d-39ea37a405f3 (type: security_group_rules) to 0
2026-07-14 18:54:06.989 10 INFO neutron.wsgi [None req-95fff01d-6718-4625-8484-5ef273b31329 1fa58e055fdc46a98ee3627bd65f5a34 929807330ec84ad897dc573f4eb278b8 - - default default] 10.0.0.110 "POST /v2.0/security-group-rules HTTP/1.1" status: 201 len: 801 time: 0.1645832
2026-07-14 18:54:07.000 10 WARNING neutron_lib.context [None req-07566b6c-9f98-4347-88cc-166f6ad76461 1fa58e055fdc46a98ee3627bd65f5a34 929807330ec84ad897dc573f4eb278b8 - - default default] Method 'is_advsvc' is deprecated since 2023.2 release (neutron-lib 3.8.0) and will be removed once support for the old RBAC API policies will be removed from Neutron. Please use method 'is_service_role' instead.
2026-07-14 18:54:07.292 10 WARNING neutron.scheduler.dhcp_agent_scheduler [None req-07566b6c-9f98-4347-88cc-166f6ad76461 1fa58e055fdc46a98ee3627bd65f5a34 929807330ec84ad897dc573f4eb278b8 - - default default] No more DHCP agents
2026-07-14 18:54:07.295 10 WARNING neutron.api.rpc.agentnotifiers.dhcp_rpc_agent_api [None req-07566b6c-9f98-4347-88cc-166f6ad76461 1fa58e055fdc46a98ee3627bd65f5a34 929807330ec84ad897dc573f4eb278b8 - - default default] Unable to schedule network 042559a0-e9f8-4ebe-aef7-fc562a7ceb78: no agents available; will retry on subsequent port and subnet creation events.
2026-07-14 18:54:07.390 9 INFO neutron.services.segments.plugin [-] Segment c9f1aac9-643f-4945-98f5-e16605be6a3e resource provider aggregate not found
2026-07-14 18:54:07.396 9 INFO neutron.services.segments.plugin [-] Segment c9f1aac9-643f-4945-98f5-e16605be6a3e resource provider aggregate not found
2026-07-14 18:54:07.423 9 INFO neutron.services.segments.plugin [-] Segment c9f1aac9-643f-4945-98f5-e16605be6a3e resource provider not found; error: Placement Client Error (4xx): {"errors": [{"status": 404, "title": "Not Found", "detail": "The resource could not be found.\n\n No resource provider with uuid c9f1aac9-643f-4945-98f5-e16605be6a3e found for delete ", "request_id": "req-9f0c6d47-0630-476e-b7c6-75248d5c351d"}]}
2026-07-14 18:54:07.426 9 WARNING neutron.plugins.ml2.drivers.ovn.mech_driver.ovsdb.ovn_client [None req-b3893bc5-85d2-406f-b2ce-5ab6e62dbb5a - - - - - -] No port found with ID 0439d9b5-4806-4563-bab6-62dc12ed1301: RuntimeError: No port found with ID 0439d9b5-4806-4563-bab6-62dc12ed1301
2026-07-14 18:54:07.427 9 INFO neutron.plugins.ml2.drivers.ovn.mech_driver.mech_driver [None req-b3893bc5-85d2-406f-b2ce-5ab6e62dbb5a - - - - - -] OVN reports status up for port: cbeb128c-eb82-46a9-ab26-f594ff4b432f
2026-07-14 18:54:07.431 9 INFO neutron.services.segments.plugin [-] Segment c9f1aac9-643f-4945-98f5-e16605be6a3e resource provider not found; error: Placement Client Error (4xx): {"errors": [{"status": 404, "title": "Not Found", "detail": "The resource could not be found.\n\n No resource provider with uuid c9f1aac9-643f-4945-98f5-e16605be6a3e found for delete ", "request_id": "req-a1baa72a-d58a-4a0f-81ff-eb5195fee6d1"}]}
2026-07-14 18:54:07.444 9 INFO neutron.plugins.ml2.plugin [None req-b3893bc5-85d2-406f-b2ce-5ab6e62dbb5a - - - - - -] Attempt 1 to provision port cbeb128c-eb82-46a9-ab26-f594ff4b432f
2026-07-14 18:54:07.486 9 INFO neutron.wsgi [None req-6fde51e2-badb-48b6-bc06-3ca910a5bc04 531fea6437b0498d8b9710a3522dbbb3 95812c4971b24952bfb00f853360501f - - default default] 10.0.0.110 "DELETE /v2.0/networks/9f62387e-cd05-48a9-a2fd-b1e49d122e1a HTTP/1.1" status: 204 len: 168 time: 0.5441802
2026-07-14 18:54:07.504 10 WARNING neutron_lib.context [None req-1108d3e5-d1d6-4b23-b06f-89654d04cbb8 531fea6437b0498d8b9710a3522dbbb3 95812c4971b24952bfb00f853360501f - - default default] Method 'is_advsvc' is deprecated since 2023.2 release (neutron-lib 3.8.0) and will be removed once support for the old RBAC API policies will be removed from Neutron. Please use method 'is_service_role' instead.
2026-07-14 18:54:07.644 10 WARNING neutron_lib.context [None req-8d99f35d-3973-4343-b8ce-e04de60f284c 45b8ce6528e64a5f8720fc3e95716646 e1f726b2acfa43ec815e735ea19d18e6 - - default default] Method 'is_advsvc' is deprecated since 2023.2 release (neutron-lib 3.8.0) and will be removed once support for the old RBAC API policies will be removed from Neutron. Please use method 'is_service_role' instead.
2026-07-14 18:54:07.655 10 INFO neutron.db.segments_db [None req-1108d3e5-d1d6-4b23-b06f-89654d04cbb8 531fea6437b0498d8b9710a3522dbbb3 95812c4971b24952bfb00f853360501f - - default default] Added segment a2eef423-0bf3-4bd2-90d6-0eb2dd974a03 of type geneve for network 74448743-8815-45c6-ac89-6ec990e54f52
2026-07-14 18:54:07.929 10 INFO neutron.db.ovn_revision_numbers_db [None req-1108d3e5-d1d6-4b23-b06f-89654d04cbb8 531fea6437b0498d8b9710a3522dbbb3 95812c4971b24952bfb00f853360501f - - default default] Successfully bumped revision number for resource 74448743-8815-45c6-ac89-6ec990e54f52 (type: networks) to 1
2026-07-14 18:54:07.942 10 INFO neutron.wsgi [None req-07566b6c-9f98-4347-88cc-166f6ad76461 1fa58e055fdc46a98ee3627bd65f5a34 929807330ec84ad897dc573f4eb278b8 - - default default] 10.0.0.110 "POST /v2.0/floatingips HTTP/1.1" status: 201 len: 751 time: 0.9469256
2026-07-14 18:54:07.999 9 INFO neutron.db.ovn_revision_numbers_db [None req-b3893bc5-85d2-406f-b2ce-5ab6e62dbb5a - - - - - -] Successfully bumped revision number for resource cbeb128c-eb82-46a9-ab26-f594ff4b432f (type: ports) to 2
2026-07-14 18:54:08.001 10 INFO neutron.db.ovn_revision_numbers_db [None req-8d99f35d-3973-4343-b8ce-e04de60f284c 45b8ce6528e64a5f8720fc3e95716646 e1f726b2acfa43ec815e735ea19d18e6 - - default default] Successfully bumped revision number for resource 71abf23b-8447-4779-828f-1296bb795d2f (type: security_groups) to 1
2026-07-14 18:54:08.028 10 INFO neutron.db.ovn_revision_numbers_db [None req-8d99f35d-3973-4343-b8ce-e04de60f284c 45b8ce6528e64a5f8720fc3e95716646 e1f726b2acfa43ec815e735ea19d18e6 - - default default] Successfully bumped revision number for resource 2f7d8d77-754b-41f9-9968-aaf0df3d4f11 (type: security_group_rules) to 0
2026-07-14 18:54:08.059 10 INFO neutron.db.ovn_revision_numbers_db [None req-8d99f35d-3973-4343-b8ce-e04de60f284c 45b8ce6528e64a5f8720fc3e95716646 e1f726b2acfa43ec815e735ea19d18e6 - - default default] Successfully bumped revision number for resource 72aeabc2-2a5a-4e03-b16c-6152518f3370 (type: security_group_rules) to 0
2026-07-14 18:54:08.082 10 INFO neutron.db.ovn_revision_numbers_db [None req-8d99f35d-3973-4343-b8ce-e04de60f284c 45b8ce6528e64a5f8720fc3e95716646 e1f726b2acfa43ec815e735ea19d18e6 - - default default] Successfully bumped revision number for resource 83057188-3784-4144-b8d9-7dbf23f06789 (type: security_group_rules) to 0
2026-07-14 18:54:08.102 10 INFO neutron.db.ovn_revision_numbers_db [None req-8d99f35d-3973-4343-b8ce-e04de60f284c 45b8ce6528e64a5f8720fc3e95716646 e1f726b2acfa43ec815e735ea19d18e6 - - default default] Successfully bumped revision number for resource f062ad05-6a59-472e-823d-f7c10c8ba3b5 (type: security_group_rules) to 0
2026-07-14 18:54:08.167 9 INFO neutron.db.ovn_revision_numbers_db [None req-b3893bc5-85d2-406f-b2ce-5ab6e62dbb5a - - - - - -] Successfully bumped revision number for resource cbeb128c-eb82-46a9-ab26-f594ff4b432f (type: router_ports) to 2
2026-07-14 18:54:08.168 10 INFO neutron.db.segments_db [None req-8d99f35d-3973-4343-b8ce-e04de60f284c 45b8ce6528e64a5f8720fc3e95716646 e1f726b2acfa43ec815e735ea19d18e6 - - default default] Added segment 9b0e2af5-9cc0-49e3-83cb-5caf80a6d49a of type geneve for network 536d26a2-d91d-47cc-b34b-12877ef92f43
2026-07-14 18:54:08.184 10 WARNING neutron.scheduler.dhcp_agent_scheduler [None req-1108d3e5-d1d6-4b23-b06f-89654d04cbb8 531fea6437b0498d8b9710a3522dbbb3 95812c4971b24952bfb00f853360501f - - default default] No more DHCP agents
2026-07-14 18:54:08.189 10 WARNING neutron.api.rpc.agentnotifiers.dhcp_rpc_agent_api [None req-1108d3e5-d1d6-4b23-b06f-89654d04cbb8 531fea6437b0498d8b9710a3522dbbb3 95812c4971b24952bfb00f853360501f - - default default] Unable to schedule network 74448743-8815-45c6-ac89-6ec990e54f52: no agents available; will retry on subsequent port and subnet creation events.
2026-07-14 18:54:08.351 10 INFO neutron.db.ovn_revision_numbers_db [None req-1108d3e5-d1d6-4b23-b06f-89654d04cbb8 531fea6437b0498d8b9710a3522dbbb3 95812c4971b24952bfb00f853360501f - - default default] Successfully bumped revision number for resource 10bd9337-faed-43c7-bba8-cd29597615b8 (type: ports) to 1
2026-07-14 18:54:08.372 10 INFO neutron.db.ovn_revision_numbers_db [None req-8d99f35d-3973-4343-b8ce-e04de60f284c 45b8ce6528e64a5f8720fc3e95716646 e1f726b2acfa43ec815e735ea19d18e6 - - default default] Successfully bumped revision number for resource 536d26a2-d91d-47cc-b34b-12877ef92f43 (type: networks) to 1
2026-07-14 18:54:08.377 10 INFO neutron.wsgi [None req-1108d3e5-d1d6-4b23-b06f-89654d04cbb8 531fea6437b0498d8b9710a3522dbbb3 95812c4971b24952bfb00f853360501f - - default default] 10.0.0.110 "POST /v2.0/networks HTTP/1.1" status: 201 len: 829 time: 0.8796947
2026-07-14 18:54:08.388 9 WARNING neutron_lib.context [None req-aa92d1ad-7730-4943-93e3-723ae987216b 531fea6437b0498d8b9710a3522dbbb3 95812c4971b24952bfb00f853360501f - - default default] Method 'is_advsvc' is deprecated since 2023.2 release (neutron-lib 3.8.0) and will be removed once support for the old RBAC API policies will be removed from Neutron. Please use method 'is_service_role' instead.
2026-07-14 18:54:08.528 9 INFO neutron.wsgi [req-d4549e13-4d50-4515-93f4-97dc163cfaed req-d3dde228-59e3-4b64-8fb4-0a617a1642a2 1fa58e055fdc46a98ee3627bd65f5a34 929807330ec84ad897dc573f4eb278b8 - - default default] 10.0.0.85 "GET /v2.0/security-groups?name=tempest-securitygroup--70372478&fields=id&tenant_id=929807330ec84ad897dc573f4eb278b8 HTTP/1.1" status: 200 len: 267 time: 0.0890577
2026-07-14 18:54:08.602 10 WARNING neutron.scheduler.dhcp_agent_scheduler [None req-8d99f35d-3973-4343-b8ce-e04de60f284c 45b8ce6528e64a5f8720fc3e95716646 e1f726b2acfa43ec815e735ea19d18e6 - - default default] No more DHCP agents
2026-07-14 18:54:08.605 10 WARNING neutron.api.rpc.agentnotifiers.dhcp_rpc_agent_api [None req-8d99f35d-3973-4343-b8ce-e04de60f284c 45b8ce6528e64a5f8720fc3e95716646 e1f726b2acfa43ec815e735ea19d18e6 - - default default] Unable to schedule network 536d26a2-d91d-47cc-b34b-12877ef92f43: no agents available; will retry on subsequent port and subnet creation events.
2026-07-14 18:54:08.707 10 INFO neutron.db.ovn_revision_numbers_db [None req-8d99f35d-3973-4343-b8ce-e04de60f284c 45b8ce6528e64a5f8720fc3e95716646 e1f726b2acfa43ec815e735ea19d18e6 - - default default] Successfully bumped revision number for resource b3303f55-ad3f-40a8-9c7e-2cd0b30c328d (type: ports) to 1
2026-07-14 18:54:08.737 10 INFO neutron.wsgi [None req-8d99f35d-3973-4343-b8ce-e04de60f284c 45b8ce6528e64a5f8720fc3e95716646 e1f726b2acfa43ec815e735ea19d18e6 - - default default] 10.0.0.110 "POST /v2.0/networks HTTP/1.1" status: 201 len: 833 time: 1.3496418
2026-07-14 18:54:08.748 10 WARNING neutron_lib.context [None req-097f5741-7f32-41dd-9959-92c2c7223347 45b8ce6528e64a5f8720fc3e95716646 e1f726b2acfa43ec815e735ea19d18e6 - - default default] Method 'is_advsvc' is deprecated since 2023.2 release (neutron-lib 3.8.0) and will be removed once support for the old RBAC API policies will be removed from Neutron. Please use method 'is_service_role' instead.
2026-07-14 18:54:08.848 10 INFO neutron.db.segments_db [None req-097f5741-7f32-41dd-9959-92c2c7223347 45b8ce6528e64a5f8720fc3e95716646 e1f726b2acfa43ec815e735ea19d18e6 - - default default] Added segment 5d875ab9-d7dc-4730-974a-9111bc42d034 of type geneve for network cff0824e-51a1-4cf5-a348-bf791c8ff299
2026-07-14 18:54:08.937 9 INFO neutron.wsgi [req-d4549e13-4d50-4515-93f4-97dc163cfaed req-46e65a63-bae9-48e8-b266-d32e024a77f9 1fa58e055fdc46a98ee3627bd65f5a34 929807330ec84ad897dc573f4eb278b8 - - default default] 10.0.0.85 "GET /v2.0/networks?id=2aadd748-b16e-462b-8764-89cb721abac3 HTTP/1.1" status: 200 len: 875 time: 0.3998373
2026-07-14 18:54:08.960 9 INFO neutron.wsgi [req-d4549e13-4d50-4515-93f4-97dc163cfaed req-028359a6-2831-411f-9221-3b5f0aab7358 1fa58e055fdc46a98ee3627bd65f5a34 929807330ec84ad897dc573f4eb278b8 - - default default] 10.0.0.85 "GET /v2.0/quotas/929807330ec84ad897dc573f4eb278b8 HTTP/1.1" status: 200 len: 491 time: 0.0177631
2026-07-14 18:54:09.014 10 INFO neutron.db.ovn_revision_numbers_db [None req-097f5741-7f32-41dd-9959-92c2c7223347 45b8ce6528e64a5f8720fc3e95716646 e1f726b2acfa43ec815e735ea19d18e6 - - default default] Successfully bumped revision number for resource cff0824e-51a1-4cf5-a348-bf791c8ff299 (type: networks) to 1
2026-07-14 18:54:09.065 9 WARNING neutron.scheduler.dhcp_agent_scheduler [None req-aa92d1ad-7730-4943-93e3-723ae987216b 531fea6437b0498d8b9710a3522dbbb3 95812c4971b24952bfb00f853360501f - - default default] No more DHCP agents
2026-07-14 18:54:09.072 9 WARNING neutron.api.rpc.agentnotifiers.dhcp_rpc_agent_api [None req-aa92d1ad-7730-4943-93e3-723ae987216b 531fea6437b0498d8b9710a3522dbbb3 95812c4971b24952bfb00f853360501f - - default default] Unable to schedule network 74448743-8815-45c6-ac89-6ec990e54f52: no agents available; will retry on subsequent port and subnet creation events.
2026-07-14 18:54:09.113 9 INFO neutron.wsgi [req-d4549e13-4d50-4515-93f4-97dc163cfaed req-8279ef0d-0be6-4d9c-aa56-2242f433c684 1fa58e055fdc46a98ee3627bd65f5a34 929807330ec84ad897dc573f4eb278b8 - - default default] 10.0.0.85 "GET /v2.0/ports?tenant_id=929807330ec84ad897dc573f4eb278b8&fields=id HTTP/1.1" status: 200 len: 302 time: 0.1464188
2026-07-14 18:54:09.208 9 INFO neutron.wsgi [req-d4549e13-4d50-4515-93f4-97dc163cfaed req-818eb729-df20-4739-9ced-24cd7c075ad7 a7d0a42cf3eb418db63db859bcefec50 889d449229ae4bdfbf34277e4ebedf2f - - 35ffeaa6bba0459dbb48b49e82dff028 35ffeaa6bba0459dbb48b49e82dff028] 10.0.0.85 "GET /v2.0/networks/2aadd748-b16e-462b-8764-89cb721abac3?fields=segments HTTP/1.1" status: 200 len: 212 time: 0.0804386
2026-07-14 18:54:09.229 10 WARNING neutron.scheduler.dhcp_agent_scheduler [None req-097f5741-7f32-41dd-9959-92c2c7223347 45b8ce6528e64a5f8720fc3e95716646 e1f726b2acfa43ec815e735ea19d18e6 - - default default] No more DHCP agents
2026-07-14 18:54:09.232 10 WARNING neutron.api.rpc.agentnotifiers.dhcp_rpc_agent_api [None req-097f5741-7f32-41dd-9959-92c2c7223347 45b8ce6528e64a5f8720fc3e95716646 e1f726b2acfa43ec815e735ea19d18e6 - - default default] Unable to schedule network cff0824e-51a1-4cf5-a348-bf791c8ff299: no agents available; will retry on subsequent port and subnet creation events.
2026-07-14 18:54:09.313 9 INFO neutron.wsgi [req-d4549e13-4d50-4515-93f4-97dc163cfaed req-42d34548-6d42-4d26-9e33-8427e1632661 a7d0a42cf3eb418db63db859bcefec50 889d449229ae4bdfbf34277e4ebedf2f - - 35ffeaa6bba0459dbb48b49e82dff028 35ffeaa6bba0459dbb48b49e82dff028] 10.0.0.85 "GET /v2.0/networks/2aadd748-b16e-462b-8764-89cb721abac3?fields=provider%3Aphysical_network&fields=provider%3Anetwork_type HTTP/1.1" status: 200 len: 277 time: 0.0982130
2026-07-14 18:54:09.340 10 INFO neutron.db.ovn_revision_numbers_db [None req-097f5741-7f32-41dd-9959-92c2c7223347 45b8ce6528e64a5f8720fc3e95716646 e1f726b2acfa43ec815e735ea19d18e6 - - default default] Successfully bumped revision number for resource a8dfc51a-3ea3-44dd-87e6-cb93211233df (type: ports) to 1
2026-07-14 18:54:09.380 10 INFO neutron.wsgi [None req-097f5741-7f32-41dd-9959-92c2c7223347 45b8ce6528e64a5f8720fc3e95716646 e1f726b2acfa43ec815e735ea19d18e6 - - default default] 10.0.0.110 "POST /v2.0/networks HTTP/1.1" status: 201 len: 832 time: 0.6382613
2026-07-14 18:54:09.391 9 WARNING neutron_lib.context [None req-0d179493-fe08-43af-a9a9-6c9a9ce106d8 45b8ce6528e64a5f8720fc3e95716646 e1f726b2acfa43ec815e735ea19d18e6 - - default default] Method 'is_advsvc' is deprecated since 2023.2 release (neutron-lib 3.8.0) and will be removed once support for the old RBAC API policies will be removed from Neutron. Please use method 'is_service_role' instead.
2026-07-14 18:54:09.509 9 INFO neutron.wsgi [req-d75cff24-6341-4ebc-96ed-c0e3ce5afbc4 req-833e4a59-bebe-4d5e-8ae9-5a5b553ac17f 1fa58e055fdc46a98ee3627bd65f5a34 929807330ec84ad897dc573f4eb278b8 - - default default] 10.0.0.85 "GET /v2.0/ports?device_id=1dca1afb-f3fc-40bb-bc15-f5880bf458c2 HTTP/1.1" status: 200 len: 210 time: 0.0527761
2026-07-14 18:54:09.796 9 WARNING neutron.scheduler.dhcp_agent_scheduler [None req-0d179493-fe08-43af-a9a9-6c9a9ce106d8 45b8ce6528e64a5f8720fc3e95716646 e1f726b2acfa43ec815e735ea19d18e6 - - default default] No more DHCP agents
2026-07-14 18:54:09.801 9 WARNING neutron.api.rpc.agentnotifiers.dhcp_rpc_agent_api [None req-0d179493-fe08-43af-a9a9-6c9a9ce106d8 45b8ce6528e64a5f8720fc3e95716646 e1f726b2acfa43ec815e735ea19d18e6 - - default default] Unable to schedule network 536d26a2-d91d-47cc-b34b-12877ef92f43: no agents available; will retry on subsequent port and subnet creation events.
2026-07-14 18:54:09.862 9 INFO neutron.db.ovn_revision_numbers_db [None req-0d179493-fe08-43af-a9a9-6c9a9ce106d8 45b8ce6528e64a5f8720fc3e95716646 e1f726b2acfa43ec815e735ea19d18e6 - - default default] Successfully bumped revision number for resource c0321fa3-fd68-4177-9b57-f41893f5df6b (type: subnets) to 0
2026-07-14 18:54:09.891 9 INFO neutron.wsgi [None req-0d179493-fe08-43af-a9a9-6c9a9ce106d8 45b8ce6528e64a5f8720fc3e95716646 e1f726b2acfa43ec815e735ea19d18e6 - - default default] 10.0.0.110 "POST /v2.0/subnets HTTP/1.1" status: 201 len: 821 time: 0.5061851
2026-07-14 18:54:09.901 9 WARNING neutron_lib.context [None req-e90f5a22-b7f7-4fbe-9141-73261b4af853 45b8ce6528e64a5f8720fc3e95716646 e1f726b2acfa43ec815e735ea19d18e6 - - default default] Method 'is_advsvc' is deprecated since 2023.2 release (neutron-lib 3.8.0) and will be removed once support for the old RBAC API policies will be removed from Neutron. Please use method 'is_service_role' instead.
2026-07-14 18:54:09.904 9 INFO neutron.db.ovn_revision_numbers_db [None req-aa92d1ad-7730-4943-93e3-723ae987216b 531fea6437b0498d8b9710a3522dbbb3 95812c4971b24952bfb00f853360501f - - default default] Successfully bumped revision number for resource 10bd9337-faed-43c7-bba8-cd29597615b8 (type: ports) to 2
2026-07-14 18:54:09.959 9 INFO neutron.db.ovn_revision_numbers_db [None req-aa92d1ad-7730-4943-93e3-723ae987216b 531fea6437b0498d8b9710a3522dbbb3 95812c4971b24952bfb00f853360501f - - default default] Successfully bumped revision number for resource de1f6fce-52c7-4e2a-b160-063643ff34f7 (type: subnets) to 0
2026-07-14 18:54:09.978 9 INFO neutron.wsgi [None req-aa92d1ad-7730-4943-93e3-723ae987216b 531fea6437b0498d8b9710a3522dbbb3 95812c4971b24952bfb00f853360501f - - default default] 10.0.0.110 "POST /v2.0/subnets HTTP/1.1" status: 201 len: 801 time: 1.5949559
2026-07-14 18:54:09.989 10 WARNING neutron_lib.context [None req-0bf895bc-eef6-467b-aa75-bfdd998919d7 531fea6437b0498d8b9710a3522dbbb3 95812c4971b24952bfb00f853360501f - - default default] Method 'is_advsvc' is deprecated since 2023.2 release (neutron-lib 3.8.0) and will be removed once support for the old RBAC API policies will be removed from Neutron. Please use method 'is_service_role' instead.
2026-07-14 18:54:10.155 10 INFO neutron.db.ovn_revision_numbers_db [None req-0bf895bc-eef6-467b-aa75-bfdd998919d7 531fea6437b0498d8b9710a3522dbbb3 95812c4971b24952bfb00f853360501f - - default default] Successfully bumped revision number for resource 44eecd0b-34ea-4337-9dd2-3c54ea0eb5b9 (type: routers) to 1
2026-07-14 18:54:10.172 10 INFO neutron.wsgi [None req-0bf895bc-eef6-467b-aa75-bfdd998919d7 531fea6437b0498d8b9710a3522dbbb3 95812c4971b24952bfb00f853360501f - - default default] 10.0.0.110 "POST /v2.0/routers HTTP/1.1" status: 201 len: 802 time: 0.1887195
2026-07-14 18:54:10.192 9 WARNING neutron.scheduler.dhcp_agent_scheduler [None req-e90f5a22-b7f7-4fbe-9141-73261b4af853 45b8ce6528e64a5f8720fc3e95716646 e1f726b2acfa43ec815e735ea19d18e6 - - default default] No more DHCP agents
2026-07-14 18:54:10.212 9 WARNING neutron.api.rpc.agentnotifiers.dhcp_rpc_agent_api [None req-e90f5a22-b7f7-4fbe-9141-73261b4af853 45b8ce6528e64a5f8720fc3e95716646 e1f726b2acfa43ec815e735ea19d18e6 - - default default] Unable to schedule network cff0824e-51a1-4cf5-a348-bf791c8ff299: no agents available; will retry on subsequent port and subnet creation events.
2026-07-14 18:54:10.251 10 INFO neutron.wsgi [req-d4549e13-4d50-4515-93f4-97dc163cfaed req-7c0268ba-6a83-47b3-b3ba-79cb58648bbf 1fa58e055fdc46a98ee3627bd65f5a34 929807330ec84ad897dc573f4eb278b8 - - default default] 199.19.213.161 "GET /v2.0/networks?id=2aadd748-b16e-462b-8764-89cb721abac3 HTTP/1.1" status: 200 len: 875 time: 0.0776885
2026-07-14 18:54:10.305 9 INFO neutron.db.ovn_revision_numbers_db [None req-e90f5a22-b7f7-4fbe-9141-73261b4af853 45b8ce6528e64a5f8720fc3e95716646 e1f726b2acfa43ec815e735ea19d18e6 - - default default] Successfully bumped revision number for resource 92144174-3a70-4087-bed4-3c5a88fb65d1 (type: subnets) to 0
2026-07-14 18:54:10.311 10 INFO neutron.wsgi [req-d4549e13-4d50-4515-93f4-97dc163cfaed req-ac27e83d-22ea-47c2-a10d-44d8523ffa15 1fa58e055fdc46a98ee3627bd65f5a34 929807330ec84ad897dc573f4eb278b8 - - default default] 199.19.213.161 "GET /v2.0/security-groups?fields=id&fields=name&tenant_id=929807330ec84ad897dc573f4eb278b8 HTTP/1.1" status: 200 len: 378 time: 0.0546741
2026-07-14 18:54:10.320 10 WARNING neutron_lib.context [req-d4549e13-4d50-4515-93f4-97dc163cfaed req-1a0c3123-b82c-4edb-9b83-386f0857b6d3 1fa58e055fdc46a98ee3627bd65f5a34 929807330ec84ad897dc573f4eb278b8 - - default default] Method 'is_advsvc' is deprecated since 2023.2 release (neutron-lib 3.8.0) and will be removed once support for the old RBAC API policies will be removed from Neutron. Please use method 'is_service_role' instead.
2026-07-14 18:54:10.322 9 INFO neutron.wsgi [None req-e90f5a22-b7f7-4fbe-9141-73261b4af853 45b8ce6528e64a5f8720fc3e95716646 e1f726b2acfa43ec815e735ea19d18e6 - - default default] 10.0.0.110 "POST /v2.0/subnets HTTP/1.1" status: 201 len: 830 time: 0.4254692
2026-07-14 18:54:10.332 9 WARNING neutron_lib.context [None req-b1947fa6-de9a-42e8-b3f0-d6ef305091d2 45b8ce6528e64a5f8720fc3e95716646 e1f726b2acfa43ec815e735ea19d18e6 - - default default] Method 'is_advsvc' is deprecated since 2023.2 release (neutron-lib 3.8.0) and will be removed once support for the old RBAC API policies will be removed from Neutron. Please use method 'is_service_role' instead.
2026-07-14 18:54:10.536 9 INFO neutron.db.ovn_revision_numbers_db [None req-b1947fa6-de9a-42e8-b3f0-d6ef305091d2 45b8ce6528e64a5f8720fc3e95716646 e1f726b2acfa43ec815e735ea19d18e6 - - default default] Successfully bumped revision number for resource c8d37e22-8b81-49e7-b287-d2e5402160d0 (type: routers) to 1
2026-07-14 18:54:10.566 9 INFO neutron.wsgi [None req-b1947fa6-de9a-42e8-b3f0-d6ef305091d2 45b8ce6528e64a5f8720fc3e95716646 e1f726b2acfa43ec815e735ea19d18e6 - - default default] 10.0.0.110 "POST /v2.0/routers HTTP/1.1" status: 201 len: 806 time: 0.2387562
2026-07-14 18:54:10.648 9 INFO neutron.wsgi [req-19629c2f-349b-4368-bfc4-c0d9ba30b76b req-e9462b4f-173b-443b-9d34-5f324262ce33 1fa58e055fdc46a98ee3627bd65f5a34 929807330ec84ad897dc573f4eb278b8 - - default default] 10.0.0.85 "GET /v2.0/ports?device_id=1dca1afb-f3fc-40bb-bc15-f5880bf458c2 HTTP/1.1" status: 200 len: 210 time: 0.0512059
2026-07-14 18:54:10.716 10 WARNING neutron.scheduler.dhcp_agent_scheduler [req-d4549e13-4d50-4515-93f4-97dc163cfaed req-1a0c3123-b82c-4edb-9b83-386f0857b6d3 1fa58e055fdc46a98ee3627bd65f5a34 929807330ec84ad897dc573f4eb278b8 - - default default] No more DHCP agents
2026-07-14 18:54:10.718 10 WARNING neutron.api.rpc.agentnotifiers.dhcp_rpc_agent_api [req-d4549e13-4d50-4515-93f4-97dc163cfaed req-1a0c3123-b82c-4edb-9b83-386f0857b6d3 1fa58e055fdc46a98ee3627bd65f5a34 929807330ec84ad897dc573f4eb278b8 - - default default] Unable to schedule network 2aadd748-b16e-462b-8764-89cb721abac3: no agents available; will retry on subsequent port and subnet creation events.
2026-07-14 18:54:10.910 10 INFO neutron.db.ovn_revision_numbers_db [req-d4549e13-4d50-4515-93f4-97dc163cfaed req-1a0c3123-b82c-4edb-9b83-386f0857b6d3 1fa58e055fdc46a98ee3627bd65f5a34 929807330ec84ad897dc573f4eb278b8 - - default default] Successfully bumped revision number for resource 26a38312-21c5-47ad-ba6e-447eac0c1c6f (type: ports) to 1
2026-07-14 18:54:10.913 9 WARNING neutron.scheduler.dhcp_agent_scheduler [None req-1be57d6e-03c7-473b-8e77-3b6f7dbf6736 531fea6437b0498d8b9710a3522dbbb3 95812c4971b24952bfb00f853360501f - - default default] No more DHCP agents
2026-07-14 18:54:10.921 9 WARNING neutron.api.rpc.agentnotifiers.dhcp_rpc_agent_api [None req-1be57d6e-03c7-473b-8e77-3b6f7dbf6736 531fea6437b0498d8b9710a3522dbbb3 95812c4971b24952bfb00f853360501f - - default default] Unable to schedule network 74448743-8815-45c6-ac89-6ec990e54f52: no agents available; will retry on subsequent port and subnet creation events.
2026-07-14 18:54:10.934 10 INFO neutron.wsgi [req-d4549e13-4d50-4515-93f4-97dc163cfaed req-1a0c3123-b82c-4edb-9b83-386f0857b6d3 1fa58e055fdc46a98ee3627bd65f5a34 929807330ec84ad897dc573f4eb278b8 - - default default] 199.19.213.161 "POST /v2.0/ports HTTP/1.1" status: 201 len: 1162 time: 0.6186466 /var/lib/openstack/lib/python3.10/site-packages/pycadf/identifier.py:71: UserWarning: Invalid uuid: neutron. To ensure interoperability, identifiers should be a valid uuid. warnings.warn(('Invalid uuid: %s. To ensure interoperability, '
2026-07-14 18:54:11.140 9 INFO neutron.db.ovn_revision_numbers_db [None req-1be57d6e-03c7-473b-8e77-3b6f7dbf6736 531fea6437b0498d8b9710a3522dbbb3 95812c4971b24952bfb00f853360501f - - default default] Successfully bumped revision number for resource 99eff186-0bf9-4446-bbda-cc62aceea342 (type: ports) to 1
2026-07-14 18:54:11.216 9 WARNING neutron.scheduler.dhcp_agent_scheduler [None req-5201eceb-06f5-4985-8e48-3f5ac86c42d3 45b8ce6528e64a5f8720fc3e95716646 e1f726b2acfa43ec815e735ea19d18e6 - - default default] No more DHCP agents
2026-07-14 18:54:11.220 9 WARNING neutron.api.rpc.agentnotifiers.dhcp_rpc_agent_api [None req-5201eceb-06f5-4985-8e48-3f5ac86c42d3 45b8ce6528e64a5f8720fc3e95716646 e1f726b2acfa43ec815e735ea19d18e6 - - default default] Unable to schedule network 536d26a2-d91d-47cc-b34b-12877ef92f43: no agents available; will retry on subsequent port and subnet creation events.
2026-07-14 18:54:11.439 10 INFO neutron.db.ovn_revision_numbers_db [req-d4549e13-4d50-4515-93f4-97dc163cfaed req-6b28e655-2373-4aa6-bca9-0b3246d232fa a7d0a42cf3eb418db63db859bcefec50 889d449229ae4bdfbf34277e4ebedf2f - - 35ffeaa6bba0459dbb48b49e82dff028 35ffeaa6bba0459dbb48b49e82dff028] Successfully bumped revision number for resource 26a38312-21c5-47ad-ba6e-447eac0c1c6f (type: ports) to 2
2026-07-14 18:54:11.654 9 INFO neutron.db.ovn_revision_numbers_db [None req-5201eceb-06f5-4985-8e48-3f5ac86c42d3 45b8ce6528e64a5f8720fc3e95716646 e1f726b2acfa43ec815e735ea19d18e6 - - default default] Successfully bumped revision number for resource 0e8a7617-7212-4fde-8dbc-65347373d041 (type: ports) to 1
2026-07-14 18:54:11.687 10 INFO neutron.db.ovn_revision_numbers_db [req-d4549e13-4d50-4515-93f4-97dc163cfaed req-6b28e655-2373-4aa6-bca9-0b3246d232fa a7d0a42cf3eb418db63db859bcefec50 889d449229ae4bdfbf34277e4ebedf2f - - 35ffeaa6bba0459dbb48b49e82dff028 35ffeaa6bba0459dbb48b49e82dff028] Successfully bumped revision number for resource 26a38312-21c5-47ad-ba6e-447eac0c1c6f (type: ports) to 2
2026-07-14 18:54:11.706 10 INFO neutron.wsgi [req-d4549e13-4d50-4515-93f4-97dc163cfaed req-6b28e655-2373-4aa6-bca9-0b3246d232fa a7d0a42cf3eb418db63db859bcefec50 889d449229ae4bdfbf34277e4ebedf2f - - 35ffeaa6bba0459dbb48b49e82dff028 35ffeaa6bba0459dbb48b49e82dff028] 199.19.213.161 "PUT /v2.0/ports/26a38312-21c5-47ad-ba6e-447eac0c1c6f HTTP/1.1" status: 200 len: 1380 time: 0.7638698 /var/lib/openstack/lib/python3.10/site-packages/pycadf/identifier.py:71: UserWarning: Invalid uuid: neutron. To ensure interoperability, identifiers should be a valid uuid. warnings.warn(('Invalid uuid: %s. To ensure interoperability, '
2026-07-14 18:54:11.759 10 INFO neutron.notifiers.nova [-] Nova event matching ['req-b0fc32d3-f8f3-4c03-90c3-993f5368c762'] response: {'name': 'network-changed', 'server_uuid': '1dca1afb-f3fc-40bb-bc15-f5880bf458c2', 'tag': '26a38312-21c5-47ad-ba6e-447eac0c1c6f', 'status': 'completed', 'code': 200}
2026-07-14 18:54:11.782 9 INFO neutron.wsgi [req-ed3a3370-4b9c-4c0a-b81c-0111bbcce7f5 req-9ef76852-e1de-4b90-8fd9-73b59da9f2e5 1fa58e055fdc46a98ee3627bd65f5a34 929807330ec84ad897dc573f4eb278b8 - - default default] 10.0.0.85 "GET /v2.0/ports?device_id=1dca1afb-f3fc-40bb-bc15-f5880bf458c2 HTTP/1.1" status: 200 len: 1172 time: 0.0715375
2026-07-14 18:54:11.800 10 INFO neutron.wsgi [req-d4549e13-4d50-4515-93f4-97dc163cfaed req-eee3729d-016b-43d1-8f76-943cd4501e21 a7d0a42cf3eb418db63db859bcefec50 889d449229ae4bdfbf34277e4ebedf2f - - 35ffeaa6bba0459dbb48b49e82dff028 35ffeaa6bba0459dbb48b49e82dff028] 199.19.213.161 "GET /v2.0/ports?tenant_id=929807330ec84ad897dc573f4eb278b8&device_id=1dca1afb-f3fc-40bb-bc15-f5880bf458c2 HTTP/1.1" status: 200 len: 1411 time: 0.0560098
2026-07-14 18:54:11.835 10 INFO neutron.wsgi [req-d4549e13-4d50-4515-93f4-97dc163cfaed req-d2af6cbf-442f-462f-8d32-47dfecf0e142 a7d0a42cf3eb418db63db859bcefec50 889d449229ae4bdfbf34277e4ebedf2f - - 35ffeaa6bba0459dbb48b49e82dff028 35ffeaa6bba0459dbb48b49e82dff028] 199.19.213.161 "GET /v2.0/floatingips?fixed_ip_address=10.100.0.11&port_id=26a38312-21c5-47ad-ba6e-447eac0c1c6f HTTP/1.1" status: 200 len: 217 time: 0.0287631
2026-07-14 18:54:11.882 10 INFO neutron.wsgi [req-d4549e13-4d50-4515-93f4-97dc163cfaed req-0d2d1f40-0007-400c-a79f-e7003c7f44a3 a7d0a42cf3eb418db63db859bcefec50 889d449229ae4bdfbf34277e4ebedf2f - - 35ffeaa6bba0459dbb48b49e82dff028 35ffeaa6bba0459dbb48b49e82dff028] 199.19.213.161 "GET /v2.0/subnets?id=5c01e731-8d0c-4f47-8a1f-1201185ca2d6 HTTP/1.1" status: 200 len: 869 time: 0.0413616
2026-07-14 18:54:11.893 9 INFO neutron.wsgi [req-ed3a3370-4b9c-4c0a-b81c-0111bbcce7f5 req-a5c51bdb-f6ac-43a8-b9cf-c4d1dcb1d5b7 1fa58e055fdc46a98ee3627bd65f5a34 929807330ec84ad897dc573f4eb278b8 - - default default] 10.0.0.85 "GET /v2.0/security-groups?id=ebb609b3-95ae-4420-aa8a-6ebaa6c56ac5&fields=id&fields=name HTTP/1.1" status: 200 len: 311 time: 0.0931094
2026-07-14 18:54:11.912 10 INFO neutron.wsgi [req-d4549e13-4d50-4515-93f4-97dc163cfaed req-c87529b3-c533-4e66-b1ba-8132a3b5d3c3 a7d0a42cf3eb418db63db859bcefec50 889d449229ae4bdfbf34277e4ebedf2f - - 35ffeaa6bba0459dbb48b49e82dff028 35ffeaa6bba0459dbb48b49e82dff028] 199.19.213.161 "GET /v2.0/ports?network_id=2aadd748-b16e-462b-8764-89cb721abac3&device_owner=network%3Adhcp HTTP/1.1" status: 200 len: 210 time: 0.0207410
2026-07-14 18:54:11.983 10 INFO neutron.wsgi [req-d4549e13-4d50-4515-93f4-97dc163cfaed req-a442c6b4-9afe-4546-8f3a-c894824d4dec a7d0a42cf3eb418db63db859bcefec50 889d449229ae4bdfbf34277e4ebedf2f - - 35ffeaa6bba0459dbb48b49e82dff028 35ffeaa6bba0459dbb48b49e82dff028] 199.19.213.161 "GET /v2.0/networks/2aadd748-b16e-462b-8764-89cb721abac3?fields=segments HTTP/1.1" status: 200 len: 212 time: 0.0647063
2026-07-14 18:54:12.038 10 INFO neutron.wsgi [req-d4549e13-4d50-4515-93f4-97dc163cfaed req-36839213-28e6-4e1c-a573-2346bdbe85b9 a7d0a42cf3eb418db63db859bcefec50 889d449229ae4bdfbf34277e4ebedf2f - - 35ffeaa6bba0459dbb48b49e82dff028 35ffeaa6bba0459dbb48b49e82dff028] 199.19.213.161 "GET /v2.0/networks/2aadd748-b16e-462b-8764-89cb721abac3?fields=provider%3Aphysical_network&fields=provider%3Anetwork_type HTTP/1.1" status: 200 len: 277 time: 0.0504513
2026-07-14 18:54:12.153 10 INFO neutron.wsgi [req-2bbf4391-9e64-49f7-a9ee-ebed20720111 req-265f36f9-7a91-4102-95e5-bc341adc62b0 a7d0a42cf3eb418db63db859bcefec50 889d449229ae4bdfbf34277e4ebedf2f - - 35ffeaa6bba0459dbb48b49e82dff028 35ffeaa6bba0459dbb48b49e82dff028] 199.19.213.161 "GET /v2.0/ports?tenant_id=929807330ec84ad897dc573f4eb278b8&device_id=1dca1afb-f3fc-40bb-bc15-f5880bf458c2 HTTP/1.1" status: 200 len: 1411 time: 0.0675724
2026-07-14 18:54:12.206 9 ERROR ovsdbapp.backend.ovs_idl.command [None req-1be57d6e-03c7-473b-8e77-3b6f7dbf6736 531fea6437b0498d8b9710a3522dbbb3 95812c4971b24952bfb00f853360501f - - default default] Error executing command (DbGetCommand): ovsdbapp.backend.ovs_idl.idlutils.RowNotFound: Cannot find Logical_Router_Port with name=lrp-99eff186-0bf9-4446-bbda-cc62aceea342
2026-07-14 18:54:12.206 9 ERROR ovsdbapp.backend.ovs_idl.command
Traceback (most recent call last):
2026-07-14 18:54:12.206 9 ERROR ovsdbapp.backend.ovs_idl.command
File "/var/lib/openstack/lib/python3.10/site-packages/ovsdbapp/backend/ovs_idl/command.py", line 47, in execute
2026-07-14 18:54:12.206 9 ERROR ovsdbapp.backend.ovs_idl.command self.run_idl(None)
2026-07-14 18:54:12.206 9 ERROR ovsdbapp.backend.ovs_idl.command
File "/var/lib/openstack/lib/python3.10/site-packages/ovsdbapp/backend/ovs_idl/command.py", line 235, in run_idl
2026-07-14 18:54:12.206 9 ERROR ovsdbapp.backend.ovs_idl.command record = self.api.lookup(self.table, self.record)
2026-07-14 18:54:12.206 9 ERROR ovsdbapp.backend.ovs_idl.command
File "/var/lib/openstack/lib/python3.10/site-packages/ovsdbapp/backend/ovs_idl/__init__.py", line 184, in lookup
2026-07-14 18:54:12.206 9 ERROR ovsdbapp.backend.ovs_idl.command return self._lookup(table, record)
2026-07-14 18:54:12.206 9 ERROR ovsdbapp.backend.ovs_idl.command
File "/var/lib/openstack/lib/python3.10/site-packages/ovsdbapp/backend/ovs_idl/__init__.py", line 235, in _lookup
2026-07-14 18:54:12.206 9 ERROR ovsdbapp.backend.ovs_idl.command row = idlutils.row_by_value(self, rl.table, rl.column, record)
2026-07-14 18:54:12.206 9 ERROR ovsdbapp.backend.ovs_idl.command
File "/var/lib/openstack/lib/python3.10/site-packages/ovsdbapp/backend/ovs_idl/idlutils.py", line 114, in row_by_value
2026-07-14 18:54:12.206 9 ERROR ovsdbapp.backend.ovs_idl.command raise RowNotFound(table=table, col=column, match=match)
2026-07-14 18:54:12.206 9 ERROR ovsdbapp.backend.ovs_idl.command ovsdbapp.backend.ovs_idl.idlutils.RowNotFound: Cannot find Logical_Router_Port with name=lrp-99eff186-0bf9-4446-bbda-cc62aceea342
2026-07-14 18:54:12.206 9 ERROR ovsdbapp.backend.ovs_idl.command 
2026-07-14 18:54:12.207 9 ERROR neutron_lib.callbacks.manager [None req-1be57d6e-03c7-473b-8e77-3b6f7dbf6736 531fea6437b0498d8b9710a3522dbbb3 95812c4971b24952bfb00f853360501f - - default default] Error during notification for neutron.services.ovn_l3.plugin.OVNL3RouterPlugin._port_update-8746044657382 port, after_update: ovsdbapp.backend.ovs_idl.idlutils.RowNotFound: Cannot find Logical_Router_Port with name=lrp-99eff186-0bf9-4446-bbda-cc62aceea342
2026-07-14 18:54:12.207 9 ERROR neutron_lib.callbacks.manager
Traceback (most recent call last):
2026-07-14 18:54:12.207 9 ERROR neutron_lib.callbacks.manager
File "/var/lib/openstack/lib/python3.10/site-packages/neutron_lib/callbacks/manager.py", line 189, in _notify_loop
2026-07-14 18:54:12.207 9 ERROR neutron_lib.callbacks.manager callback.method(resource, event, trigger, payload=payload)
2026-07-14 18:54:12.207 9 ERROR neutron_lib.callbacks.manager
File "/var/lib/openstack/lib/python3.10/site-packages/neutron/services/ovn_l3/plugin.py", line 391, in _port_update
2026-07-14 18:54:12.207 9 ERROR neutron_lib.callbacks.manager l3plugin._ovn_client.update_router_port(context,
2026-07-14 18:54:12.207 9 ERROR neutron_lib.callbacks.manager
File "/var/lib/openstack/lib/python3.10/site-packages/neutron/plugins/ml2/drivers/ovn/mech_driver/ovsdb/ovn_client.py", line 1878, in update_router_port
2026-07-14 18:54:12.207 9 ERROR neutron_lib.callbacks.manager self._update_lrouter_port(context, port, if_exists=if_exists,
2026-07-14 18:54:12.207 9 ERROR neutron_lib.callbacks.manager
File "/var/lib/openstack/lib/python3.10/site-packages/neutron/plugins/ml2/drivers/ovn/mech_driver/ovsdb/ovn_client.py", line 1855, in _update_lrouter_port
2026-07-14 18:54:12.207 9 ERROR neutron_lib.callbacks.manager external_ids = self._nb_idl.db_get(
2026-07-14 18:54:12.207 9 ERROR neutron_lib.callbacks.manager
File "/var/lib/openstack/lib/python3.10/site-packages/ovsdbapp/backend/ovs_idl/command.py", line 47, in execute
2026-07-14 18:54:12.207 9 ERROR neutron_lib.callbacks.manager self.run_idl(None)
2026-07-14 18:54:12.207 9 ERROR neutron_lib.callbacks.manager
File "/var/lib/openstack/lib/python3.10/site-packages/ovsdbapp/backend/ovs_idl/command.py", line 235, in run_idl
2026-07-14 18:54:12.207 9 ERROR neutron_lib.callbacks.manager record = self.api.lookup(self.table, self.record)
2026-07-14 18:54:12.207 9 ERROR neutron_lib.callbacks.manager
File "/var/lib/openstack/lib/python3.10/site-packages/ovsdbapp/backend/ovs_idl/__init__.py", line 184, in lookup
2026-07-14 18:54:12.207 9 ERROR neutron_lib.callbacks.manager return self._lookup(table, record)
2026-07-14 18:54:12.207 9 ERROR neutron_lib.callbacks.manager
File "/var/lib/openstack/lib/python3.10/site-packages/ovsdbapp/backend/ovs_idl/__init__.py", line 235, in _lookup
2026-07-14 18:54:12.207 9 ERROR neutron_lib.callbacks.manager row = idlutils.row_by_value(self, rl.table, rl.column, record)
2026-07-14 18:54:12.207 9 ERROR neutron_lib.callbacks.manager
File "/var/lib/openstack/lib/python3.10/site-packages/ovsdbapp/backend/ovs_idl/idlutils.py", line 114, in row_by_value
2026-07-14 18:54:12.207 9 ERROR neutron_lib.callbacks.manager raise RowNotFound(table=table, col=column, match=match)
2026-07-14 18:54:12.207 9 ERROR neutron_lib.callbacks.manager ovsdbapp.backend.ovs_idl.idlutils.RowNotFound: Cannot find Logical_Router_Port with name=lrp-99eff186-0bf9-4446-bbda-cc62aceea342
2026-07-14 18:54:12.207 9 ERROR neutron_lib.callbacks.manager 
2026-07-14 18:54:12.248 10 INFO neutron.wsgi [req-2bbf4391-9e64-49f7-a9ee-ebed20720111 req-4177a7da-bf3e-4c9a-a3fd-d205af89bb87 a7d0a42cf3eb418db63db859bcefec50 889d449229ae4bdfbf34277e4ebedf2f - - 35ffeaa6bba0459dbb48b49e82dff028 35ffeaa6bba0459dbb48b49e82dff028] 199.19.213.161 "GET /v2.0/networks?id=2aadd748-b16e-462b-8764-89cb721abac3 HTTP/1.1" status: 200 len: 973 time: 0.0892932
2026-07-14 18:54:12.290 10 INFO neutron.wsgi [req-2bbf4391-9e64-49f7-a9ee-ebed20720111 req-cda0c268-4953-4b89-88a8-235b21b780ee a7d0a42cf3eb418db63db859bcefec50 889d449229ae4bdfbf34277e4ebedf2f - - 35ffeaa6bba0459dbb48b49e82dff028 35ffeaa6bba0459dbb48b49e82dff028] 199.19.213.161 "GET /v2.0/floatingips?fixed_ip_address=10.100.0.11&port_id=26a38312-21c5-47ad-ba6e-447eac0c1c6f HTTP/1.1" status: 200 len: 217 time: 0.0331001
2026-07-14 18:54:12.349 10 INFO neutron.wsgi [req-2bbf4391-9e64-49f7-a9ee-ebed20720111 req-c8062bfd-a07c-4289-9f39-b3bd53dd170e a7d0a42cf3eb418db63db859bcefec50 889d449229ae4bdfbf34277e4ebedf2f - - 35ffeaa6bba0459dbb48b49e82dff028 35ffeaa6bba0459dbb48b49e82dff028] 199.19.213.161 "GET /v2.0/subnets?id=5c01e731-8d0c-4f47-8a1f-1201185ca2d6 HTTP/1.1" status: 200 len: 869 time: 0.0497837
2026-07-14 18:54:12.400 10 INFO neutron.wsgi [req-2bbf4391-9e64-49f7-a9ee-ebed20720111 req-0ba2d824-9e3e-4309-ab80-ad2018d5be4b a7d0a42cf3eb418db63db859bcefec50 889d449229ae4bdfbf34277e4ebedf2f - - 35ffeaa6bba0459dbb48b49e82dff028 35ffeaa6bba0459dbb48b49e82dff028] 199.19.213.161 "GET /v2.0/ports?network_id=2aadd748-b16e-462b-8764-89cb721abac3&device_owner=network%3Adhcp HTTP/1.1" status: 200 len: 210 time: 0.0464168
2026-07-14 18:54:12.449 9 INFO neutron.db.ovn_revision_numbers_db [None req-123c00f0-749c-45fb-bd19-4f0644328327 42c5276c71b348a9abacbf421c309197 ff7e564635fa43fa9e2dc3cdab6453c3 - - default default] Successfully bumped revision number for resource bb927109-8bbf-4d55-a9f3-955d074827cb (type: security_groups) to 1
2026-07-14 18:54:12.494 10 INFO neutron.wsgi [req-2bbf4391-9e64-49f7-a9ee-ebed20720111 req-f345d2c3-ad5f-4224-80fc-45d210a9be87 a7d0a42cf3eb418db63db859bcefec50 889d449229ae4bdfbf34277e4ebedf2f - - 35ffeaa6bba0459dbb48b49e82dff028 35ffeaa6bba0459dbb48b49e82dff028] 199.19.213.161 "GET /v2.0/networks/2aadd748-b16e-462b-8764-89cb721abac3?fields=segments HTTP/1.1" status: 200 len: 212 time: 0.0852752
2026-07-14 18:54:12.502 9 INFO neutron.db.ovn_revision_numbers_db [None req-123c00f0-749c-45fb-bd19-4f0644328327 42c5276c71b348a9abacbf421c309197 ff7e564635fa43fa9e2dc3cdab6453c3 - - default default] Successfully bumped revision number for resource 13a1eaf2-0a14-4d5f-b451-29a52b2d42ee (type: security_group_rules) to 0
2026-07-14 18:54:12.539 9 INFO neutron.db.ovn_revision_numbers_db [None req-123c00f0-749c-45fb-bd19-4f0644328327 42c5276c71b348a9abacbf421c309197 ff7e564635fa43fa9e2dc3cdab6453c3 - - default default] Successfully bumped revision number for resource afb98803-536a-467c-9b86-9f602bc8eed7 (type: security_group_rules) to 0
2026-07-14 18:54:12.578 10 INFO neutron.wsgi [req-2bbf4391-9e64-49f7-a9ee-ebed20720111 req-1eb233b7-6084-48bd-9961-69e409b0ed24 a7d0a42cf3eb418db63db859bcefec50 889d449229ae4bdfbf34277e4ebedf2f - - 35ffeaa6bba0459dbb48b49e82dff028 35ffeaa6bba0459dbb48b49e82dff028] 199.19.213.161 "GET /v2.0/networks/2aadd748-b16e-462b-8764-89cb721abac3?fields=provider%3Aphysical_network&fields=provider%3Anetwork_type HTTP/1.1" status: 200 len: 277 time: 0.0780246
