2026-07-14 18:53:28.525 10 INFO neutron.wsgi [None req-e71aa830-3769-4af3-9e62-edc5cb16c7ad 42c5276c71b348a9abacbf421c309197 ff7e564635fa43fa9e2dc3cdab6453c3 - - default default] 10.0.0.110 "POST /v2.0/routers HTTP/1.1" status: 201 len: 1167 time: 2.4511418
2026-07-14 18:53:28.555 10 INFO neutron.wsgi [None req-2ca48748-00ab-458e-9835-c2f86272d598 42c5276c71b348a9abacbf421c309197 ff7e564635fa43fa9e2dc3cdab6453c3 - - default default] 10.0.0.247 "GET /v2.0/routers HTTP/1.1" status: 200 len: 3084 time: 0.4477651
2026-07-14 18:53:28.655 10 INFO neutron.wsgi [None req-046cc090-e8a4-460d-aad0-65fc48f9e92d 42c5276c71b348a9abacbf421c309197 ff7e564635fa43fa9e2dc3cdab6453c3 - - default default] 10.0.0.247 "GET /v2.0/agents?binary=ovn-controller HTTP/1.1" status: 200 len: 591 time: 0.0980337
2026-07-14 18:53:28.688 10 INFO neutron.wsgi [None req-668716b7-5e6b-48c4-9cf5-1f5fb85d3d59 42c5276c71b348a9abacbf421c309197 ff7e564635fa43fa9e2dc3cdab6453c3 - - default default] 10.0.0.247 "GET /v2.0/network-ip-availabilities HTTP/1.1" status: 200 len: 3435 time: 0.0288858
2026-07-14 18:53:28.802 10 INFO neutron.wsgi [None req-59347bbf-2a33-4f47-bda7-49240369fd35 42c5276c71b348a9abacbf421c309197 ff7e564635fa43fa9e2dc3cdab6453c3 - - default default] 10.0.0.247 "GET /v2.0/security-groups HTTP/1.1" status: 200 len: 32058 time: 0.1056471
2026-07-14 18:53:28.931 10 INFO neutron.wsgi [None req-46b22aa2-dbb0-4053-91f4-562080abe54e 42c5276c71b348a9abacbf421c309197 ff7e564635fa43fa9e2dc3cdab6453c3 - - default default] 10.0.0.247 "GET /v2.0/subnets HTTP/1.1" status: 200 len: 4065 time: 0.1167831
2026-07-14 18:53:28.951 10 INFO neutron.wsgi [None req-41aadd77-9191-4e31-98ca-64e7bbf479a3 42c5276c71b348a9abacbf421c309197 ff7e564635fa43fa9e2dc3cdab6453c3 - - default default] 10.0.0.247 "GET /v2.0/agents HTTP/1.1" status: 200 len: 1390 time: 0.0175090
2026-07-14 18:53:29.064 10 WARNING neutron.scheduler.dhcp_agent_scheduler [None req-dfadd255-c55d-4b8c-a905-9070fdf51f9e a55fe642b7804a0491787826f1f6a82e 5fab96d0a42845eda939ebb4530a47a9 - - default default] No more DHCP agents
2026-07-14 18:53:29.070 10 WARNING neutron.api.rpc.agentnotifiers.dhcp_rpc_agent_api [None req-dfadd255-c55d-4b8c-a905-9070fdf51f9e a55fe642b7804a0491787826f1f6a82e 5fab96d0a42845eda939ebb4530a47a9 - - default default] Unable to schedule network 5ec80b9a-991c-4b00-9dfe-588df48e4792: no agents available; will retry on subsequent port and subnet creation events.
2026-07-14 18:53:29.076 10 INFO neutron.wsgi [None req-ee8185ea-458c-461a-9b48-821eec70cfdc 42c5276c71b348a9abacbf421c309197 ff7e564635fa43fa9e2dc3cdab6453c3 - - default default] 10.0.0.247 "GET /v2.0/floatingips HTTP/1.1" status: 200 len: 1035 time: 0.1202757
2026-07-14 18:53:29.208 10 INFO neutron.wsgi [None req-e1948a50-edf8-41b3-ae20-d8bb93480db1 42c5276c71b348a9abacbf421c309197 ff7e564635fa43fa9e2dc3cdab6453c3 - - default default] 10.0.0.247 "GET /v2.0/ports HTTP/1.1" status: 200 len: 16749 time: 0.1172607
2026-07-14 18:53:29.211 10 INFO neutron.db.ovn_revision_numbers_db [None req-dfadd255-c55d-4b8c-a905-9070fdf51f9e a55fe642b7804a0491787826f1f6a82e 5fab96d0a42845eda939ebb4530a47a9 - - default default] Successfully bumped revision number for resource 9c67019a-3e13-4520-817b-b917a2bfa316 (type: subnets) to 0
2026-07-14 18:53:29.245 10 INFO neutron.wsgi [None req-dfadd255-c55d-4b8c-a905-9070fdf51f9e a55fe642b7804a0491787826f1f6a82e 5fab96d0a42845eda939ebb4530a47a9 - - default default] 10.0.0.110 "POST /v2.0/subnets HTTP/1.1" status: 201 len: 821 time: 1.0793083
2026-07-14 18:53:29.254 9 WARNING neutron.scheduler.dhcp_agent_scheduler [None req-f86a2c66-29cf-4ef1-925f-89be2d1f96b5 42c5276c71b348a9abacbf421c309197 ff7e564635fa43fa9e2dc3cdab6453c3 - - default default] No more DHCP agents
2026-07-14 18:53:29.259 9 WARNING neutron.api.rpc.agentnotifiers.dhcp_rpc_agent_api [None req-f86a2c66-29cf-4ef1-925f-89be2d1f96b5 42c5276c71b348a9abacbf421c309197 ff7e564635fa43fa9e2dc3cdab6453c3 - - default default] Unable to schedule network e4f09e0f-ee4c-42d7-bcb0-5ee6378c9717: no agents available; will retry on subsequent port and subnet creation events.
2026-07-14 18:53:29.296 10 INFO neutron.wsgi [None req-76657b24-83d3-43ed-9331-c630e27afbf5 42c5276c71b348a9abacbf421c309197 ff7e564635fa43fa9e2dc3cdab6453c3 - - default default] 10.0.0.247 "GET /v2.0/subnets HTTP/1.1" status: 200 len: 4695 time: 0.0712519
2026-07-14 18:53:29.314 10 INFO neutron.wsgi [None req-801a1604-24ba-4477-98b7-312b23b9556b 42c5276c71b348a9abacbf421c309197 ff7e564635fa43fa9e2dc3cdab6453c3 - - default default] 10.0.0.247 "GET /v2.0/subnetpools HTTP/1.1" status: 200 len: 193 time: 0.0157888
2026-07-14 18:53:29.713 10 INFO neutron.db.ovn_revision_numbers_db [None req-68f97aa8-0195-4ef2-b4fe-59f2e526e5a2 - - - - - -] Successfully bumped revision number for resource fdefc223-3fb3-434c-b67d-18c9bf684ad8 (type: ports) to 1
2026-07-14 18:53:29.750 9 INFO neutron.db.ovn_revision_numbers_db [None req-f86a2c66-29cf-4ef1-925f-89be2d1f96b5 42c5276c71b348a9abacbf421c309197 ff7e564635fa43fa9e2dc3cdab6453c3 - - default default] Successfully bumped revision number for resource e5acf97c-89e9-4bd0-985f-5ee63e23e619 (type: ports) to 1
2026-07-14 18:53:30.397 9 INFO neutron.wsgi [None req-8a5518da-f7e1-4408-be5c-e4ef9452b5e5 42c5276c71b348a9abacbf421c309197 ff7e564635fa43fa9e2dc3cdab6453c3 - - default default] 10.0.0.110 "PUT /v2.0/routers/b89b9adb-67b4-4ae5-bc79-3f84212699d7/remove_router_interface HTTP/1.1" status: 200 len: 503 time: 1.9884577
2026-07-14 18:53:30.541 9 ERROR ovsdbapp.backend.ovs_idl.command [None req-f86a2c66-29cf-4ef1-925f-89be2d1f96b5 42c5276c71b348a9abacbf421c309197 ff7e564635fa43fa9e2dc3cdab6453c3 - - default default] Error executing command (DbGetCommand): ovsdbapp.backend.ovs_idl.idlutils.RowNotFound: Cannot find Logical_Router_Port with name=lrp-e5acf97c-89e9-4bd0-985f-5ee63e23e619
2026-07-14 18:53:30.541 9 ERROR ovsdbapp.backend.ovs_idl.command
Traceback (most recent call last):
2026-07-14 18:53:30.541 9 ERROR ovsdbapp.backend.ovs_idl.command
File "/var/lib/openstack/lib/python3.10/site-packages/ovsdbapp/backend/ovs_idl/command.py", line 47, in execute
2026-07-14 18:53:30.541 9 ERROR ovsdbapp.backend.ovs_idl.command self.run_idl(None)
2026-07-14 18:53:30.541 9 ERROR ovsdbapp.backend.ovs_idl.command
File "/var/lib/openstack/lib/python3.10/site-packages/ovsdbapp/backend/ovs_idl/command.py", line 235, in run_idl
2026-07-14 18:53:30.541 9 ERROR ovsdbapp.backend.ovs_idl.command record = self.api.lookup(self.table, self.record)
2026-07-14 18:53:30.541 9 ERROR ovsdbapp.backend.ovs_idl.command
File "/var/lib/openstack/lib/python3.10/site-packages/ovsdbapp/backend/ovs_idl/__init__.py", line 184, in lookup
2026-07-14 18:53:30.541 9 ERROR ovsdbapp.backend.ovs_idl.command return self._lookup(table, record)
2026-07-14 18:53:30.541 9 ERROR ovsdbapp.backend.ovs_idl.command
File "/var/lib/openstack/lib/python3.10/site-packages/ovsdbapp/backend/ovs_idl/__init__.py", line 235, in _lookup
2026-07-14 18:53:30.541 9 ERROR ovsdbapp.backend.ovs_idl.command row = idlutils.row_by_value(self, rl.table, rl.column, record)
2026-07-14 18:53:30.541 9 ERROR ovsdbapp.backend.ovs_idl.command
File "/var/lib/openstack/lib/python3.10/site-packages/ovsdbapp/backend/ovs_idl/idlutils.py", line 114, in row_by_value
2026-07-14 18:53:30.541 9 ERROR ovsdbapp.backend.ovs_idl.command raise RowNotFound(table=table, col=column, match=match)
2026-07-14 18:53:30.541 9 ERROR ovsdbapp.backend.ovs_idl.command ovsdbapp.backend.ovs_idl.idlutils.RowNotFound: Cannot find Logical_Router_Port with name=lrp-e5acf97c-89e9-4bd0-985f-5ee63e23e619
2026-07-14 18:53:30.541 9 ERROR ovsdbapp.backend.ovs_idl.command 
2026-07-14 18:53:30.542 9 ERROR neutron_lib.callbacks.manager [None req-f86a2c66-29cf-4ef1-925f-89be2d1f96b5 42c5276c71b348a9abacbf421c309197 ff7e564635fa43fa9e2dc3cdab6453c3 - - default default] Error during notification for neutron.services.ovn_l3.plugin.OVNL3RouterPlugin._port_update-8746044657382 port, after_update: ovsdbapp.backend.ovs_idl.idlutils.RowNotFound: Cannot find Logical_Router_Port with name=lrp-e5acf97c-89e9-4bd0-985f-5ee63e23e619
2026-07-14 18:53:30.542 9 ERROR neutron_lib.callbacks.manager
Traceback (most recent call last):
2026-07-14 18:53:30.542 9 ERROR neutron_lib.callbacks.manager
File "/var/lib/openstack/lib/python3.10/site-packages/neutron_lib/callbacks/manager.py", line 189, in _notify_loop
2026-07-14 18:53:30.542 9 ERROR neutron_lib.callbacks.manager callback.method(resource, event, trigger, payload=payload)
2026-07-14 18:53:30.542 9 ERROR neutron_lib.callbacks.manager
File "/var/lib/openstack/lib/python3.10/site-packages/neutron/services/ovn_l3/plugin.py", line 391, in _port_update
2026-07-14 18:53:30.542 9 ERROR neutron_lib.callbacks.manager l3plugin._ovn_client.update_router_port(context,
2026-07-14 18:53:30.542 9 ERROR neutron_lib.callbacks.manager
File "/var/lib/openstack/lib/python3.10/site-packages/neutron/plugins/ml2/drivers/ovn/mech_driver/ovsdb/ovn_client.py", line 1878, in update_router_port
2026-07-14 18:53:30.542 9 ERROR neutron_lib.callbacks.manager self._update_lrouter_port(context, port, if_exists=if_exists,
2026-07-14 18:53:30.542 9 ERROR neutron_lib.callbacks.manager
File "/var/lib/openstack/lib/python3.10/site-packages/neutron/plugins/ml2/drivers/ovn/mech_driver/ovsdb/ovn_client.py", line 1855, in _update_lrouter_port
2026-07-14 18:53:30.542 9 ERROR neutron_lib.callbacks.manager external_ids = self._nb_idl.db_get(
2026-07-14 18:53:30.542 9 ERROR neutron_lib.callbacks.manager
File "/var/lib/openstack/lib/python3.10/site-packages/ovsdbapp/backend/ovs_idl/command.py", line 47, in execute
2026-07-14 18:53:30.542 9 ERROR neutron_lib.callbacks.manager self.run_idl(None)
2026-07-14 18:53:30.542 9 ERROR neutron_lib.callbacks.manager
File "/var/lib/openstack/lib/python3.10/site-packages/ovsdbapp/backend/ovs_idl/command.py", line 235, in run_idl
2026-07-14 18:53:30.542 9 ERROR neutron_lib.callbacks.manager record = self.api.lookup(self.table, self.record)
2026-07-14 18:53:30.542 9 ERROR neutron_lib.callbacks.manager
File "/var/lib/openstack/lib/python3.10/site-packages/ovsdbapp/backend/ovs_idl/__init__.py", line 184, in lookup
2026-07-14 18:53:30.542 9 ERROR neutron_lib.callbacks.manager return self._lookup(table, record)
2026-07-14 18:53:30.542 9 ERROR neutron_lib.callbacks.manager
File "/var/lib/openstack/lib/python3.10/site-packages/ovsdbapp/backend/ovs_idl/__init__.py", line 235, in _lookup
2026-07-14 18:53:30.542 9 ERROR neutron_lib.callbacks.manager row = idlutils.row_by_value(self, rl.table, rl.column, record)
2026-07-14 18:53:30.542 9 ERROR neutron_lib.callbacks.manager
File "/var/lib/openstack/lib/python3.10/site-packages/ovsdbapp/backend/ovs_idl/idlutils.py", line 114, in row_by_value
2026-07-14 18:53:30.542 9 ERROR neutron_lib.callbacks.manager raise RowNotFound(table=table, col=column, match=match)
2026-07-14 18:53:30.542 9 ERROR neutron_lib.callbacks.manager ovsdbapp.backend.ovs_idl.idlutils.RowNotFound: Cannot find Logical_Router_Port with name=lrp-e5acf97c-89e9-4bd0-985f-5ee63e23e619
2026-07-14 18:53:30.542 9 ERROR neutron_lib.callbacks.manager 
2026-07-14 18:53:30.584 10 INFO neutron.db.ovn_revision_numbers_db [None req-68f97aa8-0195-4ef2-b4fe-59f2e526e5a2 - - - - - -] Successfully bumped revision number for resource fdefc223-3fb3-434c-b67d-18c9bf684ad8 (type: router_ports) to 3
2026-07-14 18:53:30.640 10 INFO neutron.db.ovn_revision_numbers_db [None req-2a261be5-e2ee-444c-be33-bedb086c9dd8 a55fe642b7804a0491787826f1f6a82e 5fab96d0a42845eda939ebb4530a47a9 - - default default] Successfully bumped revision number for resource 3c2da076-9557-4b4c-8b4e-e44268520164 (type: ports) to 2
2026-07-14 18:53:30.760 10 INFO neutron.db.ovn_revision_numbers_db [None req-2a261be5-e2ee-444c-be33-bedb086c9dd8 a55fe642b7804a0491787826f1f6a82e 5fab96d0a42845eda939ebb4530a47a9 - - default default] Successfully bumped revision number for resource 9c67019a-3e13-4520-817b-b917a2bfa316 (type: subnets) to 1
2026-07-14 18:53:30.765 10 INFO neutron.wsgi [None req-2a261be5-e2ee-444c-be33-bedb086c9dd8 a55fe642b7804a0491787826f1f6a82e 5fab96d0a42845eda939ebb4530a47a9 - - default default] 10.0.0.110 "PUT /v2.0/subnets/9c67019a-3e13-4520-817b-b917a2bfa316 HTTP/1.1" status: 200 len: 826 time: 1.5125856 /var/lib/openstack/lib/python3.10/site-packages/pycadf/identifier.py:71: UserWarning: Invalid uuid: neutron. To ensure interoperability, identifiers should be a valid uuid. warnings.warn(('Invalid uuid: %s. To ensure interoperability, '
2026-07-14 18:53:30.788 9 INFO neutron.plugins.ml2.drivers.ovn.mech_driver.mech_driver [None req-b3893bc5-85d2-406f-b2ce-5ab6e62dbb5a - - - - - -] OVN reports status up for port: e5acf97c-89e9-4bd0-985f-5ee63e23e619
2026-07-14 18:53:30.817 9 INFO neutron.plugins.ml2.plugin [None req-b3893bc5-85d2-406f-b2ce-5ab6e62dbb5a - - - - - -] Attempt 1 to provision port e5acf97c-89e9-4bd0-985f-5ee63e23e619
2026-07-14 18:53:30.846 9 INFO neutron.db.ovn_revision_numbers_db [None req-f86a2c66-29cf-4ef1-925f-89be2d1f96b5 42c5276c71b348a9abacbf421c309197 ff7e564635fa43fa9e2dc3cdab6453c3 - - default default] Successfully bumped revision number for resource e5acf97c-89e9-4bd0-985f-5ee63e23e619 (type: ports) to 1
2026-07-14 18:53:30.990 9 WARNING neutron.scheduler.dhcp_agent_scheduler [None req-f86a2c66-29cf-4ef1-925f-89be2d1f96b5 42c5276c71b348a9abacbf421c309197 ff7e564635fa43fa9e2dc3cdab6453c3 - - default default] No more DHCP agents
2026-07-14 18:53:30.997 9 WARNING neutron.api.rpc.agentnotifiers.dhcp_rpc_agent_api [None req-f86a2c66-29cf-4ef1-925f-89be2d1f96b5 42c5276c71b348a9abacbf421c309197 ff7e564635fa43fa9e2dc3cdab6453c3 - - default default] Unable to schedule network e4f09e0f-ee4c-42d7-bcb0-5ee6378c9717: no agents available; will retry on subsequent port and subnet creation events.
2026-07-14 18:53:31.044 10 INFO neutron.db.ovn_revision_numbers_db [None req-68f97aa8-0195-4ef2-b4fe-59f2e526e5a2 - - - - - -] Successfully bumped revision number for resource fdefc223-3fb3-434c-b67d-18c9bf684ad8 (type: ports) to 2
2026-07-14 18:53:31.883 9 INFO neutron.db.ovn_revision_numbers_db [None req-b3893bc5-85d2-406f-b2ce-5ab6e62dbb5a - - - - - -] Successfully bumped revision number for resource e5acf97c-89e9-4bd0-985f-5ee63e23e619 (type: ports) to 2
2026-07-14 18:53:31.933 10 INFO neutron.db.ovn_revision_numbers_db [None req-68f97aa8-0195-4ef2-b4fe-59f2e526e5a2 - - - - - -] Successfully bumped revision number for resource fdefc223-3fb3-434c-b67d-18c9bf684ad8 (type: ports) to 4
2026-07-14 18:53:32.002 10 INFO neutron.wsgi [None req-17a460ff-050a-455a-90cf-c58b9b7de72c 42c5276c71b348a9abacbf421c309197 ff7e564635fa43fa9e2dc3cdab6453c3 - - default default] 10.0.0.110 "DELETE /v2.0/routers/b89b9adb-67b4-4ae5-bc79-3f84212699d7 HTTP/1.1" status: 204 len: 168 time: 1.5979090
2026-07-14 18:53:32.121 9 INFO neutron.services.segments.plugin [-] Segment a0f9dd77-78e6-4e4c-8cd4-a425086bb836 resource provider aggregate not found
2026-07-14 18:53:32.125 9 INFO neutron.services.segments.plugin [-] Segment a0f9dd77-78e6-4e4c-8cd4-a425086bb836 resource provider aggregate not found
2026-07-14 18:53:32.132 9 ERROR ovsdbapp.backend.ovs_idl.command [None req-b3893bc5-85d2-406f-b2ce-5ab6e62dbb5a - - - - - -] Error executing command (DbGetCommand): ovsdbapp.backend.ovs_idl.idlutils.RowNotFound: Cannot find Logical_Router_Port with name=lrp-e5acf97c-89e9-4bd0-985f-5ee63e23e619
2026-07-14 18:53:32.132 9 ERROR ovsdbapp.backend.ovs_idl.command
Traceback (most recent call last):
2026-07-14 18:53:32.132 9 ERROR ovsdbapp.backend.ovs_idl.command
File "/var/lib/openstack/lib/python3.10/site-packages/ovsdbapp/backend/ovs_idl/command.py", line 47, in execute
2026-07-14 18:53:32.132 9 ERROR ovsdbapp.backend.ovs_idl.command self.run_idl(None)
2026-07-14 18:53:32.132 9 ERROR ovsdbapp.backend.ovs_idl.command
File "/var/lib/openstack/lib/python3.10/site-packages/ovsdbapp/backend/ovs_idl/command.py", line 235, in run_idl
2026-07-14 18:53:32.132 9 ERROR ovsdbapp.backend.ovs_idl.command record = self.api.lookup(self.table, self.record)
2026-07-14 18:53:32.132 9 ERROR ovsdbapp.backend.ovs_idl.command
File "/var/lib/openstack/lib/python3.10/site-packages/ovsdbapp/backend/ovs_idl/__init__.py", line 184, in lookup
2026-07-14 18:53:32.132 9 ERROR ovsdbapp.backend.ovs_idl.command return self._lookup(table, record)
2026-07-14 18:53:32.132 9 ERROR ovsdbapp.backend.ovs_idl.command
File "/var/lib/openstack/lib/python3.10/site-packages/ovsdbapp/backend/ovs_idl/__init__.py", line 235, in _lookup
2026-07-14 18:53:32.132 9 ERROR ovsdbapp.backend.ovs_idl.command row = idlutils.row_by_value(self, rl.table, rl.column, record)
2026-07-14 18:53:32.132 9 ERROR ovsdbapp.backend.ovs_idl.command
File "/var/lib/openstack/lib/python3.10/site-packages/ovsdbapp/backend/ovs_idl/idlutils.py", line 114, in row_by_value
2026-07-14 18:53:32.132 9 ERROR ovsdbapp.backend.ovs_idl.command raise RowNotFound(table=table, col=column, match=match)
2026-07-14 18:53:32.132 9 ERROR ovsdbapp.backend.ovs_idl.command ovsdbapp.backend.ovs_idl.idlutils.RowNotFound: Cannot find Logical_Router_Port with name=lrp-e5acf97c-89e9-4bd0-985f-5ee63e23e619
2026-07-14 18:53:32.132 9 ERROR ovsdbapp.backend.ovs_idl.command 
2026-07-14 18:53:32.133 9 ERROR neutron_lib.callbacks.manager [None req-b3893bc5-85d2-406f-b2ce-5ab6e62dbb5a - - - - - -] Error during notification for neutron.services.ovn_l3.plugin.OVNL3RouterPlugin._port_update-8746044657382 port, after_update: ovsdbapp.backend.ovs_idl.idlutils.RowNotFound: Cannot find Logical_Router_Port with name=lrp-e5acf97c-89e9-4bd0-985f-5ee63e23e619
2026-07-14 18:53:32.133 9 ERROR neutron_lib.callbacks.manager
Traceback (most recent call last):
2026-07-14 18:53:32.133 9 ERROR neutron_lib.callbacks.manager
File "/var/lib/openstack/lib/python3.10/site-packages/neutron_lib/callbacks/manager.py", line 189, in _notify_loop
2026-07-14 18:53:32.133 9 ERROR neutron_lib.callbacks.manager callback.method(resource, event, trigger, payload=payload)
2026-07-14 18:53:32.133 9 ERROR neutron_lib.callbacks.manager
File "/var/lib/openstack/lib/python3.10/site-packages/neutron/services/ovn_l3/plugin.py", line 391, in _port_update
2026-07-14 18:53:32.133 9 ERROR neutron_lib.callbacks.manager l3plugin._ovn_client.update_router_port(context,
2026-07-14 18:53:32.133 9 ERROR neutron_lib.callbacks.manager
File "/var/lib/openstack/lib/python3.10/site-packages/neutron/plugins/ml2/drivers/ovn/mech_driver/ovsdb/ovn_client.py", line 1878, in update_router_port
2026-07-14 18:53:32.133 9 ERROR neutron_lib.callbacks.manager self._update_lrouter_port(context, port, if_exists=if_exists,
2026-07-14 18:53:32.133 9 ERROR neutron_lib.callbacks.manager
File "/var/lib/openstack/lib/python3.10/site-packages/neutron/plugins/ml2/drivers/ovn/mech_driver/ovsdb/ovn_client.py", line 1855, in _update_lrouter_port
2026-07-14 18:53:32.133 9 ERROR neutron_lib.callbacks.manager external_ids = self._nb_idl.db_get(
2026-07-14 18:53:32.133 9 ERROR neutron_lib.callbacks.manager
File "/var/lib/openstack/lib/python3.10/site-packages/ovsdbapp/backend/ovs_idl/command.py", line 47, in execute
2026-07-14 18:53:32.133 9 ERROR neutron_lib.callbacks.manager self.run_idl(None)
2026-07-14 18:53:32.133 9 ERROR neutron_lib.callbacks.manager
File "/var/lib/openstack/lib/python3.10/site-packages/ovsdbapp/backend/ovs_idl/command.py", line 235, in run_idl
2026-07-14 18:53:32.133 9 ERROR neutron_lib.callbacks.manager record = self.api.lookup(self.table, self.record)
2026-07-14 18:53:32.133 9 ERROR neutron_lib.callbacks.manager
File "/var/lib/openstack/lib/python3.10/site-packages/ovsdbapp/backend/ovs_idl/__init__.py", line 184, in lookup
2026-07-14 18:53:32.133 9 ERROR neutron_lib.callbacks.manager return self._lookup(table, record)
2026-07-14 18:53:32.133 9 ERROR neutron_lib.callbacks.manager
File "/var/lib/openstack/lib/python3.10/site-packages/ovsdbapp/backend/ovs_idl/__init__.py", line 235, in _lookup
2026-07-14 18:53:32.133 9 ERROR neutron_lib.callbacks.manager row = idlutils.row_by_value(self, rl.table, rl.column, record)
2026-07-14 18:53:32.133 9 ERROR neutron_lib.callbacks.manager
File "/var/lib/openstack/lib/python3.10/site-packages/ovsdbapp/backend/ovs_idl/idlutils.py", line 114, in row_by_value
2026-07-14 18:53:32.133 9 ERROR neutron_lib.callbacks.manager raise RowNotFound(table=table, col=column, match=match)
2026-07-14 18:53:32.133 9 ERROR neutron_lib.callbacks.manager ovsdbapp.backend.ovs_idl.idlutils.RowNotFound: Cannot find Logical_Router_Port with name=lrp-e5acf97c-89e9-4bd0-985f-5ee63e23e619
2026-07-14 18:53:32.133 9 ERROR neutron_lib.callbacks.manager 
2026-07-14 18:53:32.138 9 INFO neutron.services.segments.plugin [-] Segment a0f9dd77-78e6-4e4c-8cd4-a425086bb836 resource provider not found; error: Placement Client Error (4xx): {"errors": [{"status": 404, "title": "Not Found", "detail": "The resource could not be found.\n\n No resource provider with uuid a0f9dd77-78e6-4e4c-8cd4-a425086bb836 found for delete ", "request_id": "req-7ec67be5-3f2d-413f-bdfb-4d37c486edea"}]}
2026-07-14 18:53:32.158 9 INFO neutron.services.segments.plugin [-] Segment a0f9dd77-78e6-4e4c-8cd4-a425086bb836 resource provider not found; error: Placement Client Error (4xx): {"errors": [{"status": 404, "title": "Not Found", "detail": "The resource could not be found.\n\n No resource provider with uuid a0f9dd77-78e6-4e4c-8cd4-a425086bb836 found for delete ", "request_id": "req-dc60a0cc-ad56-4f10-8034-eca0866d9be8"}]}
2026-07-14 18:53:32.173 9 INFO neutron.wsgi [None req-5997439d-d803-4687-af0a-fdabf85cb693 a55fe642b7804a0491787826f1f6a82e 5fab96d0a42845eda939ebb4530a47a9 - - default default] 10.0.0.110 "DELETE /v2.0/networks/5ec80b9a-991c-4b00-9dfe-588df48e4792 HTTP/1.1" status: 204 len: 168 time: 1.4035432
2026-07-14 18:53:32.221 10 INFO neutron.pecan_wsgi.hooks.translation [None req-184222f6-dff4-41a9-9524-de319a10afea a55fe642b7804a0491787826f1f6a82e 5fab96d0a42845eda939ebb4530a47a9 - - default default] DELETE failed (client error): The resource could not be found.
2026-07-14 18:53:32.224 10 INFO neutron.wsgi [None req-184222f6-dff4-41a9-9524-de319a10afea a55fe642b7804a0491787826f1f6a82e 5fab96d0a42845eda939ebb4530a47a9 - - default default] 10.0.0.110 "DELETE /v2.0/networks/5ec80b9a-991c-4b00-9dfe-588df48e4792 HTTP/1.1" status: 404 len: 339 time: 0.0453858
2026-07-14 18:53:32.347 10 INFO neutron.db.ovn_revision_numbers_db [None req-68f97aa8-0195-4ef2-b4fe-59f2e526e5a2 - - - - - -] Successfully bumped revision number for resource fdefc223-3fb3-434c-b67d-18c9bf684ad8 (type: router_ports) to 4
2026-07-14 18:53:32.351 10 INFO neutron.wsgi [None req-5256d01a-4e42-4d91-97fe-7211516f126a 42c5276c71b348a9abacbf421c309197 ff7e564635fa43fa9e2dc3cdab6453c3 - - default default] 10.0.0.110 "DELETE /v2.0/subnets/e8c31490-736d-4a69-819d-0d13ec04e22c HTTP/1.1" status: 204 len: 168 time: 0.3419955
2026-07-14 18:53:32.378 9 INFO neutron.wsgi [None req-3d18ebef-0b45-405a-9283-f4ea1dcd906f a55fe642b7804a0491787826f1f6a82e 5fab96d0a42845eda939ebb4530a47a9 - - default default] 10.0.0.110 "GET /v2.0/networks?router%3Aexternal=True HTTP/1.1" status: 200 len: 845 time: 0.1437502
2026-07-14 18:53:32.443 9 INFO neutron.wsgi [None req-603b0805-97be-4dc6-9fe1-05ba8f4fcc32 a55fe642b7804a0491787826f1f6a82e 5fab96d0a42845eda939ebb4530a47a9 - - default default] 10.0.0.110 "GET /v2.0/subnets?network_id=042559a0-e9f8-4ebe-aef7-fc562a7ceb78 HTTP/1.1" status: 200 len: 820 time: 0.0595179
2026-07-14 18:53:32.455 9 INFO neutron.db.ovn_revision_numbers_db [None req-f86a2c66-29cf-4ef1-925f-89be2d1f96b5 42c5276c71b348a9abacbf421c309197 ff7e564635fa43fa9e2dc3cdab6453c3 - - default default] Successfully bumped revision number for resource e5acf97c-89e9-4bd0-985f-5ee63e23e619 (type: router_ports) to 1
2026-07-14 18:53:32.459 10 INFO neutron.wsgi [None req-bc6334dd-4cf2-48e6-bb5d-b69b1541ac4c a55fe642b7804a0491787826f1f6a82e 5fab96d0a42845eda939ebb4530a47a9 - - default default] 10.0.0.110 "GET /v2.0/extensions HTTP/1.1" status: 200 len: 18678 time: 0.0100825
2026-07-14 18:53:32.462 9 INFO neutron.wsgi [None req-f86a2c66-29cf-4ef1-925f-89be2d1f96b5 42c5276c71b348a9abacbf421c309197 ff7e564635fa43fa9e2dc3cdab6453c3 - - default default] 10.0.0.110 "PUT /v2.0/routers/5eadd8dc-aa63-4656-927c-8e4de9bfb69a/add_router_interface HTTP/1.1" status: 200 len: 503 time: 3.9305918
2026-07-14 18:53:32.604 10 INFO neutron.wsgi [None req-1dda6d4d-99b4-4a04-92ed-cec7468fd3b4 a55fe642b7804a0491787826f1f6a82e 5fab96d0a42845eda939ebb4530a47a9 - - default default] 10.0.0.110 "GET /v2.0/networks HTTP/1.1" status: 200 len: 1508 time: 0.1369252
2026-07-14 18:53:32.667 9 INFO neutron.wsgi [None req-850fb6f2-504c-4be2-bc30-03ef198ebf06 a55fe642b7804a0491787826f1f6a82e 5fab96d0a42845eda939ebb4530a47a9 - - default default] 10.0.0.110 "GET /v2.0/subnets HTTP/1.1" status: 200 len: 1460 time: 0.0577631
2026-07-14 18:53:32.770 9 INFO neutron.wsgi [None req-00754cec-b448-4e42-9c24-5c4eafcd50e3 a55fe642b7804a0491787826f1f6a82e 5fab96d0a42845eda939ebb4530a47a9 - - default default] 10.0.0.110 "GET /v2.0/networks/350ba39e-306d-4a6d-bc5c-6119a2988929 HTTP/1.1" status: 200 len: 867 time: 0.0930490
2026-07-14 18:53:32.835 9 INFO neutron.wsgi [None req-1226fd5a-5c3a-4f76-953b-e4a88f873713 a55fe642b7804a0491787826f1f6a82e 5fab96d0a42845eda939ebb4530a47a9 - - default default] 10.0.0.110 "GET /v2.0/subnets/1e874396-1b69-499f-a415-9c9737078c7c HTTP/1.1" status: 200 len: 843 time: 0.0549099
2026-07-14 18:53:32.872 10 INFO neutron.pecan_wsgi.hooks.translation [None req-87ebe14d-9ede-4c6f-8e27-9507c41738f2 a55fe642b7804a0491787826f1f6a82e 5fab96d0a42845eda939ebb4530a47a9 - - default default] DELETE failed (client error): The resource could not be found.
2026-07-14 18:53:32.876 10 INFO neutron.wsgi [None req-87ebe14d-9ede-4c6f-8e27-9507c41738f2 a55fe642b7804a0491787826f1f6a82e 5fab96d0a42845eda939ebb4530a47a9 - - default default] 10.0.0.110 "DELETE /v2.0/subnets/9c67019a-3e13-4520-817b-b917a2bfa316 HTTP/1.1" status: 404 len: 337 time: 0.0316763
2026-07-14 18:53:32.900 9 INFO neutron.pecan_wsgi.hooks.translation [None req-b91ed1f8-703f-48dd-8827-dd5af152d301 a55fe642b7804a0491787826f1f6a82e 5fab96d0a42845eda939ebb4530a47a9 - - default default] DELETE failed (client error): The resource could not be found.
2026-07-14 18:53:32.903 9 INFO neutron.wsgi [None req-b91ed1f8-703f-48dd-8827-dd5af152d301 a55fe642b7804a0491787826f1f6a82e 5fab96d0a42845eda939ebb4530a47a9 - - default default] 10.0.0.110 "DELETE /v2.0/networks/5ec80b9a-991c-4b00-9dfe-588df48e4792 HTTP/1.1" status: 404 len: 339 time: 0.0215261
2026-07-14 18:53:32.942 10 INFO neutron.services.segments.plugin [-] Segment 2ee022cc-8280-4dbd-a688-42e19cac46a4 resource provider aggregate not found
2026-07-14 18:53:32.948 10 INFO neutron.services.segments.plugin [-] Segment 2ee022cc-8280-4dbd-a688-42e19cac46a4 resource provider aggregate not found
2026-07-14 18:53:32.958 10 INFO neutron.services.segments.plugin [-] Segment 2ee022cc-8280-4dbd-a688-42e19cac46a4 resource provider not found; error: Placement Client Error (4xx): {"errors": [{"status": 404, "title": "Not Found", "detail": "The resource could not be found.\n\n No resource provider with uuid 2ee022cc-8280-4dbd-a688-42e19cac46a4 found for delete ", "request_id": "req-bd7506fa-5bc2-473f-8f4c-c7aa9c5ac3ed"}]}
2026-07-14 18:53:32.976 10 INFO neutron.services.segments.plugin [-] Segment 2ee022cc-8280-4dbd-a688-42e19cac46a4 resource provider not found; error: Placement Client Error (4xx): {"errors": [{"status": 404, "title": "Not Found", "detail": "The resource could not be found.\n\n No resource provider with uuid 2ee022cc-8280-4dbd-a688-42e19cac46a4 found for delete ", "request_id": "req-e00d388a-7346-4900-94b5-db58122bfbc0"}]}
2026-07-14 18:53:32.983 10 INFO neutron.wsgi [None req-44f50eaa-e3db-405d-90bb-1097c023c895 42c5276c71b348a9abacbf421c309197 ff7e564635fa43fa9e2dc3cdab6453c3 - - default default] 10.0.0.110 "DELETE /v2.0/networks/ee26e1ae-dfe5-4bc3-8aa9-8a2c6bfd9c77 HTTP/1.1" status: 204 len: 168 time: 0.6252635
2026-07-14 18:53:33.030 10 WARNING neutron_lib.context [None req-011014c5-7f34-40d5-8b13-1995c2f64eb2 821d2ceaac2a4773abb7a6e6d5b1f6fe e399179270fa4d40b9d7560c5c7efd64 - - default default] Method 'is_advsvc' is deprecated since 2023.2 release (neutron-lib 3.8.0) and will be removed once support for the old RBAC API policies will be removed from Neutron. Please use method 'is_service_role' instead.
2026-07-14 18:53:33.040 9 INFO neutron.wsgi [req-b36acb88-96a0-47d6-a52e-728aaf0b6f14 req-ee828a14-8442-4619-af54-1c4df8bda93f a7d0a42cf3eb418db63db859bcefec50 889d449229ae4bdfbf34277e4ebedf2f - - 35ffeaa6bba0459dbb48b49e82dff028 35ffeaa6bba0459dbb48b49e82dff028] 10.0.0.151 "GET /v2.0/ports?device_id=c79d5846-68aa-4c90-889c-059681ac387d HTTP/1.1" status: 200 len: 1409 time: 0.1770895
2026-07-14 18:53:33.113 9 INFO neutron.wsgi [req-b36acb88-96a0-47d6-a52e-728aaf0b6f14 req-b135dce6-5ba3-4ad4-9adb-b24b9e753f20 a7d0a42cf3eb418db63db859bcefec50 889d449229ae4bdfbf34277e4ebedf2f - - 35ffeaa6bba0459dbb48b49e82dff028 35ffeaa6bba0459dbb48b49e82dff028] 10.0.0.151 "GET /v2.0/security-groups?id=1dc3f178-96f1-4fef-9c24-6755b37ffad5&fields=id&fields=name HTTP/1.1" status: 200 len: 311 time: 0.0652432
2026-07-14 18:53:33.182 9 INFO neutron.wsgi [None req-feee2a5f-7f73-4643-a6d2-0dfd187b7e8d a55fe642b7804a0491787826f1f6a82e 5fab96d0a42845eda939ebb4530a47a9 - - default default] 10.0.0.110 "DELETE /v2.0/subnets/1e874396-1b69-499f-a415-9c9737078c7c HTTP/1.1" status: 204 len: 168 time: 0.2756541
2026-07-14 18:53:33.186 10 INFO neutron.wsgi [None req-bedf5f89-18c5-413c-a2d9-ca417babbf0a 42c5276c71b348a9abacbf421c309197 ff7e564635fa43fa9e2dc3cdab6453c3 - - default default] 10.0.0.110 "GET /v2.0/security-groups?tenant_id=ebc709f662f84b2da42da30691bf04fb&name=default HTTP/1.1" status: 200 len: 3120 time: 0.0556021
2026-07-14 18:53:33.214 10 INFO neutron.db.ovn_revision_numbers_db [None req-011014c5-7f34-40d5-8b13-1995c2f64eb2 821d2ceaac2a4773abb7a6e6d5b1f6fe e399179270fa4d40b9d7560c5c7efd64 - - default default] Successfully bumped revision number for resource ff726b7b-ab88-44f4-bd16-5d54beef028e (type: security_groups) to 1
2026-07-14 18:53:33.232 10 INFO neutron.db.ovn_revision_numbers_db [None req-011014c5-7f34-40d5-8b13-1995c2f64eb2 821d2ceaac2a4773abb7a6e6d5b1f6fe e399179270fa4d40b9d7560c5c7efd64 - - default default] Successfully bumped revision number for resource 52a876fd-dceb-4278-a481-8a92c3409cab (type: security_group_rules) to 0
2026-07-14 18:53:33.247 10 INFO neutron.db.ovn_revision_numbers_db [None req-011014c5-7f34-40d5-8b13-1995c2f64eb2 821d2ceaac2a4773abb7a6e6d5b1f6fe e399179270fa4d40b9d7560c5c7efd64 - - default default] Successfully bumped revision number for resource 92d834af-bc21-4d01-9225-302604d430a0 (type: security_group_rules) to 0
2026-07-14 18:53:33.276 10 INFO neutron.wsgi [None req-011014c5-7f34-40d5-8b13-1995c2f64eb2 821d2ceaac2a4773abb7a6e6d5b1f6fe e399179270fa4d40b9d7560c5c7efd64 - - default default] 10.0.0.110 "POST /v2.0/security-groups HTTP/1.1" status: 201 len: 1861 time: 0.2498107
2026-07-14 18:53:33.286 10 WARNING neutron_lib.context [None req-44263d06-a9ef-4c74-b1fc-a8f8734ff3af 821d2ceaac2a4773abb7a6e6d5b1f6fe e399179270fa4d40b9d7560c5c7efd64 - - default default] Method 'is_advsvc' is deprecated since 2023.2 release (neutron-lib 3.8.0) and will be removed once support for the old RBAC API policies will be removed from Neutron. Please use method 'is_service_role' instead.
2026-07-14 18:53:33.471 10 INFO neutron.db.ovn_revision_numbers_db [None req-44263d06-a9ef-4c74-b1fc-a8f8734ff3af 821d2ceaac2a4773abb7a6e6d5b1f6fe e399179270fa4d40b9d7560c5c7efd64 - - default default] Successfully bumped revision number for resource fb807f18-7c2c-4a6d-953f-628460928f6f (type: security_group_rules) to 0
2026-07-14 18:53:33.488 10 INFO neutron.wsgi [None req-a1dd04ab-3fcc-4bf8-a604-671168fff6cc 42c5276c71b348a9abacbf421c309197 ff7e564635fa43fa9e2dc3cdab6453c3 - - default default] 10.0.0.110 "DELETE /v2.0/security-groups/6153b9b8-cc33-480d-bf6e-c7758caa8e14 HTTP/1.1" status: 204 len: 168 time: 0.2961094
2026-07-14 18:53:33.502 10 INFO neutron.wsgi [None req-44263d06-a9ef-4c74-b1fc-a8f8734ff3af 821d2ceaac2a4773abb7a6e6d5b1f6fe e399179270fa4d40b9d7560c5c7efd64 - - default default] 10.0.0.110 "POST /v2.0/security-group-rules HTTP/1.1" status: 201 len: 796 time: 0.2214561
2026-07-14 18:53:33.511 10 WARNING neutron_lib.context [None req-e01aae09-6aee-4d32-bd7d-ae11b538fb41 821d2ceaac2a4773abb7a6e6d5b1f6fe e399179270fa4d40b9d7560c5c7efd64 - - default default] Method 'is_advsvc' is deprecated since 2023.2 release (neutron-lib 3.8.0) and will be removed once support for the old RBAC API policies will be removed from Neutron. Please use method 'is_service_role' instead.
2026-07-14 18:53:33.653 9 INFO neutron.wsgi [None req-c264162d-409c-45a8-ac87-cfa327b7538d a55fe642b7804a0491787826f1f6a82e 5fab96d0a42845eda939ebb4530a47a9 - - default default] 10.0.0.110 "DELETE /v2.0/networks/350ba39e-306d-4a6d-bc5c-6119a2988929 HTTP/1.1" status: 204 len: 168 time: 0.4666779
2026-07-14 18:53:33.671 10 INFO neutron.db.ovn_revision_numbers_db [None req-e01aae09-6aee-4d32-bd7d-ae11b538fb41 821d2ceaac2a4773abb7a6e6d5b1f6fe e399179270fa4d40b9d7560c5c7efd64 - - default default] Successfully bumped revision number for resource 1c5aad76-aa22-41a6-8fff-e6e143d9caf0 (type: security_group_rules) to 0
2026-07-14 18:53:33.699 10 INFO neutron.wsgi [None req-e01aae09-6aee-4d32-bd7d-ae11b538fb41 821d2ceaac2a4773abb7a6e6d5b1f6fe e399179270fa4d40b9d7560c5c7efd64 - - default default] 10.0.0.110 "POST /v2.0/security-group-rules HTTP/1.1" status: 201 len: 801 time: 0.1926091
2026-07-14 18:53:33.710 10 WARNING neutron_lib.context [None req-59471cab-abaf-4fe8-8d39-4e91195b1853 821d2ceaac2a4773abb7a6e6d5b1f6fe e399179270fa4d40b9d7560c5c7efd64 - - default default] Method 'is_advsvc' is deprecated since 2023.2 release (neutron-lib 3.8.0) and will be removed once support for the old RBAC API policies will be removed from Neutron. Please use method 'is_service_role' instead.
2026-07-14 18:53:33.975 10 WARNING neutron.scheduler.dhcp_agent_scheduler [None req-59471cab-abaf-4fe8-8d39-4e91195b1853 821d2ceaac2a4773abb7a6e6d5b1f6fe e399179270fa4d40b9d7560c5c7efd64 - - default default] No more DHCP agents
2026-07-14 18:53:33.981 10 WARNING neutron.api.rpc.agentnotifiers.dhcp_rpc_agent_api [None req-59471cab-abaf-4fe8-8d39-4e91195b1853 821d2ceaac2a4773abb7a6e6d5b1f6fe e399179270fa4d40b9d7560c5c7efd64 - - default default] Unable to schedule network 042559a0-e9f8-4ebe-aef7-fc562a7ceb78: no agents available; will retry on subsequent port and subnet creation events.
2026-07-14 18:53:34.156 9 INFO neutron.services.segments.plugin [-] Segment 29ed40b6-d85a-428e-aa6c-28feef1e6a06 resource provider aggregate not found
2026-07-14 18:53:34.179 9 INFO neutron.services.segments.plugin [-] Segment 29ed40b6-d85a-428e-aa6c-28feef1e6a06 resource provider aggregate not found
2026-07-14 18:53:34.183 9 INFO neutron.services.segments.plugin [-] Segment 29ed40b6-d85a-428e-aa6c-28feef1e6a06 resource provider not found; error: Placement Client Error (4xx): {"errors": [{"status": 404, "title": "Not Found", "detail": "The resource could not be found.\n\n No resource provider with uuid 29ed40b6-d85a-428e-aa6c-28feef1e6a06 found for delete ", "request_id": "req-0bbdbf5f-2e21-4716-aaac-7904d4f98ec8"}]}
2026-07-14 18:53:34.193 9 INFO neutron.services.segments.plugin [-] Segment 29ed40b6-d85a-428e-aa6c-28feef1e6a06 resource provider not found; error: Placement Client Error (4xx): {"errors": [{"status": 404, "title": "Not Found", "detail": "The resource could not be found.\n\n No resource provider with uuid 29ed40b6-d85a-428e-aa6c-28feef1e6a06 found for delete ", "request_id": "req-9c1986d1-f7c9-4502-b19c-0a1f95624ba5"}]}
2026-07-14 18:53:34.260 9 INFO neutron.wsgi [None req-1c147621-f29e-4aa7-856b-59b199848010 42c5276c71b348a9abacbf421c309197 ff7e564635fa43fa9e2dc3cdab6453c3 - - default default] 10.0.0.110 "GET /v2.0/security-groups?tenant_id=5fab96d0a42845eda939ebb4530a47a9&name=default HTTP/1.1" status: 200 len: 3120 time: 0.1316926
2026-07-14 18:53:34.342 10 INFO neutron.wsgi [None req-59471cab-abaf-4fe8-8d39-4e91195b1853 821d2ceaac2a4773abb7a6e6d5b1f6fe e399179270fa4d40b9d7560c5c7efd64 - - default default] 10.0.0.110 "POST /v2.0/floatingips HTTP/1.1" status: 201 len: 751 time: 0.6378062
2026-07-14 18:53:34.615 10 INFO neutron.wsgi [None req-66de79ef-9ced-42dc-8bd5-18a7b58f8aea 42c5276c71b348a9abacbf421c309197 ff7e564635fa43fa9e2dc3cdab6453c3 - - default default] 10.0.0.110 "DELETE /v2.0/security-groups/1665c255-5894-40b3-a794-3a5afb377ab2 HTTP/1.1" status: 204 len: 168 time: 0.3468516
2026-07-14 18:53:34.854 9 INFO neutron.wsgi [req-ebb52615-20f4-4df2-b7f1-7d0cb3702173 req-9f4c7733-c6b3-4006-9dd2-167fbd672741 821d2ceaac2a4773abb7a6e6d5b1f6fe e399179270fa4d40b9d7560c5c7efd64 - - default default] 10.0.0.85 "GET /v2.0/security-groups?name=tempest-securitygroup--1679992630&fields=id&tenant_id=e399179270fa4d40b9d7560c5c7efd64 HTTP/1.1" status: 200 len: 267 time: 0.0424192
2026-07-14 18:53:34.972 9 INFO neutron.wsgi [req-ebb52615-20f4-4df2-b7f1-7d0cb3702173 req-78d28e0c-37a2-4eaf-9bc2-24814be7ddd4 821d2ceaac2a4773abb7a6e6d5b1f6fe e399179270fa4d40b9d7560c5c7efd64 - - default default] 10.0.0.85 "GET /v2.0/networks?id=e4f09e0f-ee4c-42d7-bcb0-5ee6378c9717 HTTP/1.1" status: 200 len: 874 time: 0.1122143
2026-07-14 18:53:34.988 9 INFO neutron.wsgi [req-ebb52615-20f4-4df2-b7f1-7d0cb3702173 req-60c15ef9-4af4-4824-8c78-20ef13ce4260 821d2ceaac2a4773abb7a6e6d5b1f6fe e399179270fa4d40b9d7560c5c7efd64 - - default default] 10.0.0.85 "GET /v2.0/quotas/e399179270fa4d40b9d7560c5c7efd64 HTTP/1.1" status: 200 len: 491 time: 0.0082676
2026-07-14 18:53:35.097 9 INFO neutron.wsgi [req-ebb52615-20f4-4df2-b7f1-7d0cb3702173 req-599f2af5-54f2-4b76-8bca-1abd6d4d7e3e 821d2ceaac2a4773abb7a6e6d5b1f6fe e399179270fa4d40b9d7560c5c7efd64 - - default default] 10.0.0.85 "GET /v2.0/ports?tenant_id=e399179270fa4d40b9d7560c5c7efd64&fields=id HTTP/1.1" status: 200 len: 302 time: 0.1026378
2026-07-14 18:53:35.108 10 INFO neutron.wsgi [-] 10.0.0.139 "GET / HTTP/1.1" status: 200 len: 247 time: 0.0020106
2026-07-14 18:53:35.108 9 INFO neutron.wsgi [-] 10.0.0.139 "GET / HTTP/1.1" status: 200 len: 247 time: 0.0024827
2026-07-14 18:53:35.405 9 INFO neutron.wsgi [req-ebb52615-20f4-4df2-b7f1-7d0cb3702173 req-0c4aefa6-f0ea-44d5-a625-abbad11676a5 a7d0a42cf3eb418db63db859bcefec50 889d449229ae4bdfbf34277e4ebedf2f - - 35ffeaa6bba0459dbb48b49e82dff028 35ffeaa6bba0459dbb48b49e82dff028] 10.0.0.85 "GET /v2.0/networks/e4f09e0f-ee4c-42d7-bcb0-5ee6378c9717?fields=segments HTTP/1.1" status: 200 len: 212 time: 0.2949967
2026-07-14 18:53:35.486 9 INFO neutron.wsgi [req-ebb52615-20f4-4df2-b7f1-7d0cb3702173 req-69c8f23b-ffed-4b1f-83b3-da4f4cdfd76b a7d0a42cf3eb418db63db859bcefec50 889d449229ae4bdfbf34277e4ebedf2f - - 35ffeaa6bba0459dbb48b49e82dff028 35ffeaa6bba0459dbb48b49e82dff028] 10.0.0.85 "GET /v2.0/networks/e4f09e0f-ee4c-42d7-bcb0-5ee6378c9717?fields=provider%3Aphysical_network&fields=provider%3Anetwork_type HTTP/1.1" status: 200 len: 277 time: 0.0722530
2026-07-14 18:53:35.718 9 INFO neutron.wsgi [req-b15b7370-88e7-46dd-b40c-6598dfa341ae req-2b5b26ac-a3f1-40b8-8633-520689a883c6 821d2ceaac2a4773abb7a6e6d5b1f6fe e399179270fa4d40b9d7560c5c7efd64 - - default default] 10.0.0.85 "GET /v2.0/ports?device_id=a9714ace-1112-41ca-89cd-a7b75e67e631 HTTP/1.1" status: 200 len: 210 time: 0.0367949
2026-07-14 18:53:36.436 10 INFO neutron.wsgi [req-ebb52615-20f4-4df2-b7f1-7d0cb3702173 req-05f1b490-b430-4fdd-9931-b06086fb6778 821d2ceaac2a4773abb7a6e6d5b1f6fe e399179270fa4d40b9d7560c5c7efd64 - - default default] 199.19.213.161 "GET /v2.0/networks?id=e4f09e0f-ee4c-42d7-bcb0-5ee6378c9717 HTTP/1.1" status: 200 len: 874 time: 0.0921438
2026-07-14 18:53:36.508 10 INFO neutron.wsgi [req-ebb52615-20f4-4df2-b7f1-7d0cb3702173 req-33484259-691d-4b70-b912-c383b53f46df 821d2ceaac2a4773abb7a6e6d5b1f6fe e399179270fa4d40b9d7560c5c7efd64 - - default default] 199.19.213.161 "GET /v2.0/security-groups?fields=id&fields=name&tenant_id=e399179270fa4d40b9d7560c5c7efd64 HTTP/1.1" status: 200 len: 380 time: 0.0639899
2026-07-14 18:53:36.531 10 WARNING neutron_lib.context [req-ebb52615-20f4-4df2-b7f1-7d0cb3702173 req-e62aee17-597d-4e02-a164-d3d82a91bf31 821d2ceaac2a4773abb7a6e6d5b1f6fe e399179270fa4d40b9d7560c5c7efd64 - - default default] Method 'is_advsvc' is deprecated since 2023.2 release (neutron-lib 3.8.0) and will be removed once support for the old RBAC API policies will be removed from Neutron. Please use method 'is_service_role' instead.
2026-07-14 18:53:36.694 10 WARNING neutron_lib.context [None req-a7cb3c9e-f858-4c88-80c6-f2bb2d645462 531fea6437b0498d8b9710a3522dbbb3 95812c4971b24952bfb00f853360501f - - default default] Method 'is_advsvc' is deprecated since 2023.2 release (neutron-lib 3.8.0) and will be removed once support for the old RBAC API policies will be removed from Neutron. Please use method 'is_service_role' instead.
2026-07-14 18:53:36.814 9 INFO neutron.wsgi [req-ae281774-96cf-484a-a6ff-40a5e68fff53 req-f06dc74b-f8ed-41fc-bfa3-f393d6852f48 821d2ceaac2a4773abb7a6e6d5b1f6fe e399179270fa4d40b9d7560c5c7efd64 - - default default] 10.0.0.85 "GET /v2.0/ports?device_id=a9714ace-1112-41ca-89cd-a7b75e67e631 HTTP/1.1" status: 200 len: 210 time: 0.0250888
2026-07-14 18:53:36.898 9 WARNING neutron.plugins.ml2.drivers.ovn.mech_driver.ovsdb.ovn_client [None req-b3893bc5-85d2-406f-b2ce-5ab6e62dbb5a - - - - - -] No hosting information found for port e5acf97c-89e9-4bd0-985f-5ee63e23e619: RuntimeError: No hosting information found for port e5acf97c-89e9-4bd0-985f-5ee63e23e619
2026-07-14 18:53:36.906 10 INFO neutron.db.ovn_revision_numbers_db [None req-a7cb3c9e-f858-4c88-80c6-f2bb2d645462 531fea6437b0498d8b9710a3522dbbb3 95812c4971b24952bfb00f853360501f - - default default] Successfully bumped revision number for resource 3379e50c-5251-4b2f-ad81-9b4deddea3ee (type: security_groups) to 1
2026-07-14 18:53:36.930 10 WARNING neutron.scheduler.dhcp_agent_scheduler [req-ebb52615-20f4-4df2-b7f1-7d0cb3702173 req-e62aee17-597d-4e02-a164-d3d82a91bf31 821d2ceaac2a4773abb7a6e6d5b1f6fe e399179270fa4d40b9d7560c5c7efd64 - - default default] No more DHCP agents
2026-07-14 18:53:36.932 10 INFO neutron.db.ovn_revision_numbers_db [None req-a7cb3c9e-f858-4c88-80c6-f2bb2d645462 531fea6437b0498d8b9710a3522dbbb3 95812c4971b24952bfb00f853360501f - - default default] Successfully bumped revision number for resource 04e4d708-38fc-4f32-8384-20cedef8d06a (type: security_group_rules) to 0
2026-07-14 18:53:36.934 10 WARNING neutron.api.rpc.agentnotifiers.dhcp_rpc_agent_api [req-ebb52615-20f4-4df2-b7f1-7d0cb3702173 req-e62aee17-597d-4e02-a164-d3d82a91bf31 821d2ceaac2a4773abb7a6e6d5b1f6fe e399179270fa4d40b9d7560c5c7efd64 - - default default] Unable to schedule network e4f09e0f-ee4c-42d7-bcb0-5ee6378c9717: no agents available; will retry on subsequent port and subnet creation events.
2026-07-14 18:53:36.955 10 INFO neutron.db.ovn_revision_numbers_db [None req-a7cb3c9e-f858-4c88-80c6-f2bb2d645462 531fea6437b0498d8b9710a3522dbbb3 95812c4971b24952bfb00f853360501f - - default default] Successfully bumped revision number for resource 481da247-d4dd-4a25-a386-ec00111aef69 (type: security_group_rules) to 0
2026-07-14 18:53:36.975 10 INFO neutron.db.ovn_revision_numbers_db [None req-a7cb3c9e-f858-4c88-80c6-f2bb2d645462 531fea6437b0498d8b9710a3522dbbb3 95812c4971b24952bfb00f853360501f - - default default] Successfully bumped revision number for resource 4c40b3ff-167f-4181-8abc-a60275d71988 (type: security_group_rules) to 0
2026-07-14 18:53:36.997 10 INFO neutron.db.ovn_revision_numbers_db [None req-a7cb3c9e-f858-4c88-80c6-f2bb2d645462 531fea6437b0498d8b9710a3522dbbb3 95812c4971b24952bfb00f853360501f - - default default] Successfully bumped revision number for resource cc7e7608-9f93-4183-bf4f-009109dc00b1 (type: security_group_rules) to 0
2026-07-14 18:53:37.053 10 INFO neutron.db.segments_db [None req-a7cb3c9e-f858-4c88-80c6-f2bb2d645462 531fea6437b0498d8b9710a3522dbbb3 95812c4971b24952bfb00f853360501f - - default default] Added segment 12edd05b-5114-459a-8783-9ef280ecbb60 of type geneve for network db508a00-9d66-412b-aae7-d6540948a9ca
2026-07-14 18:53:37.133 10 INFO neutron.db.ovn_revision_numbers_db [req-ebb52615-20f4-4df2-b7f1-7d0cb3702173 req-e62aee17-597d-4e02-a164-d3d82a91bf31 821d2ceaac2a4773abb7a6e6d5b1f6fe e399179270fa4d40b9d7560c5c7efd64 - - default default] Successfully bumped revision number for resource 991a8fc2-5463-49eb-90f5-bad089372ce1 (type: ports) to 1
2026-07-14 18:53:37.179 10 INFO neutron.wsgi [req-ebb52615-20f4-4df2-b7f1-7d0cb3702173 req-e62aee17-597d-4e02-a164-d3d82a91bf31 821d2ceaac2a4773abb7a6e6d5b1f6fe e399179270fa4d40b9d7560c5c7efd64 - - default default] 199.19.213.161 "POST /v2.0/ports HTTP/1.1" status: 201 len: 1158 time: 0.6578300 /var/lib/openstack/lib/python3.10/site-packages/pycadf/identifier.py:71: UserWarning: Invalid uuid: neutron. To ensure interoperability, identifiers should be a valid uuid. warnings.warn(('Invalid uuid: %s. To ensure interoperability, '
2026-07-14 18:53:37.231 10 INFO neutron.db.ovn_revision_numbers_db [None req-a7cb3c9e-f858-4c88-80c6-f2bb2d645462 531fea6437b0498d8b9710a3522dbbb3 95812c4971b24952bfb00f853360501f - - default default] Successfully bumped revision number for resource db508a00-9d66-412b-aae7-d6540948a9ca (type: networks) to 1
2026-07-14 18:53:37.284 9 INFO neutron.wsgi [req-0f533174-85f1-4a3e-ac15-99a2c6c17c9f req-0ad32936-e89a-456b-beb4-ed97145400d4 a83587684f194fceaccdea989efbc9c4 e2749302ea844b22ab0af60f5a092c2f - - default default] 10.0.0.85 "GET /v2.0/ports?device_id=c79d5846-68aa-4c90-889c-059681ac387d HTTP/1.1" status: 200 len: 1170 time: 0.1464617
2026-07-14 18:53:37.378 9 INFO neutron.wsgi [req-b5773110-a56a-460b-b6a0-e7c64f8c9e84 req-07785edb-ae10-476a-afa0-1aa6438efbb0 a83587684f194fceaccdea989efbc9c4 e2749302ea844b22ab0af60f5a092c2f - - default default] 10.0.0.85 "GET /v2.0/ports/22041744-a9fd-439e-b045-4cb3e5741368 HTTP/1.1" status: 200 len: 1167 time: 0.0430212
2026-07-14 18:53:37.685 10 INFO neutron.wsgi [req-1df7a606-38a3-44f2-a067-9a5ca17e0d19 req-7e57ad96-7a00-41be-a032-1c7af3988344 a83587684f194fceaccdea989efbc9c4 e2749302ea844b22ab0af60f5a092c2f - - default default] 199.19.213.161 "GET /v2.0/subnets?network_id=fdb3a28f-c6f0-4c96-8414-2421ba3299fb HTTP/1.1" status: 200 len: 858 time: 0.0780375
2026-07-14 18:53:37.833 10 WARNING neutron.scheduler.dhcp_agent_scheduler [None req-a7cb3c9e-f858-4c88-80c6-f2bb2d645462 531fea6437b0498d8b9710a3522dbbb3 95812c4971b24952bfb00f853360501f - - default default] No more DHCP agents
2026-07-14 18:53:37.840 10 WARNING neutron.api.rpc.agentnotifiers.dhcp_rpc_agent_api [None req-a7cb3c9e-f858-4c88-80c6-f2bb2d645462 531fea6437b0498d8b9710a3522dbbb3 95812c4971b24952bfb00f853360501f - - default default] Unable to schedule network db508a00-9d66-412b-aae7-d6540948a9ca: no agents available; will retry on subsequent port and subnet creation events.
2026-07-14 18:53:37.884 10 INFO neutron.wsgi [req-1df7a606-38a3-44f2-a067-9a5ca17e0d19 req-58acae33-82e5-4196-8b0d-392602a69ade a83587684f194fceaccdea989efbc9c4 e2749302ea844b22ab0af60f5a092c2f - - default default] 199.19.213.161 "GET /v2.0/ports?device_id=c79d5846-68aa-4c90-889c-059681ac387d&device_owner=compute%3Anova&network_id=fdb3a28f-c6f0-4c96-8414-2421ba3299fb HTTP/1.1" status: 200 len: 1170 time: 0.1855073
2026-07-14 18:53:37.919 9 INFO neutron.wsgi [req-d5654269-6d9b-403a-a23d-44619ae65184 req-0de8eb4e-aa52-4488-ae1a-cacf93b117c8 821d2ceaac2a4773abb7a6e6d5b1f6fe e399179270fa4d40b9d7560c5c7efd64 - - default default] 10.0.0.85 "GET /v2.0/ports?device_id=a9714ace-1112-41ca-89cd-a7b75e67e631 HTTP/1.1" status: 200 len: 1156 time: 0.0473228
2026-07-14 18:53:37.988 9 INFO neutron.wsgi [req-d5654269-6d9b-403a-a23d-44619ae65184 req-22dd2bb0-5f35-4f4c-863e-8df4f1893e2f 821d2ceaac2a4773abb7a6e6d5b1f6fe e399179270fa4d40b9d7560c5c7efd64 - - default default] 10.0.0.85 "GET /v2.0/security-groups?id=ff726b7b-ab88-44f4-bd16-5d54beef028e&fields=id&fields=name HTTP/1.1" status: 200 len: 313 time: 0.0598698
2026-07-14 18:53:38.006 10 INFO neutron.db.ovn_revision_numbers_db [None req-a7cb3c9e-f858-4c88-80c6-f2bb2d645462 531fea6437b0498d8b9710a3522dbbb3 95812c4971b24952bfb00f853360501f - - default default] Successfully bumped revision number for resource 8ac26bdd-aac8-4d62-97a8-14957da838d2 (type: ports) to 1
2026-07-14 18:53:38.052 10 INFO neutron.wsgi [None req-a7cb3c9e-f858-4c88-80c6-f2bb2d645462 531fea6437b0498d8b9710a3522dbbb3 95812c4971b24952bfb00f853360501f - - default default] 10.0.0.110 "POST /v2.0/networks HTTP/1.1" status: 201 len: 828 time: 1.5725610 /var/lib/openstack/lib/python3.10/site-packages/pycadf/identifier.py:71: UserWarning: Invalid uuid: neutron. To ensure interoperability, identifiers should be a valid uuid. warnings.warn(('Invalid uuid: %s. To ensure interoperability, '
2026-07-14 18:53:38.065 10 WARNING neutron_lib.context [None req-e8d8dee0-edb8-4740-9889-ac7782d50b4f 531fea6437b0498d8b9710a3522dbbb3 95812c4971b24952bfb00f853360501f - - default default] Method 'is_advsvc' is deprecated since 2023.2 release (neutron-lib 3.8.0) and will be removed once support for the old RBAC API policies will be removed from Neutron. Please use method 'is_service_role' instead.
2026-07-14 18:53:38.220 10 INFO neutron.db.segments_db [None req-e8d8dee0-edb8-4740-9889-ac7782d50b4f 531fea6437b0498d8b9710a3522dbbb3 95812c4971b24952bfb00f853360501f - - default default] Added segment 35a0b58b-f7dd-41dc-a4eb-bd35dff1fff5 of type geneve for network 6230c824-38de-4882-b6d1-77a64e08b9b8
2026-07-14 18:53:38.225 10 INFO neutron.db.ovn_revision_numbers_db [req-ebb52615-20f4-4df2-b7f1-7d0cb3702173 req-f5ce8de4-235d-4327-a821-26e4cfefdbc1 a7d0a42cf3eb418db63db859bcefec50 889d449229ae4bdfbf34277e4ebedf2f - - 35ffeaa6bba0459dbb48b49e82dff028 35ffeaa6bba0459dbb48b49e82dff028] Successfully bumped revision number for resource 991a8fc2-5463-49eb-90f5-bad089372ce1 (type: ports) to 2
