2026-07-14 18:55:51.957 9 INFO neutron.db.ovn_revision_numbers_db [None req-203b7cdc-1881-4533-b5a1-e9efe2e4e041 42c5276c71b348a9abacbf421c309197 ff7e564635fa43fa9e2dc3cdab6453c3 - - default default] Successfully bumped revision number for resource c69b7df5-ca39-411e-a49c-b7d803128e2c (type: security_group_rules) to 0
2026-07-14 18:55:52.016 9 INFO neutron.db.segments_db [None req-203b7cdc-1881-4533-b5a1-e9efe2e4e041 42c5276c71b348a9abacbf421c309197 ff7e564635fa43fa9e2dc3cdab6453c3 - - default default] Added segment 0088519e-3af7-4aa1-bc7b-471ed1b8d360 of type geneve for network 1be6e370-9ba9-4123-8838-d03fdfb12b51
2026-07-14 18:55:52.143 10 WARNING neutron.scheduler.dhcp_agent_scheduler [None req-c8ada898-4656-49e0-9636-04d9bd6a1505 f0209c86ae3f415ca456e35cbcf49cfb a1021085c4f1490db6326c8df9d59bd1 - - default default] No more DHCP agents
2026-07-14 18:55:52.150 10 WARNING neutron.api.rpc.agentnotifiers.dhcp_rpc_agent_api [None req-c8ada898-4656-49e0-9636-04d9bd6a1505 f0209c86ae3f415ca456e35cbcf49cfb a1021085c4f1490db6326c8df9d59bd1 - - default default] Unable to schedule network 042559a0-e9f8-4ebe-aef7-fc562a7ceb78: no agents available; will retry on subsequent port and subnet creation events.
2026-07-14 18:55:52.155 10 INFO neutron.wsgi [None req-df3aa800-209a-44b2-af32-6db565b15fce 78fd33a4dcaf4a9c93c00d40c52f9a39 9059ae9cab504b44b595d40c8f6fd862 - - default default] 10.0.0.110 "DELETE /v2.0/subnets/cff3ff20-dfeb-408b-a2f6-5f79a02a4b5f HTTP/1.1" status: 204 len: 168 time: 0.3179641
2026-07-14 18:55:52.171 9 INFO neutron.db.ovn_revision_numbers_db [None req-203b7cdc-1881-4533-b5a1-e9efe2e4e041 42c5276c71b348a9abacbf421c309197 ff7e564635fa43fa9e2dc3cdab6453c3 - - default default] Successfully bumped revision number for resource 1be6e370-9ba9-4123-8838-d03fdfb12b51 (type: networks) to 1
2026-07-14 18:55:52.436 9 WARNING neutron.scheduler.dhcp_agent_scheduler [None req-203b7cdc-1881-4533-b5a1-e9efe2e4e041 42c5276c71b348a9abacbf421c309197 ff7e564635fa43fa9e2dc3cdab6453c3 - - default default] No more DHCP agents
2026-07-14 18:55:52.441 9 WARNING neutron.api.rpc.agentnotifiers.dhcp_rpc_agent_api [None req-203b7cdc-1881-4533-b5a1-e9efe2e4e041 42c5276c71b348a9abacbf421c309197 ff7e564635fa43fa9e2dc3cdab6453c3 - - default default] Unable to schedule network 1be6e370-9ba9-4123-8838-d03fdfb12b51: no agents available; will retry on subsequent port and subnet creation events.
2026-07-14 18:55:52.503 10 INFO neutron.wsgi [None req-c8ada898-4656-49e0-9636-04d9bd6a1505 f0209c86ae3f415ca456e35cbcf49cfb a1021085c4f1490db6326c8df9d59bd1 - - default default] 10.0.0.110 "POST /v2.0/floatingips HTTP/1.1" status: 201 len: 751 time: 0.9447467
2026-07-14 18:55:52.627 9 INFO neutron.wsgi [None req-9882b339-f511-4045-8d4f-73699ba3c066 f0209c86ae3f415ca456e35cbcf49cfb a1021085c4f1490db6326c8df9d59bd1 - - default default] 10.0.0.110 "PUT /v2.0/floatingips/c55b27c8-ac9a-4542-82ac-21c0ea02d4ac/tags HTTP/1.1" status: 200 len: 218 time: 0.1178453
2026-07-14 18:55:52.644 9 INFO neutron.db.ovn_revision_numbers_db [None req-203b7cdc-1881-4533-b5a1-e9efe2e4e041 42c5276c71b348a9abacbf421c309197 ff7e564635fa43fa9e2dc3cdab6453c3 - - default default] Successfully bumped revision number for resource 5c368395-8c0d-4c9a-9dfd-3f09bd60353a (type: ports) to 1
2026-07-14 18:55:52.693 10 INFO neutron.wsgi [None req-355b8898-39d7-49f8-b3ee-a555341f5011 f0209c86ae3f415ca456e35cbcf49cfb a1021085c4f1490db6326c8df9d59bd1 - - default default] 10.0.0.110 "GET /v2.0/floatingips/c55b27c8-ac9a-4542-82ac-21c0ea02d4ac/tags HTTP/1.1" status: 200 len: 218 time: 0.0616732
2026-07-14 18:55:52.693 9 INFO neutron.wsgi [None req-203b7cdc-1881-4533-b5a1-e9efe2e4e041 42c5276c71b348a9abacbf421c309197 ff7e564635fa43fa9e2dc3cdab6453c3 - - default default] 10.0.0.110 "POST /v2.0/networks HTTP/1.1" status: 201 len: 943 time: 1.2447143
2026-07-14 18:55:52.773 9 INFO neutron.services.segments.plugin [-] Segment 63ab5449-0b5f-4190-959a-6864d6e30938 resource provider aggregate not found
2026-07-14 18:55:52.777 10 INFO neutron.wsgi [None req-4a3af99b-528e-45f4-a856-a72169bc780c f0209c86ae3f415ca456e35cbcf49cfb a1021085c4f1490db6326c8df9d59bd1 - - default default] 10.0.0.110 "PUT /v2.0/floatingips/c55b27c8-ac9a-4542-82ac-21c0ea02d4ac/tags/green HTTP/1.1" status: 201 len: 201 time: 0.0768380
2026-07-14 18:55:52.781 9 INFO neutron.services.segments.plugin [-] Segment 63ab5449-0b5f-4190-959a-6864d6e30938 resource provider aggregate not found
2026-07-14 18:55:52.798 9 INFO neutron.services.segments.plugin [-] Segment 63ab5449-0b5f-4190-959a-6864d6e30938 resource provider not found; error: Placement Client Error (4xx): {"errors": [{"status": 404, "title": "Not Found", "detail": "The resource could not be found.\n\n No resource provider with uuid 63ab5449-0b5f-4190-959a-6864d6e30938 found for delete ", "request_id": "req-f46b55ff-fcd7-414d-a6d5-2e942295df0b"}]}
2026-07-14 18:55:52.800 9 INFO neutron.services.segments.plugin [-] Segment 63ab5449-0b5f-4190-959a-6864d6e30938 resource provider not found; error: Placement Client Error (4xx): {"errors": [{"status": 404, "title": "Not Found", "detail": "The resource could not be found.\n\n No resource provider with uuid 63ab5449-0b5f-4190-959a-6864d6e30938 found for delete ", "request_id": "req-7e13f967-bd9a-42d5-b686-07ec697a2902"}]}
2026-07-14 18:55:52.821 10 INFO neutron.wsgi [None req-d5dd3eb7-1b76-4c29-83f5-d6099bde860c f0209c86ae3f415ca456e35cbcf49cfb a1021085c4f1490db6326c8df9d59bd1 - - default default] 10.0.0.110 "GET /v2.0/floatingips/c55b27c8-ac9a-4542-82ac-21c0ea02d4ac/tags HTTP/1.1" status: 200 len: 227 time: 0.0378540
2026-07-14 18:55:52.824 9 INFO neutron.wsgi [None req-725bd57f-fac3-4346-a6dc-115cca633564 78fd33a4dcaf4a9c93c00d40c52f9a39 9059ae9cab504b44b595d40c8f6fd862 - - default default] 10.0.0.110 "DELETE /v2.0/networks/4562857b-4a74-4a6a-a724-a2ac7c73dd51 HTTP/1.1" status: 204 len: 168 time: 0.6639769
2026-07-14 18:55:52.834 9 WARNING neutron_lib.context [None req-34ef3cac-2dc3-40a9-b8b2-3bd48c8f9f40 78fd33a4dcaf4a9c93c00d40c52f9a39 9059ae9cab504b44b595d40c8f6fd862 - - default default] Method 'is_advsvc' is deprecated since 2023.2 release (neutron-lib 3.8.0) and will be removed once support for the old RBAC API policies will be removed from Neutron. Please use method 'is_service_role' instead.
2026-07-14 18:55:52.860 10 INFO neutron.wsgi [None req-881eab70-fddf-4d70-85af-d5b0c85d3887 f0209c86ae3f415ca456e35cbcf49cfb a1021085c4f1490db6326c8df9d59bd1 - - default default] 10.0.0.110 "PUT /v2.0/floatingips/c55b27c8-ac9a-4542-82ac-21c0ea02d4ac/tags/red HTTP/1.1" status: 201 len: 201 time: 0.0343685
2026-07-14 18:55:52.906 10 INFO neutron.wsgi [None req-50cfb44a-702d-4505-b278-2fa1f8431608 f0209c86ae3f415ca456e35cbcf49cfb a1021085c4f1490db6326c8df9d59bd1 - - default default] 10.0.0.110 "GET /v2.0/floatingips/c55b27c8-ac9a-4542-82ac-21c0ea02d4ac/tags HTTP/1.1" status: 200 len: 227 time: 0.0413320
2026-07-14 18:55:52.916 9 INFO neutron.db.segments_db [None req-34ef3cac-2dc3-40a9-b8b2-3bd48c8f9f40 78fd33a4dcaf4a9c93c00d40c52f9a39 9059ae9cab504b44b595d40c8f6fd862 - - default default] Added segment c2c38306-9de0-4bf0-acc1-ceed9ac53292 of type geneve for network 905c5248-7af2-4aac-920f-761ba5febe12
2026-07-14 18:55:53.078 9 INFO neutron.db.ovn_revision_numbers_db [None req-34ef3cac-2dc3-40a9-b8b2-3bd48c8f9f40 78fd33a4dcaf4a9c93c00d40c52f9a39 9059ae9cab504b44b595d40c8f6fd862 - - default default] Successfully bumped revision number for resource 905c5248-7af2-4aac-920f-761ba5febe12 (type: networks) to 1
2026-07-14 18:55:53.214 10 WARNING neutron.scheduler.dhcp_agent_scheduler [None req-dabdcb0a-a9a7-4646-a45e-9aba6827dd26 42c5276c71b348a9abacbf421c309197 ff7e564635fa43fa9e2dc3cdab6453c3 - - default default] No more DHCP agents
2026-07-14 18:55:53.219 10 WARNING neutron.api.rpc.agentnotifiers.dhcp_rpc_agent_api [None req-dabdcb0a-a9a7-4646-a45e-9aba6827dd26 42c5276c71b348a9abacbf421c309197 ff7e564635fa43fa9e2dc3cdab6453c3 - - default default] Unable to schedule network 1be6e370-9ba9-4123-8838-d03fdfb12b51: no agents available; will retry on subsequent port and subnet creation events.
2026-07-14 18:55:53.234 10 INFO neutron.wsgi [None req-4ee9e8d2-3e6c-45d7-9409-990c94c1fdd5 f0209c86ae3f415ca456e35cbcf49cfb a1021085c4f1490db6326c8df9d59bd1 - - default default] 10.0.0.110 "PUT /v2.0/floatingips/c55b27c8-ac9a-4542-82ac-21c0ea02d4ac/tags/black.or.white HTTP/1.1" status: 201 len: 201 time: 0.3211617
2026-07-14 18:55:53.277 10 INFO neutron.wsgi [None req-24ddfa3c-7d49-48b3-9e90-971a8a84ece3 f0209c86ae3f415ca456e35cbcf49cfb a1021085c4f1490db6326c8df9d59bd1 - - default default] 10.0.0.110 "GET /v2.0/floatingips/c55b27c8-ac9a-4542-82ac-21c0ea02d4ac/tags HTTP/1.1" status: 200 len: 245 time: 0.0394609
2026-07-14 18:55:53.279 9 WARNING neutron.scheduler.dhcp_agent_scheduler [None req-34ef3cac-2dc3-40a9-b8b2-3bd48c8f9f40 78fd33a4dcaf4a9c93c00d40c52f9a39 9059ae9cab504b44b595d40c8f6fd862 - - default default] No more DHCP agents
2026-07-14 18:55:53.283 9 WARNING neutron.api.rpc.agentnotifiers.dhcp_rpc_agent_api [None req-34ef3cac-2dc3-40a9-b8b2-3bd48c8f9f40 78fd33a4dcaf4a9c93c00d40c52f9a39 9059ae9cab504b44b595d40c8f6fd862 - - default default] Unable to schedule network 905c5248-7af2-4aac-920f-761ba5febe12: no agents available; will retry on subsequent port and subnet creation events.
2026-07-14 18:55:53.341 10 INFO neutron.wsgi [None req-96b0656c-3d21-4739-ac75-8c9b42ede559 f0209c86ae3f415ca456e35cbcf49cfb a1021085c4f1490db6326c8df9d59bd1 - - default default] 10.0.0.110 "PUT /v2.0/floatingips/c55b27c8-ac9a-4542-82ac-21c0ea02d4ac/tags HTTP/1.1" status: 200 len: 230 time: 0.0586956
2026-07-14 18:55:53.371 9 INFO neutron.db.ovn_revision_numbers_db [None req-34ef3cac-2dc3-40a9-b8b2-3bd48c8f9f40 78fd33a4dcaf4a9c93c00d40c52f9a39 9059ae9cab504b44b595d40c8f6fd862 - - default default] Successfully bumped revision number for resource d2bf7fa1-ce24-4743-9a12-7a694b491228 (type: ports) to 1
2026-07-14 18:55:53.381 10 INFO neutron.wsgi [None req-f11d98b5-4308-427d-9d0a-d68addf445b6 f0209c86ae3f415ca456e35cbcf49cfb a1021085c4f1490db6326c8df9d59bd1 - - default default] 10.0.0.110 "GET /v2.0/floatingips/c55b27c8-ac9a-4542-82ac-21c0ea02d4ac/tags HTTP/1.1" status: 200 len: 230 time: 0.0355413
2026-07-14 18:55:53.401 9 INFO neutron.wsgi [None req-34ef3cac-2dc3-40a9-b8b2-3bd48c8f9f40 78fd33a4dcaf4a9c93c00d40c52f9a39 9059ae9cab504b44b595d40c8f6fd862 - - default default] 10.0.0.110 "POST /v2.0/networks HTTP/1.1" status: 201 len: 831 time: 0.5704839
2026-07-14 18:55:53.412 10 WARNING neutron_lib.context [None req-56e70264-2776-47d3-8e63-75e1b3c1c03c 78fd33a4dcaf4a9c93c00d40c52f9a39 9059ae9cab504b44b595d40c8f6fd862 - - default default] Method 'is_advsvc' is deprecated since 2023.2 release (neutron-lib 3.8.0) and will be removed once support for the old RBAC API policies will be removed from Neutron. Please use method 'is_service_role' instead.
2026-07-14 18:55:53.431 9 INFO neutron.wsgi [None req-645a5725-6423-4676-8487-f50fad4fc0b5 f0209c86ae3f415ca456e35cbcf49cfb a1021085c4f1490db6326c8df9d59bd1 - - default default] 10.0.0.110 "GET /v2.0/floatingips/c55b27c8-ac9a-4542-82ac-21c0ea02d4ac/tags/red HTTP/1.1" status: 204 len: 168 time: 0.0449684
2026-07-14 18:55:53.478 9 INFO neutron.api.v2.resource [None req-4ff99947-788e-4d22-bb5b-7c39b3ad643d f0209c86ae3f415ca456e35cbcf49cfb a1021085c4f1490db6326c8df9d59bd1 - - default default] show failed (client error): The resource could not be found.
2026-07-14 18:55:53.481 9 INFO neutron.wsgi [None req-4ff99947-788e-4d22-bb5b-7c39b3ad643d f0209c86ae3f415ca456e35cbcf49cfb a1021085c4f1490db6326c8df9d59bd1 - - default default] 10.0.0.110 "GET /v2.0/floatingips/c55b27c8-ac9a-4542-82ac-21c0ea02d4ac/tags/green HTTP/1.1" status: 404 len: 299 time: 0.0447228
2026-07-14 18:55:53.544 9 INFO neutron.wsgi [None req-46cc5932-03ea-4a19-9296-660032ad0e80 f0209c86ae3f415ca456e35cbcf49cfb a1021085c4f1490db6326c8df9d59bd1 - - default default] 10.0.0.110 "DELETE /v2.0/floatingips/c55b27c8-ac9a-4542-82ac-21c0ea02d4ac/tags/red HTTP/1.1" status: 204 len: 168 time: 0.0513864
2026-07-14 18:55:53.580 9 INFO neutron.wsgi [None req-ea34ff66-b468-45a0-844b-3a7eb944d597 f0209c86ae3f415ca456e35cbcf49cfb a1021085c4f1490db6326c8df9d59bd1 - - default default] 10.0.0.110 "GET /v2.0/floatingips/c55b27c8-ac9a-4542-82ac-21c0ea02d4ac/tags HTTP/1.1" status: 200 len: 223 time: 0.0301738
2026-07-14 18:55:53.620 9 INFO neutron.api.v2.resource [None req-f8c54c29-32a9-4952-88eb-f0af2c074fa9 f0209c86ae3f415ca456e35cbcf49cfb a1021085c4f1490db6326c8df9d59bd1 - - default default] delete failed (client error): The resource could not be found.
2026-07-14 18:55:53.622 9 INFO neutron.wsgi [None req-f8c54c29-32a9-4952-88eb-f0af2c074fa9 f0209c86ae3f415ca456e35cbcf49cfb a1021085c4f1490db6326c8df9d59bd1 - - default default] 10.0.0.110 "DELETE /v2.0/floatingips/c55b27c8-ac9a-4542-82ac-21c0ea02d4ac/tags/green HTTP/1.1" status: 404 len: 299 time: 0.0380108
2026-07-14 18:55:53.679 9 INFO neutron.wsgi [None req-f2497fbe-d45e-419d-a71c-17b771e257eb f0209c86ae3f415ca456e35cbcf49cfb a1021085c4f1490db6326c8df9d59bd1 - - default default] 10.0.0.110 "DELETE /v2.0/floatingips/c55b27c8-ac9a-4542-82ac-21c0ea02d4ac/tags HTTP/1.1" status: 204 len: 168 time: 0.0520384
2026-07-14 18:55:53.722 9 INFO neutron.wsgi [None req-e5d52494-6a36-448e-a04f-65143297eb7e f0209c86ae3f415ca456e35cbcf49cfb a1021085c4f1490db6326c8df9d59bd1 - - default default] 10.0.0.110 "GET /v2.0/floatingips/c55b27c8-ac9a-4542-82ac-21c0ea02d4ac/tags HTTP/1.1" status: 200 len: 205 time: 0.0352008
2026-07-14 18:55:53.758 10 WARNING neutron.scheduler.dhcp_agent_scheduler [None req-56e70264-2776-47d3-8e63-75e1b3c1c03c 78fd33a4dcaf4a9c93c00d40c52f9a39 9059ae9cab504b44b595d40c8f6fd862 - - default default] No more DHCP agents
2026-07-14 18:55:53.770 10 WARNING neutron.api.rpc.agentnotifiers.dhcp_rpc_agent_api [None req-56e70264-2776-47d3-8e63-75e1b3c1c03c 78fd33a4dcaf4a9c93c00d40c52f9a39 9059ae9cab504b44b595d40c8f6fd862 - - default default] Unable to schedule network 905c5248-7af2-4aac-920f-761ba5febe12: no agents available; will retry on subsequent port and subnet creation events.
2026-07-14 18:55:54.014 10 INFO neutron.db.ovn_revision_numbers_db [None req-dabdcb0a-a9a7-4646-a45e-9aba6827dd26 42c5276c71b348a9abacbf421c309197 ff7e564635fa43fa9e2dc3cdab6453c3 - - default default] Successfully bumped revision number for resource 5c368395-8c0d-4c9a-9dfd-3f09bd60353a (type: ports) to 2
2026-07-14 18:55:54.071 10 INFO neutron.db.ovn_revision_numbers_db [None req-dabdcb0a-a9a7-4646-a45e-9aba6827dd26 42c5276c71b348a9abacbf421c309197 ff7e564635fa43fa9e2dc3cdab6453c3 - - default default] Successfully bumped revision number for resource 211ad0cf-704e-4cdf-b57f-331e70696a2e (type: subnets) to 0
2026-07-14 18:55:54.100 10 INFO neutron.wsgi [None req-dabdcb0a-a9a7-4646-a45e-9aba6827dd26 42c5276c71b348a9abacbf421c309197 ff7e564635fa43fa9e2dc3cdab6453c3 - - default default] 10.0.0.110 "POST /v2.0/subnets HTTP/1.1" status: 201 len: 863 time: 1.4012384
2026-07-14 18:55:54.118 9 INFO neutron.wsgi [None req-353be380-ee98-41b1-a451-727b6a8e4069 f0209c86ae3f415ca456e35cbcf49cfb a1021085c4f1490db6326c8df9d59bd1 - - default default] 10.0.0.110 "DELETE /v2.0/floatingips/c55b27c8-ac9a-4542-82ac-21c0ea02d4ac HTTP/1.1" status: 204 len: 168 time: 0.3901284
2026-07-14 18:55:54.506 10 INFO neutron.db.ovn_revision_numbers_db [None req-56e70264-2776-47d3-8e63-75e1b3c1c03c 78fd33a4dcaf4a9c93c00d40c52f9a39 9059ae9cab504b44b595d40c8f6fd862 - - default default] Successfully bumped revision number for resource d2bf7fa1-ce24-4743-9a12-7a694b491228 (type: ports) to 2
2026-07-14 18:55:54.549 10 INFO neutron.db.ovn_revision_numbers_db [None req-56e70264-2776-47d3-8e63-75e1b3c1c03c 78fd33a4dcaf4a9c93c00d40c52f9a39 9059ae9cab504b44b595d40c8f6fd862 - - default default] Successfully bumped revision number for resource 54ac94a4-8c0a-41b2-bbb3-a134f8f8b3e2 (type: subnets) to 0
2026-07-14 18:55:54.566 10 INFO neutron.wsgi [None req-56e70264-2776-47d3-8e63-75e1b3c1c03c 78fd33a4dcaf4a9c93c00d40c52f9a39 9059ae9cab504b44b595d40c8f6fd862 - - default default] 10.0.0.110 "POST /v2.0/subnets HTTP/1.1" status: 201 len: 801 time: 1.1587191
2026-07-14 18:55:54.577 10 WARNING neutron_lib.context [None req-cd6f65ad-d33a-4f25-83bd-d79d955f1365 78fd33a4dcaf4a9c93c00d40c52f9a39 9059ae9cab504b44b595d40c8f6fd862 - - default default] Method 'is_advsvc' is deprecated since 2023.2 release (neutron-lib 3.8.0) and will be removed once support for the old RBAC API policies will be removed from Neutron. Please use method 'is_service_role' instead.
2026-07-14 18:55:54.726 9 WARNING neutron.scheduler.dhcp_agent_scheduler [None req-a5aa713c-541d-49b2-a543-f5886af5944a 42c5276c71b348a9abacbf421c309197 ff7e564635fa43fa9e2dc3cdab6453c3 - - default default] No more DHCP agents
2026-07-14 18:55:54.729 9 WARNING neutron.api.rpc.agentnotifiers.dhcp_rpc_agent_api [None req-a5aa713c-541d-49b2-a543-f5886af5944a 42c5276c71b348a9abacbf421c309197 ff7e564635fa43fa9e2dc3cdab6453c3 - - default default] Unable to schedule network 042559a0-e9f8-4ebe-aef7-fc562a7ceb78: no agents available; will retry on subsequent port and subnet creation events.
2026-07-14 18:55:54.896 9 INFO neutron.db.ovn_revision_numbers_db [None req-a5aa713c-541d-49b2-a543-f5886af5944a 42c5276c71b348a9abacbf421c309197 ff7e564635fa43fa9e2dc3cdab6453c3 - - default default] Successfully bumped revision number for resource b9f1f08b-a646-417a-b851-783abd85ba71 (type: ports) to 1
2026-07-14 18:55:54.957 10 WARNING neutron.scheduler.dhcp_agent_scheduler [None req-cd6f65ad-d33a-4f25-83bd-d79d955f1365 78fd33a4dcaf4a9c93c00d40c52f9a39 9059ae9cab504b44b595d40c8f6fd862 - - default default] No more DHCP agents
2026-07-14 18:55:54.959 10 WARNING neutron.api.rpc.agentnotifiers.dhcp_rpc_agent_api [None req-cd6f65ad-d33a-4f25-83bd-d79d955f1365 78fd33a4dcaf4a9c93c00d40c52f9a39 9059ae9cab504b44b595d40c8f6fd862 - - default default] Unable to schedule network 905c5248-7af2-4aac-920f-761ba5febe12: no agents available; will retry on subsequent port and subnet creation events.
2026-07-14 18:55:55.149 10 INFO neutron.db.ovn_revision_numbers_db [None req-cd6f65ad-d33a-4f25-83bd-d79d955f1365 78fd33a4dcaf4a9c93c00d40c52f9a39 9059ae9cab504b44b595d40c8f6fd862 - - default default] Successfully bumped revision number for resource b22126dd-7553-4572-b880-d8e968b117eb (type: ports) to 1
2026-07-14 18:55:55.177 10 INFO neutron.wsgi [None req-cd6f65ad-d33a-4f25-83bd-d79d955f1365 78fd33a4dcaf4a9c93c00d40c52f9a39 9059ae9cab504b44b595d40c8f6fd862 - - default default] 10.0.0.110 "POST /v2.0/ports HTTP/1.1" status: 201 len: 1115 time: 0.6053534
2026-07-14 18:55:55.435 9 INFO neutron.db.ovn_revision_numbers_db [None req-aacfe8c8-bdda-4308-a322-f386824c7350 42c5276c71b348a9abacbf421c309197 ff7e564635fa43fa9e2dc3cdab6453c3 - - default default] Successfully bumped revision number for resource 7e7ff2e6-10c0-4b11-84b3-a288b2498376 (type: security_groups) to 1
2026-07-14 18:55:55.465 9 INFO neutron.db.ovn_revision_numbers_db [None req-aacfe8c8-bdda-4308-a322-f386824c7350 42c5276c71b348a9abacbf421c309197 ff7e564635fa43fa9e2dc3cdab6453c3 - - default default] Successfully bumped revision number for resource 7e8a47c7-45d0-47df-8e1d-43670d76858f (type: security_group_rules) to 0
2026-07-14 18:55:55.487 9 INFO neutron.db.ovn_revision_numbers_db [None req-aacfe8c8-bdda-4308-a322-f386824c7350 42c5276c71b348a9abacbf421c309197 ff7e564635fa43fa9e2dc3cdab6453c3 - - default default] Successfully bumped revision number for resource 89269ea1-bbab-41ce-89c0-e803a2f237a8 (type: security_group_rules) to 0
2026-07-14 18:55:55.511 9 INFO neutron.db.ovn_revision_numbers_db [None req-aacfe8c8-bdda-4308-a322-f386824c7350 42c5276c71b348a9abacbf421c309197 ff7e564635fa43fa9e2dc3cdab6453c3 - - default default] Successfully bumped revision number for resource 9e7d2da8-c7ed-4311-a74e-3d60e1b702da (type: security_group_rules) to 0
2026-07-14 18:55:55.535 9 INFO neutron.db.ovn_revision_numbers_db [None req-aacfe8c8-bdda-4308-a322-f386824c7350 42c5276c71b348a9abacbf421c309197 ff7e564635fa43fa9e2dc3cdab6453c3 - - default default] Successfully bumped revision number for resource b46aa41c-323c-4713-840e-76dc85214b38 (type: security_group_rules) to 0
2026-07-14 18:55:55.588 9 INFO neutron.wsgi [None req-aacfe8c8-bdda-4308-a322-f386824c7350 42c5276c71b348a9abacbf421c309197 ff7e564635fa43fa9e2dc3cdab6453c3 - - default default] 10.0.0.110 "GET /v2.0/security-groups?tenant_id=a1021085c4f1490db6326c8df9d59bd1&name=default HTTP/1.1" status: 200 len: 3120 time: 0.7616191
2026-07-14 18:55:55.620 10 INFO neutron.wsgi [None req-a29291f4-41f3-4351-bffb-652ca726fffe 78fd33a4dcaf4a9c93c00d40c52f9a39 9059ae9cab504b44b595d40c8f6fd862 - - default default] 10.0.0.110 "DELETE /v2.0/ports/b22126dd-7553-4572-b880-d8e968b117eb HTTP/1.1" status: 204 len: 168 time: 0.4373279
2026-07-14 18:55:55.642 10 INFO neutron.pecan_wsgi.hooks.translation [None req-2bb702bf-155c-44cf-8b58-6fc2cccc50b3 78fd33a4dcaf4a9c93c00d40c52f9a39 9059ae9cab504b44b595d40c8f6fd862 - - default default] GET failed (client error): The resource could not be found.
2026-07-14 18:55:55.644 10 INFO neutron.wsgi [None req-2bb702bf-155c-44cf-8b58-6fc2cccc50b3 78fd33a4dcaf4a9c93c00d40c52f9a39 9059ae9cab504b44b595d40c8f6fd862 - - default default] 10.0.0.110 "GET /v2.0/ports/b22126dd-7553-4572-b880-d8e968b117eb HTTP/1.1" status: 404 len: 333 time: 0.0190897
2026-07-14 18:55:55.862 10 WARNING neutron_lib.context [None req-552427de-8a74-4e72-88ec-2b9322a22ba9 0da4e6b33f9d4b49b2155d01716bf5a7 b16dc8cb0f74466d8afd6d940e605e3f - - default default] Method 'is_advsvc' is deprecated since 2023.2 release (neutron-lib 3.8.0) and will be removed once support for the old RBAC API policies will be removed from Neutron. Please use method 'is_service_role' instead.
2026-07-14 18:55:55.889 10 INFO neutron.wsgi [None req-63ab0505-b036-45a6-8767-45b48aea15cb 78fd33a4dcaf4a9c93c00d40c52f9a39 9059ae9cab504b44b595d40c8f6fd862 - - default default] 10.0.0.110 "DELETE /v2.0/subnets/54ac94a4-8c0a-41b2-bbb3-a134f8f8b3e2 HTTP/1.1" status: 204 len: 168 time: 0.2392972
2026-07-14 18:55:56.010 9 INFO neutron.wsgi [None req-b70d1fe8-a1ff-43f0-ac30-369426b99cc0 42c5276c71b348a9abacbf421c309197 ff7e564635fa43fa9e2dc3cdab6453c3 - - default default] 10.0.0.110 "DELETE /v2.0/security-groups/7e7ff2e6-10c0-4b11-84b3-a288b2498376 HTTP/1.1" status: 204 len: 168 time: 0.4125376
2026-07-14 18:55:56.042 9 INFO neutron.plugins.ml2.drivers.ovn.mech_driver.ovsdb.commands [None req-e0a30682-a2b6-4c0e-82c6-97db4112230f - - - - - -] Schedule LRP lrp-b9f1f08b-a646-417a-b851-783abd85ba71 on gateway 075bdfd4-4d15-4480-a1da-59ab3d61ed06 with priority 1
2026-07-14 18:55:56.062 10 INFO neutron.plugins.ml2.drivers.ovn.mech_driver.mech_driver [None req-d887c70c-8fc1-42e8-a873-0fff16e19d3d - - - - - -] OVN reports status up for port: b9f1f08b-a646-417a-b851-783abd85ba71
2026-07-14 18:55:56.078 10 INFO neutron.plugins.ml2.drivers.ovn.mech_driver.ovsdb.ovsdb_monitor [None req-68f97aa8-0195-4ef2-b4fe-59f2e526e5a2 - - - - - -] Router 37acc806-a41c-4fd7-93fa-61f09fd41d7a is bound to host instance
2026-07-14 18:55:56.090 9 INFO neutron.db.ovn_revision_numbers_db [None req-a5aa713c-541d-49b2-a543-f5886af5944a 42c5276c71b348a9abacbf421c309197 ff7e564635fa43fa9e2dc3cdab6453c3 - - default default] Successfully bumped revision number for resource b9f1f08b-a646-417a-b851-783abd85ba71 (type: router_ports) to 1
2026-07-14 18:55:56.092 10 INFO neutron.db.ovn_revision_numbers_db [None req-552427de-8a74-4e72-88ec-2b9322a22ba9 0da4e6b33f9d4b49b2155d01716bf5a7 b16dc8cb0f74466d8afd6d940e605e3f - - default default] Successfully bumped revision number for resource 271fd441-a070-40ec-80bd-e9c58cc8d9cd (type: security_groups) to 1
2026-07-14 18:55:56.094 10 INFO neutron.plugins.ml2.plugin [None req-d887c70c-8fc1-42e8-a873-0fff16e19d3d - - - - - -] Attempt 1 to provision port b9f1f08b-a646-417a-b851-783abd85ba71
2026-07-14 18:55:56.144 10 INFO neutron.db.ovn_revision_numbers_db [None req-552427de-8a74-4e72-88ec-2b9322a22ba9 0da4e6b33f9d4b49b2155d01716bf5a7 b16dc8cb0f74466d8afd6d940e605e3f - - default default] Successfully bumped revision number for resource 2cc227e3-670d-4000-b233-f87877bd9fa9 (type: security_group_rules) to 0
2026-07-14 18:55:56.172 9 INFO neutron.db.ovn_revision_numbers_db [None req-a5aa713c-541d-49b2-a543-f5886af5944a 42c5276c71b348a9abacbf421c309197 ff7e564635fa43fa9e2dc3cdab6453c3 - - default default] Successfully bumped revision number for resource 37acc806-a41c-4fd7-93fa-61f09fd41d7a (type: routers) to 2
2026-07-14 18:55:56.190 10 INFO neutron.db.ovn_revision_numbers_db [None req-552427de-8a74-4e72-88ec-2b9322a22ba9 0da4e6b33f9d4b49b2155d01716bf5a7 b16dc8cb0f74466d8afd6d940e605e3f - - default default] Successfully bumped revision number for resource 50ceff9f-7ec7-44e2-8006-1301b9752654 (type: security_group_rules) to 0
2026-07-14 18:55:56.196 9 INFO neutron.wsgi [None req-a5aa713c-541d-49b2-a543-f5886af5944a 42c5276c71b348a9abacbf421c309197 ff7e564635fa43fa9e2dc3cdab6453c3 - - default default] 10.0.0.110 "POST /v2.0/routers HTTP/1.1" status: 201 len: 1165 time: 2.0894864
2026-07-14 18:55:56.228 10 INFO neutron.db.ovn_revision_numbers_db [None req-552427de-8a74-4e72-88ec-2b9322a22ba9 0da4e6b33f9d4b49b2155d01716bf5a7 b16dc8cb0f74466d8afd6d940e605e3f - - default default] Successfully bumped revision number for resource af7bfae4-c822-4ffa-926d-4048885c28c6 (type: security_group_rules) to 0
2026-07-14 18:55:56.269 10 INFO neutron.db.ovn_revision_numbers_db [None req-552427de-8a74-4e72-88ec-2b9322a22ba9 0da4e6b33f9d4b49b2155d01716bf5a7 b16dc8cb0f74466d8afd6d940e605e3f - - default default] Successfully bumped revision number for resource c42640b3-6776-47b3-bf03-93c16a8b9ab0 (type: security_group_rules) to 0
2026-07-14 18:55:56.376 10 INFO neutron.db.segments_db [None req-552427de-8a74-4e72-88ec-2b9322a22ba9 0da4e6b33f9d4b49b2155d01716bf5a7 b16dc8cb0f74466d8afd6d940e605e3f - - default default] Added segment fe0b012d-72e9-4d75-96fd-46e6b01f6793 of type geneve for network c4150f01-c8cf-4190-89b6-2061d5c9fb64
2026-07-14 18:55:56.425 9 INFO neutron.db.ovn_revision_numbers_db [None req-bb594528-e81a-4d94-86ea-9f5d1cf7ea26 42c5276c71b348a9abacbf421c309197 ff7e564635fa43fa9e2dc3cdab6453c3 - - default default] Successfully bumped revision number for resource e69a2a35-1263-4700-bb49-9675fdd879e0 (type: security_groups) to 1
2026-07-14 18:55:56.444 9 INFO neutron.db.ovn_revision_numbers_db [None req-bb594528-e81a-4d94-86ea-9f5d1cf7ea26 42c5276c71b348a9abacbf421c309197 ff7e564635fa43fa9e2dc3cdab6453c3 - - default default] Successfully bumped revision number for resource 4d9eec77-f1ec-4ed3-9a88-75f00ca02fae (type: security_group_rules) to 0
2026-07-14 18:55:56.466 9 INFO neutron.db.ovn_revision_numbers_db [None req-bb594528-e81a-4d94-86ea-9f5d1cf7ea26 42c5276c71b348a9abacbf421c309197 ff7e564635fa43fa9e2dc3cdab6453c3 - - default default] Successfully bumped revision number for resource 5897cba1-155a-490d-9155-288325aa26b6 (type: security_group_rules) to 0
2026-07-14 18:55:56.484 9 INFO neutron.db.ovn_revision_numbers_db [None req-bb594528-e81a-4d94-86ea-9f5d1cf7ea26 42c5276c71b348a9abacbf421c309197 ff7e564635fa43fa9e2dc3cdab6453c3 - - default default] Successfully bumped revision number for resource 8f8c19c1-769a-4c74-9e14-41fbc0e83e7d (type: security_group_rules) to 0
2026-07-14 18:55:56.517 9 INFO neutron.db.ovn_revision_numbers_db [None req-bb594528-e81a-4d94-86ea-9f5d1cf7ea26 42c5276c71b348a9abacbf421c309197 ff7e564635fa43fa9e2dc3cdab6453c3 - - default default] Successfully bumped revision number for resource b0bb7135-f538-47ec-8f36-9f2ca0b94b1c (type: security_group_rules) to 0
2026-07-14 18:55:56.552 9 INFO neutron.wsgi [None req-bb594528-e81a-4d94-86ea-9f5d1cf7ea26 42c5276c71b348a9abacbf421c309197 ff7e564635fa43fa9e2dc3cdab6453c3 - - default default] 10.0.0.110 "GET /v2.0/security-groups?tenant_id=a7557298e1eb498096d850ea6209afb4&name=default HTTP/1.1" status: 200 len: 3120 time: 0.3676202
2026-07-14 18:55:56.605 10 INFO neutron.services.segments.plugin [-] Segment c2c38306-9de0-4bf0-acc1-ceed9ac53292 resource provider aggregate not found
2026-07-14 18:55:56.617 10 INFO neutron.services.segments.plugin [-] Segment c2c38306-9de0-4bf0-acc1-ceed9ac53292 resource provider aggregate not found
2026-07-14 18:55:56.636 10 INFO neutron.services.segments.plugin [-] Segment c2c38306-9de0-4bf0-acc1-ceed9ac53292 resource provider not found; error: Placement Client Error (4xx): {"errors": [{"status": 404, "title": "Not Found", "detail": "The resource could not be found.\n\n No resource provider with uuid c2c38306-9de0-4bf0-acc1-ceed9ac53292 found for delete ", "request_id": "req-55fb3526-438f-40c1-b40c-50eec4c7940c"}]}
2026-07-14 18:55:56.658 10 INFO neutron.services.segments.plugin [-] Segment c2c38306-9de0-4bf0-acc1-ceed9ac53292 resource provider not found; error: Placement Client Error (4xx): {"errors": [{"status": 404, "title": "Not Found", "detail": "The resource could not be found.\n\n No resource provider with uuid c2c38306-9de0-4bf0-acc1-ceed9ac53292 found for delete ", "request_id": "req-d3671edf-57ac-4b94-9751-1e8f569d96bf"}]}
2026-07-14 18:55:56.733 10 INFO neutron.db.ovn_revision_numbers_db [None req-552427de-8a74-4e72-88ec-2b9322a22ba9 0da4e6b33f9d4b49b2155d01716bf5a7 b16dc8cb0f74466d8afd6d940e605e3f - - default default] Successfully bumped revision number for resource c4150f01-c8cf-4190-89b6-2061d5c9fb64 (type: networks) to 1
2026-07-14 18:55:56.763 10 INFO neutron.wsgi [None req-d1e064db-5129-4419-8b2b-dbbf6f5dc4db 78fd33a4dcaf4a9c93c00d40c52f9a39 9059ae9cab504b44b595d40c8f6fd862 - - default default] 10.0.0.110 "DELETE /v2.0/networks/905c5248-7af2-4aac-920f-761ba5febe12 HTTP/1.1" status: 204 len: 168 time: 0.8665783
2026-07-14 18:55:56.791 9 WARNING neutron_lib.context [None req-aec6d0fa-73bd-4d05-9260-e076337fcccc 78fd33a4dcaf4a9c93c00d40c52f9a39 9059ae9cab504b44b595d40c8f6fd862 - - default default] Method 'is_advsvc' is deprecated since 2023.2 release (neutron-lib 3.8.0) and will be removed once support for the old RBAC API policies will be removed from Neutron. Please use method 'is_service_role' instead.
2026-07-14 18:55:56.914 9 WARNING neutron.scheduler.dhcp_agent_scheduler [None req-fb7723c6-7544-4ea0-a159-439610ecb7b5 42c5276c71b348a9abacbf421c309197 ff7e564635fa43fa9e2dc3cdab6453c3 - - default default] No more DHCP agents
2026-07-14 18:55:56.918 9 WARNING neutron.api.rpc.agentnotifiers.dhcp_rpc_agent_api [None req-fb7723c6-7544-4ea0-a159-439610ecb7b5 42c5276c71b348a9abacbf421c309197 ff7e564635fa43fa9e2dc3cdab6453c3 - - default default] Unable to schedule network 1be6e370-9ba9-4123-8838-d03fdfb12b51: no agents available; will retry on subsequent port and subnet creation events.
2026-07-14 18:55:56.972 9 INFO neutron.wsgi [None req-c9edf3ce-3d10-4203-8d6e-2797dfce45d6 42c5276c71b348a9abacbf421c309197 ff7e564635fa43fa9e2dc3cdab6453c3 - - default default] 10.0.0.110 "DELETE /v2.0/security-groups/e69a2a35-1263-4700-bb49-9675fdd879e0 HTTP/1.1" status: 204 len: 168 time: 0.4140797
2026-07-14 18:55:57.165 9 WARNING neutron.scheduler.dhcp_agent_scheduler [None req-aec6d0fa-73bd-4d05-9260-e076337fcccc 78fd33a4dcaf4a9c93c00d40c52f9a39 9059ae9cab504b44b595d40c8f6fd862 - - default default] No more DHCP agents
2026-07-14 18:55:57.169 9 INFO neutron.db.ovn_revision_numbers_db [None req-fb7723c6-7544-4ea0-a159-439610ecb7b5 42c5276c71b348a9abacbf421c309197 ff7e564635fa43fa9e2dc3cdab6453c3 - - default default] Successfully bumped revision number for resource 409f9e58-de3e-430a-98d2-448b572b189b (type: ports) to 1
2026-07-14 18:55:57.171 9 WARNING neutron.api.rpc.agentnotifiers.dhcp_rpc_agent_api [None req-aec6d0fa-73bd-4d05-9260-e076337fcccc 78fd33a4dcaf4a9c93c00d40c52f9a39 9059ae9cab504b44b595d40c8f6fd862 - - default default] Unable to schedule network 54e0f227-e9f3-41a4-b5a7-0245b924d5dc: no agents available; will retry on subsequent port and subnet creation events.
2026-07-14 18:55:57.309 9 INFO neutron.db.ovn_revision_numbers_db [None req-aec6d0fa-73bd-4d05-9260-e076337fcccc 78fd33a4dcaf4a9c93c00d40c52f9a39 9059ae9cab504b44b595d40c8f6fd862 - - default default] Successfully bumped revision number for resource 7fe7a52a-0257-4a7b-927d-9735b0a1f76c (type: ports) to 1
2026-07-14 18:55:57.356 9 INFO neutron.wsgi [None req-aec6d0fa-73bd-4d05-9260-e076337fcccc 78fd33a4dcaf4a9c93c00d40c52f9a39 9059ae9cab504b44b595d40c8f6fd862 - - default default] 10.0.0.110 "POST /v2.0/ports HTTP/1.1" status: 201 len: 974 time: 0.5847902 /var/lib/openstack/lib/python3.10/site-packages/pycadf/identifier.py:71: UserWarning: Invalid uuid: neutron. To ensure interoperability, identifiers should be a valid uuid. warnings.warn(('Invalid uuid: %s. To ensure interoperability, '
2026-07-14 18:55:57.403 10 WARNING neutron.scheduler.dhcp_agent_scheduler [None req-552427de-8a74-4e72-88ec-2b9322a22ba9 0da4e6b33f9d4b49b2155d01716bf5a7 b16dc8cb0f74466d8afd6d940e605e3f - - default default] No more DHCP agents
2026-07-14 18:55:57.407 10 WARNING neutron.api.rpc.agentnotifiers.dhcp_rpc_agent_api [None req-552427de-8a74-4e72-88ec-2b9322a22ba9 0da4e6b33f9d4b49b2155d01716bf5a7 b16dc8cb0f74466d8afd6d940e605e3f - - default default] Unable to schedule network c4150f01-c8cf-4190-89b6-2061d5c9fb64: no agents available; will retry on subsequent port and subnet creation events.
2026-07-14 18:55:57.550 10 INFO neutron.db.ovn_revision_numbers_db [None req-552427de-8a74-4e72-88ec-2b9322a22ba9 0da4e6b33f9d4b49b2155d01716bf5a7 b16dc8cb0f74466d8afd6d940e605e3f - - default default] Successfully bumped revision number for resource 436273da-a8a1-42fc-9849-7bfab9e4ae16 (type: ports) to 1
2026-07-14 18:55:57.598 10 INFO neutron.wsgi [None req-552427de-8a74-4e72-88ec-2b9322a22ba9 0da4e6b33f9d4b49b2155d01716bf5a7 b16dc8cb0f74466d8afd6d940e605e3f - - default default] 10.0.0.110 "POST /v2.0/networks HTTP/1.1" status: 201 len: 830 time: 1.8564954
2026-07-14 18:55:57.610 10 WARNING neutron_lib.context [None req-6767cf2c-19ea-49ce-85d9-fdc5694d3df1 0da4e6b33f9d4b49b2155d01716bf5a7 b16dc8cb0f74466d8afd6d940e605e3f - - default default] Method 'is_advsvc' is deprecated since 2023.2 release (neutron-lib 3.8.0) and will be removed once support for the old RBAC API policies will be removed from Neutron. Please use method 'is_service_role' instead.
2026-07-14 18:55:57.813 10 INFO neutron.db.ovn_revision_numbers_db [None req-68f97aa8-0195-4ef2-b4fe-59f2e526e5a2 - - - - - -] Successfully bumped revision number for resource b9f1f08b-a646-417a-b851-783abd85ba71 (type: ports) to 1
2026-07-14 18:55:57.925 9 INFO neutron.plugins.ml2.drivers.ovn.mech_driver.mech_driver [None req-b3893bc5-85d2-406f-b2ce-5ab6e62dbb5a - - - - - -] OVN reports status down for port: 7fe7a52a-0257-4a7b-927d-9735b0a1f76c
2026-07-14 18:55:57.945 10 WARNING neutron.scheduler.dhcp_agent_scheduler [None req-6767cf2c-19ea-49ce-85d9-fdc5694d3df1 0da4e6b33f9d4b49b2155d01716bf5a7 b16dc8cb0f74466d8afd6d940e605e3f - - default default] No more DHCP agents
2026-07-14 18:55:57.949 10 WARNING neutron.api.rpc.agentnotifiers.dhcp_rpc_agent_api [None req-6767cf2c-19ea-49ce-85d9-fdc5694d3df1 0da4e6b33f9d4b49b2155d01716bf5a7 b16dc8cb0f74466d8afd6d940e605e3f - - default default] Unable to schedule network c4150f01-c8cf-4190-89b6-2061d5c9fb64: no agents available; will retry on subsequent port and subnet creation events.
2026-07-14 18:55:58.000 9 INFO neutron.db.ovn_revision_numbers_db [None req-fd3c4187-0275-4bed-b82d-b57cd09f18c0 78fd33a4dcaf4a9c93c00d40c52f9a39 9059ae9cab504b44b595d40c8f6fd862 - - default default] Successfully bumped revision number for resource 7fe7a52a-0257-4a7b-927d-9735b0a1f76c (type: ports) to 2
2026-07-14 18:55:58.011 9 INFO neutron.wsgi [None req-fd3c4187-0275-4bed-b82d-b57cd09f18c0 78fd33a4dcaf4a9c93c00d40c52f9a39 9059ae9cab504b44b595d40c8f6fd862 - - default default] 10.0.0.110 "PUT /v2.0/ports/7fe7a52a-0257-4a7b-927d-9735b0a1f76c HTTP/1.1" status: 200 len: 946 time: 0.6451030 /var/lib/openstack/lib/python3.10/site-packages/pycadf/identifier.py:71: UserWarning: Invalid uuid: neutron. To ensure interoperability, identifiers should be a valid uuid. warnings.warn(('Invalid uuid: %s. To ensure interoperability, '
2026-07-14 18:55:58.151 10 INFO neutron.db.ovn_revision_numbers_db [None req-6767cf2c-19ea-49ce-85d9-fdc5694d3df1 0da4e6b33f9d4b49b2155d01716bf5a7 b16dc8cb0f74466d8afd6d940e605e3f - - default default] Successfully bumped revision number for resource 06a561d8-4418-413b-bafe-c823560216d3 (type: ports) to 1
2026-07-14 18:55:58.185 9 ERROR ovsdbapp.backend.ovs_idl.command [None req-fb7723c6-7544-4ea0-a159-439610ecb7b5 42c5276c71b348a9abacbf421c309197 ff7e564635fa43fa9e2dc3cdab6453c3 - - default default] Error executing command (DbGetCommand): ovsdbapp.backend.ovs_idl.idlutils.RowNotFound: Cannot find Logical_Router_Port with name=lrp-409f9e58-de3e-430a-98d2-448b572b189b
2026-07-14 18:55:58.185 9 ERROR ovsdbapp.backend.ovs_idl.command
Traceback (most recent call last):
2026-07-14 18:55:58.185 9 ERROR ovsdbapp.backend.ovs_idl.command
File "/var/lib/openstack/lib/python3.10/site-packages/ovsdbapp/backend/ovs_idl/command.py", line 47, in execute
2026-07-14 18:55:58.185 9 ERROR ovsdbapp.backend.ovs_idl.command self.run_idl(None)
2026-07-14 18:55:58.185 9 ERROR ovsdbapp.backend.ovs_idl.command
File "/var/lib/openstack/lib/python3.10/site-packages/ovsdbapp/backend/ovs_idl/command.py", line 235, in run_idl
2026-07-14 18:55:58.185 9 ERROR ovsdbapp.backend.ovs_idl.command record = self.api.lookup(self.table, self.record)
2026-07-14 18:55:58.185 9 ERROR ovsdbapp.backend.ovs_idl.command
File "/var/lib/openstack/lib/python3.10/site-packages/ovsdbapp/backend/ovs_idl/__init__.py", line 184, in lookup
2026-07-14 18:55:58.185 9 ERROR ovsdbapp.backend.ovs_idl.command return self._lookup(table, record)
2026-07-14 18:55:58.185 9 ERROR ovsdbapp.backend.ovs_idl.command
File "/var/lib/openstack/lib/python3.10/site-packages/ovsdbapp/backend/ovs_idl/__init__.py", line 235, in _lookup
2026-07-14 18:55:58.185 9 ERROR ovsdbapp.backend.ovs_idl.command row = idlutils.row_by_value(self, rl.table, rl.column, record)
2026-07-14 18:55:58.185 9 ERROR ovsdbapp.backend.ovs_idl.command
File "/var/lib/openstack/lib/python3.10/site-packages/ovsdbapp/backend/ovs_idl/idlutils.py", line 114, in row_by_value
2026-07-14 18:55:58.185 9 ERROR ovsdbapp.backend.ovs_idl.command raise RowNotFound(table=table, col=column, match=match)
2026-07-14 18:55:58.185 9 ERROR ovsdbapp.backend.ovs_idl.command ovsdbapp.backend.ovs_idl.idlutils.RowNotFound: Cannot find Logical_Router_Port with name=lrp-409f9e58-de3e-430a-98d2-448b572b189b
2026-07-14 18:55:58.185 9 ERROR ovsdbapp.backend.ovs_idl.command 
2026-07-14 18:55:58.186 9 ERROR neutron_lib.callbacks.manager [None req-fb7723c6-7544-4ea0-a159-439610ecb7b5 42c5276c71b348a9abacbf421c309197 ff7e564635fa43fa9e2dc3cdab6453c3 - - default default] Error during notification for neutron.services.ovn_l3.plugin.OVNL3RouterPlugin._port_update-8746044657382 port, after_update: ovsdbapp.backend.ovs_idl.idlutils.RowNotFound: Cannot find Logical_Router_Port with name=lrp-409f9e58-de3e-430a-98d2-448b572b189b
2026-07-14 18:55:58.186 9 ERROR neutron_lib.callbacks.manager
Traceback (most recent call last):
2026-07-14 18:55:58.186 9 ERROR neutron_lib.callbacks.manager
File "/var/lib/openstack/lib/python3.10/site-packages/neutron_lib/callbacks/manager.py", line 189, in _notify_loop
2026-07-14 18:55:58.186 9 ERROR neutron_lib.callbacks.manager callback.method(resource, event, trigger, payload=payload)
2026-07-14 18:55:58.186 9 ERROR neutron_lib.callbacks.manager
File "/var/lib/openstack/lib/python3.10/site-packages/neutron/services/ovn_l3/plugin.py", line 391, in _port_update
2026-07-14 18:55:58.186 9 ERROR neutron_lib.callbacks.manager l3plugin._ovn_client.update_router_port(context,
2026-07-14 18:55:58.186 9 ERROR neutron_lib.callbacks.manager
File "/var/lib/openstack/lib/python3.10/site-packages/neutron/plugins/ml2/drivers/ovn/mech_driver/ovsdb/ovn_client.py", line 1878, in update_router_port
2026-07-14 18:55:58.186 9 ERROR neutron_lib.callbacks.manager self._update_lrouter_port(context, port, if_exists=if_exists,
2026-07-14 18:55:58.186 9 ERROR neutron_lib.callbacks.manager
File "/var/lib/openstack/lib/python3.10/site-packages/neutron/plugins/ml2/drivers/ovn/mech_driver/ovsdb/ovn_client.py", line 1855, in _update_lrouter_port
2026-07-14 18:55:58.186 9 ERROR neutron_lib.callbacks.manager external_ids = self._nb_idl.db_get(
2026-07-14 18:55:58.186 9 ERROR neutron_lib.callbacks.manager
File "/var/lib/openstack/lib/python3.10/site-packages/ovsdbapp/backend/ovs_idl/command.py", line 47, in execute
2026-07-14 18:55:58.186 9 ERROR neutron_lib.callbacks.manager self.run_idl(None)
2026-07-14 18:55:58.186 9 ERROR neutron_lib.callbacks.manager
File "/var/lib/openstack/lib/python3.10/site-packages/ovsdbapp/backend/ovs_idl/command.py", line 235, in run_idl
2026-07-14 18:55:58.186 9 ERROR neutron_lib.callbacks.manager record = self.api.lookup(self.table, self.record)
2026-07-14 18:55:58.186 9 ERROR neutron_lib.callbacks.manager
File "/var/lib/openstack/lib/python3.10/site-packages/ovsdbapp/backend/ovs_idl/__init__.py", line 184, in lookup
2026-07-14 18:55:58.186 9 ERROR neutron_lib.callbacks.manager return self._lookup(table, record)
2026-07-14 18:55:58.186 9 ERROR neutron_lib.callbacks.manager
File "/var/lib/openstack/lib/python3.10/site-packages/ovsdbapp/backend/ovs_idl/__init__.py", line 235, in _lookup
2026-07-14 18:55:58.186 9 ERROR neutron_lib.callbacks.manager row = idlutils.row_by_value(self, rl.table, rl.column, record)
2026-07-14 18:55:58.186 9 ERROR neutron_lib.callbacks.manager
File "/var/lib/openstack/lib/python3.10/site-packages/ovsdbapp/backend/ovs_idl/idlutils.py", line 114, in row_by_value
2026-07-14 18:55:58.186 9 ERROR neutron_lib.callbacks.manager raise RowNotFound(table=table, col=column, match=match)
2026-07-14 18:55:58.186 9 ERROR neutron_lib.callbacks.manager ovsdbapp.backend.ovs_idl.idlutils.RowNotFound: Cannot find Logical_Router_Port with name=lrp-409f9e58-de3e-430a-98d2-448b572b189b
2026-07-14 18:55:58.186 9 ERROR neutron_lib.callbacks.manager 
2026-07-14 18:55:58.195 10 INFO neutron.wsgi [None req-6767cf2c-19ea-49ce-85d9-fdc5694d3df1 0da4e6b33f9d4b49b2155d01716bf5a7 b16dc8cb0f74466d8afd6d940e605e3f - - default default] 10.0.0.110 "POST /v2.0/ports HTTP/1.1" status: 201 len: 942 time: 0.5903664
2026-07-14 18:55:58.208 9 WARNING neutron_lib.context [None req-5b2f6697-d1b1-4233-825f-d3d20695ebd3 0da4e6b33f9d4b49b2155d01716bf5a7 b16dc8cb0f74466d8afd6d940e605e3f - - default default] Method 'is_advsvc' is deprecated since 2023.2 release (neutron-lib 3.8.0) and will be removed once support for the old RBAC API policies will be removed from Neutron. Please use method 'is_service_role' instead. /var/lib/openstack/lib/python3.10/site-packages/pycadf/identifier.py:71: UserWarning: Invalid uuid: neutron. To ensure interoperability, identifiers should be a valid uuid. warnings.warn(('Invalid uuid: %s. To ensure interoperability, '
2026-07-14 18:55:58.535 9 INFO neutron.wsgi [None req-5b2f6697-d1b1-4233-825f-d3d20695ebd3 0da4e6b33f9d4b49b2155d01716bf5a7 b16dc8cb0f74466d8afd6d940e605e3f - - default default] 10.0.0.110 "POST /v2.0/trunks HTTP/1.1" status: 201 len: 608 time: 0.3323340
2026-07-14 18:55:58.544 10 WARNING neutron_lib.context [None req-5d494a4a-a450-4427-bffe-ee6c1bcacf86 0da4e6b33f9d4b49b2155d01716bf5a7 b16dc8cb0f74466d8afd6d940e605e3f - - default default] Method 'is_advsvc' is deprecated since 2023.2 release (neutron-lib 3.8.0) and will be removed once support for the old RBAC API policies will be removed from Neutron. Please use method 'is_service_role' instead.
2026-07-14 18:55:58.603 9 INFO neutron.db.ovn_revision_numbers_db [None req-fb7723c6-7544-4ea0-a159-439610ecb7b5 42c5276c71b348a9abacbf421c309197 ff7e564635fa43fa9e2dc3cdab6453c3 - - default default] Successfully bumped revision number for resource 409f9e58-de3e-430a-98d2-448b572b189b (type: ports) to 1
2026-07-14 18:55:58.619 10 INFO neutron.db.ovn_revision_numbers_db [None req-68f97aa8-0195-4ef2-b4fe-59f2e526e5a2 - - - - - -] Successfully bumped revision number for resource b9f1f08b-a646-417a-b851-783abd85ba71 (type: router_ports) to 3
2026-07-14 18:55:58.679 9 WARNING neutron.scheduler.dhcp_agent_scheduler [None req-fb7723c6-7544-4ea0-a159-439610ecb7b5 42c5276c71b348a9abacbf421c309197 ff7e564635fa43fa9e2dc3cdab6453c3 - - default default] No more DHCP agents
2026-07-14 18:55:58.685 9 WARNING neutron.api.rpc.agentnotifiers.dhcp_rpc_agent_api [None req-fb7723c6-7544-4ea0-a159-439610ecb7b5 42c5276c71b348a9abacbf421c309197 ff7e564635fa43fa9e2dc3cdab6453c3 - - default default] Unable to schedule network 1be6e370-9ba9-4123-8838-d03fdfb12b51: no agents available; will retry on subsequent port and subnet creation events.
2026-07-14 18:55:58.693 10 INFO neutron.db.segments_db [None req-5d494a4a-a450-4427-bffe-ee6c1bcacf86 0da4e6b33f9d4b49b2155d01716bf5a7 b16dc8cb0f74466d8afd6d940e605e3f - - default default] Added segment 4bacff34-81c6-4c00-a2ea-8e4789168fe3 of type geneve for network 668087cf-bd02-4582-bc9d-04cfd3cc2a1e
2026-07-14 18:55:58.716 10 INFO neutron.wsgi [None req-74dfdbb0-54d0-43d3-9c58-f9c398e17625 78fd33a4dcaf4a9c93c00d40c52f9a39 9059ae9cab504b44b595d40c8f6fd862 - - default default] 10.0.0.110 "DELETE /v2.0/ports/7fe7a52a-0257-4a7b-927d-9735b0a1f76c HTTP/1.1" status: 204 len: 168 time: 0.6942365
2026-07-14 18:55:58.820 10 INFO neutron.wsgi [None req-18bffd2c-f449-4dee-b6c6-97355fb618b8 78fd33a4dcaf4a9c93c00d40c52f9a39 9059ae9cab504b44b595d40c8f6fd862 - - default default] 10.0.0.110 "GET /v2.0/ports HTTP/1.1" status: 200 len: 1727 time: 0.0969775
2026-07-14 18:55:58.859 9 INFO neutron.pecan_wsgi.hooks.translation [None req-d0d889b7-62af-408d-95c8-869654ca1dba 78fd33a4dcaf4a9c93c00d40c52f9a39 9059ae9cab504b44b595d40c8f6fd862 - - default default] GET failed (client error): The resource could not be found.
2026-07-14 18:55:58.861 9 INFO neutron.wsgi [None req-d0d889b7-62af-408d-95c8-869654ca1dba 78fd33a4dcaf4a9c93c00d40c52f9a39 9059ae9cab504b44b595d40c8f6fd862 - - default default] 10.0.0.110 "GET /v2.0/ports/7fe7a52a-0257-4a7b-927d-9735b0a1f76c HTTP/1.1" status: 404 len: 333 time: 0.0374372
2026-07-14 18:55:58.952 10 INFO neutron.db.ovn_revision_numbers_db [None req-5d494a4a-a450-4427-bffe-ee6c1bcacf86 0da4e6b33f9d4b49b2155d01716bf5a7 b16dc8cb0f74466d8afd6d940e605e3f - - default default] Successfully bumped revision number for resource 668087cf-bd02-4582-bc9d-04cfd3cc2a1e (type: networks) to 1
2026-07-14 18:55:58.974 10 INFO neutron.plugins.ml2.drivers.ovn.mech_driver.mech_driver [None req-d887c70c-8fc1-42e8-a873-0fff16e19d3d - - - - - -] OVN reports status up for port: 409f9e58-de3e-430a-98d2-448b572b189b
2026-07-14 18:55:58.991 10 INFO neutron.plugins.ml2.plugin [None req-d887c70c-8fc1-42e8-a873-0fff16e19d3d - - - - - -] Attempt 1 to provision port 409f9e58-de3e-430a-98d2-448b572b189b
2026-07-14 18:55:58.993 9 INFO neutron.wsgi [None req-e85b5f9d-5887-4fec-8d16-91de102a5817 78fd33a4dcaf4a9c93c00d40c52f9a39 9059ae9cab504b44b595d40c8f6fd862 - - default default] 10.0.0.110 "GET /v2.0/ports HTTP/1.1" status: 200 len: 1727 time: 0.1214533
2026-07-14 18:55:59.056 9 INFO neutron.wsgi [None req-a0d76728-bbbd-42ab-ae8e-a37798f10855 78fd33a4dcaf4a9c93c00d40c52f9a39 9059ae9cab504b44b595d40c8f6fd862 - - default default] 10.0.0.110 "GET /v2.0/ports/3e1516c2-4495-4825-8360-ccbfae3dabfb HTTP/1.1" status: 200 len: 967 time: 0.0519249
2026-07-14 18:55:59.056 10 INFO neutron.db.ovn_revision_numbers_db [None req-68f97aa8-0195-4ef2-b4fe-59f2e526e5a2 - - - - - -] Successfully bumped revision number for resource b9f1f08b-a646-417a-b851-783abd85ba71 (type: ports) to 2
2026-07-14 18:55:59.093 10 INFO neutron.pecan_wsgi.hooks.translation [None req-533fdda3-57f4-42ae-a561-2dda50fd32ea 78fd33a4dcaf4a9c93c00d40c52f9a39 9059ae9cab504b44b595d40c8f6fd862 - - default default] DELETE failed (client error): The resource could not be found.
2026-07-14 18:55:59.096 10 INFO neutron.wsgi [None req-533fdda3-57f4-42ae-a561-2dda50fd32ea 78fd33a4dcaf4a9c93c00d40c52f9a39 9059ae9cab504b44b595d40c8f6fd862 - - default default] 10.0.0.110 "DELETE /v2.0/ports/b22126dd-7553-4572-b880-d8e968b117eb HTTP/1.1" status: 404 len: 333 time: 0.0312228
2026-07-14 18:55:59.134 10 INFO neutron.pecan_wsgi.hooks.translation [None req-13876f4f-8d4a-4451-9771-8fb129bd1dfe 78fd33a4dcaf4a9c93c00d40c52f9a39 9059ae9cab504b44b595d40c8f6fd862 - - default default] DELETE failed (client error): The resource could not be found.
2026-07-14 18:55:59.137 10 INFO neutron.wsgi [None req-13876f4f-8d4a-4451-9771-8fb129bd1dfe 78fd33a4dcaf4a9c93c00d40c52f9a39 9059ae9cab504b44b595d40c8f6fd862 - - default default] 10.0.0.110 "DELETE /v2.0/subnets/54ac94a4-8c0a-41b2-bbb3-a134f8f8b3e2 HTTP/1.1" status: 404 len: 337 time: 0.0309439
2026-07-14 18:55:59.158 9 INFO neutron.pecan_wsgi.hooks.translation [None req-65bfdf4f-dcc8-468c-bcda-a28f4ea1fdd9 78fd33a4dcaf4a9c93c00d40c52f9a39 9059ae9cab504b44b595d40c8f6fd862 - - default default] DELETE failed (client error): The resource could not be found.
2026-07-14 18:55:59.160 9 INFO neutron.wsgi [None req-65bfdf4f-dcc8-468c-bcda-a28f4ea1fdd9 78fd33a4dcaf4a9c93c00d40c52f9a39 9059ae9cab504b44b595d40c8f6fd862 - - default default] 10.0.0.110 "DELETE /v2.0/subnets/cff3ff20-dfeb-408b-a2f6-5f79a02a4b5f HTTP/1.1" status: 404 len: 337 time: 0.0161362
2026-07-14 18:55:59.292 10 WARNING neutron.scheduler.dhcp_agent_scheduler [None req-5d494a4a-a450-4427-bffe-ee6c1bcacf86 0da4e6b33f9d4b49b2155d01716bf5a7 b16dc8cb0f74466d8afd6d940e605e3f - - default default] No more DHCP agents
2026-07-14 18:55:59.293 9 INFO neutron.db.ovn_revision_numbers_db [None req-fb7723c6-7544-4ea0-a159-439610ecb7b5 42c5276c71b348a9abacbf421c309197 ff7e564635fa43fa9e2dc3cdab6453c3 - - default default] Successfully bumped revision number for resource 409f9e58-de3e-430a-98d2-448b572b189b (type: router_ports) to 1
