Jul 20 09:06:05.514860 np0000185890 systemd[1]: Starting devstack@n-api-meta.service - Devstack devstack@n-api-meta.service...
Jul 20 09:06:05.521517 np0000185890 devstack@n-api-meta.service[106926]: [uWSGI] getting INI configuration from /etc/nova/nova-metadata-uwsgi.ini
Jul 20 09:06:05.524502 np0000185890 devstack@n-api-meta.service[106926]: *** Starting uWSGI 2.0.24-debian (64bit) on [Mon Jul 20 09:06:05 2026] ***
Jul 20 09:06:05.524502 np0000185890 devstack@n-api-meta.service[106926]: compiled with version: 13.2.0 on 17 April 2024 16:23:48
Jul 20 09:06:05.524502 np0000185890 devstack@n-api-meta.service[106926]: os: Linux-6.8.0-134-generic #134-Ubuntu SMP PREEMPT_DYNAMIC Fri Jun 26 18:43:11 UTC 2026
Jul 20 09:06:05.524502 np0000185890 devstack@n-api-meta.service[106926]: nodename: np0000185890
Jul 20 09:06:05.524502 np0000185890 devstack@n-api-meta.service[106926]: machine: x86_64
Jul 20 09:06:05.524502 np0000185890 devstack@n-api-meta.service[106926]: clock source: unix
Jul 20 09:06:05.524502 np0000185890 devstack@n-api-meta.service[106926]: pcre jit disabled
Jul 20 09:06:05.524502 np0000185890 devstack@n-api-meta.service[106926]: detected number of CPU cores: 16
Jul 20 09:06:05.524502 np0000185890 devstack@n-api-meta.service[106926]: current working directory: /
Jul 20 09:06:05.524502 np0000185890 devstack@n-api-meta.service[106926]: detected binary path: /usr/bin/uwsgi-core
Jul 20 09:06:05.524502 np0000185890 devstack@n-api-meta.service[106926]: your processes number limit is 256916
Jul 20 09:06:05.524502 np0000185890 devstack@n-api-meta.service[106926]: your memory page size is 4096 bytes
Jul 20 09:06:05.524502 np0000185890 devstack@n-api-meta.service[106926]: detected max file descriptor number: 2048
Jul 20 09:06:05.524502 np0000185890 devstack@n-api-meta.service[106926]: lock engine: pthread robust mutexes
Jul 20 09:06:05.525252 np0000185890 devstack@n-api-meta.service[106926]: thunder lock: enabled
Jul 20 09:06:05.525252 np0000185890 devstack@n-api-meta.service[106926]: uWSGI http bound on 0.0.0.0:8775 fd 5
Jul 20 09:06:05.525252 np0000185890 devstack@n-api-meta.service[106926]: uwsgi socket 0 bound to TCP address 127.0.0.1:45875 (port auto-assigned) fd 4
Jul 20 09:06:05.525252 np0000185890 devstack@n-api-meta.service[106926]: Python version: 3.12.3 (main, Jun 19 2026, 12:46:00) [GCC 13.3.0]
Jul 20 09:06:05.525252 np0000185890 devstack@n-api-meta.service[106926]: PEP 405 virtualenv detected: /opt/stack/data/venv
Jul 20 09:06:05.525252 np0000185890 devstack@n-api-meta.service[106926]: Set PythonHome to /opt/stack/data/venv
Jul 20 09:06:05.559748 np0000185890 devstack@n-api-meta.service[106926]: Python main interpreter initialized at 0x766e85aa4668
Jul 20 09:06:05.559748 np0000185890 devstack@n-api-meta.service[106926]: python threads support enabled
Jul 20 09:06:05.559748 np0000185890 devstack@n-api-meta.service[106926]: your server socket listen backlog is limited to 100 connections
Jul 20 09:06:05.559748 np0000185890 devstack@n-api-meta.service[106926]: your mercy for graceful operations on workers is 80 seconds
Jul 20 09:06:05.560278 np0000185890 devstack@n-api-meta.service[106926]: mapped 671795 bytes (656 KB) for 4 cores
Jul 20 09:06:05.560416 np0000185890 devstack@n-api-meta.service[106926]: *** Operational MODE: preforking ***
Jul 20 09:06:05.560616 np0000185890 devstack@n-api-meta.service[106926]: *** uWSGI is running in multiple interpreter mode ***
Jul 20 09:06:05.560616 np0000185890 devstack@n-api-meta.service[106926]: spawned uWSGI master process (pid: 106926)
Jul 20 09:06:05.560851 np0000185890 systemd[1]: Started devstack@n-api-meta.service - Devstack devstack@n-api-meta.service.
Jul 20 09:06:05.561437 np0000185890 devstack@n-api-meta.service[106926]: spawned uWSGI worker 1 (pid: 106927, cores: 1)
Jul 20 09:06:05.561964 np0000185890 devstack@n-api-meta.service[106926]: spawned uWSGI worker 2 (pid: 106928, cores: 1)
Jul 20 09:06:05.562454 np0000185890 devstack@n-api-meta.service[106926]: spawned uWSGI worker 3 (pid: 106929, cores: 1)
Jul 20 09:06:05.563021 np0000185890 devstack@n-api-meta.service[106926]: spawned uWSGI worker 4 (pid: 106930, cores: 1)
Jul 20 09:06:05.563658 np0000185890 devstack@n-api-meta.service[106926]: spawned uWSGI http 1 (pid: 106931)
Jul 20 09:06:05.563658 np0000185890 devstack@n-api-meta.service[106926]: running "unix_signal:15 gracefully_kill_them_all" (master-start)...
Jul 20 09:06:07.182705 np0000185890 devstack@n-api-meta.service[106929]: INFO dbcounter [None req-7cd82603-d016-4c61-a087-2f68cd1c486a None None] Registered counter for database nova_api
Jul 20 09:06:07.227333 np0000185890 devstack@n-api-meta.service[106929]: DEBUG oslo_db.sqlalchemy.engines [None req-7cd82603-d016-4c61-a087-2f68cd1c486a None None] MySQL server mode set to STRICT_TRANS_TABLES,STRICT_ALL_TABLES,NO_ZERO_IN_DATE,NO_ZERO_DATE,ERROR_FOR_DIVISION_BY_ZERO,TRADITIONAL,NO_ENGINE_SUBSTITUTION {{(pid=106929) _check_effective_sql_mode /opt/stack/data/venv/lib/python3.12/site-packages/oslo_db/sqlalchemy/engines.py:325}}
Jul 20 09:06:07.244700 np0000185890 devstack@n-api-meta.service[106930]: INFO dbcounter [None req-c746c07a-42f9-4b65-b80f-898a2f781b86 None None] Registered counter for database nova_api
Jul 20 09:06:07.259850 np0000185890 devstack@n-api-meta.service[106929]: DEBUG dbcounter [-] [106929] Writer thread running {{(pid=106929) stat_writer /opt/stack/data/venv/lib/python3.12/site-packages/dbcounter.py:102}}
Jul 20 09:06:07.262345 np0000185890 devstack@n-api-meta.service[106929]: DEBUG nova.context [None req-7cd82603-d016-4c61-a087-2f68cd1c486a None None] Found 2 cells: 00000000-0000-0000-0000-000000000000(cell0),99066401-c639-43a4-b986-7db476d29357(cell1) {{(pid=106929) load_cells /opt/stack/nova/nova/context.py:509}}
Jul 20 09:06:07.262574 np0000185890 devstack@n-api-meta.service[106929]: INFO nova.utils [None req-7cd82603-d016-4c61-a087-2f68cd1c486a None None] The cell worker thread pool MainProcess.cell_worker is initialized
Jul 20 09:06:07.264339 np0000185890 devstack@n-api-meta.service[106929]: DEBUG oslo_concurrency.lockutils [None req-7cd82603-d016-4c61-a087-2f68cd1c486a None None] Acquiring lock "00000000-0000-0000-0000-000000000000" by "nova.context.set_target_cell..get_or_set_cached_cell_and_set_connections" {{(pid=106929) inner /opt/stack/data/venv/lib/python3.12/site-packages/oslo_concurrency/lockutils.py:512}}
Jul 20 09:06:07.264529 np0000185890 devstack@n-api-meta.service[106929]: DEBUG oslo_concurrency.lockutils [None req-7cd82603-d016-4c61-a087-2f68cd1c486a None None] Lock "00000000-0000-0000-0000-000000000000" acquired by "nova.context.set_target_cell..get_or_set_cached_cell_and_set_connections" :: waited 0.000s {{(pid=106929) inner /opt/stack/data/venv/lib/python3.12/site-packages/oslo_concurrency/lockutils.py:525}}
Jul 20 09:06:07.265014 np0000185890 devstack@n-api-meta.service[106929]: DEBUG oslo_concurrency.lockutils [None req-7cd82603-d016-4c61-a087-2f68cd1c486a None None] Lock "00000000-0000-0000-0000-000000000000" "released" by "nova.context.set_target_cell..get_or_set_cached_cell_and_set_connections" :: held 0.000s {{(pid=106929) inner /opt/stack/data/venv/lib/python3.12/site-packages/oslo_concurrency/lockutils.py:544}}
Jul 20 09:06:07.265863 np0000185890 devstack@n-api-meta.service[106929]: DEBUG oslo_concurrency.lockutils [None req-7cd82603-d016-4c61-a087-2f68cd1c486a None None] Acquiring lock "99066401-c639-43a4-b986-7db476d29357" by "nova.context.set_target_cell..get_or_set_cached_cell_and_set_connections" {{(pid=106929) inner /opt/stack/data/venv/lib/python3.12/site-packages/oslo_concurrency/lockutils.py:512}}
Jul 20 09:06:07.266001 np0000185890 devstack@n-api-meta.service[106929]: DEBUG oslo_concurrency.lockutils [None req-7cd82603-d016-4c61-a087-2f68cd1c486a None None] Lock "99066401-c639-43a4-b986-7db476d29357" acquired by "nova.context.set_target_cell..get_or_set_cached_cell_and_set_connections" :: waited 0.000s {{(pid=106929) inner /opt/stack/data/venv/lib/python3.12/site-packages/oslo_concurrency/lockutils.py:525}}
Jul 20 09:06:07.266895 np0000185890 devstack@n-api-meta.service[106929]: DEBUG oslo_concurrency.lockutils [None req-7cd82603-d016-4c61-a087-2f68cd1c486a None None] Lock "99066401-c639-43a4-b986-7db476d29357" "released" by "nova.context.set_target_cell..get_or_set_cached_cell_and_set_connections" :: held 0.001s {{(pid=106929) inner /opt/stack/data/venv/lib/python3.12/site-packages/oslo_concurrency/lockutils.py:544}}
Jul 20 09:06:07.270038 np0000185890 devstack@n-api-meta.service[106929]: INFO dbcounter [None req-7cd82603-d016-4c61-a087-2f68cd1c486a None None] Registered counter for database nova_cell0
Jul 20 09:06:07.272391 np0000185890 devstack@n-api-meta.service[106928]: INFO dbcounter [None req-ced3ceaa-9cf3-4c05-83eb-c512be1ee233 None None] Registered counter for database nova_api
Jul 20 09:06:07.273393 np0000185890 devstack@n-api-meta.service[106927]: INFO dbcounter [None req-ec7812c1-f75e-4f12-af2b-de09c26bf99b None None] Registered counter for database nova_api
Jul 20 09:06:07.275398 np0000185890 devstack@n-api-meta.service[106929]: INFO dbcounter [None req-7cd82603-d016-4c61-a087-2f68cd1c486a None None] Registered counter for database nova_cell1
Jul 20 09:06:07.289516 np0000185890 devstack@n-api-meta.service[106930]: DEBUG oslo_db.sqlalchemy.engines [None req-c746c07a-42f9-4b65-b80f-898a2f781b86 None None] MySQL server mode set to STRICT_TRANS_TABLES,STRICT_ALL_TABLES,NO_ZERO_IN_DATE,NO_ZERO_DATE,ERROR_FOR_DIVISION_BY_ZERO,TRADITIONAL,NO_ENGINE_SUBSTITUTION {{(pid=106930) _check_effective_sql_mode /opt/stack/data/venv/lib/python3.12/site-packages/oslo_db/sqlalchemy/engines.py:325}}
Jul 20 09:06:07.318624 np0000185890 devstack@n-api-meta.service[106928]: DEBUG oslo_db.sqlalchemy.engines [None req-ced3ceaa-9cf3-4c05-83eb-c512be1ee233 None None] MySQL server mode set to STRICT_TRANS_TABLES,STRICT_ALL_TABLES,NO_ZERO_IN_DATE,NO_ZERO_DATE,ERROR_FOR_DIVISION_BY_ZERO,TRADITIONAL,NO_ENGINE_SUBSTITUTION {{(pid=106928) _check_effective_sql_mode /opt/stack/data/venv/lib/python3.12/site-packages/oslo_db/sqlalchemy/engines.py:325}}
Jul 20 09:06:07.320894 np0000185890 devstack@n-api-meta.service[106927]: DEBUG oslo_db.sqlalchemy.engines [None req-ec7812c1-f75e-4f12-af2b-de09c26bf99b None None] MySQL server mode set to STRICT_TRANS_TABLES,STRICT_ALL_TABLES,NO_ZERO_IN_DATE,NO_ZERO_DATE,ERROR_FOR_DIVISION_BY_ZERO,TRADITIONAL,NO_ENGINE_SUBSTITUTION {{(pid=106927) _check_effective_sql_mode /opt/stack/data/venv/lib/python3.12/site-packages/oslo_db/sqlalchemy/engines.py:325}}
Jul 20 09:06:07.326350 np0000185890 devstack@n-api-meta.service[106930]: DEBUG dbcounter [-] [106930] Writer thread running {{(pid=106930) stat_writer /opt/stack/data/venv/lib/python3.12/site-packages/dbcounter.py:102}}
Jul 20 09:06:07.327006 np0000185890 devstack@n-api-meta.service[106929]: DEBUG oslo_db.sqlalchemy.engines [None req-7cd82603-d016-4c61-a087-2f68cd1c486a None None] MySQL server mode set to STRICT_TRANS_TABLES,STRICT_ALL_TABLES,NO_ZERO_IN_DATE,NO_ZERO_DATE,ERROR_FOR_DIVISION_BY_ZERO,TRADITIONAL,NO_ENGINE_SUBSTITUTION {{(pid=106929) _check_effective_sql_mode /opt/stack/data/venv/lib/python3.12/site-packages/oslo_db/sqlalchemy/engines.py:325}}
Jul 20 09:06:07.328444 np0000185890 devstack@n-api-meta.service[106930]: DEBUG nova.context [None req-c746c07a-42f9-4b65-b80f-898a2f781b86 None None] Found 2 cells: 00000000-0000-0000-0000-000000000000(cell0),99066401-c639-43a4-b986-7db476d29357(cell1) {{(pid=106930) load_cells /opt/stack/nova/nova/context.py:509}}
Jul 20 09:06:07.328571 np0000185890 devstack@n-api-meta.service[106930]: INFO nova.utils [None req-c746c07a-42f9-4b65-b80f-898a2f781b86 None None] The cell worker thread pool MainProcess.cell_worker is initialized
Jul 20 09:06:07.331036 np0000185890 devstack@n-api-meta.service[106930]: DEBUG oslo_concurrency.lockutils [None req-c746c07a-42f9-4b65-b80f-898a2f781b86 None None] Acquiring lock "00000000-0000-0000-0000-000000000000" by "nova.context.set_target_cell..get_or_set_cached_cell_and_set_connections" {{(pid=106930) inner /opt/stack/data/venv/lib/python3.12/site-packages/oslo_concurrency/lockutils.py:512}}
Jul 20 09:06:07.331265 np0000185890 devstack@n-api-meta.service[106930]: DEBUG oslo_concurrency.lockutils [None req-c746c07a-42f9-4b65-b80f-898a2f781b86 None None] Lock "00000000-0000-0000-0000-000000000000" acquired by "nova.context.set_target_cell..get_or_set_cached_cell_and_set_connections" :: waited 0.000s {{(pid=106930) inner /opt/stack/data/venv/lib/python3.12/site-packages/oslo_concurrency/lockutils.py:525}}
Jul 20 09:06:07.332138 np0000185890 devstack@n-api-meta.service[106930]: DEBUG oslo_concurrency.lockutils [None req-c746c07a-42f9-4b65-b80f-898a2f781b86 None None] Lock "00000000-0000-0000-0000-000000000000" "released" by "nova.context.set_target_cell..get_or_set_cached_cell_and_set_connections" :: held 0.001s {{(pid=106930) inner /opt/stack/data/venv/lib/python3.12/site-packages/oslo_concurrency/lockutils.py:544}}
Jul 20 09:06:07.333246 np0000185890 devstack@n-api-meta.service[106930]: DEBUG oslo_concurrency.lockutils [None req-c746c07a-42f9-4b65-b80f-898a2f781b86 None None] Acquiring lock "99066401-c639-43a4-b986-7db476d29357" by "nova.context.set_target_cell..get_or_set_cached_cell_and_set_connections" {{(pid=106930) inner /opt/stack/data/venv/lib/python3.12/site-packages/oslo_concurrency/lockutils.py:512}}
Jul 20 09:06:07.333246 np0000185890 devstack@n-api-meta.service[106930]: DEBUG oslo_concurrency.lockutils [None req-c746c07a-42f9-4b65-b80f-898a2f781b86 None None] Lock "99066401-c639-43a4-b986-7db476d29357" acquired by "nova.context.set_target_cell..get_or_set_cached_cell_and_set_connections" :: waited 0.000s {{(pid=106930) inner /opt/stack/data/venv/lib/python3.12/site-packages/oslo_concurrency/lockutils.py:525}}
Jul 20 09:06:07.333876 np0000185890 devstack@n-api-meta.service[106930]: DEBUG oslo_concurrency.lockutils [None req-c746c07a-42f9-4b65-b80f-898a2f781b86 None None] Lock "99066401-c639-43a4-b986-7db476d29357" "released" by "nova.context.set_target_cell..get_or_set_cached_cell_and_set_connections" :: held 0.001s {{(pid=106930) inner /opt/stack/data/venv/lib/python3.12/site-packages/oslo_concurrency/lockutils.py:544}}
Jul 20 09:06:07.336619 np0000185890 devstack@n-api-meta.service[106930]: INFO dbcounter [None req-c746c07a-42f9-4b65-b80f-898a2f781b86 None None] Registered counter for database nova_cell0
Jul 20 09:06:07.340528 np0000185890 devstack@n-api-meta.service[106930]: INFO dbcounter [None req-c746c07a-42f9-4b65-b80f-898a2f781b86 None None] Registered counter for database nova_cell1
Jul 20 09:06:07.354378 np0000185890 devstack@n-api-meta.service[106928]: DEBUG dbcounter [-] [106928] Writer thread running {{(pid=106928) stat_writer /opt/stack/data/venv/lib/python3.12/site-packages/dbcounter.py:102}}
Jul 20 09:06:07.354547 np0000185890 devstack@n-api-meta.service[106927]: DEBUG dbcounter [-] [106927] Writer thread running {{(pid=106927) stat_writer /opt/stack/data/venv/lib/python3.12/site-packages/dbcounter.py:102}}
Jul 20 09:06:07.356848 np0000185890 devstack@n-api-meta.service[106928]: DEBUG nova.context [None req-ced3ceaa-9cf3-4c05-83eb-c512be1ee233 None None] Found 2 cells: 00000000-0000-0000-0000-000000000000(cell0),99066401-c639-43a4-b986-7db476d29357(cell1) {{(pid=106928) load_cells /opt/stack/nova/nova/context.py:509}}
Jul 20 09:06:07.357093 np0000185890 devstack@n-api-meta.service[106928]: INFO nova.utils [None req-ced3ceaa-9cf3-4c05-83eb-c512be1ee233 None None] The cell worker thread pool MainProcess.cell_worker is initialized
Jul 20 09:06:07.357155 np0000185890 devstack@n-api-meta.service[106927]: DEBUG nova.context [None req-ec7812c1-f75e-4f12-af2b-de09c26bf99b None None] Found 2 cells: 00000000-0000-0000-0000-000000000000(cell0),99066401-c639-43a4-b986-7db476d29357(cell1) {{(pid=106927) load_cells /opt/stack/nova/nova/context.py:509}}
Jul 20 09:06:07.357350 np0000185890 devstack@n-api-meta.service[106927]: INFO nova.utils [None req-ec7812c1-f75e-4f12-af2b-de09c26bf99b None None] The cell worker thread pool MainProcess.cell_worker is initialized
Jul 20 09:06:07.359021 np0000185890 devstack@n-api-meta.service[106927]: DEBUG oslo_concurrency.lockutils [None req-ec7812c1-f75e-4f12-af2b-de09c26bf99b None None] Acquiring lock "00000000-0000-0000-0000-000000000000" by "nova.context.set_target_cell..get_or_set_cached_cell_and_set_connections" {{(pid=106927) inner /opt/stack/data/venv/lib/python3.12/site-packages/oslo_concurrency/lockutils.py:512}}
Jul 20 09:06:07.359176 np0000185890 devstack@n-api-meta.service[106927]: DEBUG oslo_concurrency.lockutils [None req-ec7812c1-f75e-4f12-af2b-de09c26bf99b None None] Lock "00000000-0000-0000-0000-000000000000" acquired by "nova.context.set_target_cell..get_or_set_cached_cell_and_set_connections" :: waited 0.000s {{(pid=106927) inner /opt/stack/data/venv/lib/python3.12/site-packages/oslo_concurrency/lockutils.py:525}}
Jul 20 09:06:07.359531 np0000185890 devstack@n-api-meta.service[106927]: DEBUG oslo_concurrency.lockutils [None req-ec7812c1-f75e-4f12-af2b-de09c26bf99b None None] Lock "00000000-0000-0000-0000-000000000000" "released" by "nova.context.set_target_cell..get_or_set_cached_cell_and_set_connections" :: held 0.000s {{(pid=106927) inner /opt/stack/data/venv/lib/python3.12/site-packages/oslo_concurrency/lockutils.py:544}}
Jul 20 09:06:07.359593 np0000185890 devstack@n-api-meta.service[106928]: DEBUG oslo_concurrency.lockutils [None req-ced3ceaa-9cf3-4c05-83eb-c512be1ee233 None None] Acquiring lock "00000000-0000-0000-0000-000000000000" by "nova.context.set_target_cell..get_or_set_cached_cell_and_set_connections" {{(pid=106928) inner /opt/stack/data/venv/lib/python3.12/site-packages/oslo_concurrency/lockutils.py:512}}
Jul 20 09:06:07.359779 np0000185890 devstack@n-api-meta.service[106928]: DEBUG oslo_concurrency.lockutils [None req-ced3ceaa-9cf3-4c05-83eb-c512be1ee233 None None] Lock "00000000-0000-0000-0000-000000000000" acquired by "nova.context.set_target_cell..get_or_set_cached_cell_and_set_connections" :: waited 0.000s {{(pid=106928) inner /opt/stack/data/venv/lib/python3.12/site-packages/oslo_concurrency/lockutils.py:525}}
Jul 20 09:06:07.360278 np0000185890 devstack@n-api-meta.service[106928]: DEBUG oslo_concurrency.lockutils [None req-ced3ceaa-9cf3-4c05-83eb-c512be1ee233 None None] Lock "00000000-0000-0000-0000-000000000000" "released" by "nova.context.set_target_cell..get_or_set_cached_cell_and_set_connections" :: held 0.000s {{(pid=106928) inner /opt/stack/data/venv/lib/python3.12/site-packages/oslo_concurrency/lockutils.py:544}}
Jul 20 09:06:07.361212 np0000185890 devstack@n-api-meta.service[106927]: DEBUG oslo_concurrency.lockutils [None req-ec7812c1-f75e-4f12-af2b-de09c26bf99b None None] Acquiring lock "99066401-c639-43a4-b986-7db476d29357" by "nova.context.set_target_cell..get_or_set_cached_cell_and_set_connections" {{(pid=106927) inner /opt/stack/data/venv/lib/python3.12/site-packages/oslo_concurrency/lockutils.py:512}}
Jul 20 09:06:07.361459 np0000185890 devstack@n-api-meta.service[106928]: DEBUG oslo_concurrency.lockutils [None req-ced3ceaa-9cf3-4c05-83eb-c512be1ee233 None None] Acquiring lock "99066401-c639-43a4-b986-7db476d29357" by "nova.context.set_target_cell..get_or_set_cached_cell_and_set_connections" {{(pid=106928) inner /opt/stack/data/venv/lib/python3.12/site-packages/oslo_concurrency/lockutils.py:512}}
Jul 20 09:06:07.361686 np0000185890 devstack@n-api-meta.service[106928]: DEBUG oslo_concurrency.lockutils [None req-ced3ceaa-9cf3-4c05-83eb-c512be1ee233 None None] Lock "99066401-c639-43a4-b986-7db476d29357" acquired by "nova.context.set_target_cell..get_or_set_cached_cell_and_set_connections" :: waited 0.000s {{(pid=106928) inner /opt/stack/data/venv/lib/python3.12/site-packages/oslo_concurrency/lockutils.py:525}}
Jul 20 09:06:07.362868 np0000185890 devstack@n-api-meta.service[106928]: DEBUG oslo_concurrency.lockutils [None req-ced3ceaa-9cf3-4c05-83eb-c512be1ee233 None None] Lock "99066401-c639-43a4-b986-7db476d29357" "released" by "nova.context.set_target_cell..get_or_set_cached_cell_and_set_connections" :: held 0.001s {{(pid=106928) inner /opt/stack/data/venv/lib/python3.12/site-packages/oslo_concurrency/lockutils.py:544}}
Jul 20 09:06:07.364784 np0000185890 devstack@n-api-meta.service[106928]: INFO dbcounter [None req-ced3ceaa-9cf3-4c05-83eb-c512be1ee233 None None] Registered counter for database nova_cell0
Jul 20 09:06:07.364843 np0000185890 devstack@n-api-meta.service[106927]: DEBUG oslo_concurrency.lockutils [None req-ec7812c1-f75e-4f12-af2b-de09c26bf99b None None] Lock "99066401-c639-43a4-b986-7db476d29357" acquired by "nova.context.set_target_cell..get_or_set_cached_cell_and_set_connections" :: waited 0.004s {{(pid=106927) inner /opt/stack/data/venv/lib/python3.12/site-packages/oslo_concurrency/lockutils.py:525}}
Jul 20 09:06:07.365806 np0000185890 devstack@n-api-meta.service[106927]: DEBUG oslo_concurrency.lockutils [None req-ec7812c1-f75e-4f12-af2b-de09c26bf99b None None] Lock "99066401-c639-43a4-b986-7db476d29357" "released" by "nova.context.set_target_cell..get_or_set_cached_cell_and_set_connections" :: held 0.001s {{(pid=106927) inner /opt/stack/data/venv/lib/python3.12/site-packages/oslo_concurrency/lockutils.py:544}}
Jul 20 09:06:07.367904 np0000185890 devstack@n-api-meta.service[106928]: INFO dbcounter [None req-ced3ceaa-9cf3-4c05-83eb-c512be1ee233 None None] Registered counter for database nova_cell1
Jul 20 09:06:07.368939 np0000185890 devstack@n-api-meta.service[106927]: INFO dbcounter [None req-ec7812c1-f75e-4f12-af2b-de09c26bf99b None None] Registered counter for database nova_cell0
Jul 20 09:06:07.370418 np0000185890 devstack@n-api-meta.service[106927]: INFO dbcounter [None req-ec7812c1-f75e-4f12-af2b-de09c26bf99b None None] Registered counter for database nova_cell1
Jul 20 09:06:07.396506 np0000185890 devstack@n-api-meta.service[106929]: DEBUG oslo_db.sqlalchemy.engines [None req-7cd82603-d016-4c61-a087-2f68cd1c486a None None] MySQL server mode set to STRICT_TRANS_TABLES,STRICT_ALL_TABLES,NO_ZERO_IN_DATE,NO_ZERO_DATE,ERROR_FOR_DIVISION_BY_ZERO,TRADITIONAL,NO_ENGINE_SUBSTITUTION {{(pid=106929) _check_effective_sql_mode /opt/stack/data/venv/lib/python3.12/site-packages/oslo_db/sqlalchemy/engines.py:325}}
Jul 20 09:06:07.409224 np0000185890 devstack@n-api-meta.service[106930]: DEBUG oslo_db.sqlalchemy.engines [None req-c746c07a-42f9-4b65-b80f-898a2f781b86 None None] MySQL server mode set to STRICT_TRANS_TABLES,STRICT_ALL_TABLES,NO_ZERO_IN_DATE,NO_ZERO_DATE,ERROR_FOR_DIVISION_BY_ZERO,TRADITIONAL,NO_ENGINE_SUBSTITUTION {{(pid=106930) _check_effective_sql_mode /opt/stack/data/venv/lib/python3.12/site-packages/oslo_db/sqlalchemy/engines.py:325}}
Jul 20 09:06:07.425870 np0000185890 devstack@n-api-meta.service[106928]: DEBUG oslo_db.sqlalchemy.engines [None req-ced3ceaa-9cf3-4c05-83eb-c512be1ee233 None None] MySQL server mode set to STRICT_TRANS_TABLES,STRICT_ALL_TABLES,NO_ZERO_IN_DATE,NO_ZERO_DATE,ERROR_FOR_DIVISION_BY_ZERO,TRADITIONAL,NO_ENGINE_SUBSTITUTION {{(pid=106928) _check_effective_sql_mode /opt/stack/data/venv/lib/python3.12/site-packages/oslo_db/sqlalchemy/engines.py:325}}
Jul 20 09:06:07.426347 np0000185890 devstack@n-api-meta.service[106930]: DEBUG oslo_db.sqlalchemy.engines [None req-c746c07a-42f9-4b65-b80f-898a2f781b86 None None] MySQL server mode set to STRICT_TRANS_TABLES,STRICT_ALL_TABLES,NO_ZERO_IN_DATE,NO_ZERO_DATE,ERROR_FOR_DIVISION_BY_ZERO,TRADITIONAL,NO_ENGINE_SUBSTITUTION {{(pid=106930) _check_effective_sql_mode /opt/stack/data/venv/lib/python3.12/site-packages/oslo_db/sqlalchemy/engines.py:325}}
Jul 20 09:06:07.430018 np0000185890 devstack@n-api-meta.service[106927]: DEBUG oslo_db.sqlalchemy.engines [None req-ec7812c1-f75e-4f12-af2b-de09c26bf99b None None] MySQL server mode set to STRICT_TRANS_TABLES,STRICT_ALL_TABLES,NO_ZERO_IN_DATE,NO_ZERO_DATE,ERROR_FOR_DIVISION_BY_ZERO,TRADITIONAL,NO_ENGINE_SUBSTITUTION {{(pid=106927) _check_effective_sql_mode /opt/stack/data/venv/lib/python3.12/site-packages/oslo_db/sqlalchemy/engines.py:325}}
Jul 20 09:06:07.443773 np0000185890 devstack@n-api-meta.service[106929]: DEBUG dbcounter [-] [106929] Writer thread running {{(pid=106929) stat_writer /opt/stack/data/venv/lib/python3.12/site-packages/dbcounter.py:102}}
Jul 20 09:06:07.444098 np0000185890 devstack@n-api-meta.service[106928]: DEBUG oslo_db.sqlalchemy.engines [None req-ced3ceaa-9cf3-4c05-83eb-c512be1ee233 None None] MySQL server mode set to STRICT_TRANS_TABLES,STRICT_ALL_TABLES,NO_ZERO_IN_DATE,NO_ZERO_DATE,ERROR_FOR_DIVISION_BY_ZERO,TRADITIONAL,NO_ENGINE_SUBSTITUTION {{(pid=106928) _check_effective_sql_mode /opt/stack/data/venv/lib/python3.12/site-packages/oslo_db/sqlalchemy/engines.py:325}}
Jul 20 09:06:07.448304 np0000185890 devstack@n-api-meta.service[106927]: DEBUG oslo_db.sqlalchemy.engines [None req-ec7812c1-f75e-4f12-af2b-de09c26bf99b None None] MySQL server mode set to STRICT_TRANS_TABLES,STRICT_ALL_TABLES,NO_ZERO_IN_DATE,NO_ZERO_DATE,ERROR_FOR_DIVISION_BY_ZERO,TRADITIONAL,NO_ENGINE_SUBSTITUTION {{(pid=106927) _check_effective_sql_mode /opt/stack/data/venv/lib/python3.12/site-packages/oslo_db/sqlalchemy/engines.py:325}}
Jul 20 09:06:07.451354 np0000185890 devstack@n-api-meta.service[106929]: DEBUG dbcounter [-] [106929] Writer thread running {{(pid=106929) stat_writer /opt/stack/data/venv/lib/python3.12/site-packages/dbcounter.py:102}}
Jul 20 09:06:07.457113 np0000185890 devstack@n-api-meta.service[106929]: INFO dbcounter [None req-7cd82603-d016-4c61-a087-2f68cd1c486a None None] Registered counter for database nova_cell0
Jul 20 09:06:07.500525 np0000185890 devstack@n-api-meta.service[106929]: DEBUG oslo_db.sqlalchemy.engines [None req-7cd82603-d016-4c61-a087-2f68cd1c486a None None] MySQL server mode set to STRICT_TRANS_TABLES,STRICT_ALL_TABLES,NO_ZERO_IN_DATE,NO_ZERO_DATE,ERROR_FOR_DIVISION_BY_ZERO,TRADITIONAL,NO_ENGINE_SUBSTITUTION {{(pid=106929) _check_effective_sql_mode /opt/stack/data/venv/lib/python3.12/site-packages/oslo_db/sqlalchemy/engines.py:325}}
Jul 20 09:06:07.500719 np0000185890 devstack@n-api-meta.service[106930]: DEBUG dbcounter [-] [106930] Writer thread running {{(pid=106930) stat_writer /opt/stack/data/venv/lib/python3.12/site-packages/dbcounter.py:102}}
Jul 20 09:06:07.507645 np0000185890 devstack@n-api-meta.service[106930]: DEBUG dbcounter [-] [106930] Writer thread running {{(pid=106930) stat_writer /opt/stack/data/venv/lib/python3.12/site-packages/dbcounter.py:102}}
Jul 20 09:06:07.511273 np0000185890 devstack@n-api-meta.service[106929]: DEBUG dbcounter [-] [106929] Writer thread running {{(pid=106929) stat_writer /opt/stack/data/venv/lib/python3.12/site-packages/dbcounter.py:102}}
Jul 20 09:06:07.512542 np0000185890 devstack@n-api-meta.service[106930]: INFO dbcounter [None req-c746c07a-42f9-4b65-b80f-898a2f781b86 None None] Registered counter for database nova_cell0
Jul 20 09:06:07.526604 np0000185890 devstack@n-api-meta.service[106928]: DEBUG dbcounter [-] [106928] Writer thread running {{(pid=106928) stat_writer /opt/stack/data/venv/lib/python3.12/site-packages/dbcounter.py:102}}
Jul 20 09:06:07.530198 np0000185890 devstack@n-api-meta.service[106927]: DEBUG dbcounter [-] [106927] Writer thread running {{(pid=106927) stat_writer /opt/stack/data/venv/lib/python3.12/site-packages/dbcounter.py:102}}
Jul 20 09:06:07.532256 np0000185890 devstack@n-api-meta.service[106928]: DEBUG dbcounter [-] [106928] Writer thread running {{(pid=106928) stat_writer /opt/stack/data/venv/lib/python3.12/site-packages/dbcounter.py:102}}
Jul 20 09:06:07.537254 np0000185890 devstack@n-api-meta.service[106928]: INFO dbcounter [None req-ced3ceaa-9cf3-4c05-83eb-c512be1ee233 None None] Registered counter for database nova_cell0
Jul 20 09:06:07.537872 np0000185890 devstack@n-api-meta.service[106927]: DEBUG dbcounter [-] [106927] Writer thread running {{(pid=106927) stat_writer /opt/stack/data/venv/lib/python3.12/site-packages/dbcounter.py:102}}
Jul 20 09:06:07.541894 np0000185890 devstack@n-api-meta.service[106927]: INFO dbcounter [None req-ec7812c1-f75e-4f12-af2b-de09c26bf99b None None] Registered counter for database nova_cell0
Jul 20 09:06:07.552883 np0000185890 devstack@n-api-meta.service[106929]: WARNING nova.api.metadata.handler [None req-7cd82603-d016-4c61-a087-2f68cd1c486a None None] metadata_proxy_shared_secret is not configured, the metadata information returned by the proxy cannot be trusted
Jul 20 09:06:07.555028 np0000185890 devstack@n-api-meta.service[106930]: DEBUG oslo_db.sqlalchemy.engines [None req-c746c07a-42f9-4b65-b80f-898a2f781b86 None None] MySQL server mode set to STRICT_TRANS_TABLES,STRICT_ALL_TABLES,NO_ZERO_IN_DATE,NO_ZERO_DATE,ERROR_FOR_DIVISION_BY_ZERO,TRADITIONAL,NO_ENGINE_SUBSTITUTION {{(pid=106930) _check_effective_sql_mode /opt/stack/data/venv/lib/python3.12/site-packages/oslo_db/sqlalchemy/engines.py:325}}
Jul 20 09:06:07.555204 np0000185890 devstack@n-api-meta.service[106929]: DEBUG nova.api.openstack.wsgi_app [None req-7cd82603-d016-4c61-a087-2f68cd1c486a None None] ******************************************************************************** {{(pid=106929) log_opt_values /opt/stack/data/venv/lib/python3.12/site-packages/oslo_config/cfg.py:3226}}
Jul 20 09:06:07.555313 np0000185890 devstack@n-api-meta.service[106929]: DEBUG nova.api.openstack.wsgi_app [None req-7cd82603-d016-4c61-a087-2f68cd1c486a None None] Configuration options gathered from: {{(pid=106929) log_opt_values /opt/stack/data/venv/lib/python3.12/site-packages/oslo_config/cfg.py:3227}}
Jul 20 09:06:07.555424 np0000185890 devstack@n-api-meta.service[106929]: DEBUG nova.api.openstack.wsgi_app [None req-7cd82603-d016-4c61-a087-2f68cd1c486a None None] command line args: [] {{(pid=106929) log_opt_values /opt/stack/data/venv/lib/python3.12/site-packages/oslo_config/cfg.py:3228}}
Jul 20 09:06:07.555609 np0000185890 devstack@n-api-meta.service[106929]: DEBUG nova.api.openstack.wsgi_app [None req-7cd82603-d016-4c61-a087-2f68cd1c486a None None] config files: ['/etc/nova/api-paste.ini', '/etc/nova/nova.conf'] {{(pid=106929) log_opt_values /opt/stack/data/venv/lib/python3.12/site-packages/oslo_config/cfg.py:3229}}
Jul 20 09:06:07.555811 np0000185890 devstack@n-api-meta.service[106929]: DEBUG nova.api.openstack.wsgi_app [None req-7cd82603-d016-4c61-a087-2f68cd1c486a None None] ================================================================================ {{(pid=106929) log_opt_values /opt/stack/data/venv/lib/python3.12/site-packages/oslo_config/cfg.py:3234}}
Jul 20 09:06:07.555939 np0000185890 devstack@n-api-meta.service[106929]: DEBUG nova.api.openstack.wsgi_app [None req-7cd82603-d016-4c61-a087-2f68cd1c486a None None] allow_resize_to_same_host = True {{(pid=106929) log_opt_values /opt/stack/data/venv/lib/python3.12/site-packages/oslo_config/cfg.py:3242}}
Jul 20 09:06:07.556006 np0000185890 devstack@n-api-meta.service[106929]: DEBUG nova.api.openstack.wsgi_app [None req-7cd82603-d016-4c61-a087-2f68cd1c486a None None] arq_binding_timeout = 300 {{(pid=106929) log_opt_values /opt/stack/data/venv/lib/python3.12/site-packages/oslo_config/cfg.py:3242}}
Jul 20 09:06:07.556248 np0000185890 devstack@n-api-meta.service[106929]: DEBUG nova.api.openstack.wsgi_app [None req-7cd82603-d016-4c61-a087-2f68cd1c486a None None] block_device_allocate_retries = 60 {{(pid=106929) log_opt_values /opt/stack/data/venv/lib/python3.12/site-packages/oslo_config/cfg.py:3242}}
Jul 20 09:06:07.556639 np0000185890 devstack@n-api-meta.service[106929]: DEBUG nova.api.openstack.wsgi_app [None req-7cd82603-d016-4c61-a087-2f68cd1c486a None None] block_device_allocate_retries_interval = 3 {{(pid=106929) log_opt_values /opt/stack/data/venv/lib/python3.12/site-packages/oslo_config/cfg.py:3242}}
Jul 20 09:06:07.556639 np0000185890 devstack@n-api-meta.service[106929]: DEBUG nova.api.openstack.wsgi_app [None req-7cd82603-d016-4c61-a087-2f68cd1c486a None None] cell_worker_thread_pool_size = 5 {{(pid=106929) log_opt_values /opt/stack/data/venv/lib/python3.12/site-packages/oslo_config/cfg.py:3242}}
Jul 20 09:06:07.556800 np0000185890 devstack@n-api-meta.service[106929]: DEBUG nova.api.openstack.wsgi_app [None req-7cd82603-d016-4c61-a087-2f68cd1c486a None None] cert = self.pem {{(pid=106929) log_opt_values /opt/stack/data/venv/lib/python3.12/site-packages/oslo_config/cfg.py:3242}}
Jul 20 09:06:07.557017 np0000185890 devstack@n-api-meta.service[106929]: DEBUG nova.api.openstack.wsgi_app [None req-7cd82603-d016-4c61-a087-2f68cd1c486a None None] compute_driver = libvirt.LibvirtDriver {{(pid=106929) log_opt_values /opt/stack/data/venv/lib/python3.12/site-packages/oslo_config/cfg.py:3242}}
Jul 20 09:06:07.557017 np0000185890 devstack@n-api-meta.service[106929]: DEBUG nova.api.openstack.wsgi_app [None req-7cd82603-d016-4c61-a087-2f68cd1c486a None None] compute_monitors = [] {{(pid=106929) log_opt_values /opt/stack/data/venv/lib/python3.12/site-packages/oslo_config/cfg.py:3242}}
Jul 20 09:06:07.557167 np0000185890 devstack@n-api-meta.service[106929]: DEBUG nova.api.openstack.wsgi_app [None req-7cd82603-d016-4c61-a087-2f68cd1c486a None None] concurrency_backend = auto {{(pid=106929) log_opt_values /opt/stack/data/venv/lib/python3.12/site-packages/oslo_config/cfg.py:3242}}
Jul 20 09:06:07.557312 np0000185890 devstack@n-api-meta.service[106929]: DEBUG nova.api.openstack.wsgi_app [None req-7cd82603-d016-4c61-a087-2f68cd1c486a None None] config_dir = [] {{(pid=106929) log_opt_values /opt/stack/data/venv/lib/python3.12/site-packages/oslo_config/cfg.py:3242}}
Jul 20 09:06:07.557388 np0000185890 devstack@n-api-meta.service[106929]: DEBUG nova.api.openstack.wsgi_app [None req-7cd82603-d016-4c61-a087-2f68cd1c486a None None] config_drive_format = iso9660 {{(pid=106929) log_opt_values /opt/stack/data/venv/lib/python3.12/site-packages/oslo_config/cfg.py:3242}}
Jul 20 09:06:07.557519 np0000185890 devstack@n-api-meta.service[106929]: DEBUG nova.api.openstack.wsgi_app [None req-7cd82603-d016-4c61-a087-2f68cd1c486a None None] config_file = ['/etc/nova/api-paste.ini', '/etc/nova/nova.conf'] {{(pid=106929) log_opt_values /opt/stack/data/venv/lib/python3.12/site-packages/oslo_config/cfg.py:3242}}
Jul 20 09:06:07.557693 np0000185890 devstack@n-api-meta.service[106929]: DEBUG nova.api.openstack.wsgi_app [None req-7cd82603-d016-4c61-a087-2f68cd1c486a None None] config_source = [] {{(pid=106929) log_opt_values /opt/stack/data/venv/lib/python3.12/site-packages/oslo_config/cfg.py:3242}}
Jul 20 09:06:07.557810 np0000185890 devstack@n-api-meta.service[106929]: DEBUG nova.api.openstack.wsgi_app [None req-7cd82603-d016-4c61-a087-2f68cd1c486a None None] console_host = np0000185890 {{(pid=106929) log_opt_values /opt/stack/data/venv/lib/python3.12/site-packages/oslo_config/cfg.py:3242}}
Jul 20 09:06:07.557963 np0000185890 devstack@n-api-meta.service[106929]: DEBUG nova.api.openstack.wsgi_app [None req-7cd82603-d016-4c61-a087-2f68cd1c486a None None] control_exchange = nova {{(pid=106929) log_opt_values /opt/stack/data/venv/lib/python3.12/site-packages/oslo_config/cfg.py:3242}}
Jul 20 09:06:07.558064 np0000185890 devstack@n-api-meta.service[106929]: DEBUG nova.api.openstack.wsgi_app [None req-7cd82603-d016-4c61-a087-2f68cd1c486a None None] cpu_allocation_ratio = None {{(pid=106929) log_opt_values /opt/stack/data/venv/lib/python3.12/site-packages/oslo_config/cfg.py:3242}}
Jul 20 09:06:07.558244 np0000185890 devstack@n-api-meta.service[106929]: DEBUG nova.api.openstack.wsgi_app [None req-7cd82603-d016-4c61-a087-2f68cd1c486a None None] daemon = False {{(pid=106929) log_opt_values /opt/stack/data/venv/lib/python3.12/site-packages/oslo_config/cfg.py:3242}}
Jul 20 09:06:07.558319 np0000185890 devstack@n-api-meta.service[106929]: DEBUG nova.api.openstack.wsgi_app [None req-7cd82603-d016-4c61-a087-2f68cd1c486a None None] debug = True {{(pid=106929) log_opt_values /opt/stack/data/venv/lib/python3.12/site-packages/oslo_config/cfg.py:3242}}
Jul 20 09:06:07.558453 np0000185890 devstack@n-api-meta.service[106929]: DEBUG nova.api.openstack.wsgi_app [None req-7cd82603-d016-4c61-a087-2f68cd1c486a None None] default_access_ip_network_name = None {{(pid=106929) log_opt_values /opt/stack/data/venv/lib/python3.12/site-packages/oslo_config/cfg.py:3242}}
Jul 20 09:06:07.558623 np0000185890 devstack@n-api-meta.service[106929]: DEBUG nova.api.openstack.wsgi_app [None req-7cd82603-d016-4c61-a087-2f68cd1c486a None None] default_availability_zone = nova {{(pid=106929) log_opt_values /opt/stack/data/venv/lib/python3.12/site-packages/oslo_config/cfg.py:3242}}
Jul 20 09:06:07.558745 np0000185890 devstack@n-api-meta.service[106929]: DEBUG nova.api.openstack.wsgi_app [None req-7cd82603-d016-4c61-a087-2f68cd1c486a None None] default_ephemeral_format = ext4 {{(pid=106929) log_opt_values /opt/stack/data/venv/lib/python3.12/site-packages/oslo_config/cfg.py:3242}}
Jul 20 09:06:07.558875 np0000185890 devstack@n-api-meta.service[106929]: DEBUG nova.api.openstack.wsgi_app [None req-7cd82603-d016-4c61-a087-2f68cd1c486a None None] default_green_pool_size = 1000 {{(pid=106929) log_opt_values /opt/stack/data/venv/lib/python3.12/site-packages/oslo_config/cfg.py:3242}}
Jul 20 09:06:07.559092 np0000185890 devstack@n-api-meta.service[106929]: DEBUG nova.api.openstack.wsgi_app [None req-7cd82603-d016-4c61-a087-2f68cd1c486a None None] default_log_levels = ['amqp=WARN', 'boto=WARN', 'sqlalchemy=WARN', 'suds=INFO', 'oslo.messaging=INFO', 'oslo_messaging=INFO', 'iso8601=WARN', 'requests.packages.urllib3.connectionpool=WARN', 'urllib3.connectionpool=WARN', 'websocket=WARN', 'requests.packages.urllib3.util.retry=WARN', 'urllib3.util.retry=WARN', 'keystonemiddleware=WARN', 'routes.middleware=WARN', 'stevedore=WARN', 'taskflow=WARN', 'keystoneauth=WARN', 'oslo.cache=INFO', 'oslo_policy=INFO', 'dogpile.core.dogpile=INFO', 'glanceclient=WARN', 'oslo.privsep.daemon=INFO'] {{(pid=106929) log_opt_values /opt/stack/data/venv/lib/python3.12/site-packages/oslo_config/cfg.py:3242}}
Jul 20 09:06:07.559221 np0000185890 devstack@n-api-meta.service[106929]: DEBUG nova.api.openstack.wsgi_app [None req-7cd82603-d016-4c61-a087-2f68cd1c486a None None] default_schedule_zone = None {{(pid=106929) log_opt_values /opt/stack/data/venv/lib/python3.12/site-packages/oslo_config/cfg.py:3242}}
Jul 20 09:06:07.559351 np0000185890 devstack@n-api-meta.service[106929]: DEBUG nova.api.openstack.wsgi_app [None req-7cd82603-d016-4c61-a087-2f68cd1c486a None None] default_thread_pool_size = 10 {{(pid=106929) log_opt_values /opt/stack/data/venv/lib/python3.12/site-packages/oslo_config/cfg.py:3242}}
Jul 20 09:06:07.559494 np0000185890 devstack@n-api-meta.service[106929]: DEBUG nova.api.openstack.wsgi_app [None req-7cd82603-d016-4c61-a087-2f68cd1c486a None None] disk_allocation_ratio = None {{(pid=106929) log_opt_values /opt/stack/data/venv/lib/python3.12/site-packages/oslo_config/cfg.py:3242}}
Jul 20 09:06:07.559624 np0000185890 devstack@n-api-meta.service[106929]: DEBUG nova.api.openstack.wsgi_app [None req-7cd82603-d016-4c61-a087-2f68cd1c486a None None] enable_new_services = True {{(pid=106929) log_opt_values /opt/stack/data/venv/lib/python3.12/site-packages/oslo_config/cfg.py:3242}}
Jul 20 09:06:07.559755 np0000185890 devstack@n-api-meta.service[106929]: DEBUG nova.api.openstack.wsgi_app [None req-7cd82603-d016-4c61-a087-2f68cd1c486a None None] flat_injected = False {{(pid=106929) log_opt_values /opt/stack/data/venv/lib/python3.12/site-packages/oslo_config/cfg.py:3242}}
Jul 20 09:06:07.559881 np0000185890 devstack@n-api-meta.service[106929]: DEBUG nova.api.openstack.wsgi_app [None req-7cd82603-d016-4c61-a087-2f68cd1c486a None None] force_config_drive = False {{(pid=106929) log_opt_values /opt/stack/data/venv/lib/python3.12/site-packages/oslo_config/cfg.py:3242}}
Jul 20 09:06:07.560007 np0000185890 devstack@n-api-meta.service[106929]: DEBUG nova.api.openstack.wsgi_app [None req-7cd82603-d016-4c61-a087-2f68cd1c486a None None] force_raw_images = True {{(pid=106929) log_opt_values /opt/stack/data/venv/lib/python3.12/site-packages/oslo_config/cfg.py:3242}}
Jul 20 09:06:07.560150 np0000185890 devstack@n-api-meta.service[106929]: DEBUG nova.api.openstack.wsgi_app [None req-7cd82603-d016-4c61-a087-2f68cd1c486a None None] graceful_shutdown_timeout = 5 {{(pid=106929) log_opt_values /opt/stack/data/venv/lib/python3.12/site-packages/oslo_config/cfg.py:3242}}
Jul 20 09:06:07.560281 np0000185890 devstack@n-api-meta.service[106929]: DEBUG nova.api.openstack.wsgi_app [None req-7cd82603-d016-4c61-a087-2f68cd1c486a None None] heal_instance_info_cache_interval = -1 {{(pid=106929) log_opt_values /opt/stack/data/venv/lib/python3.12/site-packages/oslo_config/cfg.py:3242}}
Jul 20 09:06:07.560458 np0000185890 devstack@n-api-meta.service[106929]: DEBUG nova.api.openstack.wsgi_app [None req-7cd82603-d016-4c61-a087-2f68cd1c486a None None] host = np0000185890 {{(pid=106929) log_opt_values /opt/stack/data/venv/lib/python3.12/site-packages/oslo_config/cfg.py:3242}}
Jul 20 09:06:07.560615 np0000185890 devstack@n-api-meta.service[106929]: DEBUG nova.api.openstack.wsgi_app [None req-7cd82603-d016-4c61-a087-2f68cd1c486a None None] initial_cpu_allocation_ratio = 4.0 {{(pid=106929) log_opt_values /opt/stack/data/venv/lib/python3.12/site-packages/oslo_config/cfg.py:3242}}
Jul 20 09:06:07.560741 np0000185890 devstack@n-api-meta.service[106929]: DEBUG nova.api.openstack.wsgi_app [None req-7cd82603-d016-4c61-a087-2f68cd1c486a None None] initial_disk_allocation_ratio = 1.0 {{(pid=106929) log_opt_values /opt/stack/data/venv/lib/python3.12/site-packages/oslo_config/cfg.py:3242}}
Jul 20 09:06:07.560920 np0000185890 devstack@n-api-meta.service[106929]: DEBUG nova.api.openstack.wsgi_app [None req-7cd82603-d016-4c61-a087-2f68cd1c486a None None] initial_ram_allocation_ratio = 1.0 {{(pid=106929) log_opt_values /opt/stack/data/venv/lib/python3.12/site-packages/oslo_config/cfg.py:3242}}
Jul 20 09:06:07.561093 np0000185890 devstack@n-api-meta.service[106929]: DEBUG nova.api.openstack.wsgi_app [None req-7cd82603-d016-4c61-a087-2f68cd1c486a None None] injected_network_template = /opt/stack/nova/nova/virt/interfaces.template {{(pid=106929) log_opt_values /opt/stack/data/venv/lib/python3.12/site-packages/oslo_config/cfg.py:3242}}
Jul 20 09:06:07.561225 np0000185890 devstack@n-api-meta.service[106929]: DEBUG nova.api.openstack.wsgi_app [None req-7cd82603-d016-4c61-a087-2f68cd1c486a None None] instance_build_timeout = 0 {{(pid=106929) log_opt_values /opt/stack/data/venv/lib/python3.12/site-packages/oslo_config/cfg.py:3242}}
Jul 20 09:06:07.561354 np0000185890 devstack@n-api-meta.service[106929]: DEBUG nova.api.openstack.wsgi_app [None req-7cd82603-d016-4c61-a087-2f68cd1c486a None None] instance_delete_interval = 300 {{(pid=106929) log_opt_values /opt/stack/data/venv/lib/python3.12/site-packages/oslo_config/cfg.py:3242}}
Jul 20 09:06:07.561490 np0000185890 devstack@n-api-meta.service[106929]: DEBUG nova.api.openstack.wsgi_app [None req-7cd82603-d016-4c61-a087-2f68cd1c486a None None] instance_format = [instance: %(uuid)s] {{(pid=106929) log_opt_values /opt/stack/data/venv/lib/python3.12/site-packages/oslo_config/cfg.py:3242}}
Jul 20 09:06:07.561640 np0000185890 devstack@n-api-meta.service[106929]: DEBUG nova.api.openstack.wsgi_app [None req-7cd82603-d016-4c61-a087-2f68cd1c486a None None] instance_name_template = instance-%08x {{(pid=106929) log_opt_values /opt/stack/data/venv/lib/python3.12/site-packages/oslo_config/cfg.py:3242}}
Jul 20 09:06:07.561768 np0000185890 devstack@n-api-meta.service[106929]: DEBUG nova.api.openstack.wsgi_app [None req-7cd82603-d016-4c61-a087-2f68cd1c486a None None] instance_usage_audit = False {{(pid=106929) log_opt_values /opt/stack/data/venv/lib/python3.12/site-packages/oslo_config/cfg.py:3242}}
Jul 20 09:06:07.561903 np0000185890 devstack@n-api-meta.service[106929]: DEBUG nova.api.openstack.wsgi_app [None req-7cd82603-d016-4c61-a087-2f68cd1c486a None None] instance_usage_audit_period = month {{(pid=106929) log_opt_values /opt/stack/data/venv/lib/python3.12/site-packages/oslo_config/cfg.py:3242}}
Jul 20 09:06:07.562035 np0000185890 devstack@n-api-meta.service[106929]: DEBUG nova.api.openstack.wsgi_app [None req-7cd82603-d016-4c61-a087-2f68cd1c486a None None] instance_uuid_format = [instance: %(uuid)s] {{(pid=106929) log_opt_values /opt/stack/data/venv/lib/python3.12/site-packages/oslo_config/cfg.py:3242}}
Jul 20 09:06:07.562168 np0000185890 devstack@n-api-meta.service[106929]: DEBUG nova.api.openstack.wsgi_app [None req-7cd82603-d016-4c61-a087-2f68cd1c486a None None] instances_path = /opt/stack/data/nova/instances {{(pid=106929) log_opt_values /opt/stack/data/venv/lib/python3.12/site-packages/oslo_config/cfg.py:3242}}
Jul 20 09:06:07.562306 np0000185890 devstack@n-api-meta.service[106929]: DEBUG nova.api.openstack.wsgi_app [None req-7cd82603-d016-4c61-a087-2f68cd1c486a None None] internal_service_availability_zone = internal {{(pid=106929) log_opt_values /opt/stack/data/venv/lib/python3.12/site-packages/oslo_config/cfg.py:3242}}
Jul 20 09:06:07.562431 np0000185890 devstack@n-api-meta.service[106929]: DEBUG nova.api.openstack.wsgi_app [None req-7cd82603-d016-4c61-a087-2f68cd1c486a None None] key = None {{(pid=106929) log_opt_values /opt/stack/data/venv/lib/python3.12/site-packages/oslo_config/cfg.py:3242}}
Jul 20 09:06:07.562571 np0000185890 devstack@n-api-meta.service[106929]: DEBUG nova.api.openstack.wsgi_app [None req-7cd82603-d016-4c61-a087-2f68cd1c486a None None] live_migration_retry_count = 30 {{(pid=106929) log_opt_values /opt/stack/data/venv/lib/python3.12/site-packages/oslo_config/cfg.py:3242}}
Jul 20 09:06:07.562706 np0000185890 devstack@n-api-meta.service[106929]: DEBUG nova.api.openstack.wsgi_app [None req-7cd82603-d016-4c61-a087-2f68cd1c486a None None] log_color = False {{(pid=106929) log_opt_values /opt/stack/data/venv/lib/python3.12/site-packages/oslo_config/cfg.py:3242}}
Jul 20 09:06:07.562841 np0000185890 devstack@n-api-meta.service[106929]: DEBUG nova.api.openstack.wsgi_app [None req-7cd82603-d016-4c61-a087-2f68cd1c486a None None] log_config_append = None {{(pid=106929) log_opt_values /opt/stack/data/venv/lib/python3.12/site-packages/oslo_config/cfg.py:3242}}
Jul 20 09:06:07.562976 np0000185890 devstack@n-api-meta.service[106929]: DEBUG nova.api.openstack.wsgi_app [None req-7cd82603-d016-4c61-a087-2f68cd1c486a None None] log_date_format = %Y-%m-%d %H:%M:%S {{(pid=106929) log_opt_values /opt/stack/data/venv/lib/python3.12/site-packages/oslo_config/cfg.py:3242}}
Jul 20 09:06:07.563111 np0000185890 devstack@n-api-meta.service[106929]: DEBUG nova.api.openstack.wsgi_app [None req-7cd82603-d016-4c61-a087-2f68cd1c486a None None] log_dir = None {{(pid=106929) log_opt_values /opt/stack/data/venv/lib/python3.12/site-packages/oslo_config/cfg.py:3242}}
Jul 20 09:06:07.563154 np0000185890 devstack@n-api-meta.service[106930]: DEBUG dbcounter [-] [106930] Writer thread running {{(pid=106930) stat_writer /opt/stack/data/venv/lib/python3.12/site-packages/dbcounter.py:102}}
Jul 20 09:06:07.563240 np0000185890 devstack@n-api-meta.service[106929]: DEBUG nova.api.openstack.wsgi_app [None req-7cd82603-d016-4c61-a087-2f68cd1c486a None None] log_file = None {{(pid=106929) log_opt_values /opt/stack/data/venv/lib/python3.12/site-packages/oslo_config/cfg.py:3242}}
Jul 20 09:06:07.563340 np0000185890 devstack@n-api-meta.service[106929]: DEBUG nova.api.openstack.wsgi_app [None req-7cd82603-d016-4c61-a087-2f68cd1c486a None None] log_options = True {{(pid=106929) log_opt_values /opt/stack/data/venv/lib/python3.12/site-packages/oslo_config/cfg.py:3242}}
Jul 20 09:06:07.563468 np0000185890 devstack@n-api-meta.service[106929]: DEBUG nova.api.openstack.wsgi_app [None req-7cd82603-d016-4c61-a087-2f68cd1c486a None None] log_rotate_interval = 1 {{(pid=106929) log_opt_values /opt/stack/data/venv/lib/python3.12/site-packages/oslo_config/cfg.py:3242}}
Jul 20 09:06:07.563619 np0000185890 devstack@n-api-meta.service[106929]: DEBUG nova.api.openstack.wsgi_app [None req-7cd82603-d016-4c61-a087-2f68cd1c486a None None] log_rotate_interval_type = days {{(pid=106929) log_opt_values /opt/stack/data/venv/lib/python3.12/site-packages/oslo_config/cfg.py:3242}}
Jul 20 09:06:07.563753 np0000185890 devstack@n-api-meta.service[106929]: DEBUG nova.api.openstack.wsgi_app [None req-7cd82603-d016-4c61-a087-2f68cd1c486a None None] log_rotation_type = none {{(pid=106929) log_opt_values /opt/stack/data/venv/lib/python3.12/site-packages/oslo_config/cfg.py:3242}}
Jul 20 09:06:07.563855 np0000185890 devstack@n-api-meta.service[106929]: DEBUG nova.api.openstack.wsgi_app [None req-7cd82603-d016-4c61-a087-2f68cd1c486a None None] logging_context_format_string = %(color)s%(levelname)s %(name)s [%(global_request_id)s %(request_id)s %(project_name)s %(user_name)s%(color)s] %(instance)s%(color)s%(message)s {{(pid=106929) log_opt_values /opt/stack/data/venv/lib/python3.12/site-packages/oslo_config/cfg.py:3242}}
Jul 20 09:06:07.563955 np0000185890 devstack@n-api-meta.service[106929]: DEBUG nova.api.openstack.wsgi_app [None req-7cd82603-d016-4c61-a087-2f68cd1c486a None None] logging_debug_format_suffix = {{(pid=%(process)d) %(funcName)s %(pathname)s:%(lineno)d}} {{(pid=106929) log_opt_values /opt/stack/data/venv/lib/python3.12/site-packages/oslo_config/cfg.py:3242}}
Jul 20 09:06:07.564086 np0000185890 devstack@n-api-meta.service[106929]: DEBUG nova.api.openstack.wsgi_app [None req-7cd82603-d016-4c61-a087-2f68cd1c486a None None] logging_default_format_string = %(color)s%(levelname)s %(name)s [-%(color)s] %(instance)s%(color)s%(message)s {{(pid=106929) log_opt_values /opt/stack/data/venv/lib/python3.12/site-packages/oslo_config/cfg.py:3242}}
Jul 20 09:06:07.564360 np0000185890 devstack@n-api-meta.service[106929]: DEBUG nova.api.openstack.wsgi_app [None req-7cd82603-d016-4c61-a087-2f68cd1c486a None None] logging_exception_prefix = ERROR %(name)s %(instance)s {{(pid=106929) log_opt_values /opt/stack/data/venv/lib/python3.12/site-packages/oslo_config/cfg.py:3242}}
