2026-07-22 23:15:48.462 7 INFO cinder.api.openstack.wsgi [None req-8d621ece-19d6-49e9-ae97-a1391a7ddf3e a062639f4ca845d687cc7d6c37043393 9deb2ff068ea4afcbe3febb720ee1d05 - - default default] http://cinder-api.openstack.svc.cluster.local:8776/v3/9deb2ff068ea4afcbe3febb720ee1d05/os-quota-sets/3b902e9e6a7e46679ad484fdd43c6e0e?usage=true returned with HTTP 200 [pid: 7|app: 0|req: 418/828] 10.0.0.199 () {28 vars in 736 bytes} [Wed Jul 22 23:15:48 2026] GET /v3/9deb2ff068ea4afcbe3febb720ee1d05/os-quota-sets/3b902e9e6a7e46679ad484fdd43c6e0e?usage=true => generated 847 bytes in 33 msecs (HTTP/1.1 200) 7 headers in 285 bytes (1 switches on core 0)
2026-07-22 23:15:48.474 8 INFO cinder.api.openstack.wsgi [None req-c7bcd54f-f604-4aac-a358-8143410b1898 a062639f4ca845d687cc7d6c37043393 9deb2ff068ea4afcbe3febb720ee1d05 - - default default] GET http://cinder-api.openstack.svc.cluster.local:8776/v3/9deb2ff068ea4afcbe3febb720ee1d05/os-quota-sets/52ec205c0c0640e4a1f435984a8920b0?usage=true
2026-07-22 23:15:48.500 8 INFO cinder.api.openstack.wsgi [None req-c7bcd54f-f604-4aac-a358-8143410b1898 a062639f4ca845d687cc7d6c37043393 9deb2ff068ea4afcbe3febb720ee1d05 - - default default] http://cinder-api.openstack.svc.cluster.local:8776/v3/9deb2ff068ea4afcbe3febb720ee1d05/os-quota-sets/52ec205c0c0640e4a1f435984a8920b0?usage=true returned with HTTP 200 [pid: 8|app: 0|req: 411/829] 10.0.0.199 () {28 vars in 736 bytes} [Wed Jul 22 23:15:48 2026] GET /v3/9deb2ff068ea4afcbe3febb720ee1d05/os-quota-sets/52ec205c0c0640e4a1f435984a8920b0?usage=true => generated 845 bytes in 34 msecs (HTTP/1.1 200) 7 headers in 285 bytes (1 switches on core 0)
2026-07-22 23:15:48.514 7 INFO cinder.api.openstack.wsgi [None req-682b0839-02c4-4641-9f0a-9d4ac5158b81 a062639f4ca845d687cc7d6c37043393 9deb2ff068ea4afcbe3febb720ee1d05 - - default default] GET http://cinder-api.openstack.svc.cluster.local:8776/v3/9deb2ff068ea4afcbe3febb720ee1d05/os-quota-sets/666dbd2ca42f4709af22e0e50c48d865?usage=true
2026-07-22 23:15:48.535 7 INFO cinder.api.openstack.wsgi [None req-682b0839-02c4-4641-9f0a-9d4ac5158b81 a062639f4ca845d687cc7d6c37043393 9deb2ff068ea4afcbe3febb720ee1d05 - - default default] http://cinder-api.openstack.svc.cluster.local:8776/v3/9deb2ff068ea4afcbe3febb720ee1d05/os-quota-sets/666dbd2ca42f4709af22e0e50c48d865?usage=true returned with HTTP 200 [pid: 7|app: 0|req: 419/830] 10.0.0.199 () {28 vars in 736 bytes} [Wed Jul 22 23:15:48 2026] GET /v3/9deb2ff068ea4afcbe3febb720ee1d05/os-quota-sets/666dbd2ca42f4709af22e0e50c48d865?usage=true => generated 847 bytes in 29 msecs (HTTP/1.1 200) 7 headers in 285 bytes (1 switches on core 0)
2026-07-22 23:15:48.549 8 INFO cinder.api.openstack.wsgi [None req-54bc4b0c-2fc3-4fc3-9fa5-b67f2ce92883 a062639f4ca845d687cc7d6c37043393 9deb2ff068ea4afcbe3febb720ee1d05 - - default default] GET http://cinder-api.openstack.svc.cluster.local:8776/v3/9deb2ff068ea4afcbe3febb720ee1d05/os-quota-sets/7c272624b9a345259b6de285f765682e?usage=true
2026-07-22 23:15:48.569 8 INFO cinder.api.openstack.wsgi [None req-54bc4b0c-2fc3-4fc3-9fa5-b67f2ce92883 a062639f4ca845d687cc7d6c37043393 9deb2ff068ea4afcbe3febb720ee1d05 - - default default] http://cinder-api.openstack.svc.cluster.local:8776/v3/9deb2ff068ea4afcbe3febb720ee1d05/os-quota-sets/7c272624b9a345259b6de285f765682e?usage=true returned with HTTP 200 [pid: 8|app: 0|req: 412/831] 10.0.0.199 () {28 vars in 736 bytes} [Wed Jul 22 23:15:48 2026] GET /v3/9deb2ff068ea4afcbe3febb720ee1d05/os-quota-sets/7c272624b9a345259b6de285f765682e?usage=true => generated 847 bytes in 28 msecs (HTTP/1.1 200) 7 headers in 285 bytes (1 switches on core 0)
2026-07-22 23:15:48.579 7 INFO cinder.api.openstack.wsgi [None req-b9dd469e-7e04-4a54-baff-5c46fe93516f a062639f4ca845d687cc7d6c37043393 9deb2ff068ea4afcbe3febb720ee1d05 - - default default] GET http://cinder-api.openstack.svc.cluster.local:8776/v3/9deb2ff068ea4afcbe3febb720ee1d05/os-quota-sets/9deb2ff068ea4afcbe3febb720ee1d05?usage=true
2026-07-22 23:15:48.603 7 INFO cinder.api.openstack.wsgi [None req-b9dd469e-7e04-4a54-baff-5c46fe93516f a062639f4ca845d687cc7d6c37043393 9deb2ff068ea4afcbe3febb720ee1d05 - - default default] http://cinder-api.openstack.svc.cluster.local:8776/v3/9deb2ff068ea4afcbe3febb720ee1d05/os-quota-sets/9deb2ff068ea4afcbe3febb720ee1d05?usage=true returned with HTTP 200 [pid: 7|app: 0|req: 420/832] 10.0.0.199 () {28 vars in 736 bytes} [Wed Jul 22 23:15:48 2026] GET /v3/9deb2ff068ea4afcbe3febb720ee1d05/os-quota-sets/9deb2ff068ea4afcbe3febb720ee1d05?usage=true => generated 845 bytes in 30 msecs (HTTP/1.1 200) 7 headers in 285 bytes (1 switches on core 0)
2026-07-22 23:15:48.614 8 INFO cinder.api.openstack.wsgi [None req-b1fcb624-e266-4428-88b8-eb1bc35d64f6 a062639f4ca845d687cc7d6c37043393 9deb2ff068ea4afcbe3febb720ee1d05 - - default default] GET http://cinder-api.openstack.svc.cluster.local:8776/v3/9deb2ff068ea4afcbe3febb720ee1d05/os-quota-sets/a386f0ec92fe44038472490f967bd6c1?usage=true
2026-07-22 23:15:48.632 8 INFO cinder.api.openstack.wsgi [None req-b1fcb624-e266-4428-88b8-eb1bc35d64f6 a062639f4ca845d687cc7d6c37043393 9deb2ff068ea4afcbe3febb720ee1d05 - - default default] http://cinder-api.openstack.svc.cluster.local:8776/v3/9deb2ff068ea4afcbe3febb720ee1d05/os-quota-sets/a386f0ec92fe44038472490f967bd6c1?usage=true returned with HTTP 200 [pid: 8|app: 0|req: 413/833] 10.0.0.199 () {28 vars in 736 bytes} [Wed Jul 22 23:15:48 2026] GET /v3/9deb2ff068ea4afcbe3febb720ee1d05/os-quota-sets/a386f0ec92fe44038472490f967bd6c1?usage=true => generated 847 bytes in 25 msecs (HTTP/1.1 200) 7 headers in 285 bytes (1 switches on core 0)
2026-07-22 23:15:48.645 7 INFO cinder.api.openstack.wsgi [None req-61c7c8d7-bbb7-4c05-91eb-3e3492c50a5f a062639f4ca845d687cc7d6c37043393 9deb2ff068ea4afcbe3febb720ee1d05 - - default default] GET http://cinder-api.openstack.svc.cluster.local:8776/v3/9deb2ff068ea4afcbe3febb720ee1d05/os-quota-sets/b8efe248d80f4bcf9cb210b4096f3dfd?usage=true
2026-07-22 23:15:48.674 7 INFO cinder.api.openstack.wsgi [None req-61c7c8d7-bbb7-4c05-91eb-3e3492c50a5f a062639f4ca845d687cc7d6c37043393 9deb2ff068ea4afcbe3febb720ee1d05 - - default default] http://cinder-api.openstack.svc.cluster.local:8776/v3/9deb2ff068ea4afcbe3febb720ee1d05/os-quota-sets/b8efe248d80f4bcf9cb210b4096f3dfd?usage=true returned with HTTP 200 [pid: 7|app: 0|req: 421/834] 10.0.0.199 () {28 vars in 736 bytes} [Wed Jul 22 23:15:48 2026] GET /v3/9deb2ff068ea4afcbe3febb720ee1d05/os-quota-sets/b8efe248d80f4bcf9cb210b4096f3dfd?usage=true => generated 847 bytes in 38 msecs (HTTP/1.1 200) 7 headers in 285 bytes (1 switches on core 0)
2026-07-22 23:15:48.685 8 INFO cinder.api.openstack.wsgi [None req-d8dbfbb6-7064-4ff7-b695-0484abba0c64 a062639f4ca845d687cc7d6c37043393 9deb2ff068ea4afcbe3febb720ee1d05 - - default default] GET http://cinder-api.openstack.svc.cluster.local:8776/v3/9deb2ff068ea4afcbe3febb720ee1d05/os-quota-sets/ef3cc891fbcd4c6885b2a062a4f05903?usage=true
2026-07-22 23:15:48.704 8 INFO cinder.api.openstack.wsgi [None req-d8dbfbb6-7064-4ff7-b695-0484abba0c64 a062639f4ca845d687cc7d6c37043393 9deb2ff068ea4afcbe3febb720ee1d05 - - default default] http://cinder-api.openstack.svc.cluster.local:8776/v3/9deb2ff068ea4afcbe3febb720ee1d05/os-quota-sets/ef3cc891fbcd4c6885b2a062a4f05903?usage=true returned with HTTP 200 [pid: 8|app: 0|req: 414/835] 10.0.0.199 () {28 vars in 736 bytes} [Wed Jul 22 23:15:48 2026] GET /v3/9deb2ff068ea4afcbe3febb720ee1d05/os-quota-sets/ef3cc891fbcd4c6885b2a062a4f05903?usage=true => generated 847 bytes in 26 msecs (HTTP/1.1 200) 7 headers in 285 bytes (1 switches on core 0)
2026-07-22 23:15:48.715 7 INFO cinder.api.openstack.wsgi [None req-29251f1f-b2a0-4365-8eee-151cde8760ba a062639f4ca845d687cc7d6c37043393 9deb2ff068ea4afcbe3febb720ee1d05 - - default default] GET http://cinder-api.openstack.svc.cluster.local:8776/v3/9deb2ff068ea4afcbe3febb720ee1d05/os-quota-sets/f2cc4d6a400f4e3daba16d338563b6e8?usage=true
2026-07-22 23:15:48.742 7 INFO cinder.api.openstack.wsgi [None req-29251f1f-b2a0-4365-8eee-151cde8760ba a062639f4ca845d687cc7d6c37043393 9deb2ff068ea4afcbe3febb720ee1d05 - - default default] http://cinder-api.openstack.svc.cluster.local:8776/v3/9deb2ff068ea4afcbe3febb720ee1d05/os-quota-sets/f2cc4d6a400f4e3daba16d338563b6e8?usage=true returned with HTTP 200 [pid: 7|app: 0|req: 422/836] 10.0.0.199 () {28 vars in 736 bytes} [Wed Jul 22 23:15:48 2026] GET /v3/9deb2ff068ea4afcbe3febb720ee1d05/os-quota-sets/f2cc4d6a400f4e3daba16d338563b6e8?usage=true => generated 847 bytes in 33 msecs (HTTP/1.1 200) 7 headers in 285 bytes (1 switches on core 0)
2026-07-22 23:15:48.752 8 INFO cinder.api.openstack.wsgi [None req-73f6f23d-1607-480a-bb18-1afc76d5e2e7 a062639f4ca845d687cc7d6c37043393 9deb2ff068ea4afcbe3febb720ee1d05 - - default default] GET http://cinder-api.openstack.svc.cluster.local:8776/v3/9deb2ff068ea4afcbe3febb720ee1d05/os-quota-sets/fe792e41f9de40afac9bc6387fbf1995?usage=true
2026-07-22 23:15:48.778 8 INFO cinder.api.openstack.wsgi [None req-73f6f23d-1607-480a-bb18-1afc76d5e2e7 a062639f4ca845d687cc7d6c37043393 9deb2ff068ea4afcbe3febb720ee1d05 - - default default] http://cinder-api.openstack.svc.cluster.local:8776/v3/9deb2ff068ea4afcbe3febb720ee1d05/os-quota-sets/fe792e41f9de40afac9bc6387fbf1995?usage=true returned with HTTP 200 [pid: 8|app: 0|req: 415/837] 10.0.0.199 () {28 vars in 736 bytes} [Wed Jul 22 23:15:48 2026] GET /v3/9deb2ff068ea4afcbe3febb720ee1d05/os-quota-sets/fe792e41f9de40afac9bc6387fbf1995?usage=true => generated 847 bytes in 32 msecs (HTTP/1.1 200) 7 headers in 285 bytes (1 switches on core 0)
2026-07-22 23:15:48.789 7 INFO cinder.api.openstack.wsgi [None req-3d220336-c1a6-4c7c-abef-18ea33e11288 a062639f4ca845d687cc7d6c37043393 9deb2ff068ea4afcbe3febb720ee1d05 - - default default] GET http://cinder-api.openstack.svc.cluster.local:8776/v3/9deb2ff068ea4afcbe3febb720ee1d05/volumes/detail?all_tenants=true
2026-07-22 23:15:48.800 7 INFO cinder.volume.api [None req-3d220336-c1a6-4c7c-abef-18ea33e11288 a062639f4ca845d687cc7d6c37043393 9deb2ff068ea4afcbe3febb720ee1d05 - - default default] Get all volumes completed successfully.
2026-07-22 23:15:48.804 7 INFO cinder.api.openstack.wsgi [None req-3d220336-c1a6-4c7c-abef-18ea33e11288 a062639f4ca845d687cc7d6c37043393 9deb2ff068ea4afcbe3febb720ee1d05 - - default default] http://cinder-api.openstack.svc.cluster.local:8776/v3/9deb2ff068ea4afcbe3febb720ee1d05/volumes/detail?all_tenants=true returned with HTTP 200 [pid: 7|app: 0|req: 423/838] 10.0.0.199 () {28 vars in 684 bytes} [Wed Jul 22 23:15:48 2026] GET /v3/9deb2ff068ea4afcbe3febb720ee1d05/volumes/detail?all_tenants=true => generated 15 bytes in 19 msecs (HTTP/1.1 200) 7 headers in 284 bytes (1 switches on core 0)
2026-07-22 23:15:48.817 8 INFO cinder.api.openstack.wsgi [None req-8b5a5493-ed2b-452e-af86-6e149ec20bd0 a062639f4ca845d687cc7d6c37043393 9deb2ff068ea4afcbe3febb720ee1d05 - - default default] GET http://cinder-api.openstack.svc.cluster.local:8776/v3/9deb2ff068ea4afcbe3febb720ee1d05/os-services
2026-07-22 23:15:48.822 8 INFO cinder.api.openstack.wsgi [None req-8b5a5493-ed2b-452e-af86-6e149ec20bd0 a062639f4ca845d687cc7d6c37043393 9deb2ff068ea4afcbe3febb720ee1d05 - - default default] http://cinder-api.openstack.svc.cluster.local:8776/v3/9deb2ff068ea4afcbe3febb720ee1d05/os-services returned with HTTP 200 [pid: 8|app: 0|req: 416/839] 10.0.0.199 () {28 vars in 645 bytes} [Wed Jul 22 23:15:48 2026] GET /v3/9deb2ff068ea4afcbe3febb720ee1d05/os-services => generated 646 bytes in 14 msecs (HTTP/1.1 200) 7 headers in 285 bytes (1 switches on core 0)
2026-07-22 23:15:57.326 7 INFO cinder.api.openstack.wsgi [None req-3d220336-c1a6-4c7c-abef-18ea33e11288 a062639f4ca845d687cc7d6c37043393 9deb2ff068ea4afcbe3febb720ee1d05 - - default default] GET http://10.0.0.120:8776/
2026-07-22 23:15:57.326 8 INFO cinder.api.openstack.wsgi [None req-8b5a5493-ed2b-452e-af86-6e149ec20bd0 a062639f4ca845d687cc7d6c37043393 9deb2ff068ea4afcbe3febb720ee1d05 - - default default] GET http://10.0.0.120:8776/
2026-07-22 23:15:57.327 7 INFO cinder.api.openstack.wsgi [None req-3d220336-c1a6-4c7c-abef-18ea33e11288 a062639f4ca845d687cc7d6c37043393 9deb2ff068ea4afcbe3febb720ee1d05 - - default default] http://10.0.0.120:8776/ returned with HTTP 300
2026-07-22 23:15:57.327 8 INFO cinder.api.openstack.wsgi [None req-8b5a5493-ed2b-452e-af86-6e149ec20bd0 a062639f4ca845d687cc7d6c37043393 9deb2ff068ea4afcbe3febb720ee1d05 - - default default] http://10.0.0.120:8776/ returned with HTTP 300
2026-07-22 23:16:07.326 8 INFO cinder.api.openstack.wsgi [None req-8b5a5493-ed2b-452e-af86-6e149ec20bd0 a062639f4ca845d687cc7d6c37043393 9deb2ff068ea4afcbe3febb720ee1d05 - - default default] GET http://10.0.0.120:8776/
2026-07-22 23:16:07.326 7 INFO cinder.api.openstack.wsgi [None req-3d220336-c1a6-4c7c-abef-18ea33e11288 a062639f4ca845d687cc7d6c37043393 9deb2ff068ea4afcbe3febb720ee1d05 - - default default] GET http://10.0.0.120:8776/
2026-07-22 23:16:07.327 8 INFO cinder.api.openstack.wsgi [None req-8b5a5493-ed2b-452e-af86-6e149ec20bd0 a062639f4ca845d687cc7d6c37043393 9deb2ff068ea4afcbe3febb720ee1d05 - - default default] http://10.0.0.120:8776/ returned with HTTP 300
2026-07-22 23:16:07.327 7 INFO cinder.api.openstack.wsgi [None req-3d220336-c1a6-4c7c-abef-18ea33e11288 a062639f4ca845d687cc7d6c37043393 9deb2ff068ea4afcbe3febb720ee1d05 - - default default] http://10.0.0.120:8776/ returned with HTTP 300
2026-07-22 23:16:17.327 7 INFO cinder.api.openstack.wsgi [None req-3d220336-c1a6-4c7c-abef-18ea33e11288 a062639f4ca845d687cc7d6c37043393 9deb2ff068ea4afcbe3febb720ee1d05 - - default default] GET http://10.0.0.120:8776/
2026-07-22 23:16:17.328 7 INFO cinder.api.openstack.wsgi [None req-3d220336-c1a6-4c7c-abef-18ea33e11288 a062639f4ca845d687cc7d6c37043393 9deb2ff068ea4afcbe3febb720ee1d05 - - default default] http://10.0.0.120:8776/ returned with HTTP 300
2026-07-22 23:16:17.329 7 INFO cinder.api.openstack.wsgi [None req-3d220336-c1a6-4c7c-abef-18ea33e11288 a062639f4ca845d687cc7d6c37043393 9deb2ff068ea4afcbe3febb720ee1d05 - - default default] GET http://10.0.0.120:8776/
2026-07-22 23:16:17.330 7 INFO cinder.api.openstack.wsgi [None req-3d220336-c1a6-4c7c-abef-18ea33e11288 a062639f4ca845d687cc7d6c37043393 9deb2ff068ea4afcbe3febb720ee1d05 - - default default] http://10.0.0.120:8776/ returned with HTTP 300
2026-07-22 23:16:17.361 8 INFO cinder.api.openstack.wsgi [None req-aadfefbc-a2fe-4af7-a8d9-12de1c2c3f43 a7ff4e8fb774485ba19702253135a5e3 9ad93cfe46e546af9d60446d2e72ee79 - - default default] POST http://cinder-api.openstack.svc.cluster.local:8776/v3/9ad93cfe46e546af9d60446d2e72ee79/volumes
2026-07-22 23:16:17.365 8 INFO cinder.api.v3.volumes [None req-aadfefbc-a2fe-4af7-a8d9-12de1c2c3f43 a7ff4e8fb774485ba19702253135a5e3 9ad93cfe46e546af9d60446d2e72ee79 - - default default] Create volume of 1 GB
2026-07-22 23:16:17.371 8 INFO cinder.volume.api [None req-aadfefbc-a2fe-4af7-a8d9-12de1c2c3f43 a7ff4e8fb774485ba19702253135a5e3 9ad93cfe46e546af9d60446d2e72ee79 - - default default] Availability Zones retrieved successfully.
2026-07-22 23:16:17.654 8 INFO cinder.volume.api [None req-aadfefbc-a2fe-4af7-a8d9-12de1c2c3f43 a7ff4e8fb774485ba19702253135a5e3 9ad93cfe46e546af9d60446d2e72ee79 - - default default] Create volume request issued successfully.
2026-07-22 23:16:17.655 8 INFO cinder.api.openstack.wsgi [None req-aadfefbc-a2fe-4af7-a8d9-12de1c2c3f43 a7ff4e8fb774485ba19702253135a5e3 9ad93cfe46e546af9d60446d2e72ee79 - - default default] http://cinder-api.openstack.svc.cluster.local:8776/v3/9ad93cfe46e546af9d60446d2e72ee79/volumes returned with HTTP 202 [pid: 8|app: 0|req: 419/846] 10.0.0.111 () {34 vars in 722 bytes} [Wed Jul 22 23:16:17 2026] POST /v3/9ad93cfe46e546af9d60446d2e72ee79/volumes => generated 860 bytes in 491 msecs (HTTP/1.1 202) 7 headers in 291 bytes (1 switches on core 0)
2026-07-22 23:16:17.673 7 INFO cinder.api.openstack.wsgi [None req-f0fb0eb7-fb56-4ba0-a717-f7035f7e6fc0 a7ff4e8fb774485ba19702253135a5e3 9ad93cfe46e546af9d60446d2e72ee79 - - default default] GET http://cinder-api.openstack.svc.cluster.local:8776/v3/9ad93cfe46e546af9d60446d2e72ee79/volumes/0a3d7101-f931-47d1-8a43-1825c651c5c2 /var/lib/openstack/lib/python3.12/site-packages/oslo_context/context.py:102: DeprecationWarning: Policy enforcement is depending on the value of is_admin. This key is deprecated. Please update your policy file to use the standard policy values. warnings.warn(
2026-07-22 23:16:17.716 7 INFO cinder.volume.api [None req-f0fb0eb7-fb56-4ba0-a717-f7035f7e6fc0 a7ff4e8fb774485ba19702253135a5e3 9ad93cfe46e546af9d60446d2e72ee79 - - default default] Volume info retrieved successfully.
2026-07-22 23:16:17.721 7 INFO cinder.api.openstack.wsgi [None req-f0fb0eb7-fb56-4ba0-a717-f7035f7e6fc0 a7ff4e8fb774485ba19702253135a5e3 9ad93cfe46e546af9d60446d2e72ee79 - - default default] http://cinder-api.openstack.svc.cluster.local:8776/v3/9ad93cfe46e546af9d60446d2e72ee79/volumes/0a3d7101-f931-47d1-8a43-1825c651c5c2 returned with HTTP 200 [pid: 7|app: 0|req: 428/847] 10.0.0.111 () {32 vars in 775 bytes} [Wed Jul 22 23:16:17 2026] GET /v3/9ad93cfe46e546af9d60446d2e72ee79/volumes/0a3d7101-f931-47d1-8a43-1825c651c5c2 => generated 928 bytes in 54 msecs (HTTP/1.1 200) 7 headers in 285 bytes (1 switches on core 0) /var/lib/openstack/lib/python3.12/site-packages/pycadf/identifier.py:70: UserWarning: Invalid uuid: cinderv3. To ensure interoperability, identifiers should be a valid uuid. warnings.warn(('Invalid uuid: %s. To ensure interoperability, '
2026-07-22 23:16:18.745 8 INFO cinder.api.openstack.wsgi [None req-2613f16c-d0bb-4e5c-8919-065ca7e6505b a7ff4e8fb774485ba19702253135a5e3 9ad93cfe46e546af9d60446d2e72ee79 - - default default] GET http://cinder-api.openstack.svc.cluster.local:8776/v3/9ad93cfe46e546af9d60446d2e72ee79/volumes/0a3d7101-f931-47d1-8a43-1825c651c5c2 /var/lib/openstack/lib/python3.12/site-packages/oslo_context/context.py:102: DeprecationWarning: Policy enforcement is depending on the value of is_admin. This key is deprecated. Please update your policy file to use the standard policy values. warnings.warn(
2026-07-22 23:16:18.768 8 INFO cinder.volume.api [None req-2613f16c-d0bb-4e5c-8919-065ca7e6505b a7ff4e8fb774485ba19702253135a5e3 9ad93cfe46e546af9d60446d2e72ee79 - - default default] Volume info retrieved successfully.
2026-07-22 23:16:18.778 8 INFO cinder.api.openstack.wsgi [None req-2613f16c-d0bb-4e5c-8919-065ca7e6505b a7ff4e8fb774485ba19702253135a5e3 9ad93cfe46e546af9d60446d2e72ee79 - - default default] http://cinder-api.openstack.svc.cluster.local:8776/v3/9ad93cfe46e546af9d60446d2e72ee79/volumes/0a3d7101-f931-47d1-8a43-1825c651c5c2 returned with HTTP 200 [pid: 8|app: 0|req: 420/848] 10.0.0.111 () {32 vars in 775 bytes} [Wed Jul 22 23:16:18 2026] GET /v3/9ad93cfe46e546af9d60446d2e72ee79/volumes/0a3d7101-f931-47d1-8a43-1825c651c5c2 => generated 953 bytes in 39 msecs (HTTP/1.1 200) 7 headers in 285 bytes (1 switches on core 0) /var/lib/openstack/lib/python3.12/site-packages/pycadf/identifier.py:70: UserWarning: Invalid uuid: cinderv3. To ensure interoperability, identifiers should be a valid uuid. warnings.warn(('Invalid uuid: %s. To ensure interoperability, '
2026-07-22 23:16:27.217 7 INFO cinder.api.openstack.wsgi [None req-475c7dd7-69e1-45c7-8ec1-6e000bde2057 4972175ac8a441989c0fd0c01bece460 408c4d63bffd4e729d64c602fe03563e - - default default] GET http://cinder-api.openstack.svc.cluster.local:8776/v3/408c4d63bffd4e729d64c602fe03563e/volumes
2026-07-22 23:16:27.244 7 INFO cinder.volume.api [None req-475c7dd7-69e1-45c7-8ec1-6e000bde2057 4972175ac8a441989c0fd0c01bece460 408c4d63bffd4e729d64c602fe03563e - - default default] Get all volumes completed successfully.
2026-07-22 23:16:27.245 7 INFO cinder.api.openstack.wsgi [None req-475c7dd7-69e1-45c7-8ec1-6e000bde2057 4972175ac8a441989c0fd0c01bece460 408c4d63bffd4e729d64c602fe03563e - - default default] http://cinder-api.openstack.svc.cluster.local:8776/v3/408c4d63bffd4e729d64c602fe03563e/volumes returned with HTTP 200 [pid: 7|app: 0|req: 429/849] 10.0.0.111 () {32 vars in 701 bytes} [Wed Jul 22 23:16:27 2026] GET /v3/408c4d63bffd4e729d64c602fe03563e/volumes => generated 15 bytes in 180 msecs (HTTP/1.1 200) 7 headers in 284 bytes (1 switches on core 0) /var/lib/openstack/lib/python3.12/site-packages/pycadf/identifier.py:70: UserWarning: Invalid uuid: cinderv3. To ensure interoperability, identifiers should be a valid uuid. warnings.warn(('Invalid uuid: %s. To ensure interoperability, '
2026-07-22 23:16:27.258 8 INFO cinder.api.openstack.wsgi [None req-ebf208a9-a23d-42dc-8112-566f53c2f011 4972175ac8a441989c0fd0c01bece460 408c4d63bffd4e729d64c602fe03563e - - default default] POST http://cinder-api.openstack.svc.cluster.local:8776/v3/408c4d63bffd4e729d64c602fe03563e/volumes
2026-07-22 23:16:27.260 8 INFO cinder.api.v3.volumes [None req-ebf208a9-a23d-42dc-8112-566f53c2f011 4972175ac8a441989c0fd0c01bece460 408c4d63bffd4e729d64c602fe03563e - - default default] Create volume of 1 GB
2026-07-22 23:16:27.265 8 INFO cinder.volume.api [None req-ebf208a9-a23d-42dc-8112-566f53c2f011 4972175ac8a441989c0fd0c01bece460 408c4d63bffd4e729d64c602fe03563e - - default default] Availability Zones retrieved successfully.
2026-07-22 23:16:27.326 7 INFO cinder.api.openstack.wsgi [None req-475c7dd7-69e1-45c7-8ec1-6e000bde2057 4972175ac8a441989c0fd0c01bece460 408c4d63bffd4e729d64c602fe03563e - - default default] GET http://10.0.0.120:8776/
2026-07-22 23:16:27.327 7 INFO cinder.api.openstack.wsgi [None req-475c7dd7-69e1-45c7-8ec1-6e000bde2057 4972175ac8a441989c0fd0c01bece460 408c4d63bffd4e729d64c602fe03563e - - default default] http://10.0.0.120:8776/ returned with HTTP 300
2026-07-22 23:16:27.328 7 INFO cinder.api.openstack.wsgi [None req-475c7dd7-69e1-45c7-8ec1-6e000bde2057 4972175ac8a441989c0fd0c01bece460 408c4d63bffd4e729d64c602fe03563e - - default default] GET http://10.0.0.120:8776/
2026-07-22 23:16:27.329 7 INFO cinder.api.openstack.wsgi [None req-475c7dd7-69e1-45c7-8ec1-6e000bde2057 4972175ac8a441989c0fd0c01bece460 408c4d63bffd4e729d64c602fe03563e - - default default] http://10.0.0.120:8776/ returned with HTTP 300
2026-07-22 23:16:27.419 8 INFO cinder.volume.api [None req-ebf208a9-a23d-42dc-8112-566f53c2f011 4972175ac8a441989c0fd0c01bece460 408c4d63bffd4e729d64c602fe03563e - - default default] Create volume request issued successfully.
2026-07-22 23:16:27.420 8 INFO cinder.api.openstack.wsgi [None req-ebf208a9-a23d-42dc-8112-566f53c2f011 4972175ac8a441989c0fd0c01bece460 408c4d63bffd4e729d64c602fe03563e - - default default] http://cinder-api.openstack.svc.cluster.local:8776/v3/408c4d63bffd4e729d64c602fe03563e/volumes returned with HTTP 202 [pid: 8|app: 0|req: 421/852] 10.0.0.111 () {34 vars in 723 bytes} [Wed Jul 22 23:16:27 2026] POST /v3/408c4d63bffd4e729d64c602fe03563e/volumes => generated 875 bytes in 167 msecs (HTTP/1.1 202) 7 headers in 291 bytes (1 switches on core 0)
2026-07-22 23:16:27.444 7 INFO cinder.api.openstack.wsgi [None req-3ec3b8ad-4f90-49c5-ad0a-072358cba012 4972175ac8a441989c0fd0c01bece460 408c4d63bffd4e729d64c602fe03563e - - default default] GET http://cinder-api.openstack.svc.cluster.local:8776/v3/408c4d63bffd4e729d64c602fe03563e/volumes/d42be75f-11e9-4b80-b4f8-12ec2f595ee3 /var/lib/openstack/lib/python3.12/site-packages/oslo_context/context.py:102: DeprecationWarning: Policy enforcement is depending on the value of is_admin. This key is deprecated. Please update your policy file to use the standard policy values. warnings.warn(
2026-07-22 23:16:27.457 7 INFO cinder.volume.api [None req-3ec3b8ad-4f90-49c5-ad0a-072358cba012 4972175ac8a441989c0fd0c01bece460 408c4d63bffd4e729d64c602fe03563e - - default default] Volume info retrieved successfully.
2026-07-22 23:16:27.463 7 INFO cinder.api.openstack.wsgi [None req-3ec3b8ad-4f90-49c5-ad0a-072358cba012 4972175ac8a441989c0fd0c01bece460 408c4d63bffd4e729d64c602fe03563e - - default default] http://cinder-api.openstack.svc.cluster.local:8776/v3/408c4d63bffd4e729d64c602fe03563e/volumes/d42be75f-11e9-4b80-b4f8-12ec2f595ee3 returned with HTTP 200 [pid: 7|app: 0|req: 432/853] 10.0.0.111 () {32 vars in 775 bytes} [Wed Jul 22 23:16:27 2026] GET /v3/408c4d63bffd4e729d64c602fe03563e/volumes/d42be75f-11e9-4b80-b4f8-12ec2f595ee3 => generated 943 bytes in 25 msecs (HTTP/1.1 200) 7 headers in 285 bytes (1 switches on core 0) /var/lib/openstack/lib/python3.12/site-packages/pycadf/identifier.py:70: UserWarning: Invalid uuid: cinderv3. To ensure interoperability, identifiers should be a valid uuid. warnings.warn(('Invalid uuid: %s. To ensure interoperability, '
2026-07-22 23:16:28.483 8 INFO cinder.api.openstack.wsgi [None req-81bc3771-0ccd-4b3d-be51-2719fd195aa1 4972175ac8a441989c0fd0c01bece460 408c4d63bffd4e729d64c602fe03563e - - default default] GET http://cinder-api.openstack.svc.cluster.local:8776/v3/408c4d63bffd4e729d64c602fe03563e/volumes/d42be75f-11e9-4b80-b4f8-12ec2f595ee3 /var/lib/openstack/lib/python3.12/site-packages/oslo_context/context.py:102: DeprecationWarning: Policy enforcement is depending on the value of is_admin. This key is deprecated. Please update your policy file to use the standard policy values. warnings.warn(
2026-07-22 23:16:28.499 8 INFO cinder.volume.api [None req-81bc3771-0ccd-4b3d-be51-2719fd195aa1 4972175ac8a441989c0fd0c01bece460 408c4d63bffd4e729d64c602fe03563e - - default default] Volume info retrieved successfully.
2026-07-22 23:16:28.504 8 INFO cinder.api.openstack.wsgi [None req-81bc3771-0ccd-4b3d-be51-2719fd195aa1 4972175ac8a441989c0fd0c01bece460 408c4d63bffd4e729d64c602fe03563e - - default default] http://cinder-api.openstack.svc.cluster.local:8776/v3/408c4d63bffd4e729d64c602fe03563e/volumes/d42be75f-11e9-4b80-b4f8-12ec2f595ee3 returned with HTTP 200 [pid: 8|app: 0|req: 422/854] 10.0.0.111 () {32 vars in 775 bytes} [Wed Jul 22 23:16:28 2026] GET /v3/408c4d63bffd4e729d64c602fe03563e/volumes/d42be75f-11e9-4b80-b4f8-12ec2f595ee3 => generated 968 bytes in 29 msecs (HTTP/1.1 200) 7 headers in 285 bytes (1 switches on core 0) /var/lib/openstack/lib/python3.12/site-packages/pycadf/identifier.py:70: UserWarning: Invalid uuid: cinderv3. To ensure interoperability, identifiers should be a valid uuid. warnings.warn(('Invalid uuid: %s. To ensure interoperability, '
2026-07-22 23:16:28.523 7 INFO cinder.api.openstack.wsgi [None req-4406032b-b1e0-4f35-8841-448207a295bf 4972175ac8a441989c0fd0c01bece460 408c4d63bffd4e729d64c602fe03563e - - default default] GET http://cinder-api.openstack.svc.cluster.local:8776/v3/408c4d63bffd4e729d64c602fe03563e/volumes/d42be75f-11e9-4b80-b4f8-12ec2f595ee3 /var/lib/openstack/lib/python3.12/site-packages/oslo_context/context.py:102: DeprecationWarning: Policy enforcement is depending on the value of is_admin. This key is deprecated. Please update your policy file to use the standard policy values. warnings.warn(
2026-07-22 23:16:28.536 7 INFO cinder.volume.api [None req-4406032b-b1e0-4f35-8841-448207a295bf 4972175ac8a441989c0fd0c01bece460 408c4d63bffd4e729d64c602fe03563e - - default default] Volume info retrieved successfully.
2026-07-22 23:16:28.540 7 INFO cinder.api.openstack.wsgi [None req-4406032b-b1e0-4f35-8841-448207a295bf 4972175ac8a441989c0fd0c01bece460 408c4d63bffd4e729d64c602fe03563e - - default default] http://cinder-api.openstack.svc.cluster.local:8776/v3/408c4d63bffd4e729d64c602fe03563e/volumes/d42be75f-11e9-4b80-b4f8-12ec2f595ee3 returned with HTTP 200 [pid: 7|app: 0|req: 433/855] 10.0.0.111 () {32 vars in 775 bytes} [Wed Jul 22 23:16:28 2026] GET /v3/408c4d63bffd4e729d64c602fe03563e/volumes/d42be75f-11e9-4b80-b4f8-12ec2f595ee3 => generated 968 bytes in 22 msecs (HTTP/1.1 200) 7 headers in 285 bytes (1 switches on core 0) /var/lib/openstack/lib/python3.12/site-packages/pycadf/identifier.py:70: UserWarning: Invalid uuid: cinderv3. To ensure interoperability, identifiers should be a valid uuid. warnings.warn(('Invalid uuid: %s. To ensure interoperability, '
2026-07-22 23:16:28.559 8 INFO cinder.api.openstack.wsgi [None req-a33441e9-f201-41c6-8c06-fb2028807996 4972175ac8a441989c0fd0c01bece460 408c4d63bffd4e729d64c602fe03563e - - default default] POST http://cinder-api.openstack.svc.cluster.local:8776/v3/408c4d63bffd4e729d64c602fe03563e/volumes
2026-07-22 23:16:28.562 8 INFO cinder.api.v3.volumes [None req-a33441e9-f201-41c6-8c06-fb2028807996 4972175ac8a441989c0fd0c01bece460 408c4d63bffd4e729d64c602fe03563e - - default default] Create volume of 1 GB
2026-07-22 23:16:28.567 8 INFO cinder.volume.api [None req-a33441e9-f201-41c6-8c06-fb2028807996 4972175ac8a441989c0fd0c01bece460 408c4d63bffd4e729d64c602fe03563e - - default default] Availability Zones retrieved successfully.
2026-07-22 23:16:28.688 8 INFO cinder.volume.api [None req-a33441e9-f201-41c6-8c06-fb2028807996 4972175ac8a441989c0fd0c01bece460 408c4d63bffd4e729d64c602fe03563e - - default default] Create volume request issued successfully.
2026-07-22 23:16:28.689 8 INFO cinder.api.openstack.wsgi [None req-a33441e9-f201-41c6-8c06-fb2028807996 4972175ac8a441989c0fd0c01bece460 408c4d63bffd4e729d64c602fe03563e - - default default] http://cinder-api.openstack.svc.cluster.local:8776/v3/408c4d63bffd4e729d64c602fe03563e/volumes returned with HTTP 202 [pid: 8|app: 0|req: 423/856] 10.0.0.111 () {34 vars in 723 bytes} [Wed Jul 22 23:16:28 2026] POST /v3/408c4d63bffd4e729d64c602fe03563e/volumes => generated 875 bytes in 138 msecs (HTTP/1.1 202) 7 headers in 291 bytes (1 switches on core 0) /var/lib/openstack/lib/python3.12/site-packages/pycadf/identifier.py:70: UserWarning: Invalid uuid: cinderv3. To ensure interoperability, identifiers should be a valid uuid. warnings.warn(('Invalid uuid: %s. To ensure interoperability, '
2026-07-22 23:16:28.709 7 INFO cinder.api.openstack.wsgi [None req-3e6a8979-8871-4c77-8a6c-8a2185238a82 4972175ac8a441989c0fd0c01bece460 408c4d63bffd4e729d64c602fe03563e - - default default] GET http://cinder-api.openstack.svc.cluster.local:8776/v3/408c4d63bffd4e729d64c602fe03563e/volumes/ca3e9100-0fbd-40e5-86fd-40e119464bdb /var/lib/openstack/lib/python3.12/site-packages/oslo_context/context.py:102: DeprecationWarning: Policy enforcement is depending on the value of is_admin. This key is deprecated. Please update your policy file to use the standard policy values. warnings.warn(
2026-07-22 23:16:28.726 7 INFO cinder.volume.api [None req-3e6a8979-8871-4c77-8a6c-8a2185238a82 4972175ac8a441989c0fd0c01bece460 408c4d63bffd4e729d64c602fe03563e - - default default] Volume info retrieved successfully.
2026-07-22 23:16:28.731 7 INFO cinder.api.openstack.wsgi [None req-3e6a8979-8871-4c77-8a6c-8a2185238a82 4972175ac8a441989c0fd0c01bece460 408c4d63bffd4e729d64c602fe03563e - - default default] http://cinder-api.openstack.svc.cluster.local:8776/v3/408c4d63bffd4e729d64c602fe03563e/volumes/ca3e9100-0fbd-40e5-86fd-40e119464bdb returned with HTTP 200 [pid: 7|app: 0|req: 434/857] 10.0.0.111 () {32 vars in 775 bytes} [Wed Jul 22 23:16:28 2026] GET /v3/408c4d63bffd4e729d64c602fe03563e/volumes/ca3e9100-0fbd-40e5-86fd-40e119464bdb => generated 943 bytes in 27 msecs (HTTP/1.1 200) 7 headers in 285 bytes (1 switches on core 0) /var/lib/openstack/lib/python3.12/site-packages/pycadf/identifier.py:70: UserWarning: Invalid uuid: cinderv3. To ensure interoperability, identifiers should be a valid uuid. warnings.warn(('Invalid uuid: %s. To ensure interoperability, '
2026-07-22 23:16:29.751 8 INFO cinder.api.openstack.wsgi [None req-9758a2cc-2c3e-4aca-ab26-fd94590741b4 4972175ac8a441989c0fd0c01bece460 408c4d63bffd4e729d64c602fe03563e - - default default] GET http://cinder-api.openstack.svc.cluster.local:8776/v3/408c4d63bffd4e729d64c602fe03563e/volumes/ca3e9100-0fbd-40e5-86fd-40e119464bdb /var/lib/openstack/lib/python3.12/site-packages/oslo_context/context.py:102: DeprecationWarning: Policy enforcement is depending on the value of is_admin. This key is deprecated. Please update your policy file to use the standard policy values. warnings.warn(
2026-07-22 23:16:29.771 8 INFO cinder.volume.api [None req-9758a2cc-2c3e-4aca-ab26-fd94590741b4 4972175ac8a441989c0fd0c01bece460 408c4d63bffd4e729d64c602fe03563e - - default default] Volume info retrieved successfully.
2026-07-22 23:16:29.776 8 INFO cinder.api.openstack.wsgi [None req-9758a2cc-2c3e-4aca-ab26-fd94590741b4 4972175ac8a441989c0fd0c01bece460 408c4d63bffd4e729d64c602fe03563e - - default default] http://cinder-api.openstack.svc.cluster.local:8776/v3/408c4d63bffd4e729d64c602fe03563e/volumes/ca3e9100-0fbd-40e5-86fd-40e119464bdb returned with HTTP 200 [pid: 8|app: 0|req: 424/858] 10.0.0.111 () {32 vars in 775 bytes} [Wed Jul 22 23:16:29 2026] GET /v3/408c4d63bffd4e729d64c602fe03563e/volumes/ca3e9100-0fbd-40e5-86fd-40e119464bdb => generated 968 bytes in 32 msecs (HTTP/1.1 200) 7 headers in 285 bytes (1 switches on core 0) /var/lib/openstack/lib/python3.12/site-packages/pycadf/identifier.py:70: UserWarning: Invalid uuid: cinderv3. To ensure interoperability, identifiers should be a valid uuid. warnings.warn(('Invalid uuid: %s. To ensure interoperability, '
2026-07-22 23:16:29.794 7 INFO cinder.api.openstack.wsgi [None req-c8723e85-ed85-429b-9e2f-a0b2e90676e1 4972175ac8a441989c0fd0c01bece460 408c4d63bffd4e729d64c602fe03563e - - default default] GET http://cinder-api.openstack.svc.cluster.local:8776/v3/408c4d63bffd4e729d64c602fe03563e/volumes/ca3e9100-0fbd-40e5-86fd-40e119464bdb /var/lib/openstack/lib/python3.12/site-packages/oslo_context/context.py:102: DeprecationWarning: Policy enforcement is depending on the value of is_admin. This key is deprecated. Please update your policy file to use the standard policy values. warnings.warn(
2026-07-22 23:16:29.810 7 INFO cinder.volume.api [None req-c8723e85-ed85-429b-9e2f-a0b2e90676e1 4972175ac8a441989c0fd0c01bece460 408c4d63bffd4e729d64c602fe03563e - - default default] Volume info retrieved successfully.
2026-07-22 23:16:29.819 7 INFO cinder.api.openstack.wsgi [None req-c8723e85-ed85-429b-9e2f-a0b2e90676e1 4972175ac8a441989c0fd0c01bece460 408c4d63bffd4e729d64c602fe03563e - - default default] http://cinder-api.openstack.svc.cluster.local:8776/v3/408c4d63bffd4e729d64c602fe03563e/volumes/ca3e9100-0fbd-40e5-86fd-40e119464bdb returned with HTTP 200 [pid: 7|app: 0|req: 435/859] 10.0.0.111 () {32 vars in 775 bytes} [Wed Jul 22 23:16:29 2026] GET /v3/408c4d63bffd4e729d64c602fe03563e/volumes/ca3e9100-0fbd-40e5-86fd-40e119464bdb => generated 968 bytes in 29 msecs (HTTP/1.1 200) 7 headers in 285 bytes (1 switches on core 0) /var/lib/openstack/lib/python3.12/site-packages/pycadf/identifier.py:70: UserWarning: Invalid uuid: cinderv3. To ensure interoperability, identifiers should be a valid uuid. warnings.warn(('Invalid uuid: %s. To ensure interoperability, '
2026-07-22 23:16:29.839 8 INFO cinder.api.openstack.wsgi [None req-8bfbb10b-6497-48d4-a396-e48a4b5bf913 4972175ac8a441989c0fd0c01bece460 408c4d63bffd4e729d64c602fe03563e - - default default] POST http://cinder-api.openstack.svc.cluster.local:8776/v3/408c4d63bffd4e729d64c602fe03563e/volumes
2026-07-22 23:16:29.842 8 INFO cinder.api.v3.volumes [None req-8bfbb10b-6497-48d4-a396-e48a4b5bf913 4972175ac8a441989c0fd0c01bece460 408c4d63bffd4e729d64c602fe03563e - - default default] Create volume of 1 GB
2026-07-22 23:16:29.854 8 INFO cinder.volume.api [None req-8bfbb10b-6497-48d4-a396-e48a4b5bf913 4972175ac8a441989c0fd0c01bece460 408c4d63bffd4e729d64c602fe03563e - - default default] Availability Zones retrieved successfully.
2026-07-22 23:16:29.989 8 INFO cinder.volume.api [None req-8bfbb10b-6497-48d4-a396-e48a4b5bf913 4972175ac8a441989c0fd0c01bece460 408c4d63bffd4e729d64c602fe03563e - - default default] Create volume request issued successfully.
2026-07-22 23:16:29.990 8 INFO cinder.api.openstack.wsgi [None req-8bfbb10b-6497-48d4-a396-e48a4b5bf913 4972175ac8a441989c0fd0c01bece460 408c4d63bffd4e729d64c602fe03563e - - default default] http://cinder-api.openstack.svc.cluster.local:8776/v3/408c4d63bffd4e729d64c602fe03563e/volumes returned with HTTP 202 [pid: 8|app: 0|req: 425/860] 10.0.0.111 () {34 vars in 723 bytes} [Wed Jul 22 23:16:29 2026] POST /v3/408c4d63bffd4e729d64c602fe03563e/volumes => generated 876 bytes in 155 msecs (HTTP/1.1 202) 7 headers in 291 bytes (1 switches on core 0) /var/lib/openstack/lib/python3.12/site-packages/pycadf/identifier.py:70: UserWarning: Invalid uuid: cinderv3. To ensure interoperability, identifiers should be a valid uuid. warnings.warn(('Invalid uuid: %s. To ensure interoperability, '
2026-07-22 23:16:30.007 7 INFO cinder.api.openstack.wsgi [None req-a3ad652c-caed-402d-bc9e-cd7048b257cd 4972175ac8a441989c0fd0c01bece460 408c4d63bffd4e729d64c602fe03563e - - default default] GET http://cinder-api.openstack.svc.cluster.local:8776/v3/408c4d63bffd4e729d64c602fe03563e/volumes/bc4257ca-b11d-4618-bee0-fd369cb57692 /var/lib/openstack/lib/python3.12/site-packages/oslo_context/context.py:102: DeprecationWarning: Policy enforcement is depending on the value of is_admin. This key is deprecated. Please update your policy file to use the standard policy values. warnings.warn(
2026-07-22 23:16:30.023 7 INFO cinder.volume.api [None req-a3ad652c-caed-402d-bc9e-cd7048b257cd 4972175ac8a441989c0fd0c01bece460 408c4d63bffd4e729d64c602fe03563e - - default default] Volume info retrieved successfully.
2026-07-22 23:16:30.033 7 INFO cinder.api.openstack.wsgi [None req-a3ad652c-caed-402d-bc9e-cd7048b257cd 4972175ac8a441989c0fd0c01bece460 408c4d63bffd4e729d64c602fe03563e - - default default] http://cinder-api.openstack.svc.cluster.local:8776/v3/408c4d63bffd4e729d64c602fe03563e/volumes/bc4257ca-b11d-4618-bee0-fd369cb57692 returned with HTTP 200 [pid: 7|app: 0|req: 436/861] 10.0.0.111 () {32 vars in 775 bytes} [Wed Jul 22 23:16:30 2026] GET /v3/408c4d63bffd4e729d64c602fe03563e/volumes/bc4257ca-b11d-4618-bee0-fd369cb57692 => generated 944 bytes in 32 msecs (HTTP/1.1 200) 7 headers in 285 bytes (1 switches on core 0) /var/lib/openstack/lib/python3.12/site-packages/pycadf/identifier.py:70: UserWarning: Invalid uuid: cinderv3. To ensure interoperability, identifiers should be a valid uuid. warnings.warn(('Invalid uuid: %s. To ensure interoperability, '
2026-07-22 23:16:31.059 8 INFO cinder.api.openstack.wsgi [None req-c1220b0f-d6f4-4e7a-9365-cd1afd43081c 4972175ac8a441989c0fd0c01bece460 408c4d63bffd4e729d64c602fe03563e - - default default] GET http://cinder-api.openstack.svc.cluster.local:8776/v3/408c4d63bffd4e729d64c602fe03563e/volumes/bc4257ca-b11d-4618-bee0-fd369cb57692 /var/lib/openstack/lib/python3.12/site-packages/oslo_context/context.py:102: DeprecationWarning: Policy enforcement is depending on the value of is_admin. This key is deprecated. Please update your policy file to use the standard policy values. warnings.warn(
2026-07-22 23:16:31.073 8 INFO cinder.volume.api [None req-c1220b0f-d6f4-4e7a-9365-cd1afd43081c 4972175ac8a441989c0fd0c01bece460 408c4d63bffd4e729d64c602fe03563e - - default default] Volume info retrieved successfully.
2026-07-22 23:16:31.079 8 INFO cinder.api.openstack.wsgi [None req-c1220b0f-d6f4-4e7a-9365-cd1afd43081c 4972175ac8a441989c0fd0c01bece460 408c4d63bffd4e729d64c602fe03563e - - default default] http://cinder-api.openstack.svc.cluster.local:8776/v3/408c4d63bffd4e729d64c602fe03563e/volumes/bc4257ca-b11d-4618-bee0-fd369cb57692 returned with HTTP 200 [pid: 8|app: 0|req: 426/862] 10.0.0.111 () {32 vars in 775 bytes} [Wed Jul 22 23:16:31 2026] GET /v3/408c4d63bffd4e729d64c602fe03563e/volumes/bc4257ca-b11d-4618-bee0-fd369cb57692 => generated 969 bytes in 28 msecs (HTTP/1.1 200) 7 headers in 285 bytes (1 switches on core 0) /var/lib/openstack/lib/python3.12/site-packages/pycadf/identifier.py:70: UserWarning: Invalid uuid: cinderv3. To ensure interoperability, identifiers should be a valid uuid. warnings.warn(('Invalid uuid: %s. To ensure interoperability, '
2026-07-22 23:16:31.100 7 INFO cinder.api.openstack.wsgi [None req-6e6e7409-c49b-48a4-bd28-2112c3e8e36f 4972175ac8a441989c0fd0c01bece460 408c4d63bffd4e729d64c602fe03563e - - default default] GET http://cinder-api.openstack.svc.cluster.local:8776/v3/408c4d63bffd4e729d64c602fe03563e/volumes/bc4257ca-b11d-4618-bee0-fd369cb57692 /var/lib/openstack/lib/python3.12/site-packages/oslo_context/context.py:102: DeprecationWarning: Policy enforcement is depending on the value of is_admin. This key is deprecated. Please update your policy file to use the standard policy values. warnings.warn(
2026-07-22 23:16:31.115 7 INFO cinder.volume.api [None req-6e6e7409-c49b-48a4-bd28-2112c3e8e36f 4972175ac8a441989c0fd0c01bece460 408c4d63bffd4e729d64c602fe03563e - - default default] Volume info retrieved successfully.
2026-07-22 23:16:31.122 7 INFO cinder.api.openstack.wsgi [None req-6e6e7409-c49b-48a4-bd28-2112c3e8e36f 4972175ac8a441989c0fd0c01bece460 408c4d63bffd4e729d64c602fe03563e - - default default] http://cinder-api.openstack.svc.cluster.local:8776/v3/408c4d63bffd4e729d64c602fe03563e/volumes/bc4257ca-b11d-4618-bee0-fd369cb57692 returned with HTTP 200 [pid: 7|app: 0|req: 437/863] 10.0.0.111 () {32 vars in 775 bytes} [Wed Jul 22 23:16:31 2026] GET /v3/408c4d63bffd4e729d64c602fe03563e/volumes/bc4257ca-b11d-4618-bee0-fd369cb57692 => generated 969 bytes in 28 msecs (HTTP/1.1 200) 7 headers in 285 bytes (1 switches on core 0) /var/lib/openstack/lib/python3.12/site-packages/pycadf/identifier.py:70: UserWarning: Invalid uuid: cinderv3. To ensure interoperability, identifiers should be a valid uuid. warnings.warn(('Invalid uuid: %s. To ensure interoperability, '
2026-07-22 23:16:31.143 8 INFO cinder.api.openstack.wsgi [None req-5dab795c-3f4c-4132-a4c8-d6cab2f371f3 4972175ac8a441989c0fd0c01bece460 408c4d63bffd4e729d64c602fe03563e - - default default] GET http://cinder-api.openstack.svc.cluster.local:8776/v3/408c4d63bffd4e729d64c602fe03563e/volumes
2026-07-22 23:16:31.176 8 INFO cinder.volume.api [None req-5dab795c-3f4c-4132-a4c8-d6cab2f371f3 4972175ac8a441989c0fd0c01bece460 408c4d63bffd4e729d64c602fe03563e - - default default] Get all volumes completed successfully.
2026-07-22 23:16:31.177 8 INFO cinder.api.openstack.wsgi [None req-5dab795c-3f4c-4132-a4c8-d6cab2f371f3 4972175ac8a441989c0fd0c01bece460 408c4d63bffd4e729d64c602fe03563e - - default default] http://cinder-api.openstack.svc.cluster.local:8776/v3/408c4d63bffd4e729d64c602fe03563e/volumes returned with HTTP 200 [pid: 8|app: 0|req: 427/864] 10.0.0.111 () {32 vars in 701 bytes} [Wed Jul 22 23:16:31 2026] GET /v3/408c4d63bffd4e729d64c602fe03563e/volumes => generated 1322 bytes in 39 msecs (HTTP/1.1 200) 7 headers in 286 bytes (1 switches on core 0) /var/lib/openstack/lib/python3.12/site-packages/pycadf/identifier.py:70: UserWarning: Invalid uuid: cinderv3. To ensure interoperability, identifiers should be a valid uuid. warnings.warn(('Invalid uuid: %s. To ensure interoperability, '
2026-07-22 23:16:31.193 7 INFO cinder.api.openstack.wsgi [None req-69160b93-789a-4589-8e68-8e4d68406013 4972175ac8a441989c0fd0c01bece460 408c4d63bffd4e729d64c602fe03563e - - default default] GET http://cinder-api.openstack.svc.cluster.local:8776/v3/408c4d63bffd4e729d64c602fe03563e/volumes/bc4257ca-b11d-4618-bee0-fd369cb57692 /var/lib/openstack/lib/python3.12/site-packages/oslo_context/context.py:102: DeprecationWarning: Policy enforcement is depending on the value of is_admin. This key is deprecated. Please update your policy file to use the standard policy values. warnings.warn(
2026-07-22 23:16:31.209 7 INFO cinder.volume.api [None req-69160b93-789a-4589-8e68-8e4d68406013 4972175ac8a441989c0fd0c01bece460 408c4d63bffd4e729d64c602fe03563e - - default default] Volume info retrieved successfully.
2026-07-22 23:16:31.215 7 INFO cinder.api.openstack.wsgi [None req-69160b93-789a-4589-8e68-8e4d68406013 4972175ac8a441989c0fd0c01bece460 408c4d63bffd4e729d64c602fe03563e - - default default] http://cinder-api.openstack.svc.cluster.local:8776/v3/408c4d63bffd4e729d64c602fe03563e/volumes/bc4257ca-b11d-4618-bee0-fd369cb57692 returned with HTTP 200 [pid: 7|app: 0|req: 438/865] 10.0.0.111 () {32 vars in 775 bytes} [Wed Jul 22 23:16:31 2026] GET /v3/408c4d63bffd4e729d64c602fe03563e/volumes/bc4257ca-b11d-4618-bee0-fd369cb57692 => generated 969 bytes in 29 msecs (HTTP/1.1 200) 7 headers in 285 bytes (1 switches on core 0) /var/lib/openstack/lib/python3.12/site-packages/pycadf/identifier.py:70: UserWarning: Invalid uuid: cinderv3. To ensure interoperability, identifiers should be a valid uuid. warnings.warn(('Invalid uuid: %s. To ensure interoperability, '
2026-07-22 23:16:31.235 8 INFO cinder.api.openstack.wsgi [None req-f62e8ae5-0fa0-4a9c-9d18-9ffdb23da89f 4972175ac8a441989c0fd0c01bece460 408c4d63bffd4e729d64c602fe03563e - - default default] DELETE http://cinder-api.openstack.svc.cluster.local:8776/v3/408c4d63bffd4e729d64c602fe03563e/volumes/bc4257ca-b11d-4618-bee0-fd369cb57692
2026-07-22 23:16:31.236 8 INFO cinder.api.v3.volumes [None req-f62e8ae5-0fa0-4a9c-9d18-9ffdb23da89f 4972175ac8a441989c0fd0c01bece460 408c4d63bffd4e729d64c602fe03563e - - default default] Delete volume with id: bc4257ca-b11d-4618-bee0-fd369cb57692 /var/lib/openstack/lib/python3.12/site-packages/oslo_context/context.py:102: DeprecationWarning: Policy enforcement is depending on the value of is_admin. This key is deprecated. Please update your policy file to use the standard policy values. warnings.warn(
2026-07-22 23:16:31.244 8 INFO cinder.volume.api [None req-f62e8ae5-0fa0-4a9c-9d18-9ffdb23da89f 4972175ac8a441989c0fd0c01bece460 408c4d63bffd4e729d64c602fe03563e - - default default] Volume info retrieved successfully.
2026-07-22 23:16:31.266 8 INFO cinder.volume.api [None req-f62e8ae5-0fa0-4a9c-9d18-9ffdb23da89f 4972175ac8a441989c0fd0c01bece460 408c4d63bffd4e729d64c602fe03563e - - default default] Delete volume request issued successfully.
2026-07-22 23:16:31.266 8 INFO cinder.api.openstack.wsgi [None req-f62e8ae5-0fa0-4a9c-9d18-9ffdb23da89f 4972175ac8a441989c0fd0c01bece460 408c4d63bffd4e729d64c602fe03563e - - default default] http://cinder-api.openstack.svc.cluster.local:8776/v3/408c4d63bffd4e729d64c602fe03563e/volumes/bc4257ca-b11d-4618-bee0-fd369cb57692 returned with HTTP 202 [pid: 8|app: 0|req: 428/866] 10.0.0.111 () {32 vars in 778 bytes} [Wed Jul 22 23:16:31 2026] DELETE /v3/408c4d63bffd4e729d64c602fe03563e/volumes/bc4257ca-b11d-4618-bee0-fd369cb57692 => generated 0 bytes in 36 msecs (HTTP/1.1 202) 6 headers in 233 bytes (1 switches on core 0) /var/lib/openstack/lib/python3.12/site-packages/pycadf/identifier.py:70: UserWarning: Invalid uuid: cinderv3. To ensure interoperability, identifiers should be a valid uuid. warnings.warn(('Invalid uuid: %s. To ensure interoperability, '
2026-07-22 23:16:31.278 7 INFO cinder.api.openstack.wsgi [None req-2c10e777-7447-405a-8cbf-f63274ad6bff 4972175ac8a441989c0fd0c01bece460 408c4d63bffd4e729d64c602fe03563e - - default default] GET http://cinder-api.openstack.svc.cluster.local:8776/v3/408c4d63bffd4e729d64c602fe03563e/volumes/bc4257ca-b11d-4618-bee0-fd369cb57692 /var/lib/openstack/lib/python3.12/site-packages/oslo_context/context.py:102: DeprecationWarning: Policy enforcement is depending on the value of is_admin. This key is deprecated. Please update your policy file to use the standard policy values. warnings.warn(
2026-07-22 23:16:31.295 7 INFO cinder.volume.api [None req-2c10e777-7447-405a-8cbf-f63274ad6bff 4972175ac8a441989c0fd0c01bece460 408c4d63bffd4e729d64c602fe03563e - - default default] Volume info retrieved successfully.
2026-07-22 23:16:31.301 7 INFO cinder.api.openstack.wsgi [None req-2c10e777-7447-405a-8cbf-f63274ad6bff 4972175ac8a441989c0fd0c01bece460 408c4d63bffd4e729d64c602fe03563e - - default default] http://cinder-api.openstack.svc.cluster.local:8776/v3/408c4d63bffd4e729d64c602fe03563e/volumes/bc4257ca-b11d-4618-bee0-fd369cb57692 returned with HTTP 200 [pid: 7|app: 0|req: 439/867] 10.0.0.111 () {32 vars in 775 bytes} [Wed Jul 22 23:16:31 2026] GET /v3/408c4d63bffd4e729d64c602fe03563e/volumes/bc4257ca-b11d-4618-bee0-fd369cb57692 => generated 968 bytes in 30 msecs (HTTP/1.1 200) 7 headers in 285 bytes (1 switches on core 0) /var/lib/openstack/lib/python3.12/site-packages/pycadf/identifier.py:70: UserWarning: Invalid uuid: cinderv3. To ensure interoperability, identifiers should be a valid uuid. warnings.warn(('Invalid uuid: %s. To ensure interoperability, '
2026-07-22 23:16:32.320 8 INFO cinder.api.openstack.wsgi [None req-ff6bf304-e59c-4715-8dc4-6f2ef41b20fc 4972175ac8a441989c0fd0c01bece460 408c4d63bffd4e729d64c602fe03563e - - default default] GET http://cinder-api.openstack.svc.cluster.local:8776/v3/408c4d63bffd4e729d64c602fe03563e/volumes/bc4257ca-b11d-4618-bee0-fd369cb57692
2026-07-22 23:16:32.329 8 INFO cinder.api.openstack.wsgi [None req-ff6bf304-e59c-4715-8dc4-6f2ef41b20fc 4972175ac8a441989c0fd0c01bece460 408c4d63bffd4e729d64c602fe03563e - - default default] http://cinder-api.openstack.svc.cluster.local:8776/v3/408c4d63bffd4e729d64c602fe03563e/volumes/bc4257ca-b11d-4618-bee0-fd369cb57692 returned with HTTP 404 [pid: 8|app: 0|req: 429/868] 10.0.0.111 () {32 vars in 775 bytes} [Wed Jul 22 23:16:32 2026] GET /v3/408c4d63bffd4e729d64c602fe03563e/volumes/bc4257ca-b11d-4618-bee0-fd369cb57692 => generated 109 bytes in 16 msecs (HTTP/1.1 404) 7 headers in 292 bytes (1 switches on core 0) /var/lib/openstack/lib/python3.12/site-packages/pycadf/identifier.py:70: UserWarning: Invalid uuid: cinderv3. To ensure interoperability, identifiers should be a valid uuid. warnings.warn(('Invalid uuid: %s. To ensure interoperability, '
2026-07-22 23:16:32.339 7 INFO cinder.api.openstack.wsgi [None req-475e4f85-e0ab-4b0b-abaf-37072836ee32 4972175ac8a441989c0fd0c01bece460 408c4d63bffd4e729d64c602fe03563e - - default default] GET http://cinder-api.openstack.svc.cluster.local:8776/v3/408c4d63bffd4e729d64c602fe03563e/volumes/ca3e9100-0fbd-40e5-86fd-40e119464bdb /var/lib/openstack/lib/python3.12/site-packages/oslo_context/context.py:102: DeprecationWarning: Policy enforcement is depending on the value of is_admin. This key is deprecated. Please update your policy file to use the standard policy values. warnings.warn(
