+ COMMAND=start + start + for KEYSTONE_WSGI_SCRIPT in keystone-wsgi-public ++ type -p keystone-wsgi-public + cp -a /var/lib/openstack/bin/keystone-wsgi-public /var/www/cgi-bin/keystone/ + '[' -f /etc/apache2/envvars ']' + source /etc/apache2/envvars ++ unset HOME ++ '[' '' '!=' '' ']' ++ SUFFIX= ++ export APACHE_RUN_USER=www-data ++ APACHE_RUN_USER=www-data ++ export APACHE_RUN_GROUP=www-data ++ APACHE_RUN_GROUP=www-data ++ export APACHE_PID_FILE=/var/run/apache2/apache2.pid ++ APACHE_PID_FILE=/var/run/apache2/apache2.pid ++ export APACHE_RUN_DIR=/var/run/apache2 ++ APACHE_RUN_DIR=/var/run/apache2 ++ export APACHE_LOCK_DIR=/var/lock/apache2 ++ APACHE_LOCK_DIR=/var/lock/apache2 ++ export APACHE_LOG_DIR=/var/log/apache2 ++ APACHE_LOG_DIR=/var/log/apache2 ++ export LANG=C ++ LANG=C ++ export LANG + '[' -f /var/run/apache2/apache2.pid ']' + exec apache2 -DFOREGROUND AH00558: apache2: Could not reliably determine the server's fully qualified domain name, using 10.0.0.29. Set the 'ServerName' directive globally to suppress this message AH00558: apache2: Could not reliably determine the server's fully qualified domain name, using 10.0.0.29. Set the 'ServerName' directive globally to suppress this message
[Wed Jul 22 22:10:36.744921 2026] [mpm_event:notice] [pid 1:tid 140194884810624] AH00489: Apache/2.4.58 (Ubuntu) mod_wsgi/5.0.0 Python/3.12 configured -- resuming normal operations
[Wed Jul 22 22:10:36.745051 2026] [core:notice] [pid 1:tid 140194884810624] AH00094: Command line: 'apache2 -D FOREGROUND'
[Wed Jul 22 22:11:36.437077 2026] [wsgi:error] [pid 11:tid 140194248038080] /var/lib/openstack/lib/python3.12/site-packages/oslo_utils/importutils.py:77: EventletDeprecationWarning:
[Wed Jul 22 22:11:36.437120 2026] [wsgi:error] [pid 11:tid 140194248038080] Eventlet is deprecated. It is currently being maintained in bugfix mode, and
[Wed Jul 22 22:11:36.437122 2026] [wsgi:error] [pid 11:tid 140194248038080] we strongly recommend against using it for new projects.
[Wed Jul 22 22:11:36.437124 2026] [wsgi:error] [pid 11:tid 140194248038080]
[Wed Jul 22 22:11:36.437125 2026] [wsgi:error] [pid 11:tid 140194248038080] If you are already using Eventlet, we recommend migrating to a different
[Wed Jul 22 22:11:36.437126 2026] [wsgi:error] [pid 11:tid 140194248038080] framework. For more detail see
[Wed Jul 22 22:11:36.437127 2026] [wsgi:error] [pid 11:tid 140194248038080] https://eventlet.readthedocs.io/en/latest/asyncio/migration.html
[Wed Jul 22 22:11:36.437128 2026] [wsgi:error] [pid 11:tid 140194248038080]
[Wed Jul 22 22:11:36.437129 2026] [wsgi:error] [pid 11:tid 140194248038080] __import__(import_str)
[Wed Jul 22 22:11:36.449610 2026] [wsgi:error] [pid 12:tid 140194248038080] /var/lib/openstack/lib/python3.12/site-packages/oslo_utils/importutils.py:77: EventletDeprecationWarning:
[Wed Jul 22 22:11:36.449650 2026] [wsgi:error] [pid 12:tid 140194248038080] Eventlet is deprecated. It is currently being maintained in bugfix mode, and
[Wed Jul 22 22:11:36.449652 2026] [wsgi:error] [pid 12:tid 140194248038080] we strongly recommend against using it for new projects.
[Wed Jul 22 22:11:36.449653 2026] [wsgi:error] [pid 12:tid 140194248038080]
[Wed Jul 22 22:11:36.449654 2026] [wsgi:error] [pid 12:tid 140194248038080] If you are already using Eventlet, we recommend migrating to a different
[Wed Jul 22 22:11:36.449656 2026] [wsgi:error] [pid 12:tid 140194248038080] framework. For more detail see
[Wed Jul 22 22:11:36.449657 2026] [wsgi:error] [pid 12:tid 140194248038080] https://eventlet.readthedocs.io/en/latest/asyncio/migration.html
[Wed Jul 22 22:11:36.449658 2026] [wsgi:error] [pid 12:tid 140194248038080]
[Wed Jul 22 22:11:36.449659 2026] [wsgi:error] [pid 12:tid 140194248038080] __import__(import_str) 10.0.0.226 - - [22/Jul/2026:22:11:35 +0000] "GET /v3/ HTTP/1.1" 200 249 10.0.0.226 - - [22/Jul/2026:22:11:35 +0000] "GET /v3/ HTTP/1.1" 200 249
[Wed Jul 22 22:11:49.789694 2026] [wsgi:error] [pid 9:tid 140194248038080] /var/lib/openstack/lib/python3.12/site-packages/oslo_utils/importutils.py:77: EventletDeprecationWarning:
[Wed Jul 22 22:11:49.789734 2026] [wsgi:error] [pid 9:tid 140194248038080] Eventlet is deprecated. It is currently being maintained in bugfix mode, and
[Wed Jul 22 22:11:49.789736 2026] [wsgi:error] [pid 9:tid 140194248038080] we strongly recommend against using it for new projects.
[Wed Jul 22 22:11:49.789737 2026] [wsgi:error] [pid 9:tid 140194248038080]
[Wed Jul 22 22:11:49.789738 2026] [wsgi:error] [pid 9:tid 140194248038080] If you are already using Eventlet, we recommend migrating to a different
[Wed Jul 22 22:11:49.789739 2026] [wsgi:error] [pid 9:tid 140194248038080] framework. For more detail see
[Wed Jul 22 22:11:49.789741 2026] [wsgi:error] [pid 9:tid 140194248038080] https://eventlet.readthedocs.io/en/latest/asyncio/migration.html
[Wed Jul 22 22:11:49.789742 2026] [wsgi:error] [pid 9:tid 140194248038080]
[Wed Jul 22 22:11:49.789743 2026] [wsgi:error] [pid 9:tid 140194248038080] __import__(import_str) 10.0.0.84 - - [22/Jul/2026:22:11:48 +0000] "GET / HTTP/1.1" 300 295
[Wed Jul 22 22:11:55.085783 2026] [wsgi:error] [pid 10:tid 140194248038080] /var/lib/openstack/lib/python3.12/site-packages/oslo_utils/importutils.py:77: EventletDeprecationWarning:
[Wed Jul 22 22:11:55.085824 2026] [wsgi:error] [pid 10:tid 140194248038080] Eventlet is deprecated. It is currently being maintained in bugfix mode, and
[Wed Jul 22 22:11:55.085826 2026] [wsgi:error] [pid 10:tid 140194248038080] we strongly recommend against using it for new projects.
[Wed Jul 22 22:11:55.085827 2026] [wsgi:error] [pid 10:tid 140194248038080]
[Wed Jul 22 22:11:55.085829 2026] [wsgi:error] [pid 10:tid 140194248038080] If you are already using Eventlet, we recommend migrating to a different
[Wed Jul 22 22:11:55.085830 2026] [wsgi:error] [pid 10:tid 140194248038080] framework. For more detail see
[Wed Jul 22 22:11:55.085831 2026] [wsgi:error] [pid 10:tid 140194248038080] https://eventlet.readthedocs.io/en/latest/asyncio/migration.html
[Wed Jul 22 22:11:55.085832 2026] [wsgi:error] [pid 10:tid 140194248038080]
[Wed Jul 22 22:11:55.085833 2026] [wsgi:error] [pid 10:tid 140194248038080] __import__(import_str)
[Wed Jul 22 22:11:59.633486 2026] [wsgi:error] [pid 10:tid 140194248038080] [remote 10.0.0.84:59546] 2026-07-22 22:11:59.630 10 WARNING keystone.identity.core [None req-bc7d30c1-9c24-4deb-b667-f750fde68cdb - - - - - -] Invalid domain name (atmosphere) found in config file name: keystone.exception.DomainNotFound: Could not find domain: atmosphere.
[Wed Jul 22 22:11:59.686950 2026] [wsgi:error] [pid 10:tid 140194248038080] [remote 10.0.0.84:59546] 2026-07-22 22:11:59.686 10 WARNING keystone.common.password_hashing [None req-bc7d30c1-9c24-4deb-b667-f750fde68cdb - - - - - -] Truncating password to algorithm specific maximum length 72 characters.
[Wed Jul 22 22:11:59.972688 2026] [wsgi:error] [pid 10:tid 140194248038080] [remote 10.0.0.84:59546] 2026-07-22 22:11:59.972 10 WARNING keystone.common.fernet_utils [None req-bc7d30c1-9c24-4deb-b667-f750fde68cdb - - - - - -] key_repository is world readable: /etc/keystone/fernet-keys/ 10.0.0.84 - - [22/Jul/2026:22:11:54 +0000] "POST /v3/auth/tokens HTTP/1.1" 201 1359
[Wed Jul 22 22:12:00.368159 2026] [wsgi:error] [pid 12:tid 140194248038080] [remote 10.0.0.84:59546] 2026-07-22 22:12:00.365 12 WARNING keystone.identity.core [None req-1f158e54-a173-4858-bbb6-9b53050568bf - - - - - -] Invalid domain name (atmosphere) found in config file name: keystone.exception.DomainNotFound: Could not find domain: atmosphere. 10.0.0.84 - - [22/Jul/2026:22:12:00 +0000] "POST /v3/domains HTTP/1.1" 201 261 10.0.0.107 - - [22/Jul/2026:22:12:11 +0000] "GET / HTTP/1.1" 300 295
[Wed Jul 22 22:12:11.591070 2026] [wsgi:error] [pid 9:tid 140194248038080] [remote 10.0.0.107:34126] 2026-07-22 22:12:11.590 9 WARNING keystone.common.password_hashing [None req-b8888f82-6844-4bc6-a62e-05e33199b137 - - - - - -] Truncating password to algorithm specific maximum length 72 characters.
[Wed Jul 22 22:12:11.874626 2026] [wsgi:error] [pid 9:tid 140194248038080] [remote 10.0.0.107:34126] 2026-07-22 22:12:11.874 9 WARNING keystone.common.fernet_utils [None req-b8888f82-6844-4bc6-a62e-05e33199b137 - - - - - -] key_repository is world readable: /etc/keystone/fernet-keys/ 10.0.0.107 - - [22/Jul/2026:22:12:11 +0000] "POST /v3/auth/tokens HTTP/1.1" 201 1359 10.0.0.107 - - [22/Jul/2026:22:12:12 +0000] "GET /v3/roles/admin HTTP/1.1" 404 83
[Wed Jul 22 22:12:12.139301 2026] [wsgi:error] [pid 12:tid 140194248038080] [remote 10.0.0.107:34126] 2026-07-22 22:12:12.139 12 WARNING keystone.common.rbac_enforcer.enforcer [None req-a68a1895-61eb-4210-ad59-0e1a41550b71 a062639f4ca845d687cc7d6c37043393 9deb2ff068ea4afcbe3febb720ee1d05 - - default default] Deprecated policy rules found. Use oslopolicy-policy-generator and oslopolicy-policy-upgrade to detect and resolve deprecated policies in your configuration. 10.0.0.107 - - [22/Jul/2026:22:12:12 +0000] "GET /v3/roles?name=admin HTTP/1.1" 200 389
[Wed Jul 22 22:12:12.651786 2026] [wsgi:error] [pid 11:tid 140194248038080] [remote 10.0.0.107:34126] 2026-07-22 22:12:12.651 11 WARNING keystone.common.rbac_enforcer.enforcer [None req-e3f750d5-8930-42a3-a1f6-62c72f443645 a062639f4ca845d687cc7d6c37043393 9deb2ff068ea4afcbe3febb720ee1d05 - - default default] Deprecated policy rules found. Use oslopolicy-policy-generator and oslopolicy-policy-upgrade to detect and resolve deprecated policies in your configuration. 10.0.0.107 - - [22/Jul/2026:22:12:12 +0000] "GET /v3/users/admin-RegionOne HTTP/1.1" 404 93
[Wed Jul 22 22:12:12.791465 2026] [wsgi:error] [pid 9:tid 140194248038080] [remote 10.0.0.107:34126] 2026-07-22 22:12:12.791 9 WARNING keystone.common.rbac_enforcer.enforcer [None req-ebd9ec8c-eb96-487a-9096-5bdbfb654dd8 a062639f4ca845d687cc7d6c37043393 9deb2ff068ea4afcbe3febb720ee1d05 - - default default] Deprecated policy rules found. Use oslopolicy-policy-generator and oslopolicy-policy-upgrade to detect and resolve deprecated policies in your configuration. 10.0.0.107 - - [22/Jul/2026:22:12:12 +0000] "GET /v3/users?name=admin-RegionOne HTTP/1.1" 200 422
[Wed Jul 22 22:12:12.987942 2026] [wsgi:error] [pid 10:tid 140194248038080] [remote 10.0.0.107:34126] 2026-07-22 22:12:12.987 10 WARNING keystone.common.rbac_enforcer.enforcer [None req-1e372cd4-add1-401a-bfdc-5b84a48c8525 a062639f4ca845d687cc7d6c37043393 9deb2ff068ea4afcbe3febb720ee1d05 - - default default] Deprecated policy rules found. Use oslopolicy-policy-generator and oslopolicy-policy-upgrade to detect and resolve deprecated policies in your configuration. 10.0.0.107 - - [22/Jul/2026:22:12:12 +0000] "GET /v3/domains/default HTTP/1.1" 200 224 10.0.0.107 - - [22/Jul/2026:22:12:12 +0000] "PUT /v3/domains/default/users/a062639f4ca845d687cc7d6c37043393/roles/220432a1be554516ae0783b3410be1ad HTTP/1.1" 204 - 10.0.0.226 - - [22/Jul/2026:22:12:24 +0000] "GET / HTTP/1.1" 300 280 10.0.0.226 - - [22/Jul/2026:22:12:25 +0000] "GET /v3 HTTP/1.1" 200 265
[Wed Jul 22 22:12:25.784136 2026] [wsgi:error] [pid 10:tid 140194248038080] [remote 10.0.0.226:50664] 2026-07-22 22:12:25.783 10 WARNING keystone.common.password_hashing [None req-ca616eb4-5d54-497b-b6bb-9cbd194245bc - - - - - -] Truncating password to algorithm specific maximum length 72 characters.
[Wed Jul 22 22:12:26.075838 2026] [wsgi:error] [pid 10:tid 140194248038080] [remote 10.0.0.226:50664] 2026-07-22 22:12:26.075 10 WARNING keystone.common.fernet_utils [None req-ca616eb4-5d54-497b-b6bb-9cbd194245bc - - - - - -] key_repository is world readable: /etc/keystone/fernet-keys/ 10.0.0.226 - - [22/Jul/2026:22:12:25 +0000] "POST /v3/auth/tokens HTTP/1.1" 201 1359 10.0.0.226 - - [22/Jul/2026:22:12:26 +0000] "GET / HTTP/1.1" 300 280 10.0.0.226 - - [22/Jul/2026:22:12:26 +0000] "GET /v3/domains/atmosphere HTTP/1.1" 404 90 10.0.0.226 - - [22/Jul/2026:22:12:26 +0000] "GET /v3/domains?name=atmosphere HTTP/1.1" 200 368 10.0.0.226 - - [22/Jul/2026:22:12:26 +0000] "GET /v3/domains/d6a8bfff93d84204923f817cd4863433 HTTP/1.1" 200 246 10.0.0.226 - - [22/Jul/2026:22:12:27 +0000] "GET /v3 HTTP/1.1" 200 265
[Wed Jul 22 22:12:27.177140 2026] [wsgi:error] [pid 11:tid 140194248038080] [remote 10.0.0.226:50664] 2026-07-22 22:12:27.176 11 WARNING keystone.common.password_hashing [None req-c0cf7850-df1c-4666-9de5-63351e822ced - - - - - -] Truncating password to algorithm specific maximum length 72 characters.
[Wed Jul 22 22:12:27.449343 2026] [wsgi:error] [pid 11:tid 140194248038080] [remote 10.0.0.226:50664] 2026-07-22 22:12:27.449 11 WARNING keystone.common.fernet_utils [None req-c0cf7850-df1c-4666-9de5-63351e822ced - - - - - -] key_repository is world readable: /etc/keystone/fernet-keys/ 10.0.0.226 - - [22/Jul/2026:22:12:27 +0000] "POST /v3/auth/tokens HTTP/1.1" 201 1359 10.0.0.226 - - [22/Jul/2026:22:12:27 +0000] "GET / HTTP/1.1" 300 280 10.0.0.226 - - [22/Jul/2026:22:12:27 +0000] "GET /v3/OS-FEDERATION/identity_providers/atmosphere HTTP/1.1" 404 101 10.0.0.226 - - [22/Jul/2026:22:12:27 +0000] "GET /v3/OS-FEDERATION/identity_providers HTTP/1.1" 200 155 10.0.0.226 - - [22/Jul/2026:22:12:27 +0000] "PUT /v3/OS-FEDERATION/identity_providers/atmosphere HTTP/1.1" 201 340 10.0.0.226 - - [22/Jul/2026:22:12:28 +0000] "GET /v3 HTTP/1.1" 200 265
[Wed Jul 22 22:12:28.182605 2026] [wsgi:error] [pid 10:tid 140194248038080] [remote 10.0.0.226:44266] 2026-07-22 22:12:28.182 10 WARNING keystone.common.password_hashing [None req-ac4ec51e-0747-4b49-8512-9f95cb6cdf3b - - - - - -] Truncating password to algorithm specific maximum length 72 characters.
[Wed Jul 22 22:12:28.463274 2026] [wsgi:error] [pid 10:tid 140194248038080] [remote 10.0.0.226:44266] 2026-07-22 22:12:28.463 10 WARNING keystone.common.fernet_utils [None req-ac4ec51e-0747-4b49-8512-9f95cb6cdf3b - - - - - -] key_repository is world readable: /etc/keystone/fernet-keys/ 10.0.0.226 - - [22/Jul/2026:22:12:28 +0000] "POST /v3/auth/tokens HTTP/1.1" 201 1359 10.0.0.226 - - [22/Jul/2026:22:12:28 +0000] "GET / HTTP/1.1" 300 280 10.0.0.226 - - [22/Jul/2026:22:12:28 +0000] "GET /v3/OS-FEDERATION/mappings/atmosphere-openid HTTP/1.1" 404 98 10.0.0.226 - - [22/Jul/2026:22:12:28 +0000] "GET /v3/OS-FEDERATION/mappings HTTP/1.1" 200 135 10.0.0.226 - - [22/Jul/2026:22:12:28 +0000] "PUT /v3/OS-FEDERATION/mappings/atmosphere-openid HTTP/1.1" 201 356 10.0.0.226 - - [22/Jul/2026:22:12:29 +0000] "GET /v3 HTTP/1.1" 200 265
[Wed Jul 22 22:12:29.179560 2026] [wsgi:error] [pid 11:tid 140194248038080] [remote 10.0.0.226:44266] 2026-07-22 22:12:29.179 11 WARNING keystone.common.password_hashing [None req-167cdf46-cf2b-479a-a005-fdd1275b401b - - - - - -] Truncating password to algorithm specific maximum length 72 characters.
[Wed Jul 22 22:12:29.452135 2026] [wsgi:error] [pid 11:tid 140194248038080] [remote 10.0.0.226:44266] 2026-07-22 22:12:29.451 11 WARNING keystone.common.fernet_utils [None req-167cdf46-cf2b-479a-a005-fdd1275b401b - - - - - -] key_repository is world readable: /etc/keystone/fernet-keys/ 10.0.0.226 - - [22/Jul/2026:22:12:29 +0000] "POST /v3/auth/tokens HTTP/1.1" 201 1359 10.0.0.226 - - [22/Jul/2026:22:12:29 +0000] "GET / HTTP/1.1" 300 280 10.0.0.226 - - [22/Jul/2026:22:12:29 +0000] "GET /v3/OS-FEDERATION/identity_providers/atmosphere/protocols/openid?idp_id=atmosphere HTTP/1.1" 404 131 10.0.0.226 - - [22/Jul/2026:22:12:29 +0000] "GET /v3/OS-FEDERATION/identity_providers/atmosphere/protocols HTTP/1.1" 200 167 10.0.0.226 - - [22/Jul/2026:22:12:29 +0000] "PUT /v3/OS-FEDERATION/identity_providers/atmosphere/protocols/openid HTTP/1.1" 201 222 10.0.0.226 - - [22/Jul/2026:22:12:35 +0000] "GET /v3/ HTTP/1.1" 200 249 10.0.0.226 - - [22/Jul/2026:22:12:35 +0000] "GET /v3/ HTTP/1.1" 200 249 10.0.0.226 - - [22/Jul/2026:22:13:35 +0000] "GET /v3/ HTTP/1.1" 200 249 10.0.0.226 - - [22/Jul/2026:22:13:35 +0000] "GET /v3/ HTTP/1.1" 200 249 10.0.0.17 - - [22/Jul/2026:22:13:55 +0000] "GET / HTTP/1.1" 300 295
[Wed Jul 22 22:13:55.273515 2026] [wsgi:error] [pid 10:tid 140194248038080] [remote 10.0.0.17:47528] 2026-07-22 22:13:55.273 10 WARNING keystone.common.password_hashing [None req-42e3f135-67db-4e01-b075-27f9b0edccbb - - - - - -] Truncating password to algorithm specific maximum length 72 characters.
[Wed Jul 22 22:13:55.553376 2026] [wsgi:error] [pid 10:tid 140194248038080] [remote 10.0.0.17:47528] 2026-07-22 22:13:55.553 10 WARNING keystone.common.fernet_utils [None req-42e3f135-67db-4e01-b075-27f9b0edccbb - - - - - -] key_repository is world readable: /etc/keystone/fernet-keys/ 10.0.0.17 - - [22/Jul/2026:22:13:55 +0000] "POST /v3/auth/tokens HTTP/1.1" 201 1359 10.0.0.17 - - [22/Jul/2026:22:13:55 +0000] "GET /v3/services HTTP/1.1" 200 355 10.0.0.17 - - [22/Jul/2026:22:13:59 +0000] "GET / HTTP/1.1" 300 295
[Wed Jul 22 22:13:59.359924 2026] [wsgi:error] [pid 9:tid 140194248038080] [remote 10.0.0.17:54662] 2026-07-22 22:13:59.359 9 WARNING keystone.common.password_hashing [None req-8eebdafc-327c-44dc-b248-57ee04942cbc - - - - - -] Truncating password to algorithm specific maximum length 72 characters.
[Wed Jul 22 22:13:59.640127 2026] [wsgi:error] [pid 9:tid 140194248038080] [remote 10.0.0.17:54662] 2026-07-22 22:13:59.639 9 WARNING keystone.common.fernet_utils [None req-8eebdafc-327c-44dc-b248-57ee04942cbc - - - - - -] key_repository is world readable: /etc/keystone/fernet-keys/ 10.0.0.17 - - [22/Jul/2026:22:13:59 +0000] "POST /v3/auth/tokens HTTP/1.1" 201 1359 10.0.0.17 - - [22/Jul/2026:22:13:59 +0000] "GET /v3/services HTTP/1.1" 200 355 10.0.0.17 - - [22/Jul/2026:22:14:03 +0000] "GET / HTTP/1.1" 300 295
[Wed Jul 22 22:14:03.451423 2026] [wsgi:error] [pid 11:tid 140194248038080] [remote 10.0.0.17:54674] 2026-07-22 22:14:03.451 11 WARNING keystone.common.password_hashing [None req-ad7b27ea-6f5a-46e4-bb0b-c13a429c2f52 - - - - - -] Truncating password to algorithm specific maximum length 72 characters.
[Wed Jul 22 22:14:03.732921 2026] [wsgi:error] [pid 11:tid 140194248038080] [remote 10.0.0.17:54674] 2026-07-22 22:14:03.732 11 WARNING keystone.common.fernet_utils [None req-ad7b27ea-6f5a-46e4-bb0b-c13a429c2f52 - - - - - -] key_repository is world readable: /etc/keystone/fernet-keys/ 10.0.0.17 - - [22/Jul/2026:22:14:03 +0000] "POST /v3/auth/tokens HTTP/1.1" 201 1359 10.0.0.17 - - [22/Jul/2026:22:14:03 +0000] "GET /v3/services HTTP/1.1" 200 355 10.0.0.17 - - [22/Jul/2026:22:14:07 +0000] "GET / HTTP/1.1" 300 295
[Wed Jul 22 22:14:07.456128 2026] [wsgi:error] [pid 12:tid 140194248038080] [remote 10.0.0.17:50390] 2026-07-22 22:14:07.455 12 WARNING keystone.common.password_hashing [None req-e66501cd-88fe-4143-b0ca-e109a879506a - - - - - -] Truncating password to algorithm specific maximum length 72 characters.
[Wed Jul 22 22:14:07.729268 2026] [wsgi:error] [pid 12:tid 140194248038080] [remote 10.0.0.17:50390] 2026-07-22 22:14:07.729 12 WARNING keystone.common.fernet_utils [None req-e66501cd-88fe-4143-b0ca-e109a879506a - - - - - -] key_repository is world readable: /etc/keystone/fernet-keys/ 10.0.0.17 - - [22/Jul/2026:22:14:07 +0000] "POST /v3/auth/tokens HTTP/1.1" 201 1359 10.0.0.17 - - [22/Jul/2026:22:14:07 +0000] "POST /v3/services HTTP/1.1" 201 296 10.0.0.20 - - [22/Jul/2026:22:14:19 +0000] "GET / HTTP/1.1" 300 295
[Wed Jul 22 22:14:19.530098 2026] [wsgi:error] [pid 10:tid 140194248038080] [remote 10.0.0.20:48662] 2026-07-22 22:14:19.529 10 WARNING keystone.common.password_hashing [None req-ba77ae74-a490-4aab-98f3-395ea2f5d868 - - - - - -] Truncating password to algorithm specific maximum length 72 characters. 10.0.0.20 - - [22/Jul/2026:22:14:19 +0000] "GET / HTTP/1.1" 300 295
[Wed Jul 22 22:14:19.594326 2026] [wsgi:error] [pid 11:tid 140194248038080] [remote 10.0.0.20:48670] 2026-07-22 22:14:19.594 11 WARNING keystone.common.password_hashing [None req-c0d97eaf-2096-4dff-a9c5-d74b0650866e - - - - - -] Truncating password to algorithm specific maximum length 72 characters.
[Wed Jul 22 22:14:19.807753 2026] [wsgi:error] [pid 10:tid 140194248038080] [remote 10.0.0.20:48662] 2026-07-22 22:14:19.807 10 WARNING keystone.common.fernet_utils [None req-ba77ae74-a490-4aab-98f3-395ea2f5d868 - - - - - -] key_repository is world readable: /etc/keystone/fernet-keys/ 10.0.0.20 - - [22/Jul/2026:22:14:19 +0000] "GET / HTTP/1.1" 300 295 10.0.0.20 - - [22/Jul/2026:22:14:19 +0000] "POST /v3/auth/tokens HTTP/1.1" 201 1463
[Wed Jul 22 22:14:19.831106 2026] [wsgi:error] [pid 9:tid 140194248038080] [remote 10.0.0.20:48680] 2026-07-22 22:14:19.830 9 WARNING keystone.common.password_hashing [None req-2e9277a9-12ed-4c23-a54b-3bbfcd2ce708 - - - - - -] Truncating password to algorithm specific maximum length 72 characters.
[Wed Jul 22 22:14:19.871693 2026] [wsgi:error] [pid 11:tid 140194248038080] [remote 10.0.0.20:48670] 2026-07-22 22:14:19.871 11 WARNING keystone.common.fernet_utils [None req-c0d97eaf-2096-4dff-a9c5-d74b0650866e - - - - - -] key_repository is world readable: /etc/keystone/fernet-keys/ 10.0.0.20 - - [22/Jul/2026:22:14:19 +0000] "POST /v3/auth/tokens HTTP/1.1" 201 1463 10.0.0.20 - - [22/Jul/2026:22:14:19 +0000] "GET /v3/services HTTP/1.1" 200 639 10.0.0.20 - - [22/Jul/2026:22:14:19 +0000] "GET /v3/services HTTP/1.1" 200 639
[Wed Jul 22 22:14:20.129008 2026] [wsgi:error] [pid 9:tid 140194248038080] [remote 10.0.0.20:48680] 2026-07-22 22:14:20.128 9 WARNING keystone.common.fernet_utils [None req-2e9277a9-12ed-4c23-a54b-3bbfcd2ce708 - - - - - -] key_repository is world readable: /etc/keystone/fernet-keys/ 10.0.0.20 - - [22/Jul/2026:22:14:19 +0000] "POST /v3/auth/tokens HTTP/1.1" 201 1463 10.0.0.20 - - [22/Jul/2026:22:14:20 +0000] "GET /v3/services HTTP/1.1" 200 639 10.0.0.20 - - [22/Jul/2026:22:14:21 +0000] "GET / HTTP/1.1" 300 295
[Wed Jul 22 22:14:21.534231 2026] [wsgi:error] [pid 10:tid 140194248038080] [remote 10.0.0.20:48696] 2026-07-22 22:14:21.534 10 WARNING keystone.common.password_hashing [None req-99a56ecd-c6b0-4258-9832-ce9ee4b352a6 - - - - - -] Truncating password to algorithm specific maximum length 72 characters. 10.0.0.20 - - [22/Jul/2026:22:14:21 +0000] "GET / HTTP/1.1" 300 295
[Wed Jul 22 22:14:21.623403 2026] [wsgi:error] [pid 11:tid 140194248038080] [remote 10.0.0.20:48712] 2026-07-22 22:14:21.623 11 WARNING keystone.common.password_hashing [None req-5166bc87-e172-4297-8d94-79ab3dcfe83d - - - - - -] Truncating password to algorithm specific maximum length 72 characters.
[Wed Jul 22 22:14:21.804762 2026] [wsgi:error] [pid 10:tid 140194248038080] [remote 10.0.0.20:48696] 2026-07-22 22:14:21.804 10 WARNING keystone.common.fernet_utils [None req-99a56ecd-c6b0-4258-9832-ce9ee4b352a6 - - - - - -] key_repository is world readable: /etc/keystone/fernet-keys/ 10.0.0.20 - - [22/Jul/2026:22:14:21 +0000] "POST /v3/auth/tokens HTTP/1.1" 201 1463 10.0.0.20 - - [22/Jul/2026:22:14:21 +0000] "GET / HTTP/1.1" 300 295
[Wed Jul 22 22:14:21.880297 2026] [wsgi:error] [pid 9:tid 140194248038080] [remote 10.0.0.20:48720] 2026-07-22 22:14:21.880 9 WARNING keystone.common.password_hashing [None req-5894aaaa-f3a4-4fb4-801c-e10ebc08820f - - - - - -] Truncating password to algorithm specific maximum length 72 characters.
[Wed Jul 22 22:14:21.903674 2026] [wsgi:error] [pid 11:tid 140194248038080] [remote 10.0.0.20:48712] 2026-07-22 22:14:21.903 11 WARNING keystone.common.fernet_utils [None req-5166bc87-e172-4297-8d94-79ab3dcfe83d - - - - - -] key_repository is world readable: /etc/keystone/fernet-keys/ 10.0.0.20 - - [22/Jul/2026:22:14:21 +0000] "POST /v3/auth/tokens HTTP/1.1" 201 1463 10.0.0.20 - - [22/Jul/2026:22:14:21 +0000] "GET /v3/endpoints HTTP/1.1" 200 1226 10.0.0.20 - - [22/Jul/2026:22:14:21 +0000] "GET /v3/services/55eb784eff324506a8b3fe51405ef9c4 HTTP/1.1" 200 233 10.0.0.20 - - [22/Jul/2026:22:14:21 +0000] "GET /v3/services/55eb784eff324506a8b3fe51405ef9c4 HTTP/1.1" 200 233 10.0.0.20 - - [22/Jul/2026:22:14:21 +0000] "GET /v3/services/55eb784eff324506a8b3fe51405ef9c4 HTTP/1.1" 200 233 10.0.0.20 - - [22/Jul/2026:22:14:22 +0000] "GET /v3/endpoints HTTP/1.1" 200 1226 10.0.0.20 - - [22/Jul/2026:22:14:22 +0000] "GET /v3/services/55eb784eff324506a8b3fe51405ef9c4 HTTP/1.1" 200 233 10.0.0.20 - - [22/Jul/2026:22:14:22 +0000] "GET /v3/services/55eb784eff324506a8b3fe51405ef9c4 HTTP/1.1" 200 233 10.0.0.20 - - [22/Jul/2026:22:14:22 +0000] "GET /v3/services/55eb784eff324506a8b3fe51405ef9c4 HTTP/1.1" 200 233
[Wed Jul 22 22:14:22.166534 2026] [wsgi:error] [pid 9:tid 140194248038080] [remote 10.0.0.20:48720] 2026-07-22 22:14:22.166 9 WARNING keystone.common.fernet_utils [None req-5894aaaa-f3a4-4fb4-801c-e10ebc08820f - - - - - -] key_repository is world readable: /etc/keystone/fernet-keys/ 10.0.0.20 - - [22/Jul/2026:22:14:21 +0000] "POST /v3/auth/tokens HTTP/1.1" 201 1463 10.0.0.20 - - [22/Jul/2026:22:14:22 +0000] "GET /v3/endpoints HTTP/1.1" 200 1226 10.0.0.20 - - [22/Jul/2026:22:14:22 +0000] "GET /v3/services/55eb784eff324506a8b3fe51405ef9c4 HTTP/1.1" 200 233 10.0.0.20 - - [22/Jul/2026:22:14:22 +0000] "GET /v3/services/55eb784eff324506a8b3fe51405ef9c4 HTTP/1.1" 200 233 10.0.0.20 - - [22/Jul/2026:22:14:22 +0000] "GET /v3/services/55eb784eff324506a8b3fe51405ef9c4 HTTP/1.1" 200 233 10.0.0.20 - - [22/Jul/2026:22:14:23 +0000] "GET / HTTP/1.1" 300 295
[Wed Jul 22 22:14:23.549580 2026] [wsgi:error] [pid 10:tid 140194248038080] [remote 10.0.0.20:48728] 2026-07-22 22:14:23.549 10 WARNING keystone.common.password_hashing [None req-2b7cfe6f-682e-4f64-afd6-5239af0c5a70 - - - - - -] Truncating password to algorithm specific maximum length 72 characters. 10.0.0.20 - - [22/Jul/2026:22:14:23 +0000] "GET / HTTP/1.1" 300 295
[Wed Jul 22 22:14:23.624086 2026] [wsgi:error] [pid 9:tid 140194248038080] [remote 10.0.0.20:48742] 2026-07-22 22:14:23.623 9 WARNING keystone.common.password_hashing [None req-21084938-8d3f-4eda-bdf3-999e6b882247 - - - - - -] Truncating password to algorithm specific maximum length 72 characters. 10.0.0.20 - - [22/Jul/2026:22:14:23 +0000] "GET / HTTP/1.1" 300 295
[Wed Jul 22 22:14:23.833256 2026] [wsgi:error] [pid 10:tid 140194248038080] [remote 10.0.0.20:48728] 2026-07-22 22:14:23.833 10 WARNING keystone.common.fernet_utils [None req-2b7cfe6f-682e-4f64-afd6-5239af0c5a70 - - - - - -] key_repository is world readable: /etc/keystone/fernet-keys/ 10.0.0.20 - - [22/Jul/2026:22:14:23 +0000] "POST /v3/auth/tokens HTTP/1.1" 201 1463
[Wed Jul 22 22:14:23.862718 2026] [wsgi:error] [pid 12:tid 140194248038080] [remote 10.0.0.20:48750] 2026-07-22 22:14:23.861 12 WARNING keystone.common.password_hashing [None req-206bc5f9-262b-450a-8678-720dce4b6d1b - - - - - -] Truncating password to algorithm specific maximum length 72 characters.
[Wed Jul 22 22:14:23.904090 2026] [wsgi:error] [pid 9:tid 140194248038080] [remote 10.0.0.20:48742] 2026-07-22 22:14:23.903 9 WARNING keystone.common.fernet_utils [None req-21084938-8d3f-4eda-bdf3-999e6b882247 - - - - - -] key_repository is world readable: /etc/keystone/fernet-keys/ 10.0.0.20 - - [22/Jul/2026:22:14:23 +0000] "POST /v3/auth/tokens HTTP/1.1" 201 1463 10.0.0.20 - - [22/Jul/2026:22:14:23 +0000] "GET /v3/services/e38b841c29514e4b8abdc10f791b4d85 HTTP/1.1" 200 296 10.0.0.20 - - [22/Jul/2026:22:14:23 +0000] "GET /v3/regions/RegionOne HTTP/1.1" 200 173 10.0.0.20 - - [22/Jul/2026:22:14:24 +0000] "GET /v3/services/e38b841c29514e4b8abdc10f791b4d85 HTTP/1.1" 200 296 10.0.0.20 - - [22/Jul/2026:22:14:24 +0000] "GET /v3/regions/RegionOne HTTP/1.1" 200 173 10.0.0.20 - - [22/Jul/2026:22:14:24 +0000] "POST /v3/endpoints HTTP/1.1" 201 383
[Wed Jul 22 22:14:24.139420 2026] [wsgi:error] [pid 12:tid 140194248038080] [remote 10.0.0.20:48750] 2026-07-22 22:14:24.139 12 WARNING keystone.common.fernet_utils [None req-206bc5f9-262b-450a-8678-720dce4b6d1b - - - - - -] key_repository is world readable: /etc/keystone/fernet-keys/ 10.0.0.20 - - [22/Jul/2026:22:14:23 +0000] "POST /v3/endpoints HTTP/1.1" 201 380 10.0.0.20 - - [22/Jul/2026:22:14:23 +0000] "POST /v3/auth/tokens HTTP/1.1" 201 1822 10.0.0.20 - - [22/Jul/2026:22:14:24 +0000] "GET /v3/services/e38b841c29514e4b8abdc10f791b4d85 HTTP/1.1" 200 296 10.0.0.20 - - [22/Jul/2026:22:14:24 +0000] "GET /v3/regions/RegionOne HTTP/1.1" 200 173 10.0.0.20 - - [22/Jul/2026:22:14:24 +0000] "POST /v3/endpoints HTTP/1.1" 201 369 10.0.0.20 - - [22/Jul/2026:22:14:25 +0000] "GET / HTTP/1.1" 300 295
[Wed Jul 22 22:14:25.575279 2026] [wsgi:error] [pid 10:tid 140194248038080] [remote 10.0.0.20:48764] 2026-07-22 22:14:25.575 10 WARNING keystone.common.password_hashing [None req-2cfeac43-61d5-4e57-b677-59019874307e - - - - - -] Truncating password to algorithm specific maximum length 72 characters. 10.0.0.20 - - [22/Jul/2026:22:14:25 +0000] "GET / HTTP/1.1" 300 295
[Wed Jul 22 22:14:25.610958 2026] [wsgi:error] [pid 9:tid 140194248038080] [remote 10.0.0.20:48768] 2026-07-22 22:14:25.610 9 WARNING keystone.common.password_hashing [None req-47514c25-b29b-4ab9-9926-cb6e56d073f1 - - - - - -] Truncating password to algorithm specific maximum length 72 characters.
[Wed Jul 22 22:14:25.861421 2026] [wsgi:error] [pid 10:tid 140194248038080] [remote 10.0.0.20:48764] 2026-07-22 22:14:25.861 10 WARNING keystone.common.fernet_utils [None req-2cfeac43-61d5-4e57-b677-59019874307e - - - - - -] key_repository is world readable: /etc/keystone/fernet-keys/ 10.0.0.20 - - [22/Jul/2026:22:14:25 +0000] "POST /v3/auth/tokens HTTP/1.1" 201 1990 10.0.0.20 - - [22/Jul/2026:22:14:25 +0000] "GET / HTTP/1.1" 300 295
[Wed Jul 22 22:14:25.885288 2026] [wsgi:error] [pid 9:tid 140194248038080] [remote 10.0.0.20:48768] 2026-07-22 22:14:25.885 9 WARNING keystone.common.fernet_utils [None req-47514c25-b29b-4ab9-9926-cb6e56d073f1 - - - - - -] key_repository is world readable: /etc/keystone/fernet-keys/ 10.0.0.20 - - [22/Jul/2026:22:14:25 +0000] "POST /v3/auth/tokens HTTP/1.1" 201 1990
[Wed Jul 22 22:14:25.895693 2026] [wsgi:error] [pid 11:tid 140194248038080] [remote 10.0.0.20:48782] 2026-07-22 22:14:25.895 11 WARNING keystone.common.password_hashing [None req-6bfb400f-816c-44a2-8a0f-8ac83c667326 - - - - - -] Truncating password to algorithm specific maximum length 72 characters. 10.0.0.20 - - [22/Jul/2026:22:14:25 +0000] "GET /v3/endpoints/3f7af8703e164fc8b1e7c2c5cc8670da HTTP/1.1" 200 383 10.0.0.20 - - [22/Jul/2026:22:14:26 +0000] "GET /v3/services/e38b841c29514e4b8abdc10f791b4d85 HTTP/1.1" 200 296 10.0.0.20 - - [22/Jul/2026:22:14:25 +0000] "GET /v3/endpoints/587076fae6f2488eb05bf2570b57288c HTTP/1.1" 200 380 10.0.0.20 - - [22/Jul/2026:22:14:26 +0000] "GET /v3/services/e38b841c29514e4b8abdc10f791b4d85 HTTP/1.1" 200 296
[Wed Jul 22 22:14:26.177933 2026] [wsgi:error] [pid 11:tid 140194248038080] [remote 10.0.0.20:48782] 2026-07-22 22:14:26.177 11 WARNING keystone.common.fernet_utils [None req-6bfb400f-816c-44a2-8a0f-8ac83c667326 - - - - - -] key_repository is world readable: /etc/keystone/fernet-keys/ 10.0.0.20 - - [22/Jul/2026:22:14:25 +0000] "POST /v3/auth/tokens HTTP/1.1" 201 1990 10.0.0.20 - - [22/Jul/2026:22:14:26 +0000] "GET /v3/endpoints/6c2e46e31769474eafa458982dace208 HTTP/1.1" 200 369 10.0.0.20 - - [22/Jul/2026:22:14:26 +0000] "GET /v3/services/e38b841c29514e4b8abdc10f791b4d85 HTTP/1.1" 200 296 10.0.0.226 - - [22/Jul/2026:22:14:35 +0000] "GET /v3/ HTTP/1.1" 200 249 10.0.0.226 - - [22/Jul/2026:22:14:35 +0000] "GET /v3/ HTTP/1.1" 200 249 10.0.0.87 - - [22/Jul/2026:22:14:37 +0000] "GET / HTTP/1.1" 300 295
[Wed Jul 22 22:14:37.605942 2026] [wsgi:error] [pid 12:tid 140194248038080] [remote 10.0.0.87:40954] 2026-07-22 22:14:37.605 12 WARNING keystone.common.password_hashing [None req-c49cb51a-88fb-4952-86bd-1f6484971b6e - - - - - -] Truncating password to algorithm specific maximum length 72 characters.
[Wed Jul 22 22:14:37.886324 2026] [wsgi:error] [pid 12:tid 140194248038080] [remote 10.0.0.87:40954] 2026-07-22 22:14:37.886 12 WARNING keystone.common.fernet_utils [None req-c49cb51a-88fb-4952-86bd-1f6484971b6e - - - - - -] key_repository is world readable: /etc/keystone/fernet-keys/ 10.0.0.87 - - [22/Jul/2026:22:14:37 +0000] "POST /v3/auth/tokens HTTP/1.1" 201 1990 10.0.0.87 - - [22/Jul/2026:22:14:37 +0000] "POST /v3/domains HTTP/1.1" 201 284 10.0.0.87 - - [22/Jul/2026:22:14:39 +0000] "GET / HTTP/1.1" 300 295
[Wed Jul 22 22:14:39.825454 2026] [wsgi:error] [pid 9:tid 140194248038080] [remote 10.0.0.87:40970] 2026-07-22 22:14:39.825 9 WARNING keystone.common.password_hashing [None req-0639cfe6-0c28-42ef-9804-f0ce8f981949 - - - - - -] Truncating password to algorithm specific maximum length 72 characters.
[Wed Jul 22 22:14:40.111549 2026] [wsgi:error] [pid 9:tid 140194248038080] [remote 10.0.0.87:40970] 2026-07-22 22:14:40.111 9 WARNING keystone.common.fernet_utils [None req-0639cfe6-0c28-42ef-9804-f0ce8f981949 - - - - - -] key_repository is world readable: /etc/keystone/fernet-keys/ 10.0.0.87 - - [22/Jul/2026:22:14:39 +0000] "POST /v3/auth/tokens HTTP/1.1" 201 1990
[Wed Jul 22 22:14:40.307562 2026] [wsgi:error] [pid 12:tid 140194248038080] [remote 10.0.0.87:40970] 2026-07-22 22:14:40.295 12 ERROR keystone.server.flask.application [None req-0eb2ce69-b092-4088-8690-ab0847206f61 a062639f4ca845d687cc7d6c37043393 9deb2ff068ea4afcbe3febb720ee1d05 - - default default] Conflict occurred attempting to store project - it is not permitted to have two projects acting as domains with the same name: service.: keystone.exception.Conflict: Conflict occurred attempting to store project - it is not permitted to have two projects acting as domains with the same name: service.
[Wed Jul 22 22:14:40.307586 2026] [wsgi:error] [pid 12:tid 140194248038080] [remote 10.0.0.87:40970] 2026-07-22 22:14:40.295 12 ERROR keystone.server.flask.application
Traceback (most recent call last):
[Wed Jul 22 22:14:40.307588 2026] [wsgi:error] [pid 12:tid 140194248038080] [remote 10.0.0.87:40970] 2026-07-22 22:14:40.295 12 ERROR keystone.server.flask.application
File "/var/lib/openstack/lib/python3.12/site-packages/sqlalchemy/engine/base.py", line 1969, in _exec_single_context
[Wed Jul 22 22:14:40.307590 2026] [wsgi:error] [pid 12:tid 140194248038080] [remote 10.0.0.87:40970] 2026-07-22 22:14:40.295 12 ERROR keystone.server.flask.application self.dialect.do_execute(
[Wed Jul 22 22:14:40.307591 2026] [wsgi:error] [pid 12:tid 140194248038080] [remote 10.0.0.87:40970] 2026-07-22 22:14:40.295 12 ERROR keystone.server.flask.application
File "/var/lib/openstack/lib/python3.12/site-packages/sqlalchemy/engine/default.py", line 952, in do_execute
[Wed Jul 22 22:14:40.307593 2026] [wsgi:error] [pid 12:tid 140194248038080] [remote 10.0.0.87:40970] 2026-07-22 22:14:40.295 12 ERROR keystone.server.flask.application cursor.execute(statement, parameters)
[Wed Jul 22 22:14:40.307594 2026] [wsgi:error] [pid 12:tid 140194248038080] [remote 10.0.0.87:40970] 2026-07-22 22:14:40.295 12 ERROR keystone.server.flask.application
File "/var/lib/openstack/lib/python3.12/site-packages/pymysql/cursors.py", line 159, in execute
[Wed Jul 22 22:14:40.307596 2026] [wsgi:error] [pid 12:tid 140194248038080] [remote 10.0.0.87:40970] 2026-07-22 22:14:40.295 12 ERROR keystone.server.flask.application result = self._query(query)
[Wed Jul 22 22:14:40.307597 2026] [wsgi:error] [pid 12:tid 140194248038080] [remote 10.0.0.87:40970] 2026-07-22 22:14:40.295 12 ERROR keystone.server.flask.application ^^^^^^^^^^^^^^^^^^
[Wed Jul 22 22:14:40.307598 2026] [wsgi:error] [pid 12:tid 140194248038080] [remote 10.0.0.87:40970] 2026-07-22 22:14:40.295 12 ERROR keystone.server.flask.application
File "/var/lib/openstack/lib/python3.12/site-packages/pymysql/cursors.py", line 330, in _query
[Wed Jul 22 22:14:40.307600 2026] [wsgi:error] [pid 12:tid 140194248038080] [remote 10.0.0.87:40970] 2026-07-22 22:14:40.295 12 ERROR keystone.server.flask.application conn.query(q)
[Wed Jul 22 22:14:40.307601 2026] [wsgi:error] [pid 12:tid 140194248038080] [remote 10.0.0.87:40970] 2026-07-22 22:14:40.295 12 ERROR keystone.server.flask.application
File "/var/lib/openstack/lib/python3.12/site-packages/pymysql/connections.py", line 582, in query
[Wed Jul 22 22:14:40.307603 2026] [wsgi:error] [pid 12:tid 140194248038080] [remote 10.0.0.87:40970] 2026-07-22 22:14:40.295 12 ERROR keystone.server.flask.application self._affected_rows = self._read_query_result(unbuffered=unbuffered)
[Wed Jul 22 22:14:40.307604 2026] [wsgi:error] [pid 12:tid 140194248038080] [remote 10.0.0.87:40970] 2026-07-22 22:14:40.295 12 ERROR keystone.server.flask.application ^^^^^^^^^^^^^^^^^^^^^^^^^^^^^^^^^^^^^^^^^^^^^^
[Wed Jul 22 22:14:40.307606 2026] [wsgi:error] [pid 12:tid 140194248038080] [remote 10.0.0.87:40970] 2026-07-22 22:14:40.295 12 ERROR keystone.server.flask.application
File "/var/lib/openstack/lib/python3.12/site-packages/pymysql/connections.py", line 847, in _read_query_result
[Wed Jul 22 22:14:40.307607 2026] [wsgi:error] [pid 12:tid 140194248038080] [remote 10.0.0.87:40970] 2026-07-22 22:14:40.295 12 ERROR keystone.server.flask.application result.read()
[Wed Jul 22 22:14:40.307610 2026] [wsgi:error] [pid 12:tid 140194248038080] [remote 10.0.0.87:40970] 2026-07-22 22:14:40.295 12 ERROR keystone.server.flask.application
File "/var/lib/openstack/lib/python3.12/site-packages/pymysql/connections.py", line 1245, in read
[Wed Jul 22 22:14:40.307612 2026] [wsgi:error] [pid 12:tid 140194248038080] [remote 10.0.0.87:40970] 2026-07-22 22:14:40.295 12 ERROR keystone.server.flask.application first_packet = self.connection._read_packet()
[Wed Jul 22 22:14:40.307613 2026] [wsgi:error] [pid 12:tid 140194248038080] [remote 10.0.0.87:40970] 2026-07-22 22:14:40.295 12 ERROR keystone.server.flask.application ^^^^^^^^^^^^^^^^^^^^^^^^^^^^^^
[Wed Jul 22 22:14:40.307614 2026] [wsgi:error] [pid 12:tid 140194248038080] [remote 10.0.0.87:40970] 2026-07-22 22:14:40.295 12 ERROR keystone.server.flask.application
File "/var/lib/openstack/lib/python3.12/site-packages/pymysql/connections.py", line 803, in _read_packet
[Wed Jul 22 22:14:40.307616 2026] [wsgi:error] [pid 12:tid 140194248038080] [remote 10.0.0.87:40970] 2026-07-22 22:14:40.295 12 ERROR keystone.server.flask.application packet.raise_for_error()
[Wed Jul 22 22:14:40.307617 2026] [wsgi:error] [pid 12:tid 140194248038080] [remote 10.0.0.87:40970] 2026-07-22 22:14:40.295 12 ERROR keystone.server.flask.application
File "/var/lib/openstack/lib/python3.12/site-packages/pymysql/protocol.py", line 219, in raise_for_error
[Wed Jul 22 22:14:40.307619 2026] [wsgi:error] [pid 12:tid 140194248038080] [remote 10.0.0.87:40970] 2026-07-22 22:14:40.295 12 ERROR keystone.server.flask.application err.raise_mysql_exception(self._data)
[Wed Jul 22 22:14:40.307620 2026] [wsgi:error] [pid 12:tid 140194248038080] [remote 10.0.0.87:40970] 2026-07-22 22:14:40.295 12 ERROR keystone.server.flask.application
File "/var/lib/openstack/lib/python3.12/site-packages/pymysql/err.py", line 154, in raise_mysql_exception
[Wed Jul 22 22:14:40.307622 2026] [wsgi:error] [pid 12:tid 140194248038080] [remote 10.0.0.87:40970] 2026-07-22 22:14:40.295 12 ERROR keystone.server.flask.application raise errorclass(errno, errval, sqlstate=sqlstate)
[Wed Jul 22 22:14:40.307623 2026] [wsgi:error] [pid 12:tid 140194248038080] [remote 10.0.0.87:40970] 2026-07-22 22:14:40.295 12 ERROR keystone.server.flask.application pymysql.err.IntegrityError: (1062, "Duplicate entry '<>-service' for key 'project.ixu_project_name_domain_id'")
[Wed Jul 22 22:14:40.307625 2026] [wsgi:error] [pid 12:tid 140194248038080] [remote 10.0.0.87:40970] 2026-07-22 22:14:40.295 12 ERROR keystone.server.flask.application
[Wed Jul 22 22:14:40.307626 2026] [wsgi:error] [pid 12:tid 140194248038080] [remote 10.0.0.87:40970] 2026-07-22 22:14:40.295 12 ERROR keystone.server.flask.application The above exception was the direct cause of the following exception:
[Wed Jul 22 22:14:40.307628 2026] [wsgi:error] [pid 12:tid 140194248038080] [remote 10.0.0.87:40970] 2026-07-22 22:14:40.295 12 ERROR keystone.server.flask.application
[Wed Jul 22 22:14:40.307629 2026] [wsgi:error] [pid 12:tid 140194248038080] [remote 10.0.0.87:40970] 2026-07-22 22:14:40.295 12 ERROR keystone.server.flask.application
Traceback (most recent call last):
[Wed Jul 22 22:14:40.307630 2026] [wsgi:error] [pid 12:tid 140194248038080] [remote 10.0.0.87:40970] 2026-07-22 22:14:40.295 12 ERROR keystone.server.flask.application
File "/var/lib/openstack/lib/python3.12/site-packages/keystone/common/sql/core.py", line 575, in wrapper
[Wed Jul 22 22:14:40.307632 2026] [wsgi:error] [pid 12:tid 140194248038080] [remote 10.0.0.87:40970] 2026-07-22 22:14:40.295 12 ERROR keystone.server.flask.application return method(*args, **kwargs)
[Wed Jul 22 22:14:40.307633 2026] [wsgi:error] [pid 12:tid 140194248038080] [remote 10.0.0.87:40970] 2026-07-22 22:14:40.295 12 ERROR keystone.server.flask.application ^^^^^^^^^^^^^^^^^^^^^^^
[Wed Jul 22 22:14:40.307636 2026] [wsgi:error] [pid 12:tid 140194248038080] [remote 10.0.0.87:40970] 2026-07-22 22:14:40.295 12 ERROR keystone.server.flask.application
File "/var/lib/openstack/lib/python3.12/site-packages/keystone/resource/backends/sql.py", line 278, in create_project
[Wed Jul 22 22:14:40.307637 2026] [wsgi:error] [pid 12:tid 140194248038080] [remote 10.0.0.87:40970] 2026-07-22 22:14:40.295 12 ERROR keystone.server.flask.application with sql.session_for_write() as session:
[Wed Jul 22 22:14:40.307639 2026] [wsgi:error] [pid 12:tid 140194248038080] [remote 10.0.0.87:40970] 2026-07-22 22:14:40.295 12 ERROR keystone.server.flask.application
File "/usr/lib/python3.12/contextlib.py", line 144, in __exit__
[Wed Jul 22 22:14:40.307640 2026] [wsgi:error] [pid 12:tid 140194248038080] [remote 10.0.0.87:40970] 2026-07-22 22:14:40.295 12 ERROR keystone.server.flask.application next(self.gen)
[Wed Jul 22 22:14:40.307641 2026] [wsgi:error] [pid 12:tid 140194248038080] [remote 10.0.0.87:40970] 2026-07-22 22:14:40.295 12 ERROR keystone.server.flask.application
File "/var/lib/openstack/lib/python3.12/site-packages/oslo_db/sqlalchemy/enginefacade.py", line 1175, in _transaction_scope
[Wed Jul 22 22:14:40.307643 2026] [wsgi:error] [pid 12:tid 140194248038080] [remote 10.0.0.87:40970] 2026-07-22 22:14:40.295 12 ERROR keystone.server.flask.application with current._produce_block(
[Wed Jul 22 22:14:40.307677 2026] [wsgi:error] [pid 12:tid 140194248038080] [remote 10.0.0.87:40970] 2026-07-22 22:14:40.295 12 ERROR keystone.server.flask.application
File "/usr/lib/python3.12/contextlib.py", line 144, in __exit__
[Wed Jul 22 22:14:40.307680 2026] [wsgi:error] [pid 12:tid 140194248038080] [remote 10.0.0.87:40970] 2026-07-22 22:14:40.295 12 ERROR keystone.server.flask.application next(self.gen)
[Wed Jul 22 22:14:40.307681 2026] [wsgi:error] [pid 12:tid 140194248038080] [remote 10.0.0.87:40970] 2026-07-22 22:14:40.295 12 ERROR keystone.server.flask.application
File "/var/lib/openstack/lib/python3.12/site-packages/oslo_db/sqlalchemy/enginefacade.py", line 837, in _session
[Wed Jul 22 22:14:40.307683 2026] [wsgi:error] [pid 12:tid 140194248038080] [remote 10.0.0.87:40970] 2026-07-22 22:14:40.295 12 ERROR keystone.server.flask.application with excutils.save_and_reraise_exception():
[Wed Jul 22 22:14:40.307684 2026] [wsgi:error] [pid 12:tid 140194248038080] [remote 10.0.0.87:40970] 2026-07-22 22:14:40.295 12 ERROR keystone.server.flask.application
File "/var/lib/openstack/lib/python3.12/site-packages/oslo_utils/excutils.py", line 266, in __exit__
[Wed Jul 22 22:14:40.307686 2026] [wsgi:error] [pid 12:tid 140194248038080] [remote 10.0.0.87:40970] 2026-07-22 22:14:40.295 12 ERROR keystone.server.flask.application self.force_reraise()
[Wed Jul 22 22:14:40.307687 2026] [wsgi:error] [pid 12:tid 140194248038080] [remote 10.0.0.87:40970] 2026-07-22 22:14:40.295 12 ERROR keystone.server.flask.application
File "/var/lib/openstack/lib/python3.12/site-packages/oslo_utils/excutils.py", line 232, in force_reraise
[Wed Jul 22 22:14:40.307689 2026] [wsgi:error] [pid 12:tid 140194248038080] [remote 10.0.0.87:40970] 2026-07-22 22:14:40.295 12 ERROR keystone.server.flask.application raise self.value
[Wed Jul 22 22:14:40.307690 2026] [wsgi:error] [pid 12:tid 140194248038080] [remote 10.0.0.87:40970] 2026-07-22 22:14:40.295 12 ERROR keystone.server.flask.application
File "/var/lib/openstack/lib/python3.12/site-packages/oslo_db/sqlalchemy/enginefacade.py", line 835, in _session
[Wed Jul 22 22:14:40.307692 2026] [wsgi:error] [pid 12:tid 140194248038080] [remote 10.0.0.87:40970] 2026-07-22 22:14:40.295 12 ERROR keystone.server.flask.application self._end_session_transaction(self.session)
[Wed Jul 22 22:14:40.307693 2026] [wsgi:error] [pid 12:tid 140194248038080] [remote 10.0.0.87:40970] 2026-07-22 22:14:40.295 12 ERROR keystone.server.flask.application
File "/var/lib/openstack/lib/python3.12/site-packages/oslo_db/sqlalchemy/enginefacade.py", line 748, in _end_session_transaction
[Wed Jul 22 22:14:40.307695 2026] [wsgi:error] [pid 12:tid 140194248038080] [remote 10.0.0.87:40970] 2026-07-22 22:14:40.295 12 ERROR keystone.server.flask.application session.commit()
[Wed Jul 22 22:14:40.307697 2026] [wsgi:error] [pid 12:tid 140194248038080] [remote 10.0.0.87:40970] 2026-07-22 22:14:40.295 12 ERROR keystone.server.flask.application
File "/var/lib/openstack/lib/python3.12/site-packages/sqlalchemy/orm/session.py", line 2034, in commit
[Wed Jul 22 22:14:40.307698 2026] [wsgi:error] [pid 12:tid 140194248038080] [remote 10.0.0.87:40970] 2026-07-22 22:14:40.295 12 ERROR keystone.server.flask.application trans.commit(_to_root=True)
[Wed Jul 22 22:14:40.307700 2026] [wsgi:error] [pid 12:tid 140194248038080] [remote 10.0.0.87:40970] 2026-07-22 22:14:40.295 12 ERROR keystone.server.flask.application File "", line 2, in commit
[Wed Jul 22 22:14:40.307702 2026] [wsgi:error] [pid 12:tid 140194248038080] [remote 10.0.0.87:40970] 2026-07-22 22:14:40.295 12 ERROR keystone.server.flask.application
File "/var/lib/openstack/lib/python3.12/site-packages/sqlalchemy/orm/state_changes.py", line 137, in _go
[Wed Jul 22 22:14:40.307704 2026] [wsgi:error] [pid 12:tid 140194248038080] [remote 10.0.0.87:40970] 2026-07-22 22:14:40.295 12 ERROR keystone.server.flask.application ret_value = fn(self, *arg, **kw)
[Wed Jul 22 22:14:40.307706 2026] [wsgi:error] [pid 12:tid 140194248038080] [remote 10.0.0.87:40970] 2026-07-22 22:14:40.295 12 ERROR keystone.server.flask.application ^^^^^^^^^^^^^^^^^^^^
[Wed Jul 22 22:14:40.307707 2026] [wsgi:error] [pid 12:tid 140194248038080] [remote 10.0.0.87:40970] 2026-07-22 22:14:40.295 12 ERROR keystone.server.flask.application
File "/var/lib/openstack/lib/python3.12/site-packages/sqlalchemy/orm/session.py", line 1315, in commit
[Wed Jul 22 22:14:40.307710 2026] [wsgi:error] [pid 12:tid 140194248038080] [remote 10.0.0.87:40970] 2026-07-22 22:14:40.295 12 ERROR keystone.server.flask.application self._prepare_impl()
[Wed Jul 22 22:14:40.307711 2026] [wsgi:error] [pid 12:tid 140194248038080] [remote 10.0.0.87:40970] 2026-07-22 22:14:40.295 12 ERROR keystone.server.flask.application File "", line 2, in _prepare_impl
[Wed Jul 22 22:14:40.307713 2026] [wsgi:error] [pid 12:tid 140194248038080] [remote 10.0.0.87:40970] 2026-07-22 22:14:40.295 12 ERROR keystone.server.flask.application
File "/var/lib/openstack/lib/python3.12/site-packages/sqlalchemy/orm/state_changes.py", line 137, in _go
[Wed Jul 22 22:14:40.307714 2026] [wsgi:error] [pid 12:tid 140194248038080] [remote 10.0.0.87:40970] 2026-07-22 22:14:40.295 12 ERROR keystone.server.flask.application ret_value = fn(self, *arg, **kw)
[Wed Jul 22 22:14:40.307716 2026] [wsgi:error] [pid 12:tid 140194248038080] [remote 10.0.0.87:40970] 2026-07-22 22:14:40.295 12 ERROR keystone.server.flask.application ^^^^^^^^^^^^^^^^^^^^
[Wed Jul 22 22:14:40.307718 2026] [wsgi:error] [pid 12:tid 140194248038080] [remote 10.0.0.87:40970] 2026-07-22 22:14:40.295 12 ERROR keystone.server.flask.application
File "/var/lib/openstack/lib/python3.12/site-packages/sqlalchemy/orm/session.py", line 1290, in _prepare_impl
[Wed Jul 22 22:14:40.307720 2026] [wsgi:error] [pid 12:tid 140194248038080] [remote 10.0.0.87:40970] 2026-07-22 22:14:40.295 12 ERROR keystone.server.flask.application self.session.flush()
[Wed Jul 22 22:14:40.307722 2026] [wsgi:error] [pid 12:tid 140194248038080] [remote 10.0.0.87:40970] 2026-07-22 22:14:40.295 12 ERROR keystone.server.flask.application
File "/var/lib/openstack/lib/python3.12/site-packages/sqlalchemy/orm/session.py", line 4352, in flush
[Wed Jul 22 22:14:40.307724 2026] [wsgi:error] [pid 12:tid 140194248038080] [remote 10.0.0.87:40970] 2026-07-22 22:14:40.295 12 ERROR keystone.server.flask.application self._flush(objects)
[Wed Jul 22 22:14:40.307726 2026] [wsgi:error] [pid 12:tid 140194248038080] [remote 10.0.0.87:40970] 2026-07-22 22:14:40.295 12 ERROR keystone.server.flask.application
File "/var/lib/openstack/lib/python3.12/site-packages/sqlalchemy/orm/session.py", line 4487, in _flush
[Wed Jul 22 22:14:40.307728 2026] [wsgi:error] [pid 12:tid 140194248038080] [remote 10.0.0.87:40970] 2026-07-22 22:14:40.295 12 ERROR keystone.server.flask.application with util.safe_reraise():
[Wed Jul 22 22:14:40.307730 2026] [wsgi:error] [pid 12:tid 140194248038080] [remote 10.0.0.87:40970] 2026-07-22 22:14:40.295 12 ERROR keystone.server.flask.application
File "/var/lib/openstack/lib/python3.12/site-packages/sqlalchemy/util/langhelpers.py", line 122, in __exit__
[Wed Jul 22 22:14:40.307732 2026] [wsgi:error] [pid 12:tid 140194248038080] [remote 10.0.0.87:40970] 2026-07-22 22:14:40.295 12 ERROR keystone.server.flask.application raise exc_value.with_traceback(exc_tb)
[Wed Jul 22 22:14:40.307733 2026] [wsgi:error] [pid 12:tid 140194248038080] [remote 10.0.0.87:40970] 2026-07-22 22:14:40.295 12 ERROR keystone.server.flask.application
File "/var/lib/openstack/lib/python3.12/site-packages/sqlalchemy/orm/session.py", line 4448, in _flush
[Wed Jul 22 22:14:40.307753 2026] [wsgi:error] [pid 12:tid 140194248038080] [remote 10.0.0.87:40970] 2026-07-22 22:14:40.295 12 ERROR keystone.server.flask.application flush_context.execute()
[Wed Jul 22 22:14:40.307756 2026] [wsgi:error] [pid 12:tid 140194248038080] [remote 10.0.0.87:40970] 2026-07-22 22:14:40.295 12 ERROR keystone.server.flask.application
File "/var/lib/openstack/lib/python3.12/site-packages/sqlalchemy/orm/unitofwork.py", line 465, in execute
