2026-07-22 23:10:03.255 8 INFO placement.requestlog [req-38de3048-d8d5-4c9b-9e48-2aac4a04ddda req-6e315fa9-1214-4e82-a713-6e833e8727bf 2fccba571c8b4daeb7662692dfd8081c 52ec205c0c0640e4a1f435984a8920b0 - - 0338b756157a45e7b2356e5f527b7021 0338b756157a45e7b2356e5f527b7021] 199.204.45.53 "GET /resource_providers/eae75bcf-8a67-4fc6-9596-737c2a4b086a/inventories" status: 200 len: 400 microversion: 1.0 [pid: 8|app: 0|req: 289/582] 199.204.45.53 () {32 vars in 856 bytes} [Wed Jul 22 23:10:03 2026] GET /resource_providers/eae75bcf-8a67-4fc6-9596-737c2a4b086a/inventories => generated 400 bytes in 15 msecs (HTTP/1.1 200) 6 headers in 224 bytes (1 switches on core 0)
2026-07-22 23:10:03.272 7 INFO placement.requestlog [req-38de3048-d8d5-4c9b-9e48-2aac4a04ddda req-ce2f6249-7592-424f-8676-ec1ee42370c0 2fccba571c8b4daeb7662692dfd8081c 52ec205c0c0640e4a1f435984a8920b0 - - 0338b756157a45e7b2356e5f527b7021 0338b756157a45e7b2356e5f527b7021] 199.204.45.53 "GET /resource_providers/eae75bcf-8a67-4fc6-9596-737c2a4b086a/aggregates" status: 200 len: 53 microversion: 1.19 [pid: 7|app: 0|req: 294/583] 199.204.45.53 () {34 vars in 898 bytes} [Wed Jul 22 23:10:03 2026] GET /resource_providers/eae75bcf-8a67-4fc6-9596-737c2a4b086a/aggregates => generated 53 bytes in 10 msecs (HTTP/1.1 200) 8 headers in 295 bytes (1 switches on core 0)
2026-07-22 23:10:03.290 8 INFO placement.requestlog [req-38de3048-d8d5-4c9b-9e48-2aac4a04ddda req-8d6cf176-17d8-46c4-9e82-3f0ca4559f1d 2fccba571c8b4daeb7662692dfd8081c 52ec205c0c0640e4a1f435984a8920b0 - - 0338b756157a45e7b2356e5f527b7021 0338b756157a45e7b2356e5f527b7021] 199.204.45.53 "GET /resource_providers/eae75bcf-8a67-4fc6-9596-737c2a4b086a/traits" status: 200 len: 2316 microversion: 1.6 [pid: 8|app: 0|req: 290/584] 199.204.45.53 () {34 vars in 889 bytes} [Wed Jul 22 23:10:03 2026] GET /resource_providers/eae75bcf-8a67-4fc6-9596-737c2a4b086a/traits => generated 2316 bytes in 14 msecs (HTTP/1.1 200) 6 headers in 225 bytes (1 switches on core 0)
2026-07-22 23:10:03.309 7 INFO placement.requestlog [req-38de3048-d8d5-4c9b-9e48-2aac4a04ddda req-97a45232-4b7d-4783-9cd7-c9fd241060fc 2fccba571c8b4daeb7662692dfd8081c 52ec205c0c0640e4a1f435984a8920b0 - - 0338b756157a45e7b2356e5f527b7021 0338b756157a45e7b2356e5f527b7021] 199.204.45.53 "GET /resource_providers/eae75bcf-8a67-4fc6-9596-737c2a4b086a/allocations" status: 200 len: 54 microversion: 1.0 [pid: 7|app: 0|req: 295/585] 199.204.45.53 () {32 vars in 856 bytes} [Wed Jul 22 23:10:03 2026] GET /resource_providers/eae75bcf-8a67-4fc6-9596-737c2a4b086a/allocations => generated 54 bytes in 14 msecs (HTTP/1.1 200) 6 headers in 223 bytes (1 switches on core 0)
2026-07-22 23:10:08.073 8 INFO placement.requestlog [None req-0f469269-50f4-4de6-86de-d7aa802e161d - - - - - -] 10.0.0.226 "GET /" status: 200 len: 136 microversion: 1.0
2026-07-22 23:10:08.074 7 INFO placement.requestlog [None req-01512a82-a66e-4689-90a3-272aa2b35dd3 - - - - - -] 10.0.0.226 "GET /" status: 200 len: 136 microversion: 1.0
2026-07-22 23:10:18.073 7 INFO placement.requestlog [None req-522e28db-febf-4a10-9d71-c84dfe65f097 - - - - - -] 10.0.0.226 "GET /" status: 200 len: 136 microversion: 1.0
2026-07-22 23:10:18.073 8 INFO placement.requestlog [None req-d0459a39-6629-4b09-885c-ad904b633a9c - - - - - -] 10.0.0.226 "GET /" status: 200 len: 136 microversion: 1.0
2026-07-22 23:10:28.073 7 INFO placement.requestlog [None req-432831d0-cb65-403f-bbcc-c28c1712f151 - - - - - -] 10.0.0.226 "GET /" status: 200 len: 136 microversion: 1.0
2026-07-22 23:10:28.073 8 INFO placement.requestlog [None req-4d7f2d8b-9877-4131-8844-5b40a35c8c55 - - - - - -] 10.0.0.226 "GET /" status: 200 len: 136 microversion: 1.0
2026-07-22 23:10:38.073 7 INFO placement.requestlog [None req-b8a041a6-080e-4408-8b3b-39dff9ec5187 - - - - - -] 10.0.0.226 "GET /" status: 200 len: 136 microversion: 1.0
2026-07-22 23:10:38.073 8 INFO placement.requestlog [None req-9f31c983-faf4-42bd-b5bc-c490e713e0eb - - - - - -] 10.0.0.226 "GET /" status: 200 len: 136 microversion: 1.0
2026-07-22 23:10:48.073 7 INFO placement.requestlog [None req-2bae0d06-af0e-4a4f-9927-d00daad7b88d - - - - - -] 10.0.0.226 "GET /" status: 200 len: 136 microversion: 1.0
2026-07-22 23:10:48.073 8 INFO placement.requestlog [None req-42ca2ad8-6170-4db7-9d16-1f5828fbf19a - - - - - -] 10.0.0.226 "GET /" status: 200 len: 136 microversion: 1.0
2026-07-22 23:10:58.076 7 INFO placement.requestlog [None req-6f928191-50e7-4b29-9405-29072bcdd1b1 - - - - - -] 10.0.0.226 "GET /" status: 200 len: 136 microversion: 1.0
2026-07-22 23:10:58.076 8 INFO placement.requestlog [None req-44e898a2-0ac6-4892-9ceb-5a137284a11e - - - - - -] 10.0.0.226 "GET /" status: 200 len: 136 microversion: 1.0
2026-07-22 23:11:04.068 7 INFO placement.requestlog [req-13ffdad0-034f-43a0-b514-987a67ae372f req-e158019f-9275-4f8b-8cc4-b16383ee729e 2fccba571c8b4daeb7662692dfd8081c 52ec205c0c0640e4a1f435984a8920b0 - - 0338b756157a45e7b2356e5f527b7021 0338b756157a45e7b2356e5f527b7021] 199.204.45.53 "GET /resource_providers/eae75bcf-8a67-4fc6-9596-737c2a4b086a/allocations" status: 200 len: 54 microversion: 1.0 [pid: 7|app: 0|req: 302/598] 199.204.45.53 () {32 vars in 856 bytes} [Wed Jul 22 23:11:04 2026] GET /resource_providers/eae75bcf-8a67-4fc6-9596-737c2a4b086a/allocations => generated 54 bytes in 19 msecs (HTTP/1.1 200) 6 headers in 223 bytes (1 switches on core 0)
2026-07-22 23:11:04.098 8 INFO placement.requestlog [req-13ffdad0-034f-43a0-b514-987a67ae372f req-2b057f57-a998-476a-a504-cb399eb3ae3c 2fccba571c8b4daeb7662692dfd8081c 52ec205c0c0640e4a1f435984a8920b0 - - 0338b756157a45e7b2356e5f527b7021 0338b756157a45e7b2356e5f527b7021] 199.204.45.53 "GET /resource_providers/eae75bcf-8a67-4fc6-9596-737c2a4b086a/allocations" status: 200 len: 54 microversion: 1.0 [pid: 8|app: 0|req: 297/599] 199.204.45.53 () {32 vars in 856 bytes} [Wed Jul 22 23:11:04 2026] GET /resource_providers/eae75bcf-8a67-4fc6-9596-737c2a4b086a/allocations => generated 54 bytes in 15 msecs (HTTP/1.1 200) 6 headers in 223 bytes (1 switches on core 0)
2026-07-22 23:11:08.073 7 INFO placement.requestlog [None req-281a01b3-8683-4321-9b62-f6f232d55a07 - - - - - -] 10.0.0.226 "GET /" status: 200 len: 136 microversion: 1.0
2026-07-22 23:11:08.074 8 INFO placement.requestlog [None req-2099c559-b5af-47ea-b142-72a6bf23e697 - - - - - -] 10.0.0.226 "GET /" status: 200 len: 136 microversion: 1.0
2026-07-22 23:11:18.073 7 INFO placement.requestlog [None req-72778c9f-dde1-437b-83b4-212cb919b6dc - - - - - -] 10.0.0.226 "GET /" status: 200 len: 136 microversion: 1.0
2026-07-22 23:11:18.073 8 INFO placement.requestlog [None req-f09fc129-1b9f-455d-be1d-1f368b25bef6 - - - - - -] 10.0.0.226 "GET /" status: 200 len: 136 microversion: 1.0
2026-07-22 23:11:28.073 8 INFO placement.requestlog [None req-5de72993-91db-4b3b-a8c1-6a72fd40c1fe - - - - - -] 10.0.0.226 "GET /" status: 200 len: 136 microversion: 1.0
2026-07-22 23:11:28.073 7 INFO placement.requestlog [None req-4fffbaad-ae05-46ef-a6a2-c6a0ea0145f1 - - - - - -] 10.0.0.226 "GET /" status: 200 len: 136 microversion: 1.0
2026-07-22 23:11:38.073 8 INFO placement.requestlog [None req-9b954827-eeeb-409e-9ea3-5281bf26ca82 - - - - - -] 10.0.0.226 "GET /" status: 200 len: 136 microversion: 1.0
2026-07-22 23:11:38.073 7 INFO placement.requestlog [None req-ca3d6714-b62e-49c5-a773-f51b0c96ff3a - - - - - -] 10.0.0.226 "GET /" status: 200 len: 136 microversion: 1.0
2026-07-22 23:11:48.073 8 INFO placement.requestlog [None req-bf401f21-1044-4359-ab29-7fcb09f6065f - - - - - -] 10.0.0.226 "GET /" status: 200 len: 136 microversion: 1.0
2026-07-22 23:11:48.073 7 INFO placement.requestlog [None req-7cb0a621-fb2f-41d4-b707-e508514c3045 - - - - - -] 10.0.0.226 "GET /" status: 200 len: 136 microversion: 1.0
2026-07-22 23:11:58.073 8 INFO placement.requestlog [None req-a7605c68-0f45-4d10-b3f8-70ea76539fdf - - - - - -] 10.0.0.226 "GET /" status: 200 len: 136 microversion: 1.0
2026-07-22 23:11:58.074 7 INFO placement.requestlog [None req-d778d2d2-cdfd-4359-b64c-137191418150 - - - - - -] 10.0.0.226 "GET /" status: 200 len: 136 microversion: 1.0
2026-07-22 23:12:06.063 8 INFO placement.requestlog [req-65d2ff93-bb51-4c22-9b8d-3e8adf7f8433 req-e8f4d0d7-aaa4-4b10-bf06-5c617dbfd1de 2fccba571c8b4daeb7662692dfd8081c 52ec205c0c0640e4a1f435984a8920b0 - - 0338b756157a45e7b2356e5f527b7021 0338b756157a45e7b2356e5f527b7021] 199.204.45.53 "GET /resource_providers/eae75bcf-8a67-4fc6-9596-737c2a4b086a/allocations" status: 200 len: 54 microversion: 1.0 [pid: 8|app: 0|req: 304/612] 199.204.45.53 () {32 vars in 856 bytes} [Wed Jul 22 23:12:06 2026] GET /resource_providers/eae75bcf-8a67-4fc6-9596-737c2a4b086a/allocations => generated 54 bytes in 15 msecs (HTTP/1.1 200) 6 headers in 223 bytes (1 switches on core 0)
2026-07-22 23:12:06.091 7 INFO placement.requestlog [req-65d2ff93-bb51-4c22-9b8d-3e8adf7f8433 req-38e7566d-f154-474f-815e-0991f54ffd34 2fccba571c8b4daeb7662692dfd8081c 52ec205c0c0640e4a1f435984a8920b0 - - 0338b756157a45e7b2356e5f527b7021 0338b756157a45e7b2356e5f527b7021] 199.204.45.53 "GET /resource_providers/eae75bcf-8a67-4fc6-9596-737c2a4b086a/allocations" status: 200 len: 54 microversion: 1.0 [pid: 7|app: 0|req: 309/613] 199.204.45.53 () {32 vars in 856 bytes} [Wed Jul 22 23:12:06 2026] GET /resource_providers/eae75bcf-8a67-4fc6-9596-737c2a4b086a/allocations => generated 54 bytes in 19 msecs (HTTP/1.1 200) 6 headers in 223 bytes (1 switches on core 0)
2026-07-22 23:12:08.073 8 INFO placement.requestlog [None req-ace3a19c-5e6c-4bdf-9b80-2053176b71fe - - - - - -] 10.0.0.226 "GET /" status: 200 len: 136 microversion: 1.0
2026-07-22 23:12:08.073 7 INFO placement.requestlog [None req-8284fd90-0dc0-40d7-b731-6c199e229c01 - - - - - -] 10.0.0.226 "GET /" status: 200 len: 136 microversion: 1.0
2026-07-22 23:12:18.072 8 INFO placement.requestlog [None req-06227ad9-a887-48a3-bd4f-aeed85d5e36d - - - - - -] 10.0.0.226 "GET /" status: 200 len: 136 microversion: 1.0
2026-07-22 23:12:18.072 7 INFO placement.requestlog [None req-fc5bac3a-6cc7-43a4-8d83-e754b3ac90ee - - - - - -] 10.0.0.226 "GET /" status: 200 len: 136 microversion: 1.0
2026-07-22 23:12:28.073 7 INFO placement.requestlog [None req-dac6027f-fbdf-444e-b159-183412594432 - - - - - -] 10.0.0.226 "GET /" status: 200 len: 136 microversion: 1.0
2026-07-22 23:12:28.073 8 INFO placement.requestlog [None req-6920b51b-c339-48d9-8b7c-1d7d0afa573e - - - - - -] 10.0.0.226 "GET /" status: 200 len: 136 microversion: 1.0
2026-07-22 23:12:38.073 8 INFO placement.requestlog [None req-69f345fa-896c-40fc-af1e-64b61235157f - - - - - -] 10.0.0.226 "GET /" status: 200 len: 136 microversion: 1.0
2026-07-22 23:12:38.073 7 INFO placement.requestlog [None req-affb280d-fc16-475a-b1d6-b653fd9a1202 - - - - - -] 10.0.0.226 "GET /" status: 200 len: 136 microversion: 1.0
2026-07-22 23:12:48.073 8 INFO placement.requestlog [None req-35f2f27e-f466-49a4-b17c-e3308e455bb6 - - - - - -] 10.0.0.226 "GET /" status: 200 len: 136 microversion: 1.0
2026-07-22 23:12:48.074 7 INFO placement.requestlog [None req-fe7eaed3-0400-4333-b300-35b872be5059 - - - - - -] 10.0.0.226 "GET /" status: 200 len: 136 microversion: 1.0
2026-07-22 23:12:58.073 8 INFO placement.requestlog [None req-d873809f-a6d0-4090-84df-c3a6a933bc20 - - - - - -] 10.0.0.226 "GET /" status: 200 len: 136 microversion: 1.0
2026-07-22 23:12:58.074 7 INFO placement.requestlog [None req-9091504b-25c4-4ac7-abec-8a8226888329 - - - - - -] 10.0.0.226 "GET /" status: 200 len: 136 microversion: 1.0
2026-07-22 23:13:07.584 8 INFO placement.requestlog [req-d3c2cc56-ef91-4427-a623-d34badbbe8d3 req-58e8cc00-0f83-4746-b91a-82d7234b1b51 2fccba571c8b4daeb7662692dfd8081c 52ec205c0c0640e4a1f435984a8920b0 - - 0338b756157a45e7b2356e5f527b7021 0338b756157a45e7b2356e5f527b7021] 199.204.45.53 "GET /resource_providers/eae75bcf-8a67-4fc6-9596-737c2a4b086a/allocations" status: 200 len: 54 microversion: 1.0 [pid: 8|app: 0|req: 311/626] 199.204.45.53 () {32 vars in 856 bytes} [Wed Jul 22 23:13:07 2026] GET /resource_providers/eae75bcf-8a67-4fc6-9596-737c2a4b086a/allocations => generated 54 bytes in 20 msecs (HTTP/1.1 200) 6 headers in 223 bytes (1 switches on core 0)
2026-07-22 23:13:07.614 7 INFO placement.requestlog [req-d3c2cc56-ef91-4427-a623-d34badbbe8d3 req-7603ea15-cb6a-4087-8f70-9688a0c8c6d1 2fccba571c8b4daeb7662692dfd8081c 52ec205c0c0640e4a1f435984a8920b0 - - 0338b756157a45e7b2356e5f527b7021 0338b756157a45e7b2356e5f527b7021] 199.204.45.53 "GET /resource_providers/eae75bcf-8a67-4fc6-9596-737c2a4b086a/allocations" status: 200 len: 54 microversion: 1.0 [pid: 7|app: 0|req: 316/627] 199.204.45.53 () {32 vars in 856 bytes} [Wed Jul 22 23:13:07 2026] GET /resource_providers/eae75bcf-8a67-4fc6-9596-737c2a4b086a/allocations => generated 54 bytes in 21 msecs (HTTP/1.1 200) 6 headers in 223 bytes (1 switches on core 0)
2026-07-22 23:13:08.073 8 INFO placement.requestlog [None req-b496f645-0263-42f6-acda-f9bb7ab815ab - - - - - -] 10.0.0.226 "GET /" status: 200 len: 136 microversion: 1.0
2026-07-22 23:13:08.073 7 INFO placement.requestlog [None req-9e91cab1-b3f3-4780-aca6-1a7665769122 - - - - - -] 10.0.0.226 "GET /" status: 200 len: 136 microversion: 1.0
2026-07-22 23:13:11.324 8 INFO placement.requestlog [req-4f9af8d4-0865-4dbf-85c4-b9a2997ef775 req-2eec2afa-61f5-4a26-b3e4-2dc4ab1a3811 2fccba571c8b4daeb7662692dfd8081c 52ec205c0c0640e4a1f435984a8920b0 - - 0338b756157a45e7b2356e5f527b7021 0338b756157a45e7b2356e5f527b7021] 10.0.0.142 "GET /allocation_candidates?limit=1000&resources=DISK_GB%3A1%2CMEMORY_MB%3A512%2CVCPU%3A1&root_required=%21COMPUTE_STATUS_DISABLED" status: 200 len: 2781 microversion: 1.36 [pid: 8|app: 0|req: 313/630] 10.0.0.142 () {34 vars in 1012 bytes} [Wed Jul 22 23:13:11 2026] GET /allocation_candidates?limit=1000&resources=DISK_GB%3A1%2CMEMORY_MB%3A512%2CVCPU%3A1&root_required=%21COMPUTE_STATUS_DISABLED => generated 2781 bytes in 152 msecs (HTTP/1.1 200) 8 headers in 297 bytes (1 switches on core 0)
2026-07-22 23:13:11.369 7 INFO placement.requestlog [req-4f9af8d4-0865-4dbf-85c4-b9a2997ef775 req-81c9c981-f401-42ec-9cca-195473837502 2fccba571c8b4daeb7662692dfd8081c 52ec205c0c0640e4a1f435984a8920b0 - - 0338b756157a45e7b2356e5f527b7021 0338b756157a45e7b2356e5f527b7021] 10.0.0.142 "GET /allocations/4c1c5f7c-e4b7-4058-a749-e685622f3f1f" status: 200 len: 19 microversion: 1.28 [pid: 7|app: 0|req: 318/631] 10.0.0.142 () {34 vars in 861 bytes} [Wed Jul 22 23:13:11 2026] GET /allocations/4c1c5f7c-e4b7-4058-a749-e685622f3f1f => generated 19 bytes in 12 msecs (HTTP/1.1 200) 8 headers in 295 bytes (1 switches on core 0)
2026-07-22 23:13:11.462 8 INFO placement.requestlog [req-4f9af8d4-0865-4dbf-85c4-b9a2997ef775 req-358044a6-ebe3-4638-9eaf-87ec34039909 2fccba571c8b4daeb7662692dfd8081c 52ec205c0c0640e4a1f435984a8920b0 - - 0338b756157a45e7b2356e5f527b7021 0338b756157a45e7b2356e5f527b7021] 10.0.0.142 "PUT /allocations/4c1c5f7c-e4b7-4058-a749-e685622f3f1f" status: 204 len: 0 microversion: 1.36 [pid: 8|app: 0|req: 314/632] 10.0.0.142 () {38 vars in 914 bytes} [Wed Jul 22 23:13:11 2026] PUT /allocations/4c1c5f7c-e4b7-4058-a749-e685622f3f1f => generated 0 bytes in 82 msecs (HTTP/1.1 204) 5 headers in 199 bytes (1 switches on core 0)
2026-07-22 23:13:13.120 7 INFO placement.requestlog [req-4f9af8d4-0865-4dbf-85c4-b9a2997ef775 req-d2e1f245-20b0-4f46-a766-c3ad91a8ab4c 2fccba571c8b4daeb7662692dfd8081c 52ec205c0c0640e4a1f435984a8920b0 - - 0338b756157a45e7b2356e5f527b7021 0338b756157a45e7b2356e5f527b7021] 199.204.45.53 "GET /allocations/4c1c5f7c-e4b7-4058-a749-e685622f3f1f" status: 200 len: 257 microversion: 1.28 [pid: 7|app: 0|req: 319/633] 199.204.45.53 () {34 vars in 862 bytes} [Wed Jul 22 23:13:13 2026] GET /allocations/4c1c5f7c-e4b7-4058-a749-e685622f3f1f => generated 257 bytes in 11 msecs (HTTP/1.1 200) 8 headers in 296 bytes (1 switches on core 0)
2026-07-22 23:13:14.182 8 INFO placement.requestlog [req-4f9af8d4-0865-4dbf-85c4-b9a2997ef775 req-20dff5f5-7f97-4428-874f-d39bbb2565ce 2fccba571c8b4daeb7662692dfd8081c 52ec205c0c0640e4a1f435984a8920b0 - - 0338b756157a45e7b2356e5f527b7021 0338b756157a45e7b2356e5f527b7021] 199.204.45.53 "GET /resource_providers/eae75bcf-8a67-4fc6-9596-737c2a4b086a/allocations" status: 200 len: 152 microversion: 1.0 [pid: 8|app: 0|req: 315/634] 199.204.45.53 () {32 vars in 856 bytes} [Wed Jul 22 23:13:14 2026] GET /resource_providers/eae75bcf-8a67-4fc6-9596-737c2a4b086a/allocations => generated 152 bytes in 42 msecs (HTTP/1.1 200) 6 headers in 224 bytes (1 switches on core 0)
2026-07-22 23:13:14.201 7 INFO placement.requestlog [req-4f9af8d4-0865-4dbf-85c4-b9a2997ef775 req-ae8a1bd5-e00e-4f9e-aaa9-854f53f5ce35 2fccba571c8b4daeb7662692dfd8081c 52ec205c0c0640e4a1f435984a8920b0 - - 0338b756157a45e7b2356e5f527b7021 0338b756157a45e7b2356e5f527b7021] 199.204.45.53 "GET /allocations/4c1c5f7c-e4b7-4058-a749-e685622f3f1f" status: 200 len: 257 microversion: 1.28 [pid: 7|app: 0|req: 320/635] 199.204.45.53 () {34 vars in 862 bytes} [Wed Jul 22 23:13:14 2026] GET /allocations/4c1c5f7c-e4b7-4058-a749-e685622f3f1f => generated 257 bytes in 11 msecs (HTTP/1.1 200) 8 headers in 296 bytes (1 switches on core 0)
2026-07-22 23:13:16.668 8 INFO placement.requestlog [None req-caca6fff-791a-423d-8155-878e295f8861 b3ecba5bd5b04b59a6392d4d40563973 52ec205c0c0640e4a1f435984a8920b0 - - 0338b756157a45e7b2356e5f527b7021 0338b756157a45e7b2356e5f527b7021] 10.0.0.141 "GET /resource_providers/c6ab571a-7835-4711-892e-6116a22a4502/aggregates" status: 404 len: 235 microversion: 1.1 [pid: 8|app: 0|req: 316/636] 10.0.0.141 () {32 vars in 816 bytes} [Wed Jul 22 23:13:16 2026] GET /resource_providers/c6ab571a-7835-4711-892e-6116a22a4502/aggregates => generated 235 bytes in 313 msecs (HTTP/1.1 404) 5 headers in 202 bytes (1 switches on core 0)
2026-07-22 23:13:16.671 7 INFO placement.requestlog [None req-eda4bd02-e0dd-4b5c-aa74-10afc7489e93 b3ecba5bd5b04b59a6392d4d40563973 52ec205c0c0640e4a1f435984a8920b0 - - 0338b756157a45e7b2356e5f527b7021 0338b756157a45e7b2356e5f527b7021] 10.0.0.141 "GET /resource_providers/c6ab571a-7835-4711-892e-6116a22a4502/aggregates" status: 404 len: 235 microversion: 1.1 [pid: 7|app: 0|req: 321/637] 10.0.0.141 () {32 vars in 816 bytes} [Wed Jul 22 23:13:16 2026] GET /resource_providers/c6ab571a-7835-4711-892e-6116a22a4502/aggregates => generated 235 bytes in 313 msecs (HTTP/1.1 404) 5 headers in 202 bytes (1 switches on core 0)
2026-07-22 23:13:16.711 7 INFO placement.requestlog [None req-fde49dae-47c5-4a27-bf66-b3e0333f178d b3ecba5bd5b04b59a6392d4d40563973 52ec205c0c0640e4a1f435984a8920b0 - - 0338b756157a45e7b2356e5f527b7021 0338b756157a45e7b2356e5f527b7021] 10.0.0.141 "GET /resource_providers/3d2c1336-91a0-42a8-908d-2052f4d48ec4/aggregates" status: 404 len: 235 microversion: 1.1 [pid: 7|app: 0|req: 322/638] 10.0.0.141 () {32 vars in 816 bytes} [Wed Jul 22 23:13:16 2026] GET /resource_providers/3d2c1336-91a0-42a8-908d-2052f4d48ec4/aggregates => generated 235 bytes in 39 msecs (HTTP/1.1 404) 5 headers in 202 bytes (1 switches on core 0)
2026-07-22 23:13:16.715 8 INFO placement.requestlog [None req-0d1a0aee-9d6f-4bb7-bc73-1d013acbf049 b3ecba5bd5b04b59a6392d4d40563973 52ec205c0c0640e4a1f435984a8920b0 - - 0338b756157a45e7b2356e5f527b7021 0338b756157a45e7b2356e5f527b7021] 10.0.0.141 "GET /resource_providers/3d2c1336-91a0-42a8-908d-2052f4d48ec4/aggregates" status: 404 len: 235 microversion: 1.1 [pid: 8|app: 0|req: 317/639] 10.0.0.141 () {32 vars in 816 bytes} [Wed Jul 22 23:13:16 2026] GET /resource_providers/3d2c1336-91a0-42a8-908d-2052f4d48ec4/aggregates => generated 235 bytes in 46 msecs (HTTP/1.1 404) 5 headers in 202 bytes (1 switches on core 0)
2026-07-22 23:13:16.719 7 INFO placement.requestlog [None req-e6b7099a-a7df-496e-9452-84a0dd2e1887 b3ecba5bd5b04b59a6392d4d40563973 52ec205c0c0640e4a1f435984a8920b0 - - 0338b756157a45e7b2356e5f527b7021 0338b756157a45e7b2356e5f527b7021] 10.0.0.141 "DELETE /resource_providers/c6ab571a-7835-4711-892e-6116a22a4502" status: 404 len: 246 microversion: 1.1 [pid: 7|app: 0|req: 323/640] 10.0.0.141 () {34 vars in 816 bytes} [Wed Jul 22 23:13:16 2026] DELETE /resource_providers/c6ab571a-7835-4711-892e-6116a22a4502 => generated 246 bytes in 7 msecs (HTTP/1.1 404) 6 headers in 231 bytes (1 switches on core 0)
2026-07-22 23:13:16.721 8 INFO placement.requestlog [None req-25c7128f-f855-4519-a6c2-40866d7bddec b3ecba5bd5b04b59a6392d4d40563973 52ec205c0c0640e4a1f435984a8920b0 - - 0338b756157a45e7b2356e5f527b7021 0338b756157a45e7b2356e5f527b7021] 10.0.0.141 "DELETE /resource_providers/c6ab571a-7835-4711-892e-6116a22a4502" status: 404 len: 246 microversion: 1.1 [pid: 8|app: 0|req: 318/641] 10.0.0.141 () {34 vars in 816 bytes} [Wed Jul 22 23:13:16 2026] DELETE /resource_providers/c6ab571a-7835-4711-892e-6116a22a4502 => generated 246 bytes in 6 msecs (HTTP/1.1 404) 6 headers in 231 bytes (1 switches on core 0)
2026-07-22 23:13:16.729 7 INFO placement.requestlog [None req-9db729a5-c833-4d45-9305-8f5a4c284292 b3ecba5bd5b04b59a6392d4d40563973 52ec205c0c0640e4a1f435984a8920b0 - - 0338b756157a45e7b2356e5f527b7021 0338b756157a45e7b2356e5f527b7021] 10.0.0.141 "DELETE /resource_providers/3d2c1336-91a0-42a8-908d-2052f4d48ec4" status: 404 len: 246 microversion: 1.1 [pid: 7|app: 0|req: 324/642] 10.0.0.141 () {34 vars in 816 bytes} [Wed Jul 22 23:13:16 2026] DELETE /resource_providers/3d2c1336-91a0-42a8-908d-2052f4d48ec4 => generated 246 bytes in 5 msecs (HTTP/1.1 404) 6 headers in 231 bytes (1 switches on core 0)
2026-07-22 23:13:16.738 8 INFO placement.requestlog [None req-1dd033d0-4876-4d2d-bca1-b98cf0282003 b3ecba5bd5b04b59a6392d4d40563973 52ec205c0c0640e4a1f435984a8920b0 - - 0338b756157a45e7b2356e5f527b7021 0338b756157a45e7b2356e5f527b7021] 10.0.0.141 "DELETE /resource_providers/3d2c1336-91a0-42a8-908d-2052f4d48ec4" status: 404 len: 246 microversion: 1.1 [pid: 8|app: 0|req: 319/643] 10.0.0.141 () {34 vars in 816 bytes} [Wed Jul 22 23:13:16 2026] DELETE /resource_providers/3d2c1336-91a0-42a8-908d-2052f4d48ec4 => generated 246 bytes in 11 msecs (HTTP/1.1 404) 6 headers in 231 bytes (1 switches on core 0)
2026-07-22 23:13:18.073 8 INFO placement.requestlog [None req-1c1eba58-9d15-469e-a5ac-3b17797cf6de - - - - - -] 10.0.0.226 "GET /" status: 200 len: 136 microversion: 1.0
2026-07-22 23:13:18.073 7 INFO placement.requestlog [None req-8a67eaed-c6fa-470f-9bdb-4161bd530c49 - - - - - -] 10.0.0.226 "GET /" status: 200 len: 136 microversion: 1.0
2026-07-22 23:13:27.139 8 INFO placement.requestlog [None req-58af21a8-17cc-4d9e-bf81-26797acbe582 b3ecba5bd5b04b59a6392d4d40563973 52ec205c0c0640e4a1f435984a8920b0 - - 0338b756157a45e7b2356e5f527b7021 0338b756157a45e7b2356e5f527b7021] 10.0.0.141 "GET /resource_providers/c8167fb5-eadc-497e-bcdd-b01e92951306/aggregates" status: 404 len: 235 microversion: 1.1 [pid: 8|app: 0|req: 321/646] 10.0.0.141 () {32 vars in 816 bytes} [Wed Jul 22 23:13:27 2026] GET /resource_providers/c8167fb5-eadc-497e-bcdd-b01e92951306/aggregates => generated 235 bytes in 10 msecs (HTTP/1.1 404) 5 headers in 202 bytes (1 switches on core 0)
2026-07-22 23:13:27.140 7 INFO placement.requestlog [None req-4fd29600-4636-4ee1-a4ac-ab2927ba9c15 b3ecba5bd5b04b59a6392d4d40563973 52ec205c0c0640e4a1f435984a8920b0 - - 0338b756157a45e7b2356e5f527b7021 0338b756157a45e7b2356e5f527b7021] 10.0.0.141 "GET /resource_providers/c8167fb5-eadc-497e-bcdd-b01e92951306/aggregates" status: 404 len: 235 microversion: 1.1 [pid: 7|app: 0|req: 326/647] 10.0.0.141 () {32 vars in 816 bytes} [Wed Jul 22 23:13:27 2026] GET /resource_providers/c8167fb5-eadc-497e-bcdd-b01e92951306/aggregates => generated 235 bytes in 11 msecs (HTTP/1.1 404) 5 headers in 202 bytes (1 switches on core 0)
2026-07-22 23:13:27.154 8 INFO placement.requestlog [None req-431b6bd6-e159-4825-80a5-e3d0a776d1d8 b3ecba5bd5b04b59a6392d4d40563973 52ec205c0c0640e4a1f435984a8920b0 - - 0338b756157a45e7b2356e5f527b7021 0338b756157a45e7b2356e5f527b7021] 10.0.0.141 "DELETE /resource_providers/c8167fb5-eadc-497e-bcdd-b01e92951306" status: 404 len: 246 microversion: 1.1 [pid: 8|app: 0|req: 322/648] 10.0.0.141 () {34 vars in 816 bytes} [Wed Jul 22 23:13:27 2026] DELETE /resource_providers/c8167fb5-eadc-497e-bcdd-b01e92951306 => generated 246 bytes in 6 msecs (HTTP/1.1 404) 6 headers in 231 bytes (1 switches on core 0)
2026-07-22 23:13:27.165 7 INFO placement.requestlog [None req-f1d1e0b4-d66a-4b09-ba65-893f94186ed4 b3ecba5bd5b04b59a6392d4d40563973 52ec205c0c0640e4a1f435984a8920b0 - - 0338b756157a45e7b2356e5f527b7021 0338b756157a45e7b2356e5f527b7021] 10.0.0.141 "DELETE /resource_providers/c8167fb5-eadc-497e-bcdd-b01e92951306" status: 404 len: 246 microversion: 1.1 [pid: 7|app: 0|req: 327/649] 10.0.0.141 () {34 vars in 816 bytes} [Wed Jul 22 23:13:27 2026] DELETE /resource_providers/c8167fb5-eadc-497e-bcdd-b01e92951306 => generated 246 bytes in 9 msecs (HTTP/1.1 404) 6 headers in 231 bytes (1 switches on core 0)
2026-07-22 23:13:28.073 7 INFO placement.requestlog [None req-16954a0f-0aab-445a-b5f0-6d4d376e5e49 - - - - - -] 10.0.0.226 "GET /" status: 200 len: 136 microversion: 1.0
2026-07-22 23:13:28.073 8 INFO placement.requestlog [None req-4e271ea2-210f-4232-93df-20750d36d38e - - - - - -] 10.0.0.226 "GET /" status: 200 len: 136 microversion: 1.0
2026-07-22 23:13:30.454 7 INFO placement.requestlog [req-4f9af8d4-0865-4dbf-85c4-b9a2997ef775 req-ec972ecd-883f-4aa0-8d05-e1205e7adde0 2fccba571c8b4daeb7662692dfd8081c 52ec205c0c0640e4a1f435984a8920b0 - - 0338b756157a45e7b2356e5f527b7021 0338b756157a45e7b2356e5f527b7021] 199.204.45.53 "GET /resource_providers/eae75bcf-8a67-4fc6-9596-737c2a4b086a/allocations" status: 200 len: 152 microversion: 1.0 [pid: 7|app: 0|req: 329/652] 199.204.45.53 () {32 vars in 856 bytes} [Wed Jul 22 23:13:30 2026] GET /resource_providers/eae75bcf-8a67-4fc6-9596-737c2a4b086a/allocations => generated 152 bytes in 16 msecs (HTTP/1.1 200) 6 headers in 224 bytes (1 switches on core 0)
2026-07-22 23:13:30.470 7 INFO placement.requestlog [req-4f9af8d4-0865-4dbf-85c4-b9a2997ef775 req-4cd7637d-c5b8-438f-bb7d-553b4d986a7e 2fccba571c8b4daeb7662692dfd8081c 52ec205c0c0640e4a1f435984a8920b0 - - 0338b756157a45e7b2356e5f527b7021 0338b756157a45e7b2356e5f527b7021] 199.204.45.53 "GET /allocations/4c1c5f7c-e4b7-4058-a749-e685622f3f1f" status: 200 len: 257 microversion: 1.28 [pid: 7|app: 0|req: 330/653] 199.204.45.53 () {34 vars in 862 bytes} [Wed Jul 22 23:13:30 2026] GET /allocations/4c1c5f7c-e4b7-4058-a749-e685622f3f1f => generated 257 bytes in 10 msecs (HTTP/1.1 200) 8 headers in 296 bytes (1 switches on core 0)
2026-07-22 23:13:30.489 8 INFO placement.requestlog [req-17dc2130-cab3-4764-85bb-4bac14fd67e4 req-4f35e1ed-37d5-45b1-8451-5118d70d1bc4 2fccba571c8b4daeb7662692dfd8081c 52ec205c0c0640e4a1f435984a8920b0 - - 0338b756157a45e7b2356e5f527b7021 0338b756157a45e7b2356e5f527b7021] 10.0.0.142 "GET /allocation_candidates?limit=1000&resources=DISK_GB%3A1%2CMEMORY_MB%3A512%2CVCPU%3A1&root_required=%21COMPUTE_STATUS_DISABLED" status: 200 len: 2783 microversion: 1.36 [pid: 8|app: 0|req: 324/654] 10.0.0.142 () {34 vars in 1012 bytes} [Wed Jul 22 23:13:30 2026] GET /allocation_candidates?limit=1000&resources=DISK_GB%3A1%2CMEMORY_MB%3A512%2CVCPU%3A1&root_required=%21COMPUTE_STATUS_DISABLED => generated 2783 bytes in 44 msecs (HTTP/1.1 200) 8 headers in 297 bytes (1 switches on core 0)
2026-07-22 23:13:30.527 7 INFO placement.requestlog [req-17dc2130-cab3-4764-85bb-4bac14fd67e4 req-9d5648ef-43fb-4ac3-a0ea-cdddc9501ea0 2fccba571c8b4daeb7662692dfd8081c 52ec205c0c0640e4a1f435984a8920b0 - - 0338b756157a45e7b2356e5f527b7021 0338b756157a45e7b2356e5f527b7021] 10.0.0.142 "GET /allocations/37cf19d8-3254-484f-a1b6-1f774231ed98" status: 200 len: 19 microversion: 1.28 [pid: 7|app: 0|req: 331/655] 10.0.0.142 () {34 vars in 861 bytes} [Wed Jul 22 23:13:30 2026] GET /allocations/37cf19d8-3254-484f-a1b6-1f774231ed98 => generated 19 bytes in 12 msecs (HTTP/1.1 200) 8 headers in 295 bytes (1 switches on core 0)
2026-07-22 23:13:30.606 8 INFO placement.requestlog [req-17dc2130-cab3-4764-85bb-4bac14fd67e4 req-b37d52f1-f167-4bee-9973-eb1851cdf904 2fccba571c8b4daeb7662692dfd8081c 52ec205c0c0640e4a1f435984a8920b0 - - 0338b756157a45e7b2356e5f527b7021 0338b756157a45e7b2356e5f527b7021] 10.0.0.142 "PUT /allocations/37cf19d8-3254-484f-a1b6-1f774231ed98" status: 204 len: 0 microversion: 1.36 [pid: 8|app: 0|req: 325/656] 10.0.0.142 () {38 vars in 914 bytes} [Wed Jul 22 23:13:30 2026] PUT /allocations/37cf19d8-3254-484f-a1b6-1f774231ed98 => generated 0 bytes in 72 msecs (HTTP/1.1 204) 5 headers in 199 bytes (1 switches on core 0)
2026-07-22 23:13:32.105 7 INFO placement.requestlog [req-17dc2130-cab3-4764-85bb-4bac14fd67e4 req-bcd270ff-09f0-4e25-b1c8-b80a9a190764 2fccba571c8b4daeb7662692dfd8081c 52ec205c0c0640e4a1f435984a8920b0 - - 0338b756157a45e7b2356e5f527b7021 0338b756157a45e7b2356e5f527b7021] 199.204.45.53 "GET /allocations/37cf19d8-3254-484f-a1b6-1f774231ed98" status: 200 len: 257 microversion: 1.28 [pid: 7|app: 0|req: 332/657] 199.204.45.53 () {34 vars in 862 bytes} [Wed Jul 22 23:13:32 2026] GET /allocations/37cf19d8-3254-484f-a1b6-1f774231ed98 => generated 257 bytes in 16 msecs (HTTP/1.1 200) 8 headers in 296 bytes (1 switches on core 0)
2026-07-22 23:13:33.148 8 INFO placement.requestlog [req-17dc2130-cab3-4764-85bb-4bac14fd67e4 req-08b46b4d-5b6e-41fd-bc0f-62cc796d6543 2fccba571c8b4daeb7662692dfd8081c 52ec205c0c0640e4a1f435984a8920b0 - - 0338b756157a45e7b2356e5f527b7021 0338b756157a45e7b2356e5f527b7021] 199.204.45.53 "GET /resource_providers/eae75bcf-8a67-4fc6-9596-737c2a4b086a/allocations" status: 200 len: 252 microversion: 1.0 [pid: 8|app: 0|req: 326/658] 199.204.45.53 () {32 vars in 856 bytes} [Wed Jul 22 23:13:33 2026] GET /resource_providers/eae75bcf-8a67-4fc6-9596-737c2a4b086a/allocations => generated 252 bytes in 21 msecs (HTTP/1.1 200) 6 headers in 224 bytes (1 switches on core 0)
2026-07-22 23:13:33.171 7 INFO placement.requestlog [req-17dc2130-cab3-4764-85bb-4bac14fd67e4 req-8654864e-186b-46c6-a425-8f9f59817c42 2fccba571c8b4daeb7662692dfd8081c 52ec205c0c0640e4a1f435984a8920b0 - - 0338b756157a45e7b2356e5f527b7021 0338b756157a45e7b2356e5f527b7021] 199.204.45.53 "GET /allocations/37cf19d8-3254-484f-a1b6-1f774231ed98" status: 200 len: 257 microversion: 1.28 [pid: 7|app: 0|req: 333/659] 199.204.45.53 () {34 vars in 862 bytes} [Wed Jul 22 23:13:33 2026] GET /allocations/37cf19d8-3254-484f-a1b6-1f774231ed98 => generated 257 bytes in 15 msecs (HTTP/1.1 200) 8 headers in 296 bytes (1 switches on core 0)
2026-07-22 23:13:33.192 8 INFO placement.requestlog [req-17dc2130-cab3-4764-85bb-4bac14fd67e4 req-733644bc-bb74-4897-9e6b-f20a49d13aa3 2fccba571c8b4daeb7662692dfd8081c 52ec205c0c0640e4a1f435984a8920b0 - - 0338b756157a45e7b2356e5f527b7021 0338b756157a45e7b2356e5f527b7021] 199.204.45.53 "GET /allocations/4c1c5f7c-e4b7-4058-a749-e685622f3f1f" status: 200 len: 257 microversion: 1.28 [pid: 8|app: 0|req: 327/660] 199.204.45.53 () {34 vars in 862 bytes} [Wed Jul 22 23:13:33 2026] GET /allocations/4c1c5f7c-e4b7-4058-a749-e685622f3f1f => generated 257 bytes in 15 msecs (HTTP/1.1 200) 8 headers in 296 bytes (1 switches on core 0)
2026-07-22 23:13:33.953 7 INFO placement.requestlog [req-4f9af8d4-0865-4dbf-85c4-b9a2997ef775 req-57abd240-002f-4fa3-a976-c4ba2cc74491 2fccba571c8b4daeb7662692dfd8081c 52ec205c0c0640e4a1f435984a8920b0 - - 0338b756157a45e7b2356e5f527b7021 0338b756157a45e7b2356e5f527b7021] 199.204.45.53 "DELETE /allocations/4c1c5f7c-e4b7-4058-a749-e685622f3f1f" status: 204 len: 0 microversion: 1.0 [pid: 7|app: 0|req: 334/661] 199.204.45.53 () {34 vars in 840 bytes} [Wed Jul 22 23:13:33 2026] DELETE /allocations/4c1c5f7c-e4b7-4058-a749-e685622f3f1f => generated 0 bytes in 31 msecs (HTTP/1.1 204) 5 headers in 198 bytes (1 switches on core 0)
2026-07-22 23:13:34.246 7 INFO placement.requestlog [None req-34fba467-9094-4597-99b6-6a079fc376ca b3ecba5bd5b04b59a6392d4d40563973 52ec205c0c0640e4a1f435984a8920b0 - - 0338b756157a45e7b2356e5f527b7021 0338b756157a45e7b2356e5f527b7021] 10.0.0.141 "GET /resource_providers/c70827a7-c10d-4bab-b855-f8aa86023cd9/aggregates" status: 404 len: 235 microversion: 1.1 [pid: 7|app: 0|req: 335/662] 10.0.0.141 () {32 vars in 816 bytes} [Wed Jul 22 23:13:34 2026] GET /resource_providers/c70827a7-c10d-4bab-b855-f8aa86023cd9/aggregates => generated 235 bytes in 10 msecs (HTTP/1.1 404) 5 headers in 202 bytes (1 switches on core 0)
2026-07-22 23:13:34.253 8 INFO placement.requestlog [None req-7ba75b55-310e-4d81-b0c7-9faee5b15eb4 b3ecba5bd5b04b59a6392d4d40563973 52ec205c0c0640e4a1f435984a8920b0 - - 0338b756157a45e7b2356e5f527b7021 0338b756157a45e7b2356e5f527b7021] 10.0.0.141 "GET /resource_providers/c70827a7-c10d-4bab-b855-f8aa86023cd9/aggregates" status: 404 len: 235 microversion: 1.1 [pid: 8|app: 0|req: 328/663] 10.0.0.141 () {32 vars in 816 bytes} [Wed Jul 22 23:13:34 2026] GET /resource_providers/c70827a7-c10d-4bab-b855-f8aa86023cd9/aggregates => generated 235 bytes in 22 msecs (HTTP/1.1 404) 5 headers in 202 bytes (1 switches on core 0)
2026-07-22 23:13:34.272 7 INFO placement.requestlog [None req-c058a3b0-5ad3-4b68-8588-2802410aebf9 b3ecba5bd5b04b59a6392d4d40563973 52ec205c0c0640e4a1f435984a8920b0 - - 0338b756157a45e7b2356e5f527b7021 0338b756157a45e7b2356e5f527b7021] 10.0.0.141 "DELETE /resource_providers/c70827a7-c10d-4bab-b855-f8aa86023cd9" status: 404 len: 246 microversion: 1.1 [pid: 7|app: 0|req: 336/664] 10.0.0.141 () {34 vars in 816 bytes} [Wed Jul 22 23:13:34 2026] DELETE /resource_providers/c70827a7-c10d-4bab-b855-f8aa86023cd9 => generated 246 bytes in 17 msecs (HTTP/1.1 404) 6 headers in 231 bytes (1 switches on core 0)
2026-07-22 23:13:34.277 8 INFO placement.requestlog [None req-74c8c7d4-1cb0-409d-b8f3-40dc6077909b b3ecba5bd5b04b59a6392d4d40563973 52ec205c0c0640e4a1f435984a8920b0 - - 0338b756157a45e7b2356e5f527b7021 0338b756157a45e7b2356e5f527b7021] 10.0.0.141 "DELETE /resource_providers/c70827a7-c10d-4bab-b855-f8aa86023cd9" status: 404 len: 246 microversion: 1.1 [pid: 8|app: 0|req: 329/665] 10.0.0.141 () {34 vars in 816 bytes} [Wed Jul 22 23:13:34 2026] DELETE /resource_providers/c70827a7-c10d-4bab-b855-f8aa86023cd9 => generated 246 bytes in 12 msecs (HTTP/1.1 404) 6 headers in 231 bytes (1 switches on core 0)
2026-07-22 23:13:34.848 7 INFO placement.requestlog [req-52146913-8290-4700-ae27-eeec6f2541da req-7adfd4f8-c200-4c53-b4a9-4712c29f2877 2fccba571c8b4daeb7662692dfd8081c 52ec205c0c0640e4a1f435984a8920b0 - - 0338b756157a45e7b2356e5f527b7021 0338b756157a45e7b2356e5f527b7021] 10.0.0.142 "GET /allocation_candidates?limit=1000&resources=MEMORY_MB%3A512%2CVCPU%3A1&root_required=%21COMPUTE_STATUS_DISABLED" status: 200 len: 2769 microversion: 1.36 [pid: 7|app: 0|req: 337/666] 10.0.0.142 () {34 vars in 984 bytes} [Wed Jul 22 23:13:34 2026] GET /allocation_candidates?limit=1000&resources=MEMORY_MB%3A512%2CVCPU%3A1&root_required=%21COMPUTE_STATUS_DISABLED => generated 2769 bytes in 63 msecs (HTTP/1.1 200) 8 headers in 297 bytes (1 switches on core 0)
2026-07-22 23:13:34.885 8 INFO placement.requestlog [req-52146913-8290-4700-ae27-eeec6f2541da req-4f47f30a-258e-40e2-9b6e-bb87af28333c 2fccba571c8b4daeb7662692dfd8081c 52ec205c0c0640e4a1f435984a8920b0 - - 0338b756157a45e7b2356e5f527b7021 0338b756157a45e7b2356e5f527b7021] 10.0.0.142 "GET /allocations/3ff6d3c3-3ba6-4555-85cc-84c4197918af" status: 200 len: 19 microversion: 1.28 [pid: 8|app: 0|req: 330/667] 10.0.0.142 () {34 vars in 861 bytes} [Wed Jul 22 23:13:34 2026] GET /allocations/3ff6d3c3-3ba6-4555-85cc-84c4197918af => generated 19 bytes in 14 msecs (HTTP/1.1 200) 8 headers in 295 bytes (1 switches on core 0)
2026-07-22 23:13:34.977 7 INFO placement.requestlog [req-52146913-8290-4700-ae27-eeec6f2541da req-a13c4803-e397-4ed6-8425-38c0e44bf658 2fccba571c8b4daeb7662692dfd8081c 52ec205c0c0640e4a1f435984a8920b0 - - 0338b756157a45e7b2356e5f527b7021 0338b756157a45e7b2356e5f527b7021] 10.0.0.142 "PUT /allocations/3ff6d3c3-3ba6-4555-85cc-84c4197918af" status: 204 len: 0 microversion: 1.36 [pid: 7|app: 0|req: 338/668] 10.0.0.142 () {38 vars in 914 bytes} [Wed Jul 22 23:13:34 2026] PUT /allocations/3ff6d3c3-3ba6-4555-85cc-84c4197918af => generated 0 bytes in 85 msecs (HTTP/1.1 204) 5 headers in 199 bytes (1 switches on core 0)
2026-07-22 23:13:35.222 7 INFO placement.requestlog [None req-474499cc-4a42-4cac-b74b-b85d9589c5c7 b3ecba5bd5b04b59a6392d4d40563973 52ec205c0c0640e4a1f435984a8920b0 - - 0338b756157a45e7b2356e5f527b7021 0338b756157a45e7b2356e5f527b7021] 10.0.0.141 "GET /resource_providers/47923a2a-73aa-495f-b8ab-41c799e4ec60/aggregates" status: 404 len: 235 microversion: 1.1 [pid: 7|app: 0|req: 339/669] 10.0.0.141 () {32 vars in 816 bytes} [Wed Jul 22 23:13:35 2026] GET /resource_providers/47923a2a-73aa-495f-b8ab-41c799e4ec60/aggregates => generated 235 bytes in 7 msecs (HTTP/1.1 404) 5 headers in 202 bytes (1 switches on core 0)
2026-07-22 23:13:35.223 8 INFO placement.requestlog [None req-6a5f0f67-f0ed-4846-8760-054a48a78a7d b3ecba5bd5b04b59a6392d4d40563973 52ec205c0c0640e4a1f435984a8920b0 - - 0338b756157a45e7b2356e5f527b7021 0338b756157a45e7b2356e5f527b7021] 10.0.0.141 "GET /resource_providers/47923a2a-73aa-495f-b8ab-41c799e4ec60/aggregates" status: 404 len: 235 microversion: 1.1 [pid: 8|app: 0|req: 331/670] 10.0.0.141 () {32 vars in 816 bytes} [Wed Jul 22 23:13:35 2026] GET /resource_providers/47923a2a-73aa-495f-b8ab-41c799e4ec60/aggregates => generated 235 bytes in 9 msecs (HTTP/1.1 404) 5 headers in 202 bytes (1 switches on core 0)
2026-07-22 23:13:35.246 7 INFO placement.requestlog [None req-ca431e92-af66-4d8c-88cb-71878f1d9d91 b3ecba5bd5b04b59a6392d4d40563973 52ec205c0c0640e4a1f435984a8920b0 - - 0338b756157a45e7b2356e5f527b7021 0338b756157a45e7b2356e5f527b7021] 10.0.0.141 "DELETE /resource_providers/47923a2a-73aa-495f-b8ab-41c799e4ec60" status: 404 len: 246 microversion: 1.1 [pid: 7|app: 0|req: 340/671] 10.0.0.141 () {34 vars in 816 bytes} [Wed Jul 22 23:13:35 2026] DELETE /resource_providers/47923a2a-73aa-495f-b8ab-41c799e4ec60 => generated 246 bytes in 8 msecs (HTTP/1.1 404) 6 headers in 231 bytes (1 switches on core 0)
2026-07-22 23:13:35.250 8 INFO placement.requestlog [None req-4db4ea7f-554c-4645-9cef-1228be0d9fe0 b3ecba5bd5b04b59a6392d4d40563973 52ec205c0c0640e4a1f435984a8920b0 - - 0338b756157a45e7b2356e5f527b7021 0338b756157a45e7b2356e5f527b7021] 10.0.0.141 "DELETE /resource_providers/47923a2a-73aa-495f-b8ab-41c799e4ec60" status: 404 len: 246 microversion: 1.1 [pid: 8|app: 0|req: 332/672] 10.0.0.141 () {34 vars in 816 bytes} [Wed Jul 22 23:13:35 2026] DELETE /resource_providers/47923a2a-73aa-495f-b8ab-41c799e4ec60 => generated 246 bytes in 10 msecs (HTTP/1.1 404) 6 headers in 231 bytes (1 switches on core 0)
2026-07-22 23:13:35.730 7 INFO placement.requestlog [None req-ea3d0b83-0c95-44a5-978c-8bc4911728a2 - - - - - -] 10.0.0.97 "GET /" status: 200 len: 136 microversion: 1.0 [pid: 7|app: 0|req: 341/673] 10.0.0.97 () {28 vars in 436 bytes} [Wed Jul 22 23:13:35 2026] GET / => generated 136 bytes in 1 msecs (HTTP/1.1 200) 6 headers in 224 bytes (1 switches on core 0)
2026-07-22 23:13:35.799 8 INFO placement.requestlog [req-c6cdde15-44de-47a9-8348-69fd0de64a86 req-41a39115-0e0d-4169-aa26-70146f87e710 2fccba571c8b4daeb7662692dfd8081c 52ec205c0c0640e4a1f435984a8920b0 - - 0338b756157a45e7b2356e5f527b7021 0338b756157a45e7b2356e5f527b7021] 10.0.0.97 "DELETE /allocations/4c1c5f7c-e4b7-4058-a749-e685622f3f1f" status: 404 len: 228 microversion: 1.0 [pid: 8|app: 0|req: 333/674] 10.0.0.97 () {34 vars in 829 bytes} [Wed Jul 22 23:13:35 2026] DELETE /allocations/4c1c5f7c-e4b7-4058-a749-e685622f3f1f => generated 228 bytes in 60 msecs (HTTP/1.1 404) 6 headers in 231 bytes (1 switches on core 0)
2026-07-22 23:13:36.983 7 INFO placement.requestlog [req-52146913-8290-4700-ae27-eeec6f2541da req-adcca5f7-6df2-4da7-bc2f-a861f71a5f2c 2fccba571c8b4daeb7662692dfd8081c 52ec205c0c0640e4a1f435984a8920b0 - - 0338b756157a45e7b2356e5f527b7021 0338b756157a45e7b2356e5f527b7021] 199.204.45.53 "GET /allocations/3ff6d3c3-3ba6-4555-85cc-84c4197918af" status: 200 len: 243 microversion: 1.28 [pid: 7|app: 0|req: 342/675] 199.204.45.53 () {34 vars in 862 bytes} [Wed Jul 22 23:13:36 2026] GET /allocations/3ff6d3c3-3ba6-4555-85cc-84c4197918af => generated 243 bytes in 26 msecs (HTTP/1.1 200) 8 headers in 296 bytes (1 switches on core 0)
2026-07-22 23:13:38.048 8 INFO placement.requestlog [req-52146913-8290-4700-ae27-eeec6f2541da req-86684eef-0abd-4b8b-8b3a-0865c82f34ec 2fccba571c8b4daeb7662692dfd8081c 52ec205c0c0640e4a1f435984a8920b0 - - 0338b756157a45e7b2356e5f527b7021 0338b756157a45e7b2356e5f527b7021] 199.204.45.53 "GET /resource_providers/eae75bcf-8a67-4fc6-9596-737c2a4b086a/allocations" status: 200 len: 238 microversion: 1.0 [pid: 8|app: 0|req: 334/676] 199.204.45.53 () {32 vars in 856 bytes} [Wed Jul 22 23:13:38 2026] GET /resource_providers/eae75bcf-8a67-4fc6-9596-737c2a4b086a/allocations => generated 238 bytes in 19 msecs (HTTP/1.1 200) 6 headers in 224 bytes (1 switches on core 0)
2026-07-22 23:13:38.066 7 INFO placement.requestlog [req-52146913-8290-4700-ae27-eeec6f2541da req-d074bfa1-bf4b-4f9a-991f-57a6d6c77ff9 2fccba571c8b4daeb7662692dfd8081c 52ec205c0c0640e4a1f435984a8920b0 - - 0338b756157a45e7b2356e5f527b7021 0338b756157a45e7b2356e5f527b7021] 199.204.45.53 "GET /allocations/37cf19d8-3254-484f-a1b6-1f774231ed98" status: 200 len: 257 microversion: 1.28 [pid: 7|app: 0|req: 343/677] 199.204.45.53 () {34 vars in 862 bytes} [Wed Jul 22 23:13:38 2026] GET /allocations/37cf19d8-3254-484f-a1b6-1f774231ed98 => generated 257 bytes in 12 msecs (HTTP/1.1 200) 8 headers in 296 bytes (1 switches on core 0)
2026-07-22 23:13:38.073 7 INFO placement.requestlog [None req-ac43861c-864f-4e20-b850-f4a9c8f93a7a - - - - - -] 10.0.0.226 "GET /" status: 200 len: 136 microversion: 1.0
2026-07-22 23:13:38.073 8 INFO placement.requestlog [None req-f9316830-1ba9-4c79-b11d-dcd2a423b409 - - - - - -] 10.0.0.226 "GET /" status: 200 len: 136 microversion: 1.0
2026-07-22 23:13:38.083 7 INFO placement.requestlog [req-52146913-8290-4700-ae27-eeec6f2541da req-ffe44885-7ef6-46b5-860a-c512ebd1a805 2fccba571c8b4daeb7662692dfd8081c 52ec205c0c0640e4a1f435984a8920b0 - - 0338b756157a45e7b2356e5f527b7021 0338b756157a45e7b2356e5f527b7021] 199.204.45.53 "GET /allocations/3ff6d3c3-3ba6-4555-85cc-84c4197918af" status: 200 len: 243 microversion: 1.28 [pid: 7|app: 0|req: 345/680] 199.204.45.53 () {34 vars in 862 bytes} [Wed Jul 22 23:13:38 2026] GET /allocations/3ff6d3c3-3ba6-4555-85cc-84c4197918af => generated 243 bytes in 9 msecs (HTTP/1.1 200) 8 headers in 296 bytes (1 switches on core 0)
2026-07-22 23:13:39.805 8 INFO placement.requestlog [None req-fdcc949f-56c4-409c-9f14-fe1f9194da17 b3ecba5bd5b04b59a6392d4d40563973 52ec205c0c0640e4a1f435984a8920b0 - - 0338b756157a45e7b2356e5f527b7021 0338b756157a45e7b2356e5f527b7021] 10.0.0.141 "GET /resource_providers/25b2d28e-2150-4abe-815e-480146bb083a/aggregates" status: 404 len: 235 microversion: 1.1 [pid: 8|app: 0|req: 336/681] 10.0.0.141 () {32 vars in 816 bytes} [Wed Jul 22 23:13:39 2026] GET /resource_providers/25b2d28e-2150-4abe-815e-480146bb083a/aggregates => generated 235 bytes in 9 msecs (HTTP/1.1 404) 5 headers in 202 bytes (1 switches on core 0)
2026-07-22 23:13:39.810 7 INFO placement.requestlog [None req-2352c8da-c15f-48b6-8e59-85149f00928b b3ecba5bd5b04b59a6392d4d40563973 52ec205c0c0640e4a1f435984a8920b0 - - 0338b756157a45e7b2356e5f527b7021 0338b756157a45e7b2356e5f527b7021] 10.0.0.141 "GET /resource_providers/25b2d28e-2150-4abe-815e-480146bb083a/aggregates" status: 404 len: 235 microversion: 1.1 [pid: 7|app: 0|req: 346/682] 10.0.0.141 () {32 vars in 816 bytes} [Wed Jul 22 23:13:39 2026] GET /resource_providers/25b2d28e-2150-4abe-815e-480146bb083a/aggregates => generated 235 bytes in 9 msecs (HTTP/1.1 404) 5 headers in 202 bytes (1 switches on core 0)
2026-07-22 23:13:39.823 8 INFO placement.requestlog [None req-63395f32-e868-4dd9-bf61-277a6d105dc9 b3ecba5bd5b04b59a6392d4d40563973 52ec205c0c0640e4a1f435984a8920b0 - - 0338b756157a45e7b2356e5f527b7021 0338b756157a45e7b2356e5f527b7021] 10.0.0.141 "DELETE /resource_providers/25b2d28e-2150-4abe-815e-480146bb083a" status: 404 len: 246 microversion: 1.1 [pid: 8|app: 0|req: 337/683] 10.0.0.141 () {34 vars in 816 bytes} [Wed Jul 22 23:13:39 2026] DELETE /resource_providers/25b2d28e-2150-4abe-815e-480146bb083a => generated 246 bytes in 7 msecs (HTTP/1.1 404) 6 headers in 231 bytes (1 switches on core 0)
2026-07-22 23:13:39.837 7 INFO placement.requestlog [None req-19f67834-e590-4bfe-9b7d-74c2de564178 b3ecba5bd5b04b59a6392d4d40563973 52ec205c0c0640e4a1f435984a8920b0 - - 0338b756157a45e7b2356e5f527b7021 0338b756157a45e7b2356e5f527b7021] 10.0.0.141 "DELETE /resource_providers/25b2d28e-2150-4abe-815e-480146bb083a" status: 404 len: 246 microversion: 1.1 [pid: 7|app: 0|req: 347/684] 10.0.0.141 () {34 vars in 816 bytes} [Wed Jul 22 23:13:39 2026] DELETE /resource_providers/25b2d28e-2150-4abe-815e-480146bb083a => generated 246 bytes in 12 msecs (HTTP/1.1 404) 6 headers in 231 bytes (1 switches on core 0)
2026-07-22 23:13:43.075 8 INFO placement.requestlog [req-17dc2130-cab3-4764-85bb-4bac14fd67e4 req-3965dcee-c5b6-491e-8ee7-970c090f23c2 2fccba571c8b4daeb7662692dfd8081c 52ec205c0c0640e4a1f435984a8920b0 - - 0338b756157a45e7b2356e5f527b7021 0338b756157a45e7b2356e5f527b7021] 199.204.45.53 "GET /resource_providers/eae75bcf-8a67-4fc6-9596-737c2a4b086a/allocations" status: 200 len: 238 microversion: 1.0 [pid: 8|app: 0|req: 338/685] 199.204.45.53 () {32 vars in 856 bytes} [Wed Jul 22 23:13:43 2026] GET /resource_providers/eae75bcf-8a67-4fc6-9596-737c2a4b086a/allocations => generated 238 bytes in 13 msecs (HTTP/1.1 200) 6 headers in 224 bytes (1 switches on core 0)
2026-07-22 23:13:43.091 7 INFO placement.requestlog [req-17dc2130-cab3-4764-85bb-4bac14fd67e4 req-2d2b618c-10df-4fa2-97a6-b9a81a585565 2fccba571c8b4daeb7662692dfd8081c 52ec205c0c0640e4a1f435984a8920b0 - - 0338b756157a45e7b2356e5f527b7021 0338b756157a45e7b2356e5f527b7021] 199.204.45.53 "GET /allocations/37cf19d8-3254-484f-a1b6-1f774231ed98" status: 200 len: 257 microversion: 1.28 [pid: 7|app: 0|req: 348/686] 199.204.45.53 () {34 vars in 862 bytes} [Wed Jul 22 23:13:43 2026] GET /allocations/37cf19d8-3254-484f-a1b6-1f774231ed98 => generated 257 bytes in 12 msecs (HTTP/1.1 200) 8 headers in 296 bytes (1 switches on core 0)
2026-07-22 23:13:43.111 8 INFO placement.requestlog [req-17dc2130-cab3-4764-85bb-4bac14fd67e4 req-fea9b4c0-8809-42d9-9c6f-7fbd48adf431 2fccba571c8b4daeb7662692dfd8081c 52ec205c0c0640e4a1f435984a8920b0 - - 0338b756157a45e7b2356e5f527b7021 0338b756157a45e7b2356e5f527b7021] 199.204.45.53 "GET /allocations/3ff6d3c3-3ba6-4555-85cc-84c4197918af" status: 200 len: 243 microversion: 1.28 [pid: 8|app: 0|req: 339/687] 199.204.45.53 () {34 vars in 862 bytes} [Wed Jul 22 23:13:43 2026] GET /allocations/3ff6d3c3-3ba6-4555-85cc-84c4197918af => generated 243 bytes in 10 msecs (HTTP/1.1 200) 8 headers in 296 bytes (1 switches on core 0)
2026-07-22 23:13:46.707 7 INFO placement.requestlog [req-17dc2130-cab3-4764-85bb-4bac14fd67e4 req-575f0a9e-ab7f-4968-ae85-535299ff0d13 2fccba571c8b4daeb7662692dfd8081c 52ec205c0c0640e4a1f435984a8920b0 - - 0338b756157a45e7b2356e5f527b7021 0338b756157a45e7b2356e5f527b7021] 199.204.45.53 "DELETE /allocations/37cf19d8-3254-484f-a1b6-1f774231ed98" status: 204 len: 0 microversion: 1.0 [pid: 7|app: 0|req: 349/688] 199.204.45.53 () {34 vars in 840 bytes} [Wed Jul 22 23:13:46 2026] DELETE /allocations/37cf19d8-3254-484f-a1b6-1f774231ed98 => generated 0 bytes in 32 msecs (HTTP/1.1 204) 5 headers in 198 bytes (1 switches on core 0)
2026-07-22 23:13:47.138 8 INFO placement.requestlog [req-8bd06de9-399f-436c-85ad-f23f9a8ef517 req-3823f4c9-f377-4f85-9409-85bb4b319dce 2fccba571c8b4daeb7662692dfd8081c 52ec205c0c0640e4a1f435984a8920b0 - - 0338b756157a45e7b2356e5f527b7021 0338b756157a45e7b2356e5f527b7021] 10.0.0.97 "DELETE /allocations/37cf19d8-3254-484f-a1b6-1f774231ed98" status: 404 len: 228 microversion: 1.0 [pid: 8|app: 0|req: 340/689] 10.0.0.97 () {34 vars in 829 bytes} [Wed Jul 22 23:13:47 2026] DELETE /allocations/37cf19d8-3254-484f-a1b6-1f774231ed98 => generated 228 bytes in 15 msecs (HTTP/1.1 404) 6 headers in 231 bytes (1 switches on core 0)
2026-07-22 23:13:48.073 8 INFO placement.requestlog [None req-20239515-76ab-4d25-b638-bb6b679b1800 - - - - - -] 10.0.0.226 "GET /" status: 200 len: 136 microversion: 1.0
2026-07-22 23:13:48.073 7 INFO placement.requestlog [None req-b90f8a55-d1a2-4f57-9f57-f5ecb5f2690e - - - - - -] 10.0.0.226 "GET /" status: 200 len: 136 microversion: 1.0
2026-07-22 23:13:49.763 8 INFO placement.requestlog [req-52146913-8290-4700-ae27-eeec6f2541da req-f7648f44-c33a-48e9-8825-47f33ad82936 2fccba571c8b4daeb7662692dfd8081c 52ec205c0c0640e4a1f435984a8920b0 - - 0338b756157a45e7b2356e5f527b7021 0338b756157a45e7b2356e5f527b7021] 199.204.45.53 "GET /resource_providers/eae75bcf-8a67-4fc6-9596-737c2a4b086a/allocations" status: 200 len: 138 microversion: 1.0 [pid: 8|app: 0|req: 342/692] 199.204.45.53 () {32 vars in 856 bytes} [Wed Jul 22 23:13:49 2026] GET /resource_providers/eae75bcf-8a67-4fc6-9596-737c2a4b086a/allocations => generated 138 bytes in 15 msecs (HTTP/1.1 200) 6 headers in 224 bytes (1 switches on core 0)
2026-07-22 23:13:49.779 7 INFO placement.requestlog [req-52146913-8290-4700-ae27-eeec6f2541da req-c1755f1d-361f-437c-963d-ba9a169753ed 2fccba571c8b4daeb7662692dfd8081c 52ec205c0c0640e4a1f435984a8920b0 - - 0338b756157a45e7b2356e5f527b7021 0338b756157a45e7b2356e5f527b7021] 199.204.45.53 "GET /allocations/3ff6d3c3-3ba6-4555-85cc-84c4197918af" status: 200 len: 243 microversion: 1.28 [pid: 7|app: 0|req: 351/693] 199.204.45.53 () {34 vars in 862 bytes} [Wed Jul 22 23:13:49 2026] GET /allocations/3ff6d3c3-3ba6-4555-85cc-84c4197918af => generated 243 bytes in 8 msecs (HTTP/1.1 200) 8 headers in 296 bytes (1 switches on core 0)
