2026-07-15 23:02:53.544 8 INFO cinder.api.openstack.wsgi [None req-b79ee230-2908-4ab4-9304-1fe2f080cbee 646f7f982a864dbb957694ac8c9d3a97 b76c975a3b2f4af39fdbc74c074b41ef - - default default] http://cinder-api.openstack.svc.cluster.local:8776/v3/b76c975a3b2f4af39fdbc74c074b41ef/volumes/ab67d266-86ea-4a7d-a3f5-6a0e4a1b7cae returned with HTTP 200 [pid: 8|app: 0|req: 432/864] 10.0.0.188 () {32 vars in 775 bytes} [Wed Jul 15 23:02:53 2026] GET /v3/b76c975a3b2f4af39fdbc74c074b41ef/volumes/ab67d266-86ea-4a7d-a3f5-6a0e4a1b7cae => generated 968 bytes in 39 msecs (HTTP/1.1 200) 7 headers in 285 bytes (1 switches on core 0) /var/lib/openstack/lib/python3.10/site-packages/pycadf/identifier.py:71: UserWarning: Invalid uuid: cinderv3. To ensure interoperability, identifiers should be a valid uuid. warnings.warn(('Invalid uuid: %s. To ensure interoperability, '
2026-07-15 23:02:54.566 7 INFO cinder.api.openstack.wsgi [None req-2af8bdc5-2215-4c35-ac0a-a89f1b91cfb8 646f7f982a864dbb957694ac8c9d3a97 b76c975a3b2f4af39fdbc74c074b41ef - - default default] GET http://cinder-api.openstack.svc.cluster.local:8776/v3/b76c975a3b2f4af39fdbc74c074b41ef/volumes/ab67d266-86ea-4a7d-a3f5-6a0e4a1b7cae
2026-07-15 23:02:54.576 7 INFO cinder.api.openstack.wsgi [None req-2af8bdc5-2215-4c35-ac0a-a89f1b91cfb8 646f7f982a864dbb957694ac8c9d3a97 b76c975a3b2f4af39fdbc74c074b41ef - - default default] http://cinder-api.openstack.svc.cluster.local:8776/v3/b76c975a3b2f4af39fdbc74c074b41ef/volumes/ab67d266-86ea-4a7d-a3f5-6a0e4a1b7cae returned with HTTP 404 [pid: 7|app: 0|req: 433/865] 10.0.0.188 () {32 vars in 775 bytes} [Wed Jul 15 23:02:54 2026] GET /v3/b76c975a3b2f4af39fdbc74c074b41ef/volumes/ab67d266-86ea-4a7d-a3f5-6a0e4a1b7cae => generated 109 bytes in 18 msecs (HTTP/1.1 404) 7 headers in 292 bytes (1 switches on core 0)
2026-07-15 23:02:57.822 8 INFO cinder.api.openstack.wsgi [None req-b79ee230-2908-4ab4-9304-1fe2f080cbee 646f7f982a864dbb957694ac8c9d3a97 b76c975a3b2f4af39fdbc74c074b41ef - - default default] GET http://10.0.0.213:8776/
2026-07-15 23:02:57.824 8 INFO cinder.api.openstack.wsgi [None req-b79ee230-2908-4ab4-9304-1fe2f080cbee 646f7f982a864dbb957694ac8c9d3a97 b76c975a3b2f4af39fdbc74c074b41ef - - default default] http://10.0.0.213:8776/ returned with HTTP 300
2026-07-15 23:02:57.829 7 INFO cinder.api.openstack.wsgi [None req-2af8bdc5-2215-4c35-ac0a-a89f1b91cfb8 646f7f982a864dbb957694ac8c9d3a97 b76c975a3b2f4af39fdbc74c074b41ef - - default default] GET http://10.0.0.213:8776/
2026-07-15 23:02:57.830 7 INFO cinder.api.openstack.wsgi [None req-2af8bdc5-2215-4c35-ac0a-a89f1b91cfb8 646f7f982a864dbb957694ac8c9d3a97 b76c975a3b2f4af39fdbc74c074b41ef - - default default] http://10.0.0.213:8776/ returned with HTTP 300
2026-07-15 23:03:07.819 8 INFO cinder.api.openstack.wsgi [None req-b79ee230-2908-4ab4-9304-1fe2f080cbee 646f7f982a864dbb957694ac8c9d3a97 b76c975a3b2f4af39fdbc74c074b41ef - - default default] GET http://10.0.0.213:8776/
2026-07-15 23:03:07.820 8 INFO cinder.api.openstack.wsgi [None req-b79ee230-2908-4ab4-9304-1fe2f080cbee 646f7f982a864dbb957694ac8c9d3a97 b76c975a3b2f4af39fdbc74c074b41ef - - default default] http://10.0.0.213:8776/ returned with HTTP 300
2026-07-15 23:03:07.819 7 INFO cinder.api.openstack.wsgi [None req-2af8bdc5-2215-4c35-ac0a-a89f1b91cfb8 646f7f982a864dbb957694ac8c9d3a97 b76c975a3b2f4af39fdbc74c074b41ef - - default default] GET http://10.0.0.213:8776/
2026-07-15 23:03:07.822 7 INFO cinder.api.openstack.wsgi [None req-2af8bdc5-2215-4c35-ac0a-a89f1b91cfb8 646f7f982a864dbb957694ac8c9d3a97 b76c975a3b2f4af39fdbc74c074b41ef - - default default] http://10.0.0.213:8776/ returned with HTTP 300
2026-07-15 23:03:17.820 7 INFO cinder.api.openstack.wsgi [None req-2af8bdc5-2215-4c35-ac0a-a89f1b91cfb8 646f7f982a864dbb957694ac8c9d3a97 b76c975a3b2f4af39fdbc74c074b41ef - - default default] GET http://10.0.0.213:8776/
2026-07-15 23:03:17.820 8 INFO cinder.api.openstack.wsgi [None req-b79ee230-2908-4ab4-9304-1fe2f080cbee 646f7f982a864dbb957694ac8c9d3a97 b76c975a3b2f4af39fdbc74c074b41ef - - default default] GET http://10.0.0.213:8776/
2026-07-15 23:03:17.820 7 INFO cinder.api.openstack.wsgi [None req-2af8bdc5-2215-4c35-ac0a-a89f1b91cfb8 646f7f982a864dbb957694ac8c9d3a97 b76c975a3b2f4af39fdbc74c074b41ef - - default default] http://10.0.0.213:8776/ returned with HTTP 300
2026-07-15 23:03:17.821 8 INFO cinder.api.openstack.wsgi [None req-b79ee230-2908-4ab4-9304-1fe2f080cbee 646f7f982a864dbb957694ac8c9d3a97 b76c975a3b2f4af39fdbc74c074b41ef - - default default] http://10.0.0.213:8776/ returned with HTTP 300
2026-07-15 23:03:18.625 7 INFO cinder.api.openstack.wsgi [None req-b00ea2f5-4649-46ad-8846-e9eaaf8a34f6 272cf39f1c5840c18f7e111419aa6d54 4b1e45b33e094e6089d74216b71b5e43 - - default default] GET http://cinder-api.openstack.svc.cluster.local:8776/v3/4b1e45b33e094e6089d74216b71b5e43/volumes/detail?all_tenants=true
2026-07-15 23:03:18.647 7 INFO cinder.volume.api [None req-b00ea2f5-4649-46ad-8846-e9eaaf8a34f6 272cf39f1c5840c18f7e111419aa6d54 4b1e45b33e094e6089d74216b71b5e43 - - default default] Get all volumes completed successfully.
2026-07-15 23:03:18.650 7 INFO cinder.api.openstack.wsgi [None req-b00ea2f5-4649-46ad-8846-e9eaaf8a34f6 272cf39f1c5840c18f7e111419aa6d54 4b1e45b33e094e6089d74216b71b5e43 - - default default] http://cinder-api.openstack.svc.cluster.local:8776/v3/4b1e45b33e094e6089d74216b71b5e43/volumes/detail?all_tenants=true returned with HTTP 200 [pid: 7|app: 0|req: 437/872] 10.0.0.207 () {28 vars in 684 bytes} [Wed Jul 15 23:03:18 2026] GET /v3/4b1e45b33e094e6089d74216b71b5e43/volumes/detail?all_tenants=true => generated 15 bytes in 217 msecs (HTTP/1.1 200) 7 headers in 284 bytes (1 switches on core 0) /var/lib/openstack/lib/python3.10/site-packages/pycadf/identifier.py:71: UserWarning: Invalid uuid: cinderv3. To ensure interoperability, identifiers should be a valid uuid. warnings.warn(('Invalid uuid: %s. To ensure interoperability, '
2026-07-15 23:03:18.687 8 INFO cinder.api.openstack.wsgi [None req-09248708-3b7d-4719-9298-aa1067b127c6 272cf39f1c5840c18f7e111419aa6d54 4b1e45b33e094e6089d74216b71b5e43 - - default default] GET http://cinder-api.openstack.svc.cluster.local:8776/v3/4b1e45b33e094e6089d74216b71b5e43/os-services
2026-07-15 23:03:18.696 8 INFO cinder.api.openstack.wsgi [None req-09248708-3b7d-4719-9298-aa1067b127c6 272cf39f1c5840c18f7e111419aa6d54 4b1e45b33e094e6089d74216b71b5e43 - - default default] http://cinder-api.openstack.svc.cluster.local:8776/v3/4b1e45b33e094e6089d74216b71b5e43/os-services returned with HTTP 200 [pid: 8|app: 0|req: 436/873] 10.0.0.207 () {28 vars in 645 bytes} [Wed Jul 15 23:03:18 2026] GET /v3/4b1e45b33e094e6089d74216b71b5e43/os-services => generated 646 bytes in 29 msecs (HTTP/1.1 200) 7 headers in 285 bytes (1 switches on core 0)
2026-07-15 23:03:18.709 7 INFO cinder.api.openstack.wsgi [None req-2e655f70-f086-4edb-aa81-44a92081d08d 272cf39f1c5840c18f7e111419aa6d54 4b1e45b33e094e6089d74216b71b5e43 - - default default] GET http://cinder-api.openstack.svc.cluster.local:8776/v3/4b1e45b33e094e6089d74216b71b5e43/volumes/detail?all_tenants=true
2026-07-15 23:03:18.723 7 INFO cinder.volume.api [None req-2e655f70-f086-4edb-aa81-44a92081d08d 272cf39f1c5840c18f7e111419aa6d54 4b1e45b33e094e6089d74216b71b5e43 - - default default] Get all volumes completed successfully.
2026-07-15 23:03:18.726 7 INFO cinder.api.openstack.wsgi [None req-2e655f70-f086-4edb-aa81-44a92081d08d 272cf39f1c5840c18f7e111419aa6d54 4b1e45b33e094e6089d74216b71b5e43 - - default default] http://cinder-api.openstack.svc.cluster.local:8776/v3/4b1e45b33e094e6089d74216b71b5e43/volumes/detail?all_tenants=true returned with HTTP 200 [pid: 7|app: 0|req: 438/874] 10.0.0.207 () {28 vars in 684 bytes} [Wed Jul 15 23:03:18 2026] GET /v3/4b1e45b33e094e6089d74216b71b5e43/volumes/detail?all_tenants=true => generated 15 bytes in 24 msecs (HTTP/1.1 200) 7 headers in 284 bytes (1 switches on core 0)
2026-07-15 23:03:18.770 8 INFO cinder.api.openstack.wsgi [None req-3d8238b3-03ad-4c08-ab6b-042eec35c206 272cf39f1c5840c18f7e111419aa6d54 4b1e45b33e094e6089d74216b71b5e43 - - default default] GET http://cinder-api.openstack.svc.cluster.local:8776/v3/4b1e45b33e094e6089d74216b71b5e43/os-quota-sets/2a0d8167b73849cdad4f241ac9e941ec?usage=true
2026-07-15 23:03:18.814 8 INFO cinder.api.openstack.wsgi [None req-3d8238b3-03ad-4c08-ab6b-042eec35c206 272cf39f1c5840c18f7e111419aa6d54 4b1e45b33e094e6089d74216b71b5e43 - - default default] http://cinder-api.openstack.svc.cluster.local:8776/v3/4b1e45b33e094e6089d74216b71b5e43/os-quota-sets/2a0d8167b73849cdad4f241ac9e941ec?usage=true returned with HTTP 200 [pid: 8|app: 0|req: 437/875] 10.0.0.207 () {28 vars in 736 bytes} [Wed Jul 15 23:03:18 2026] GET /v3/4b1e45b33e094e6089d74216b71b5e43/os-quota-sets/2a0d8167b73849cdad4f241ac9e941ec?usage=true => generated 847 bytes in 51 msecs (HTTP/1.1 200) 7 headers in 285 bytes (1 switches on core 0)
2026-07-15 23:03:18.830 7 INFO cinder.api.openstack.wsgi [None req-c1d112b3-e764-4a59-b742-ab9a9e6e446a 272cf39f1c5840c18f7e111419aa6d54 4b1e45b33e094e6089d74216b71b5e43 - - default default] GET http://cinder-api.openstack.svc.cluster.local:8776/v3/4b1e45b33e094e6089d74216b71b5e43/os-quota-sets/4b1e45b33e094e6089d74216b71b5e43?usage=true
2026-07-15 23:03:18.873 7 INFO cinder.api.openstack.wsgi [None req-c1d112b3-e764-4a59-b742-ab9a9e6e446a 272cf39f1c5840c18f7e111419aa6d54 4b1e45b33e094e6089d74216b71b5e43 - - default default] http://cinder-api.openstack.svc.cluster.local:8776/v3/4b1e45b33e094e6089d74216b71b5e43/os-quota-sets/4b1e45b33e094e6089d74216b71b5e43?usage=true returned with HTTP 200 [pid: 7|app: 0|req: 439/876] 10.0.0.207 () {28 vars in 736 bytes} [Wed Jul 15 23:03:18 2026] GET /v3/4b1e45b33e094e6089d74216b71b5e43/os-quota-sets/4b1e45b33e094e6089d74216b71b5e43?usage=true => generated 845 bytes in 52 msecs (HTTP/1.1 200) 7 headers in 285 bytes (1 switches on core 0)
2026-07-15 23:03:18.885 8 INFO cinder.api.openstack.wsgi [None req-677a9287-32f2-41b2-9063-57cfcf669bcf 272cf39f1c5840c18f7e111419aa6d54 4b1e45b33e094e6089d74216b71b5e43 - - default default] GET http://cinder-api.openstack.svc.cluster.local:8776/v3/4b1e45b33e094e6089d74216b71b5e43/os-quota-sets/8cb2a53fc7fe4baab06302eb0e945216?usage=true
2026-07-15 23:03:18.915 8 INFO cinder.api.openstack.wsgi [None req-677a9287-32f2-41b2-9063-57cfcf669bcf 272cf39f1c5840c18f7e111419aa6d54 4b1e45b33e094e6089d74216b71b5e43 - - default default] http://cinder-api.openstack.svc.cluster.local:8776/v3/4b1e45b33e094e6089d74216b71b5e43/os-quota-sets/8cb2a53fc7fe4baab06302eb0e945216?usage=true returned with HTTP 200 [pid: 8|app: 0|req: 438/877] 10.0.0.207 () {28 vars in 736 bytes} [Wed Jul 15 23:03:18 2026] GET /v3/4b1e45b33e094e6089d74216b71b5e43/os-quota-sets/8cb2a53fc7fe4baab06302eb0e945216?usage=true => generated 847 bytes in 40 msecs (HTTP/1.1 200) 7 headers in 285 bytes (1 switches on core 0)
2026-07-15 23:03:18.931 7 INFO cinder.api.openstack.wsgi [None req-d36d715c-77f9-44b0-bf1b-cdd5a9c5a265 272cf39f1c5840c18f7e111419aa6d54 4b1e45b33e094e6089d74216b71b5e43 - - default default] GET http://cinder-api.openstack.svc.cluster.local:8776/v3/4b1e45b33e094e6089d74216b71b5e43/os-quota-sets/92aa96eb8b6d4862a212a01c0d4053d4?usage=true
2026-07-15 23:03:18.954 7 INFO cinder.api.openstack.wsgi [None req-d36d715c-77f9-44b0-bf1b-cdd5a9c5a265 272cf39f1c5840c18f7e111419aa6d54 4b1e45b33e094e6089d74216b71b5e43 - - default default] http://cinder-api.openstack.svc.cluster.local:8776/v3/4b1e45b33e094e6089d74216b71b5e43/os-quota-sets/92aa96eb8b6d4862a212a01c0d4053d4?usage=true returned with HTTP 200 [pid: 7|app: 0|req: 440/878] 10.0.0.207 () {28 vars in 736 bytes} [Wed Jul 15 23:03:18 2026] GET /v3/4b1e45b33e094e6089d74216b71b5e43/os-quota-sets/92aa96eb8b6d4862a212a01c0d4053d4?usage=true => generated 847 bytes in 34 msecs (HTTP/1.1 200) 7 headers in 285 bytes (1 switches on core 0)
2026-07-15 23:03:18.966 8 INFO cinder.api.openstack.wsgi [None req-63a35274-37e7-4b79-885e-517539f14331 272cf39f1c5840c18f7e111419aa6d54 4b1e45b33e094e6089d74216b71b5e43 - - default default] GET http://cinder-api.openstack.svc.cluster.local:8776/v3/4b1e45b33e094e6089d74216b71b5e43/os-quota-sets/9e571338342949a6b718082484fe0c3c?usage=true
2026-07-15 23:03:18.993 8 INFO cinder.api.openstack.wsgi [None req-63a35274-37e7-4b79-885e-517539f14331 272cf39f1c5840c18f7e111419aa6d54 4b1e45b33e094e6089d74216b71b5e43 - - default default] http://cinder-api.openstack.svc.cluster.local:8776/v3/4b1e45b33e094e6089d74216b71b5e43/os-quota-sets/9e571338342949a6b718082484fe0c3c?usage=true returned with HTTP 200 [pid: 8|app: 0|req: 439/879] 10.0.0.207 () {28 vars in 736 bytes} [Wed Jul 15 23:03:18 2026] GET /v3/4b1e45b33e094e6089d74216b71b5e43/os-quota-sets/9e571338342949a6b718082484fe0c3c?usage=true => generated 847 bytes in 34 msecs (HTTP/1.1 200) 7 headers in 285 bytes (1 switches on core 0)
2026-07-15 23:03:19.003 7 INFO cinder.api.openstack.wsgi [None req-71f0f66f-543d-4a89-8fcd-780715d76b9b 272cf39f1c5840c18f7e111419aa6d54 4b1e45b33e094e6089d74216b71b5e43 - - default default] GET http://cinder-api.openstack.svc.cluster.local:8776/v3/4b1e45b33e094e6089d74216b71b5e43/os-quota-sets/9fbcbef4d9fc482180bce8ef766358df?usage=true
2026-07-15 23:03:19.027 7 INFO cinder.api.openstack.wsgi [None req-71f0f66f-543d-4a89-8fcd-780715d76b9b 272cf39f1c5840c18f7e111419aa6d54 4b1e45b33e094e6089d74216b71b5e43 - - default default] http://cinder-api.openstack.svc.cluster.local:8776/v3/4b1e45b33e094e6089d74216b71b5e43/os-quota-sets/9fbcbef4d9fc482180bce8ef766358df?usage=true returned with HTTP 200 [pid: 7|app: 0|req: 441/880] 10.0.0.207 () {28 vars in 736 bytes} [Wed Jul 15 23:03:18 2026] GET /v3/4b1e45b33e094e6089d74216b71b5e43/os-quota-sets/9fbcbef4d9fc482180bce8ef766358df?usage=true => generated 847 bytes in 30 msecs (HTTP/1.1 200) 7 headers in 285 bytes (1 switches on core 0)
2026-07-15 23:03:19.044 8 INFO cinder.api.openstack.wsgi [None req-f6bbdb3b-0bee-45c9-8240-fd6f3c9e3c29 272cf39f1c5840c18f7e111419aa6d54 4b1e45b33e094e6089d74216b71b5e43 - - default default] GET http://cinder-api.openstack.svc.cluster.local:8776/v3/4b1e45b33e094e6089d74216b71b5e43/os-quota-sets/b4afea1670264513a58594a80f842784?usage=true
2026-07-15 23:03:19.076 8 INFO cinder.api.openstack.wsgi [None req-f6bbdb3b-0bee-45c9-8240-fd6f3c9e3c29 272cf39f1c5840c18f7e111419aa6d54 4b1e45b33e094e6089d74216b71b5e43 - - default default] http://cinder-api.openstack.svc.cluster.local:8776/v3/4b1e45b33e094e6089d74216b71b5e43/os-quota-sets/b4afea1670264513a58594a80f842784?usage=true returned with HTTP 200 [pid: 8|app: 0|req: 440/881] 10.0.0.207 () {28 vars in 736 bytes} [Wed Jul 15 23:03:19 2026] GET /v3/4b1e45b33e094e6089d74216b71b5e43/os-quota-sets/b4afea1670264513a58594a80f842784?usage=true => generated 847 bytes in 44 msecs (HTTP/1.1 200) 7 headers in 285 bytes (1 switches on core 0)
2026-07-15 23:03:19.089 7 INFO cinder.api.openstack.wsgi [None req-1e626e8f-964c-4a61-accc-9e90e23bd9fc 272cf39f1c5840c18f7e111419aa6d54 4b1e45b33e094e6089d74216b71b5e43 - - default default] GET http://cinder-api.openstack.svc.cluster.local:8776/v3/4b1e45b33e094e6089d74216b71b5e43/os-quota-sets/e006ec816eed460b882229cf316bef59?usage=true
2026-07-15 23:03:19.141 7 INFO cinder.api.openstack.wsgi [None req-1e626e8f-964c-4a61-accc-9e90e23bd9fc 272cf39f1c5840c18f7e111419aa6d54 4b1e45b33e094e6089d74216b71b5e43 - - default default] http://cinder-api.openstack.svc.cluster.local:8776/v3/4b1e45b33e094e6089d74216b71b5e43/os-quota-sets/e006ec816eed460b882229cf316bef59?usage=true returned with HTTP 200 [pid: 7|app: 0|req: 442/882] 10.0.0.207 () {28 vars in 736 bytes} [Wed Jul 15 23:03:19 2026] GET /v3/4b1e45b33e094e6089d74216b71b5e43/os-quota-sets/e006ec816eed460b882229cf316bef59?usage=true => generated 847 bytes in 63 msecs (HTTP/1.1 200) 7 headers in 285 bytes (1 switches on core 0)
2026-07-15 23:03:19.155 8 INFO cinder.api.openstack.wsgi [None req-2db3f2e6-b998-45b8-9b4d-d959ef94e580 272cf39f1c5840c18f7e111419aa6d54 4b1e45b33e094e6089d74216b71b5e43 - - default default] GET http://cinder-api.openstack.svc.cluster.local:8776/v3/4b1e45b33e094e6089d74216b71b5e43/os-quota-sets/e0ec5c20bfa14d31a19a9a31f9702ba3?usage=true
2026-07-15 23:03:19.187 8 INFO cinder.api.openstack.wsgi [None req-2db3f2e6-b998-45b8-9b4d-d959ef94e580 272cf39f1c5840c18f7e111419aa6d54 4b1e45b33e094e6089d74216b71b5e43 - - default default] http://cinder-api.openstack.svc.cluster.local:8776/v3/4b1e45b33e094e6089d74216b71b5e43/os-quota-sets/e0ec5c20bfa14d31a19a9a31f9702ba3?usage=true returned with HTTP 200 [pid: 8|app: 0|req: 441/883] 10.0.0.207 () {28 vars in 736 bytes} [Wed Jul 15 23:03:19 2026] GET /v3/4b1e45b33e094e6089d74216b71b5e43/os-quota-sets/e0ec5c20bfa14d31a19a9a31f9702ba3?usage=true => generated 847 bytes in 44 msecs (HTTP/1.1 200) 7 headers in 285 bytes (1 switches on core 0)
2026-07-15 23:03:19.197 7 INFO cinder.api.openstack.wsgi [None req-87255686-6427-470d-9533-e7924ea7a48e 272cf39f1c5840c18f7e111419aa6d54 4b1e45b33e094e6089d74216b71b5e43 - - default default] GET http://cinder-api.openstack.svc.cluster.local:8776/v3/4b1e45b33e094e6089d74216b71b5e43/os-quota-sets/eb6deae6065c4027b38eaa001004ec2f?usage=true
2026-07-15 23:03:19.252 7 INFO cinder.api.openstack.wsgi [None req-87255686-6427-470d-9533-e7924ea7a48e 272cf39f1c5840c18f7e111419aa6d54 4b1e45b33e094e6089d74216b71b5e43 - - default default] http://cinder-api.openstack.svc.cluster.local:8776/v3/4b1e45b33e094e6089d74216b71b5e43/os-quota-sets/eb6deae6065c4027b38eaa001004ec2f?usage=true returned with HTTP 200 [pid: 7|app: 0|req: 443/884] 10.0.0.207 () {28 vars in 736 bytes} [Wed Jul 15 23:03:19 2026] GET /v3/4b1e45b33e094e6089d74216b71b5e43/os-quota-sets/eb6deae6065c4027b38eaa001004ec2f?usage=true => generated 847 bytes in 62 msecs (HTTP/1.1 200) 7 headers in 285 bytes (1 switches on core 0)
2026-07-15 23:03:19.261 7 INFO cinder.api.openstack.wsgi [None req-83af993e-b402-467a-93f6-019a2833b0ed 272cf39f1c5840c18f7e111419aa6d54 4b1e45b33e094e6089d74216b71b5e43 - - default default] GET http://cinder-api.openstack.svc.cluster.local:8776/v3/4b1e45b33e094e6089d74216b71b5e43/os-quota-sets/ee56dd1ea483423381724a5fc6a933b9?usage=true
2026-07-15 23:03:19.275 8 INFO cinder.api.openstack.wsgi [None req-bab162e3-2e82-44c2-8b63-a612fa7ea173 c4aab18a90884bd8a33e0a3d1ae02586 2a0d8167b73849cdad4f241ac9e941ec - - default default] POST http://cinder-api.openstack.svc.cluster.local:8776/v3/2a0d8167b73849cdad4f241ac9e941ec/volumes
2026-07-15 23:03:19.277 8 INFO cinder.api.v3.volumes [None req-bab162e3-2e82-44c2-8b63-a612fa7ea173 c4aab18a90884bd8a33e0a3d1ae02586 2a0d8167b73849cdad4f241ac9e941ec - - default default] Create volume of 1 GB
2026-07-15 23:03:19.294 8 INFO cinder.volume.api [None req-bab162e3-2e82-44c2-8b63-a612fa7ea173 c4aab18a90884bd8a33e0a3d1ae02586 2a0d8167b73849cdad4f241ac9e941ec - - default default] Availability Zones retrieved successfully. /var/lib/openstack/lib/python3.10/site-packages/taskflow/engines/action_engine/process_executor.py:17: DeprecationWarning: The asyncore module is deprecated and will be removed in Python 3.12. The recommended replacement is asyncio import asyncore
2026-07-15 23:03:19.328 7 INFO cinder.api.openstack.wsgi [None req-83af993e-b402-467a-93f6-019a2833b0ed 272cf39f1c5840c18f7e111419aa6d54 4b1e45b33e094e6089d74216b71b5e43 - - default default] http://cinder-api.openstack.svc.cluster.local:8776/v3/4b1e45b33e094e6089d74216b71b5e43/os-quota-sets/ee56dd1ea483423381724a5fc6a933b9?usage=true returned with HTTP 200 [pid: 7|app: 0|req: 444/885] 10.0.0.207 () {28 vars in 736 bytes} [Wed Jul 15 23:03:19 2026] GET /v3/4b1e45b33e094e6089d74216b71b5e43/os-quota-sets/ee56dd1ea483423381724a5fc6a933b9?usage=true => generated 847 bytes in 75 msecs (HTTP/1.1 200) 7 headers in 285 bytes (1 switches on core 0)
2026-07-15 23:03:19.343 7 INFO cinder.api.openstack.wsgi [None req-a8a38c04-5b30-4cc7-a4e5-3b08add0bf36 272cf39f1c5840c18f7e111419aa6d54 4b1e45b33e094e6089d74216b71b5e43 - - default default] GET http://cinder-api.openstack.svc.cluster.local:8776/v3/4b1e45b33e094e6089d74216b71b5e43/os-quota-sets/f84d996e188e47cdb5bfc3942b9391ab?usage=true
2026-07-15 23:03:19.381 7 INFO cinder.api.openstack.wsgi [None req-a8a38c04-5b30-4cc7-a4e5-3b08add0bf36 272cf39f1c5840c18f7e111419aa6d54 4b1e45b33e094e6089d74216b71b5e43 - - default default] http://cinder-api.openstack.svc.cluster.local:8776/v3/4b1e45b33e094e6089d74216b71b5e43/os-quota-sets/f84d996e188e47cdb5bfc3942b9391ab?usage=true returned with HTTP 200 [pid: 7|app: 0|req: 445/886] 10.0.0.207 () {28 vars in 736 bytes} [Wed Jul 15 23:03:19 2026] GET /v3/4b1e45b33e094e6089d74216b71b5e43/os-quota-sets/f84d996e188e47cdb5bfc3942b9391ab?usage=true => generated 845 bytes in 45 msecs (HTTP/1.1 200) 7 headers in 285 bytes (1 switches on core 0)
2026-07-15 23:03:19.398 7 INFO cinder.api.openstack.wsgi [None req-c61bc2f1-96c2-4d2f-8b22-59756114c1a1 272cf39f1c5840c18f7e111419aa6d54 4b1e45b33e094e6089d74216b71b5e43 - - default default] GET http://cinder-api.openstack.svc.cluster.local:8776/v3/4b1e45b33e094e6089d74216b71b5e43/snapshots?all_tenants=true
2026-07-15 23:03:19.406 7 INFO cinder.volume.api [None req-c61bc2f1-96c2-4d2f-8b22-59756114c1a1 272cf39f1c5840c18f7e111419aa6d54 4b1e45b33e094e6089d74216b71b5e43 - - default default] Get all snapshots completed successfully.
2026-07-15 23:03:19.406 7 INFO cinder.api.openstack.wsgi [None req-c61bc2f1-96c2-4d2f-8b22-59756114c1a1 272cf39f1c5840c18f7e111419aa6d54 4b1e45b33e094e6089d74216b71b5e43 - - default default] http://cinder-api.openstack.svc.cluster.local:8776/v3/4b1e45b33e094e6089d74216b71b5e43/snapshots?all_tenants=true returned with HTTP 200 [pid: 7|app: 0|req: 446/887] 10.0.0.207 () {28 vars in 674 bytes} [Wed Jul 15 23:03:19 2026] GET /v3/4b1e45b33e094e6089d74216b71b5e43/snapshots?all_tenants=true => generated 17 bytes in 15 msecs (HTTP/1.1 200) 7 headers in 284 bytes (1 switches on core 0)
2026-07-15 23:03:19.422 7 INFO cinder.api.openstack.wsgi [None req-79805969-3d81-491f-a468-210da7c42ea9 272cf39f1c5840c18f7e111419aa6d54 4b1e45b33e094e6089d74216b71b5e43 - - default default] GET http://cinder-api.openstack.svc.cluster.local:8776/v3/4b1e45b33e094e6089d74216b71b5e43/scheduler-stats/get_pools?detail=true
2026-07-15 23:03:19.439 7 INFO cinder.api.openstack.wsgi [None req-79805969-3d81-491f-a468-210da7c42ea9 272cf39f1c5840c18f7e111419aa6d54 4b1e45b33e094e6089d74216b71b5e43 - - default default] http://cinder-api.openstack.svc.cluster.local:8776/v3/4b1e45b33e094e6089d74216b71b5e43/scheduler-stats/get_pools?detail=true returned with HTTP 200 [pid: 7|app: 0|req: 447/888] 10.0.0.207 () {28 vars in 696 bytes} [Wed Jul 15 23:03:19 2026] GET /v3/4b1e45b33e094e6089d74216b71b5e43/scheduler-stats/get_pools?detail=true => generated 670 bytes in 26 msecs (HTTP/1.1 200) 7 headers in 285 bytes (1 switches on core 0)
2026-07-15 23:03:19.620 8 INFO cinder.volume.api [None req-bab162e3-2e82-44c2-8b63-a612fa7ea173 c4aab18a90884bd8a33e0a3d1ae02586 2a0d8167b73849cdad4f241ac9e941ec - - default default] Create volume request issued successfully.
2026-07-15 23:03:19.621 8 INFO cinder.api.openstack.wsgi [None req-bab162e3-2e82-44c2-8b63-a612fa7ea173 c4aab18a90884bd8a33e0a3d1ae02586 2a0d8167b73849cdad4f241ac9e941ec - - default default] http://cinder-api.openstack.svc.cluster.local:8776/v3/2a0d8167b73849cdad4f241ac9e941ec/volumes returned with HTTP 202 [pid: 8|app: 0|req: 442/889] 10.0.0.188 () {34 vars in 722 bytes} [Wed Jul 15 23:03:19 2026] POST /v3/2a0d8167b73849cdad4f241ac9e941ec/volumes => generated 861 bytes in 417 msecs (HTTP/1.1 202) 7 headers in 291 bytes (1 switches on core 0)
2026-07-15 23:03:19.650 7 INFO cinder.api.openstack.wsgi [None req-99d90625-75b8-40f9-adfe-faf4e7578b0c c4aab18a90884bd8a33e0a3d1ae02586 2a0d8167b73849cdad4f241ac9e941ec - - default default] GET http://cinder-api.openstack.svc.cluster.local:8776/v3/2a0d8167b73849cdad4f241ac9e941ec/volumes/20ff4dc7-9c0f-478f-91b9-3b855e09d26e /var/lib/openstack/lib/python3.10/site-packages/oslo_context/context.py:100: DeprecationWarning: Policy enforcement is depending on the value of is_admin. This key is deprecated. Please update your policy file to use the standard policy values. warnings.warn('Policy enforcement is depending on the value of '
2026-07-15 23:03:19.675 7 INFO cinder.volume.api [None req-99d90625-75b8-40f9-adfe-faf4e7578b0c c4aab18a90884bd8a33e0a3d1ae02586 2a0d8167b73849cdad4f241ac9e941ec - - default default] Volume info retrieved successfully.
2026-07-15 23:03:19.680 7 INFO cinder.api.openstack.wsgi [None req-99d90625-75b8-40f9-adfe-faf4e7578b0c c4aab18a90884bd8a33e0a3d1ae02586 2a0d8167b73849cdad4f241ac9e941ec - - default default] http://cinder-api.openstack.svc.cluster.local:8776/v3/2a0d8167b73849cdad4f241ac9e941ec/volumes/20ff4dc7-9c0f-478f-91b9-3b855e09d26e returned with HTTP 200 [pid: 7|app: 0|req: 448/890] 10.0.0.188 () {32 vars in 775 bytes} [Wed Jul 15 23:03:19 2026] GET /v3/2a0d8167b73849cdad4f241ac9e941ec/volumes/20ff4dc7-9c0f-478f-91b9-3b855e09d26e => generated 929 bytes in 36 msecs (HTTP/1.1 200) 7 headers in 285 bytes (1 switches on core 0) /var/lib/openstack/lib/python3.10/site-packages/pycadf/identifier.py:71: UserWarning: Invalid uuid: cinderv3. To ensure interoperability, identifiers should be a valid uuid. warnings.warn(('Invalid uuid: %s. To ensure interoperability, '
2026-07-15 23:03:20.710 8 INFO cinder.api.openstack.wsgi [None req-ff1b5479-8c5e-4d76-975b-6fe53830940c c4aab18a90884bd8a33e0a3d1ae02586 2a0d8167b73849cdad4f241ac9e941ec - - default default] GET http://cinder-api.openstack.svc.cluster.local:8776/v3/2a0d8167b73849cdad4f241ac9e941ec/volumes/20ff4dc7-9c0f-478f-91b9-3b855e09d26e /var/lib/openstack/lib/python3.10/site-packages/oslo_context/context.py:100: DeprecationWarning: Policy enforcement is depending on the value of is_admin. This key is deprecated. Please update your policy file to use the standard policy values. warnings.warn('Policy enforcement is depending on the value of '
2026-07-15 23:03:20.727 8 INFO cinder.volume.api [None req-ff1b5479-8c5e-4d76-975b-6fe53830940c c4aab18a90884bd8a33e0a3d1ae02586 2a0d8167b73849cdad4f241ac9e941ec - - default default] Volume info retrieved successfully.
2026-07-15 23:03:20.735 8 INFO cinder.api.openstack.wsgi [None req-ff1b5479-8c5e-4d76-975b-6fe53830940c c4aab18a90884bd8a33e0a3d1ae02586 2a0d8167b73849cdad4f241ac9e941ec - - default default] http://cinder-api.openstack.svc.cluster.local:8776/v3/2a0d8167b73849cdad4f241ac9e941ec/volumes/20ff4dc7-9c0f-478f-91b9-3b855e09d26e returned with HTTP 200 [pid: 8|app: 0|req: 443/891] 10.0.0.188 () {32 vars in 775 bytes} [Wed Jul 15 23:03:20 2026] GET /v3/2a0d8167b73849cdad4f241ac9e941ec/volumes/20ff4dc7-9c0f-478f-91b9-3b855e09d26e => generated 954 bytes in 33 msecs (HTTP/1.1 200) 7 headers in 285 bytes (1 switches on core 0)
2026-07-15 23:03:27.821 7 INFO cinder.api.openstack.wsgi [None req-99d90625-75b8-40f9-adfe-faf4e7578b0c c4aab18a90884bd8a33e0a3d1ae02586 2a0d8167b73849cdad4f241ac9e941ec - - default default] GET http://10.0.0.213:8776/
2026-07-15 23:03:27.821 8 INFO cinder.api.openstack.wsgi [None req-ff1b5479-8c5e-4d76-975b-6fe53830940c c4aab18a90884bd8a33e0a3d1ae02586 2a0d8167b73849cdad4f241ac9e941ec - - default default] GET http://10.0.0.213:8776/
2026-07-15 23:03:27.822 7 INFO cinder.api.openstack.wsgi [None req-99d90625-75b8-40f9-adfe-faf4e7578b0c c4aab18a90884bd8a33e0a3d1ae02586 2a0d8167b73849cdad4f241ac9e941ec - - default default] http://10.0.0.213:8776/ returned with HTTP 300
2026-07-15 23:03:27.823 8 INFO cinder.api.openstack.wsgi [None req-ff1b5479-8c5e-4d76-975b-6fe53830940c c4aab18a90884bd8a33e0a3d1ae02586 2a0d8167b73849cdad4f241ac9e941ec - - default default] http://10.0.0.213:8776/ returned with HTTP 300 /var/lib/openstack/lib/python3.10/site-packages/pycadf/identifier.py:71: UserWarning: Invalid uuid: cinderv3. To ensure interoperability, identifiers should be a valid uuid. warnings.warn(('Invalid uuid: %s. To ensure interoperability, '
2026-07-15 23:03:27.924 7 INFO cinder.api.openstack.wsgi [None req-3169f7b0-8b74-434d-89da-6526d364a3ec c4aab18a90884bd8a33e0a3d1ae02586 2a0d8167b73849cdad4f241ac9e941ec - - default default] POST http://cinder-api.openstack.svc.cluster.local:8776/v3/2a0d8167b73849cdad4f241ac9e941ec/volumes/20ff4dc7-9c0f-478f-91b9-3b855e09d26e/action /var/lib/openstack/lib/python3.10/site-packages/oslo_context/context.py:100: DeprecationWarning: Policy enforcement is depending on the value of is_admin. This key is deprecated. Please update your policy file to use the standard policy values. warnings.warn('Policy enforcement is depending on the value of '
2026-07-15 23:03:27.943 7 INFO cinder.volume.api [None req-3169f7b0-8b74-434d-89da-6526d364a3ec c4aab18a90884bd8a33e0a3d1ae02586 2a0d8167b73849cdad4f241ac9e941ec - - default default] Volume info retrieved successfully.
2026-07-15 23:03:27.960 7 INFO cinder.volume.api [None req-3169f7b0-8b74-434d-89da-6526d364a3ec c4aab18a90884bd8a33e0a3d1ae02586 2a0d8167b73849cdad4f241ac9e941ec - - default default] Update volume admin metadata completed successfully.
2026-07-15 23:03:28.067 7 INFO cinder.volume.api [None req-3169f7b0-8b74-434d-89da-6526d364a3ec c4aab18a90884bd8a33e0a3d1ae02586 2a0d8167b73849cdad4f241ac9e941ec - - default default] Attach volume completed successfully.
2026-07-15 23:03:28.067 7 INFO cinder.api.openstack.wsgi [None req-3169f7b0-8b74-434d-89da-6526d364a3ec c4aab18a90884bd8a33e0a3d1ae02586 2a0d8167b73849cdad4f241ac9e941ec - - default default] http://cinder-api.openstack.svc.cluster.local:8776/v3/2a0d8167b73849cdad4f241ac9e941ec/volumes/20ff4dc7-9c0f-478f-91b9-3b855e09d26e/action returned with HTTP 202 [pid: 7|app: 0|req: 450/894] 10.0.0.188 () {34 vars in 810 bytes} [Wed Jul 15 23:03:27 2026] POST /v3/2a0d8167b73849cdad4f241ac9e941ec/volumes/20ff4dc7-9c0f-478f-91b9-3b855e09d26e/action => generated 0 bytes in 150 msecs (HTTP/1.1 202) 7 headers in 289 bytes (1 switches on core 0) /var/lib/openstack/lib/python3.10/site-packages/pycadf/identifier.py:71: UserWarning: Invalid uuid: cinderv3. To ensure interoperability, identifiers should be a valid uuid. warnings.warn(('Invalid uuid: %s. To ensure interoperability, '
2026-07-15 23:03:28.078 8 INFO cinder.api.openstack.wsgi [None req-ea86e1d2-06d0-4c91-800b-c05d4b836cc9 c4aab18a90884bd8a33e0a3d1ae02586 2a0d8167b73849cdad4f241ac9e941ec - - default default] GET http://cinder-api.openstack.svc.cluster.local:8776/v3/2a0d8167b73849cdad4f241ac9e941ec/volumes/20ff4dc7-9c0f-478f-91b9-3b855e09d26e /var/lib/openstack/lib/python3.10/site-packages/oslo_context/context.py:100: DeprecationWarning: Policy enforcement is depending on the value of is_admin. This key is deprecated. Please update your policy file to use the standard policy values. warnings.warn('Policy enforcement is depending on the value of '
2026-07-15 23:03:28.105 8 INFO cinder.volume.api [None req-ea86e1d2-06d0-4c91-800b-c05d4b836cc9 c4aab18a90884bd8a33e0a3d1ae02586 2a0d8167b73849cdad4f241ac9e941ec - - default default] Volume info retrieved successfully.
2026-07-15 23:03:28.113 8 INFO cinder.api.openstack.wsgi [None req-ea86e1d2-06d0-4c91-800b-c05d4b836cc9 c4aab18a90884bd8a33e0a3d1ae02586 2a0d8167b73849cdad4f241ac9e941ec - - default default] http://cinder-api.openstack.svc.cluster.local:8776/v3/2a0d8167b73849cdad4f241ac9e941ec/volumes/20ff4dc7-9c0f-478f-91b9-3b855e09d26e returned with HTTP 200 [pid: 8|app: 0|req: 445/895] 10.0.0.188 () {32 vars in 775 bytes} [Wed Jul 15 23:03:28 2026] GET /v3/2a0d8167b73849cdad4f241ac9e941ec/volumes/20ff4dc7-9c0f-478f-91b9-3b855e09d26e => generated 1288 bytes in 44 msecs (HTTP/1.1 200) 7 headers in 286 bytes (1 switches on core 0) /var/lib/openstack/lib/python3.10/site-packages/pycadf/identifier.py:71: UserWarning: Invalid uuid: cinderv3. To ensure interoperability, identifiers should be a valid uuid. warnings.warn(('Invalid uuid: %s. To ensure interoperability, '
2026-07-15 23:03:28.135 7 INFO cinder.api.openstack.wsgi [None req-e0f5b863-9e21-462c-918b-9c0e892e36bc c4aab18a90884bd8a33e0a3d1ae02586 2a0d8167b73849cdad4f241ac9e941ec - - default default] POST http://cinder-api.openstack.svc.cluster.local:8776/v3/2a0d8167b73849cdad4f241ac9e941ec/volumes/20ff4dc7-9c0f-478f-91b9-3b855e09d26e/action /var/lib/openstack/lib/python3.10/site-packages/oslo_context/context.py:100: DeprecationWarning: Policy enforcement is depending on the value of is_admin. This key is deprecated. Please update your policy file to use the standard policy values. warnings.warn('Policy enforcement is depending on the value of '
2026-07-15 23:03:28.153 7 INFO cinder.volume.api [None req-e0f5b863-9e21-462c-918b-9c0e892e36bc c4aab18a90884bd8a33e0a3d1ae02586 2a0d8167b73849cdad4f241ac9e941ec - - default default] Volume info retrieved successfully.
2026-07-15 23:03:28.219 7 INFO cinder.volume.api [None req-e0f5b863-9e21-462c-918b-9c0e892e36bc c4aab18a90884bd8a33e0a3d1ae02586 2a0d8167b73849cdad4f241ac9e941ec - - default default] Detach volume completed successfully.
2026-07-15 23:03:28.220 7 INFO cinder.api.openstack.wsgi [None req-e0f5b863-9e21-462c-918b-9c0e892e36bc c4aab18a90884bd8a33e0a3d1ae02586 2a0d8167b73849cdad4f241ac9e941ec - - default default] http://cinder-api.openstack.svc.cluster.local:8776/v3/2a0d8167b73849cdad4f241ac9e941ec/volumes/20ff4dc7-9c0f-478f-91b9-3b855e09d26e/action returned with HTTP 202 [pid: 7|app: 0|req: 451/896] 10.0.0.188 () {34 vars in 810 bytes} [Wed Jul 15 23:03:28 2026] POST /v3/2a0d8167b73849cdad4f241ac9e941ec/volumes/20ff4dc7-9c0f-478f-91b9-3b855e09d26e/action => generated 0 bytes in 92 msecs (HTTP/1.1 202) 7 headers in 289 bytes (1 switches on core 0) /var/lib/openstack/lib/python3.10/site-packages/pycadf/identifier.py:71: UserWarning: Invalid uuid: cinderv3. To ensure interoperability, identifiers should be a valid uuid. warnings.warn(('Invalid uuid: %s. To ensure interoperability, '
2026-07-15 23:03:28.232 8 INFO cinder.api.openstack.wsgi [None req-807a5684-8278-4336-89ec-53fa5a7ccc98 c4aab18a90884bd8a33e0a3d1ae02586 2a0d8167b73849cdad4f241ac9e941ec - - default default] GET http://cinder-api.openstack.svc.cluster.local:8776/v3/2a0d8167b73849cdad4f241ac9e941ec/volumes/20ff4dc7-9c0f-478f-91b9-3b855e09d26e /var/lib/openstack/lib/python3.10/site-packages/oslo_context/context.py:100: DeprecationWarning: Policy enforcement is depending on the value of is_admin. This key is deprecated. Please update your policy file to use the standard policy values. warnings.warn('Policy enforcement is depending on the value of '
2026-07-15 23:03:28.249 8 INFO cinder.volume.api [None req-807a5684-8278-4336-89ec-53fa5a7ccc98 c4aab18a90884bd8a33e0a3d1ae02586 2a0d8167b73849cdad4f241ac9e941ec - - default default] Volume info retrieved successfully.
2026-07-15 23:03:28.257 8 INFO cinder.api.openstack.wsgi [None req-807a5684-8278-4336-89ec-53fa5a7ccc98 c4aab18a90884bd8a33e0a3d1ae02586 2a0d8167b73849cdad4f241ac9e941ec - - default default] http://cinder-api.openstack.svc.cluster.local:8776/v3/2a0d8167b73849cdad4f241ac9e941ec/volumes/20ff4dc7-9c0f-478f-91b9-3b855e09d26e returned with HTTP 200 [pid: 8|app: 0|req: 446/897] 10.0.0.188 () {32 vars in 775 bytes} [Wed Jul 15 23:03:28 2026] GET /v3/2a0d8167b73849cdad4f241ac9e941ec/volumes/20ff4dc7-9c0f-478f-91b9-3b855e09d26e => generated 973 bytes in 32 msecs (HTTP/1.1 200) 7 headers in 285 bytes (1 switches on core 0) /var/lib/openstack/lib/python3.10/site-packages/pycadf/identifier.py:71: UserWarning: Invalid uuid: cinderv3. To ensure interoperability, identifiers should be a valid uuid. warnings.warn(('Invalid uuid: %s. To ensure interoperability, '
2026-07-15 23:03:30.873 7 INFO cinder.api.openstack.wsgi [None req-e4d86cc2-e52c-4a84-b1a8-d5f564ad7dbe c4aab18a90884bd8a33e0a3d1ae02586 2a0d8167b73849cdad4f241ac9e941ec - - default default] GET http://cinder-api.openstack.svc.cluster.local:8776/v3/2a0d8167b73849cdad4f241ac9e941ec/volumes/20ff4dc7-9c0f-478f-91b9-3b855e09d26e /var/lib/openstack/lib/python3.10/site-packages/oslo_context/context.py:100: DeprecationWarning: Policy enforcement is depending on the value of is_admin. This key is deprecated. Please update your policy file to use the standard policy values. warnings.warn('Policy enforcement is depending on the value of '
2026-07-15 23:03:30.898 7 INFO cinder.volume.api [None req-e4d86cc2-e52c-4a84-b1a8-d5f564ad7dbe c4aab18a90884bd8a33e0a3d1ae02586 2a0d8167b73849cdad4f241ac9e941ec - - default default] Volume info retrieved successfully.
2026-07-15 23:03:30.906 7 INFO cinder.api.openstack.wsgi [None req-e4d86cc2-e52c-4a84-b1a8-d5f564ad7dbe c4aab18a90884bd8a33e0a3d1ae02586 2a0d8167b73849cdad4f241ac9e941ec - - default default] http://cinder-api.openstack.svc.cluster.local:8776/v3/2a0d8167b73849cdad4f241ac9e941ec/volumes/20ff4dc7-9c0f-478f-91b9-3b855e09d26e returned with HTTP 200 [pid: 7|app: 0|req: 452/898] 10.0.0.188 () {32 vars in 775 bytes} [Wed Jul 15 23:03:30 2026] GET /v3/2a0d8167b73849cdad4f241ac9e941ec/volumes/20ff4dc7-9c0f-478f-91b9-3b855e09d26e => generated 973 bytes in 43 msecs (HTTP/1.1 200) 7 headers in 285 bytes (1 switches on core 0) /var/lib/openstack/lib/python3.10/site-packages/pycadf/identifier.py:71: UserWarning: Invalid uuid: cinderv3. To ensure interoperability, identifiers should be a valid uuid. warnings.warn(('Invalid uuid: %s. To ensure interoperability, '
2026-07-15 23:03:30.927 8 INFO cinder.api.openstack.wsgi [None req-1940cb32-bcd4-47ca-b1ac-99fa3bc441e3 c4aab18a90884bd8a33e0a3d1ae02586 2a0d8167b73849cdad4f241ac9e941ec - - default default] DELETE http://cinder-api.openstack.svc.cluster.local:8776/v3/2a0d8167b73849cdad4f241ac9e941ec/volumes/20ff4dc7-9c0f-478f-91b9-3b855e09d26e
2026-07-15 23:03:30.928 8 INFO cinder.api.v3.volumes [None req-1940cb32-bcd4-47ca-b1ac-99fa3bc441e3 c4aab18a90884bd8a33e0a3d1ae02586 2a0d8167b73849cdad4f241ac9e941ec - - default default] Delete volume with id: 20ff4dc7-9c0f-478f-91b9-3b855e09d26e  /var/lib/openstack/lib/python3.10/site-packages/oslo_context/context.py:100: DeprecationWarning: Policy enforcement is depending on the value of is_admin. This key is deprecated. Please update your policy file to use the standard policy values. warnings.warn('Policy enforcement is depending on the value of '
2026-07-15 23:03:30.941 8 INFO cinder.volume.api [None req-1940cb32-bcd4-47ca-b1ac-99fa3bc441e3 c4aab18a90884bd8a33e0a3d1ae02586 2a0d8167b73849cdad4f241ac9e941ec - - default default] Volume info retrieved successfully.
2026-07-15 23:03:30.967 8 INFO cinder.volume.api [None req-1940cb32-bcd4-47ca-b1ac-99fa3bc441e3 c4aab18a90884bd8a33e0a3d1ae02586 2a0d8167b73849cdad4f241ac9e941ec - - default default] Delete volume request issued successfully.
2026-07-15 23:03:30.967 8 INFO cinder.api.openstack.wsgi [None req-1940cb32-bcd4-47ca-b1ac-99fa3bc441e3 c4aab18a90884bd8a33e0a3d1ae02586 2a0d8167b73849cdad4f241ac9e941ec - - default default] http://cinder-api.openstack.svc.cluster.local:8776/v3/2a0d8167b73849cdad4f241ac9e941ec/volumes/20ff4dc7-9c0f-478f-91b9-3b855e09d26e returned with HTTP 202 [pid: 8|app: 0|req: 447/899] 10.0.0.188 () {32 vars in 778 bytes} [Wed Jul 15 23:03:30 2026] DELETE /v3/2a0d8167b73849cdad4f241ac9e941ec/volumes/20ff4dc7-9c0f-478f-91b9-3b855e09d26e => generated 0 bytes in 47 msecs (HTTP/1.1 202) 6 headers in 233 bytes (1 switches on core 0) /var/lib/openstack/lib/python3.10/site-packages/pycadf/identifier.py:71: UserWarning: Invalid uuid: cinderv3. To ensure interoperability, identifiers should be a valid uuid. warnings.warn(('Invalid uuid: %s. To ensure interoperability, '
2026-07-15 23:03:30.979 7 INFO cinder.api.openstack.wsgi [None req-0d76b615-6e26-43a2-aaeb-37b705d9b377 c4aab18a90884bd8a33e0a3d1ae02586 2a0d8167b73849cdad4f241ac9e941ec - - default default] GET http://cinder-api.openstack.svc.cluster.local:8776/v3/2a0d8167b73849cdad4f241ac9e941ec/volumes/20ff4dc7-9c0f-478f-91b9-3b855e09d26e /var/lib/openstack/lib/python3.10/site-packages/oslo_context/context.py:100: DeprecationWarning: Policy enforcement is depending on the value of is_admin. This key is deprecated. Please update your policy file to use the standard policy values. warnings.warn('Policy enforcement is depending on the value of '
2026-07-15 23:03:31.000 7 INFO cinder.volume.api [None req-0d76b615-6e26-43a2-aaeb-37b705d9b377 c4aab18a90884bd8a33e0a3d1ae02586 2a0d8167b73849cdad4f241ac9e941ec - - default default] Volume info retrieved successfully.
2026-07-15 23:03:31.008 7 INFO cinder.api.openstack.wsgi [None req-0d76b615-6e26-43a2-aaeb-37b705d9b377 c4aab18a90884bd8a33e0a3d1ae02586 2a0d8167b73849cdad4f241ac9e941ec - - default default] http://cinder-api.openstack.svc.cluster.local:8776/v3/2a0d8167b73849cdad4f241ac9e941ec/volumes/20ff4dc7-9c0f-478f-91b9-3b855e09d26e returned with HTTP 200 [pid: 7|app: 0|req: 453/900] 10.0.0.188 () {32 vars in 775 bytes} [Wed Jul 15 23:03:30 2026] GET /v3/2a0d8167b73849cdad4f241ac9e941ec/volumes/20ff4dc7-9c0f-478f-91b9-3b855e09d26e => generated 972 bytes in 37 msecs (HTTP/1.1 200) 7 headers in 285 bytes (1 switches on core 0) /var/lib/openstack/lib/python3.10/site-packages/pycadf/identifier.py:71: UserWarning: Invalid uuid: cinderv3. To ensure interoperability, identifiers should be a valid uuid. warnings.warn(('Invalid uuid: %s. To ensure interoperability, '
2026-07-15 23:03:32.030 8 INFO cinder.api.openstack.wsgi [None req-fbc67938-3935-4763-8611-1cd296c47adf c4aab18a90884bd8a33e0a3d1ae02586 2a0d8167b73849cdad4f241ac9e941ec - - default default] GET http://cinder-api.openstack.svc.cluster.local:8776/v3/2a0d8167b73849cdad4f241ac9e941ec/volumes/20ff4dc7-9c0f-478f-91b9-3b855e09d26e
2026-07-15 23:03:32.038 8 INFO cinder.api.openstack.wsgi [None req-fbc67938-3935-4763-8611-1cd296c47adf c4aab18a90884bd8a33e0a3d1ae02586 2a0d8167b73849cdad4f241ac9e941ec - - default default] http://cinder-api.openstack.svc.cluster.local:8776/v3/2a0d8167b73849cdad4f241ac9e941ec/volumes/20ff4dc7-9c0f-478f-91b9-3b855e09d26e returned with HTTP 404 [pid: 8|app: 0|req: 448/901] 10.0.0.188 () {32 vars in 775 bytes} [Wed Jul 15 23:03:32 2026] GET /v3/2a0d8167b73849cdad4f241ac9e941ec/volumes/20ff4dc7-9c0f-478f-91b9-3b855e09d26e => generated 109 bytes in 14 msecs (HTTP/1.1 404) 7 headers in 292 bytes (1 switches on core 0)
2026-07-15 23:03:37.820 8 INFO cinder.api.openstack.wsgi [None req-fbc67938-3935-4763-8611-1cd296c47adf c4aab18a90884bd8a33e0a3d1ae02586 2a0d8167b73849cdad4f241ac9e941ec - - default default] GET http://10.0.0.213:8776/
2026-07-15 23:03:37.820 7 INFO cinder.api.openstack.wsgi [None req-0d76b615-6e26-43a2-aaeb-37b705d9b377 c4aab18a90884bd8a33e0a3d1ae02586 2a0d8167b73849cdad4f241ac9e941ec - - default default] GET http://10.0.0.213:8776/
2026-07-15 23:03:37.821 7 INFO cinder.api.openstack.wsgi [None req-0d76b615-6e26-43a2-aaeb-37b705d9b377 c4aab18a90884bd8a33e0a3d1ae02586 2a0d8167b73849cdad4f241ac9e941ec - - default default] http://10.0.0.213:8776/ returned with HTTP 300
2026-07-15 23:03:37.821 8 INFO cinder.api.openstack.wsgi [None req-fbc67938-3935-4763-8611-1cd296c47adf c4aab18a90884bd8a33e0a3d1ae02586 2a0d8167b73849cdad4f241ac9e941ec - - default default] http://10.0.0.213:8776/ returned with HTTP 300 /var/lib/openstack/lib/python3.10/site-packages/pycadf/identifier.py:71: UserWarning: Invalid uuid: cinderv3. To ensure interoperability, identifiers should be a valid uuid. warnings.warn(('Invalid uuid: %s. To ensure interoperability, '
2026-07-15 23:03:38.283 7 INFO cinder.api.openstack.wsgi [None req-3c6830e9-b01f-4348-8252-51426608e927 a4c63fa821bb4f72a642c5446e22b397 f556d07622234814a73c6028a261a52e - - default default] POST http://cinder-api.openstack.svc.cluster.local:8776/v3/f556d07622234814a73c6028a261a52e/volumes
2026-07-15 23:03:38.288 7 INFO cinder.api.v3.volumes [None req-3c6830e9-b01f-4348-8252-51426608e927 a4c63fa821bb4f72a642c5446e22b397 f556d07622234814a73c6028a261a52e - - default default] Create volume of 1 GB
2026-07-15 23:03:38.295 7 INFO cinder.volume.api [None req-3c6830e9-b01f-4348-8252-51426608e927 a4c63fa821bb4f72a642c5446e22b397 f556d07622234814a73c6028a261a52e - - default default] Availability Zones retrieved successfully.
2026-07-15 23:03:38.521 7 INFO cinder.volume.api [None req-3c6830e9-b01f-4348-8252-51426608e927 a4c63fa821bb4f72a642c5446e22b397 f556d07622234814a73c6028a261a52e - - default default] Create volume request issued successfully.
2026-07-15 23:03:38.523 7 INFO cinder.api.openstack.wsgi [None req-3c6830e9-b01f-4348-8252-51426608e927 a4c63fa821bb4f72a642c5446e22b397 f556d07622234814a73c6028a261a52e - - default default] http://cinder-api.openstack.svc.cluster.local:8776/v3/f556d07622234814a73c6028a261a52e/volumes returned with HTTP 202 [pid: 7|app: 0|req: 455/904] 10.0.0.188 () {34 vars in 723 bytes} [Wed Jul 15 23:03:38 2026] POST /v3/f556d07622234814a73c6028a261a52e/volumes => generated 871 bytes in 476 msecs (HTTP/1.1 202) 7 headers in 291 bytes (1 switches on core 0)
2026-07-15 23:03:38.548 8 INFO cinder.api.openstack.wsgi [None req-24940d6a-4aad-4405-bbed-dba78b394ee2 a4c63fa821bb4f72a642c5446e22b397 f556d07622234814a73c6028a261a52e - - default default] GET http://cinder-api.openstack.svc.cluster.local:8776/v3/f556d07622234814a73c6028a261a52e/volumes/2e0dd2b1-fe2e-42d2-9020-6d8f37f0dd09 /var/lib/openstack/lib/python3.10/site-packages/oslo_context/context.py:100: DeprecationWarning: Policy enforcement is depending on the value of is_admin. This key is deprecated. Please update your policy file to use the standard policy values. warnings.warn('Policy enforcement is depending on the value of '
2026-07-15 23:03:38.566 8 INFO cinder.volume.api [None req-24940d6a-4aad-4405-bbed-dba78b394ee2 a4c63fa821bb4f72a642c5446e22b397 f556d07622234814a73c6028a261a52e - - default default] Volume info retrieved successfully.
2026-07-15 23:03:38.571 8 INFO cinder.api.openstack.wsgi [None req-24940d6a-4aad-4405-bbed-dba78b394ee2 a4c63fa821bb4f72a642c5446e22b397 f556d07622234814a73c6028a261a52e - - default default] http://cinder-api.openstack.svc.cluster.local:8776/v3/f556d07622234814a73c6028a261a52e/volumes/2e0dd2b1-fe2e-42d2-9020-6d8f37f0dd09 returned with HTTP 200 [pid: 8|app: 0|req: 450/905] 10.0.0.188 () {32 vars in 775 bytes} [Wed Jul 15 23:03:38 2026] GET /v3/f556d07622234814a73c6028a261a52e/volumes/2e0dd2b1-fe2e-42d2-9020-6d8f37f0dd09 => generated 939 bytes in 30 msecs (HTTP/1.1 200) 7 headers in 285 bytes (1 switches on core 0) /var/lib/openstack/lib/python3.10/site-packages/pycadf/identifier.py:71: UserWarning: Invalid uuid: cinderv3. To ensure interoperability, identifiers should be a valid uuid. warnings.warn(('Invalid uuid: %s. To ensure interoperability, '
2026-07-15 23:03:39.597 7 INFO cinder.api.openstack.wsgi [None req-2aea5e29-3b4c-4ee0-83d8-f4f5fcf18a6f a4c63fa821bb4f72a642c5446e22b397 f556d07622234814a73c6028a261a52e - - default default] GET http://cinder-api.openstack.svc.cluster.local:8776/v3/f556d07622234814a73c6028a261a52e/volumes/2e0dd2b1-fe2e-42d2-9020-6d8f37f0dd09 /var/lib/openstack/lib/python3.10/site-packages/oslo_context/context.py:100: DeprecationWarning: Policy enforcement is depending on the value of is_admin. This key is deprecated. Please update your policy file to use the standard policy values. warnings.warn('Policy enforcement is depending on the value of '
2026-07-15 23:03:39.616 7 INFO cinder.volume.api [None req-2aea5e29-3b4c-4ee0-83d8-f4f5fcf18a6f a4c63fa821bb4f72a642c5446e22b397 f556d07622234814a73c6028a261a52e - - default default] Volume info retrieved successfully.
2026-07-15 23:03:39.624 7 INFO cinder.api.openstack.wsgi [None req-2aea5e29-3b4c-4ee0-83d8-f4f5fcf18a6f a4c63fa821bb4f72a642c5446e22b397 f556d07622234814a73c6028a261a52e - - default default] http://cinder-api.openstack.svc.cluster.local:8776/v3/f556d07622234814a73c6028a261a52e/volumes/2e0dd2b1-fe2e-42d2-9020-6d8f37f0dd09 returned with HTTP 200 [pid: 7|app: 0|req: 456/906] 10.0.0.188 () {32 vars in 775 bytes} [Wed Jul 15 23:03:39 2026] GET /v3/f556d07622234814a73c6028a261a52e/volumes/2e0dd2b1-fe2e-42d2-9020-6d8f37f0dd09 => generated 964 bytes in 34 msecs (HTTP/1.1 200) 7 headers in 285 bytes (1 switches on core 0) /var/lib/openstack/lib/python3.10/site-packages/pycadf/identifier.py:71: UserWarning: Invalid uuid: cinderv3. To ensure interoperability, identifiers should be a valid uuid. warnings.warn(('Invalid uuid: %s. To ensure interoperability, '
2026-07-15 23:03:39.646 8 INFO cinder.api.openstack.wsgi [None req-300f0791-88f5-4a0a-b48c-119a6b37a446 a4c63fa821bb4f72a642c5446e22b397 f556d07622234814a73c6028a261a52e - - default default] GET http://cinder-api.openstack.svc.cluster.local:8776/v3/f556d07622234814a73c6028a261a52e/volumes/2e0dd2b1-fe2e-42d2-9020-6d8f37f0dd09 /var/lib/openstack/lib/python3.10/site-packages/oslo_context/context.py:100: DeprecationWarning: Policy enforcement is depending on the value of is_admin. This key is deprecated. Please update your policy file to use the standard policy values. warnings.warn('Policy enforcement is depending on the value of '
2026-07-15 23:03:39.665 8 INFO cinder.volume.api [None req-300f0791-88f5-4a0a-b48c-119a6b37a446 a4c63fa821bb4f72a642c5446e22b397 f556d07622234814a73c6028a261a52e - - default default] Volume info retrieved successfully.
2026-07-15 23:03:39.674 8 INFO cinder.api.openstack.wsgi [None req-300f0791-88f5-4a0a-b48c-119a6b37a446 a4c63fa821bb4f72a642c5446e22b397 f556d07622234814a73c6028a261a52e - - default default] http://cinder-api.openstack.svc.cluster.local:8776/v3/f556d07622234814a73c6028a261a52e/volumes/2e0dd2b1-fe2e-42d2-9020-6d8f37f0dd09 returned with HTTP 200 [pid: 8|app: 0|req: 451/907] 10.0.0.188 () {32 vars in 775 bytes} [Wed Jul 15 23:03:39 2026] GET /v3/f556d07622234814a73c6028a261a52e/volumes/2e0dd2b1-fe2e-42d2-9020-6d8f37f0dd09 => generated 964 bytes in 37 msecs (HTTP/1.1 200) 7 headers in 285 bytes (1 switches on core 0) /var/lib/openstack/lib/python3.10/site-packages/pycadf/identifier.py:71: UserWarning: Invalid uuid: cinderv3. To ensure interoperability, identifiers should be a valid uuid. warnings.warn(('Invalid uuid: %s. To ensure interoperability, '
