2026-07-15 23:04:53.753 6 INFO placement.requestlog [None req-f7d8ed91-cb6e-473e-a876-dad18a58a82e e5a17ba413fc4f789aae938000094494 f84d996e188e47cdb5bfc3942b9391ab - - c1a215bdbc7d436398f1685883604dde c1a215bdbc7d436398f1685883604dde] 10.0.0.236 "DELETE /resource_providers/eb2f3b02-e50a-49d3-80ed-4b51db3c2978" status: 404 len: 246 microversion: 1.1 [pid: 6|app: 0|req: 611/1237] 10.0.0.236 () {34 vars in 816 bytes} [Wed Jul 15 23:04:53 2026] DELETE /resource_providers/eb2f3b02-e50a-49d3-80ed-4b51db3c2978 => generated 246 bytes in 10 msecs (HTTP/1.1 404) 6 headers in 231 bytes (1 switches on core 0)
2026-07-15 23:04:53.769 7 INFO placement.requestlog [None req-797f75ff-482e-4a63-a2a5-1cd22f92e309 e5a17ba413fc4f789aae938000094494 f84d996e188e47cdb5bfc3942b9391ab - - c1a215bdbc7d436398f1685883604dde c1a215bdbc7d436398f1685883604dde] 10.0.0.236 "DELETE /resource_providers/eb2f3b02-e50a-49d3-80ed-4b51db3c2978" status: 404 len: 246 microversion: 1.1 [pid: 7|app: 0|req: 627/1238] 10.0.0.236 () {34 vars in 816 bytes} [Wed Jul 15 23:04:53 2026] DELETE /resource_providers/eb2f3b02-e50a-49d3-80ed-4b51db3c2978 => generated 246 bytes in 20 msecs (HTTP/1.1 404) 6 headers in 231 bytes (1 switches on core 0)
2026-07-15 23:05:03.749 6 INFO placement.requestlog [None req-deefd4ad-3c9d-4a4f-9f97-8aa0ea0bff1c - - - - - -] 10.0.0.20 "GET /" status: 200 len: 136 microversion: 1.0
2026-07-15 23:05:03.749 7 INFO placement.requestlog [None req-acb6a4f2-d7fa-4730-aacd-f4f36f4183ce - - - - - -] 10.0.0.20 "GET /" status: 200 len: 136 microversion: 1.0
2026-07-15 23:05:13.749 6 INFO placement.requestlog [None req-fe94b7b4-5f05-4f82-a8bb-d8dacc73da87 - - - - - -] 10.0.0.20 "GET /" status: 200 len: 136 microversion: 1.0
2026-07-15 23:05:13.750 7 INFO placement.requestlog [None req-89fa0566-e784-4001-a1bf-daf49dc69b85 - - - - - -] 10.0.0.20 "GET /" status: 200 len: 136 microversion: 1.0
2026-07-15 23:05:14.363 7 INFO placement.requestlog [None req-ccf3355f-e4ea-48d9-9462-2454afd397d3 e5a17ba413fc4f789aae938000094494 f84d996e188e47cdb5bfc3942b9391ab - - c1a215bdbc7d436398f1685883604dde c1a215bdbc7d436398f1685883604dde] 10.0.0.236 "GET /resource_providers/df720e85-943d-4ae3-8824-92cc67bc4ffa/aggregates" status: 404 len: 235 microversion: 1.1 [pid: 7|app: 0|req: 630/1243] 10.0.0.236 () {32 vars in 816 bytes} [Wed Jul 15 23:05:14 2026] GET /resource_providers/df720e85-943d-4ae3-8824-92cc67bc4ffa/aggregates => generated 235 bytes in 9 msecs (HTTP/1.1 404) 5 headers in 202 bytes (1 switches on core 0)
2026-07-15 23:05:14.373 6 INFO placement.requestlog [None req-7c6f31e6-63b8-4864-b032-542d599ffd85 e5a17ba413fc4f789aae938000094494 f84d996e188e47cdb5bfc3942b9391ab - - c1a215bdbc7d436398f1685883604dde c1a215bdbc7d436398f1685883604dde] 10.0.0.236 "GET /resource_providers/df720e85-943d-4ae3-8824-92cc67bc4ffa/aggregates" status: 404 len: 235 microversion: 1.1 [pid: 6|app: 0|req: 614/1244] 10.0.0.236 () {32 vars in 816 bytes} [Wed Jul 15 23:05:14 2026] GET /resource_providers/df720e85-943d-4ae3-8824-92cc67bc4ffa/aggregates => generated 235 bytes in 19 msecs (HTTP/1.1 404) 5 headers in 202 bytes (1 switches on core 0)
2026-07-15 23:05:14.386 7 INFO placement.requestlog [None req-39f69c54-219e-49ac-9899-f7c80cc6ed92 e5a17ba413fc4f789aae938000094494 f84d996e188e47cdb5bfc3942b9391ab - - c1a215bdbc7d436398f1685883604dde c1a215bdbc7d436398f1685883604dde] 10.0.0.236 "DELETE /resource_providers/df720e85-943d-4ae3-8824-92cc67bc4ffa" status: 404 len: 246 microversion: 1.1 [pid: 7|app: 0|req: 631/1245] 10.0.0.236 () {34 vars in 816 bytes} [Wed Jul 15 23:05:14 2026] DELETE /resource_providers/df720e85-943d-4ae3-8824-92cc67bc4ffa => generated 246 bytes in 9 msecs (HTTP/1.1 404) 6 headers in 231 bytes (1 switches on core 0)
2026-07-15 23:05:14.394 6 INFO placement.requestlog [None req-8e420828-191d-4cbc-8f8a-93d318586095 e5a17ba413fc4f789aae938000094494 f84d996e188e47cdb5bfc3942b9391ab - - c1a215bdbc7d436398f1685883604dde c1a215bdbc7d436398f1685883604dde] 10.0.0.236 "DELETE /resource_providers/df720e85-943d-4ae3-8824-92cc67bc4ffa" status: 404 len: 246 microversion: 1.1 [pid: 6|app: 0|req: 615/1246] 10.0.0.236 () {34 vars in 816 bytes} [Wed Jul 15 23:05:14 2026] DELETE /resource_providers/df720e85-943d-4ae3-8824-92cc67bc4ffa => generated 246 bytes in 9 msecs (HTTP/1.1 404) 6 headers in 231 bytes (1 switches on core 0)
2026-07-15 23:05:14.613 7 INFO placement.requestlog [None req-2b6cf7de-e15b-4a20-8845-b7955a077774 e5a17ba413fc4f789aae938000094494 f84d996e188e47cdb5bfc3942b9391ab - - c1a215bdbc7d436398f1685883604dde c1a215bdbc7d436398f1685883604dde] 10.0.0.236 "GET /resource_providers/e5a310c4-1a09-4331-bdd2-b09d5a1da73e/aggregates" status: 404 len: 235 microversion: 1.1
2026-07-15 23:05:14.613 6 INFO placement.requestlog [None req-99abbb33-5de3-409a-9746-9801ba0084b0 e5a17ba413fc4f789aae938000094494 f84d996e188e47cdb5bfc3942b9391ab - - c1a215bdbc7d436398f1685883604dde c1a215bdbc7d436398f1685883604dde] 10.0.0.236 "GET /resource_providers/e5a310c4-1a09-4331-bdd2-b09d5a1da73e/aggregates" status: 404 len: 235 microversion: 1.1 [pid: 7|app: 0|req: 632/1247] 10.0.0.236 () {32 vars in 816 bytes} [Wed Jul 15 23:05:14 2026] GET /resource_providers/e5a310c4-1a09-4331-bdd2-b09d5a1da73e/aggregates => generated 235 bytes in 13 msecs (HTTP/1.1 404) 5 headers in 202 bytes (1 switches on core 0) [pid: 6|app: 0|req: 616/1248] 10.0.0.236 () {32 vars in 816 bytes} [Wed Jul 15 23:05:14 2026] GET /resource_providers/e5a310c4-1a09-4331-bdd2-b09d5a1da73e/aggregates => generated 235 bytes in 13 msecs (HTTP/1.1 404) 5 headers in 202 bytes (1 switches on core 0)
2026-07-15 23:05:14.647 7 INFO placement.requestlog [None req-b80887ee-9bc8-4008-9e7e-49b81e16170a e5a17ba413fc4f789aae938000094494 f84d996e188e47cdb5bfc3942b9391ab - - c1a215bdbc7d436398f1685883604dde c1a215bdbc7d436398f1685883604dde] 10.0.0.236 "DELETE /resource_providers/e5a310c4-1a09-4331-bdd2-b09d5a1da73e" status: 404 len: 246 microversion: 1.1 [pid: 7|app: 0|req: 633/1249] 10.0.0.236 () {34 vars in 816 bytes} [Wed Jul 15 23:05:14 2026] DELETE /resource_providers/e5a310c4-1a09-4331-bdd2-b09d5a1da73e => generated 246 bytes in 9 msecs (HTTP/1.1 404) 6 headers in 231 bytes (1 switches on core 0)
2026-07-15 23:05:14.649 6 INFO placement.requestlog [None req-9c09a19a-95a8-43e5-896f-7b8cc4efc5db e5a17ba413fc4f789aae938000094494 f84d996e188e47cdb5bfc3942b9391ab - - c1a215bdbc7d436398f1685883604dde c1a215bdbc7d436398f1685883604dde] 10.0.0.236 "DELETE /resource_providers/e5a310c4-1a09-4331-bdd2-b09d5a1da73e" status: 404 len: 246 microversion: 1.1 [pid: 6|app: 0|req: 617/1250] 10.0.0.236 () {34 vars in 816 bytes} [Wed Jul 15 23:05:14 2026] DELETE /resource_providers/e5a310c4-1a09-4331-bdd2-b09d5a1da73e => generated 246 bytes in 10 msecs (HTTP/1.1 404) 6 headers in 231 bytes (1 switches on core 0)
2026-07-15 23:05:16.117 7 INFO placement.requestlog [req-144f6c4d-4883-449e-9a6b-060a505d3601 req-e1c899ff-013d-4a32-afea-1dc850146251 ef91ea9f4ea6468d8d4f06892dbd9c71 f84d996e188e47cdb5bfc3942b9391ab - - c1a215bdbc7d436398f1685883604dde c1a215bdbc7d436398f1685883604dde] 10.0.0.83 "GET /allocation_candidates?limit=1000&resources=MEMORY_MB%3A2048%2CVCPU%3A2&root_required=%21COMPUTE_STATUS_DISABLED" status: 200 len: 2137 microversion: 1.36 [pid: 7|app: 0|req: 634/1251] 10.0.0.83 () {34 vars in 985 bytes} [Wed Jul 15 23:05:16 2026] GET /allocation_candidates?limit=1000&resources=MEMORY_MB%3A2048%2CVCPU%3A2&root_required=%21COMPUTE_STATUS_DISABLED => generated 2137 bytes in 66 msecs (HTTP/1.1 200) 8 headers in 297 bytes (1 switches on core 0)
2026-07-15 23:05:16.150 6 INFO placement.requestlog [req-144f6c4d-4883-449e-9a6b-060a505d3601 req-cf7026a7-c0c2-43ef-8f06-e5b14f160ce0 ef91ea9f4ea6468d8d4f06892dbd9c71 f84d996e188e47cdb5bfc3942b9391ab - - c1a215bdbc7d436398f1685883604dde c1a215bdbc7d436398f1685883604dde] 10.0.0.83 "GET /allocations/41fedb7d-8973-4775-b374-ceb652432a99" status: 200 len: 19 microversion: 1.28 [pid: 6|app: 0|req: 618/1252] 10.0.0.83 () {34 vars in 860 bytes} [Wed Jul 15 23:05:16 2026] GET /allocations/41fedb7d-8973-4775-b374-ceb652432a99 => generated 19 bytes in 10 msecs (HTTP/1.1 200) 8 headers in 295 bytes (1 switches on core 0)
2026-07-15 23:05:16.231 7 INFO placement.requestlog [req-144f6c4d-4883-449e-9a6b-060a505d3601 req-6aed50a1-ea67-43d7-9ed1-42f300dca2a2 ef91ea9f4ea6468d8d4f06892dbd9c71 f84d996e188e47cdb5bfc3942b9391ab - - c1a215bdbc7d436398f1685883604dde c1a215bdbc7d436398f1685883604dde] 10.0.0.83 "PUT /allocations/41fedb7d-8973-4775-b374-ceb652432a99" status: 204 len: 0 microversion: 1.36 [pid: 7|app: 0|req: 635/1253] 10.0.0.83 () {38 vars in 913 bytes} [Wed Jul 15 23:05:16 2026] PUT /allocations/41fedb7d-8973-4775-b374-ceb652432a99 => generated 0 bytes in 73 msecs (HTTP/1.1 204) 5 headers in 199 bytes (1 switches on core 0)
2026-07-15 23:05:16.482 6 INFO placement.requestlog [None req-154740c4-cafb-4570-a956-8510901f0466 e5a17ba413fc4f789aae938000094494 f84d996e188e47cdb5bfc3942b9391ab - - c1a215bdbc7d436398f1685883604dde c1a215bdbc7d436398f1685883604dde] 10.0.0.236 "GET /resource_providers/4ecc86f4-1e69-40da-a978-8e558e7988dd/aggregates" status: 404 len: 235 microversion: 1.1 [pid: 6|app: 0|req: 619/1254] 10.0.0.236 () {32 vars in 816 bytes} [Wed Jul 15 23:05:16 2026] GET /resource_providers/4ecc86f4-1e69-40da-a978-8e558e7988dd/aggregates => generated 235 bytes in 12 msecs (HTTP/1.1 404) 5 headers in 202 bytes (1 switches on core 0)
2026-07-15 23:05:16.483 7 INFO placement.requestlog [None req-ec35e41a-64ea-45ae-b130-913ec605634a e5a17ba413fc4f789aae938000094494 f84d996e188e47cdb5bfc3942b9391ab - - c1a215bdbc7d436398f1685883604dde c1a215bdbc7d436398f1685883604dde] 10.0.0.236 "GET /resource_providers/4ecc86f4-1e69-40da-a978-8e558e7988dd/aggregates" status: 404 len: 235 microversion: 1.1 [pid: 7|app: 0|req: 636/1255] 10.0.0.236 () {32 vars in 816 bytes} [Wed Jul 15 23:05:16 2026] GET /resource_providers/4ecc86f4-1e69-40da-a978-8e558e7988dd/aggregates => generated 235 bytes in 12 msecs (HTTP/1.1 404) 5 headers in 202 bytes (1 switches on core 0)
2026-07-15 23:05:16.494 6 INFO placement.requestlog [req-144f6c4d-4883-449e-9a6b-060a505d3601 req-bd5e2fc5-6195-4ff2-8196-d8f0fee3102a ef91ea9f4ea6468d8d4f06892dbd9c71 f84d996e188e47cdb5bfc3942b9391ab - - c1a215bdbc7d436398f1685883604dde c1a215bdbc7d436398f1685883604dde] 199.204.45.116 "GET /allocations/41fedb7d-8973-4775-b374-ceb652432a99" status: 200 len: 245 microversion: 1.28 [pid: 6|app: 0|req: 620/1256] 199.204.45.116 () {34 vars in 863 bytes} [Wed Jul 15 23:05:16 2026] GET /allocations/41fedb7d-8973-4775-b374-ceb652432a99 => generated 245 bytes in 12 msecs (HTTP/1.1 200) 8 headers in 296 bytes (1 switches on core 0)
2026-07-15 23:05:16.507 7 INFO placement.requestlog [None req-75fab7a6-7031-4730-8896-1fc9f037b213 e5a17ba413fc4f789aae938000094494 f84d996e188e47cdb5bfc3942b9391ab - - c1a215bdbc7d436398f1685883604dde c1a215bdbc7d436398f1685883604dde] 10.0.0.236 "DELETE /resource_providers/4ecc86f4-1e69-40da-a978-8e558e7988dd" status: 404 len: 246 microversion: 1.1 [pid: 7|app: 0|req: 637/1257] 10.0.0.236 () {34 vars in 816 bytes} [Wed Jul 15 23:05:16 2026] DELETE /resource_providers/4ecc86f4-1e69-40da-a978-8e558e7988dd => generated 246 bytes in 11 msecs (HTTP/1.1 404) 6 headers in 231 bytes (1 switches on core 0)
2026-07-15 23:05:16.508 6 INFO placement.requestlog [None req-8ef821fe-8d5f-4fc8-b70a-2fc2fdf1ab5b e5a17ba413fc4f789aae938000094494 f84d996e188e47cdb5bfc3942b9391ab - - c1a215bdbc7d436398f1685883604dde c1a215bdbc7d436398f1685883604dde] 10.0.0.236 "DELETE /resource_providers/4ecc86f4-1e69-40da-a978-8e558e7988dd" status: 404 len: 246 microversion: 1.1 [pid: 6|app: 0|req: 621/1258] 10.0.0.236 () {34 vars in 816 bytes} [Wed Jul 15 23:05:16 2026] DELETE /resource_providers/4ecc86f4-1e69-40da-a978-8e558e7988dd => generated 246 bytes in 13 msecs (HTTP/1.1 404) 6 headers in 231 bytes (1 switches on core 0)
2026-07-15 23:05:16.622 7 INFO placement.requestlog [req-144f6c4d-4883-449e-9a6b-060a505d3601 req-4986c9ea-8cff-474b-89db-fe3ae3da6961 ef91ea9f4ea6468d8d4f06892dbd9c71 f84d996e188e47cdb5bfc3942b9391ab - - c1a215bdbc7d436398f1685883604dde c1a215bdbc7d436398f1685883604dde] 199.204.45.116 "GET /resource_providers/24faf516-c7ab-46a0-9d3a-d6c127a30748/allocations" status: 200 len: 340 microversion: 1.0 [pid: 7|app: 0|req: 638/1259] 199.204.45.116 () {32 vars in 857 bytes} [Wed Jul 15 23:05:16 2026] GET /resource_providers/24faf516-c7ab-46a0-9d3a-d6c127a30748/allocations => generated 340 bytes in 20 msecs (HTTP/1.1 200) 6 headers in 224 bytes (1 switches on core 0)
2026-07-15 23:05:16.643 6 INFO placement.requestlog [req-144f6c4d-4883-449e-9a6b-060a505d3601 req-0e950285-2929-4215-89d0-5de95222d303 ef91ea9f4ea6468d8d4f06892dbd9c71 f84d996e188e47cdb5bfc3942b9391ab - - c1a215bdbc7d436398f1685883604dde c1a215bdbc7d436398f1685883604dde] 199.204.45.116 "GET /allocations/5b624b2d-a964-43d1-98bf-14bc9d553164" status: 200 len: 258 microversion: 1.28 [pid: 6|app: 0|req: 622/1260] 199.204.45.116 () {34 vars in 863 bytes} [Wed Jul 15 23:05:16 2026] GET /allocations/5b624b2d-a964-43d1-98bf-14bc9d553164 => generated 258 bytes in 14 msecs (HTTP/1.1 200) 8 headers in 296 bytes (1 switches on core 0)
2026-07-15 23:05:16.660 7 INFO placement.requestlog [req-144f6c4d-4883-449e-9a6b-060a505d3601 req-5e8903b9-8b76-4590-b73f-22181ffd5c7e ef91ea9f4ea6468d8d4f06892dbd9c71 f84d996e188e47cdb5bfc3942b9391ab - - c1a215bdbc7d436398f1685883604dde c1a215bdbc7d436398f1685883604dde] 199.204.45.116 "GET /allocations/41fedb7d-8973-4775-b374-ceb652432a99" status: 200 len: 245 microversion: 1.28 [pid: 7|app: 0|req: 639/1261] 199.204.45.116 () {34 vars in 863 bytes} [Wed Jul 15 23:05:16 2026] GET /allocations/41fedb7d-8973-4775-b374-ceb652432a99 => generated 245 bytes in 11 msecs (HTTP/1.1 200) 8 headers in 296 bytes (1 switches on core 0)
2026-07-15 23:05:16.681 6 INFO placement.requestlog [req-144f6c4d-4883-449e-9a6b-060a505d3601 req-aa39c8e6-584e-4608-9eb5-5a332a4aef63 ef91ea9f4ea6468d8d4f06892dbd9c71 f84d996e188e47cdb5bfc3942b9391ab - - c1a215bdbc7d436398f1685883604dde c1a215bdbc7d436398f1685883604dde] 199.204.45.116 "GET /allocations/912f3f3f-bf3f-4555-8d80-72f3fba030d1" status: 200 len: 258 microversion: 1.28 [pid: 6|app: 0|req: 623/1262] 199.204.45.116 () {34 vars in 863 bytes} [Wed Jul 15 23:05:16 2026] GET /allocations/912f3f3f-bf3f-4555-8d80-72f3fba030d1 => generated 258 bytes in 12 msecs (HTTP/1.1 200) 8 headers in 296 bytes (1 switches on core 0)
2026-07-15 23:05:16.700 6 INFO placement.requestlog [None req-28ef539c-b977-4ae6-bf07-c32e6f7a928f e5a17ba413fc4f789aae938000094494 f84d996e188e47cdb5bfc3942b9391ab - - c1a215bdbc7d436398f1685883604dde c1a215bdbc7d436398f1685883604dde] 10.0.0.236 "GET /resource_providers/372329b6-f1bc-4d5c-ae3e-3faf3bda4199/aggregates" status: 404 len: 235 microversion: 1.1 [pid: 6|app: 0|req: 624/1263] 10.0.0.236 () {32 vars in 816 bytes} [Wed Jul 15 23:05:16 2026] GET /resource_providers/372329b6-f1bc-4d5c-ae3e-3faf3bda4199/aggregates => generated 235 bytes in 6 msecs (HTTP/1.1 404) 5 headers in 202 bytes (1 switches on core 0)
2026-07-15 23:05:16.707 7 INFO placement.requestlog [None req-71623ce1-df2c-4210-997e-dbb27bc65ad6 e5a17ba413fc4f789aae938000094494 f84d996e188e47cdb5bfc3942b9391ab - - c1a215bdbc7d436398f1685883604dde c1a215bdbc7d436398f1685883604dde] 10.0.0.236 "GET /resource_providers/372329b6-f1bc-4d5c-ae3e-3faf3bda4199/aggregates" status: 404 len: 235 microversion: 1.1 [pid: 7|app: 0|req: 640/1264] 10.0.0.236 () {32 vars in 816 bytes} [Wed Jul 15 23:05:16 2026] GET /resource_providers/372329b6-f1bc-4d5c-ae3e-3faf3bda4199/aggregates => generated 235 bytes in 15 msecs (HTTP/1.1 404) 5 headers in 202 bytes (1 switches on core 0)
2026-07-15 23:05:16.737 6 INFO placement.requestlog [None req-35341d44-bc1a-4510-a309-bdfd2ede5b9b e5a17ba413fc4f789aae938000094494 f84d996e188e47cdb5bfc3942b9391ab - - c1a215bdbc7d436398f1685883604dde c1a215bdbc7d436398f1685883604dde] 10.0.0.236 "DELETE /resource_providers/372329b6-f1bc-4d5c-ae3e-3faf3bda4199" status: 404 len: 246 microversion: 1.1 [pid: 6|app: 0|req: 625/1265] 10.0.0.236 () {34 vars in 816 bytes} [Wed Jul 15 23:05:16 2026] DELETE /resource_providers/372329b6-f1bc-4d5c-ae3e-3faf3bda4199 => generated 246 bytes in 8 msecs (HTTP/1.1 404) 6 headers in 231 bytes (1 switches on core 0)
2026-07-15 23:05:16.744 7 INFO placement.requestlog [None req-101995c6-1f6f-4975-a27b-fd9411c0ef64 e5a17ba413fc4f789aae938000094494 f84d996e188e47cdb5bfc3942b9391ab - - c1a215bdbc7d436398f1685883604dde c1a215bdbc7d436398f1685883604dde] 10.0.0.236 "DELETE /resource_providers/372329b6-f1bc-4d5c-ae3e-3faf3bda4199" status: 404 len: 246 microversion: 1.1 [pid: 7|app: 0|req: 641/1266] 10.0.0.236 () {34 vars in 816 bytes} [Wed Jul 15 23:05:16 2026] DELETE /resource_providers/372329b6-f1bc-4d5c-ae3e-3faf3bda4199 => generated 246 bytes in 15 msecs (HTTP/1.1 404) 6 headers in 231 bytes (1 switches on core 0)
2026-07-15 23:05:16.751 6 INFO placement.requestlog [None req-c34809a7-7b24-4876-b6af-1c9d76b79222 e5a17ba413fc4f789aae938000094494 f84d996e188e47cdb5bfc3942b9391ab - - c1a215bdbc7d436398f1685883604dde c1a215bdbc7d436398f1685883604dde] 10.0.0.236 "GET /resource_providers/7016d40e-3b65-45e7-b0e0-91c3326bc820/aggregates" status: 404 len: 235 microversion: 1.1 [pid: 6|app: 0|req: 626/1267] 10.0.0.236 () {32 vars in 816 bytes} [Wed Jul 15 23:05:16 2026] GET /resource_providers/7016d40e-3b65-45e7-b0e0-91c3326bc820/aggregates => generated 235 bytes in 6 msecs (HTTP/1.1 404) 5 headers in 202 bytes (1 switches on core 0)
2026-07-15 23:05:16.764 7 INFO placement.requestlog [None req-f8474004-3344-4d9a-84b3-2912a303afeb e5a17ba413fc4f789aae938000094494 f84d996e188e47cdb5bfc3942b9391ab - - c1a215bdbc7d436398f1685883604dde c1a215bdbc7d436398f1685883604dde] 10.0.0.236 "GET /resource_providers/7016d40e-3b65-45e7-b0e0-91c3326bc820/aggregates" status: 404 len: 235 microversion: 1.1 [pid: 7|app: 0|req: 642/1268] 10.0.0.236 () {32 vars in 816 bytes} [Wed Jul 15 23:05:16 2026] GET /resource_providers/7016d40e-3b65-45e7-b0e0-91c3326bc820/aggregates => generated 235 bytes in 12 msecs (HTTP/1.1 404) 5 headers in 202 bytes (1 switches on core 0)
2026-07-15 23:05:16.771 6 INFO placement.requestlog [None req-4abad54a-feec-45c8-ba91-2aa46a882682 e5a17ba413fc4f789aae938000094494 f84d996e188e47cdb5bfc3942b9391ab - - c1a215bdbc7d436398f1685883604dde c1a215bdbc7d436398f1685883604dde] 10.0.0.236 "DELETE /resource_providers/7016d40e-3b65-45e7-b0e0-91c3326bc820" status: 404 len: 246 microversion: 1.1 [pid: 6|app: 0|req: 627/1269] 10.0.0.236 () {34 vars in 816 bytes} [Wed Jul 15 23:05:16 2026] DELETE /resource_providers/7016d40e-3b65-45e7-b0e0-91c3326bc820 => generated 246 bytes in 14 msecs (HTTP/1.1 404) 6 headers in 231 bytes (1 switches on core 0)
2026-07-15 23:05:16.793 7 INFO placement.requestlog [None req-be8b69ee-b838-4fe7-af69-544f4a6c0f57 e5a17ba413fc4f789aae938000094494 f84d996e188e47cdb5bfc3942b9391ab - - c1a215bdbc7d436398f1685883604dde c1a215bdbc7d436398f1685883604dde] 10.0.0.236 "DELETE /resource_providers/7016d40e-3b65-45e7-b0e0-91c3326bc820" status: 404 len: 246 microversion: 1.1 [pid: 7|app: 0|req: 643/1270] 10.0.0.236 () {34 vars in 816 bytes} [Wed Jul 15 23:05:16 2026] DELETE /resource_providers/7016d40e-3b65-45e7-b0e0-91c3326bc820 => generated 246 bytes in 15 msecs (HTTP/1.1 404) 6 headers in 231 bytes (1 switches on core 0)
2026-07-15 23:05:22.733 6 INFO placement.requestlog [None req-0cdc3dc0-111b-4fdd-b2dd-a0f18cec59c3 e5a17ba413fc4f789aae938000094494 f84d996e188e47cdb5bfc3942b9391ab - - c1a215bdbc7d436398f1685883604dde c1a215bdbc7d436398f1685883604dde] 10.0.0.236 "GET /resource_providers/46f80787-97fd-434b-88bd-562f5a89d6ad/aggregates" status: 404 len: 235 microversion: 1.1 [pid: 6|app: 0|req: 628/1271] 10.0.0.236 () {32 vars in 816 bytes} [Wed Jul 15 23:05:22 2026] GET /resource_providers/46f80787-97fd-434b-88bd-562f5a89d6ad/aggregates => generated 235 bytes in 12 msecs (HTTP/1.1 404) 5 headers in 202 bytes (1 switches on core 0)
2026-07-15 23:05:22.736 7 INFO placement.requestlog [None req-b7a4cdac-97ac-47b1-a395-573b9c5d4272 e5a17ba413fc4f789aae938000094494 f84d996e188e47cdb5bfc3942b9391ab - - c1a215bdbc7d436398f1685883604dde c1a215bdbc7d436398f1685883604dde] 10.0.0.236 "GET /resource_providers/46f80787-97fd-434b-88bd-562f5a89d6ad/aggregates" status: 404 len: 235 microversion: 1.1 [pid: 7|app: 0|req: 644/1272] 10.0.0.236 () {32 vars in 816 bytes} [Wed Jul 15 23:05:22 2026] GET /resource_providers/46f80787-97fd-434b-88bd-562f5a89d6ad/aggregates => generated 235 bytes in 9 msecs (HTTP/1.1 404) 5 headers in 202 bytes (1 switches on core 0)
2026-07-15 23:05:22.762 6 INFO placement.requestlog [None req-12388557-e560-4e1c-9128-dec3229ccadb e5a17ba413fc4f789aae938000094494 f84d996e188e47cdb5bfc3942b9391ab - - c1a215bdbc7d436398f1685883604dde c1a215bdbc7d436398f1685883604dde] 10.0.0.236 "DELETE /resource_providers/46f80787-97fd-434b-88bd-562f5a89d6ad" status: 404 len: 246 microversion: 1.1 [pid: 6|app: 0|req: 629/1273] 10.0.0.236 () {34 vars in 816 bytes} [Wed Jul 15 23:05:22 2026] DELETE /resource_providers/46f80787-97fd-434b-88bd-562f5a89d6ad => generated 246 bytes in 12 msecs (HTTP/1.1 404) 6 headers in 231 bytes (1 switches on core 0)
2026-07-15 23:05:22.763 7 INFO placement.requestlog [None req-40e65e5e-da49-492d-9781-e05999e570db e5a17ba413fc4f789aae938000094494 f84d996e188e47cdb5bfc3942b9391ab - - c1a215bdbc7d436398f1685883604dde c1a215bdbc7d436398f1685883604dde] 10.0.0.236 "DELETE /resource_providers/46f80787-97fd-434b-88bd-562f5a89d6ad" status: 404 len: 246 microversion: 1.1 [pid: 7|app: 0|req: 645/1274] 10.0.0.236 () {34 vars in 816 bytes} [Wed Jul 15 23:05:22 2026] DELETE /resource_providers/46f80787-97fd-434b-88bd-562f5a89d6ad => generated 246 bytes in 13 msecs (HTTP/1.1 404) 6 headers in 231 bytes (1 switches on core 0)
2026-07-15 23:05:23.749 7 INFO placement.requestlog [None req-7b9c9d6d-04d3-489e-ac78-4a1b18ca9a50 - - - - - -] 10.0.0.20 "GET /" status: 200 len: 136 microversion: 1.0
2026-07-15 23:05:23.750 6 INFO placement.requestlog [None req-a97ca0e4-9ed0-43c5-a021-dab2cad1091d - - - - - -] 10.0.0.20 "GET /" status: 200 len: 136 microversion: 1.0
2026-07-15 23:05:32.196 6 INFO placement.requestlog [None req-00cd0c21-e833-477a-b90e-76f5a6b3dbe7 e5a17ba413fc4f789aae938000094494 f84d996e188e47cdb5bfc3942b9391ab - - c1a215bdbc7d436398f1685883604dde c1a215bdbc7d436398f1685883604dde] 10.0.0.236 "GET /resource_providers/aad55dc2-9708-4cb6-8df0-90241a4588fd/aggregates" status: 404 len: 235 microversion: 1.1
2026-07-15 23:05:32.196 7 INFO placement.requestlog [None req-c1aa372d-7f7c-47b8-b1e0-409d755e5def e5a17ba413fc4f789aae938000094494 f84d996e188e47cdb5bfc3942b9391ab - - c1a215bdbc7d436398f1685883604dde c1a215bdbc7d436398f1685883604dde] 10.0.0.236 "GET /resource_providers/aad55dc2-9708-4cb6-8df0-90241a4588fd/aggregates" status: 404 len: 235 microversion: 1.1 [pid: 6|app: 0|req: 631/1277] 10.0.0.236 () {32 vars in 816 bytes} [Wed Jul 15 23:05:32 2026] GET /resource_providers/aad55dc2-9708-4cb6-8df0-90241a4588fd/aggregates => generated 235 bytes in 12 msecs (HTTP/1.1 404) 5 headers in 202 bytes (1 switches on core 0) [pid: 7|app: 0|req: 647/1278] 10.0.0.236 () {32 vars in 816 bytes} [Wed Jul 15 23:05:32 2026] GET /resource_providers/aad55dc2-9708-4cb6-8df0-90241a4588fd/aggregates => generated 235 bytes in 12 msecs (HTTP/1.1 404) 5 headers in 202 bytes (1 switches on core 0)
2026-07-15 23:05:32.214 6 INFO placement.requestlog [None req-1db805ee-aee4-43ba-a84a-127eb6d2bed4 e5a17ba413fc4f789aae938000094494 f84d996e188e47cdb5bfc3942b9391ab - - c1a215bdbc7d436398f1685883604dde c1a215bdbc7d436398f1685883604dde] 10.0.0.236 "DELETE /resource_providers/aad55dc2-9708-4cb6-8df0-90241a4588fd" status: 404 len: 246 microversion: 1.1 [pid: 6|app: 0|req: 632/1279] 10.0.0.236 () {34 vars in 816 bytes} [Wed Jul 15 23:05:32 2026] DELETE /resource_providers/aad55dc2-9708-4cb6-8df0-90241a4588fd => generated 246 bytes in 8 msecs (HTTP/1.1 404) 6 headers in 231 bytes (1 switches on core 0)
2026-07-15 23:05:32.217 7 INFO placement.requestlog [None req-3c47c8ad-eafc-454f-8599-c811ae632471 e5a17ba413fc4f789aae938000094494 f84d996e188e47cdb5bfc3942b9391ab - - c1a215bdbc7d436398f1685883604dde c1a215bdbc7d436398f1685883604dde] 10.0.0.236 "DELETE /resource_providers/aad55dc2-9708-4cb6-8df0-90241a4588fd" status: 404 len: 246 microversion: 1.1 [pid: 7|app: 0|req: 648/1280] 10.0.0.236 () {34 vars in 816 bytes} [Wed Jul 15 23:05:32 2026] DELETE /resource_providers/aad55dc2-9708-4cb6-8df0-90241a4588fd => generated 246 bytes in 8 msecs (HTTP/1.1 404) 6 headers in 231 bytes (1 switches on core 0)
2026-07-15 23:05:33.749 6 INFO placement.requestlog [None req-79f0d45b-a650-4913-9db9-57a90a80c002 - - - - - -] 10.0.0.20 "GET /" status: 200 len: 136 microversion: 1.0
2026-07-15 23:05:33.749 7 INFO placement.requestlog [None req-27d75dc5-efa6-4c22-ab63-17002d9599a8 - - - - - -] 10.0.0.20 "GET /" status: 200 len: 136 microversion: 1.0
2026-07-15 23:05:39.592 7 INFO placement.requestlog [None req-adf62f21-d6ca-447b-8f5b-9b518e7bbd7f e5a17ba413fc4f789aae938000094494 f84d996e188e47cdb5bfc3942b9391ab - - c1a215bdbc7d436398f1685883604dde c1a215bdbc7d436398f1685883604dde] 10.0.0.236 "GET /resource_providers/6ebec901-174f-4150-87d4-7a44d64a6327/aggregates" status: 404 len: 235 microversion: 1.1 [pid: 7|app: 0|req: 650/1283] 10.0.0.236 () {32 vars in 816 bytes} [Wed Jul 15 23:05:39 2026] GET /resource_providers/6ebec901-174f-4150-87d4-7a44d64a6327/aggregates => generated 235 bytes in 144 msecs (HTTP/1.1 404) 5 headers in 202 bytes (1 switches on core 0)
2026-07-15 23:05:39.623 6 INFO placement.requestlog [None req-4db32c76-d659-4ff5-b071-b5c857682c4d e5a17ba413fc4f789aae938000094494 f84d996e188e47cdb5bfc3942b9391ab - - c1a215bdbc7d436398f1685883604dde c1a215bdbc7d436398f1685883604dde] 10.0.0.236 "GET /resource_providers/6ebec901-174f-4150-87d4-7a44d64a6327/aggregates" status: 404 len: 235 microversion: 1.1 [pid: 6|app: 0|req: 634/1284] 10.0.0.236 () {32 vars in 816 bytes} [Wed Jul 15 23:05:39 2026] GET /resource_providers/6ebec901-174f-4150-87d4-7a44d64a6327/aggregates => generated 235 bytes in 176 msecs (HTTP/1.1 404) 5 headers in 202 bytes (1 switches on core 0)
2026-07-15 23:05:40.447 6 INFO placement.requestlog [None req-d2781e85-0a1b-4dd8-a6f7-bc9ec2f92d80 e5a17ba413fc4f789aae938000094494 f84d996e188e47cdb5bfc3942b9391ab - - c1a215bdbc7d436398f1685883604dde c1a215bdbc7d436398f1685883604dde] 10.0.0.236 "DELETE /resource_providers/6ebec901-174f-4150-87d4-7a44d64a6327" status: 404 len: 246 microversion: 1.1 [pid: 6|app: 0|req: 635/1285] 10.0.0.236 () {34 vars in 816 bytes} [Wed Jul 15 23:05:40 2026] DELETE /resource_providers/6ebec901-174f-4150-87d4-7a44d64a6327 => generated 246 bytes in 15 msecs (HTTP/1.1 404) 6 headers in 231 bytes (1 switches on core 0)
2026-07-15 23:05:40.449 7 INFO placement.requestlog [None req-a4e2e764-e9d3-4c5d-b4ab-098485ea52b2 e5a17ba413fc4f789aae938000094494 f84d996e188e47cdb5bfc3942b9391ab - - c1a215bdbc7d436398f1685883604dde c1a215bdbc7d436398f1685883604dde] 10.0.0.236 "DELETE /resource_providers/6ebec901-174f-4150-87d4-7a44d64a6327" status: 404 len: 246 microversion: 1.1 [pid: 7|app: 0|req: 651/1286] 10.0.0.236 () {34 vars in 816 bytes} [Wed Jul 15 23:05:40 2026] DELETE /resource_providers/6ebec901-174f-4150-87d4-7a44d64a6327 => generated 246 bytes in 17 msecs (HTTP/1.1 404) 6 headers in 231 bytes (1 switches on core 0)
2026-07-15 23:05:43.749 6 INFO placement.requestlog [None req-a1f4ede4-f334-44a4-a031-36a2def60a54 - - - - - -] 10.0.0.20 "GET /" status: 200 len: 136 microversion: 1.0
2026-07-15 23:05:43.750 7 INFO placement.requestlog [None req-1b669732-8086-45f8-96e0-a16d86744bc1 - - - - - -] 10.0.0.20 "GET /" status: 200 len: 136 microversion: 1.0
2026-07-15 23:05:44.400 6 INFO placement.requestlog [req-767d7064-057e-4a57-a64c-0ab8d4f143c1 req-cd64e2b8-2c16-4b38-881d-4ceedbabbb53 ef91ea9f4ea6468d8d4f06892dbd9c71 f84d996e188e47cdb5bfc3942b9391ab - - c1a215bdbc7d436398f1685883604dde c1a215bdbc7d436398f1685883604dde] 199.204.45.116 "GET /resource_providers/24faf516-c7ab-46a0-9d3a-d6c127a30748/allocations" status: 200 len: 340 microversion: 1.0 [pid: 6|app: 0|req: 637/1289] 199.204.45.116 () {32 vars in 857 bytes} [Wed Jul 15 23:05:44 2026] GET /resource_providers/24faf516-c7ab-46a0-9d3a-d6c127a30748/allocations => generated 340 bytes in 17 msecs (HTTP/1.1 200) 6 headers in 224 bytes (1 switches on core 0)
2026-07-15 23:05:44.425 7 INFO placement.requestlog [req-767d7064-057e-4a57-a64c-0ab8d4f143c1 req-03fe1941-7005-4616-a56d-d109e423d287 ef91ea9f4ea6468d8d4f06892dbd9c71 f84d996e188e47cdb5bfc3942b9391ab - - c1a215bdbc7d436398f1685883604dde c1a215bdbc7d436398f1685883604dde] 199.204.45.116 "GET /resource_providers/24faf516-c7ab-46a0-9d3a-d6c127a30748/allocations" status: 200 len: 340 microversion: 1.0 [pid: 7|app: 0|req: 653/1290] 199.204.45.116 () {32 vars in 857 bytes} [Wed Jul 15 23:05:44 2026] GET /resource_providers/24faf516-c7ab-46a0-9d3a-d6c127a30748/allocations => generated 340 bytes in 17 msecs (HTTP/1.1 200) 6 headers in 224 bytes (1 switches on core 0)
2026-07-15 23:05:44.443 6 INFO placement.requestlog [req-767d7064-057e-4a57-a64c-0ab8d4f143c1 req-4e64b2bd-1d8f-4aca-b1c4-4d4c0f4e5858 ef91ea9f4ea6468d8d4f06892dbd9c71 f84d996e188e47cdb5bfc3942b9391ab - - c1a215bdbc7d436398f1685883604dde c1a215bdbc7d436398f1685883604dde] 199.204.45.116 "GET /allocations/5b624b2d-a964-43d1-98bf-14bc9d553164" status: 200 len: 258 microversion: 1.28 [pid: 6|app: 0|req: 638/1291] 199.204.45.116 () {34 vars in 863 bytes} [Wed Jul 15 23:05:44 2026] GET /allocations/5b624b2d-a964-43d1-98bf-14bc9d553164 => generated 258 bytes in 12 msecs (HTTP/1.1 200) 8 headers in 296 bytes (1 switches on core 0)
2026-07-15 23:05:44.462 7 INFO placement.requestlog [req-767d7064-057e-4a57-a64c-0ab8d4f143c1 req-0ddf15c3-df30-407d-866f-7514f40aac9e ef91ea9f4ea6468d8d4f06892dbd9c71 f84d996e188e47cdb5bfc3942b9391ab - - c1a215bdbc7d436398f1685883604dde c1a215bdbc7d436398f1685883604dde] 199.204.45.116 "GET /allocations/41fedb7d-8973-4775-b374-ceb652432a99" status: 200 len: 245 microversion: 1.28 [pid: 7|app: 0|req: 654/1292] 199.204.45.116 () {34 vars in 863 bytes} [Wed Jul 15 23:05:44 2026] GET /allocations/41fedb7d-8973-4775-b374-ceb652432a99 => generated 245 bytes in 13 msecs (HTTP/1.1 200) 8 headers in 296 bytes (1 switches on core 0)
2026-07-15 23:05:44.482 6 INFO placement.requestlog [req-767d7064-057e-4a57-a64c-0ab8d4f143c1 req-943fd552-1ef7-4e54-b943-80edbbd6b110 ef91ea9f4ea6468d8d4f06892dbd9c71 f84d996e188e47cdb5bfc3942b9391ab - - c1a215bdbc7d436398f1685883604dde c1a215bdbc7d436398f1685883604dde] 199.204.45.116 "GET /allocations/912f3f3f-bf3f-4555-8d80-72f3fba030d1" status: 200 len: 258 microversion: 1.28 [pid: 6|app: 0|req: 639/1293] 199.204.45.116 () {34 vars in 863 bytes} [Wed Jul 15 23:05:44 2026] GET /allocations/912f3f3f-bf3f-4555-8d80-72f3fba030d1 => generated 258 bytes in 12 msecs (HTTP/1.1 200) 8 headers in 296 bytes (1 switches on core 0)
2026-07-15 23:05:53.750 7 INFO placement.requestlog [None req-bf127630-fe11-453a-aa05-2a68f7185497 - - - - - -] 10.0.0.20 "GET /" status: 200 len: 136 microversion: 1.0
2026-07-15 23:05:53.750 6 INFO placement.requestlog [None req-a3eea817-933b-428e-90fd-f1b48439d931 - - - - - -] 10.0.0.20 "GET /" status: 200 len: 136 microversion: 1.0
2026-07-15 23:06:03.750 7 INFO placement.requestlog [None req-c23852e0-c9da-4f95-8e9e-a06debf475fe - - - - - -] 10.0.0.20 "GET /" status: 200 len: 136 microversion: 1.0
2026-07-15 23:06:03.751 6 INFO placement.requestlog [None req-5e3f9aeb-af04-464b-bb27-bc0078648a9b - - - - - -] 10.0.0.20 "GET /" status: 200 len: 136 microversion: 1.0
2026-07-15 23:06:13.750 7 INFO placement.requestlog [None req-2924264c-fdf3-4261-8c64-9ed74c0bddfe - - - - - -] 10.0.0.20 "GET /" status: 200 len: 136 microversion: 1.0
2026-07-15 23:06:13.750 6 INFO placement.requestlog [None req-97fa63f2-c730-4052-ab72-7d5e6f654258 - - - - - -] 10.0.0.20 "GET /" status: 200 len: 136 microversion: 1.0
2026-07-15 23:06:23.749 7 INFO placement.requestlog [None req-f0248130-3081-4084-afc1-83d511ee0afc - - - - - -] 10.0.0.20 "GET /" status: 200 len: 136 microversion: 1.0
2026-07-15 23:06:23.750 6 INFO placement.requestlog [None req-10c5bbaa-067c-4793-825c-87b2164dd35e - - - - - -] 10.0.0.20 "GET /" status: 200 len: 136 microversion: 1.0
2026-07-15 23:06:33.750 7 INFO placement.requestlog [None req-73a1e596-8194-4de1-b7fd-032366dad2b8 - - - - - -] 10.0.0.20 "GET /" status: 200 len: 136 microversion: 1.0
2026-07-15 23:06:33.750 6 INFO placement.requestlog [None req-07722c5a-3ae3-49d8-94bb-32d1a806b07a - - - - - -] 10.0.0.20 "GET /" status: 200 len: 136 microversion: 1.0
2026-07-15 23:06:43.749 6 INFO placement.requestlog [None req-42b23eb1-ea4f-482e-8c26-10cebe298cec - - - - - -] 10.0.0.20 "GET /" status: 200 len: 136 microversion: 1.0
2026-07-15 23:06:43.749 7 INFO placement.requestlog [None req-b9018cf5-2d47-4331-82ea-772d00dec29c - - - - - -] 10.0.0.20 "GET /" status: 200 len: 136 microversion: 1.0
2026-07-15 23:06:44.396 6 INFO placement.requestlog [req-5b99a483-2241-4a72-97ca-7c9655ddbf23 req-c26f3df0-1e82-4a22-80a5-6b2db162697c ef91ea9f4ea6468d8d4f06892dbd9c71 f84d996e188e47cdb5bfc3942b9391ab - - c1a215bdbc7d436398f1685883604dde c1a215bdbc7d436398f1685883604dde] 199.204.45.116 "GET /resource_providers/24faf516-c7ab-46a0-9d3a-d6c127a30748/allocations" status: 200 len: 340 microversion: 1.0 [pid: 6|app: 0|req: 646/1306] 199.204.45.116 () {32 vars in 857 bytes} [Wed Jul 15 23:06:44 2026] GET /resource_providers/24faf516-c7ab-46a0-9d3a-d6c127a30748/allocations => generated 340 bytes in 22 msecs (HTTP/1.1 200) 6 headers in 224 bytes (1 switches on core 0)
2026-07-15 23:06:44.421 7 INFO placement.requestlog [req-5b99a483-2241-4a72-97ca-7c9655ddbf23 req-60595744-dfd0-443e-bf4c-a4c40beb82c2 ef91ea9f4ea6468d8d4f06892dbd9c71 f84d996e188e47cdb5bfc3942b9391ab - - c1a215bdbc7d436398f1685883604dde c1a215bdbc7d436398f1685883604dde] 199.204.45.116 "GET /resource_providers/24faf516-c7ab-46a0-9d3a-d6c127a30748/allocations" status: 200 len: 340 microversion: 1.0 [pid: 7|app: 0|req: 661/1307] 199.204.45.116 () {32 vars in 857 bytes} [Wed Jul 15 23:06:44 2026] GET /resource_providers/24faf516-c7ab-46a0-9d3a-d6c127a30748/allocations => generated 340 bytes in 16 msecs (HTTP/1.1 200) 6 headers in 224 bytes (1 switches on core 0)
2026-07-15 23:06:44.444 6 INFO placement.requestlog [req-5b99a483-2241-4a72-97ca-7c9655ddbf23 req-195c71c4-f771-4836-9089-00b05ed5cf7f ef91ea9f4ea6468d8d4f06892dbd9c71 f84d996e188e47cdb5bfc3942b9391ab - - c1a215bdbc7d436398f1685883604dde c1a215bdbc7d436398f1685883604dde] 199.204.45.116 "GET /allocations/5b624b2d-a964-43d1-98bf-14bc9d553164" status: 200 len: 258 microversion: 1.28 [pid: 6|app: 0|req: 647/1308] 199.204.45.116 () {34 vars in 863 bytes} [Wed Jul 15 23:06:44 2026] GET /allocations/5b624b2d-a964-43d1-98bf-14bc9d553164 => generated 258 bytes in 15 msecs (HTTP/1.1 200) 8 headers in 296 bytes (1 switches on core 0)
2026-07-15 23:06:44.467 7 INFO placement.requestlog [req-5b99a483-2241-4a72-97ca-7c9655ddbf23 req-e04fb044-3e46-4177-9e28-c4caceb6f23c ef91ea9f4ea6468d8d4f06892dbd9c71 f84d996e188e47cdb5bfc3942b9391ab - - c1a215bdbc7d436398f1685883604dde c1a215bdbc7d436398f1685883604dde] 199.204.45.116 "GET /allocations/41fedb7d-8973-4775-b374-ceb652432a99" status: 200 len: 245 microversion: 1.28 [pid: 7|app: 0|req: 662/1309] 199.204.45.116 () {34 vars in 863 bytes} [Wed Jul 15 23:06:44 2026] GET /allocations/41fedb7d-8973-4775-b374-ceb652432a99 => generated 245 bytes in 14 msecs (HTTP/1.1 200) 8 headers in 296 bytes (1 switches on core 0)
2026-07-15 23:06:44.488 6 INFO placement.requestlog [req-5b99a483-2241-4a72-97ca-7c9655ddbf23 req-1e6b6bcd-5311-4426-9fdd-40439145ba47 ef91ea9f4ea6468d8d4f06892dbd9c71 f84d996e188e47cdb5bfc3942b9391ab - - c1a215bdbc7d436398f1685883604dde c1a215bdbc7d436398f1685883604dde] 199.204.45.116 "GET /allocations/912f3f3f-bf3f-4555-8d80-72f3fba030d1" status: 200 len: 258 microversion: 1.28 [pid: 6|app: 0|req: 648/1310] 199.204.45.116 () {34 vars in 863 bytes} [Wed Jul 15 23:06:44 2026] GET /allocations/912f3f3f-bf3f-4555-8d80-72f3fba030d1 => generated 258 bytes in 16 msecs (HTTP/1.1 200) 8 headers in 296 bytes (1 switches on core 0)
2026-07-15 23:06:53.749 6 INFO placement.requestlog [None req-dbbeecd5-b11f-4615-9d15-a410e81237d1 - - - - - -] 10.0.0.20 "GET /" status: 200 len: 136 microversion: 1.0
2026-07-15 23:06:53.749 7 INFO placement.requestlog [None req-4d61ea4c-537c-4e2c-b571-d8a64bfaa6b8 - - - - - -] 10.0.0.20 "GET /" status: 200 len: 136 microversion: 1.0
2026-07-15 23:07:03.749 6 INFO placement.requestlog [None req-ad59a6fa-15b9-4759-a25c-9ccc8e578170 - - - - - -] 10.0.0.20 "GET /" status: 200 len: 136 microversion: 1.0
2026-07-15 23:07:03.749 7 INFO placement.requestlog [None req-db0f711b-67b5-4184-b940-4dc9b31553a6 - - - - - -] 10.0.0.20 "GET /" status: 200 len: 136 microversion: 1.0
2026-07-15 23:07:11.209 6 INFO placement.requestlog [req-f3b41f78-9f82-45e0-a59f-7e1c5bc7f013 req-dbf5cc39-fc44-4a37-9956-7083b6092d56 ef91ea9f4ea6468d8d4f06892dbd9c71 f84d996e188e47cdb5bfc3942b9391ab - - c1a215bdbc7d436398f1685883604dde c1a215bdbc7d436398f1685883604dde] 199.204.45.116 "GET /resource_providers/24faf516-c7ab-46a0-9d3a-d6c127a30748/allocations" status: 200 len: 340 microversion: 1.0 [pid: 6|app: 0|req: 651/1315] 199.204.45.116 () {32 vars in 857 bytes} [Wed Jul 15 23:07:11 2026] GET /resource_providers/24faf516-c7ab-46a0-9d3a-d6c127a30748/allocations => generated 340 bytes in 20 msecs (HTTP/1.1 200) 6 headers in 224 bytes (1 switches on core 0)
2026-07-15 23:07:11.236 7 INFO placement.requestlog [req-f3b41f78-9f82-45e0-a59f-7e1c5bc7f013 req-d6d3e5f0-558e-4fdd-ac22-456a337794b5 ef91ea9f4ea6468d8d4f06892dbd9c71 f84d996e188e47cdb5bfc3942b9391ab - - c1a215bdbc7d436398f1685883604dde c1a215bdbc7d436398f1685883604dde] 199.204.45.116 "GET /allocations/5b624b2d-a964-43d1-98bf-14bc9d553164" status: 200 len: 258 microversion: 1.28 [pid: 7|app: 0|req: 665/1316] 199.204.45.116 () {34 vars in 863 bytes} [Wed Jul 15 23:07:11 2026] GET /allocations/5b624b2d-a964-43d1-98bf-14bc9d553164 => generated 258 bytes in 15 msecs (HTTP/1.1 200) 8 headers in 296 bytes (1 switches on core 0)
2026-07-15 23:07:11.268 6 INFO placement.requestlog [req-f3b41f78-9f82-45e0-a59f-7e1c5bc7f013 req-ff2421fa-8987-47ed-bf83-ce6f301099f7 ef91ea9f4ea6468d8d4f06892dbd9c71 f84d996e188e47cdb5bfc3942b9391ab - - c1a215bdbc7d436398f1685883604dde c1a215bdbc7d436398f1685883604dde] 199.204.45.116 "GET /allocations/41fedb7d-8973-4775-b374-ceb652432a99" status: 200 len: 245 microversion: 1.28 [pid: 6|app: 0|req: 652/1317] 199.204.45.116 () {34 vars in 863 bytes} [Wed Jul 15 23:07:11 2026] GET /allocations/41fedb7d-8973-4775-b374-ceb652432a99 => generated 245 bytes in 16 msecs (HTTP/1.1 200) 8 headers in 296 bytes (1 switches on core 0)
2026-07-15 23:07:11.294 7 INFO placement.requestlog [req-f3b41f78-9f82-45e0-a59f-7e1c5bc7f013 req-448939d4-244c-47bc-918e-bedb3d3ff78a ef91ea9f4ea6468d8d4f06892dbd9c71 f84d996e188e47cdb5bfc3942b9391ab - - c1a215bdbc7d436398f1685883604dde c1a215bdbc7d436398f1685883604dde] 199.204.45.116 "GET /allocations/912f3f3f-bf3f-4555-8d80-72f3fba030d1" status: 200 len: 258 microversion: 1.28 [pid: 7|app: 0|req: 666/1318] 199.204.45.116 () {34 vars in 863 bytes} [Wed Jul 15 23:07:11 2026] GET /allocations/912f3f3f-bf3f-4555-8d80-72f3fba030d1 => generated 258 bytes in 20 msecs (HTTP/1.1 200) 8 headers in 296 bytes (1 switches on core 0)
2026-07-15 23:07:11.395 6 INFO placement.requestlog [req-f3b41f78-9f82-45e0-a59f-7e1c5bc7f013 req-64356df1-0c67-47b6-8e7e-13463360da88 ef91ea9f4ea6468d8d4f06892dbd9c71 f84d996e188e47cdb5bfc3942b9391ab - - c1a215bdbc7d436398f1685883604dde c1a215bdbc7d436398f1685883604dde] 199.204.45.116 "DELETE /allocations/41fedb7d-8973-4775-b374-ceb652432a99" status: 204 len: 0 microversion: 1.0 [pid: 6|app: 0|req: 653/1319] 199.204.45.116 () {34 vars in 841 bytes} [Wed Jul 15 23:07:11 2026] DELETE /allocations/41fedb7d-8973-4775-b374-ceb652432a99 => generated 0 bytes in 36 msecs (HTTP/1.1 204) 5 headers in 198 bytes (1 switches on core 0)
2026-07-15 23:07:13.434 7 INFO placement.requestlog [req-7416ce65-4914-4e69-b7de-2197a4577e75 req-6db599f0-e0fc-4f17-beda-a22e3655b0f1 ef91ea9f4ea6468d8d4f06892dbd9c71 f84d996e188e47cdb5bfc3942b9391ab - - c1a215bdbc7d436398f1685883604dde c1a215bdbc7d436398f1685883604dde] 199.204.45.116 "GET /resource_providers/24faf516-c7ab-46a0-9d3a-d6c127a30748/allocations" status: 200 len: 253 microversion: 1.0 [pid: 7|app: 0|req: 667/1320] 199.204.45.116 () {32 vars in 857 bytes} [Wed Jul 15 23:07:13 2026] GET /resource_providers/24faf516-c7ab-46a0-9d3a-d6c127a30748/allocations => generated 253 bytes in 17 msecs (HTTP/1.1 200) 6 headers in 224 bytes (1 switches on core 0)
2026-07-15 23:07:13.462 6 INFO placement.requestlog [req-7416ce65-4914-4e69-b7de-2197a4577e75 req-7883b6f8-8cf7-4751-9b26-ea2554e95211 ef91ea9f4ea6468d8d4f06892dbd9c71 f84d996e188e47cdb5bfc3942b9391ab - - c1a215bdbc7d436398f1685883604dde c1a215bdbc7d436398f1685883604dde] 199.204.45.116 "GET /allocations/5b624b2d-a964-43d1-98bf-14bc9d553164" status: 200 len: 258 microversion: 1.28 [pid: 6|app: 0|req: 654/1321] 199.204.45.116 () {34 vars in 863 bytes} [Wed Jul 15 23:07:13 2026] GET /allocations/5b624b2d-a964-43d1-98bf-14bc9d553164 => generated 258 bytes in 20 msecs (HTTP/1.1 200) 8 headers in 296 bytes (1 switches on core 0)
2026-07-15 23:07:13.487 7 INFO placement.requestlog [req-7416ce65-4914-4e69-b7de-2197a4577e75 req-fe8a38d3-f8b9-40ea-9a23-7e082fddf9fd ef91ea9f4ea6468d8d4f06892dbd9c71 f84d996e188e47cdb5bfc3942b9391ab - - c1a215bdbc7d436398f1685883604dde c1a215bdbc7d436398f1685883604dde] 199.204.45.116 "GET /allocations/912f3f3f-bf3f-4555-8d80-72f3fba030d1" status: 200 len: 258 microversion: 1.28 [pid: 7|app: 0|req: 668/1322] 199.204.45.116 () {34 vars in 863 bytes} [Wed Jul 15 23:07:13 2026] GET /allocations/912f3f3f-bf3f-4555-8d80-72f3fba030d1 => generated 258 bytes in 17 msecs (HTTP/1.1 200) 8 headers in 296 bytes (1 switches on core 0)
2026-07-15 23:07:13.560 6 INFO placement.requestlog [req-7416ce65-4914-4e69-b7de-2197a4577e75 req-18a0d464-bd3a-41bd-9095-814b9ff29b27 ef91ea9f4ea6468d8d4f06892dbd9c71 f84d996e188e47cdb5bfc3942b9391ab - - c1a215bdbc7d436398f1685883604dde c1a215bdbc7d436398f1685883604dde] 199.204.45.116 "DELETE /allocations/5b624b2d-a964-43d1-98bf-14bc9d553164" status: 204 len: 0 microversion: 1.0 [pid: 6|app: 0|req: 655/1323] 199.204.45.116 () {34 vars in 841 bytes} [Wed Jul 15 23:07:13 2026] DELETE /allocations/5b624b2d-a964-43d1-98bf-14bc9d553164 => generated 0 bytes in 25 msecs (HTTP/1.1 204) 5 headers in 198 bytes (1 switches on core 0)
2026-07-15 23:07:13.749 6 INFO placement.requestlog [None req-a299cd5a-c0b3-414a-a746-745205590154 - - - - - -] 10.0.0.20 "GET /" status: 200 len: 136 microversion: 1.0
2026-07-15 23:07:13.750 7 INFO placement.requestlog [None req-c20c7c51-0be4-4b65-a108-b924f777a2a9 - - - - - -] 10.0.0.20 "GET /" status: 200 len: 136 microversion: 1.0
2026-07-15 23:07:19.737 6 INFO placement.requestlog [req-8d131735-c540-4511-a260-2fab47476e7e req-0993815e-6759-40e9-b8e3-b462ee85a248 ef91ea9f4ea6468d8d4f06892dbd9c71 f84d996e188e47cdb5bfc3942b9391ab - - c1a215bdbc7d436398f1685883604dde c1a215bdbc7d436398f1685883604dde] 199.204.45.116 "GET /resource_providers/24faf516-c7ab-46a0-9d3a-d6c127a30748/allocations" status: 200 len: 153 microversion: 1.0 [pid: 6|app: 0|req: 657/1326] 199.204.45.116 () {32 vars in 857 bytes} [Wed Jul 15 23:07:19 2026] GET /resource_providers/24faf516-c7ab-46a0-9d3a-d6c127a30748/allocations => generated 153 bytes in 19 msecs (HTTP/1.1 200) 6 headers in 224 bytes (1 switches on core 0)
2026-07-15 23:07:19.762 7 INFO placement.requestlog [req-8d131735-c540-4511-a260-2fab47476e7e req-44dd1755-b767-4ac9-b130-7da75ca67c83 ef91ea9f4ea6468d8d4f06892dbd9c71 f84d996e188e47cdb5bfc3942b9391ab - - c1a215bdbc7d436398f1685883604dde c1a215bdbc7d436398f1685883604dde] 199.204.45.116 "GET /allocations/912f3f3f-bf3f-4555-8d80-72f3fba030d1" status: 200 len: 258 microversion: 1.28 [pid: 7|app: 0|req: 670/1327] 199.204.45.116 () {34 vars in 863 bytes} [Wed Jul 15 23:07:19 2026] GET /allocations/912f3f3f-bf3f-4555-8d80-72f3fba030d1 => generated 258 bytes in 14 msecs (HTTP/1.1 200) 8 headers in 296 bytes (1 switches on core 0)
2026-07-15 23:07:19.846 6 INFO placement.requestlog [req-8d131735-c540-4511-a260-2fab47476e7e req-dc96305f-8a4a-426d-80dc-f9837fa18c4f ef91ea9f4ea6468d8d4f06892dbd9c71 f84d996e188e47cdb5bfc3942b9391ab - - c1a215bdbc7d436398f1685883604dde c1a215bdbc7d436398f1685883604dde] 199.204.45.116 "DELETE /allocations/912f3f3f-bf3f-4555-8d80-72f3fba030d1" status: 204 len: 0 microversion: 1.0 [pid: 6|app: 0|req: 658/1328] 199.204.45.116 () {34 vars in 841 bytes} [Wed Jul 15 23:07:19 2026] DELETE /allocations/912f3f3f-bf3f-4555-8d80-72f3fba030d1 => generated 0 bytes in 30 msecs (HTTP/1.1 204) 5 headers in 198 bytes (1 switches on core 0)
2026-07-15 23:07:23.750 7 INFO placement.requestlog [None req-cdfad493-fadf-4eba-a6bb-ac3278c6ba57 - - - - - -] 10.0.0.20 "GET /" status: 200 len: 136 microversion: 1.0
2026-07-15 23:07:23.750 6 INFO placement.requestlog [None req-261ff3d6-913c-4512-ace5-ff67bad43eb7 - - - - - -] 10.0.0.20 "GET /" status: 200 len: 136 microversion: 1.0
2026-07-15 23:07:32.098 7 INFO placement.requestlog [None req-9eb1a47e-f7de-49e9-a5e1-b5e08c34c909 e5a17ba413fc4f789aae938000094494 f84d996e188e47cdb5bfc3942b9391ab - - c1a215bdbc7d436398f1685883604dde c1a215bdbc7d436398f1685883604dde] 10.0.0.236 "GET /resource_providers/ee52c45c-0750-4819-bad0-ded3a0c036f1/aggregates" status: 404 len: 235 microversion: 1.1 [pid: 7|app: 0|req: 672/1331] 10.0.0.236 () {32 vars in 816 bytes} [Wed Jul 15 23:07:31 2026] GET /resource_providers/ee52c45c-0750-4819-bad0-ded3a0c036f1/aggregates => generated 235 bytes in 116 msecs (HTTP/1.1 404) 5 headers in 202 bytes (1 switches on core 0)
2026-07-15 23:07:32.103 6 INFO placement.requestlog [None req-7851a516-9c11-4102-a054-01272a0250df e5a17ba413fc4f789aae938000094494 f84d996e188e47cdb5bfc3942b9391ab - - c1a215bdbc7d436398f1685883604dde c1a215bdbc7d436398f1685883604dde] 10.0.0.236 "GET /resource_providers/ee52c45c-0750-4819-bad0-ded3a0c036f1/aggregates" status: 404 len: 235 microversion: 1.1 [pid: 6|app: 0|req: 660/1332] 10.0.0.236 () {32 vars in 816 bytes} [Wed Jul 15 23:07:31 2026] GET /resource_providers/ee52c45c-0750-4819-bad0-ded3a0c036f1/aggregates => generated 235 bytes in 117 msecs (HTTP/1.1 404) 5 headers in 202 bytes (1 switches on core 0)
2026-07-15 23:07:32.121 6 INFO placement.requestlog [None req-b7633a28-f8e6-45be-a251-ed22db7622c7 e5a17ba413fc4f789aae938000094494 f84d996e188e47cdb5bfc3942b9391ab - - c1a215bdbc7d436398f1685883604dde c1a215bdbc7d436398f1685883604dde] 10.0.0.236 "DELETE /resource_providers/ee52c45c-0750-4819-bad0-ded3a0c036f1" status: 404 len: 246 microversion: 1.1 [pid: 6|app: 0|req: 661/1333] 10.0.0.236 () {34 vars in 816 bytes} [Wed Jul 15 23:07:32 2026] DELETE /resource_providers/ee52c45c-0750-4819-bad0-ded3a0c036f1 => generated 246 bytes in 9 msecs (HTTP/1.1 404) 6 headers in 231 bytes (1 switches on core 0)
2026-07-15 23:07:32.122 7 INFO placement.requestlog [None req-6fe053ce-119a-4147-8e72-e8b250c48640 e5a17ba413fc4f789aae938000094494 f84d996e188e47cdb5bfc3942b9391ab - - c1a215bdbc7d436398f1685883604dde c1a215bdbc7d436398f1685883604dde] 10.0.0.236 "DELETE /resource_providers/ee52c45c-0750-4819-bad0-ded3a0c036f1" status: 404 len: 246 microversion: 1.1 [pid: 7|app: 0|req: 673/1334] 10.0.0.236 () {34 vars in 816 bytes} [Wed Jul 15 23:07:32 2026] DELETE /resource_providers/ee52c45c-0750-4819-bad0-ded3a0c036f1 => generated 246 bytes in 12 msecs (HTTP/1.1 404) 6 headers in 231 bytes (1 switches on core 0)
2026-07-15 23:07:33.749 6 INFO placement.requestlog [None req-4f2cd79b-6e6a-437d-b32f-475e7b4e2208 - - - - - -] 10.0.0.20 "GET /" status: 200 len: 136 microversion: 1.0
2026-07-15 23:07:33.750 7 INFO placement.requestlog [None req-e9853f18-027a-43cf-8a1a-e99a7c5ed2b0 - - - - - -] 10.0.0.20 "GET /" status: 200 len: 136 microversion: 1.0
2026-07-15 23:07:34.145 6 INFO placement.requestlog [None req-6257ae2d-c979-4fdb-9b56-a23adc90617b e5a17ba413fc4f789aae938000094494 f84d996e188e47cdb5bfc3942b9391ab - - c1a215bdbc7d436398f1685883604dde c1a215bdbc7d436398f1685883604dde] 10.0.0.236 "GET /resource_providers/010d831a-401f-41d8-ab4f-b21a0841148c/aggregates" status: 404 len: 235 microversion: 1.1 [pid: 6|app: 0|req: 663/1337] 10.0.0.236 () {32 vars in 816 bytes} [Wed Jul 15 23:07:34 2026] GET /resource_providers/010d831a-401f-41d8-ab4f-b21a0841148c/aggregates => generated 235 bytes in 10 msecs (HTTP/1.1 404) 5 headers in 202 bytes (1 switches on core 0)
2026-07-15 23:07:34.147 7 INFO placement.requestlog [None req-ca6fbe9a-9d57-4983-9e42-d7f02ff614eb e5a17ba413fc4f789aae938000094494 f84d996e188e47cdb5bfc3942b9391ab - - c1a215bdbc7d436398f1685883604dde c1a215bdbc7d436398f1685883604dde] 10.0.0.236 "GET /resource_providers/010d831a-401f-41d8-ab4f-b21a0841148c/aggregates" status: 404 len: 235 microversion: 1.1 [pid: 7|app: 0|req: 675/1338] 10.0.0.236 () {32 vars in 816 bytes} [Wed Jul 15 23:07:34 2026] GET /resource_providers/010d831a-401f-41d8-ab4f-b21a0841148c/aggregates => generated 235 bytes in 12 msecs (HTTP/1.1 404) 5 headers in 202 bytes (1 switches on core 0)
2026-07-15 23:07:34.169 6 INFO placement.requestlog [None req-8c81cf1f-7e10-4f97-ab7a-7505d2763af6 e5a17ba413fc4f789aae938000094494 f84d996e188e47cdb5bfc3942b9391ab - - c1a215bdbc7d436398f1685883604dde c1a215bdbc7d436398f1685883604dde] 10.0.0.236 "DELETE /resource_providers/010d831a-401f-41d8-ab4f-b21a0841148c" status: 404 len: 246 microversion: 1.1 [pid: 6|app: 0|req: 664/1339] 10.0.0.236 () {34 vars in 816 bytes} [Wed Jul 15 23:07:34 2026] DELETE /resource_providers/010d831a-401f-41d8-ab4f-b21a0841148c => generated 246 bytes in 8 msecs (HTTP/1.1 404) 6 headers in 231 bytes (1 switches on core 0)
