2026-09-23 18:08:56.508 7 INFO cinder.api.openstack.wsgi [None req-9dee0539-2edc-43d1-988c-aa371e2f2a7c 85316faa457e45fe8db9c1d009f0eb2b deee269cbfaa476a9cf6e9c674c1e2ff - - default default] GET http://10.0.0.247:8776/
2026-09-23 18:08:56.508 8 INFO cinder.api.openstack.wsgi [None req-b44d9b46-fc72-48ea-8f4f-72b3389fc93d 85316faa457e45fe8db9c1d009f0eb2b deee269cbfaa476a9cf6e9c674c1e2ff - - default default] GET http://10.0.0.247:8776/
2026-09-23 18:08:56.509 7 INFO cinder.api.openstack.wsgi [None req-9dee0539-2edc-43d1-988c-aa371e2f2a7c 85316faa457e45fe8db9c1d009f0eb2b deee269cbfaa476a9cf6e9c674c1e2ff - - default default] http://10.0.0.247:8776/ returned with HTTP 300
2026-09-23 18:08:56.509 8 INFO cinder.api.openstack.wsgi [None req-b44d9b46-fc72-48ea-8f4f-72b3389fc93d 85316faa457e45fe8db9c1d009f0eb2b deee269cbfaa476a9cf6e9c674c1e2ff - - default default] http://10.0.0.247:8776/ returned with HTTP 300 /var/lib/openstack/lib/python3.12/site-packages/pycadf/identifier.py:72: UserWarning: Invalid uuid: cinderv3. To ensure interoperability, identifiers should be a valid uuid. warnings.warn(
2026-09-23 18:08:56.813 7 INFO cinder.api.openstack.wsgi [None req-766f3c22-8f10-4bc6-b74e-ed4eac2ffe2f 9a5651301c6649b1ad2a1b02d9e92101 dbd33a4f58e4466a85a9b8ac4931c735 - - default default] GET http://cinder-api.openstack.svc.cluster.local:8776/v3/dbd33a4f58e4466a85a9b8ac4931c735/volumes/detail?all_tenants=true
2026-09-23 18:08:56.825 7 INFO cinder.volume.api [None req-766f3c22-8f10-4bc6-b74e-ed4eac2ffe2f 9a5651301c6649b1ad2a1b02d9e92101 dbd33a4f58e4466a85a9b8ac4931c735 - - default default] Get all volumes completed successfully. /var/lib/openstack/lib/python3.12/site-packages/oslo_context/context.py:102: DeprecationWarning: Policy enforcement is depending on the value of is_admin. This key is deprecated. Please update your policy file to use the standard policy values. warnings.warn(
2026-09-23 18:08:56.835 7 INFO cinder.api.openstack.wsgi [None req-766f3c22-8f10-4bc6-b74e-ed4eac2ffe2f 9a5651301c6649b1ad2a1b02d9e92101 dbd33a4f58e4466a85a9b8ac4931c735 - - default default] http://cinder-api.openstack.svc.cluster.local:8776/v3/dbd33a4f58e4466a85a9b8ac4931c735/volumes/detail?all_tenants=true returned with HTTP 200 [pid: 7|app: 0|req: 411/819] 10.0.0.42 () {28 vars in 683 bytes} [Wed Sep 23 18:08:56 2026] GET /v3/dbd33a4f58e4466a85a9b8ac4931c735/volumes/detail?all_tenants=true => generated 1141 bytes in 106 msecs (HTTP/1.1 200) 7 headers in 286 bytes (1 switches on core 0) /var/lib/openstack/lib/python3.12/site-packages/pycadf/identifier.py:72: UserWarning: Invalid uuid: cinderv3. To ensure interoperability, identifiers should be a valid uuid. warnings.warn(
2026-09-23 18:08:56.929 8 INFO cinder.api.openstack.wsgi [None req-0a82160f-911d-4409-8f52-7c6e6ebbcc22 9a5651301c6649b1ad2a1b02d9e92101 dbd33a4f58e4466a85a9b8ac4931c735 - - default default] GET http://cinder-api.openstack.svc.cluster.local:8776/v3/dbd33a4f58e4466a85a9b8ac4931c735/os-quota-sets/1e3a8d29b987467ebe93d8afab583f43?usage=true
2026-09-23 18:08:56.972 8 INFO cinder.api.openstack.wsgi [None req-0a82160f-911d-4409-8f52-7c6e6ebbcc22 9a5651301c6649b1ad2a1b02d9e92101 dbd33a4f58e4466a85a9b8ac4931c735 - - default default] http://cinder-api.openstack.svc.cluster.local:8776/v3/dbd33a4f58e4466a85a9b8ac4931c735/os-quota-sets/1e3a8d29b987467ebe93d8afab583f43?usage=true returned with HTTP 200 [pid: 8|app: 0|req: 409/820] 10.0.0.42 () {28 vars in 735 bytes} [Wed Sep 23 18:08:56 2026] GET /v3/dbd33a4f58e4466a85a9b8ac4931c735/os-quota-sets/1e3a8d29b987467ebe93d8afab583f43?usage=true => generated 847 bytes in 56 msecs (HTTP/1.1 200) 7 headers in 285 bytes (1 switches on core 0) /var/lib/openstack/lib/python3.12/site-packages/pycadf/identifier.py:72: UserWarning: Invalid uuid: cinderv3. To ensure interoperability, identifiers should be a valid uuid. warnings.warn(
2026-09-23 18:08:56.983 7 INFO cinder.api.openstack.wsgi [None req-95914540-f314-49a3-97be-4a432f8c0d3f 9a5651301c6649b1ad2a1b02d9e92101 dbd33a4f58e4466a85a9b8ac4931c735 - - default default] GET http://cinder-api.openstack.svc.cluster.local:8776/v3/dbd33a4f58e4466a85a9b8ac4931c735/os-quota-sets/617d81771e3b42c6a5c08a763585cdca?usage=true
2026-09-23 18:08:57.054 7 INFO cinder.api.openstack.wsgi [None req-95914540-f314-49a3-97be-4a432f8c0d3f 9a5651301c6649b1ad2a1b02d9e92101 dbd33a4f58e4466a85a9b8ac4931c735 - - default default] http://cinder-api.openstack.svc.cluster.local:8776/v3/dbd33a4f58e4466a85a9b8ac4931c735/os-quota-sets/617d81771e3b42c6a5c08a763585cdca?usage=true returned with HTTP 200 [pid: 7|app: 0|req: 412/821] 10.0.0.42 () {28 vars in 735 bytes} [Wed Sep 23 18:08:56 2026] GET /v3/dbd33a4f58e4466a85a9b8ac4931c735/os-quota-sets/617d81771e3b42c6a5c08a763585cdca?usage=true => generated 847 bytes in 78 msecs (HTTP/1.1 200) 7 headers in 285 bytes (1 switches on core 0)
2026-09-23 18:08:57.066 8 INFO cinder.api.openstack.wsgi [None req-cd1f33e3-0031-4183-a02a-5240306fb61f 9a5651301c6649b1ad2a1b02d9e92101 dbd33a4f58e4466a85a9b8ac4931c735 - - default default] GET http://cinder-api.openstack.svc.cluster.local:8776/v3/dbd33a4f58e4466a85a9b8ac4931c735/os-quota-sets/7ec9180cc22547c78fb9c5a74e410333?usage=true
2026-09-23 18:08:57.141 8 INFO cinder.api.openstack.wsgi [None req-cd1f33e3-0031-4183-a02a-5240306fb61f 9a5651301c6649b1ad2a1b02d9e92101 dbd33a4f58e4466a85a9b8ac4931c735 - - default default] http://cinder-api.openstack.svc.cluster.local:8776/v3/dbd33a4f58e4466a85a9b8ac4931c735/os-quota-sets/7ec9180cc22547c78fb9c5a74e410333?usage=true returned with HTTP 200 [pid: 8|app: 0|req: 410/822] 10.0.0.42 () {28 vars in 735 bytes} [Wed Sep 23 18:08:57 2026] GET /v3/dbd33a4f58e4466a85a9b8ac4931c735/os-quota-sets/7ec9180cc22547c78fb9c5a74e410333?usage=true => generated 847 bytes in 84 msecs (HTTP/1.1 200) 7 headers in 285 bytes (1 switches on core 0)
2026-09-23 18:08:57.158 7 INFO cinder.api.openstack.wsgi [None req-d8181f0f-72f7-4c8c-86bd-b1b12169d701 9a5651301c6649b1ad2a1b02d9e92101 dbd33a4f58e4466a85a9b8ac4931c735 - - default default] GET http://cinder-api.openstack.svc.cluster.local:8776/v3/dbd33a4f58e4466a85a9b8ac4931c735/os-quota-sets/83b2fdc43f2c4b5d9f44e914005b34b0?usage=true
2026-09-23 18:08:57.191 7 INFO cinder.api.openstack.wsgi [None req-d8181f0f-72f7-4c8c-86bd-b1b12169d701 9a5651301c6649b1ad2a1b02d9e92101 dbd33a4f58e4466a85a9b8ac4931c735 - - default default] http://cinder-api.openstack.svc.cluster.local:8776/v3/dbd33a4f58e4466a85a9b8ac4931c735/os-quota-sets/83b2fdc43f2c4b5d9f44e914005b34b0?usage=true returned with HTTP 200 [pid: 7|app: 0|req: 413/823] 10.0.0.42 () {28 vars in 735 bytes} [Wed Sep 23 18:08:57 2026] GET /v3/dbd33a4f58e4466a85a9b8ac4931c735/os-quota-sets/83b2fdc43f2c4b5d9f44e914005b34b0?usage=true => generated 847 bytes in 46 msecs (HTTP/1.1 200) 7 headers in 285 bytes (1 switches on core 0)
2026-09-23 18:08:57.207 8 INFO cinder.api.openstack.wsgi [None req-afb8a5c6-fb13-4766-b334-7e0593a148d0 9a5651301c6649b1ad2a1b02d9e92101 dbd33a4f58e4466a85a9b8ac4931c735 - - default default] GET http://cinder-api.openstack.svc.cluster.local:8776/v3/dbd33a4f58e4466a85a9b8ac4931c735/os-quota-sets/d565debae53c4815bcbe7fc800fa3278?usage=true
2026-09-23 18:08:57.244 8 INFO cinder.api.openstack.wsgi [None req-afb8a5c6-fb13-4766-b334-7e0593a148d0 9a5651301c6649b1ad2a1b02d9e92101 dbd33a4f58e4466a85a9b8ac4931c735 - - default default] http://cinder-api.openstack.svc.cluster.local:8776/v3/dbd33a4f58e4466a85a9b8ac4931c735/os-quota-sets/d565debae53c4815bcbe7fc800fa3278?usage=true returned with HTTP 200 [pid: 8|app: 0|req: 411/824] 10.0.0.42 () {28 vars in 735 bytes} [Wed Sep 23 18:08:57 2026] GET /v3/dbd33a4f58e4466a85a9b8ac4931c735/os-quota-sets/d565debae53c4815bcbe7fc800fa3278?usage=true => generated 845 bytes in 49 msecs (HTTP/1.1 200) 7 headers in 285 bytes (1 switches on core 0)
2026-09-23 18:08:57.257 7 INFO cinder.api.openstack.wsgi [None req-b838b737-7bc4-4744-be0d-bfae9057cf1b 9a5651301c6649b1ad2a1b02d9e92101 dbd33a4f58e4466a85a9b8ac4931c735 - - default default] GET http://cinder-api.openstack.svc.cluster.local:8776/v3/dbd33a4f58e4466a85a9b8ac4931c735/os-quota-sets/dbd33a4f58e4466a85a9b8ac4931c735?usage=true
2026-09-23 18:08:57.289 7 INFO cinder.api.openstack.wsgi [None req-b838b737-7bc4-4744-be0d-bfae9057cf1b 9a5651301c6649b1ad2a1b02d9e92101 dbd33a4f58e4466a85a9b8ac4931c735 - - default default] http://cinder-api.openstack.svc.cluster.local:8776/v3/dbd33a4f58e4466a85a9b8ac4931c735/os-quota-sets/dbd33a4f58e4466a85a9b8ac4931c735?usage=true returned with HTTP 200 [pid: 7|app: 0|req: 414/825] 10.0.0.42 () {28 vars in 735 bytes} [Wed Sep 23 18:08:57 2026] GET /v3/dbd33a4f58e4466a85a9b8ac4931c735/os-quota-sets/dbd33a4f58e4466a85a9b8ac4931c735?usage=true => generated 845 bytes in 41 msecs (HTTP/1.1 200) 7 headers in 285 bytes (1 switches on core 0)
2026-09-23 18:08:57.304 8 INFO cinder.api.openstack.wsgi [None req-0f30e8ac-ab3c-4e5c-94b9-0120b1da9944 9a5651301c6649b1ad2a1b02d9e92101 dbd33a4f58e4466a85a9b8ac4931c735 - - default default] GET http://cinder-api.openstack.svc.cluster.local:8776/v3/dbd33a4f58e4466a85a9b8ac4931c735/os-quota-sets/deee269cbfaa476a9cf6e9c674c1e2ff?usage=true
2026-09-23 18:08:57.339 8 INFO cinder.api.openstack.wsgi [None req-0f30e8ac-ab3c-4e5c-94b9-0120b1da9944 9a5651301c6649b1ad2a1b02d9e92101 dbd33a4f58e4466a85a9b8ac4931c735 - - default default] http://cinder-api.openstack.svc.cluster.local:8776/v3/dbd33a4f58e4466a85a9b8ac4931c735/os-quota-sets/deee269cbfaa476a9cf6e9c674c1e2ff?usage=true returned with HTTP 200 [pid: 8|app: 0|req: 412/826] 10.0.0.42 () {28 vars in 735 bytes} [Wed Sep 23 18:08:57 2026] GET /v3/dbd33a4f58e4466a85a9b8ac4931c735/os-quota-sets/deee269cbfaa476a9cf6e9c674c1e2ff?usage=true => generated 847 bytes in 44 msecs (HTTP/1.1 200) 7 headers in 285 bytes (1 switches on core 0)
2026-09-23 18:08:57.354 7 INFO cinder.api.openstack.wsgi [None req-7cdf9a07-38c6-4853-8c56-419e5d388dc4 9a5651301c6649b1ad2a1b02d9e92101 dbd33a4f58e4466a85a9b8ac4931c735 - - default default] GET http://cinder-api.openstack.svc.cluster.local:8776/v3/dbd33a4f58e4466a85a9b8ac4931c735/volumes/detail?all_tenants=true
2026-09-23 18:08:57.372 7 INFO cinder.volume.api [None req-7cdf9a07-38c6-4853-8c56-419e5d388dc4 9a5651301c6649b1ad2a1b02d9e92101 dbd33a4f58e4466a85a9b8ac4931c735 - - default default] Get all volumes completed successfully. /var/lib/openstack/lib/python3.12/site-packages/oslo_context/context.py:102: DeprecationWarning: Policy enforcement is depending on the value of is_admin. This key is deprecated. Please update your policy file to use the standard policy values. warnings.warn(
2026-09-23 18:08:57.380 7 INFO cinder.api.openstack.wsgi [None req-7cdf9a07-38c6-4853-8c56-419e5d388dc4 9a5651301c6649b1ad2a1b02d9e92101 dbd33a4f58e4466a85a9b8ac4931c735 - - default default] http://cinder-api.openstack.svc.cluster.local:8776/v3/dbd33a4f58e4466a85a9b8ac4931c735/volumes/detail?all_tenants=true returned with HTTP 200 [pid: 7|app: 0|req: 415/827] 10.0.0.42 () {28 vars in 683 bytes} [Wed Sep 23 18:08:57 2026] GET /v3/dbd33a4f58e4466a85a9b8ac4931c735/volumes/detail?all_tenants=true => generated 1141 bytes in 35 msecs (HTTP/1.1 200) 7 headers in 286 bytes (1 switches on core 0)
2026-09-23 18:08:57.393 8 INFO cinder.api.openstack.wsgi [None req-a5d30ef0-bb79-41a7-acbe-33f7c18e7e5c 9a5651301c6649b1ad2a1b02d9e92101 dbd33a4f58e4466a85a9b8ac4931c735 - - default default] GET http://cinder-api.openstack.svc.cluster.local:8776/v3/dbd33a4f58e4466a85a9b8ac4931c735/snapshots?all_tenants=true
2026-09-23 18:08:57.401 8 INFO cinder.volume.api [None req-a5d30ef0-bb79-41a7-acbe-33f7c18e7e5c 9a5651301c6649b1ad2a1b02d9e92101 dbd33a4f58e4466a85a9b8ac4931c735 - - default default] Get all snapshots completed successfully.
2026-09-23 18:08:57.402 8 INFO cinder.api.openstack.wsgi [None req-a5d30ef0-bb79-41a7-acbe-33f7c18e7e5c 9a5651301c6649b1ad2a1b02d9e92101 dbd33a4f58e4466a85a9b8ac4931c735 - - default default] http://cinder-api.openstack.svc.cluster.local:8776/v3/dbd33a4f58e4466a85a9b8ac4931c735/snapshots?all_tenants=true returned with HTTP 200 [pid: 8|app: 0|req: 413/828] 10.0.0.42 () {28 vars in 673 bytes} [Wed Sep 23 18:08:57 2026] GET /v3/dbd33a4f58e4466a85a9b8ac4931c735/snapshots?all_tenants=true => generated 17 bytes in 17 msecs (HTTP/1.1 200) 7 headers in 284 bytes (1 switches on core 0) /var/lib/openstack/lib/python3.12/site-packages/pycadf/identifier.py:72: UserWarning: Invalid uuid: cinderv3. To ensure interoperability, identifiers should be a valid uuid. warnings.warn(
2026-09-23 18:08:57.412 7 INFO cinder.api.openstack.wsgi [None req-8cf2ba6d-5aa8-428c-945d-c9c13cefa32e 9a5651301c6649b1ad2a1b02d9e92101 dbd33a4f58e4466a85a9b8ac4931c735 - - default default] GET http://cinder-api.openstack.svc.cluster.local:8776/v3/dbd33a4f58e4466a85a9b8ac4931c735/os-services
2026-09-23 18:08:57.419 7 INFO cinder.api.openstack.wsgi [None req-8cf2ba6d-5aa8-428c-945d-c9c13cefa32e 9a5651301c6649b1ad2a1b02d9e92101 dbd33a4f58e4466a85a9b8ac4931c735 - - default default] http://cinder-api.openstack.svc.cluster.local:8776/v3/dbd33a4f58e4466a85a9b8ac4931c735/os-services returned with HTTP 200 [pid: 7|app: 0|req: 416/829] 10.0.0.42 () {28 vars in 644 bytes} [Wed Sep 23 18:08:57 2026] GET /v3/dbd33a4f58e4466a85a9b8ac4931c735/os-services => generated 646 bytes in 14 msecs (HTTP/1.1 200) 7 headers in 285 bytes (1 switches on core 0)
2026-09-23 18:08:57.433 8 INFO cinder.api.openstack.wsgi [None req-fa9ad689-6dd4-4e19-88cc-0fb3792554eb 9a5651301c6649b1ad2a1b02d9e92101 dbd33a4f58e4466a85a9b8ac4931c735 - - default default] GET http://cinder-api.openstack.svc.cluster.local:8776/v3/dbd33a4f58e4466a85a9b8ac4931c735/scheduler-stats/get_pools?detail=true
2026-09-23 18:08:57.452 8 INFO cinder.api.openstack.wsgi [None req-fa9ad689-6dd4-4e19-88cc-0fb3792554eb 9a5651301c6649b1ad2a1b02d9e92101 dbd33a4f58e4466a85a9b8ac4931c735 - - default default] http://cinder-api.openstack.svc.cluster.local:8776/v3/dbd33a4f58e4466a85a9b8ac4931c735/scheduler-stats/get_pools?detail=true returned with HTTP 200 [pid: 8|app: 0|req: 414/830] 10.0.0.42 () {28 vars in 695 bytes} [Wed Sep 23 18:08:57 2026] GET /v3/dbd33a4f58e4466a85a9b8ac4931c735/scheduler-stats/get_pools?detail=true => generated 670 bytes in 29 msecs (HTTP/1.1 200) 7 headers in 285 bytes (1 switches on core 0)
2026-09-23 18:08:58.492 7 INFO cinder.api.openstack.wsgi [None req-03989675-e30d-4f52-980a-b0be3a648b27 85316faa457e45fe8db9c1d009f0eb2b deee269cbfaa476a9cf6e9c674c1e2ff - - default default] GET http://cinder-api.openstack.svc.cluster.local:8776/v3/deee269cbfaa476a9cf6e9c674c1e2ff/volumes/5a8f67b2-c440-4600-9217-e798f33ec91c /var/lib/openstack/lib/python3.12/site-packages/oslo_context/context.py:102: DeprecationWarning: Policy enforcement is depending on the value of is_admin. This key is deprecated. Please update your policy file to use the standard policy values. warnings.warn(
2026-09-23 18:08:58.513 7 INFO cinder.volume.api [None req-03989675-e30d-4f52-980a-b0be3a648b27 85316faa457e45fe8db9c1d009f0eb2b deee269cbfaa476a9cf6e9c674c1e2ff - - default default] Volume info retrieved successfully.
2026-09-23 18:08:58.520 7 INFO cinder.api.openstack.wsgi [None req-03989675-e30d-4f52-980a-b0be3a648b27 85316faa457e45fe8db9c1d009f0eb2b deee269cbfaa476a9cf6e9c674c1e2ff - - default default] http://cinder-api.openstack.svc.cluster.local:8776/v3/deee269cbfaa476a9cf6e9c674c1e2ff/volumes/5a8f67b2-c440-4600-9217-e798f33ec91c returned with HTTP 200 [pid: 7|app: 0|req: 417/831] 10.0.0.245 () {32 vars in 775 bytes} [Wed Sep 23 18:08:58 2026] GET /v3/deee269cbfaa476a9cf6e9c674c1e2ff/volumes/5a8f67b2-c440-4600-9217-e798f33ec91c => generated 973 bytes in 35 msecs (HTTP/1.1 200) 7 headers in 285 bytes (1 switches on core 0)
2026-09-23 18:08:58.544 8 INFO cinder.api.openstack.wsgi [None req-4103796b-7ec1-4bab-a91b-8d7ace28bc47 85316faa457e45fe8db9c1d009f0eb2b deee269cbfaa476a9cf6e9c674c1e2ff - - default default] DELETE http://cinder-api.openstack.svc.cluster.local:8776/v3/deee269cbfaa476a9cf6e9c674c1e2ff/volumes/5a8f67b2-c440-4600-9217-e798f33ec91c
2026-09-23 18:08:58.545 8 INFO cinder.api.v3.volumes [None req-4103796b-7ec1-4bab-a91b-8d7ace28bc47 85316faa457e45fe8db9c1d009f0eb2b deee269cbfaa476a9cf6e9c674c1e2ff - - default default] Delete volume with id: 5a8f67b2-c440-4600-9217-e798f33ec91c /var/lib/openstack/lib/python3.12/site-packages/oslo_context/context.py:102: DeprecationWarning: Policy enforcement is depending on the value of is_admin. This key is deprecated. Please update your policy file to use the standard policy values. warnings.warn(
2026-09-23 18:08:58.559 8 INFO cinder.volume.api [None req-4103796b-7ec1-4bab-a91b-8d7ace28bc47 85316faa457e45fe8db9c1d009f0eb2b deee269cbfaa476a9cf6e9c674c1e2ff - - default default] Volume info retrieved successfully.
2026-09-23 18:08:58.602 8 INFO cinder.volume.api [None req-4103796b-7ec1-4bab-a91b-8d7ace28bc47 85316faa457e45fe8db9c1d009f0eb2b deee269cbfaa476a9cf6e9c674c1e2ff - - default default] Delete volume request issued successfully.
2026-09-23 18:08:58.603 8 INFO cinder.api.openstack.wsgi [None req-4103796b-7ec1-4bab-a91b-8d7ace28bc47 85316faa457e45fe8db9c1d009f0eb2b deee269cbfaa476a9cf6e9c674c1e2ff - - default default] http://cinder-api.openstack.svc.cluster.local:8776/v3/deee269cbfaa476a9cf6e9c674c1e2ff/volumes/5a8f67b2-c440-4600-9217-e798f33ec91c returned with HTTP 202 [pid: 8|app: 0|req: 415/832] 10.0.0.245 () {32 vars in 778 bytes} [Wed Sep 23 18:08:58 2026] DELETE /v3/deee269cbfaa476a9cf6e9c674c1e2ff/volumes/5a8f67b2-c440-4600-9217-e798f33ec91c => generated 0 bytes in 67 msecs (HTTP/1.1 202) 6 headers in 233 bytes (1 switches on core 0) /var/lib/openstack/lib/python3.12/site-packages/pycadf/identifier.py:72: UserWarning: Invalid uuid: cinderv3. To ensure interoperability, identifiers should be a valid uuid. warnings.warn(
2026-09-23 18:08:58.618 7 INFO cinder.api.openstack.wsgi [None req-16a2050d-fa39-443b-9667-28ac33aa2eff 85316faa457e45fe8db9c1d009f0eb2b deee269cbfaa476a9cf6e9c674c1e2ff - - default default] GET http://cinder-api.openstack.svc.cluster.local:8776/v3/deee269cbfaa476a9cf6e9c674c1e2ff/volumes/5a8f67b2-c440-4600-9217-e798f33ec91c /var/lib/openstack/lib/python3.12/site-packages/oslo_context/context.py:102: DeprecationWarning: Policy enforcement is depending on the value of is_admin. This key is deprecated. Please update your policy file to use the standard policy values. warnings.warn(
2026-09-23 18:08:58.647 7 INFO cinder.volume.api [None req-16a2050d-fa39-443b-9667-28ac33aa2eff 85316faa457e45fe8db9c1d009f0eb2b deee269cbfaa476a9cf6e9c674c1e2ff - - default default] Volume info retrieved successfully.
2026-09-23 18:08:58.653 7 INFO cinder.api.openstack.wsgi [None req-16a2050d-fa39-443b-9667-28ac33aa2eff 85316faa457e45fe8db9c1d009f0eb2b deee269cbfaa476a9cf6e9c674c1e2ff - - default default] http://cinder-api.openstack.svc.cluster.local:8776/v3/deee269cbfaa476a9cf6e9c674c1e2ff/volumes/5a8f67b2-c440-4600-9217-e798f33ec91c returned with HTTP 200 [pid: 7|app: 0|req: 418/833] 10.0.0.245 () {32 vars in 775 bytes} [Wed Sep 23 18:08:58 2026] GET /v3/deee269cbfaa476a9cf6e9c674c1e2ff/volumes/5a8f67b2-c440-4600-9217-e798f33ec91c => generated 972 bytes in 45 msecs (HTTP/1.1 200) 7 headers in 285 bytes (1 switches on core 0) /var/lib/openstack/lib/python3.12/site-packages/pycadf/identifier.py:72: UserWarning: Invalid uuid: cinderv3. To ensure interoperability, identifiers should be a valid uuid. warnings.warn(
2026-09-23 18:08:59.674 8 INFO cinder.api.openstack.wsgi [None req-ca2ffe0c-7caa-4840-9468-7f2c89805d39 85316faa457e45fe8db9c1d009f0eb2b deee269cbfaa476a9cf6e9c674c1e2ff - - default default] GET http://cinder-api.openstack.svc.cluster.local:8776/v3/deee269cbfaa476a9cf6e9c674c1e2ff/volumes/5a8f67b2-c440-4600-9217-e798f33ec91c
2026-09-23 18:08:59.688 8 INFO cinder.api.openstack.wsgi [None req-ca2ffe0c-7caa-4840-9468-7f2c89805d39 85316faa457e45fe8db9c1d009f0eb2b deee269cbfaa476a9cf6e9c674c1e2ff - - default default] http://cinder-api.openstack.svc.cluster.local:8776/v3/deee269cbfaa476a9cf6e9c674c1e2ff/volumes/5a8f67b2-c440-4600-9217-e798f33ec91c returned with HTTP 404 [pid: 8|app: 0|req: 416/834] 10.0.0.245 () {32 vars in 775 bytes} [Wed Sep 23 18:08:59 2026] GET /v3/deee269cbfaa476a9cf6e9c674c1e2ff/volumes/5a8f67b2-c440-4600-9217-e798f33ec91c => generated 109 bytes in 25 msecs (HTTP/1.1 404) 7 headers in 292 bytes (1 switches on core 0)
2026-09-23 18:09:06.438 7 INFO cinder.api.openstack.wsgi [None req-16a2050d-fa39-443b-9667-28ac33aa2eff 85316faa457e45fe8db9c1d009f0eb2b deee269cbfaa476a9cf6e9c674c1e2ff - - default default] GET http://cinder-api.openstack.svc.cluster.local:8776/
2026-09-23 18:09:06.439 7 INFO cinder.api.openstack.wsgi [None req-16a2050d-fa39-443b-9667-28ac33aa2eff 85316faa457e45fe8db9c1d009f0eb2b deee269cbfaa476a9cf6e9c674c1e2ff - - default default] http://cinder-api.openstack.svc.cluster.local:8776/ returned with HTTP 300 [pid: 7|app: 0|req: 419/835] 10.0.0.69 () {28 vars in 375 bytes} [Wed Sep 23 18:09:06 2026] GET / => generated 411 bytes in 2 msecs (HTTP/1.1 300) 5 headers in 169 bytes (1 switches on core 0)
2026-09-23 18:09:06.453 8 INFO cinder.api.openstack.wsgi [None req-9505bcff-7b87-4532-a898-5190728e403b 90ce0dbdc31e450b907f63f7bc0bcc9a fc11b690cc9d44c984a7c410a11b968d - - default default] GET http://cinder-api.openstack.svc.cluster.local:8776/v3/fc11b690cc9d44c984a7c410a11b968d/limits?tenant_id=fc11b690cc9d44c984a7c410a11b968d
2026-09-23 18:09:06.484 8 INFO cinder.api.openstack.wsgi [None req-9505bcff-7b87-4532-a898-5190728e403b 90ce0dbdc31e450b907f63f7bc0bcc9a fc11b690cc9d44c984a7c410a11b968d - - default default] http://cinder-api.openstack.svc.cluster.local:8776/v3/fc11b690cc9d44c984a7c410a11b968d/limits?tenant_id=fc11b690cc9d44c984a7c410a11b968d returned with HTTP 200 [pid: 8|app: 0|req: 417/836] 10.0.0.69 () {34 vars in 878 bytes} [Wed Sep 23 18:09:06 2026] GET /v3/fc11b690cc9d44c984a7c410a11b968d/limits?tenant_id=fc11b690cc9d44c984a7c410a11b968d => generated 302 bytes in 40 msecs (HTTP/1.1 200) 7 headers in 286 bytes (1 switches on core 0)
2026-09-23 18:09:06.508 8 INFO cinder.api.openstack.wsgi [None req-9505bcff-7b87-4532-a898-5190728e403b 90ce0dbdc31e450b907f63f7bc0bcc9a fc11b690cc9d44c984a7c410a11b968d - - default default] GET http://10.0.0.247:8776/
2026-09-23 18:09:06.508 7 INFO cinder.api.openstack.wsgi [None req-16a2050d-fa39-443b-9667-28ac33aa2eff 85316faa457e45fe8db9c1d009f0eb2b deee269cbfaa476a9cf6e9c674c1e2ff - - default default] GET http://10.0.0.247:8776/
2026-09-23 18:09:06.508 7 INFO cinder.api.openstack.wsgi [None req-16a2050d-fa39-443b-9667-28ac33aa2eff 85316faa457e45fe8db9c1d009f0eb2b deee269cbfaa476a9cf6e9c674c1e2ff - - default default] http://10.0.0.247:8776/ returned with HTTP 300
2026-09-23 18:09:06.508 8 INFO cinder.api.openstack.wsgi [None req-9505bcff-7b87-4532-a898-5190728e403b 90ce0dbdc31e450b907f63f7bc0bcc9a fc11b690cc9d44c984a7c410a11b968d - - default default] http://10.0.0.247:8776/ returned with HTTP 300
2026-09-23 18:09:09.207 7 INFO cinder.api.openstack.wsgi [None req-16a2050d-fa39-443b-9667-28ac33aa2eff 85316faa457e45fe8db9c1d009f0eb2b deee269cbfaa476a9cf6e9c674c1e2ff - - default default] GET http://cinder-api.openstack.svc.cluster.local:8776/
2026-09-23 18:09:09.208 7 INFO cinder.api.openstack.wsgi [None req-16a2050d-fa39-443b-9667-28ac33aa2eff 85316faa457e45fe8db9c1d009f0eb2b deee269cbfaa476a9cf6e9c674c1e2ff - - default default] http://cinder-api.openstack.svc.cluster.local:8776/ returned with HTTP 300 [pid: 7|app: 0|req: 421/839] 10.0.0.69 () {28 vars in 375 bytes} [Wed Sep 23 18:09:09 2026] GET / => generated 411 bytes in 2 msecs (HTTP/1.1 300) 5 headers in 169 bytes (1 switches on core 0)
2026-09-23 18:09:09.215 8 INFO cinder.api.openstack.wsgi [None req-9505bcff-7b87-4532-a898-5190728e403b 90ce0dbdc31e450b907f63f7bc0bcc9a fc11b690cc9d44c984a7c410a11b968d - - default default] GET http://cinder-api.openstack.svc.cluster.local:8776/
2026-09-23 18:09:09.216 8 INFO cinder.api.openstack.wsgi [None req-9505bcff-7b87-4532-a898-5190728e403b 90ce0dbdc31e450b907f63f7bc0bcc9a fc11b690cc9d44c984a7c410a11b968d - - default default] http://cinder-api.openstack.svc.cluster.local:8776/ returned with HTTP 300 [pid: 8|app: 0|req: 419/840] 10.0.0.69 () {28 vars in 375 bytes} [Wed Sep 23 18:09:09 2026] GET / => generated 411 bytes in 3 msecs (HTTP/1.1 300) 5 headers in 169 bytes (1 switches on core 0)
2026-09-23 18:09:09.394 7 INFO cinder.api.openstack.wsgi [None req-16a2050d-fa39-443b-9667-28ac33aa2eff 85316faa457e45fe8db9c1d009f0eb2b deee269cbfaa476a9cf6e9c674c1e2ff - - default default] GET http://cinder-api.openstack.svc.cluster.local:8776/
2026-09-23 18:09:09.395 7 INFO cinder.api.openstack.wsgi [None req-16a2050d-fa39-443b-9667-28ac33aa2eff 85316faa457e45fe8db9c1d009f0eb2b deee269cbfaa476a9cf6e9c674c1e2ff - - default default] http://cinder-api.openstack.svc.cluster.local:8776/ returned with HTTP 300 [pid: 7|app: 0|req: 422/841] 10.0.0.245 () {30 vars in 411 bytes} [Wed Sep 23 18:09:09 2026] GET / => generated 411 bytes in 2 msecs (HTTP/1.1 300) 5 headers in 169 bytes (1 switches on core 0)
2026-09-23 18:09:10.094 8 INFO cinder.api.openstack.wsgi [None req-9505bcff-7b87-4532-a898-5190728e403b 90ce0dbdc31e450b907f63f7bc0bcc9a fc11b690cc9d44c984a7c410a11b968d - - default default] GET http://cinder-api.openstack.svc.cluster.local:8776/
2026-09-23 18:09:10.095 8 INFO cinder.api.openstack.wsgi [None req-9505bcff-7b87-4532-a898-5190728e403b 90ce0dbdc31e450b907f63f7bc0bcc9a fc11b690cc9d44c984a7c410a11b968d - - default default] http://cinder-api.openstack.svc.cluster.local:8776/ returned with HTTP 300 [pid: 8|app: 0|req: 420/842] 10.0.0.69 () {28 vars in 375 bytes} [Wed Sep 23 18:09:10 2026] GET / => generated 411 bytes in 4 msecs (HTTP/1.1 300) 5 headers in 169 bytes (1 switches on core 0) /var/lib/openstack/lib/python3.12/site-packages/pycadf/identifier.py:72: UserWarning: Invalid uuid: cinderv3. To ensure interoperability, identifiers should be a valid uuid. warnings.warn(
2026-09-23 18:09:10.117 7 INFO cinder.api.openstack.wsgi [None req-cfe20c8d-bb84-4b5f-84f1-089c8a5c2548 90ce0dbdc31e450b907f63f7bc0bcc9a fc11b690cc9d44c984a7c410a11b968d - - default default] GET http://cinder-api.openstack.svc.cluster.local:8776/v3/fc11b690cc9d44c984a7c410a11b968d/limits?tenant_id=fc11b690cc9d44c984a7c410a11b968d
2026-09-23 18:09:10.163 7 INFO cinder.api.openstack.wsgi [None req-cfe20c8d-bb84-4b5f-84f1-089c8a5c2548 90ce0dbdc31e450b907f63f7bc0bcc9a fc11b690cc9d44c984a7c410a11b968d - - default default] http://cinder-api.openstack.svc.cluster.local:8776/v3/fc11b690cc9d44c984a7c410a11b968d/limits?tenant_id=fc11b690cc9d44c984a7c410a11b968d returned with HTTP 200 [pid: 7|app: 0|req: 423/843] 10.0.0.69 () {34 vars in 878 bytes} [Wed Sep 23 18:09:10 2026] GET /v3/fc11b690cc9d44c984a7c410a11b968d/limits?tenant_id=fc11b690cc9d44c984a7c410a11b968d => generated 302 bytes in 56 msecs (HTTP/1.1 200) 7 headers in 286 bytes (1 switches on core 0)
2026-09-23 18:09:12.473 8 INFO cinder.api.openstack.wsgi [None req-79b168cf-dfce-41a0-a001-7e55bc2edc1d 57b59e7bd5cf43ffaf880513aa452315 108c16ccbe0042119910fec0d36c7878 - - default default] POST http://cinder-api.openstack.svc.cluster.local:8776/v3/108c16ccbe0042119910fec0d36c7878/volumes
2026-09-23 18:09:12.478 8 INFO cinder.api.v3.volumes [None req-79b168cf-dfce-41a0-a001-7e55bc2edc1d 57b59e7bd5cf43ffaf880513aa452315 108c16ccbe0042119910fec0d36c7878 - - default default] Create volume of 1 GB
2026-09-23 18:09:12.489 8 INFO cinder.volume.api [None req-79b168cf-dfce-41a0-a001-7e55bc2edc1d 57b59e7bd5cf43ffaf880513aa452315 108c16ccbe0042119910fec0d36c7878 - - default default] Availability Zones retrieved successfully.
2026-09-23 18:09:12.681 7 INFO cinder.api.openstack.wsgi [None req-cfe20c8d-bb84-4b5f-84f1-089c8a5c2548 90ce0dbdc31e450b907f63f7bc0bcc9a fc11b690cc9d44c984a7c410a11b968d - - default default] GET http://cinder-api.openstack.svc.cluster.local:8776/
2026-09-23 18:09:12.682 7 INFO cinder.api.openstack.wsgi [None req-cfe20c8d-bb84-4b5f-84f1-089c8a5c2548 90ce0dbdc31e450b907f63f7bc0bcc9a fc11b690cc9d44c984a7c410a11b968d - - default default] http://cinder-api.openstack.svc.cluster.local:8776/ returned with HTTP 300 [pid: 7|app: 0|req: 424/844] 10.0.0.69 () {28 vars in 375 bytes} [Wed Sep 23 18:09:12 2026] GET / => generated 411 bytes in 3 msecs (HTTP/1.1 300) 5 headers in 169 bytes (1 switches on core 0)
2026-09-23 18:09:12.688 7 INFO cinder.api.openstack.wsgi [None req-cfe20c8d-bb84-4b5f-84f1-089c8a5c2548 90ce0dbdc31e450b907f63f7bc0bcc9a fc11b690cc9d44c984a7c410a11b968d - - default default] GET http://cinder-api.openstack.svc.cluster.local:8776/
2026-09-23 18:09:12.689 7 INFO cinder.api.openstack.wsgi [None req-cfe20c8d-bb84-4b5f-84f1-089c8a5c2548 90ce0dbdc31e450b907f63f7bc0bcc9a fc11b690cc9d44c984a7c410a11b968d - - default default] http://cinder-api.openstack.svc.cluster.local:8776/ returned with HTTP 300 [pid: 7|app: 0|req: 425/845] 10.0.0.69 () {28 vars in 375 bytes} [Wed Sep 23 18:09:12 2026] GET / => generated 411 bytes in 2 msecs (HTTP/1.1 300) 5 headers in 169 bytes (1 switches on core 0)
2026-09-23 18:09:12.729 8 INFO cinder.volume.api [None req-79b168cf-dfce-41a0-a001-7e55bc2edc1d 57b59e7bd5cf43ffaf880513aa452315 108c16ccbe0042119910fec0d36c7878 - - default default] Create volume request issued successfully.
2026-09-23 18:09:12.730 8 INFO cinder.api.openstack.wsgi [None req-79b168cf-dfce-41a0-a001-7e55bc2edc1d 57b59e7bd5cf43ffaf880513aa452315 108c16ccbe0042119910fec0d36c7878 - - default default] http://cinder-api.openstack.svc.cluster.local:8776/v3/108c16ccbe0042119910fec0d36c7878/volumes returned with HTTP 202 [pid: 8|app: 0|req: 421/846] 10.0.0.245 () {34 vars in 723 bytes} [Wed Sep 23 18:09:12 2026] POST /v3/108c16ccbe0042119910fec0d36c7878/volumes => generated 871 bytes in 464 msecs (HTTP/1.1 202) 7 headers in 291 bytes (1 switches on core 0)
2026-09-23 18:09:12.758 7 INFO cinder.api.openstack.wsgi [None req-30587ab1-55fd-470b-8407-6d9a63bb221a 57b59e7bd5cf43ffaf880513aa452315 108c16ccbe0042119910fec0d36c7878 - - default default] GET http://cinder-api.openstack.svc.cluster.local:8776/v3/108c16ccbe0042119910fec0d36c7878/volumes/44f5cb9f-bd6c-4e39-b650-39615e61f23e /var/lib/openstack/lib/python3.12/site-packages/oslo_context/context.py:102: DeprecationWarning: Policy enforcement is depending on the value of is_admin. This key is deprecated. Please update your policy file to use the standard policy values. warnings.warn(
2026-09-23 18:09:12.790 7 INFO cinder.volume.api [None req-30587ab1-55fd-470b-8407-6d9a63bb221a 57b59e7bd5cf43ffaf880513aa452315 108c16ccbe0042119910fec0d36c7878 - - default default] Volume info retrieved successfully.
2026-09-23 18:09:12.804 7 INFO cinder.api.openstack.wsgi [None req-30587ab1-55fd-470b-8407-6d9a63bb221a 57b59e7bd5cf43ffaf880513aa452315 108c16ccbe0042119910fec0d36c7878 - - default default] http://cinder-api.openstack.svc.cluster.local:8776/v3/108c16ccbe0042119910fec0d36c7878/volumes/44f5cb9f-bd6c-4e39-b650-39615e61f23e returned with HTTP 200 [pid: 7|app: 0|req: 426/847] 10.0.0.245 () {32 vars in 775 bytes} [Wed Sep 23 18:09:12 2026] GET /v3/108c16ccbe0042119910fec0d36c7878/volumes/44f5cb9f-bd6c-4e39-b650-39615e61f23e => generated 939 bytes in 57 msecs (HTTP/1.1 200) 7 headers in 285 bytes (1 switches on core 0) /var/lib/openstack/lib/python3.12/site-packages/pycadf/identifier.py:72: UserWarning: Invalid uuid: cinderv3. To ensure interoperability, identifiers should be a valid uuid. warnings.warn(
2026-09-23 18:09:13.841 8 INFO cinder.api.openstack.wsgi [None req-28edbbc9-c9bd-4d74-950d-ec268052f1f8 57b59e7bd5cf43ffaf880513aa452315 108c16ccbe0042119910fec0d36c7878 - - default default] GET http://cinder-api.openstack.svc.cluster.local:8776/v3/108c16ccbe0042119910fec0d36c7878/volumes/44f5cb9f-bd6c-4e39-b650-39615e61f23e /var/lib/openstack/lib/python3.12/site-packages/oslo_context/context.py:102: DeprecationWarning: Policy enforcement is depending on the value of is_admin. This key is deprecated. Please update your policy file to use the standard policy values. warnings.warn(
2026-09-23 18:09:13.867 8 INFO cinder.volume.api [None req-28edbbc9-c9bd-4d74-950d-ec268052f1f8 57b59e7bd5cf43ffaf880513aa452315 108c16ccbe0042119910fec0d36c7878 - - default default] Volume info retrieved successfully.
2026-09-23 18:09:13.876 8 INFO cinder.api.openstack.wsgi [None req-28edbbc9-c9bd-4d74-950d-ec268052f1f8 57b59e7bd5cf43ffaf880513aa452315 108c16ccbe0042119910fec0d36c7878 - - default default] http://cinder-api.openstack.svc.cluster.local:8776/v3/108c16ccbe0042119910fec0d36c7878/volumes/44f5cb9f-bd6c-4e39-b650-39615e61f23e returned with HTTP 200 [pid: 8|app: 0|req: 422/848] 10.0.0.245 () {32 vars in 775 bytes} [Wed Sep 23 18:09:13 2026] GET /v3/108c16ccbe0042119910fec0d36c7878/volumes/44f5cb9f-bd6c-4e39-b650-39615e61f23e => generated 964 bytes in 41 msecs (HTTP/1.1 200) 7 headers in 285 bytes (1 switches on core 0) /var/lib/openstack/lib/python3.12/site-packages/pycadf/identifier.py:72: UserWarning: Invalid uuid: cinderv3. To ensure interoperability, identifiers should be a valid uuid. warnings.warn(
2026-09-23 18:09:13.906 7 INFO cinder.api.openstack.wsgi [None req-ffc909d0-9668-4bab-b667-9edf3f009d67 57b59e7bd5cf43ffaf880513aa452315 108c16ccbe0042119910fec0d36c7878 - - default default] GET http://cinder-api.openstack.svc.cluster.local:8776/v3/108c16ccbe0042119910fec0d36c7878/volumes/44f5cb9f-bd6c-4e39-b650-39615e61f23e /var/lib/openstack/lib/python3.12/site-packages/oslo_context/context.py:102: DeprecationWarning: Policy enforcement is depending on the value of is_admin. This key is deprecated. Please update your policy file to use the standard policy values. warnings.warn(
2026-09-23 18:09:13.944 7 INFO cinder.volume.api [None req-ffc909d0-9668-4bab-b667-9edf3f009d67 57b59e7bd5cf43ffaf880513aa452315 108c16ccbe0042119910fec0d36c7878 - - default default] Volume info retrieved successfully.
2026-09-23 18:09:13.950 7 INFO cinder.api.openstack.wsgi [None req-ffc909d0-9668-4bab-b667-9edf3f009d67 57b59e7bd5cf43ffaf880513aa452315 108c16ccbe0042119910fec0d36c7878 - - default default] http://cinder-api.openstack.svc.cluster.local:8776/v3/108c16ccbe0042119910fec0d36c7878/volumes/44f5cb9f-bd6c-4e39-b650-39615e61f23e returned with HTTP 200 [pid: 7|app: 0|req: 427/849] 10.0.0.245 () {32 vars in 775 bytes} [Wed Sep 23 18:09:13 2026] GET /v3/108c16ccbe0042119910fec0d36c7878/volumes/44f5cb9f-bd6c-4e39-b650-39615e61f23e => generated 964 bytes in 51 msecs (HTTP/1.1 200) 7 headers in 285 bytes (1 switches on core 0) /var/lib/openstack/lib/python3.12/site-packages/pycadf/identifier.py:72: UserWarning: Invalid uuid: cinderv3. To ensure interoperability, identifiers should be a valid uuid. warnings.warn(
2026-09-23 18:09:13.967 8 INFO cinder.api.openstack.wsgi [None req-dd487ea7-4305-446a-9ae4-e32cfd1b6dd1 57b59e7bd5cf43ffaf880513aa452315 108c16ccbe0042119910fec0d36c7878 - - default default] PUT http://cinder-api.openstack.svc.cluster.local:8776/v3/108c16ccbe0042119910fec0d36c7878/volumes/44f5cb9f-bd6c-4e39-b650-39615e61f23e /var/lib/openstack/lib/python3.12/site-packages/oslo_context/context.py:102: DeprecationWarning: Policy enforcement is depending on the value of is_admin. This key is deprecated. Please update your policy file to use the standard policy values. warnings.warn(
2026-09-23 18:09:13.988 8 INFO cinder.volume.api [None req-dd487ea7-4305-446a-9ae4-e32cfd1b6dd1 57b59e7bd5cf43ffaf880513aa452315 108c16ccbe0042119910fec0d36c7878 - - default default] Volume info retrieved successfully.
2026-09-23 18:09:13.997 8 INFO cinder.volume.api [None req-dd487ea7-4305-446a-9ae4-e32cfd1b6dd1 57b59e7bd5cf43ffaf880513aa452315 108c16ccbe0042119910fec0d36c7878 - - default default] Volume updated successfully.
2026-09-23 18:09:13.998 8 INFO cinder.api.openstack.wsgi [None req-dd487ea7-4305-446a-9ae4-e32cfd1b6dd1 57b59e7bd5cf43ffaf880513aa452315 108c16ccbe0042119910fec0d36c7878 - - default default] http://cinder-api.openstack.svc.cluster.local:8776/v3/108c16ccbe0042119910fec0d36c7878/volumes/44f5cb9f-bd6c-4e39-b650-39615e61f23e returned with HTTP 200 [pid: 8|app: 0|req: 423/850] 10.0.0.245 () {34 vars in 795 bytes} [Wed Sep 23 18:09:13 2026] PUT /v3/108c16ccbe0042119910fec0d36c7878/volumes/44f5cb9f-bd6c-4e39-b650-39615e61f23e => generated 896 bytes in 35 msecs (HTTP/1.1 200) 7 headers in 285 bytes (1 switches on core 0) /var/lib/openstack/lib/python3.12/site-packages/pycadf/identifier.py:72: UserWarning: Invalid uuid: cinderv3. To ensure interoperability, identifiers should be a valid uuid. warnings.warn(
2026-09-23 18:09:14.016 7 INFO cinder.api.openstack.wsgi [None req-0cb6bf08-aeac-4495-b935-4cbde4e9e0d0 57b59e7bd5cf43ffaf880513aa452315 108c16ccbe0042119910fec0d36c7878 - - default default] PUT http://cinder-api.openstack.svc.cluster.local:8776/v3/108c16ccbe0042119910fec0d36c7878/volumes/44f5cb9f-bd6c-4e39-b650-39615e61f23e /var/lib/openstack/lib/python3.12/site-packages/oslo_context/context.py:102: DeprecationWarning: Policy enforcement is depending on the value of is_admin. This key is deprecated. Please update your policy file to use the standard policy values. warnings.warn(
2026-09-23 18:09:14.043 7 INFO cinder.volume.api [None req-0cb6bf08-aeac-4495-b935-4cbde4e9e0d0 57b59e7bd5cf43ffaf880513aa452315 108c16ccbe0042119910fec0d36c7878 - - default default] Volume info retrieved successfully.
2026-09-23 18:09:14.059 7 INFO cinder.volume.api [None req-0cb6bf08-aeac-4495-b935-4cbde4e9e0d0 57b59e7bd5cf43ffaf880513aa452315 108c16ccbe0042119910fec0d36c7878 - - default default] Volume updated successfully.
2026-09-23 18:09:14.061 7 INFO cinder.api.openstack.wsgi [None req-0cb6bf08-aeac-4495-b935-4cbde4e9e0d0 57b59e7bd5cf43ffaf880513aa452315 108c16ccbe0042119910fec0d36c7878 - - default default] http://cinder-api.openstack.svc.cluster.local:8776/v3/108c16ccbe0042119910fec0d36c7878/volumes/44f5cb9f-bd6c-4e39-b650-39615e61f23e returned with HTTP 200 [pid: 7|app: 0|req: 428/851] 10.0.0.245 () {34 vars in 796 bytes} [Wed Sep 23 18:09:14 2026] PUT /v3/108c16ccbe0042119910fec0d36c7878/volumes/44f5cb9f-bd6c-4e39-b650-39615e61f23e => generated 935 bytes in 54 msecs (HTTP/1.1 200) 7 headers in 285 bytes (1 switches on core 0) /var/lib/openstack/lib/python3.12/site-packages/pycadf/identifier.py:72: UserWarning: Invalid uuid: cinderv3. To ensure interoperability, identifiers should be a valid uuid. warnings.warn(
2026-09-23 18:09:14.087 8 INFO cinder.api.openstack.wsgi [None req-43e713a7-be36-44eb-aede-08b1b29602de 57b59e7bd5cf43ffaf880513aa452315 108c16ccbe0042119910fec0d36c7878 - - default default] GET http://cinder-api.openstack.svc.cluster.local:8776/v3/108c16ccbe0042119910fec0d36c7878/volumes/44f5cb9f-bd6c-4e39-b650-39615e61f23e /var/lib/openstack/lib/python3.12/site-packages/oslo_context/context.py:102: DeprecationWarning: Policy enforcement is depending on the value of is_admin. This key is deprecated. Please update your policy file to use the standard policy values. warnings.warn(
2026-09-23 18:09:14.111 8 INFO cinder.volume.api [None req-43e713a7-be36-44eb-aede-08b1b29602de 57b59e7bd5cf43ffaf880513aa452315 108c16ccbe0042119910fec0d36c7878 - - default default] Volume info retrieved successfully.
2026-09-23 18:09:14.122 8 INFO cinder.api.openstack.wsgi [None req-43e713a7-be36-44eb-aede-08b1b29602de 57b59e7bd5cf43ffaf880513aa452315 108c16ccbe0042119910fec0d36c7878 - - default default] http://cinder-api.openstack.svc.cluster.local:8776/v3/108c16ccbe0042119910fec0d36c7878/volumes/44f5cb9f-bd6c-4e39-b650-39615e61f23e returned with HTTP 200 [pid: 8|app: 0|req: 424/852] 10.0.0.245 () {32 vars in 775 bytes} [Wed Sep 23 18:09:14 2026] GET /v3/108c16ccbe0042119910fec0d36c7878/volumes/44f5cb9f-bd6c-4e39-b650-39615e61f23e => generated 1003 bytes in 44 msecs (HTTP/1.1 200) 7 headers in 286 bytes (1 switches on core 0) /var/lib/openstack/lib/python3.12/site-packages/pycadf/identifier.py:72: UserWarning: Invalid uuid: cinderv3. To ensure interoperability, identifiers should be a valid uuid. warnings.warn(
2026-09-23 18:09:14.147 7 INFO cinder.api.openstack.wsgi [None req-5bae8715-869e-4bb8-98dc-ed5bc6573f07 57b59e7bd5cf43ffaf880513aa452315 108c16ccbe0042119910fec0d36c7878 - - default default] POST http://cinder-api.openstack.svc.cluster.local:8776/v3/108c16ccbe0042119910fec0d36c7878/volumes
2026-09-23 18:09:14.151 7 INFO cinder.api.v3.volumes [None req-5bae8715-869e-4bb8-98dc-ed5bc6573f07 57b59e7bd5cf43ffaf880513aa452315 108c16ccbe0042119910fec0d36c7878 - - default default] Create volume of 1 GB
2026-09-23 18:09:14.168 7 INFO cinder.volume.api [None req-5bae8715-869e-4bb8-98dc-ed5bc6573f07 57b59e7bd5cf43ffaf880513aa452315 108c16ccbe0042119910fec0d36c7878 - - default default] Availability Zones retrieved successfully.
2026-09-23 18:09:14.689 7 INFO cinder.volume.api [None req-5bae8715-869e-4bb8-98dc-ed5bc6573f07 57b59e7bd5cf43ffaf880513aa452315 108c16ccbe0042119910fec0d36c7878 - - default default] Create volume request issued successfully.
2026-09-23 18:09:14.690 7 INFO cinder.api.openstack.wsgi [None req-5bae8715-869e-4bb8-98dc-ed5bc6573f07 57b59e7bd5cf43ffaf880513aa452315 108c16ccbe0042119910fec0d36c7878 - - default default] http://cinder-api.openstack.svc.cluster.local:8776/v3/108c16ccbe0042119910fec0d36c7878/volumes returned with HTTP 202 [pid: 7|app: 0|req: 429/853] 10.0.0.245 () {34 vars in 723 bytes} [Wed Sep 23 18:09:14 2026] POST /v3/108c16ccbe0042119910fec0d36c7878/volumes => generated 891 bytes in 552 msecs (HTTP/1.1 202) 7 headers in 291 bytes (1 switches on core 0) /var/lib/openstack/lib/python3.12/site-packages/pycadf/identifier.py:72: UserWarning: Invalid uuid: cinderv3. To ensure interoperability, identifiers should be a valid uuid. warnings.warn(
2026-09-23 18:09:14.718 8 INFO cinder.api.openstack.wsgi [None req-dfd68565-a5ad-4f95-9f80-35b8a096a273 57b59e7bd5cf43ffaf880513aa452315 108c16ccbe0042119910fec0d36c7878 - - default default] GET http://cinder-api.openstack.svc.cluster.local:8776/v3/108c16ccbe0042119910fec0d36c7878/volumes/229dd78d-4957-4ebc-8102-933f38902252 /var/lib/openstack/lib/python3.12/site-packages/oslo_context/context.py:102: DeprecationWarning: Policy enforcement is depending on the value of is_admin. This key is deprecated. Please update your policy file to use the standard policy values. warnings.warn(
2026-09-23 18:09:14.735 8 INFO cinder.volume.api [None req-dfd68565-a5ad-4f95-9f80-35b8a096a273 57b59e7bd5cf43ffaf880513aa452315 108c16ccbe0042119910fec0d36c7878 - - default default] Volume info retrieved successfully.
2026-09-23 18:09:14.742 8 INFO cinder.api.openstack.wsgi [None req-dfd68565-a5ad-4f95-9f80-35b8a096a273 57b59e7bd5cf43ffaf880513aa452315 108c16ccbe0042119910fec0d36c7878 - - default default] http://cinder-api.openstack.svc.cluster.local:8776/v3/108c16ccbe0042119910fec0d36c7878/volumes/229dd78d-4957-4ebc-8102-933f38902252 returned with HTTP 200 [pid: 8|app: 0|req: 425/854] 10.0.0.245 () {32 vars in 775 bytes} [Wed Sep 23 18:09:14 2026] GET /v3/108c16ccbe0042119910fec0d36c7878/volumes/229dd78d-4957-4ebc-8102-933f38902252 => generated 959 bytes in 30 msecs (HTTP/1.1 200) 7 headers in 285 bytes (1 switches on core 0) /var/lib/openstack/lib/python3.12/site-packages/pycadf/identifier.py:72: UserWarning: Invalid uuid: cinderv3. To ensure interoperability, identifiers should be a valid uuid. warnings.warn(
2026-09-23 18:09:15.776 7 INFO cinder.api.openstack.wsgi [None req-8c77425c-81a2-4359-ab94-c58b40cd35fb 57b59e7bd5cf43ffaf880513aa452315 108c16ccbe0042119910fec0d36c7878 - - default default] GET http://cinder-api.openstack.svc.cluster.local:8776/v3/108c16ccbe0042119910fec0d36c7878/volumes/229dd78d-4957-4ebc-8102-933f38902252 /var/lib/openstack/lib/python3.12/site-packages/oslo_context/context.py:102: DeprecationWarning: Policy enforcement is depending on the value of is_admin. This key is deprecated. Please update your policy file to use the standard policy values. warnings.warn(
2026-09-23 18:09:15.807 7 INFO cinder.volume.api [None req-8c77425c-81a2-4359-ab94-c58b40cd35fb 57b59e7bd5cf43ffaf880513aa452315 108c16ccbe0042119910fec0d36c7878 - - default default] Volume info retrieved successfully.
2026-09-23 18:09:15.821 7 INFO cinder.api.openstack.wsgi [None req-8c77425c-81a2-4359-ab94-c58b40cd35fb 57b59e7bd5cf43ffaf880513aa452315 108c16ccbe0042119910fec0d36c7878 - - default default] http://cinder-api.openstack.svc.cluster.local:8776/v3/108c16ccbe0042119910fec0d36c7878/volumes/229dd78d-4957-4ebc-8102-933f38902252 returned with HTTP 200 [pid: 7|app: 0|req: 430/855] 10.0.0.245 () {32 vars in 775 bytes} [Wed Sep 23 18:09:15 2026] GET /v3/108c16ccbe0042119910fec0d36c7878/volumes/229dd78d-4957-4ebc-8102-933f38902252 => generated 984 bytes in 57 msecs (HTTP/1.1 200) 7 headers in 285 bytes (1 switches on core 0) /var/lib/openstack/lib/python3.12/site-packages/pycadf/identifier.py:72: UserWarning: Invalid uuid: cinderv3. To ensure interoperability, identifiers should be a valid uuid. warnings.warn(
2026-09-23 18:09:15.866 8 INFO cinder.api.openstack.wsgi [None req-8a94758b-8d81-4b14-99a7-3629a19a1b8a 57b59e7bd5cf43ffaf880513aa452315 108c16ccbe0042119910fec0d36c7878 - - default default] PUT http://cinder-api.openstack.svc.cluster.local:8776/v3/108c16ccbe0042119910fec0d36c7878/volumes/229dd78d-4957-4ebc-8102-933f38902252 /var/lib/openstack/lib/python3.12/site-packages/oslo_context/context.py:102: DeprecationWarning: Policy enforcement is depending on the value of is_admin. This key is deprecated. Please update your policy file to use the standard policy values. warnings.warn(
2026-09-23 18:09:15.895 8 INFO cinder.volume.api [None req-8a94758b-8d81-4b14-99a7-3629a19a1b8a 57b59e7bd5cf43ffaf880513aa452315 108c16ccbe0042119910fec0d36c7878 - - default default] Volume info retrieved successfully.
2026-09-23 18:09:15.911 8 INFO cinder.volume.api [None req-8a94758b-8d81-4b14-99a7-3629a19a1b8a 57b59e7bd5cf43ffaf880513aa452315 108c16ccbe0042119910fec0d36c7878 - - default default] Volume updated successfully.
2026-09-23 18:09:15.912 8 INFO cinder.api.openstack.wsgi [None req-8a94758b-8d81-4b14-99a7-3629a19a1b8a 57b59e7bd5cf43ffaf880513aa452315 108c16ccbe0042119910fec0d36c7878 - - default default] http://cinder-api.openstack.svc.cluster.local:8776/v3/108c16ccbe0042119910fec0d36c7878/volumes/229dd78d-4957-4ebc-8102-933f38902252 returned with HTTP 200 [pid: 8|app: 0|req: 426/856] 10.0.0.245 () {34 vars in 795 bytes} [Wed Sep 23 18:09:15 2026] PUT /v3/108c16ccbe0042119910fec0d36c7878/volumes/229dd78d-4957-4ebc-8102-933f38902252 => generated 882 bytes in 60 msecs (HTTP/1.1 200) 7 headers in 285 bytes (1 switches on core 0) /var/lib/openstack/lib/python3.12/site-packages/pycadf/identifier.py:72: UserWarning: Invalid uuid: cinderv3. To ensure interoperability, identifiers should be a valid uuid. warnings.warn(
2026-09-23 18:09:15.948 7 INFO cinder.api.openstack.wsgi [None req-f9ce8614-d6dd-406b-9f85-6b71276629f4 57b59e7bd5cf43ffaf880513aa452315 108c16ccbe0042119910fec0d36c7878 - - default default] GET http://cinder-api.openstack.svc.cluster.local:8776/v3/108c16ccbe0042119910fec0d36c7878/volumes/229dd78d-4957-4ebc-8102-933f38902252 /var/lib/openstack/lib/python3.12/site-packages/oslo_context/context.py:102: DeprecationWarning: Policy enforcement is depending on the value of is_admin. This key is deprecated. Please update your policy file to use the standard policy values. warnings.warn(
2026-09-23 18:09:15.977 7 INFO cinder.volume.api [None req-f9ce8614-d6dd-406b-9f85-6b71276629f4 57b59e7bd5cf43ffaf880513aa452315 108c16ccbe0042119910fec0d36c7878 - - default default] Volume info retrieved successfully.
2026-09-23 18:09:15.986 7 INFO cinder.api.openstack.wsgi [None req-f9ce8614-d6dd-406b-9f85-6b71276629f4 57b59e7bd5cf43ffaf880513aa452315 108c16ccbe0042119910fec0d36c7878 - - default default] http://cinder-api.openstack.svc.cluster.local:8776/v3/108c16ccbe0042119910fec0d36c7878/volumes/229dd78d-4957-4ebc-8102-933f38902252 returned with HTTP 200 [pid: 7|app: 0|req: 431/857] 10.0.0.245 () {32 vars in 775 bytes} [Wed Sep 23 18:09:15 2026] GET /v3/108c16ccbe0042119910fec0d36c7878/volumes/229dd78d-4957-4ebc-8102-933f38902252 => generated 950 bytes in 48 msecs (HTTP/1.1 200) 7 headers in 285 bytes (1 switches on core 0) /var/lib/openstack/lib/python3.12/site-packages/pycadf/identifier.py:72: UserWarning: Invalid uuid: cinderv3. To ensure interoperability, identifiers should be a valid uuid. warnings.warn(
2026-09-23 18:09:16.018 8 INFO cinder.api.openstack.wsgi [None req-d10deafc-46a0-4d45-b728-96f9853ed336 57b59e7bd5cf43ffaf880513aa452315 108c16ccbe0042119910fec0d36c7878 - - default default] DELETE http://cinder-api.openstack.svc.cluster.local:8776/v3/108c16ccbe0042119910fec0d36c7878/volumes/229dd78d-4957-4ebc-8102-933f38902252
2026-09-23 18:09:16.020 8 INFO cinder.api.v3.volumes [None req-d10deafc-46a0-4d45-b728-96f9853ed336 57b59e7bd5cf43ffaf880513aa452315 108c16ccbe0042119910fec0d36c7878 - - default default] Delete volume with id: 229dd78d-4957-4ebc-8102-933f38902252 /var/lib/openstack/lib/python3.12/site-packages/oslo_context/context.py:102: DeprecationWarning: Policy enforcement is depending on the value of is_admin. This key is deprecated. Please update your policy file to use the standard policy values. warnings.warn(
2026-09-23 18:09:16.036 8 INFO cinder.volume.api [None req-d10deafc-46a0-4d45-b728-96f9853ed336 57b59e7bd5cf43ffaf880513aa452315 108c16ccbe0042119910fec0d36c7878 - - default default] Volume info retrieved successfully.
2026-09-23 18:09:16.076 8 INFO cinder.volume.api [None req-d10deafc-46a0-4d45-b728-96f9853ed336 57b59e7bd5cf43ffaf880513aa452315 108c16ccbe0042119910fec0d36c7878 - - default default] Delete volume request issued successfully.
