+ COMMAND=start + start + for KEYSTONE_WSGI_SCRIPT in keystone-wsgi-public ++ type -p keystone-wsgi-public + cp -a /var/lib/openstack/bin/keystone-wsgi-public /var/www/cgi-bin/keystone/ + '[' -f /etc/apache2/envvars ']' + source /etc/apache2/envvars ++ unset HOME ++ '[' '' '!=' '' ']' ++ SUFFIX= ++ export APACHE_RUN_USER=www-data ++ APACHE_RUN_USER=www-data ++ export APACHE_RUN_GROUP=www-data ++ APACHE_RUN_GROUP=www-data ++ export APACHE_PID_FILE=/var/run/apache2/apache2.pid ++ APACHE_PID_FILE=/var/run/apache2/apache2.pid ++ export APACHE_RUN_DIR=/var/run/apache2 ++ APACHE_RUN_DIR=/var/run/apache2 ++ export APACHE_LOCK_DIR=/var/lock/apache2 ++ APACHE_LOCK_DIR=/var/lock/apache2 ++ export APACHE_LOG_DIR=/var/log/apache2 ++ APACHE_LOG_DIR=/var/log/apache2 ++ export LANG=C ++ LANG=C ++ export LANG + '[' -f /var/run/apache2/apache2.pid ']' + exec apache2 -DFOREGROUND AH00558: apache2: Could not reliably determine the server's fully qualified domain name, using 10.0.0.129. Set the 'ServerName' directive globally to suppress this message AH00558: apache2: Could not reliably determine the server's fully qualified domain name, using 10.0.0.129. Set the 'ServerName' directive globally to suppress this message
[Wed Sep 23 17:00:47.466671 2026] [mpm_event:notice] [pid 1:tid 140163961563008] AH00489: Apache/2.4.58 (Ubuntu) mod_wsgi/5.0.0 Python/3.12 configured -- resuming normal operations
[Wed Sep 23 17:00:47.466791 2026] [core:notice] [pid 1:tid 140163961563008] AH00094: Command line: 'apache2 -D FOREGROUND'
[Wed Sep 23 17:01:40.748469 2026] [wsgi:error] [pid 10:tid 140163323741888] /var/lib/openstack/lib/python3.12/site-packages/oslo_utils/importutils.py:77: EventletDeprecationWarning:
[Wed Sep 23 17:01:40.748532 2026] [wsgi:error] [pid 10:tid 140163323741888] Eventlet is deprecated. It is currently being maintained in bugfix mode, and
[Wed Sep 23 17:01:40.748535 2026] [wsgi:error] [pid 10:tid 140163323741888] we strongly recommend against using it for new projects.
[Wed Sep 23 17:01:40.748536 2026] [wsgi:error] [pid 10:tid 140163323741888]
[Wed Sep 23 17:01:40.748537 2026] [wsgi:error] [pid 10:tid 140163323741888] If you are already using Eventlet, we recommend migrating to a different
[Wed Sep 23 17:01:40.748538 2026] [wsgi:error] [pid 10:tid 140163323741888] framework. For more detail see
[Wed Sep 23 17:01:40.748539 2026] [wsgi:error] [pid 10:tid 140163323741888] https://eventlet.readthedocs.io/en/latest/asyncio/migration.html
[Wed Sep 23 17:01:40.748540 2026] [wsgi:error] [pid 10:tid 140163323741888]
[Wed Sep 23 17:01:40.748541 2026] [wsgi:error] [pid 10:tid 140163323741888] __import__(import_str)
[Wed Sep 23 17:01:40.794003 2026] [wsgi:error] [pid 9:tid 140163323741888] /var/lib/openstack/lib/python3.12/site-packages/oslo_utils/importutils.py:77: EventletDeprecationWarning:
[Wed Sep 23 17:01:40.794044 2026] [wsgi:error] [pid 9:tid 140163323741888] Eventlet is deprecated. It is currently being maintained in bugfix mode, and
[Wed Sep 23 17:01:40.794046 2026] [wsgi:error] [pid 9:tid 140163323741888] we strongly recommend against using it for new projects.
[Wed Sep 23 17:01:40.794047 2026] [wsgi:error] [pid 9:tid 140163323741888]
[Wed Sep 23 17:01:40.794049 2026] [wsgi:error] [pid 9:tid 140163323741888] If you are already using Eventlet, we recommend migrating to a different
[Wed Sep 23 17:01:40.794050 2026] [wsgi:error] [pid 9:tid 140163323741888] framework. For more detail see
[Wed Sep 23 17:01:40.794051 2026] [wsgi:error] [pid 9:tid 140163323741888] https://eventlet.readthedocs.io/en/latest/asyncio/migration.html
[Wed Sep 23 17:01:40.794052 2026] [wsgi:error] [pid 9:tid 140163323741888]
[Wed Sep 23 17:01:40.794054 2026] [wsgi:error] [pid 9:tid 140163323741888] __import__(import_str) 10.0.0.202 - - [23/Sep/2026:17:01:39 +0000] "GET /v3/ HTTP/1.1" 200 250 10.0.0.202 - - [23/Sep/2026:17:01:39 +0000] "GET /v3/ HTTP/1.1" 200 250
[Wed Sep 23 17:01:53.004937 2026] [wsgi:error] [pid 12:tid 140163323741888] /var/lib/openstack/lib/python3.12/site-packages/oslo_utils/importutils.py:77: EventletDeprecationWarning:
[Wed Sep 23 17:01:53.004996 2026] [wsgi:error] [pid 12:tid 140163323741888] Eventlet is deprecated. It is currently being maintained in bugfix mode, and
[Wed Sep 23 17:01:53.004998 2026] [wsgi:error] [pid 12:tid 140163323741888] we strongly recommend against using it for new projects.
[Wed Sep 23 17:01:53.004999 2026] [wsgi:error] [pid 12:tid 140163323741888]
[Wed Sep 23 17:01:53.005001 2026] [wsgi:error] [pid 12:tid 140163323741888] If you are already using Eventlet, we recommend migrating to a different
[Wed Sep 23 17:01:53.005002 2026] [wsgi:error] [pid 12:tid 140163323741888] framework. For more detail see
[Wed Sep 23 17:01:53.005003 2026] [wsgi:error] [pid 12:tid 140163323741888] https://eventlet.readthedocs.io/en/latest/asyncio/migration.html
[Wed Sep 23 17:01:53.005004 2026] [wsgi:error] [pid 12:tid 140163323741888]
[Wed Sep 23 17:01:53.005005 2026] [wsgi:error] [pid 12:tid 140163323741888] __import__(import_str) 10.0.0.102 - - [23/Sep/2026:17:01:52 +0000] "GET / HTTP/1.1" 300 295
[Wed Sep 23 17:01:58.472364 2026] [wsgi:error] [pid 11:tid 140163323741888] /var/lib/openstack/lib/python3.12/site-packages/oslo_utils/importutils.py:77: EventletDeprecationWarning:
[Wed Sep 23 17:01:58.472404 2026] [wsgi:error] [pid 11:tid 140163323741888] Eventlet is deprecated. It is currently being maintained in bugfix mode, and
[Wed Sep 23 17:01:58.472406 2026] [wsgi:error] [pid 11:tid 140163323741888] we strongly recommend against using it for new projects.
[Wed Sep 23 17:01:58.472407 2026] [wsgi:error] [pid 11:tid 140163323741888]
[Wed Sep 23 17:01:58.472408 2026] [wsgi:error] [pid 11:tid 140163323741888] If you are already using Eventlet, we recommend migrating to a different
[Wed Sep 23 17:01:58.472409 2026] [wsgi:error] [pid 11:tid 140163323741888] framework. For more detail see
[Wed Sep 23 17:01:58.472410 2026] [wsgi:error] [pid 11:tid 140163323741888] https://eventlet.readthedocs.io/en/latest/asyncio/migration.html
[Wed Sep 23 17:01:58.472411 2026] [wsgi:error] [pid 11:tid 140163323741888]
[Wed Sep 23 17:01:58.472412 2026] [wsgi:error] [pid 11:tid 140163323741888] __import__(import_str)
[Wed Sep 23 17:02:03.040131 2026] [wsgi:error] [pid 11:tid 140163323741888] [remote 10.0.0.102:56334] 2026-09-23 17:02:03.037 11 WARNING keystone.identity.core [None req-3c87be88-be28-472d-bef1-e8b913c1805f - - - - - -] Invalid domain name (atmosphere) found in config file name: keystone.exception.DomainNotFound: Could not find domain: atmosphere.
[Wed Sep 23 17:02:03.091141 2026] [wsgi:error] [pid 11:tid 140163323741888] [remote 10.0.0.102:56334] 2026-09-23 17:02:03.090 11 WARNING keystone.common.password_hashing [None req-3c87be88-be28-472d-bef1-e8b913c1805f - - - - - -] Truncating password to algorithm specific maximum length 72 characters.
[Wed Sep 23 17:02:03.416226 2026] [wsgi:error] [pid 11:tid 140163323741888] [remote 10.0.0.102:56334] 2026-09-23 17:02:03.415 11 WARNING keystone.common.fernet_utils [None req-3c87be88-be28-472d-bef1-e8b913c1805f - - - - - -] key_repository is world readable: /etc/keystone/fernet-keys/ 10.0.0.102 - - [23/Sep/2026:17:01:57 +0000] "POST /v3/auth/tokens HTTP/1.1" 201 1359
[Wed Sep 23 17:02:03.812604 2026] [wsgi:error] [pid 9:tid 140163323741888] [remote 10.0.0.102:56334] 2026-09-23 17:02:03.810 9 WARNING keystone.identity.core [None req-9d1f0745-51c6-4fa7-b603-17661a8da2e9 - - - - - -] Invalid domain name (atmosphere) found in config file name: keystone.exception.DomainNotFound: Could not find domain: atmosphere. 10.0.0.102 - - [23/Sep/2026:17:02:03 +0000] "POST /v3/domains HTTP/1.1" 201 261 10.0.0.249 - - [23/Sep/2026:17:02:15 +0000] "GET / HTTP/1.1" 300 295
[Wed Sep 23 17:02:15.853772 2026] [wsgi:error] [pid 12:tid 140163323741888] [remote 10.0.0.249:36368] 2026-09-23 17:02:15.852 12 WARNING keystone.common.password_hashing [None req-235ec996-e533-471d-8801-29eea980dd11 - - - - - -] Truncating password to algorithm specific maximum length 72 characters.
[Wed Sep 23 17:02:16.157724 2026] [wsgi:error] [pid 12:tid 140163323741888] [remote 10.0.0.249:36368] 2026-09-23 17:02:16.157 12 WARNING keystone.common.fernet_utils [None req-235ec996-e533-471d-8801-29eea980dd11 - - - - - -] key_repository is world readable: /etc/keystone/fernet-keys/ 10.0.0.249 - - [23/Sep/2026:17:02:15 +0000] "POST /v3/auth/tokens HTTP/1.1" 201 1359 10.0.0.249 - - [23/Sep/2026:17:02:16 +0000] "GET /v3/roles/admin HTTP/1.1" 404 83
[Wed Sep 23 17:02:16.457989 2026] [wsgi:error] [pid 9:tid 140163323741888] [remote 10.0.0.249:36368] 2026-09-23 17:02:16.457 9 WARNING keystone.common.rbac_enforcer.enforcer [None req-3f88ba33-4c66-4ae2-afd2-b83f8d006556 9a5651301c6649b1ad2a1b02d9e92101 dbd33a4f58e4466a85a9b8ac4931c735 - - default default] Deprecated policy rules found. Use oslopolicy-policy-generator and oslopolicy-policy-upgrade to detect and resolve deprecated policies in your configuration. 10.0.0.249 - - [23/Sep/2026:17:02:16 +0000] "GET /v3/roles?name=admin HTTP/1.1" 200 389
[Wed Sep 23 17:02:17.147470 2026] [wsgi:error] [pid 10:tid 140163323741888] [remote 10.0.0.249:36368] 2026-09-23 17:02:17.147 10 WARNING keystone.common.rbac_enforcer.enforcer [None req-3a5a2a58-7a6f-4859-b701-0552b9964f5d 9a5651301c6649b1ad2a1b02d9e92101 dbd33a4f58e4466a85a9b8ac4931c735 - - default default] Deprecated policy rules found. Use oslopolicy-policy-generator and oslopolicy-policy-upgrade to detect and resolve deprecated policies in your configuration. 10.0.0.249 - - [23/Sep/2026:17:02:16 +0000] "GET /v3/users/admin-RegionOne HTTP/1.1" 404 93
[Wed Sep 23 17:02:17.352067 2026] [wsgi:error] [pid 12:tid 140163323741888] [remote 10.0.0.249:36368] 2026-09-23 17:02:17.351 12 WARNING keystone.common.rbac_enforcer.enforcer [None req-d2793c91-c16d-4140-9b8b-32cd806a81ba 9a5651301c6649b1ad2a1b02d9e92101 dbd33a4f58e4466a85a9b8ac4931c735 - - default default] Deprecated policy rules found. Use oslopolicy-policy-generator and oslopolicy-policy-upgrade to detect and resolve deprecated policies in your configuration. 10.0.0.249 - - [23/Sep/2026:17:02:17 +0000] "GET /v3/users?name=admin-RegionOne HTTP/1.1" 200 422
[Wed Sep 23 17:02:17.593699 2026] [wsgi:error] [pid 11:tid 140163323741888] [remote 10.0.0.249:36368] 2026-09-23 17:02:17.593 11 WARNING keystone.common.rbac_enforcer.enforcer [None req-b7159026-df7f-47c7-894a-ae420977782f 9a5651301c6649b1ad2a1b02d9e92101 dbd33a4f58e4466a85a9b8ac4931c735 - - default default] Deprecated policy rules found. Use oslopolicy-policy-generator and oslopolicy-policy-upgrade to detect and resolve deprecated policies in your configuration. 10.0.0.249 - - [23/Sep/2026:17:02:17 +0000] "GET /v3/domains/default HTTP/1.1" 200 224 10.0.0.249 - - [23/Sep/2026:17:02:17 +0000] "PUT /v3/domains/default/users/9a5651301c6649b1ad2a1b02d9e92101/roles/e658aca298454f90804917f6eef8801e HTTP/1.1" 204 - 10.0.0.202 - - [23/Sep/2026:17:02:28 +0000] "GET / HTTP/1.1" 300 280 10.0.0.202 - - [23/Sep/2026:17:02:29 +0000] "GET /v3 HTTP/1.1" 200 265
[Wed Sep 23 17:02:29.979791 2026] [wsgi:error] [pid 11:tid 140163323741888] [remote 10.0.0.202:44688] 2026-09-23 17:02:29.979 11 WARNING keystone.common.password_hashing [None req-b9f1cca2-0fd5-472f-9739-67f9b6ce508d - - - - - -] Truncating password to algorithm specific maximum length 72 characters.
[Wed Sep 23 17:02:30.318063 2026] [wsgi:error] [pid 11:tid 140163323741888] [remote 10.0.0.202:44688] 2026-09-23 17:02:30.317 11 WARNING keystone.common.fernet_utils [None req-b9f1cca2-0fd5-472f-9739-67f9b6ce508d - - - - - -] key_repository is world readable: /etc/keystone/fernet-keys/ 10.0.0.202 - - [23/Sep/2026:17:02:29 +0000] "POST /v3/auth/tokens HTTP/1.1" 201 1359 10.0.0.202 - - [23/Sep/2026:17:02:30 +0000] "GET / HTTP/1.1" 300 280 10.0.0.202 - - [23/Sep/2026:17:02:30 +0000] "GET /v3/domains/atmosphere HTTP/1.1" 404 90 10.0.0.202 - - [23/Sep/2026:17:02:30 +0000] "GET /v3/domains?name=atmosphere HTTP/1.1" 200 368 10.0.0.202 - - [23/Sep/2026:17:02:30 +0000] "GET /v3/domains/aa5d656ef3f1459fbd04965d159b14eb HTTP/1.1" 200 246 10.0.0.202 - - [23/Sep/2026:17:02:31 +0000] "GET /v3 HTTP/1.1" 200 265
[Wed Sep 23 17:02:31.607120 2026] [wsgi:error] [pid 10:tid 140163323741888] [remote 10.0.0.202:44692] 2026-09-23 17:02:31.606 10 WARNING keystone.common.password_hashing [None req-03df813e-a51c-44b4-9a5c-5a9bd6055ae0 - - - - - -] Truncating password to algorithm specific maximum length 72 characters.
[Wed Sep 23 17:02:31.982938 2026] [wsgi:error] [pid 10:tid 140163323741888] [remote 10.0.0.202:44692] 2026-09-23 17:02:31.982 10 WARNING keystone.common.fernet_utils [None req-03df813e-a51c-44b4-9a5c-5a9bd6055ae0 - - - - - -] key_repository is world readable: /etc/keystone/fernet-keys/ 10.0.0.202 - - [23/Sep/2026:17:02:31 +0000] "POST /v3/auth/tokens HTTP/1.1" 201 1359 10.0.0.202 - - [23/Sep/2026:17:02:31 +0000] "GET / HTTP/1.1" 300 280 10.0.0.202 - - [23/Sep/2026:17:02:32 +0000] "GET /v3/OS-FEDERATION/identity_providers/atmosphere HTTP/1.1" 404 101 10.0.0.202 - - [23/Sep/2026:17:02:32 +0000] "GET /v3/OS-FEDERATION/identity_providers HTTP/1.1" 200 155 10.0.0.202 - - [23/Sep/2026:17:02:32 +0000] "PUT /v3/OS-FEDERATION/identity_providers/atmosphere HTTP/1.1" 201 340 10.0.0.202 - - [23/Sep/2026:17:02:33 +0000] "GET /v3 HTTP/1.1" 200 265
[Wed Sep 23 17:02:33.049808 2026] [wsgi:error] [pid 11:tid 140163323741888] [remote 10.0.0.202:44688] 2026-09-23 17:02:33.049 11 WARNING keystone.common.password_hashing [None req-b93c93d0-c813-49a8-859f-e02ec60be504 - - - - - -] Truncating password to algorithm specific maximum length 72 characters.
[Wed Sep 23 17:02:33.336386 2026] [wsgi:error] [pid 11:tid 140163323741888] [remote 10.0.0.202:44688] 2026-09-23 17:02:33.336 11 WARNING keystone.common.fernet_utils [None req-b93c93d0-c813-49a8-859f-e02ec60be504 - - - - - -] key_repository is world readable: /etc/keystone/fernet-keys/ 10.0.0.202 - - [23/Sep/2026:17:02:33 +0000] "POST /v3/auth/tokens HTTP/1.1" 201 1359 10.0.0.202 - - [23/Sep/2026:17:02:33 +0000] "GET / HTTP/1.1" 300 280 10.0.0.202 - - [23/Sep/2026:17:02:33 +0000] "GET /v3/OS-FEDERATION/mappings/atmosphere-openid HTTP/1.1" 404 98 10.0.0.202 - - [23/Sep/2026:17:02:33 +0000] "GET /v3/OS-FEDERATION/mappings HTTP/1.1" 200 135 10.0.0.202 - - [23/Sep/2026:17:02:33 +0000] "PUT /v3/OS-FEDERATION/mappings/atmosphere-openid HTTP/1.1" 201 356 10.0.0.202 - - [23/Sep/2026:17:02:34 +0000] "GET /v3 HTTP/1.1" 200 265
[Wed Sep 23 17:02:34.381893 2026] [wsgi:error] [pid 10:tid 140163323741888] [remote 10.0.0.202:44692] 2026-09-23 17:02:34.381 10 WARNING keystone.common.password_hashing [None req-82e4f21c-589e-4b7c-ac35-dcd8727cd1d7 - - - - - -] Truncating password to algorithm specific maximum length 72 characters.
[Wed Sep 23 17:02:34.652205 2026] [wsgi:error] [pid 10:tid 140163323741888] [remote 10.0.0.202:44692] 2026-09-23 17:02:34.652 10 WARNING keystone.common.fernet_utils [None req-82e4f21c-589e-4b7c-ac35-dcd8727cd1d7 - - - - - -] key_repository is world readable: /etc/keystone/fernet-keys/ 10.0.0.202 - - [23/Sep/2026:17:02:34 +0000] "POST /v3/auth/tokens HTTP/1.1" 201 1359 10.0.0.202 - - [23/Sep/2026:17:02:34 +0000] "GET / HTTP/1.1" 300 280 10.0.0.202 - - [23/Sep/2026:17:02:34 +0000] "GET /v3/OS-FEDERATION/identity_providers/atmosphere/protocols/openid?idp_id=atmosphere HTTP/1.1" 404 131 10.0.0.202 - - [23/Sep/2026:17:02:34 +0000] "GET /v3/OS-FEDERATION/identity_providers/atmosphere/protocols HTTP/1.1" 200 167 10.0.0.202 - - [23/Sep/2026:17:02:34 +0000] "PUT /v3/OS-FEDERATION/identity_providers/atmosphere/protocols/openid HTTP/1.1" 201 222 10.0.0.202 - - [23/Sep/2026:17:02:39 +0000] "GET /v3/ HTTP/1.1" 200 250 10.0.0.202 - - [23/Sep/2026:17:02:39 +0000] "GET /v3/ HTTP/1.1" 200 250 10.0.0.202 - - [23/Sep/2026:17:03:39 +0000] "GET /v3/ HTTP/1.1" 200 250 10.0.0.202 - - [23/Sep/2026:17:03:39 +0000] "GET /v3/ HTTP/1.1" 200 250 10.0.0.220 - - [23/Sep/2026:17:04:01 +0000] "GET / HTTP/1.1" 300 295
[Wed Sep 23 17:04:01.704681 2026] [wsgi:error] [pid 11:tid 140163323741888] [remote 10.0.0.220:47960] 2026-09-23 17:04:01.704 11 WARNING keystone.common.password_hashing [None req-f501644c-98f6-45b2-a8b2-09277062babe - - - - - -] Truncating password to algorithm specific maximum length 72 characters.
[Wed Sep 23 17:04:02.008946 2026] [wsgi:error] [pid 11:tid 140163323741888] [remote 10.0.0.220:47960] 2026-09-23 17:04:02.008 11 WARNING keystone.common.fernet_utils [None req-f501644c-98f6-45b2-a8b2-09277062babe - - - - - -] key_repository is world readable: /etc/keystone/fernet-keys/ 10.0.0.220 - - [23/Sep/2026:17:04:01 +0000] "POST /v3/auth/tokens HTTP/1.1" 201 1359 10.0.0.220 - - [23/Sep/2026:17:04:02 +0000] "GET /v3/services HTTP/1.1" 200 355 10.0.0.220 - - [23/Sep/2026:17:04:05 +0000] "GET / HTTP/1.1" 300 295
[Wed Sep 23 17:04:05.679208 2026] [wsgi:error] [pid 12:tid 140163323741888] [remote 10.0.0.220:47972] 2026-09-23 17:04:05.678 12 WARNING keystone.common.password_hashing [None req-356312e9-a5c3-4de9-b99c-0c9cae3a4ca6 - - - - - -] Truncating password to algorithm specific maximum length 72 characters.
[Wed Sep 23 17:04:05.979645 2026] [wsgi:error] [pid 12:tid 140163323741888] [remote 10.0.0.220:47972] 2026-09-23 17:04:05.979 12 WARNING keystone.common.fernet_utils [None req-356312e9-a5c3-4de9-b99c-0c9cae3a4ca6 - - - - - -] key_repository is world readable: /etc/keystone/fernet-keys/ 10.0.0.220 - - [23/Sep/2026:17:04:05 +0000] "POST /v3/auth/tokens HTTP/1.1" 201 1359 10.0.0.220 - - [23/Sep/2026:17:04:06 +0000] "GET /v3/services HTTP/1.1" 200 355 10.0.0.220 - - [23/Sep/2026:17:04:09 +0000] "GET / HTTP/1.1" 300 295
[Wed Sep 23 17:04:09.577495 2026] [wsgi:error] [pid 10:tid 140163323741888] [remote 10.0.0.220:54904] 2026-09-23 17:04:09.577 10 WARNING keystone.common.password_hashing [None req-13fa6934-794d-46b3-a330-14b645a7df55 - - - - - -] Truncating password to algorithm specific maximum length 72 characters.
[Wed Sep 23 17:04:09.873724 2026] [wsgi:error] [pid 10:tid 140163323741888] [remote 10.0.0.220:54904] 2026-09-23 17:04:09.873 10 WARNING keystone.common.fernet_utils [None req-13fa6934-794d-46b3-a330-14b645a7df55 - - - - - -] key_repository is world readable: /etc/keystone/fernet-keys/ 10.0.0.220 - - [23/Sep/2026:17:04:09 +0000] "POST /v3/auth/tokens HTTP/1.1" 201 1359 10.0.0.220 - - [23/Sep/2026:17:04:09 +0000] "GET /v3/services HTTP/1.1" 200 355 10.0.0.220 - - [23/Sep/2026:17:04:13 +0000] "GET / HTTP/1.1" 300 295
[Wed Sep 23 17:04:13.557812 2026] [wsgi:error] [pid 9:tid 140163323741888] [remote 10.0.0.220:54918] 2026-09-23 17:04:13.557 9 WARNING keystone.common.password_hashing [None req-c026e9c9-3205-4571-8a0b-8d0fcb69218b - - - - - -] Truncating password to algorithm specific maximum length 72 characters.
[Wed Sep 23 17:04:13.879490 2026] [wsgi:error] [pid 9:tid 140163323741888] [remote 10.0.0.220:54918] 2026-09-23 17:04:13.879 9 WARNING keystone.common.fernet_utils [None req-c026e9c9-3205-4571-8a0b-8d0fcb69218b - - - - - -] key_repository is world readable: /etc/keystone/fernet-keys/ 10.0.0.220 - - [23/Sep/2026:17:04:13 +0000] "POST /v3/auth/tokens HTTP/1.1" 201 1359 10.0.0.220 - - [23/Sep/2026:17:04:13 +0000] "POST /v3/services HTTP/1.1" 201 296 10.0.0.10 - - [23/Sep/2026:17:04:25 +0000] "GET / HTTP/1.1" 300 295
[Wed Sep 23 17:04:25.902166 2026] [wsgi:error] [pid 11:tid 140163323741888] [remote 10.0.0.10:55766] 2026-09-23 17:04:25.901 11 WARNING keystone.common.password_hashing [None req-43251c9d-ea94-4dba-aadd-b1d71a20b398 - - - - - -] Truncating password to algorithm specific maximum length 72 characters. 10.0.0.10 - - [23/Sep/2026:17:04:25 +0000] "GET / HTTP/1.1" 300 295
[Wed Sep 23 17:04:26.010185 2026] [wsgi:error] [pid 10:tid 140163323741888] [remote 10.0.0.10:55768] 2026-09-23 17:04:26.009 10 WARNING keystone.common.password_hashing [None req-150ae023-ddd7-4250-9c5c-4a6ae8b43ba7 - - - - - -] Truncating password to algorithm specific maximum length 72 characters. 10.0.0.10 - - [23/Sep/2026:17:04:26 +0000] "GET / HTTP/1.1" 300 295
[Wed Sep 23 17:04:26.062763 2026] [wsgi:error] [pid 9:tid 140163323741888] [remote 10.0.0.10:55778] 2026-09-23 17:04:26.062 9 WARNING keystone.common.password_hashing [None req-49726ea0-1ef7-4753-a708-84b4381b40db - - - - - -] Truncating password to algorithm specific maximum length 72 characters.
[Wed Sep 23 17:04:26.191855 2026] [wsgi:error] [pid 11:tid 140163323741888] [remote 10.0.0.10:55766] 2026-09-23 17:04:26.191 11 WARNING keystone.common.fernet_utils [None req-43251c9d-ea94-4dba-aadd-b1d71a20b398 - - - - - -] key_repository is world readable: /etc/keystone/fernet-keys/ 10.0.0.10 - - [23/Sep/2026:17:04:25 +0000] "POST /v3/auth/tokens HTTP/1.1" 201 1463
[Wed Sep 23 17:04:26.301448 2026] [wsgi:error] [pid 10:tid 140163323741888] [remote 10.0.0.10:55768] 2026-09-23 17:04:26.301 10 WARNING keystone.common.fernet_utils [None req-150ae023-ddd7-4250-9c5c-4a6ae8b43ba7 - - - - - -] key_repository is world readable: /etc/keystone/fernet-keys/ 10.0.0.10 - - [23/Sep/2026:17:04:25 +0000] "POST /v3/auth/tokens HTTP/1.1" 201 1463 10.0.0.10 - - [23/Sep/2026:17:04:26 +0000] "GET /v3/services HTTP/1.1" 200 639
[Wed Sep 23 17:04:26.354653 2026] [wsgi:error] [pid 9:tid 140163323741888] [remote 10.0.0.10:55778] 2026-09-23 17:04:26.354 9 WARNING keystone.common.fernet_utils [None req-49726ea0-1ef7-4753-a708-84b4381b40db - - - - - -] key_repository is world readable: /etc/keystone/fernet-keys/ 10.0.0.10 - - [23/Sep/2026:17:04:26 +0000] "POST /v3/auth/tokens HTTP/1.1" 201 1463 10.0.0.10 - - [23/Sep/2026:17:04:26 +0000] "GET /v3/services HTTP/1.1" 200 639 10.0.0.10 - - [23/Sep/2026:17:04:26 +0000] "GET /v3/services HTTP/1.1" 200 639 10.0.0.10 - - [23/Sep/2026:17:04:27 +0000] "GET / HTTP/1.1" 300 295
[Wed Sep 23 17:04:27.677087 2026] [wsgi:error] [pid 9:tid 140163323741888] [remote 10.0.0.10:55792] 2026-09-23 17:04:27.676 9 WARNING keystone.common.password_hashing [None req-ff86873b-9f12-4a34-abfc-6c01f0ca2a26 - - - - - -] Truncating password to algorithm specific maximum length 72 characters. 10.0.0.10 - - [23/Sep/2026:17:04:27 +0000] "GET / HTTP/1.1" 300 295
[Wed Sep 23 17:04:27.894442 2026] [wsgi:error] [pid 10:tid 140163323741888] [remote 10.0.0.10:55808] 2026-09-23 17:04:27.894 10 WARNING keystone.common.password_hashing [None req-6d4f0047-668c-40dc-8693-ebd4404c3080 - - - - - -] Truncating password to algorithm specific maximum length 72 characters.
[Wed Sep 23 17:04:27.997720 2026] [wsgi:error] [pid 9:tid 140163323741888] [remote 10.0.0.10:55792] 2026-09-23 17:04:27.997 9 WARNING keystone.common.fernet_utils [None req-ff86873b-9f12-4a34-abfc-6c01f0ca2a26 - - - - - -] key_repository is world readable: /etc/keystone/fernet-keys/ 10.0.0.10 - - [23/Sep/2026:17:04:27 +0000] "POST /v3/auth/tokens HTTP/1.1" 201 1463 10.0.0.10 - - [23/Sep/2026:17:04:28 +0000] "GET / HTTP/1.1" 300 295
[Wed Sep 23 17:04:28.071507 2026] [wsgi:error] [pid 11:tid 140163323741888] [remote 10.0.0.10:52746] 2026-09-23 17:04:28.071 11 WARNING keystone.common.password_hashing [None req-64bc382f-2c71-4e81-8ef2-b8c3edc76ddf - - - - - -] Truncating password to algorithm specific maximum length 72 characters. 10.0.0.10 - - [23/Sep/2026:17:04:28 +0000] "GET /v3/endpoints HTTP/1.1" 200 1226 10.0.0.10 - - [23/Sep/2026:17:04:28 +0000] "GET /v3/services/e6fe03961911476aa0ed9449728eaa0d HTTP/1.1" 200 233 10.0.0.10 - - [23/Sep/2026:17:04:28 +0000] "GET /v3/services/e6fe03961911476aa0ed9449728eaa0d HTTP/1.1" 200 233
[Wed Sep 23 17:04:28.186810 2026] [wsgi:error] [pid 10:tid 140163323741888] [remote 10.0.0.10:55808] 2026-09-23 17:04:28.186 10 WARNING keystone.common.fernet_utils [None req-6d4f0047-668c-40dc-8693-ebd4404c3080 - - - - - -] key_repository is world readable: /etc/keystone/fernet-keys/ 10.0.0.10 - - [23/Sep/2026:17:04:28 +0000] "GET /v3/services/e6fe03961911476aa0ed9449728eaa0d HTTP/1.1" 200 233 10.0.0.10 - - [23/Sep/2026:17:04:27 +0000] "POST /v3/auth/tokens HTTP/1.1" 201 1463 10.0.0.10 - - [23/Sep/2026:17:04:28 +0000] "GET /v3/endpoints HTTP/1.1" 200 1226 10.0.0.10 - - [23/Sep/2026:17:04:28 +0000] "GET /v3/services/e6fe03961911476aa0ed9449728eaa0d HTTP/1.1" 200 233
[Wed Sep 23 17:04:28.375413 2026] [wsgi:error] [pid 11:tid 140163323741888] [remote 10.0.0.10:52746] 2026-09-23 17:04:28.375 11 WARNING keystone.common.fernet_utils [None req-64bc382f-2c71-4e81-8ef2-b8c3edc76ddf - - - - - -] key_repository is world readable: /etc/keystone/fernet-keys/ 10.0.0.10 - - [23/Sep/2026:17:04:28 +0000] "POST /v3/auth/tokens HTTP/1.1" 201 1463 10.0.0.10 - - [23/Sep/2026:17:04:28 +0000] "GET /v3/services/e6fe03961911476aa0ed9449728eaa0d HTTP/1.1" 200 233 10.0.0.10 - - [23/Sep/2026:17:04:28 +0000] "GET /v3/services/e6fe03961911476aa0ed9449728eaa0d HTTP/1.1" 200 233 10.0.0.10 - - [23/Sep/2026:17:04:28 +0000] "GET /v3/endpoints HTTP/1.1" 200 1226 10.0.0.10 - - [23/Sep/2026:17:04:28 +0000] "GET /v3/services/e6fe03961911476aa0ed9449728eaa0d HTTP/1.1" 200 233 10.0.0.10 - - [23/Sep/2026:17:04:28 +0000] "GET /v3/services/e6fe03961911476aa0ed9449728eaa0d HTTP/1.1" 200 233 10.0.0.10 - - [23/Sep/2026:17:04:28 +0000] "GET /v3/services/e6fe03961911476aa0ed9449728eaa0d HTTP/1.1" 200 233 10.0.0.10 - - [23/Sep/2026:17:04:29 +0000] "GET / HTTP/1.1" 300 295
[Wed Sep 23 17:04:29.487093 2026] [wsgi:error] [pid 11:tid 140163323741888] [remote 10.0.0.10:52756] 2026-09-23 17:04:29.486 11 WARNING keystone.common.password_hashing [None req-2ddf42a6-2f56-43e2-a49c-20363fccc222 - - - - - -] Truncating password to algorithm specific maximum length 72 characters.
[Wed Sep 23 17:04:29.780567 2026] [wsgi:error] [pid 11:tid 140163323741888] [remote 10.0.0.10:52756] 2026-09-23 17:04:29.780 11 WARNING keystone.common.fernet_utils [None req-2ddf42a6-2f56-43e2-a49c-20363fccc222 - - - - - -] key_repository is world readable: /etc/keystone/fernet-keys/ 10.0.0.10 - - [23/Sep/2026:17:04:29 +0000] "POST /v3/auth/tokens HTTP/1.1" 201 1463 10.0.0.10 - - [23/Sep/2026:17:04:29 +0000] "GET / HTTP/1.1" 300 295
[Wed Sep 23 17:04:29.899880 2026] [wsgi:error] [pid 9:tid 140163323741888] [remote 10.0.0.10:52770] 2026-09-23 17:04:29.899 9 WARNING keystone.common.password_hashing [None req-04ab283d-737d-4e61-94f4-9b829f62968a - - - - - -] Truncating password to algorithm specific maximum length 72 characters. 10.0.0.10 - - [23/Sep/2026:17:04:29 +0000] "GET / HTTP/1.1" 300 295
[Wed Sep 23 17:04:29.950830 2026] [wsgi:error] [pid 11:tid 140163323741888] [remote 10.0.0.10:52774] 2026-09-23 17:04:29.950 11 WARNING keystone.common.password_hashing [None req-3a16eaf0-6669-4e99-8455-30c0a64e4712 - - - - - -] Truncating password to algorithm specific maximum length 72 characters. 10.0.0.10 - - [23/Sep/2026:17:04:29 +0000] "GET /v3/services/0047f1b42702482b8de95d9bcadc5965 HTTP/1.1" 200 296 10.0.0.10 - - [23/Sep/2026:17:04:29 +0000] "GET /v3/regions/RegionOne HTTP/1.1" 200 173 10.0.0.10 - - [23/Sep/2026:17:04:29 +0000] "POST /v3/endpoints HTTP/1.1" 201 369
[Wed Sep 23 17:04:30.204435 2026] [wsgi:error] [pid 9:tid 140163323741888] [remote 10.0.0.10:52770] 2026-09-23 17:04:30.204 9 WARNING keystone.common.fernet_utils [None req-04ab283d-737d-4e61-94f4-9b829f62968a - - - - - -] key_repository is world readable: /etc/keystone/fernet-keys/ 10.0.0.10 - - [23/Sep/2026:17:04:29 +0000] "POST /v3/auth/tokens HTTP/1.1" 201 1629
[Wed Sep 23 17:04:30.242639 2026] [wsgi:error] [pid 11:tid 140163323741888] [remote 10.0.0.10:52774] 2026-09-23 17:04:30.242 11 WARNING keystone.common.fernet_utils [None req-3a16eaf0-6669-4e99-8455-30c0a64e4712 - - - - - -] key_repository is world readable: /etc/keystone/fernet-keys/ 10.0.0.10 - - [23/Sep/2026:17:04:29 +0000] "POST /v3/auth/tokens HTTP/1.1" 201 1629 10.0.0.10 - - [23/Sep/2026:17:04:30 +0000] "GET /v3/services/0047f1b42702482b8de95d9bcadc5965 HTTP/1.1" 200 296 10.0.0.10 - - [23/Sep/2026:17:04:30 +0000] "GET /v3/services/0047f1b42702482b8de95d9bcadc5965 HTTP/1.1" 200 296 10.0.0.10 - - [23/Sep/2026:17:04:30 +0000] "GET /v3/regions/RegionOne HTTP/1.1" 200 173 10.0.0.10 - - [23/Sep/2026:17:04:30 +0000] "GET /v3/regions/RegionOne HTTP/1.1" 200 173 10.0.0.10 - - [23/Sep/2026:17:04:30 +0000] "POST /v3/endpoints HTTP/1.1" 201 383 10.0.0.10 - - [23/Sep/2026:17:04:30 +0000] "POST /v3/endpoints HTTP/1.1" 201 380 10.0.0.10 - - [23/Sep/2026:17:04:31 +0000] "GET / HTTP/1.1" 300 295
[Wed Sep 23 17:04:31.474106 2026] [wsgi:error] [pid 11:tid 140163323741888] [remote 10.0.0.10:52790] 2026-09-23 17:04:31.473 11 WARNING keystone.common.password_hashing [None req-e8a72612-3d17-4e7d-aab3-2193aec7b0ec - - - - - -] Truncating password to algorithm specific maximum length 72 characters. 10.0.0.10 - - [23/Sep/2026:17:04:31 +0000] "GET / HTTP/1.1" 300 295
[Wed Sep 23 17:04:31.686745 2026] [wsgi:error] [pid 12:tid 140163323741888] [remote 10.0.0.10:52806] 2026-09-23 17:04:31.686 12 WARNING keystone.common.password_hashing [None req-1be326f7-d3d8-4283-a05a-a849ceb356cd - - - - - -] Truncating password to algorithm specific maximum length 72 characters.
[Wed Sep 23 17:04:31.781372 2026] [wsgi:error] [pid 11:tid 140163323741888] [remote 10.0.0.10:52790] 2026-09-23 17:04:31.781 11 WARNING keystone.common.fernet_utils [None req-e8a72612-3d17-4e7d-aab3-2193aec7b0ec - - - - - -] key_repository is world readable: /etc/keystone/fernet-keys/ 10.0.0.10 - - [23/Sep/2026:17:04:31 +0000] "POST /v3/auth/tokens HTTP/1.1" 201 1990 10.0.0.10 - - [23/Sep/2026:17:04:31 +0000] "GET / HTTP/1.1" 300 295
[Wed Sep 23 17:04:31.899836 2026] [wsgi:error] [pid 10:tid 140163323741888] [remote 10.0.0.10:52812] 2026-09-23 17:04:31.899 10 WARNING keystone.common.password_hashing [None req-781c7f03-1d23-4ee8-bda2-62db88e9ff2d - - - - - -] Truncating password to algorithm specific maximum length 72 characters. 10.0.0.10 - - [23/Sep/2026:17:04:31 +0000] "GET /v3/endpoints/65889b93c1234398865ec1e6168ac2dc HTTP/1.1" 200 369 10.0.0.10 - - [23/Sep/2026:17:04:31 +0000] "GET /v3/services/0047f1b42702482b8de95d9bcadc5965 HTTP/1.1" 200 296
[Wed Sep 23 17:04:32.021958 2026] [wsgi:error] [pid 12:tid 140163323741888] [remote 10.0.0.10:52806] 2026-09-23 17:04:32.021 12 WARNING keystone.common.fernet_utils [None req-1be326f7-d3d8-4283-a05a-a849ceb356cd - - - - - -] key_repository is world readable: /etc/keystone/fernet-keys/ 10.0.0.10 - - [23/Sep/2026:17:04:31 +0000] "POST /v3/auth/tokens HTTP/1.1" 201 1990 10.0.0.10 - - [23/Sep/2026:17:04:32 +0000] "GET /v3/endpoints/3aec6855f900495c9cfbb10954f8bb2e HTTP/1.1" 200 383
[Wed Sep 23 17:04:32.183028 2026] [wsgi:error] [pid 10:tid 140163323741888] [remote 10.0.0.10:52812] 2026-09-23 17:04:32.182 10 WARNING keystone.common.fernet_utils [None req-781c7f03-1d23-4ee8-bda2-62db88e9ff2d - - - - - -] key_repository is world readable: /etc/keystone/fernet-keys/ 10.0.0.10 - - [23/Sep/2026:17:04:32 +0000] "GET /v3/services/0047f1b42702482b8de95d9bcadc5965 HTTP/1.1" 200 296 10.0.0.10 - - [23/Sep/2026:17:04:31 +0000] "POST /v3/auth/tokens HTTP/1.1" 201 1990 10.0.0.10 - - [23/Sep/2026:17:04:32 +0000] "GET /v3/endpoints/e09144ebe069457e8e6e8077728609fe HTTP/1.1" 200 380 10.0.0.10 - - [23/Sep/2026:17:04:32 +0000] "GET /v3/services/0047f1b42702482b8de95d9bcadc5965 HTTP/1.1" 200 296 10.0.0.202 - - [23/Sep/2026:17:04:39 +0000] "GET /v3/ HTTP/1.1" 200 250 10.0.0.202 - - [23/Sep/2026:17:04:39 +0000] "GET /v3/ HTTP/1.1" 200 250 10.0.0.83 - - [23/Sep/2026:17:04:44 +0000] "GET / HTTP/1.1" 300 295
[Wed Sep 23 17:04:44.168223 2026] [wsgi:error] [pid 11:tid 140163323741888] [remote 10.0.0.83:35360] 2026-09-23 17:04:44.167 11 WARNING keystone.common.password_hashing [None req-705fcd41-c2c4-4825-8de3-c86f1f28bb01 - - - - - -] Truncating password to algorithm specific maximum length 72 characters.
[Wed Sep 23 17:04:44.463069 2026] [wsgi:error] [pid 11:tid 140163323741888] [remote 10.0.0.83:35360] 2026-09-23 17:04:44.462 11 WARNING keystone.common.fernet_utils [None req-705fcd41-c2c4-4825-8de3-c86f1f28bb01 - - - - - -] key_repository is world readable: /etc/keystone/fernet-keys/ 10.0.0.83 - - [23/Sep/2026:17:04:44 +0000] "POST /v3/auth/tokens HTTP/1.1" 201 1990 10.0.0.83 - - [23/Sep/2026:17:04:44 +0000] "POST /v3/domains HTTP/1.1" 201 284 10.0.0.83 - - [23/Sep/2026:17:04:46 +0000] "GET / HTTP/1.1" 300 295
[Wed Sep 23 17:04:46.116452 2026] [wsgi:error] [pid 12:tid 140163323741888] [remote 10.0.0.83:35370] 2026-09-23 17:04:46.116 12 WARNING keystone.common.password_hashing [None req-51829abd-72f1-4c46-b1b3-c7015e128650 - - - - - -] Truncating password to algorithm specific maximum length 72 characters.
[Wed Sep 23 17:04:46.403314 2026] [wsgi:error] [pid 12:tid 140163323741888] [remote 10.0.0.83:35370] 2026-09-23 17:04:46.403 12 WARNING keystone.common.fernet_utils [None req-51829abd-72f1-4c46-b1b3-c7015e128650 - - - - - -] key_repository is world readable: /etc/keystone/fernet-keys/ 10.0.0.83 - - [23/Sep/2026:17:04:46 +0000] "POST /v3/auth/tokens HTTP/1.1" 201 1990
[Wed Sep 23 17:04:46.593333 2026] [wsgi:error] [pid 11:tid 140163323741888] [remote 10.0.0.83:35370] 2026-09-23 17:04:46.567 11 ERROR keystone.server.flask.application [None req-43885213-2322-4b7a-8821-1199ce4e0099 9a5651301c6649b1ad2a1b02d9e92101 dbd33a4f58e4466a85a9b8ac4931c735 - - default default] Conflict occurred attempting to store project - it is not permitted to have two projects acting as domains with the same name: service.: keystone.exception.Conflict: Conflict occurred attempting to store project - it is not permitted to have two projects acting as domains with the same name: service.
[Wed Sep 23 17:04:46.593364 2026] [wsgi:error] [pid 11:tid 140163323741888] [remote 10.0.0.83:35370] 2026-09-23 17:04:46.567 11 ERROR keystone.server.flask.application
Traceback (most recent call last):
[Wed Sep 23 17:04:46.593367 2026] [wsgi:error] [pid 11:tid 140163323741888] [remote 10.0.0.83:35370] 2026-09-23 17:04:46.567 11 ERROR keystone.server.flask.application
File "/var/lib/openstack/lib/python3.12/site-packages/sqlalchemy/engine/base.py", line 1969, in _exec_single_context
[Wed Sep 23 17:04:46.593369 2026] [wsgi:error] [pid 11:tid 140163323741888] [remote 10.0.0.83:35370] 2026-09-23 17:04:46.567 11 ERROR keystone.server.flask.application self.dialect.do_execute(
[Wed Sep 23 17:04:46.593372 2026] [wsgi:error] [pid 11:tid 140163323741888] [remote 10.0.0.83:35370] 2026-09-23 17:04:46.567 11 ERROR keystone.server.flask.application
File "/var/lib/openstack/lib/python3.12/site-packages/sqlalchemy/engine/default.py", line 952, in do_execute
[Wed Sep 23 17:04:46.593374 2026] [wsgi:error] [pid 11:tid 140163323741888] [remote 10.0.0.83:35370] 2026-09-23 17:04:46.567 11 ERROR keystone.server.flask.application cursor.execute(statement, parameters)
[Wed Sep 23 17:04:46.593377 2026] [wsgi:error] [pid 11:tid 140163323741888] [remote 10.0.0.83:35370] 2026-09-23 17:04:46.567 11 ERROR keystone.server.flask.application
File "/var/lib/openstack/lib/python3.12/site-packages/pymysql/cursors.py", line 159, in execute
[Wed Sep 23 17:04:46.593379 2026] [wsgi:error] [pid 11:tid 140163323741888] [remote 10.0.0.83:35370] 2026-09-23 17:04:46.567 11 ERROR keystone.server.flask.application result = self._query(query)
[Wed Sep 23 17:04:46.593381 2026] [wsgi:error] [pid 11:tid 140163323741888] [remote 10.0.0.83:35370] 2026-09-23 17:04:46.567 11 ERROR keystone.server.flask.application ^^^^^^^^^^^^^^^^^^
[Wed Sep 23 17:04:46.593383 2026] [wsgi:error] [pid 11:tid 140163323741888] [remote 10.0.0.83:35370] 2026-09-23 17:04:46.567 11 ERROR keystone.server.flask.application
File "/var/lib/openstack/lib/python3.12/site-packages/pymysql/cursors.py", line 330, in _query
[Wed Sep 23 17:04:46.593385 2026] [wsgi:error] [pid 11:tid 140163323741888] [remote 10.0.0.83:35370] 2026-09-23 17:04:46.567 11 ERROR keystone.server.flask.application conn.query(q)
[Wed Sep 23 17:04:46.593387 2026] [wsgi:error] [pid 11:tid 140163323741888] [remote 10.0.0.83:35370] 2026-09-23 17:04:46.567 11 ERROR keystone.server.flask.application
File "/var/lib/openstack/lib/python3.12/site-packages/pymysql/connections.py", line 582, in query
[Wed Sep 23 17:04:46.593390 2026] [wsgi:error] [pid 11:tid 140163323741888] [remote 10.0.0.83:35370] 2026-09-23 17:04:46.567 11 ERROR keystone.server.flask.application self._affected_rows = self._read_query_result(unbuffered=unbuffered)
[Wed Sep 23 17:04:46.593392 2026] [wsgi:error] [pid 11:tid 140163323741888] [remote 10.0.0.83:35370] 2026-09-23 17:04:46.567 11 ERROR keystone.server.flask.application ^^^^^^^^^^^^^^^^^^^^^^^^^^^^^^^^^^^^^^^^^^^^^^
[Wed Sep 23 17:04:46.593394 2026] [wsgi:error] [pid 11:tid 140163323741888] [remote 10.0.0.83:35370] 2026-09-23 17:04:46.567 11 ERROR keystone.server.flask.application
File "/var/lib/openstack/lib/python3.12/site-packages/pymysql/connections.py", line 847, in _read_query_result
[Wed Sep 23 17:04:46.593396 2026] [wsgi:error] [pid 11:tid 140163323741888] [remote 10.0.0.83:35370] 2026-09-23 17:04:46.567 11 ERROR keystone.server.flask.application result.read()
[Wed Sep 23 17:04:46.593400 2026] [wsgi:error] [pid 11:tid 140163323741888] [remote 10.0.0.83:35370] 2026-09-23 17:04:46.567 11 ERROR keystone.server.flask.application
File "/var/lib/openstack/lib/python3.12/site-packages/pymysql/connections.py", line 1245, in read
[Wed Sep 23 17:04:46.593402 2026] [wsgi:error] [pid 11:tid 140163323741888] [remote 10.0.0.83:35370] 2026-09-23 17:04:46.567 11 ERROR keystone.server.flask.application first_packet = self.connection._read_packet()
[Wed Sep 23 17:04:46.593404 2026] [wsgi:error] [pid 11:tid 140163323741888] [remote 10.0.0.83:35370] 2026-09-23 17:04:46.567 11 ERROR keystone.server.flask.application ^^^^^^^^^^^^^^^^^^^^^^^^^^^^^^
[Wed Sep 23 17:04:46.593406 2026] [wsgi:error] [pid 11:tid 140163323741888] [remote 10.0.0.83:35370] 2026-09-23 17:04:46.567 11 ERROR keystone.server.flask.application
File "/var/lib/openstack/lib/python3.12/site-packages/pymysql/connections.py", line 803, in _read_packet
[Wed Sep 23 17:04:46.593408 2026] [wsgi:error] [pid 11:tid 140163323741888] [remote 10.0.0.83:35370] 2026-09-23 17:04:46.567 11 ERROR keystone.server.flask.application packet.raise_for_error()
[Wed Sep 23 17:04:46.593411 2026] [wsgi:error] [pid 11:tid 140163323741888] [remote 10.0.0.83:35370] 2026-09-23 17:04:46.567 11 ERROR keystone.server.flask.application
File "/var/lib/openstack/lib/python3.12/site-packages/pymysql/protocol.py", line 219, in raise_for_error
[Wed Sep 23 17:04:46.593413 2026] [wsgi:error] [pid 11:tid 140163323741888] [remote 10.0.0.83:35370] 2026-09-23 17:04:46.567 11 ERROR keystone.server.flask.application err.raise_mysql_exception(self._data)
[Wed Sep 23 17:04:46.593415 2026] [wsgi:error] [pid 11:tid 140163323741888] [remote 10.0.0.83:35370] 2026-09-23 17:04:46.567 11 ERROR keystone.server.flask.application
File "/var/lib/openstack/lib/python3.12/site-packages/pymysql/err.py", line 154, in raise_mysql_exception
[Wed Sep 23 17:04:46.593418 2026] [wsgi:error] [pid 11:tid 140163323741888] [remote 10.0.0.83:35370] 2026-09-23 17:04:46.567 11 ERROR keystone.server.flask.application raise errorclass(errno, errval, sqlstate=sqlstate)
[Wed Sep 23 17:04:46.593420 2026] [wsgi:error] [pid 11:tid 140163323741888] [remote 10.0.0.83:35370] 2026-09-23 17:04:46.567 11 ERROR keystone.server.flask.application pymysql.err.IntegrityError: (1062, "Duplicate entry '<>-service' for key 'project.ixu_project_name_domain_id'")
[Wed Sep 23 17:04:46.593423 2026] [wsgi:error] [pid 11:tid 140163323741888] [remote 10.0.0.83:35370] 2026-09-23 17:04:46.567 11 ERROR keystone.server.flask.application
[Wed Sep 23 17:04:46.593425 2026] [wsgi:error] [pid 11:tid 140163323741888] [remote 10.0.0.83:35370] 2026-09-23 17:04:46.567 11 ERROR keystone.server.flask.application The above exception was the direct cause of the following exception:
[Wed Sep 23 17:04:46.593427 2026] [wsgi:error] [pid 11:tid 140163323741888] [remote 10.0.0.83:35370] 2026-09-23 17:04:46.567 11 ERROR keystone.server.flask.application
[Wed Sep 23 17:04:46.593429 2026] [wsgi:error] [pid 11:tid 140163323741888] [remote 10.0.0.83:35370] 2026-09-23 17:04:46.567 11 ERROR keystone.server.flask.application
Traceback (most recent call last):
[Wed Sep 23 17:04:46.593431 2026] [wsgi:error] [pid 11:tid 140163323741888] [remote 10.0.0.83:35370] 2026-09-23 17:04:46.567 11 ERROR keystone.server.flask.application
File "/var/lib/openstack/lib/python3.12/site-packages/keystone/common/sql/core.py", line 575, in wrapper
[Wed Sep 23 17:04:46.593433 2026] [wsgi:error] [pid 11:tid 140163323741888] [remote 10.0.0.83:35370] 2026-09-23 17:04:46.567 11 ERROR keystone.server.flask.application return method(*args, **kwargs)
[Wed Sep 23 17:04:46.593435 2026] [wsgi:error] [pid 11:tid 140163323741888] [remote 10.0.0.83:35370] 2026-09-23 17:04:46.567 11 ERROR keystone.server.flask.application ^^^^^^^^^^^^^^^^^^^^^^^
[Wed Sep 23 17:04:46.593439 2026] [wsgi:error] [pid 11:tid 140163323741888] [remote 10.0.0.83:35370] 2026-09-23 17:04:46.567 11 ERROR keystone.server.flask.application
File "/var/lib/openstack/lib/python3.12/site-packages/keystone/resource/backends/sql.py", line 278, in create_project
[Wed Sep 23 17:04:46.593441 2026] [wsgi:error] [pid 11:tid 140163323741888] [remote 10.0.0.83:35370] 2026-09-23 17:04:46.567 11 ERROR keystone.server.flask.application with sql.session_for_write() as session:
[Wed Sep 23 17:04:46.593443 2026] [wsgi:error] [pid 11:tid 140163323741888] [remote 10.0.0.83:35370] 2026-09-23 17:04:46.567 11 ERROR keystone.server.flask.application
File "/usr/lib/python3.12/contextlib.py", line 144, in __exit__
[Wed Sep 23 17:04:46.593446 2026] [wsgi:error] [pid 11:tid 140163323741888] [remote 10.0.0.83:35370] 2026-09-23 17:04:46.567 11 ERROR keystone.server.flask.application next(self.gen)
[Wed Sep 23 17:04:46.593448 2026] [wsgi:error] [pid 11:tid 140163323741888] [remote 10.0.0.83:35370] 2026-09-23 17:04:46.567 11 ERROR keystone.server.flask.application
File "/var/lib/openstack/lib/python3.12/site-packages/oslo_db/sqlalchemy/enginefacade.py", line 1175, in _transaction_scope
[Wed Sep 23 17:04:46.593450 2026] [wsgi:error] [pid 11:tid 140163323741888] [remote 10.0.0.83:35370] 2026-09-23 17:04:46.567 11 ERROR keystone.server.flask.application with current._produce_block(
[Wed Sep 23 17:04:46.593462 2026] [wsgi:error] [pid 11:tid 140163323741888] [remote 10.0.0.83:35370] 2026-09-23 17:04:46.567 11 ERROR keystone.server.flask.application
File "/usr/lib/python3.12/contextlib.py", line 144, in __exit__
[Wed Sep 23 17:04:46.593464 2026] [wsgi:error] [pid 11:tid 140163323741888] [remote 10.0.0.83:35370] 2026-09-23 17:04:46.567 11 ERROR keystone.server.flask.application next(self.gen)
[Wed Sep 23 17:04:46.593466 2026] [wsgi:error] [pid 11:tid 140163323741888] [remote 10.0.0.83:35370] 2026-09-23 17:04:46.567 11 ERROR keystone.server.flask.application
File "/var/lib/openstack/lib/python3.12/site-packages/oslo_db/sqlalchemy/enginefacade.py", line 837, in _session
[Wed Sep 23 17:04:46.593469 2026] [wsgi:error] [pid 11:tid 140163323741888] [remote 10.0.0.83:35370] 2026-09-23 17:04:46.567 11 ERROR keystone.server.flask.application with excutils.save_and_reraise_exception():
[Wed Sep 23 17:04:46.593471 2026] [wsgi:error] [pid 11:tid 140163323741888] [remote 10.0.0.83:35370] 2026-09-23 17:04:46.567 11 ERROR keystone.server.flask.application
File "/var/lib/openstack/lib/python3.12/site-packages/oslo_utils/excutils.py", line 266, in __exit__
[Wed Sep 23 17:04:46.593473 2026] [wsgi:error] [pid 11:tid 140163323741888] [remote 10.0.0.83:35370] 2026-09-23 17:04:46.567 11 ERROR keystone.server.flask.application self.force_reraise()
[Wed Sep 23 17:04:46.593476 2026] [wsgi:error] [pid 11:tid 140163323741888] [remote 10.0.0.83:35370] 2026-09-23 17:04:46.567 11 ERROR keystone.server.flask.application
File "/var/lib/openstack/lib/python3.12/site-packages/oslo_utils/excutils.py", line 232, in force_reraise
[Wed Sep 23 17:04:46.593478 2026] [wsgi:error] [pid 11:tid 140163323741888] [remote 10.0.0.83:35370] 2026-09-23 17:04:46.567 11 ERROR keystone.server.flask.application raise self.value
[Wed Sep 23 17:04:46.593480 2026] [wsgi:error] [pid 11:tid 140163323741888] [remote 10.0.0.83:35370] 2026-09-23 17:04:46.567 11 ERROR keystone.server.flask.application
File "/var/lib/openstack/lib/python3.12/site-packages/oslo_db/sqlalchemy/enginefacade.py", line 835, in _session
[Wed Sep 23 17:04:46.593483 2026] [wsgi:error] [pid 11:tid 140163323741888] [remote 10.0.0.83:35370] 2026-09-23 17:04:46.567 11 ERROR keystone.server.flask.application self._end_session_transaction(self.session)
[Wed Sep 23 17:04:46.593485 2026] [wsgi:error] [pid 11:tid 140163323741888] [remote 10.0.0.83:35370] 2026-09-23 17:04:46.567 11 ERROR keystone.server.flask.application
File "/var/lib/openstack/lib/python3.12/site-packages/oslo_db/sqlalchemy/enginefacade.py", line 748, in _end_session_transaction
[Wed Sep 23 17:04:46.593487 2026] [wsgi:error] [pid 11:tid 140163323741888] [remote 10.0.0.83:35370] 2026-09-23 17:04:46.567 11 ERROR keystone.server.flask.application session.commit()
[Wed Sep 23 17:04:46.593489 2026] [wsgi:error] [pid 11:tid 140163323741888] [remote 10.0.0.83:35370] 2026-09-23 17:04:46.567 11 ERROR keystone.server.flask.application
File "/var/lib/openstack/lib/python3.12/site-packages/sqlalchemy/orm/session.py", line 2034, in commit
[Wed Sep 23 17:04:46.593492 2026] [wsgi:error] [pid 11:tid 140163323741888] [remote 10.0.0.83:35370] 2026-09-23 17:04:46.567 11 ERROR keystone.server.flask.application trans.commit(_to_root=True)
[Wed Sep 23 17:04:46.593494 2026] [wsgi:error] [pid 11:tid 140163323741888] [remote 10.0.0.83:35370] 2026-09-23 17:04:46.567 11 ERROR keystone.server.flask.application File "", line 2, in commit
[Wed Sep 23 17:04:46.593496 2026] [wsgi:error] [pid 11:tid 140163323741888] [remote 10.0.0.83:35370] 2026-09-23 17:04:46.567 11 ERROR keystone.server.flask.application
File "/var/lib/openstack/lib/python3.12/site-packages/sqlalchemy/orm/state_changes.py", line 137, in _go
[Wed Sep 23 17:04:46.593499 2026] [wsgi:error] [pid 11:tid 140163323741888] [remote 10.0.0.83:35370] 2026-09-23 17:04:46.567 11 ERROR keystone.server.flask.application ret_value = fn(self, *arg, **kw)
[Wed Sep 23 17:04:46.593501 2026] [wsgi:error] [pid 11:tid 140163323741888] [remote 10.0.0.83:35370] 2026-09-23 17:04:46.567 11 ERROR keystone.server.flask.application ^^^^^^^^^^^^^^^^^^^^
[Wed Sep 23 17:04:46.593504 2026] [wsgi:error] [pid 11:tid 140163323741888] [remote 10.0.0.83:35370] 2026-09-23 17:04:46.567 11 ERROR keystone.server.flask.application
File "/var/lib/openstack/lib/python3.12/site-packages/sqlalchemy/orm/session.py", line 1315, in commit
[Wed Sep 23 17:04:46.593506 2026] [wsgi:error] [pid 11:tid 140163323741888] [remote 10.0.0.83:35370] 2026-09-23 17:04:46.567 11 ERROR keystone.server.flask.application self._prepare_impl()
[Wed Sep 23 17:04:46.593509 2026] [wsgi:error] [pid 11:tid 140163323741888] [remote 10.0.0.83:35370] 2026-09-23 17:04:46.567 11 ERROR keystone.server.flask.application File "", line 2, in _prepare_impl
[Wed Sep 23 17:04:46.593512 2026] [wsgi:error] [pid 11:tid 140163323741888] [remote 10.0.0.83:35370] 2026-09-23 17:04:46.567 11 ERROR keystone.server.flask.application
File "/var/lib/openstack/lib/python3.12/site-packages/sqlalchemy/orm/state_changes.py", line 137, in _go
[Wed Sep 23 17:04:46.593514 2026] [wsgi:error] [pid 11:tid 140163323741888] [remote 10.0.0.83:35370] 2026-09-23 17:04:46.567 11 ERROR keystone.server.flask.application ret_value = fn(self, *arg, **kw)
[Wed Sep 23 17:04:46.593517 2026] [wsgi:error] [pid 11:tid 140163323741888] [remote 10.0.0.83:35370] 2026-09-23 17:04:46.567 11 ERROR keystone.server.flask.application ^^^^^^^^^^^^^^^^^^^^
[Wed Sep 23 17:04:46.593520 2026] [wsgi:error] [pid 11:tid 140163323741888] [remote 10.0.0.83:35370] 2026-09-23 17:04:46.567 11 ERROR keystone.server.flask.application
File "/var/lib/openstack/lib/python3.12/site-packages/sqlalchemy/orm/session.py", line 1290, in _prepare_impl
[Wed Sep 23 17:04:46.593523 2026] [wsgi:error] [pid 11:tid 140163323741888] [remote 10.0.0.83:35370] 2026-09-23 17:04:46.567 11 ERROR keystone.server.flask.application self.session.flush()
[Wed Sep 23 17:04:46.593525 2026] [wsgi:error] [pid 11:tid 140163323741888] [remote 10.0.0.83:35370] 2026-09-23 17:04:46.567 11 ERROR keystone.server.flask.application
File "/var/lib/openstack/lib/python3.12/site-packages/sqlalchemy/orm/session.py", line 4352, in flush
[Wed Sep 23 17:04:46.593528 2026] [wsgi:error] [pid 11:tid 140163323741888] [remote 10.0.0.83:35370] 2026-09-23 17:04:46.567 11 ERROR keystone.server.flask.application self._flush(objects)
[Wed Sep 23 17:04:46.593531 2026] [wsgi:error] [pid 11:tid 140163323741888] [remote 10.0.0.83:35370] 2026-09-23 17:04:46.567 11 ERROR keystone.server.flask.application
File "/var/lib/openstack/lib/python3.12/site-packages/sqlalchemy/orm/session.py", line 4487, in _flush
[Wed Sep 23 17:04:46.593534 2026] [wsgi:error] [pid 11:tid 140163323741888] [remote 10.0.0.83:35370] 2026-09-23 17:04:46.567 11 ERROR keystone.server.flask.application with util.safe_reraise():
[Wed Sep 23 17:04:46.593537 2026] [wsgi:error] [pid 11:tid 140163323741888] [remote 10.0.0.83:35370] 2026-09-23 17:04:46.567 11 ERROR keystone.server.flask.application
File "/var/lib/openstack/lib/python3.12/site-packages/sqlalchemy/util/langhelpers.py", line 122, in __exit__
[Wed Sep 23 17:04:46.593540 2026] [wsgi:error] [pid 11:tid 140163323741888] [remote 10.0.0.83:35370] 2026-09-23 17:04:46.567 11 ERROR keystone.server.flask.application raise exc_value.with_traceback(exc_tb)
[Wed Sep 23 17:04:46.593543 2026] [wsgi:error] [pid 11:tid 140163323741888] [remote 10.0.0.83:35370] 2026-09-23 17:04:46.567 11 ERROR keystone.server.flask.application
File "/var/lib/openstack/lib/python3.12/site-packages/sqlalchemy/orm/session.py", line 4448, in _flush
[Wed Sep 23 17:04:46.593546 2026] [wsgi:error] [pid 11:tid 140163323741888] [remote 10.0.0.83:35370] 2026-09-23 17:04:46.567 11 ERROR keystone.server.flask.application flush_context.execute()
[Wed Sep 23 17:04:46.593548 2026] [wsgi:error] [pid 11:tid 140163323741888] [remote 10.0.0.83:35370] 2026-09-23 17:04:46.567 11 ERROR keystone.server.flask.application
