2026-07-16 03:51:07.327 8 INFO placement.requestlog [None req-941a8ebd-627a-44c1-be36-527521bd7fec 68700bcb12194dd6bd943511d0d3ccc2 76fa2ca705084704b82bedda6d8bcea5 - - 0a4a1addd37f4199948512cdbd58b113 0a4a1addd37f4199948512cdbd58b113] 10.0.0.253 "DELETE /resource_providers/a53ca48a-bf04-4093-9762-b30ba282e8f3" status: 404 len: 246 microversion: 1.1 [pid: 8|app: 0|req: 477/940] 10.0.0.253 () {34 vars in 815 bytes} [Thu Jul 16 03:51:07 2026] DELETE /resource_providers/a53ca48a-bf04-4093-9762-b30ba282e8f3 => generated 246 bytes in 13 msecs (HTTP/1.1 404) 6 headers in 231 bytes (1 switches on core 0)
2026-07-16 03:51:10.756 8 INFO placement.requestlog [None req-d9385e82-2c28-49a4-aacd-7ec729ecc67c - - - - - -] 10.0.0.111 "GET /" status: 200 len: 136 microversion: 1.0
2026-07-16 03:51:10.757 7 INFO placement.requestlog [None req-775dfa0f-9120-4103-8579-a548c2e8fc58 - - - - - -] 10.0.0.111 "GET /" status: 200 len: 136 microversion: 1.0
2026-07-16 03:51:13.719 8 INFO placement.requestlog [None req-d12e3a51-b8a5-4652-9ddb-57307ff9919d 68700bcb12194dd6bd943511d0d3ccc2 76fa2ca705084704b82bedda6d8bcea5 - - 0a4a1addd37f4199948512cdbd58b113 0a4a1addd37f4199948512cdbd58b113] 10.0.0.253 "GET /resource_providers/d9803071-d764-4384-9fea-c9fc10bdb743/aggregates" status: 404 len: 235 microversion: 1.1 [pid: 8|app: 0|req: 479/943] 10.0.0.253 () {32 vars in 815 bytes} [Thu Jul 16 03:51:13 2026] GET /resource_providers/d9803071-d764-4384-9fea-c9fc10bdb743/aggregates => generated 235 bytes in 16 msecs (HTTP/1.1 404) 5 headers in 202 bytes (1 switches on core 0)
2026-07-16 03:51:13.722 7 INFO placement.requestlog [None req-127e8413-e9fa-4353-ac51-70f1809a3dc6 68700bcb12194dd6bd943511d0d3ccc2 76fa2ca705084704b82bedda6d8bcea5 - - 0a4a1addd37f4199948512cdbd58b113 0a4a1addd37f4199948512cdbd58b113] 10.0.0.253 "GET /resource_providers/d9803071-d764-4384-9fea-c9fc10bdb743/aggregates" status: 404 len: 235 microversion: 1.1 [pid: 7|app: 0|req: 465/944] 10.0.0.253 () {32 vars in 815 bytes} [Thu Jul 16 03:51:13 2026] GET /resource_providers/d9803071-d764-4384-9fea-c9fc10bdb743/aggregates => generated 235 bytes in 12 msecs (HTTP/1.1 404) 5 headers in 202 bytes (1 switches on core 0)
2026-07-16 03:51:13.738 8 INFO placement.requestlog [None req-c6741f22-14ff-4bea-bad4-a1d6d9be9856 68700bcb12194dd6bd943511d0d3ccc2 76fa2ca705084704b82bedda6d8bcea5 - - 0a4a1addd37f4199948512cdbd58b113 0a4a1addd37f4199948512cdbd58b113] 10.0.0.253 "DELETE /resource_providers/d9803071-d764-4384-9fea-c9fc10bdb743" status: 404 len: 246 microversion: 1.1 [pid: 8|app: 0|req: 480/945] 10.0.0.253 () {34 vars in 815 bytes} [Thu Jul 16 03:51:13 2026] DELETE /resource_providers/d9803071-d764-4384-9fea-c9fc10bdb743 => generated 246 bytes in 11 msecs (HTTP/1.1 404) 6 headers in 231 bytes (1 switches on core 0)
2026-07-16 03:51:13.752 7 INFO placement.requestlog [None req-130e0dc9-51db-4b0b-9074-c63f16ecd2a5 68700bcb12194dd6bd943511d0d3ccc2 76fa2ca705084704b82bedda6d8bcea5 - - 0a4a1addd37f4199948512cdbd58b113 0a4a1addd37f4199948512cdbd58b113] 10.0.0.253 "DELETE /resource_providers/d9803071-d764-4384-9fea-c9fc10bdb743" status: 404 len: 246 microversion: 1.1 [pid: 7|app: 0|req: 466/946] 10.0.0.253 () {34 vars in 815 bytes} [Thu Jul 16 03:51:13 2026] DELETE /resource_providers/d9803071-d764-4384-9fea-c9fc10bdb743 => generated 246 bytes in 19 msecs (HTTP/1.1 404) 6 headers in 231 bytes (1 switches on core 0)
2026-07-16 03:51:15.756 8 INFO placement.requestlog [None req-b6b6a7c1-e91e-421a-bd46-00b9c3307f0d 68700bcb12194dd6bd943511d0d3ccc2 76fa2ca705084704b82bedda6d8bcea5 - - 0a4a1addd37f4199948512cdbd58b113 0a4a1addd37f4199948512cdbd58b113] 10.0.0.253 "GET /resource_providers/f17f9c67-b3cb-40f7-887a-2bfa7276eb5d/aggregates" status: 404 len: 235 microversion: 1.1 [pid: 8|app: 0|req: 481/947] 10.0.0.253 () {32 vars in 815 bytes} [Thu Jul 16 03:51:15 2026] GET /resource_providers/f17f9c67-b3cb-40f7-887a-2bfa7276eb5d/aggregates => generated 235 bytes in 12 msecs (HTTP/1.1 404) 5 headers in 202 bytes (1 switches on core 0)
2026-07-16 03:51:15.795 7 INFO placement.requestlog [None req-bcf0a1ff-4317-4761-80cb-419b04edd3b4 68700bcb12194dd6bd943511d0d3ccc2 76fa2ca705084704b82bedda6d8bcea5 - - 0a4a1addd37f4199948512cdbd58b113 0a4a1addd37f4199948512cdbd58b113] 10.0.0.253 "GET /resource_providers/f17f9c67-b3cb-40f7-887a-2bfa7276eb5d/aggregates" status: 404 len: 235 microversion: 1.1
2026-07-16 03:51:15.795 8 INFO placement.requestlog [None req-20214302-77e4-412e-95c2-5ff7f92594d6 68700bcb12194dd6bd943511d0d3ccc2 76fa2ca705084704b82bedda6d8bcea5 - - 0a4a1addd37f4199948512cdbd58b113 0a4a1addd37f4199948512cdbd58b113] 10.0.0.253 "DELETE /resource_providers/f17f9c67-b3cb-40f7-887a-2bfa7276eb5d" status: 404 len: 246 microversion: 1.1 [pid: 7|app: 0|req: 467/948] 10.0.0.253 () {32 vars in 815 bytes} [Thu Jul 16 03:51:15 2026] GET /resource_providers/f17f9c67-b3cb-40f7-887a-2bfa7276eb5d/aggregates => generated 235 bytes in 23 msecs (HTTP/1.1 404) 5 headers in 202 bytes (1 switches on core 0) [pid: 8|app: 0|req: 482/949] 10.0.0.253 () {34 vars in 815 bytes} [Thu Jul 16 03:51:15 2026] DELETE /resource_providers/f17f9c67-b3cb-40f7-887a-2bfa7276eb5d => generated 246 bytes in 21 msecs (HTTP/1.1 404) 6 headers in 231 bytes (1 switches on core 0)
2026-07-16 03:51:15.825 7 INFO placement.requestlog [None req-01c0e935-7f97-47ac-b22e-1079cfbd9cd0 68700bcb12194dd6bd943511d0d3ccc2 76fa2ca705084704b82bedda6d8bcea5 - - 0a4a1addd37f4199948512cdbd58b113 0a4a1addd37f4199948512cdbd58b113] 10.0.0.253 "DELETE /resource_providers/f17f9c67-b3cb-40f7-887a-2bfa7276eb5d" status: 404 len: 246 microversion: 1.1 [pid: 7|app: 0|req: 468/950] 10.0.0.253 () {34 vars in 815 bytes} [Thu Jul 16 03:51:15 2026] DELETE /resource_providers/f17f9c67-b3cb-40f7-887a-2bfa7276eb5d => generated 246 bytes in 21 msecs (HTTP/1.1 404) 6 headers in 231 bytes (1 switches on core 0)
2026-07-16 03:51:16.956 8 INFO placement.requestlog [req-bc3c3475-c38e-4852-b667-27e90f77b0ef req-aa7238dd-b6c5-483f-bbe8-139db8e0ea9d 18259e6350d643899bb1b01340ce7586 76fa2ca705084704b82bedda6d8bcea5 - - 0a4a1addd37f4199948512cdbd58b113 0a4a1addd37f4199948512cdbd58b113] 10.0.0.82 "GET /allocation_candidates?limit=1000&resources=DISK_GB%3A1%2CMEMORY_MB%3A512%2CVCPU%3A1&root_required=%21COMPUTE_STATUS_DISABLED" status: 200 len: 2147 microversion: 1.36 [pid: 8|app: 0|req: 483/951] 10.0.0.82 () {34 vars in 1010 bytes} [Thu Jul 16 03:51:16 2026] GET /allocation_candidates?limit=1000&resources=DISK_GB%3A1%2CMEMORY_MB%3A512%2CVCPU%3A1&root_required=%21COMPUTE_STATUS_DISABLED => generated 2147 bytes in 48 msecs (HTTP/1.1 200) 8 headers in 297 bytes (1 switches on core 0)
2026-07-16 03:51:16.996 7 INFO placement.requestlog [req-bc3c3475-c38e-4852-b667-27e90f77b0ef req-03e15940-7f43-4eef-a0c0-9d19cbf04a78 18259e6350d643899bb1b01340ce7586 76fa2ca705084704b82bedda6d8bcea5 - - 0a4a1addd37f4199948512cdbd58b113 0a4a1addd37f4199948512cdbd58b113] 10.0.0.82 "GET /allocations/1ebfe3bc-9619-48ca-8786-2c3ab8d8ee14" status: 200 len: 19 microversion: 1.28 [pid: 7|app: 0|req: 469/952] 10.0.0.82 () {34 vars in 859 bytes} [Thu Jul 16 03:51:16 2026] GET /allocations/1ebfe3bc-9619-48ca-8786-2c3ab8d8ee14 => generated 19 bytes in 17 msecs (HTTP/1.1 200) 8 headers in 295 bytes (1 switches on core 0)
2026-07-16 03:51:17.083 8 INFO placement.requestlog [req-bc3c3475-c38e-4852-b667-27e90f77b0ef req-4a8641cb-97a5-45fe-b12c-54524665da7f 18259e6350d643899bb1b01340ce7586 76fa2ca705084704b82bedda6d8bcea5 - - 0a4a1addd37f4199948512cdbd58b113 0a4a1addd37f4199948512cdbd58b113] 10.0.0.82 "PUT /allocations/1ebfe3bc-9619-48ca-8786-2c3ab8d8ee14" status: 204 len: 0 microversion: 1.36 [pid: 8|app: 0|req: 484/953] 10.0.0.82 () {38 vars in 912 bytes} [Thu Jul 16 03:51:17 2026] PUT /allocations/1ebfe3bc-9619-48ca-8786-2c3ab8d8ee14 => generated 0 bytes in 78 msecs (HTTP/1.1 204) 5 headers in 199 bytes (1 switches on core 0)
2026-07-16 03:51:17.410 7 INFO placement.requestlog [req-bc3c3475-c38e-4852-b667-27e90f77b0ef req-ad4bb825-7146-4215-9109-ad4877f1124c 18259e6350d643899bb1b01340ce7586 76fa2ca705084704b82bedda6d8bcea5 - - 0a4a1addd37f4199948512cdbd58b113 0a4a1addd37f4199948512cdbd58b113] 199.19.213.163 "GET /allocations/1ebfe3bc-9619-48ca-8786-2c3ab8d8ee14" status: 200 len: 258 microversion: 1.28 [pid: 7|app: 0|req: 470/954] 199.19.213.163 () {34 vars in 862 bytes} [Thu Jul 16 03:51:17 2026] GET /allocations/1ebfe3bc-9619-48ca-8786-2c3ab8d8ee14 => generated 258 bytes in 25 msecs (HTTP/1.1 200) 8 headers in 296 bytes (1 switches on core 0)
2026-07-16 03:51:17.554 8 INFO placement.requestlog [req-bc3c3475-c38e-4852-b667-27e90f77b0ef req-0f0538cc-de44-43a0-848a-38a4080cf475 18259e6350d643899bb1b01340ce7586 76fa2ca705084704b82bedda6d8bcea5 - - 0a4a1addd37f4199948512cdbd58b113 0a4a1addd37f4199948512cdbd58b113] 199.19.213.163 "GET /resource_providers/a96176ad-ec24-4e70-a7e0-c8b19c7190d1/allocations" status: 200 len: 153 microversion: 1.0 [pid: 8|app: 0|req: 485/955] 199.19.213.163 () {32 vars in 856 bytes} [Thu Jul 16 03:51:17 2026] GET /resource_providers/a96176ad-ec24-4e70-a7e0-c8b19c7190d1/allocations => generated 153 bytes in 29 msecs (HTTP/1.1 200) 6 headers in 224 bytes (1 switches on core 0)
2026-07-16 03:51:17.579 7 INFO placement.requestlog [req-bc3c3475-c38e-4852-b667-27e90f77b0ef req-8d443360-b8d4-43f3-8492-78e1a43d86f9 18259e6350d643899bb1b01340ce7586 76fa2ca705084704b82bedda6d8bcea5 - - 0a4a1addd37f4199948512cdbd58b113 0a4a1addd37f4199948512cdbd58b113] 199.19.213.163 "GET /allocations/1ebfe3bc-9619-48ca-8786-2c3ab8d8ee14" status: 200 len: 258 microversion: 1.28 [pid: 7|app: 0|req: 471/956] 199.19.213.163 () {34 vars in 862 bytes} [Thu Jul 16 03:51:17 2026] GET /allocations/1ebfe3bc-9619-48ca-8786-2c3ab8d8ee14 => generated 258 bytes in 18 msecs (HTTP/1.1 200) 8 headers in 296 bytes (1 switches on core 0)
2026-07-16 03:51:20.758 7 INFO placement.requestlog [None req-456e9fe7-ea18-4c0b-9a61-e24eda99247b - - - - - -] 10.0.0.111 "GET /" status: 200 len: 136 microversion: 1.0
2026-07-16 03:51:20.759 7 INFO placement.requestlog [None req-8ac18540-accb-4391-85d5-457237106828 - - - - - -] 10.0.0.111 "GET /" status: 200 len: 136 microversion: 1.0
2026-07-16 03:51:20.796 8 INFO placement.requestlog [req-c517048c-394b-4e93-b0cb-8039af2afb5f req-554b3bb0-28e3-4bb8-bd72-835d775e626d 18259e6350d643899bb1b01340ce7586 76fa2ca705084704b82bedda6d8bcea5 - - 0a4a1addd37f4199948512cdbd58b113 0a4a1addd37f4199948512cdbd58b113] 10.0.0.82 "GET /allocation_candidates?limit=1000&resources=DISK_GB%3A1%2CMEMORY_MB%3A512%2CVCPU%3A1&root_required=%21COMPUTE_STATUS_DISABLED" status: 200 len: 2149 microversion: 1.36 [pid: 8|app: 0|req: 486/959] 10.0.0.82 () {34 vars in 1010 bytes} [Thu Jul 16 03:51:20 2026] GET /allocation_candidates?limit=1000&resources=DISK_GB%3A1%2CMEMORY_MB%3A512%2CVCPU%3A1&root_required=%21COMPUTE_STATUS_DISABLED => generated 2149 bytes in 54 msecs (HTTP/1.1 200) 8 headers in 297 bytes (1 switches on core 0)
2026-07-16 03:51:20.856 7 INFO placement.requestlog [req-c517048c-394b-4e93-b0cb-8039af2afb5f req-6eede028-7fc8-4395-a91e-ffee10826e31 18259e6350d643899bb1b01340ce7586 76fa2ca705084704b82bedda6d8bcea5 - - 0a4a1addd37f4199948512cdbd58b113 0a4a1addd37f4199948512cdbd58b113] 10.0.0.82 "GET /allocations/f10881c7-127b-432c-81a4-9f231ee91898" status: 200 len: 19 microversion: 1.28 [pid: 7|app: 0|req: 474/960] 10.0.0.82 () {34 vars in 859 bytes} [Thu Jul 16 03:51:20 2026] GET /allocations/f10881c7-127b-432c-81a4-9f231ee91898 => generated 19 bytes in 18 msecs (HTTP/1.1 200) 8 headers in 295 bytes (1 switches on core 0)
2026-07-16 03:51:20.930 8 INFO placement.requestlog [req-c517048c-394b-4e93-b0cb-8039af2afb5f req-74a07cb1-0e7b-4418-9814-98b4217fbf9d 18259e6350d643899bb1b01340ce7586 76fa2ca705084704b82bedda6d8bcea5 - - 0a4a1addd37f4199948512cdbd58b113 0a4a1addd37f4199948512cdbd58b113] 10.0.0.82 "PUT /allocations/f10881c7-127b-432c-81a4-9f231ee91898" status: 204 len: 0 microversion: 1.36 [pid: 8|app: 0|req: 487/961] 10.0.0.82 () {38 vars in 912 bytes} [Thu Jul 16 03:51:20 2026] PUT /allocations/f10881c7-127b-432c-81a4-9f231ee91898 => generated 0 bytes in 69 msecs (HTTP/1.1 204) 5 headers in 199 bytes (1 switches on core 0)
2026-07-16 03:51:21.228 7 INFO placement.requestlog [req-c517048c-394b-4e93-b0cb-8039af2afb5f req-ecb16abe-1867-43a3-a86e-634e4319e16f 18259e6350d643899bb1b01340ce7586 76fa2ca705084704b82bedda6d8bcea5 - - 0a4a1addd37f4199948512cdbd58b113 0a4a1addd37f4199948512cdbd58b113] 199.19.213.163 "GET /allocations/f10881c7-127b-432c-81a4-9f231ee91898" status: 200 len: 258 microversion: 1.28 [pid: 7|app: 0|req: 475/962] 199.19.213.163 () {34 vars in 862 bytes} [Thu Jul 16 03:51:21 2026] GET /allocations/f10881c7-127b-432c-81a4-9f231ee91898 => generated 258 bytes in 14 msecs (HTTP/1.1 200) 8 headers in 296 bytes (1 switches on core 0)
2026-07-16 03:51:21.350 8 INFO placement.requestlog [req-c517048c-394b-4e93-b0cb-8039af2afb5f req-2bfe4c4b-0683-4c47-99ea-639430c5ae5b 18259e6350d643899bb1b01340ce7586 76fa2ca705084704b82bedda6d8bcea5 - - 0a4a1addd37f4199948512cdbd58b113 0a4a1addd37f4199948512cdbd58b113] 199.19.213.163 "GET /resource_providers/a96176ad-ec24-4e70-a7e0-c8b19c7190d1/allocations" status: 200 len: 253 microversion: 1.0 [pid: 8|app: 0|req: 488/963] 199.19.213.163 () {32 vars in 856 bytes} [Thu Jul 16 03:51:21 2026] GET /resource_providers/a96176ad-ec24-4e70-a7e0-c8b19c7190d1/allocations => generated 253 bytes in 21 msecs (HTTP/1.1 200) 6 headers in 224 bytes (1 switches on core 0)
2026-07-16 03:51:21.387 7 INFO placement.requestlog [req-c517048c-394b-4e93-b0cb-8039af2afb5f req-ce743354-0917-49a5-af54-245361645fcd 18259e6350d643899bb1b01340ce7586 76fa2ca705084704b82bedda6d8bcea5 - - 0a4a1addd37f4199948512cdbd58b113 0a4a1addd37f4199948512cdbd58b113] 199.19.213.163 "GET /allocations/1ebfe3bc-9619-48ca-8786-2c3ab8d8ee14" status: 200 len: 258 microversion: 1.28 [pid: 7|app: 0|req: 476/964] 199.19.213.163 () {34 vars in 862 bytes} [Thu Jul 16 03:51:21 2026] GET /allocations/1ebfe3bc-9619-48ca-8786-2c3ab8d8ee14 => generated 258 bytes in 21 msecs (HTTP/1.1 200) 8 headers in 296 bytes (1 switches on core 0)
2026-07-16 03:51:21.413 7 INFO placement.requestlog [None req-14d3ed35-28c3-427f-83e6-36f0a91eb2d8 68700bcb12194dd6bd943511d0d3ccc2 76fa2ca705084704b82bedda6d8bcea5 - - 0a4a1addd37f4199948512cdbd58b113 0a4a1addd37f4199948512cdbd58b113] 10.0.0.253 "GET /resource_providers/ff196cc8-2526-4218-b96b-c79b7696ebd6/aggregates" status: 404 len: 235 microversion: 1.1
2026-07-16 03:51:21.413 8 INFO placement.requestlog [req-c517048c-394b-4e93-b0cb-8039af2afb5f req-9bf9c138-102a-45e4-9de8-67ea15e9e438 18259e6350d643899bb1b01340ce7586 76fa2ca705084704b82bedda6d8bcea5 - - 0a4a1addd37f4199948512cdbd58b113 0a4a1addd37f4199948512cdbd58b113] 199.19.213.163 "GET /allocations/f10881c7-127b-432c-81a4-9f231ee91898" status: 200 len: 258 microversion: 1.28 [pid: 7|app: 0|req: 477/966] 10.0.0.253 () {32 vars in 815 bytes} [Thu Jul 16 03:51:21 2026] GET /resource_providers/ff196cc8-2526-4218-b96b-c79b7696ebd6/aggregates => generated 235 bytes in 10 msecs (HTTP/1.1 404) 5 headers in 202 bytes (1 switches on core 0) [pid: 8|app: 0|req: 489/966] 199.19.213.163 () {34 vars in 862 bytes} [Thu Jul 16 03:51:21 2026] GET /allocations/f10881c7-127b-432c-81a4-9f231ee91898 => generated 258 bytes in 17 msecs (HTTP/1.1 200) 8 headers in 296 bytes (1 switches on core 0)
2026-07-16 03:51:21.422 7 INFO placement.requestlog [None req-2ccb67c6-9b19-4ab2-ba29-77c20a1e0d25 68700bcb12194dd6bd943511d0d3ccc2 76fa2ca705084704b82bedda6d8bcea5 - - 0a4a1addd37f4199948512cdbd58b113 0a4a1addd37f4199948512cdbd58b113] 10.0.0.253 "GET /resource_providers/ff196cc8-2526-4218-b96b-c79b7696ebd6/aggregates" status: 404 len: 235 microversion: 1.1 [pid: 7|app: 0|req: 478/967] 10.0.0.253 () {32 vars in 815 bytes} [Thu Jul 16 03:51:21 2026] GET /resource_providers/ff196cc8-2526-4218-b96b-c79b7696ebd6/aggregates => generated 235 bytes in 9 msecs (HTTP/1.1 404) 5 headers in 202 bytes (1 switches on core 0)
2026-07-16 03:51:21.438 8 INFO placement.requestlog [None req-47dd5922-bada-454d-9325-ab20500af366 68700bcb12194dd6bd943511d0d3ccc2 76fa2ca705084704b82bedda6d8bcea5 - - 0a4a1addd37f4199948512cdbd58b113 0a4a1addd37f4199948512cdbd58b113] 10.0.0.253 "DELETE /resource_providers/ff196cc8-2526-4218-b96b-c79b7696ebd6" status: 404 len: 246 microversion: 1.1 [pid: 8|app: 0|req: 490/968] 10.0.0.253 () {34 vars in 815 bytes} [Thu Jul 16 03:51:21 2026] DELETE /resource_providers/ff196cc8-2526-4218-b96b-c79b7696ebd6 => generated 246 bytes in 11 msecs (HTTP/1.1 404) 6 headers in 231 bytes (1 switches on core 0)
2026-07-16 03:51:21.440 7 INFO placement.requestlog [None req-1b74ed00-76b8-43ff-8593-5c2215cb3791 68700bcb12194dd6bd943511d0d3ccc2 76fa2ca705084704b82bedda6d8bcea5 - - 0a4a1addd37f4199948512cdbd58b113 0a4a1addd37f4199948512cdbd58b113] 10.0.0.253 "DELETE /resource_providers/ff196cc8-2526-4218-b96b-c79b7696ebd6" status: 404 len: 246 microversion: 1.1 [pid: 7|app: 0|req: 479/969] 10.0.0.253 () {34 vars in 815 bytes} [Thu Jul 16 03:51:21 2026] DELETE /resource_providers/ff196cc8-2526-4218-b96b-c79b7696ebd6 => generated 246 bytes in 9 msecs (HTTP/1.1 404) 6 headers in 231 bytes (1 switches on core 0)
2026-07-16 03:51:23.457 8 INFO placement.requestlog [None req-1f116946-20d9-483f-a3c1-2457901c8b53 68700bcb12194dd6bd943511d0d3ccc2 76fa2ca705084704b82bedda6d8bcea5 - - 0a4a1addd37f4199948512cdbd58b113 0a4a1addd37f4199948512cdbd58b113] 10.0.0.253 "GET /resource_providers/2e84b9c7-bf3c-43ce-9d09-1009e99e82cc/aggregates" status: 404 len: 235 microversion: 1.1 [pid: 8|app: 0|req: 491/970] 10.0.0.253 () {32 vars in 815 bytes} [Thu Jul 16 03:51:23 2026] GET /resource_providers/2e84b9c7-bf3c-43ce-9d09-1009e99e82cc/aggregates => generated 235 bytes in 12 msecs (HTTP/1.1 404) 5 headers in 202 bytes (1 switches on core 0)
2026-07-16 03:51:23.464 7 INFO placement.requestlog [None req-a9a29f08-a726-4205-a28c-d4297c93e1c5 68700bcb12194dd6bd943511d0d3ccc2 76fa2ca705084704b82bedda6d8bcea5 - - 0a4a1addd37f4199948512cdbd58b113 0a4a1addd37f4199948512cdbd58b113] 10.0.0.253 "GET /resource_providers/2e84b9c7-bf3c-43ce-9d09-1009e99e82cc/aggregates" status: 404 len: 235 microversion: 1.1 [pid: 7|app: 0|req: 480/971] 10.0.0.253 () {32 vars in 815 bytes} [Thu Jul 16 03:51:23 2026] GET /resource_providers/2e84b9c7-bf3c-43ce-9d09-1009e99e82cc/aggregates => generated 235 bytes in 13 msecs (HTTP/1.1 404) 5 headers in 202 bytes (1 switches on core 0)
2026-07-16 03:51:23.473 8 INFO placement.requestlog [None req-a2a23aa4-e2e4-46bf-8485-add637317d1f 68700bcb12194dd6bd943511d0d3ccc2 76fa2ca705084704b82bedda6d8bcea5 - - 0a4a1addd37f4199948512cdbd58b113 0a4a1addd37f4199948512cdbd58b113] 10.0.0.253 "DELETE /resource_providers/2e84b9c7-bf3c-43ce-9d09-1009e99e82cc" status: 404 len: 246 microversion: 1.1 [pid: 8|app: 0|req: 492/972] 10.0.0.253 () {34 vars in 815 bytes} [Thu Jul 16 03:51:23 2026] DELETE /resource_providers/2e84b9c7-bf3c-43ce-9d09-1009e99e82cc => generated 246 bytes in 9 msecs (HTTP/1.1 404) 6 headers in 231 bytes (1 switches on core 0)
2026-07-16 03:51:23.479 7 INFO placement.requestlog [None req-4a3c5ec4-18c4-4ace-8bc7-56506271d771 68700bcb12194dd6bd943511d0d3ccc2 76fa2ca705084704b82bedda6d8bcea5 - - 0a4a1addd37f4199948512cdbd58b113 0a4a1addd37f4199948512cdbd58b113] 10.0.0.253 "DELETE /resource_providers/2e84b9c7-bf3c-43ce-9d09-1009e99e82cc" status: 404 len: 246 microversion: 1.1 [pid: 7|app: 0|req: 481/973] 10.0.0.253 () {34 vars in 815 bytes} [Thu Jul 16 03:51:23 2026] DELETE /resource_providers/2e84b9c7-bf3c-43ce-9d09-1009e99e82cc => generated 246 bytes in 10 msecs (HTTP/1.1 404) 6 headers in 231 bytes (1 switches on core 0)
2026-07-16 03:51:28.100 8 INFO placement.requestlog [None req-65d7aac5-321b-4967-a728-b44a75a7f6fb 68700bcb12194dd6bd943511d0d3ccc2 76fa2ca705084704b82bedda6d8bcea5 - - 0a4a1addd37f4199948512cdbd58b113 0a4a1addd37f4199948512cdbd58b113] 10.0.0.253 "GET /resource_providers/20995fae-132e-413b-99fb-9c368547daad/aggregates" status: 404 len: 235 microversion: 1.1
2026-07-16 03:51:28.100 7 INFO placement.requestlog [None req-4293eac2-7673-4aa6-bdad-d60bc0958cab 68700bcb12194dd6bd943511d0d3ccc2 76fa2ca705084704b82bedda6d8bcea5 - - 0a4a1addd37f4199948512cdbd58b113 0a4a1addd37f4199948512cdbd58b113] 10.0.0.253 "GET /resource_providers/20995fae-132e-413b-99fb-9c368547daad/aggregates" status: 404 len: 235 microversion: 1.1 [pid: 8|app: 0|req: 493/974] 10.0.0.253 () {32 vars in 815 bytes} [Thu Jul 16 03:51:28 2026] GET /resource_providers/20995fae-132e-413b-99fb-9c368547daad/aggregates => generated 235 bytes in 20 msecs (HTTP/1.1 404) 5 headers in 202 bytes (1 switches on core 0) [pid: 7|app: 0|req: 482/975] 10.0.0.253 () {32 vars in 815 bytes} [Thu Jul 16 03:51:28 2026] GET /resource_providers/20995fae-132e-413b-99fb-9c368547daad/aggregates => generated 235 bytes in 20 msecs (HTTP/1.1 404) 5 headers in 202 bytes (1 switches on core 0)
2026-07-16 03:51:28.126 7 INFO placement.requestlog [None req-49eff6a7-87f0-4518-b4bf-ed727e87efd3 68700bcb12194dd6bd943511d0d3ccc2 76fa2ca705084704b82bedda6d8bcea5 - - 0a4a1addd37f4199948512cdbd58b113 0a4a1addd37f4199948512cdbd58b113] 10.0.0.253 "DELETE /resource_providers/20995fae-132e-413b-99fb-9c368547daad" status: 404 len: 246 microversion: 1.1 [pid: 7|app: 0|req: 483/976] 10.0.0.253 () {34 vars in 815 bytes} [Thu Jul 16 03:51:28 2026] DELETE /resource_providers/20995fae-132e-413b-99fb-9c368547daad => generated 246 bytes in 8 msecs (HTTP/1.1 404) 6 headers in 231 bytes (1 switches on core 0)
2026-07-16 03:51:28.133 8 INFO placement.requestlog [None req-f16a0954-713b-4756-b966-1ebeeb91cc30 68700bcb12194dd6bd943511d0d3ccc2 76fa2ca705084704b82bedda6d8bcea5 - - 0a4a1addd37f4199948512cdbd58b113 0a4a1addd37f4199948512cdbd58b113] 10.0.0.253 "DELETE /resource_providers/20995fae-132e-413b-99fb-9c368547daad" status: 404 len: 246 microversion: 1.1 [pid: 8|app: 0|req: 494/977] 10.0.0.253 () {34 vars in 815 bytes} [Thu Jul 16 03:51:28 2026] DELETE /resource_providers/20995fae-132e-413b-99fb-9c368547daad => generated 246 bytes in 14 msecs (HTTP/1.1 404) 6 headers in 231 bytes (1 switches on core 0)
2026-07-16 03:51:28.158 7 INFO placement.requestlog [None req-a0ddee1b-9ce4-46ee-ba41-1132fb6b7f5e 68700bcb12194dd6bd943511d0d3ccc2 76fa2ca705084704b82bedda6d8bcea5 - - 0a4a1addd37f4199948512cdbd58b113 0a4a1addd37f4199948512cdbd58b113] 10.0.0.253 "GET /resource_providers/59d95bb5-2f51-4107-83c7-130e63f050c3/aggregates" status: 404 len: 235 microversion: 1.1 [pid: 7|app: 0|req: 484/978] 10.0.0.253 () {32 vars in 815 bytes} [Thu Jul 16 03:51:28 2026] GET /resource_providers/59d95bb5-2f51-4107-83c7-130e63f050c3/aggregates => generated 235 bytes in 11 msecs (HTTP/1.1 404) 5 headers in 202 bytes (1 switches on core 0)
2026-07-16 03:51:28.165 8 INFO placement.requestlog [None req-53b8d8dc-508a-4c6e-8cba-31a02959eedd 68700bcb12194dd6bd943511d0d3ccc2 76fa2ca705084704b82bedda6d8bcea5 - - 0a4a1addd37f4199948512cdbd58b113 0a4a1addd37f4199948512cdbd58b113] 10.0.0.253 "GET /resource_providers/59d95bb5-2f51-4107-83c7-130e63f050c3/aggregates" status: 404 len: 235 microversion: 1.1 [pid: 8|app: 0|req: 495/979] 10.0.0.253 () {32 vars in 815 bytes} [Thu Jul 16 03:51:28 2026] GET /resource_providers/59d95bb5-2f51-4107-83c7-130e63f050c3/aggregates => generated 235 bytes in 12 msecs (HTTP/1.1 404) 5 headers in 202 bytes (1 switches on core 0)
2026-07-16 03:51:28.182 7 INFO placement.requestlog [None req-ae396a13-bc5c-4398-b4a6-ff538ba7f196 68700bcb12194dd6bd943511d0d3ccc2 76fa2ca705084704b82bedda6d8bcea5 - - 0a4a1addd37f4199948512cdbd58b113 0a4a1addd37f4199948512cdbd58b113] 10.0.0.253 "DELETE /resource_providers/59d95bb5-2f51-4107-83c7-130e63f050c3" status: 404 len: 246 microversion: 1.1 [pid: 7|app: 0|req: 485/980] 10.0.0.253 () {34 vars in 815 bytes} [Thu Jul 16 03:51:28 2026] DELETE /resource_providers/59d95bb5-2f51-4107-83c7-130e63f050c3 => generated 246 bytes in 7 msecs (HTTP/1.1 404) 6 headers in 231 bytes (1 switches on core 0)
2026-07-16 03:51:28.196 8 INFO placement.requestlog [None req-c4d519cd-f6f3-48d2-9619-18a49a9c94e4 68700bcb12194dd6bd943511d0d3ccc2 76fa2ca705084704b82bedda6d8bcea5 - - 0a4a1addd37f4199948512cdbd58b113 0a4a1addd37f4199948512cdbd58b113] 10.0.0.253 "DELETE /resource_providers/59d95bb5-2f51-4107-83c7-130e63f050c3" status: 404 len: 246 microversion: 1.1 [pid: 8|app: 0|req: 496/981] 10.0.0.253 () {34 vars in 815 bytes} [Thu Jul 16 03:51:28 2026] DELETE /resource_providers/59d95bb5-2f51-4107-83c7-130e63f050c3 => generated 246 bytes in 11 msecs (HTTP/1.1 404) 6 headers in 231 bytes (1 switches on core 0)
2026-07-16 03:51:30.148 7 INFO placement.requestlog [None req-8b7dbc2d-5c73-4636-be3f-65396f05edb3 68700bcb12194dd6bd943511d0d3ccc2 76fa2ca705084704b82bedda6d8bcea5 - - 0a4a1addd37f4199948512cdbd58b113 0a4a1addd37f4199948512cdbd58b113] 10.0.0.253 "GET /resource_providers/a5da4eb9-81f0-4786-856d-d9cbddf2da80/aggregates" status: 404 len: 235 microversion: 1.1 [pid: 7|app: 0|req: 486/982] 10.0.0.253 () {32 vars in 815 bytes} [Thu Jul 16 03:51:30 2026] GET /resource_providers/a5da4eb9-81f0-4786-856d-d9cbddf2da80/aggregates => generated 235 bytes in 17 msecs (HTTP/1.1 404) 5 headers in 202 bytes (1 switches on core 0)
2026-07-16 03:51:30.153 8 INFO placement.requestlog [None req-f9abfdaa-0621-4e0a-b294-5fff91ce915a 68700bcb12194dd6bd943511d0d3ccc2 76fa2ca705084704b82bedda6d8bcea5 - - 0a4a1addd37f4199948512cdbd58b113 0a4a1addd37f4199948512cdbd58b113] 10.0.0.253 "GET /resource_providers/a5da4eb9-81f0-4786-856d-d9cbddf2da80/aggregates" status: 404 len: 235 microversion: 1.1 [pid: 8|app: 0|req: 497/983] 10.0.0.253 () {32 vars in 815 bytes} [Thu Jul 16 03:51:30 2026] GET /resource_providers/a5da4eb9-81f0-4786-856d-d9cbddf2da80/aggregates => generated 235 bytes in 14 msecs (HTTP/1.1 404) 5 headers in 202 bytes (1 switches on core 0)
2026-07-16 03:51:30.163 7 INFO placement.requestlog [None req-0ad35c32-cfb2-478a-a28a-cfaacc8b8975 68700bcb12194dd6bd943511d0d3ccc2 76fa2ca705084704b82bedda6d8bcea5 - - 0a4a1addd37f4199948512cdbd58b113 0a4a1addd37f4199948512cdbd58b113] 10.0.0.253 "DELETE /resource_providers/a5da4eb9-81f0-4786-856d-d9cbddf2da80" status: 404 len: 246 microversion: 1.1 [pid: 7|app: 0|req: 487/984] 10.0.0.253 () {34 vars in 815 bytes} [Thu Jul 16 03:51:30 2026] DELETE /resource_providers/a5da4eb9-81f0-4786-856d-d9cbddf2da80 => generated 246 bytes in 9 msecs (HTTP/1.1 404) 6 headers in 231 bytes (1 switches on core 0)
2026-07-16 03:51:30.171 8 INFO placement.requestlog [None req-c39581dd-59d2-4dd5-b4ec-f6a28a252d9d 68700bcb12194dd6bd943511d0d3ccc2 76fa2ca705084704b82bedda6d8bcea5 - - 0a4a1addd37f4199948512cdbd58b113 0a4a1addd37f4199948512cdbd58b113] 10.0.0.253 "DELETE /resource_providers/a5da4eb9-81f0-4786-856d-d9cbddf2da80" status: 404 len: 246 microversion: 1.1 [pid: 8|app: 0|req: 498/985] 10.0.0.253 () {34 vars in 815 bytes} [Thu Jul 16 03:51:30 2026] DELETE /resource_providers/a5da4eb9-81f0-4786-856d-d9cbddf2da80 => generated 246 bytes in 13 msecs (HTTP/1.1 404) 6 headers in 231 bytes (1 switches on core 0)
2026-07-16 03:51:30.176 7 INFO placement.requestlog [None req-1088489a-1ef4-4e3e-9aa9-21e6dd8ea99b 68700bcb12194dd6bd943511d0d3ccc2 76fa2ca705084704b82bedda6d8bcea5 - - 0a4a1addd37f4199948512cdbd58b113 0a4a1addd37f4199948512cdbd58b113] 10.0.0.253 "GET /resource_providers/4219bab1-27b4-4e78-b20f-aa647b80c85d/aggregates" status: 404 len: 235 microversion: 1.1 [pid: 7|app: 0|req: 488/986] 10.0.0.253 () {32 vars in 815 bytes} [Thu Jul 16 03:51:30 2026] GET /resource_providers/4219bab1-27b4-4e78-b20f-aa647b80c85d/aggregates => generated 235 bytes in 9 msecs (HTTP/1.1 404) 5 headers in 202 bytes (1 switches on core 0)
2026-07-16 03:51:30.189 8 INFO placement.requestlog [None req-467be46b-c8c7-4347-89a6-d6845f7e0011 68700bcb12194dd6bd943511d0d3ccc2 76fa2ca705084704b82bedda6d8bcea5 - - 0a4a1addd37f4199948512cdbd58b113 0a4a1addd37f4199948512cdbd58b113] 10.0.0.253 "GET /resource_providers/4219bab1-27b4-4e78-b20f-aa647b80c85d/aggregates" status: 404 len: 235 microversion: 1.1 [pid: 8|app: 0|req: 499/987] 10.0.0.253 () {32 vars in 815 bytes} [Thu Jul 16 03:51:30 2026] GET /resource_providers/4219bab1-27b4-4e78-b20f-aa647b80c85d/aggregates => generated 235 bytes in 14 msecs (HTTP/1.1 404) 5 headers in 202 bytes (1 switches on core 0)
2026-07-16 03:51:30.193 7 INFO placement.requestlog [None req-534fc4bd-cd5d-49e0-90d8-b8b52bcca8dc 68700bcb12194dd6bd943511d0d3ccc2 76fa2ca705084704b82bedda6d8bcea5 - - 0a4a1addd37f4199948512cdbd58b113 0a4a1addd37f4199948512cdbd58b113] 10.0.0.253 "DELETE /resource_providers/4219bab1-27b4-4e78-b20f-aa647b80c85d" status: 404 len: 246 microversion: 1.1 [pid: 7|app: 0|req: 489/988] 10.0.0.253 () {34 vars in 815 bytes} [Thu Jul 16 03:51:30 2026] DELETE /resource_providers/4219bab1-27b4-4e78-b20f-aa647b80c85d => generated 246 bytes in 13 msecs (HTTP/1.1 404) 6 headers in 231 bytes (1 switches on core 0)
2026-07-16 03:51:30.206 7 INFO placement.requestlog [None req-e9d7d077-7ae7-46cb-95e4-4719f6e5f5f4 68700bcb12194dd6bd943511d0d3ccc2 76fa2ca705084704b82bedda6d8bcea5 - - 0a4a1addd37f4199948512cdbd58b113 0a4a1addd37f4199948512cdbd58b113] 10.0.0.253 "DELETE /resource_providers/4219bab1-27b4-4e78-b20f-aa647b80c85d" status: 404 len: 246 microversion: 1.1 [pid: 7|app: 0|req: 490/989] 10.0.0.253 () {34 vars in 815 bytes} [Thu Jul 16 03:51:30 2026] DELETE /resource_providers/4219bab1-27b4-4e78-b20f-aa647b80c85d => generated 246 bytes in 10 msecs (HTTP/1.1 404) 6 headers in 231 bytes (1 switches on core 0)
2026-07-16 03:51:30.209 8 INFO placement.requestlog [None req-c67822da-0edb-42e8-bdbb-26f8c26e44fe 68700bcb12194dd6bd943511d0d3ccc2 76fa2ca705084704b82bedda6d8bcea5 - - 0a4a1addd37f4199948512cdbd58b113 0a4a1addd37f4199948512cdbd58b113] 10.0.0.253 "GET /resource_providers/ad11fd6d-37a8-4a57-9ceb-2e8a0e0d14d1/aggregates" status: 404 len: 235 microversion: 1.1 [pid: 8|app: 0|req: 500/990] 10.0.0.253 () {32 vars in 815 bytes} [Thu Jul 16 03:51:30 2026] GET /resource_providers/ad11fd6d-37a8-4a57-9ceb-2e8a0e0d14d1/aggregates => generated 235 bytes in 19 msecs (HTTP/1.1 404) 5 headers in 202 bytes (1 switches on core 0)
2026-07-16 03:51:30.218 7 INFO placement.requestlog [None req-c17b020d-f60d-4e64-bf76-54d95659c626 68700bcb12194dd6bd943511d0d3ccc2 76fa2ca705084704b82bedda6d8bcea5 - - 0a4a1addd37f4199948512cdbd58b113 0a4a1addd37f4199948512cdbd58b113] 10.0.0.253 "GET /resource_providers/04d834e7-6124-4639-9b02-400f37133321/aggregates" status: 404 len: 235 microversion: 1.1 [pid: 7|app: 0|req: 491/991] 10.0.0.253 () {32 vars in 815 bytes} [Thu Jul 16 03:51:30 2026] GET /resource_providers/04d834e7-6124-4639-9b02-400f37133321/aggregates => generated 235 bytes in 11 msecs (HTTP/1.1 404) 5 headers in 202 bytes (1 switches on core 0)
2026-07-16 03:51:30.223 8 INFO placement.requestlog [None req-769b273b-db60-42f7-b36d-383a4bd68729 68700bcb12194dd6bd943511d0d3ccc2 76fa2ca705084704b82bedda6d8bcea5 - - 0a4a1addd37f4199948512cdbd58b113 0a4a1addd37f4199948512cdbd58b113] 10.0.0.253 "GET /resource_providers/ad11fd6d-37a8-4a57-9ceb-2e8a0e0d14d1/aggregates" status: 404 len: 235 microversion: 1.1 [pid: 8|app: 0|req: 501/992] 10.0.0.253 () {32 vars in 815 bytes} [Thu Jul 16 03:51:30 2026] GET /resource_providers/ad11fd6d-37a8-4a57-9ceb-2e8a0e0d14d1/aggregates => generated 235 bytes in 12 msecs (HTTP/1.1 404) 5 headers in 202 bytes (1 switches on core 0)
2026-07-16 03:51:30.227 7 INFO placement.requestlog [None req-f78ef82e-9c7b-469b-bb86-73639f4df19c 68700bcb12194dd6bd943511d0d3ccc2 76fa2ca705084704b82bedda6d8bcea5 - - 0a4a1addd37f4199948512cdbd58b113 0a4a1addd37f4199948512cdbd58b113] 10.0.0.253 "GET /resource_providers/04d834e7-6124-4639-9b02-400f37133321/aggregates" status: 404 len: 235 microversion: 1.1 [pid: 7|app: 0|req: 492/993] 10.0.0.253 () {32 vars in 815 bytes} [Thu Jul 16 03:51:30 2026] GET /resource_providers/04d834e7-6124-4639-9b02-400f37133321/aggregates => generated 235 bytes in 8 msecs (HTTP/1.1 404) 5 headers in 202 bytes (1 switches on core 0)
2026-07-16 03:51:30.237 8 INFO placement.requestlog [None req-65594e44-f6be-4c60-811c-cfc24c5df388 68700bcb12194dd6bd943511d0d3ccc2 76fa2ca705084704b82bedda6d8bcea5 - - 0a4a1addd37f4199948512cdbd58b113 0a4a1addd37f4199948512cdbd58b113] 10.0.0.253 "DELETE /resource_providers/ad11fd6d-37a8-4a57-9ceb-2e8a0e0d14d1" status: 404 len: 246 microversion: 1.1
2026-07-16 03:51:30.238 7 INFO placement.requestlog [None req-0e91a080-9711-448c-98da-0c17daf808b5 68700bcb12194dd6bd943511d0d3ccc2 76fa2ca705084704b82bedda6d8bcea5 - - 0a4a1addd37f4199948512cdbd58b113 0a4a1addd37f4199948512cdbd58b113] 10.0.0.253 "DELETE /resource_providers/04d834e7-6124-4639-9b02-400f37133321" status: 404 len: 246 microversion: 1.1 [pid: 8|app: 0|req: 502/994] 10.0.0.253 () {34 vars in 815 bytes} [Thu Jul 16 03:51:30 2026] DELETE /resource_providers/ad11fd6d-37a8-4a57-9ceb-2e8a0e0d14d1 => generated 246 bytes in 13 msecs (HTTP/1.1 404) 6 headers in 231 bytes (1 switches on core 0) [pid: 7|app: 0|req: 493/995] 10.0.0.253 () {34 vars in 815 bytes} [Thu Jul 16 03:51:30 2026] DELETE /resource_providers/04d834e7-6124-4639-9b02-400f37133321 => generated 246 bytes in 10 msecs (HTTP/1.1 404) 6 headers in 231 bytes (1 switches on core 0)
2026-07-16 03:51:30.252 7 INFO placement.requestlog [None req-0297d3d7-d668-4b4b-b407-9e3c9e8d34e0 68700bcb12194dd6bd943511d0d3ccc2 76fa2ca705084704b82bedda6d8bcea5 - - 0a4a1addd37f4199948512cdbd58b113 0a4a1addd37f4199948512cdbd58b113] 10.0.0.253 "DELETE /resource_providers/04d834e7-6124-4639-9b02-400f37133321" status: 404 len: 246 microversion: 1.1 [pid: 7|app: 0|req: 494/996] 10.0.0.253 () {34 vars in 815 bytes} [Thu Jul 16 03:51:30 2026] DELETE /resource_providers/04d834e7-6124-4639-9b02-400f37133321 => generated 246 bytes in 14 msecs (HTTP/1.1 404) 6 headers in 231 bytes (1 switches on core 0)
2026-07-16 03:51:30.257 8 INFO placement.requestlog [None req-3892f303-dfbf-4b2d-9890-c06a0cc20159 68700bcb12194dd6bd943511d0d3ccc2 76fa2ca705084704b82bedda6d8bcea5 - - 0a4a1addd37f4199948512cdbd58b113 0a4a1addd37f4199948512cdbd58b113] 10.0.0.253 "DELETE /resource_providers/ad11fd6d-37a8-4a57-9ceb-2e8a0e0d14d1" status: 404 len: 246 microversion: 1.1 [pid: 8|app: 0|req: 503/997] 10.0.0.253 () {34 vars in 815 bytes} [Thu Jul 16 03:51:30 2026] DELETE /resource_providers/ad11fd6d-37a8-4a57-9ceb-2e8a0e0d14d1 => generated 246 bytes in 19 msecs (HTTP/1.1 404) 6 headers in 231 bytes (1 switches on core 0)
2026-07-16 03:51:30.756 8 INFO placement.requestlog [None req-56288e06-73d4-49e3-9bd7-4ef686b29b5c - - - - - -] 10.0.0.111 "GET /" status: 200 len: 136 microversion: 1.0
2026-07-16 03:51:30.756 7 INFO placement.requestlog [None req-4e2e8706-7cc0-407e-898f-f172bdd36714 - - - - - -] 10.0.0.111 "GET /" status: 200 len: 136 microversion: 1.0
2026-07-16 03:51:37.638 8 INFO placement.requestlog [req-373c4fad-bbf6-40cb-b25b-60c3599ab0b9 req-fa6d8524-4983-4ccc-8e38-b80aea01968b 18259e6350d643899bb1b01340ce7586 76fa2ca705084704b82bedda6d8bcea5 - - 0a4a1addd37f4199948512cdbd58b113 0a4a1addd37f4199948512cdbd58b113] 199.19.213.163 "GET /resource_providers/a96176ad-ec24-4e70-a7e0-c8b19c7190d1/allocations" status: 200 len: 253 microversion: 1.0 [pid: 8|app: 0|req: 505/1000] 199.19.213.163 () {32 vars in 856 bytes} [Thu Jul 16 03:51:37 2026] GET /resource_providers/a96176ad-ec24-4e70-a7e0-c8b19c7190d1/allocations => generated 253 bytes in 18 msecs (HTTP/1.1 200) 6 headers in 224 bytes (1 switches on core 0)
2026-07-16 03:51:37.663 7 INFO placement.requestlog [req-373c4fad-bbf6-40cb-b25b-60c3599ab0b9 req-959d02db-597f-4f88-9eb2-103875619884 18259e6350d643899bb1b01340ce7586 76fa2ca705084704b82bedda6d8bcea5 - - 0a4a1addd37f4199948512cdbd58b113 0a4a1addd37f4199948512cdbd58b113] 199.19.213.163 "GET /resource_providers/a96176ad-ec24-4e70-a7e0-c8b19c7190d1/allocations" status: 200 len: 253 microversion: 1.0 [pid: 7|app: 0|req: 496/1001] 199.19.213.163 () {32 vars in 856 bytes} [Thu Jul 16 03:51:37 2026] GET /resource_providers/a96176ad-ec24-4e70-a7e0-c8b19c7190d1/allocations => generated 253 bytes in 17 msecs (HTTP/1.1 200) 6 headers in 224 bytes (1 switches on core 0)
2026-07-16 03:51:37.687 8 INFO placement.requestlog [req-373c4fad-bbf6-40cb-b25b-60c3599ab0b9 req-be0f707d-7511-4ea5-8861-8efe01ff0c7a 18259e6350d643899bb1b01340ce7586 76fa2ca705084704b82bedda6d8bcea5 - - 0a4a1addd37f4199948512cdbd58b113 0a4a1addd37f4199948512cdbd58b113] 199.19.213.163 "GET /allocations/1ebfe3bc-9619-48ca-8786-2c3ab8d8ee14" status: 200 len: 258 microversion: 1.28 [pid: 8|app: 0|req: 506/1002] 199.19.213.163 () {34 vars in 862 bytes} [Thu Jul 16 03:51:37 2026] GET /allocations/1ebfe3bc-9619-48ca-8786-2c3ab8d8ee14 => generated 258 bytes in 15 msecs (HTTP/1.1 200) 8 headers in 296 bytes (1 switches on core 0)
2026-07-16 03:51:37.708 7 INFO placement.requestlog [req-373c4fad-bbf6-40cb-b25b-60c3599ab0b9 req-73aea37f-be92-42b8-8956-271da43c4cb6 18259e6350d643899bb1b01340ce7586 76fa2ca705084704b82bedda6d8bcea5 - - 0a4a1addd37f4199948512cdbd58b113 0a4a1addd37f4199948512cdbd58b113] 199.19.213.163 "GET /allocations/f10881c7-127b-432c-81a4-9f231ee91898" status: 200 len: 258 microversion: 1.28 [pid: 7|app: 0|req: 497/1003] 199.19.213.163 () {34 vars in 862 bytes} [Thu Jul 16 03:51:37 2026] GET /allocations/f10881c7-127b-432c-81a4-9f231ee91898 => generated 258 bytes in 14 msecs (HTTP/1.1 200) 8 headers in 296 bytes (1 switches on core 0)
2026-07-16 03:51:37.977 8 INFO placement.requestlog [req-df1d3fd9-b25f-472a-9e11-c07043eb152b req-a32d8561-218b-4a4a-9ca3-4ad9035214de 18259e6350d643899bb1b01340ce7586 76fa2ca705084704b82bedda6d8bcea5 - - 0a4a1addd37f4199948512cdbd58b113 0a4a1addd37f4199948512cdbd58b113] 199.19.213.163 "GET /resource_providers/a96176ad-ec24-4e70-a7e0-c8b19c7190d1/allocations" status: 200 len: 253 microversion: 1.0 [pid: 8|app: 0|req: 507/1004] 199.19.213.163 () {32 vars in 856 bytes} [Thu Jul 16 03:51:37 2026] GET /resource_providers/a96176ad-ec24-4e70-a7e0-c8b19c7190d1/allocations => generated 253 bytes in 21 msecs (HTTP/1.1 200) 6 headers in 224 bytes (1 switches on core 0)
2026-07-16 03:51:37.997 7 INFO placement.requestlog [req-df1d3fd9-b25f-472a-9e11-c07043eb152b req-3454fd89-572d-4cde-b7a8-e34f9aa8d4ce 18259e6350d643899bb1b01340ce7586 76fa2ca705084704b82bedda6d8bcea5 - - 0a4a1addd37f4199948512cdbd58b113 0a4a1addd37f4199948512cdbd58b113] 199.19.213.163 "GET /allocations/1ebfe3bc-9619-48ca-8786-2c3ab8d8ee14" status: 200 len: 258 microversion: 1.28 [pid: 7|app: 0|req: 498/1005] 199.19.213.163 () {34 vars in 862 bytes} [Thu Jul 16 03:51:37 2026] GET /allocations/1ebfe3bc-9619-48ca-8786-2c3ab8d8ee14 => generated 258 bytes in 14 msecs (HTTP/1.1 200) 8 headers in 296 bytes (1 switches on core 0)
2026-07-16 03:51:38.026 8 INFO placement.requestlog [req-df1d3fd9-b25f-472a-9e11-c07043eb152b req-cfa6a2af-3908-4991-adfd-26c774d89841 18259e6350d643899bb1b01340ce7586 76fa2ca705084704b82bedda6d8bcea5 - - 0a4a1addd37f4199948512cdbd58b113 0a4a1addd37f4199948512cdbd58b113] 199.19.213.163 "GET /allocations/f10881c7-127b-432c-81a4-9f231ee91898" status: 200 len: 258 microversion: 1.28 [pid: 8|app: 0|req: 508/1006] 199.19.213.163 () {34 vars in 862 bytes} [Thu Jul 16 03:51:38 2026] GET /allocations/f10881c7-127b-432c-81a4-9f231ee91898 => generated 258 bytes in 22 msecs (HTTP/1.1 200) 8 headers in 296 bytes (1 switches on core 0)
2026-07-16 03:51:38.111 7 INFO placement.requestlog [req-df1d3fd9-b25f-472a-9e11-c07043eb152b req-befe6431-8b38-4970-90b3-6597af2f5a89 18259e6350d643899bb1b01340ce7586 76fa2ca705084704b82bedda6d8bcea5 - - 0a4a1addd37f4199948512cdbd58b113 0a4a1addd37f4199948512cdbd58b113] 199.19.213.163 "DELETE /allocations/1ebfe3bc-9619-48ca-8786-2c3ab8d8ee14" status: 204 len: 0 microversion: 1.0 [pid: 7|app: 0|req: 499/1007] 199.19.213.163 () {34 vars in 840 bytes} [Thu Jul 16 03:51:38 2026] DELETE /allocations/1ebfe3bc-9619-48ca-8786-2c3ab8d8ee14 => generated 0 bytes in 31 msecs (HTTP/1.1 204) 5 headers in 198 bytes (1 switches on core 0)
2026-07-16 03:51:40.757 8 INFO placement.requestlog [None req-8d09a605-42b6-476f-bf6f-8e3b0a7dbc51 - - - - - -] 10.0.0.111 "GET /" status: 200 len: 136 microversion: 1.0
2026-07-16 03:51:40.757 7 INFO placement.requestlog [None req-a4c88462-7910-4fa1-97ff-f4234d18681a - - - - - -] 10.0.0.111 "GET /" status: 200 len: 136 microversion: 1.0
2026-07-16 03:51:43.446 7 INFO placement.requestlog [None req-04d9ef9b-897b-46c1-bda5-84c98b3d4c68 68700bcb12194dd6bd943511d0d3ccc2 76fa2ca705084704b82bedda6d8bcea5 - - 0a4a1addd37f4199948512cdbd58b113 0a4a1addd37f4199948512cdbd58b113] 10.0.0.253 "GET /resource_providers/ba552d8f-e53d-4a61-814b-ce8465f7c289/aggregates" status: 404 len: 235 microversion: 1.1 [pid: 7|app: 0|req: 501/1010] 10.0.0.253 () {32 vars in 815 bytes} [Thu Jul 16 03:51:43 2026] GET /resource_providers/ba552d8f-e53d-4a61-814b-ce8465f7c289/aggregates => generated 235 bytes in 8 msecs (HTTP/1.1 404) 5 headers in 202 bytes (1 switches on core 0)
2026-07-16 03:51:43.450 8 INFO placement.requestlog [None req-b8b4d23a-bfdc-4dc9-9145-056a14307171 68700bcb12194dd6bd943511d0d3ccc2 76fa2ca705084704b82bedda6d8bcea5 - - 0a4a1addd37f4199948512cdbd58b113 0a4a1addd37f4199948512cdbd58b113] 10.0.0.253 "GET /resource_providers/ba552d8f-e53d-4a61-814b-ce8465f7c289/aggregates" status: 404 len: 235 microversion: 1.1 [pid: 8|app: 0|req: 510/1011] 10.0.0.253 () {32 vars in 815 bytes} [Thu Jul 16 03:51:43 2026] GET /resource_providers/ba552d8f-e53d-4a61-814b-ce8465f7c289/aggregates => generated 235 bytes in 11 msecs (HTTP/1.1 404) 5 headers in 202 bytes (1 switches on core 0)
2026-07-16 03:51:43.467 7 INFO placement.requestlog [None req-2b9dcec0-b372-4f0d-9ee9-0910c8a7b340 68700bcb12194dd6bd943511d0d3ccc2 76fa2ca705084704b82bedda6d8bcea5 - - 0a4a1addd37f4199948512cdbd58b113 0a4a1addd37f4199948512cdbd58b113] 10.0.0.253 "DELETE /resource_providers/ba552d8f-e53d-4a61-814b-ce8465f7c289" status: 404 len: 246 microversion: 1.1 [pid: 7|app: 0|req: 502/1012] 10.0.0.253 () {34 vars in 815 bytes} [Thu Jul 16 03:51:43 2026] DELETE /resource_providers/ba552d8f-e53d-4a61-814b-ce8465f7c289 => generated 246 bytes in 6 msecs (HTTP/1.1 404) 6 headers in 231 bytes (1 switches on core 0)
2026-07-16 03:51:43.470 8 INFO placement.requestlog [None req-98ce15f4-c185-4e5e-8ded-b5a11e7690e3 68700bcb12194dd6bd943511d0d3ccc2 76fa2ca705084704b82bedda6d8bcea5 - - 0a4a1addd37f4199948512cdbd58b113 0a4a1addd37f4199948512cdbd58b113] 10.0.0.253 "DELETE /resource_providers/ba552d8f-e53d-4a61-814b-ce8465f7c289" status: 404 len: 246 microversion: 1.1 [pid: 8|app: 0|req: 511/1013] 10.0.0.253 () {34 vars in 815 bytes} [Thu Jul 16 03:51:43 2026] DELETE /resource_providers/ba552d8f-e53d-4a61-814b-ce8465f7c289 => generated 246 bytes in 7 msecs (HTTP/1.1 404) 6 headers in 231 bytes (1 switches on core 0)
2026-07-16 03:51:44.238 7 INFO placement.requestlog [None req-d2ad7a34-d39e-4048-a3d0-02ef4b70219d 68700bcb12194dd6bd943511d0d3ccc2 76fa2ca705084704b82bedda6d8bcea5 - - 0a4a1addd37f4199948512cdbd58b113 0a4a1addd37f4199948512cdbd58b113] 10.0.0.253 "GET /resource_providers/c6bf55d3-9ede-43c0-ba41-004b5d50dec9/aggregates" status: 404 len: 235 microversion: 1.1 [pid: 7|app: 0|req: 503/1014] 10.0.0.253 () {32 vars in 815 bytes} [Thu Jul 16 03:51:44 2026] GET /resource_providers/c6bf55d3-9ede-43c0-ba41-004b5d50dec9/aggregates => generated 235 bytes in 12 msecs (HTTP/1.1 404) 5 headers in 202 bytes (1 switches on core 0)
2026-07-16 03:51:44.255 8 INFO placement.requestlog [None req-2339eda2-a170-4a2e-95df-9e645b1b1375 68700bcb12194dd6bd943511d0d3ccc2 76fa2ca705084704b82bedda6d8bcea5 - - 0a4a1addd37f4199948512cdbd58b113 0a4a1addd37f4199948512cdbd58b113] 10.0.0.253 "GET /resource_providers/c6bf55d3-9ede-43c0-ba41-004b5d50dec9/aggregates" status: 404 len: 235 microversion: 1.1 [pid: 8|app: 0|req: 512/1015] 10.0.0.253 () {32 vars in 815 bytes} [Thu Jul 16 03:51:44 2026] GET /resource_providers/c6bf55d3-9ede-43c0-ba41-004b5d50dec9/aggregates => generated 235 bytes in 24 msecs (HTTP/1.1 404) 5 headers in 202 bytes (1 switches on core 0)
2026-07-16 03:51:44.274 7 INFO placement.requestlog [None req-7f5a2c60-52d9-4a29-9c9d-e4cec0f50eaa 68700bcb12194dd6bd943511d0d3ccc2 76fa2ca705084704b82bedda6d8bcea5 - - 0a4a1addd37f4199948512cdbd58b113 0a4a1addd37f4199948512cdbd58b113] 10.0.0.253 "DELETE /resource_providers/c6bf55d3-9ede-43c0-ba41-004b5d50dec9" status: 404 len: 246 microversion: 1.1 [pid: 7|app: 0|req: 504/1016] 10.0.0.253 () {34 vars in 815 bytes} [Thu Jul 16 03:51:44 2026] DELETE /resource_providers/c6bf55d3-9ede-43c0-ba41-004b5d50dec9 => generated 246 bytes in 20 msecs (HTTP/1.1 404) 6 headers in 231 bytes (1 switches on core 0)
2026-07-16 03:51:44.277 8 INFO placement.requestlog [None req-ce8d00d1-5d78-4868-961c-694f90656a1d 68700bcb12194dd6bd943511d0d3ccc2 76fa2ca705084704b82bedda6d8bcea5 - - 0a4a1addd37f4199948512cdbd58b113 0a4a1addd37f4199948512cdbd58b113] 10.0.0.253 "DELETE /resource_providers/c6bf55d3-9ede-43c0-ba41-004b5d50dec9" status: 404 len: 246 microversion: 1.1 [pid: 8|app: 0|req: 513/1017] 10.0.0.253 () {34 vars in 815 bytes} [Thu Jul 16 03:51:44 2026] DELETE /resource_providers/c6bf55d3-9ede-43c0-ba41-004b5d50dec9 => generated 246 bytes in 15 msecs (HTTP/1.1 404) 6 headers in 231 bytes (1 switches on core 0)
2026-07-16 03:51:45.488 7 INFO placement.requestlog [None req-cd0ae75c-7f11-4be9-b732-2ea5be3d9fc6 68700bcb12194dd6bd943511d0d3ccc2 76fa2ca705084704b82bedda6d8bcea5 - - 0a4a1addd37f4199948512cdbd58b113 0a4a1addd37f4199948512cdbd58b113] 10.0.0.253 "GET /resource_providers/c4bf5831-8c19-4484-b230-1103f8bab2af/aggregates" status: 404 len: 235 microversion: 1.1 [pid: 7|app: 0|req: 505/1018] 10.0.0.253 () {32 vars in 815 bytes} [Thu Jul 16 03:51:45 2026] GET /resource_providers/c4bf5831-8c19-4484-b230-1103f8bab2af/aggregates => generated 235 bytes in 10 msecs (HTTP/1.1 404) 5 headers in 202 bytes (1 switches on core 0)
2026-07-16 03:51:45.506 7 INFO placement.requestlog [None req-c0c139b8-b626-47bd-9ae9-e4ac816647fa 68700bcb12194dd6bd943511d0d3ccc2 76fa2ca705084704b82bedda6d8bcea5 - - 0a4a1addd37f4199948512cdbd58b113 0a4a1addd37f4199948512cdbd58b113] 10.0.0.253 "DELETE /resource_providers/c4bf5831-8c19-4484-b230-1103f8bab2af" status: 404 len: 246 microversion: 1.1
2026-07-16 03:51:45.507 8 INFO placement.requestlog [None req-82012847-6ad7-4cbd-8e22-b24b7073109a 68700bcb12194dd6bd943511d0d3ccc2 76fa2ca705084704b82bedda6d8bcea5 - - 0a4a1addd37f4199948512cdbd58b113 0a4a1addd37f4199948512cdbd58b113] 10.0.0.253 "GET /resource_providers/c4bf5831-8c19-4484-b230-1103f8bab2af/aggregates" status: 404 len: 235 microversion: 1.1 [pid: 8|app: 0|req: 514/1019] 10.0.0.253 () {32 vars in 815 bytes} [Thu Jul 16 03:51:45 2026] GET /resource_providers/c4bf5831-8c19-4484-b230-1103f8bab2af/aggregates => generated 235 bytes in 21 msecs (HTTP/1.1 404) 5 headers in 202 bytes (1 switches on core 0) [pid: 7|app: 0|req: 506/1020] 10.0.0.253 () {34 vars in 815 bytes} [Thu Jul 16 03:51:45 2026] DELETE /resource_providers/c4bf5831-8c19-4484-b230-1103f8bab2af => generated 246 bytes in 12 msecs (HTTP/1.1 404) 6 headers in 231 bytes (1 switches on core 0)
2026-07-16 03:51:45.527 8 INFO placement.requestlog [None req-bcf31877-d6b1-4bae-b445-222edb8810a5 68700bcb12194dd6bd943511d0d3ccc2 76fa2ca705084704b82bedda6d8bcea5 - - 0a4a1addd37f4199948512cdbd58b113 0a4a1addd37f4199948512cdbd58b113] 10.0.0.253 "DELETE /resource_providers/c4bf5831-8c19-4484-b230-1103f8bab2af" status: 404 len: 246 microversion: 1.1 [pid: 8|app: 0|req: 515/1021] 10.0.0.253 () {34 vars in 815 bytes} [Thu Jul 16 03:51:45 2026] DELETE /resource_providers/c4bf5831-8c19-4484-b230-1103f8bab2af => generated 246 bytes in 11 msecs (HTTP/1.1 404) 6 headers in 231 bytes (1 switches on core 0)
2026-07-16 03:51:46.876 7 INFO placement.requestlog [None req-9977f6a8-9a54-459e-b77a-c7b6dc98b80d 68700bcb12194dd6bd943511d0d3ccc2 76fa2ca705084704b82bedda6d8bcea5 - - 0a4a1addd37f4199948512cdbd58b113 0a4a1addd37f4199948512cdbd58b113] 10.0.0.253 "GET /resource_providers/5b0b2f87-cef6-4f6d-a1a5-8cc3334504a4/aggregates" status: 404 len: 235 microversion: 1.1 [pid: 7|app: 0|req: 507/1022] 10.0.0.253 () {32 vars in 815 bytes} [Thu Jul 16 03:51:46 2026] GET /resource_providers/5b0b2f87-cef6-4f6d-a1a5-8cc3334504a4/aggregates => generated 235 bytes in 23 msecs (HTTP/1.1 404) 5 headers in 202 bytes (1 switches on core 0)
2026-07-16 03:51:46.877 8 INFO placement.requestlog [None req-fa41a610-4a11-4b1f-ba76-45ecbd0d0833 68700bcb12194dd6bd943511d0d3ccc2 76fa2ca705084704b82bedda6d8bcea5 - - 0a4a1addd37f4199948512cdbd58b113 0a4a1addd37f4199948512cdbd58b113] 10.0.0.253 "GET /resource_providers/5b0b2f87-cef6-4f6d-a1a5-8cc3334504a4/aggregates" status: 404 len: 235 microversion: 1.1 [pid: 8|app: 0|req: 516/1023] 10.0.0.253 () {32 vars in 815 bytes} [Thu Jul 16 03:51:46 2026] GET /resource_providers/5b0b2f87-cef6-4f6d-a1a5-8cc3334504a4/aggregates => generated 235 bytes in 14 msecs (HTTP/1.1 404) 5 headers in 202 bytes (1 switches on core 0)
2026-07-16 03:51:46.905 7 INFO placement.requestlog [None req-5fae3fff-fe63-40c4-8164-cc9192589ee3 68700bcb12194dd6bd943511d0d3ccc2 76fa2ca705084704b82bedda6d8bcea5 - - 0a4a1addd37f4199948512cdbd58b113 0a4a1addd37f4199948512cdbd58b113] 10.0.0.253 "DELETE /resource_providers/5b0b2f87-cef6-4f6d-a1a5-8cc3334504a4" status: 404 len: 246 microversion: 1.1 [pid: 7|app: 0|req: 508/1024] 10.0.0.253 () {34 vars in 815 bytes} [Thu Jul 16 03:51:46 2026] DELETE /resource_providers/5b0b2f87-cef6-4f6d-a1a5-8cc3334504a4 => generated 246 bytes in 16 msecs (HTTP/1.1 404) 6 headers in 231 bytes (1 switches on core 0)
2026-07-16 03:51:46.906 8 INFO placement.requestlog [None req-c4521b33-b9fb-4579-a342-d9ac198fe92b 68700bcb12194dd6bd943511d0d3ccc2 76fa2ca705084704b82bedda6d8bcea5 - - 0a4a1addd37f4199948512cdbd58b113 0a4a1addd37f4199948512cdbd58b113] 10.0.0.253 "DELETE /resource_providers/5b0b2f87-cef6-4f6d-a1a5-8cc3334504a4" status: 404 len: 246 microversion: 1.1 [pid: 8|app: 0|req: 517/1025] 10.0.0.253 () {34 vars in 815 bytes} [Thu Jul 16 03:51:46 2026] DELETE /resource_providers/5b0b2f87-cef6-4f6d-a1a5-8cc3334504a4 => generated 246 bytes in 17 msecs (HTTP/1.1 404) 6 headers in 231 bytes (1 switches on core 0)
