2026-07-16 03:46:31.962 7 INFO placement.requestlog [req-3e5acd28-1217-4b1b-b152-7c0d49eebe24 req-269e32b1-fc14-4d06-b2ca-8514a2d62658 18259e6350d643899bb1b01340ce7586 76fa2ca705084704b82bedda6d8bcea5 - - 0a4a1addd37f4199948512cdbd58b113 0a4a1addd37f4199948512cdbd58b113] 199.19.213.163 "GET /resource_providers/a96176ad-ec24-4e70-a7e0-c8b19c7190d1/allocations" status: 200 len: 54 microversion: 1.0 [pid: 7|app: 0|req: 292/582] 199.19.213.163 () {32 vars in 856 bytes} [Thu Jul 16 03:46:31 2026] GET /resource_providers/a96176ad-ec24-4e70-a7e0-c8b19c7190d1/allocations => generated 54 bytes in 13 msecs (HTTP/1.1 200) 6 headers in 223 bytes (1 switches on core 0)
2026-07-16 03:46:31.983 8 INFO placement.requestlog [req-3e5acd28-1217-4b1b-b152-7c0d49eebe24 req-141ffb69-b466-4203-8525-80bdafdca585 18259e6350d643899bb1b01340ce7586 76fa2ca705084704b82bedda6d8bcea5 - - 0a4a1addd37f4199948512cdbd58b113 0a4a1addd37f4199948512cdbd58b113] 199.19.213.163 "GET /resource_providers/a96176ad-ec24-4e70-a7e0-c8b19c7190d1/allocations" status: 200 len: 54 microversion: 1.0 [pid: 8|app: 0|req: 291/583] 199.19.213.163 () {32 vars in 856 bytes} [Thu Jul 16 03:46:31 2026] GET /resource_providers/a96176ad-ec24-4e70-a7e0-c8b19c7190d1/allocations => generated 54 bytes in 15 msecs (HTTP/1.1 200) 6 headers in 223 bytes (1 switches on core 0)
2026-07-16 03:46:40.756 7 INFO placement.requestlog [None req-e63d0848-f51f-4d4f-a2fe-a0a8b2913bb5 - - - - - -] 10.0.0.111 "GET /" status: 200 len: 136 microversion: 1.0
2026-07-16 03:46:40.756 8 INFO placement.requestlog [None req-22c2f76c-94e7-4681-ae0c-7ed3729ec8f1 - - - - - -] 10.0.0.111 "GET /" status: 200 len: 136 microversion: 1.0
2026-07-16 03:46:50.756 8 INFO placement.requestlog [None req-96ccacc0-de35-411a-90f8-10dae9fdb781 - - - - - -] 10.0.0.111 "GET /" status: 200 len: 136 microversion: 1.0
2026-07-16 03:46:50.757 7 INFO placement.requestlog [None req-b4d9cc25-e63e-4ac5-ba9c-747d51692939 - - - - - -] 10.0.0.111 "GET /" status: 200 len: 136 microversion: 1.0
2026-07-16 03:47:00.757 8 INFO placement.requestlog [None req-e9dbe064-9ce4-47cf-a0b5-c6e474b66e1c - - - - - -] 10.0.0.111 "GET /" status: 200 len: 136 microversion: 1.0
2026-07-16 03:47:00.757 7 INFO placement.requestlog [None req-d04b5024-c660-4980-8a3d-1c53bb1cb6c6 - - - - - -] 10.0.0.111 "GET /" status: 200 len: 136 microversion: 1.0
2026-07-16 03:47:10.756 8 INFO placement.requestlog [None req-5c0a4713-a2ea-4c80-8988-28f71c84daf4 - - - - - -] 10.0.0.111 "GET /" status: 200 len: 136 microversion: 1.0
2026-07-16 03:47:10.756 7 INFO placement.requestlog [None req-e5f98b04-0cd0-4c9c-8bb2-0dd387850fd2 - - - - - -] 10.0.0.111 "GET /" status: 200 len: 136 microversion: 1.0
2026-07-16 03:47:20.757 8 INFO placement.requestlog [None req-4e91e1a8-3127-46ab-9fcb-c9b37d41b184 - - - - - -] 10.0.0.111 "GET /" status: 200 len: 136 microversion: 1.0
2026-07-16 03:47:20.758 7 INFO placement.requestlog [None req-67aaee1b-1564-4e0a-9e2c-383772d069dc - - - - - -] 10.0.0.111 "GET /" status: 200 len: 136 microversion: 1.0
2026-07-16 03:47:30.756 8 INFO placement.requestlog [None req-6b6afb61-6f01-46d1-9277-1385a0c1ecfe - - - - - -] 10.0.0.111 "GET /" status: 200 len: 136 microversion: 1.0
2026-07-16 03:47:30.756 7 INFO placement.requestlog [None req-db71077d-de0b-42a5-9975-0ce974bf7555 - - - - - -] 10.0.0.111 "GET /" status: 200 len: 136 microversion: 1.0
2026-07-16 03:47:33.917 8 INFO placement.requestlog [req-ebb635b7-437f-4c5f-90d2-a5bf52bf2361 req-15dc0084-8310-4014-ba93-13b98f6423a3 18259e6350d643899bb1b01340ce7586 76fa2ca705084704b82bedda6d8bcea5 - - 0a4a1addd37f4199948512cdbd58b113 0a4a1addd37f4199948512cdbd58b113] 199.19.213.163 "GET /resource_providers/a96176ad-ec24-4e70-a7e0-c8b19c7190d1/allocations" status: 200 len: 54 microversion: 1.0 [pid: 8|app: 0|req: 298/596] 199.19.213.163 () {32 vars in 856 bytes} [Thu Jul 16 03:47:33 2026] GET /resource_providers/a96176ad-ec24-4e70-a7e0-c8b19c7190d1/allocations => generated 54 bytes in 16 msecs (HTTP/1.1 200) 6 headers in 223 bytes (1 switches on core 0)
2026-07-16 03:47:33.947 7 INFO placement.requestlog [req-ebb635b7-437f-4c5f-90d2-a5bf52bf2361 req-1afa34f5-2ce3-403b-8d0e-1e1e767dbc27 18259e6350d643899bb1b01340ce7586 76fa2ca705084704b82bedda6d8bcea5 - - 0a4a1addd37f4199948512cdbd58b113 0a4a1addd37f4199948512cdbd58b113] 199.19.213.163 "GET /resource_providers/a96176ad-ec24-4e70-a7e0-c8b19c7190d1/allocations" status: 200 len: 54 microversion: 1.0 [pid: 7|app: 0|req: 299/597] 199.19.213.163 () {32 vars in 856 bytes} [Thu Jul 16 03:47:33 2026] GET /resource_providers/a96176ad-ec24-4e70-a7e0-c8b19c7190d1/allocations => generated 54 bytes in 21 msecs (HTTP/1.1 200) 6 headers in 223 bytes (1 switches on core 0)
2026-07-16 03:47:40.758 7 INFO placement.requestlog [None req-d15a5c62-1085-4b0f-85d2-5bd9e4afd737 - - - - - -] 10.0.0.111 "GET /" status: 200 len: 136 microversion: 1.0
2026-07-16 03:47:40.758 8 INFO placement.requestlog [None req-eb330441-3733-45e6-8c77-252538b18720 - - - - - -] 10.0.0.111 "GET /" status: 200 len: 136 microversion: 1.0
2026-07-16 03:47:50.756 8 INFO placement.requestlog [None req-08920c96-e460-4dc7-a3fd-3286107b8934 - - - - - -] 10.0.0.111 "GET /" status: 200 len: 136 microversion: 1.0
2026-07-16 03:47:50.756 7 INFO placement.requestlog [None req-7be86814-ea19-4646-a51b-0b3d4fe7235e - - - - - -] 10.0.0.111 "GET /" status: 200 len: 136 microversion: 1.0
2026-07-16 03:48:00.756 7 INFO placement.requestlog [None req-6303e3a5-f7bd-4053-944f-3052b0a40f03 - - - - - -] 10.0.0.111 "GET /" status: 200 len: 136 microversion: 1.0
2026-07-16 03:48:00.756 8 INFO placement.requestlog [None req-6b8ae535-5abb-414b-addd-f38cd7db1c01 - - - - - -] 10.0.0.111 "GET /" status: 200 len: 136 microversion: 1.0
2026-07-16 03:48:10.757 8 INFO placement.requestlog [None req-91d3f8a4-be48-4552-819b-ca389213e83b - - - - - -] 10.0.0.111 "GET /" status: 200 len: 136 microversion: 1.0
2026-07-16 03:48:10.757 7 INFO placement.requestlog [None req-9b5e1a1f-4dcd-464d-81d1-3f198bb580c9 - - - - - -] 10.0.0.111 "GET /" status: 200 len: 136 microversion: 1.0
2026-07-16 03:48:20.756 7 INFO placement.requestlog [None req-050f7ad2-926b-47aa-b29d-7813b8efca7c - - - - - -] 10.0.0.111 "GET /" status: 200 len: 136 microversion: 1.0
2026-07-16 03:48:20.756 8 INFO placement.requestlog [None req-3e0acd41-16e7-44d3-acd1-748c27b5ad5c - - - - - -] 10.0.0.111 "GET /" status: 200 len: 136 microversion: 1.0
2026-07-16 03:48:30.756 8 INFO placement.requestlog [None req-1814a089-1c06-46c7-948d-47300246565a - - - - - -] 10.0.0.111 "GET /" status: 200 len: 136 microversion: 1.0
2026-07-16 03:48:30.756 7 INFO placement.requestlog [None req-11fdc218-5319-4700-b84a-afd1aaff4397 - - - - - -] 10.0.0.111 "GET /" status: 200 len: 136 microversion: 1.0
2026-07-16 03:48:35.192 8 INFO placement.requestlog [req-48f7ca4d-1bd8-4df3-8fcd-42394d50f2ec req-69e57ac2-32bc-450c-98a4-45e65e201a61 18259e6350d643899bb1b01340ce7586 76fa2ca705084704b82bedda6d8bcea5 - - 0a4a1addd37f4199948512cdbd58b113 0a4a1addd37f4199948512cdbd58b113] 199.19.213.163 "GET /resource_providers/a96176ad-ec24-4e70-a7e0-c8b19c7190d1/allocations" status: 200 len: 54 microversion: 1.0 [pid: 8|app: 0|req: 305/610] 199.19.213.163 () {32 vars in 856 bytes} [Thu Jul 16 03:48:35 2026] GET /resource_providers/a96176ad-ec24-4e70-a7e0-c8b19c7190d1/allocations => generated 54 bytes in 15 msecs (HTTP/1.1 200) 6 headers in 223 bytes (1 switches on core 0)
2026-07-16 03:48:35.234 7 INFO placement.requestlog [req-48f7ca4d-1bd8-4df3-8fcd-42394d50f2ec req-709bdb9e-b85b-4cb9-b87e-dc6c66916d40 18259e6350d643899bb1b01340ce7586 76fa2ca705084704b82bedda6d8bcea5 - - 0a4a1addd37f4199948512cdbd58b113 0a4a1addd37f4199948512cdbd58b113] 199.19.213.163 "GET /resource_providers/a96176ad-ec24-4e70-a7e0-c8b19c7190d1/allocations" status: 200 len: 54 microversion: 1.0 [pid: 7|app: 0|req: 306/611] 199.19.213.163 () {32 vars in 856 bytes} [Thu Jul 16 03:48:35 2026] GET /resource_providers/a96176ad-ec24-4e70-a7e0-c8b19c7190d1/allocations => generated 54 bytes in 33 msecs (HTTP/1.1 200) 6 headers in 223 bytes (1 switches on core 0)
2026-07-16 03:48:40.756 8 INFO placement.requestlog [None req-01e8a2f5-6eda-411e-885d-62000cc5bafa - - - - - -] 10.0.0.111 "GET /" status: 200 len: 136 microversion: 1.0
2026-07-16 03:48:40.757 7 INFO placement.requestlog [None req-27060136-1652-4a79-b188-e1e23cc5346d - - - - - -] 10.0.0.111 "GET /" status: 200 len: 136 microversion: 1.0
2026-07-16 03:48:46.471 8 INFO placement.requestlog [None req-606b4446-2be0-492d-ab76-4e54095331f5 68700bcb12194dd6bd943511d0d3ccc2 76fa2ca705084704b82bedda6d8bcea5 - - 0a4a1addd37f4199948512cdbd58b113 0a4a1addd37f4199948512cdbd58b113] 10.0.0.253 "GET /resource_providers/62b7840e-aa05-44d9-92cb-e55307e546ff/aggregates" status: 404 len: 235 microversion: 1.1 [pid: 8|app: 0|req: 307/614] 10.0.0.253 () {32 vars in 815 bytes} [Thu Jul 16 03:48:46 2026] GET /resource_providers/62b7840e-aa05-44d9-92cb-e55307e546ff/aggregates => generated 235 bytes in 131 msecs (HTTP/1.1 404) 5 headers in 202 bytes (1 switches on core 0)
2026-07-16 03:48:46.493 8 INFO placement.requestlog [None req-188c77ca-5203-479a-b492-f1d8d74c37e5 68700bcb12194dd6bd943511d0d3ccc2 76fa2ca705084704b82bedda6d8bcea5 - - 0a4a1addd37f4199948512cdbd58b113 0a4a1addd37f4199948512cdbd58b113] 10.0.0.253 "DELETE /resource_providers/62b7840e-aa05-44d9-92cb-e55307e546ff" status: 404 len: 246 microversion: 1.1 [pid: 8|app: 0|req: 308/615] 10.0.0.253 () {34 vars in 815 bytes} [Thu Jul 16 03:48:46 2026] DELETE /resource_providers/62b7840e-aa05-44d9-92cb-e55307e546ff => generated 246 bytes in 11 msecs (HTTP/1.1 404) 6 headers in 231 bytes (1 switches on core 0)
2026-07-16 03:48:46.559 7 INFO placement.requestlog [None req-c9eff454-016d-48e0-b701-7dc8d32273a8 68700bcb12194dd6bd943511d0d3ccc2 76fa2ca705084704b82bedda6d8bcea5 - - 0a4a1addd37f4199948512cdbd58b113 0a4a1addd37f4199948512cdbd58b113] 10.0.0.253 "GET /resource_providers/62b7840e-aa05-44d9-92cb-e55307e546ff/aggregates" status: 404 len: 235 microversion: 1.1 [pid: 7|app: 0|req: 308/616] 10.0.0.253 () {32 vars in 815 bytes} [Thu Jul 16 03:48:46 2026] GET /resource_providers/62b7840e-aa05-44d9-92cb-e55307e546ff/aggregates => generated 235 bytes in 173 msecs (HTTP/1.1 404) 5 headers in 202 bytes (1 switches on core 0)
2026-07-16 03:48:46.580 8 INFO placement.requestlog [None req-a94ae4c0-fffc-492b-b4a8-9bfafd6d9bee 68700bcb12194dd6bd943511d0d3ccc2 76fa2ca705084704b82bedda6d8bcea5 - - 0a4a1addd37f4199948512cdbd58b113 0a4a1addd37f4199948512cdbd58b113] 10.0.0.253 "DELETE /resource_providers/62b7840e-aa05-44d9-92cb-e55307e546ff" status: 404 len: 246 microversion: 1.1 [pid: 8|app: 0|req: 309/617] 10.0.0.253 () {34 vars in 815 bytes} [Thu Jul 16 03:48:46 2026] DELETE /resource_providers/62b7840e-aa05-44d9-92cb-e55307e546ff => generated 246 bytes in 13 msecs (HTTP/1.1 404) 6 headers in 231 bytes (1 switches on core 0)
2026-07-16 03:48:47.146 7 INFO placement.requestlog [req-0fbaf9a5-d123-493a-8cbc-10c5052bd5f7 req-5efac2ce-1ef5-4faf-9d7e-152b8d30e066 18259e6350d643899bb1b01340ce7586 76fa2ca705084704b82bedda6d8bcea5 - - 0a4a1addd37f4199948512cdbd58b113 0a4a1addd37f4199948512cdbd58b113] 10.0.0.82 "GET /allocation_candidates?limit=1000&resources=DISK_GB%3A1%2CMEMORY_MB%3A512%2CVCPU%3A1&root_required=%21COMPUTE_STATUS_DISABLED" status: 200 len: 2147 microversion: 1.36 [pid: 7|app: 0|req: 309/618] 10.0.0.82 () {34 vars in 1010 bytes} [Thu Jul 16 03:48:47 2026] GET /allocation_candidates?limit=1000&resources=DISK_GB%3A1%2CMEMORY_MB%3A512%2CVCPU%3A1&root_required=%21COMPUTE_STATUS_DISABLED => generated 2147 bytes in 100 msecs (HTTP/1.1 200) 8 headers in 297 bytes (1 switches on core 0)
2026-07-16 03:48:47.179 8 INFO placement.requestlog [req-0fbaf9a5-d123-493a-8cbc-10c5052bd5f7 req-05d11274-cb3e-4173-bbec-7a5d878f02ed 18259e6350d643899bb1b01340ce7586 76fa2ca705084704b82bedda6d8bcea5 - - 0a4a1addd37f4199948512cdbd58b113 0a4a1addd37f4199948512cdbd58b113] 10.0.0.82 "GET /allocations/6d90277e-3eb6-4f59-96b5-1402cae304bf" status: 200 len: 19 microversion: 1.28 [pid: 8|app: 0|req: 310/619] 10.0.0.82 () {34 vars in 859 bytes} [Thu Jul 16 03:48:47 2026] GET /allocations/6d90277e-3eb6-4f59-96b5-1402cae304bf => generated 19 bytes in 8 msecs (HTTP/1.1 200) 8 headers in 295 bytes (1 switches on core 0)
2026-07-16 03:48:47.323 7 INFO placement.requestlog [req-0fbaf9a5-d123-493a-8cbc-10c5052bd5f7 req-82a55916-62f6-4e69-a158-570631cdafb7 18259e6350d643899bb1b01340ce7586 76fa2ca705084704b82bedda6d8bcea5 - - 0a4a1addd37f4199948512cdbd58b113 0a4a1addd37f4199948512cdbd58b113] 10.0.0.82 "PUT /allocations/6d90277e-3eb6-4f59-96b5-1402cae304bf" status: 204 len: 0 microversion: 1.36 [pid: 7|app: 0|req: 310/620] 10.0.0.82 () {38 vars in 912 bytes} [Thu Jul 16 03:48:47 2026] PUT /allocations/6d90277e-3eb6-4f59-96b5-1402cae304bf => generated 0 bytes in 137 msecs (HTTP/1.1 204) 5 headers in 199 bytes (1 switches on core 0)
2026-07-16 03:48:47.906 8 INFO placement.requestlog [req-0fbaf9a5-d123-493a-8cbc-10c5052bd5f7 req-af6ac918-054c-400b-9475-ec3e65de734f 18259e6350d643899bb1b01340ce7586 76fa2ca705084704b82bedda6d8bcea5 - - 0a4a1addd37f4199948512cdbd58b113 0a4a1addd37f4199948512cdbd58b113] 199.19.213.163 "GET /allocations/6d90277e-3eb6-4f59-96b5-1402cae304bf" status: 200 len: 257 microversion: 1.28 [pid: 8|app: 0|req: 311/621] 199.19.213.163 () {34 vars in 862 bytes} [Thu Jul 16 03:48:47 2026] GET /allocations/6d90277e-3eb6-4f59-96b5-1402cae304bf => generated 257 bytes in 11 msecs (HTTP/1.1 200) 8 headers in 296 bytes (1 switches on core 0)
2026-07-16 03:48:48.064 7 INFO placement.requestlog [req-0fbaf9a5-d123-493a-8cbc-10c5052bd5f7 req-00db4299-1bb8-4192-9aa3-1970585e1ff6 18259e6350d643899bb1b01340ce7586 76fa2ca705084704b82bedda6d8bcea5 - - 0a4a1addd37f4199948512cdbd58b113 0a4a1addd37f4199948512cdbd58b113] 199.19.213.163 "GET /resource_providers/a96176ad-ec24-4e70-a7e0-c8b19c7190d1/allocations" status: 200 len: 152 microversion: 1.0 [pid: 7|app: 0|req: 311/622] 199.19.213.163 () {32 vars in 856 bytes} [Thu Jul 16 03:48:48 2026] GET /resource_providers/a96176ad-ec24-4e70-a7e0-c8b19c7190d1/allocations => generated 152 bytes in 44 msecs (HTTP/1.1 200) 6 headers in 224 bytes (1 switches on core 0)
2026-07-16 03:48:48.087 8 INFO placement.requestlog [req-0fbaf9a5-d123-493a-8cbc-10c5052bd5f7 req-17296156-b0a0-4240-96f1-5e783f4ec95d 18259e6350d643899bb1b01340ce7586 76fa2ca705084704b82bedda6d8bcea5 - - 0a4a1addd37f4199948512cdbd58b113 0a4a1addd37f4199948512cdbd58b113] 199.19.213.163 "GET /allocations/6d90277e-3eb6-4f59-96b5-1402cae304bf" status: 200 len: 257 microversion: 1.28 [pid: 8|app: 0|req: 312/623] 199.19.213.163 () {34 vars in 862 bytes} [Thu Jul 16 03:48:48 2026] GET /allocations/6d90277e-3eb6-4f59-96b5-1402cae304bf => generated 257 bytes in 14 msecs (HTTP/1.1 200) 8 headers in 296 bytes (1 switches on core 0)
2026-07-16 03:48:48.456 7 INFO placement.requestlog [req-8e8e0f07-71c1-42d1-a4dd-a27b9bf5670b req-eb32ddc9-e35a-4a29-9e39-4df893115674 18259e6350d643899bb1b01340ce7586 76fa2ca705084704b82bedda6d8bcea5 - - 0a4a1addd37f4199948512cdbd58b113 0a4a1addd37f4199948512cdbd58b113] 10.0.0.82 "GET /allocation_candidates?limit=1000&resources=DISK_GB%3A1%2CMEMORY_MB%3A512%2CVCPU%3A1&root_required=%21COMPUTE_STATUS_DISABLED" status: 200 len: 2149 microversion: 1.36 [pid: 7|app: 0|req: 312/624] 10.0.0.82 () {34 vars in 1010 bytes} [Thu Jul 16 03:48:48 2026] GET /allocation_candidates?limit=1000&resources=DISK_GB%3A1%2CMEMORY_MB%3A512%2CVCPU%3A1&root_required=%21COMPUTE_STATUS_DISABLED => generated 2149 bytes in 44 msecs (HTTP/1.1 200) 8 headers in 297 bytes (1 switches on core 0)
2026-07-16 03:48:48.490 8 INFO placement.requestlog [req-8e8e0f07-71c1-42d1-a4dd-a27b9bf5670b req-61ead0be-4ced-4571-895b-85523d2c2c4c 18259e6350d643899bb1b01340ce7586 76fa2ca705084704b82bedda6d8bcea5 - - 0a4a1addd37f4199948512cdbd58b113 0a4a1addd37f4199948512cdbd58b113] 10.0.0.82 "GET /allocations/2604ace6-d67f-43df-a912-4462faa7007b" status: 200 len: 19 microversion: 1.28 [pid: 8|app: 0|req: 313/625] 10.0.0.82 () {34 vars in 859 bytes} [Thu Jul 16 03:48:48 2026] GET /allocations/2604ace6-d67f-43df-a912-4462faa7007b => generated 19 bytes in 11 msecs (HTTP/1.1 200) 8 headers in 295 bytes (1 switches on core 0)
2026-07-16 03:48:48.541 7 INFO placement.requestlog [req-8e8e0f07-71c1-42d1-a4dd-a27b9bf5670b req-9a9e651c-d5e5-4660-a8c9-8939c6b2f54a 18259e6350d643899bb1b01340ce7586 76fa2ca705084704b82bedda6d8bcea5 - - 0a4a1addd37f4199948512cdbd58b113 0a4a1addd37f4199948512cdbd58b113] 10.0.0.82 "PUT /allocations/2604ace6-d67f-43df-a912-4462faa7007b" status: 204 len: 0 microversion: 1.36 [pid: 7|app: 0|req: 313/626] 10.0.0.82 () {38 vars in 912 bytes} [Thu Jul 16 03:48:48 2026] PUT /allocations/2604ace6-d67f-43df-a912-4462faa7007b => generated 0 bytes in 48 msecs (HTTP/1.1 204) 5 headers in 199 bytes (1 switches on core 0)
2026-07-16 03:48:48.691 7 INFO placement.requestlog [None req-832b008d-b162-4cd7-8cfd-d42fcb2427e0 68700bcb12194dd6bd943511d0d3ccc2 76fa2ca705084704b82bedda6d8bcea5 - - 0a4a1addd37f4199948512cdbd58b113 0a4a1addd37f4199948512cdbd58b113] 10.0.0.253 "GET /resource_providers/03929cf2-6704-43cd-9327-89ad011837fb/aggregates" status: 404 len: 235 microversion: 1.1 [pid: 7|app: 0|req: 314/627] 10.0.0.253 () {32 vars in 815 bytes} [Thu Jul 16 03:48:48 2026] GET /resource_providers/03929cf2-6704-43cd-9327-89ad011837fb/aggregates => generated 235 bytes in 10 msecs (HTTP/1.1 404) 5 headers in 202 bytes (1 switches on core 0)
2026-07-16 03:48:48.695 8 INFO placement.requestlog [None req-35745bda-30f5-4719-82d6-0e6c5e5c6549 68700bcb12194dd6bd943511d0d3ccc2 76fa2ca705084704b82bedda6d8bcea5 - - 0a4a1addd37f4199948512cdbd58b113 0a4a1addd37f4199948512cdbd58b113] 10.0.0.253 "GET /resource_providers/03929cf2-6704-43cd-9327-89ad011837fb/aggregates" status: 404 len: 235 microversion: 1.1 [pid: 8|app: 0|req: 314/628] 10.0.0.253 () {32 vars in 815 bytes} [Thu Jul 16 03:48:48 2026] GET /resource_providers/03929cf2-6704-43cd-9327-89ad011837fb/aggregates => generated 235 bytes in 15 msecs (HTTP/1.1 404) 5 headers in 202 bytes (1 switches on core 0)
2026-07-16 03:48:48.712 8 INFO placement.requestlog [None req-ff36526f-77bf-4a06-a515-f9e79cffd739 68700bcb12194dd6bd943511d0d3ccc2 76fa2ca705084704b82bedda6d8bcea5 - - 0a4a1addd37f4199948512cdbd58b113 0a4a1addd37f4199948512cdbd58b113] 10.0.0.253 "DELETE /resource_providers/03929cf2-6704-43cd-9327-89ad011837fb" status: 404 len: 246 microversion: 1.1 [pid: 8|app: 0|req: 315/629] 10.0.0.253 () {34 vars in 815 bytes} [Thu Jul 16 03:48:48 2026] DELETE /resource_providers/03929cf2-6704-43cd-9327-89ad011837fb => generated 246 bytes in 6 msecs (HTTP/1.1 404) 6 headers in 231 bytes (1 switches on core 0)
2026-07-16 03:48:48.715 7 INFO placement.requestlog [None req-a2fac56e-3f7a-4665-9d01-3503226079d3 68700bcb12194dd6bd943511d0d3ccc2 76fa2ca705084704b82bedda6d8bcea5 - - 0a4a1addd37f4199948512cdbd58b113 0a4a1addd37f4199948512cdbd58b113] 10.0.0.253 "DELETE /resource_providers/03929cf2-6704-43cd-9327-89ad011837fb" status: 404 len: 246 microversion: 1.1 [pid: 7|app: 0|req: 315/630] 10.0.0.253 () {34 vars in 815 bytes} [Thu Jul 16 03:48:48 2026] DELETE /resource_providers/03929cf2-6704-43cd-9327-89ad011837fb => generated 246 bytes in 9 msecs (HTTP/1.1 404) 6 headers in 231 bytes (1 switches on core 0)
2026-07-16 03:48:48.864 8 INFO placement.requestlog [req-8e8e0f07-71c1-42d1-a4dd-a27b9bf5670b req-2d2f2ea5-19bc-4f58-980a-87ff0d44b2eb 18259e6350d643899bb1b01340ce7586 76fa2ca705084704b82bedda6d8bcea5 - - 0a4a1addd37f4199948512cdbd58b113 0a4a1addd37f4199948512cdbd58b113] 199.19.213.163 "GET /allocations/2604ace6-d67f-43df-a912-4462faa7007b" status: 200 len: 257 microversion: 1.28 [pid: 8|app: 0|req: 316/631] 199.19.213.163 () {34 vars in 862 bytes} [Thu Jul 16 03:48:48 2026] GET /allocations/2604ace6-d67f-43df-a912-4462faa7007b => generated 257 bytes in 21 msecs (HTTP/1.1 200) 8 headers in 296 bytes (1 switches on core 0)
2026-07-16 03:48:48.994 7 INFO placement.requestlog [req-8e8e0f07-71c1-42d1-a4dd-a27b9bf5670b req-55f0208b-0f41-40a4-9d68-723e6f516636 18259e6350d643899bb1b01340ce7586 76fa2ca705084704b82bedda6d8bcea5 - - 0a4a1addd37f4199948512cdbd58b113 0a4a1addd37f4199948512cdbd58b113] 199.19.213.163 "GET /resource_providers/a96176ad-ec24-4e70-a7e0-c8b19c7190d1/allocations" status: 200 len: 252 microversion: 1.0 [pid: 7|app: 0|req: 316/632] 199.19.213.163 () {32 vars in 856 bytes} [Thu Jul 16 03:48:48 2026] GET /resource_providers/a96176ad-ec24-4e70-a7e0-c8b19c7190d1/allocations => generated 252 bytes in 28 msecs (HTTP/1.1 200) 6 headers in 224 bytes (1 switches on core 0)
2026-07-16 03:48:49.044 8 INFO placement.requestlog [req-8e8e0f07-71c1-42d1-a4dd-a27b9bf5670b req-70356d80-9d24-4ff6-85f0-d0f04314e6eb 18259e6350d643899bb1b01340ce7586 76fa2ca705084704b82bedda6d8bcea5 - - 0a4a1addd37f4199948512cdbd58b113 0a4a1addd37f4199948512cdbd58b113] 199.19.213.163 "GET /allocations/6d90277e-3eb6-4f59-96b5-1402cae304bf" status: 200 len: 257 microversion: 1.28 [pid: 8|app: 0|req: 317/633] 199.19.213.163 () {34 vars in 862 bytes} [Thu Jul 16 03:48:49 2026] GET /allocations/6d90277e-3eb6-4f59-96b5-1402cae304bf => generated 257 bytes in 34 msecs (HTTP/1.1 200) 8 headers in 296 bytes (1 switches on core 0)
2026-07-16 03:48:49.071 7 INFO placement.requestlog [req-8e8e0f07-71c1-42d1-a4dd-a27b9bf5670b req-011bea4c-85b8-4c61-80ab-ed13e1062399 18259e6350d643899bb1b01340ce7586 76fa2ca705084704b82bedda6d8bcea5 - - 0a4a1addd37f4199948512cdbd58b113 0a4a1addd37f4199948512cdbd58b113] 199.19.213.163 "GET /allocations/2604ace6-d67f-43df-a912-4462faa7007b" status: 200 len: 257 microversion: 1.28 [pid: 7|app: 0|req: 317/634] 199.19.213.163 () {34 vars in 862 bytes} [Thu Jul 16 03:48:49 2026] GET /allocations/2604ace6-d67f-43df-a912-4462faa7007b => generated 257 bytes in 17 msecs (HTTP/1.1 200) 8 headers in 296 bytes (1 switches on core 0)
2026-07-16 03:48:49.814 8 INFO placement.requestlog [None req-64d74685-b653-4ff6-86bf-fabe35de4c69 68700bcb12194dd6bd943511d0d3ccc2 76fa2ca705084704b82bedda6d8bcea5 - - 0a4a1addd37f4199948512cdbd58b113 0a4a1addd37f4199948512cdbd58b113] 10.0.0.253 "GET /resource_providers/8c0b641b-a42c-4e2c-b161-d5da822395e0/aggregates" status: 404 len: 235 microversion: 1.1 [pid: 8|app: 0|req: 318/635] 10.0.0.253 () {32 vars in 815 bytes} [Thu Jul 16 03:48:49 2026] GET /resource_providers/8c0b641b-a42c-4e2c-b161-d5da822395e0/aggregates => generated 235 bytes in 187 msecs (HTTP/1.1 404) 5 headers in 202 bytes (1 switches on core 0)
2026-07-16 03:48:49.817 7 INFO placement.requestlog [None req-4f6bb3b8-9526-4605-b629-6d2a3a550b42 68700bcb12194dd6bd943511d0d3ccc2 76fa2ca705084704b82bedda6d8bcea5 - - 0a4a1addd37f4199948512cdbd58b113 0a4a1addd37f4199948512cdbd58b113] 10.0.0.253 "GET /resource_providers/8c0b641b-a42c-4e2c-b161-d5da822395e0/aggregates" status: 404 len: 235 microversion: 1.1 [pid: 7|app: 0|req: 318/636] 10.0.0.253 () {32 vars in 815 bytes} [Thu Jul 16 03:48:49 2026] GET /resource_providers/8c0b641b-a42c-4e2c-b161-d5da822395e0/aggregates => generated 235 bytes in 140 msecs (HTTP/1.1 404) 5 headers in 202 bytes (1 switches on core 0)
2026-07-16 03:48:49.838 8 INFO placement.requestlog [None req-9dc44a37-63d7-43e3-8cc6-e763182e67a2 68700bcb12194dd6bd943511d0d3ccc2 76fa2ca705084704b82bedda6d8bcea5 - - 0a4a1addd37f4199948512cdbd58b113 0a4a1addd37f4199948512cdbd58b113] 10.0.0.253 "DELETE /resource_providers/8c0b641b-a42c-4e2c-b161-d5da822395e0" status: 404 len: 246 microversion: 1.1 [pid: 8|app: 0|req: 319/637] 10.0.0.253 () {34 vars in 815 bytes} [Thu Jul 16 03:48:49 2026] DELETE /resource_providers/8c0b641b-a42c-4e2c-b161-d5da822395e0 => generated 246 bytes in 16 msecs (HTTP/1.1 404) 6 headers in 231 bytes (1 switches on core 0)
2026-07-16 03:48:49.840 7 INFO placement.requestlog [None req-59adf6d8-edf5-401d-b369-e0b1978c048f 68700bcb12194dd6bd943511d0d3ccc2 76fa2ca705084704b82bedda6d8bcea5 - - 0a4a1addd37f4199948512cdbd58b113 0a4a1addd37f4199948512cdbd58b113] 10.0.0.253 "DELETE /resource_providers/8c0b641b-a42c-4e2c-b161-d5da822395e0" status: 404 len: 246 microversion: 1.1 [pid: 7|app: 0|req: 319/638] 10.0.0.253 () {34 vars in 815 bytes} [Thu Jul 16 03:48:49 2026] DELETE /resource_providers/8c0b641b-a42c-4e2c-b161-d5da822395e0 => generated 246 bytes in 10 msecs (HTTP/1.1 404) 6 headers in 231 bytes (1 switches on core 0)
2026-07-16 03:48:50.757 8 INFO placement.requestlog [None req-16f2e5a2-71ab-4293-b982-384d9f97c7f8 - - - - - -] 10.0.0.111 "GET /" status: 200 len: 136 microversion: 1.0
2026-07-16 03:48:50.757 7 INFO placement.requestlog [None req-c71c4a40-f44a-43d6-bf08-0990fbbd0aa3 - - - - - -] 10.0.0.111 "GET /" status: 200 len: 136 microversion: 1.0
2026-07-16 03:48:50.844 7 INFO placement.requestlog [None req-6d30e8a8-82c1-4031-b9d1-ad77c2f09c60 68700bcb12194dd6bd943511d0d3ccc2 76fa2ca705084704b82bedda6d8bcea5 - - 0a4a1addd37f4199948512cdbd58b113 0a4a1addd37f4199948512cdbd58b113] 10.0.0.253 "GET /resource_providers/cbe12fc6-2d14-4f18-8dc4-0d801a54ba50/aggregates" status: 404 len: 235 microversion: 1.1 [pid: 7|app: 0|req: 321/641] 10.0.0.253 () {32 vars in 815 bytes} [Thu Jul 16 03:48:50 2026] GET /resource_providers/cbe12fc6-2d14-4f18-8dc4-0d801a54ba50/aggregates => generated 235 bytes in 13 msecs (HTTP/1.1 404) 5 headers in 202 bytes (1 switches on core 0)
2026-07-16 03:48:50.848 8 INFO placement.requestlog [None req-cdf0e623-a264-4d43-940d-3fb469db5fd8 68700bcb12194dd6bd943511d0d3ccc2 76fa2ca705084704b82bedda6d8bcea5 - - 0a4a1addd37f4199948512cdbd58b113 0a4a1addd37f4199948512cdbd58b113] 10.0.0.253 "GET /resource_providers/cbe12fc6-2d14-4f18-8dc4-0d801a54ba50/aggregates" status: 404 len: 235 microversion: 1.1 [pid: 8|app: 0|req: 321/642] 10.0.0.253 () {32 vars in 815 bytes} [Thu Jul 16 03:48:50 2026] GET /resource_providers/cbe12fc6-2d14-4f18-8dc4-0d801a54ba50/aggregates => generated 235 bytes in 14 msecs (HTTP/1.1 404) 5 headers in 202 bytes (1 switches on core 0)
2026-07-16 03:48:50.875 8 INFO placement.requestlog [None req-e17a268f-216d-416a-9359-123743c71672 68700bcb12194dd6bd943511d0d3ccc2 76fa2ca705084704b82bedda6d8bcea5 - - 0a4a1addd37f4199948512cdbd58b113 0a4a1addd37f4199948512cdbd58b113] 10.0.0.253 "DELETE /resource_providers/cbe12fc6-2d14-4f18-8dc4-0d801a54ba50" status: 404 len: 246 microversion: 1.1 [pid: 8|app: 0|req: 322/643] 10.0.0.253 () {34 vars in 815 bytes} [Thu Jul 16 03:48:50 2026] DELETE /resource_providers/cbe12fc6-2d14-4f18-8dc4-0d801a54ba50 => generated 246 bytes in 13 msecs (HTTP/1.1 404) 6 headers in 231 bytes (1 switches on core 0)
2026-07-16 03:48:50.877 7 INFO placement.requestlog [None req-26e436db-9cef-4bb3-919d-e791b0574eb9 68700bcb12194dd6bd943511d0d3ccc2 76fa2ca705084704b82bedda6d8bcea5 - - 0a4a1addd37f4199948512cdbd58b113 0a4a1addd37f4199948512cdbd58b113] 10.0.0.253 "DELETE /resource_providers/cbe12fc6-2d14-4f18-8dc4-0d801a54ba50" status: 404 len: 246 microversion: 1.1 [pid: 7|app: 0|req: 322/644] 10.0.0.253 () {34 vars in 815 bytes} [Thu Jul 16 03:48:50 2026] DELETE /resource_providers/cbe12fc6-2d14-4f18-8dc4-0d801a54ba50 => generated 246 bytes in 16 msecs (HTTP/1.1 404) 6 headers in 231 bytes (1 switches on core 0)
2026-07-16 03:48:59.739 8 INFO placement.requestlog [req-ee16c90e-e66a-492e-86c7-5ab3f79853f9 req-d4d4ce92-75d6-4fd6-8d71-8b09fff7a6a4 18259e6350d643899bb1b01340ce7586 76fa2ca705084704b82bedda6d8bcea5 - - 0a4a1addd37f4199948512cdbd58b113 0a4a1addd37f4199948512cdbd58b113] 10.0.0.82 "GET /allocation_candidates?limit=1000&resources=DISK_GB%3A1%2CMEMORY_MB%3A512%2CVCPU%3A1&root_required=%21COMPUTE_STATUS_DISABLED" status: 200 len: 2150 microversion: 1.36 [pid: 8|app: 0|req: 323/645] 10.0.0.82 () {34 vars in 1010 bytes} [Thu Jul 16 03:48:59 2026] GET /allocation_candidates?limit=1000&resources=DISK_GB%3A1%2CMEMORY_MB%3A512%2CVCPU%3A1&root_required=%21COMPUTE_STATUS_DISABLED => generated 2150 bytes in 45 msecs (HTTP/1.1 200) 8 headers in 297 bytes (1 switches on core 0)
2026-07-16 03:48:59.778 7 INFO placement.requestlog [req-ee16c90e-e66a-492e-86c7-5ab3f79853f9 req-501b0656-2e6f-4b81-92ae-4a4b23eab20b 18259e6350d643899bb1b01340ce7586 76fa2ca705084704b82bedda6d8bcea5 - - 0a4a1addd37f4199948512cdbd58b113 0a4a1addd37f4199948512cdbd58b113] 10.0.0.82 "GET /allocations/123a84c4-e5d2-4ea2-9f1e-4e38393aa667" status: 200 len: 19 microversion: 1.28 [pid: 7|app: 0|req: 323/646] 10.0.0.82 () {34 vars in 859 bytes} [Thu Jul 16 03:48:59 2026] GET /allocations/123a84c4-e5d2-4ea2-9f1e-4e38393aa667 => generated 19 bytes in 10 msecs (HTTP/1.1 200) 8 headers in 295 bytes (1 switches on core 0)
2026-07-16 03:48:59.871 8 INFO placement.requestlog [req-ee16c90e-e66a-492e-86c7-5ab3f79853f9 req-7050d2dd-2fc1-488e-92c0-52a71a278899 18259e6350d643899bb1b01340ce7586 76fa2ca705084704b82bedda6d8bcea5 - - 0a4a1addd37f4199948512cdbd58b113 0a4a1addd37f4199948512cdbd58b113] 10.0.0.82 "PUT /allocations/123a84c4-e5d2-4ea2-9f1e-4e38393aa667" status: 204 len: 0 microversion: 1.36 [pid: 8|app: 0|req: 324/647] 10.0.0.82 () {38 vars in 912 bytes} [Thu Jul 16 03:48:59 2026] PUT /allocations/123a84c4-e5d2-4ea2-9f1e-4e38393aa667 => generated 0 bytes in 86 msecs (HTTP/1.1 204) 5 headers in 199 bytes (1 switches on core 0)
2026-07-16 03:49:00.333 7 INFO placement.requestlog [req-ee16c90e-e66a-492e-86c7-5ab3f79853f9 req-6413a2b1-2d60-4b3f-91a1-a37951e1d8f6 18259e6350d643899bb1b01340ce7586 76fa2ca705084704b82bedda6d8bcea5 - - 0a4a1addd37f4199948512cdbd58b113 0a4a1addd37f4199948512cdbd58b113] 199.19.213.163 "GET /allocations/123a84c4-e5d2-4ea2-9f1e-4e38393aa667" status: 200 len: 257 microversion: 1.28 [pid: 7|app: 0|req: 324/648] 199.19.213.163 () {34 vars in 862 bytes} [Thu Jul 16 03:49:00 2026] GET /allocations/123a84c4-e5d2-4ea2-9f1e-4e38393aa667 => generated 257 bytes in 20 msecs (HTTP/1.1 200) 8 headers in 296 bytes (1 switches on core 0)
2026-07-16 03:49:00.471 8 INFO placement.requestlog [req-ee16c90e-e66a-492e-86c7-5ab3f79853f9 req-ca306cc9-4f87-4fd5-9726-c96b8bfc650b 18259e6350d643899bb1b01340ce7586 76fa2ca705084704b82bedda6d8bcea5 - - 0a4a1addd37f4199948512cdbd58b113 0a4a1addd37f4199948512cdbd58b113] 199.19.213.163 "GET /resource_providers/a96176ad-ec24-4e70-a7e0-c8b19c7190d1/allocations" status: 200 len: 352 microversion: 1.0 [pid: 8|app: 0|req: 325/649] 199.19.213.163 () {32 vars in 856 bytes} [Thu Jul 16 03:49:00 2026] GET /resource_providers/a96176ad-ec24-4e70-a7e0-c8b19c7190d1/allocations => generated 352 bytes in 29 msecs (HTTP/1.1 200) 6 headers in 224 bytes (1 switches on core 0)
2026-07-16 03:49:00.494 7 INFO placement.requestlog [req-ee16c90e-e66a-492e-86c7-5ab3f79853f9 req-5e80ff3d-8369-42b9-9ed0-78ded53fe27d 18259e6350d643899bb1b01340ce7586 76fa2ca705084704b82bedda6d8bcea5 - - 0a4a1addd37f4199948512cdbd58b113 0a4a1addd37f4199948512cdbd58b113] 199.19.213.163 "GET /allocations/6d90277e-3eb6-4f59-96b5-1402cae304bf" status: 200 len: 257 microversion: 1.28 [pid: 7|app: 0|req: 325/650] 199.19.213.163 () {34 vars in 862 bytes} [Thu Jul 16 03:49:00 2026] GET /allocations/6d90277e-3eb6-4f59-96b5-1402cae304bf => generated 257 bytes in 15 msecs (HTTP/1.1 200) 8 headers in 296 bytes (1 switches on core 0)
2026-07-16 03:49:00.513 8 INFO placement.requestlog [req-ee16c90e-e66a-492e-86c7-5ab3f79853f9 req-0ae910b7-2a4d-475a-a6f8-2ec023d5f9c7 18259e6350d643899bb1b01340ce7586 76fa2ca705084704b82bedda6d8bcea5 - - 0a4a1addd37f4199948512cdbd58b113 0a4a1addd37f4199948512cdbd58b113] 199.19.213.163 "GET /allocations/2604ace6-d67f-43df-a912-4462faa7007b" status: 200 len: 257 microversion: 1.28 [pid: 8|app: 0|req: 326/651] 199.19.213.163 () {34 vars in 862 bytes} [Thu Jul 16 03:49:00 2026] GET /allocations/2604ace6-d67f-43df-a912-4462faa7007b => generated 257 bytes in 11 msecs (HTTP/1.1 200) 8 headers in 296 bytes (1 switches on core 0)
2026-07-16 03:49:00.543 7 INFO placement.requestlog [req-ee16c90e-e66a-492e-86c7-5ab3f79853f9 req-41994629-3b34-40ed-b30b-980c34562793 18259e6350d643899bb1b01340ce7586 76fa2ca705084704b82bedda6d8bcea5 - - 0a4a1addd37f4199948512cdbd58b113 0a4a1addd37f4199948512cdbd58b113] 199.19.213.163 "GET /allocations/123a84c4-e5d2-4ea2-9f1e-4e38393aa667" status: 200 len: 257 microversion: 1.28 [pid: 7|app: 0|req: 326/652] 199.19.213.163 () {34 vars in 862 bytes} [Thu Jul 16 03:49:00 2026] GET /allocations/123a84c4-e5d2-4ea2-9f1e-4e38393aa667 => generated 257 bytes in 23 msecs (HTTP/1.1 200) 8 headers in 296 bytes (1 switches on core 0)
2026-07-16 03:49:00.757 7 INFO placement.requestlog [None req-e1631f24-62d6-45e4-98a6-362a4edef4ad - - - - - -] 10.0.0.111 "GET /" status: 200 len: 136 microversion: 1.0
2026-07-16 03:49:00.758 8 INFO placement.requestlog [None req-64ddff42-c543-45af-8a44-bc69b47987c4 - - - - - -] 10.0.0.111 "GET /" status: 200 len: 136 microversion: 1.0
2026-07-16 03:49:01.282 7 INFO placement.requestlog [req-b9accee0-e09f-422f-842c-c97f43eeadeb req-4da65697-00a2-4733-9ef0-d0441600c20d 18259e6350d643899bb1b01340ce7586 76fa2ca705084704b82bedda6d8bcea5 - - 0a4a1addd37f4199948512cdbd58b113 0a4a1addd37f4199948512cdbd58b113] 199.19.213.163 "GET /resource_providers/a96176ad-ec24-4e70-a7e0-c8b19c7190d1/allocations" status: 200 len: 352 microversion: 1.0 [pid: 7|app: 0|req: 328/655] 199.19.213.163 () {32 vars in 856 bytes} [Thu Jul 16 03:49:01 2026] GET /resource_providers/a96176ad-ec24-4e70-a7e0-c8b19c7190d1/allocations => generated 352 bytes in 46 msecs (HTTP/1.1 200) 6 headers in 224 bytes (1 switches on core 0)
2026-07-16 03:49:01.319 8 INFO placement.requestlog [req-b9accee0-e09f-422f-842c-c97f43eeadeb req-ef22a538-9f8a-449c-b8c8-db407ada1bde 18259e6350d643899bb1b01340ce7586 76fa2ca705084704b82bedda6d8bcea5 - - 0a4a1addd37f4199948512cdbd58b113 0a4a1addd37f4199948512cdbd58b113] 199.19.213.163 "GET /allocations/6d90277e-3eb6-4f59-96b5-1402cae304bf" status: 200 len: 257 microversion: 1.28 [pid: 8|app: 0|req: 328/656] 199.19.213.163 () {34 vars in 862 bytes} [Thu Jul 16 03:49:01 2026] GET /allocations/6d90277e-3eb6-4f59-96b5-1402cae304bf => generated 257 bytes in 19 msecs (HTTP/1.1 200) 8 headers in 296 bytes (1 switches on core 0)
2026-07-16 03:49:01.356 7 INFO placement.requestlog [req-b9accee0-e09f-422f-842c-c97f43eeadeb req-45699b21-4460-4fbc-bcae-d420f8f83834 18259e6350d643899bb1b01340ce7586 76fa2ca705084704b82bedda6d8bcea5 - - 0a4a1addd37f4199948512cdbd58b113 0a4a1addd37f4199948512cdbd58b113] 199.19.213.163 "GET /allocations/2604ace6-d67f-43df-a912-4462faa7007b" status: 200 len: 257 microversion: 1.28 [pid: 7|app: 0|req: 329/657] 199.19.213.163 () {34 vars in 862 bytes} [Thu Jul 16 03:49:01 2026] GET /allocations/2604ace6-d67f-43df-a912-4462faa7007b => generated 257 bytes in 22 msecs (HTTP/1.1 200) 8 headers in 296 bytes (1 switches on core 0)
2026-07-16 03:49:01.388 8 INFO placement.requestlog [req-b9accee0-e09f-422f-842c-c97f43eeadeb req-fe1d641a-2deb-4815-b270-201f65d99718 18259e6350d643899bb1b01340ce7586 76fa2ca705084704b82bedda6d8bcea5 - - 0a4a1addd37f4199948512cdbd58b113 0a4a1addd37f4199948512cdbd58b113] 199.19.213.163 "GET /allocations/123a84c4-e5d2-4ea2-9f1e-4e38393aa667" status: 200 len: 257 microversion: 1.28 [pid: 8|app: 0|req: 329/658] 199.19.213.163 () {34 vars in 862 bytes} [Thu Jul 16 03:49:01 2026] GET /allocations/123a84c4-e5d2-4ea2-9f1e-4e38393aa667 => generated 257 bytes in 24 msecs (HTTP/1.1 200) 8 headers in 296 bytes (1 switches on core 0)
2026-07-16 03:49:01.508 7 INFO placement.requestlog [req-b9accee0-e09f-422f-842c-c97f43eeadeb req-5bf809a8-bbdf-4085-a6c1-991375ef1f65 18259e6350d643899bb1b01340ce7586 76fa2ca705084704b82bedda6d8bcea5 - - 0a4a1addd37f4199948512cdbd58b113 0a4a1addd37f4199948512cdbd58b113] 199.19.213.163 "DELETE /allocations/2604ace6-d67f-43df-a912-4462faa7007b" status: 204 len: 0 microversion: 1.0 [pid: 7|app: 0|req: 330/659] 199.19.213.163 () {34 vars in 840 bytes} [Thu Jul 16 03:49:01 2026] DELETE /allocations/2604ace6-d67f-43df-a912-4462faa7007b => generated 0 bytes in 49 msecs (HTTP/1.1 204) 5 headers in 198 bytes (1 switches on core 0)
2026-07-16 03:49:04.836 8 INFO placement.requestlog [None req-fb8e5442-3fa8-470c-9459-546869a63422 68700bcb12194dd6bd943511d0d3ccc2 76fa2ca705084704b82bedda6d8bcea5 - - 0a4a1addd37f4199948512cdbd58b113 0a4a1addd37f4199948512cdbd58b113] 10.0.0.253 "GET /resource_providers/f79ae158-c398-4518-8aa4-5d4427329c22/aggregates" status: 404 len: 235 microversion: 1.1 [pid: 8|app: 0|req: 330/660] 10.0.0.253 () {32 vars in 815 bytes} [Thu Jul 16 03:49:04 2026] GET /resource_providers/f79ae158-c398-4518-8aa4-5d4427329c22/aggregates => generated 235 bytes in 9 msecs (HTTP/1.1 404) 5 headers in 202 bytes (1 switches on core 0)
2026-07-16 03:49:04.841 7 INFO placement.requestlog [None req-94c506fb-1200-4c7f-80dd-82a39ec697bc 68700bcb12194dd6bd943511d0d3ccc2 76fa2ca705084704b82bedda6d8bcea5 - - 0a4a1addd37f4199948512cdbd58b113 0a4a1addd37f4199948512cdbd58b113] 10.0.0.253 "GET /resource_providers/f79ae158-c398-4518-8aa4-5d4427329c22/aggregates" status: 404 len: 235 microversion: 1.1 [pid: 7|app: 0|req: 331/661] 10.0.0.253 () {32 vars in 815 bytes} [Thu Jul 16 03:49:04 2026] GET /resource_providers/f79ae158-c398-4518-8aa4-5d4427329c22/aggregates => generated 235 bytes in 16 msecs (HTTP/1.1 404) 5 headers in 202 bytes (1 switches on core 0)
2026-07-16 03:49:04.862 8 INFO placement.requestlog [None req-398964cc-da87-414e-83dd-d1bddda48934 68700bcb12194dd6bd943511d0d3ccc2 76fa2ca705084704b82bedda6d8bcea5 - - 0a4a1addd37f4199948512cdbd58b113 0a4a1addd37f4199948512cdbd58b113] 10.0.0.253 "DELETE /resource_providers/f79ae158-c398-4518-8aa4-5d4427329c22" status: 404 len: 246 microversion: 1.1 [pid: 8|app: 0|req: 331/662] 10.0.0.253 () {34 vars in 815 bytes} [Thu Jul 16 03:49:04 2026] DELETE /resource_providers/f79ae158-c398-4518-8aa4-5d4427329c22 => generated 246 bytes in 20 msecs (HTTP/1.1 404) 6 headers in 231 bytes (1 switches on core 0)
2026-07-16 03:49:04.867 7 INFO placement.requestlog [None req-2348c0b8-c6b1-48f2-bc3d-a7089352518d 68700bcb12194dd6bd943511d0d3ccc2 76fa2ca705084704b82bedda6d8bcea5 - - 0a4a1addd37f4199948512cdbd58b113 0a4a1addd37f4199948512cdbd58b113] 10.0.0.253 "DELETE /resource_providers/f79ae158-c398-4518-8aa4-5d4427329c22" status: 404 len: 246 microversion: 1.1 [pid: 7|app: 0|req: 332/663] 10.0.0.253 () {34 vars in 815 bytes} [Thu Jul 16 03:49:04 2026] DELETE /resource_providers/f79ae158-c398-4518-8aa4-5d4427329c22 => generated 246 bytes in 9 msecs (HTTP/1.1 404) 6 headers in 231 bytes (1 switches on core 0)
2026-07-16 03:49:05.576 7 INFO placement.requestlog [None req-f02aa324-a438-4f6d-bfef-da8bda9ddea1 68700bcb12194dd6bd943511d0d3ccc2 76fa2ca705084704b82bedda6d8bcea5 - - 0a4a1addd37f4199948512cdbd58b113 0a4a1addd37f4199948512cdbd58b113] 10.0.0.253 "GET /resource_providers/1cb9c2f7-971b-4d7f-88e0-7c283d11db48/aggregates" status: 404 len: 235 microversion: 1.1 [pid: 7|app: 0|req: 333/664] 10.0.0.253 () {32 vars in 815 bytes} [Thu Jul 16 03:49:05 2026] GET /resource_providers/1cb9c2f7-971b-4d7f-88e0-7c283d11db48/aggregates => generated 235 bytes in 15 msecs (HTTP/1.1 404) 5 headers in 202 bytes (1 switches on core 0)
2026-07-16 03:49:05.578 8 INFO placement.requestlog [None req-f8e372c8-ba89-470c-a174-3a8037dfc32a 68700bcb12194dd6bd943511d0d3ccc2 76fa2ca705084704b82bedda6d8bcea5 - - 0a4a1addd37f4199948512cdbd58b113 0a4a1addd37f4199948512cdbd58b113] 10.0.0.253 "GET /resource_providers/1cb9c2f7-971b-4d7f-88e0-7c283d11db48/aggregates" status: 404 len: 235 microversion: 1.1 [pid: 8|app: 0|req: 332/665] 10.0.0.253 () {32 vars in 815 bytes} [Thu Jul 16 03:49:05 2026] GET /resource_providers/1cb9c2f7-971b-4d7f-88e0-7c283d11db48/aggregates => generated 235 bytes in 17 msecs (HTTP/1.1 404) 5 headers in 202 bytes (1 switches on core 0)
2026-07-16 03:49:05.613 7 INFO placement.requestlog [None req-e9bd9a99-d16d-475c-a2b2-bb70a840ceff 68700bcb12194dd6bd943511d0d3ccc2 76fa2ca705084704b82bedda6d8bcea5 - - 0a4a1addd37f4199948512cdbd58b113 0a4a1addd37f4199948512cdbd58b113] 10.0.0.253 "DELETE /resource_providers/1cb9c2f7-971b-4d7f-88e0-7c283d11db48" status: 404 len: 246 microversion: 1.1 [pid: 7|app: 0|req: 334/666] 10.0.0.253 () {34 vars in 815 bytes} [Thu Jul 16 03:49:05 2026] DELETE /resource_providers/1cb9c2f7-971b-4d7f-88e0-7c283d11db48 => generated 246 bytes in 16 msecs (HTTP/1.1 404) 6 headers in 231 bytes (1 switches on core 0)
2026-07-16 03:49:05.621 8 INFO placement.requestlog [None req-9988662a-6ffa-465f-a625-6d760f5615af 68700bcb12194dd6bd943511d0d3ccc2 76fa2ca705084704b82bedda6d8bcea5 - - 0a4a1addd37f4199948512cdbd58b113 0a4a1addd37f4199948512cdbd58b113] 10.0.0.253 "DELETE /resource_providers/1cb9c2f7-971b-4d7f-88e0-7c283d11db48" status: 404 len: 246 microversion: 1.1 [pid: 8|app: 0|req: 333/667] 10.0.0.253 () {34 vars in 815 bytes} [Thu Jul 16 03:49:05 2026] DELETE /resource_providers/1cb9c2f7-971b-4d7f-88e0-7c283d11db48 => generated 246 bytes in 22 msecs (HTTP/1.1 404) 6 headers in 231 bytes (1 switches on core 0)
2026-07-16 03:49:06.494 7 INFO placement.requestlog [req-345c8676-e379-4f43-ad44-259cbe4cd001 req-6d32b487-f9bb-4175-b454-392ee6be691a 18259e6350d643899bb1b01340ce7586 76fa2ca705084704b82bedda6d8bcea5 - - 0a4a1addd37f4199948512cdbd58b113 0a4a1addd37f4199948512cdbd58b113] 10.0.0.82 "GET /allocation_candidates?limit=1000&resources=MEMORY_MB%3A512%2CVCPU%3A1&root_required=%21COMPUTE_STATUS_DISABLED" status: 200 len: 2136 microversion: 1.36 [pid: 7|app: 0|req: 335/668] 10.0.0.82 () {34 vars in 982 bytes} [Thu Jul 16 03:49:06 2026] GET /allocation_candidates?limit=1000&resources=MEMORY_MB%3A512%2CVCPU%3A1&root_required=%21COMPUTE_STATUS_DISABLED => generated 2136 bytes in 65 msecs (HTTP/1.1 200) 8 headers in 297 bytes (1 switches on core 0)
2026-07-16 03:49:06.550 8 INFO placement.requestlog [req-345c8676-e379-4f43-ad44-259cbe4cd001 req-082fb251-ee33-4190-be34-4c409abf3755 18259e6350d643899bb1b01340ce7586 76fa2ca705084704b82bedda6d8bcea5 - - 0a4a1addd37f4199948512cdbd58b113 0a4a1addd37f4199948512cdbd58b113] 10.0.0.82 "GET /allocations/4faf4de6-edad-4569-ae80-fdbbc1e49cf8" status: 200 len: 19 microversion: 1.28 [pid: 8|app: 0|req: 334/669] 10.0.0.82 () {34 vars in 859 bytes} [Thu Jul 16 03:49:06 2026] GET /allocations/4faf4de6-edad-4569-ae80-fdbbc1e49cf8 => generated 19 bytes in 13 msecs (HTTP/1.1 200) 8 headers in 295 bytes (1 switches on core 0)
2026-07-16 03:49:06.628 7 INFO placement.requestlog [req-345c8676-e379-4f43-ad44-259cbe4cd001 req-37a5cdf4-cc96-4a33-9582-6777787df525 18259e6350d643899bb1b01340ce7586 76fa2ca705084704b82bedda6d8bcea5 - - 0a4a1addd37f4199948512cdbd58b113 0a4a1addd37f4199948512cdbd58b113] 10.0.0.82 "PUT /allocations/4faf4de6-edad-4569-ae80-fdbbc1e49cf8" status: 204 len: 0 microversion: 1.36 [pid: 7|app: 0|req: 336/670] 10.0.0.82 () {38 vars in 912 bytes} [Thu Jul 16 03:49:06 2026] PUT /allocations/4faf4de6-edad-4569-ae80-fdbbc1e49cf8 => generated 0 bytes in 68 msecs (HTTP/1.1 204) 5 headers in 199 bytes (1 switches on core 0)
2026-07-16 03:49:06.921 8 INFO placement.requestlog [req-345c8676-e379-4f43-ad44-259cbe4cd001 req-6d241f3a-73f9-4617-b9a7-da24ced151df 18259e6350d643899bb1b01340ce7586 76fa2ca705084704b82bedda6d8bcea5 - - 0a4a1addd37f4199948512cdbd58b113 0a4a1addd37f4199948512cdbd58b113] 199.19.213.163 "GET /allocations/4faf4de6-edad-4569-ae80-fdbbc1e49cf8" status: 200 len: 243 microversion: 1.28 [pid: 8|app: 0|req: 335/671] 199.19.213.163 () {34 vars in 862 bytes} [Thu Jul 16 03:49:06 2026] GET /allocations/4faf4de6-edad-4569-ae80-fdbbc1e49cf8 => generated 243 bytes in 13 msecs (HTTP/1.1 200) 8 headers in 296 bytes (1 switches on core 0)
2026-07-16 03:49:07.074 7 INFO placement.requestlog [req-345c8676-e379-4f43-ad44-259cbe4cd001 req-bb3a7092-217d-4376-a87f-122a09a810ba 18259e6350d643899bb1b01340ce7586 76fa2ca705084704b82bedda6d8bcea5 - - 0a4a1addd37f4199948512cdbd58b113 0a4a1addd37f4199948512cdbd58b113] 199.19.213.163 "GET /resource_providers/a96176ad-ec24-4e70-a7e0-c8b19c7190d1/allocations" status: 200 len: 338 microversion: 1.0 [pid: 7|app: 0|req: 337/672] 199.19.213.163 () {32 vars in 856 bytes} [Thu Jul 16 03:49:07 2026] GET /resource_providers/a96176ad-ec24-4e70-a7e0-c8b19c7190d1/allocations => generated 338 bytes in 21 msecs (HTTP/1.1 200) 6 headers in 224 bytes (1 switches on core 0)
2026-07-16 03:49:07.099 8 INFO placement.requestlog [req-345c8676-e379-4f43-ad44-259cbe4cd001 req-637cbece-43e3-4aa3-8562-8117fb5ea89c 18259e6350d643899bb1b01340ce7586 76fa2ca705084704b82bedda6d8bcea5 - - 0a4a1addd37f4199948512cdbd58b113 0a4a1addd37f4199948512cdbd58b113] 199.19.213.163 "GET /allocations/6d90277e-3eb6-4f59-96b5-1402cae304bf" status: 200 len: 257 microversion: 1.28 [pid: 8|app: 0|req: 336/673] 199.19.213.163 () {34 vars in 862 bytes} [Thu Jul 16 03:49:07 2026] GET /allocations/6d90277e-3eb6-4f59-96b5-1402cae304bf => generated 257 bytes in 14 msecs (HTTP/1.1 200) 8 headers in 296 bytes (1 switches on core 0)
2026-07-16 03:49:07.122 7 INFO placement.requestlog [req-345c8676-e379-4f43-ad44-259cbe4cd001 req-063f3ac0-ac47-402e-adcb-ec8afd79d73a 18259e6350d643899bb1b01340ce7586 76fa2ca705084704b82bedda6d8bcea5 - - 0a4a1addd37f4199948512cdbd58b113 0a4a1addd37f4199948512cdbd58b113] 199.19.213.163 "GET /allocations/4faf4de6-edad-4569-ae80-fdbbc1e49cf8" status: 200 len: 243 microversion: 1.28 [pid: 7|app: 0|req: 338/674] 199.19.213.163 () {34 vars in 862 bytes} [Thu Jul 16 03:49:07 2026] GET /allocations/4faf4de6-edad-4569-ae80-fdbbc1e49cf8 => generated 243 bytes in 15 msecs (HTTP/1.1 200) 8 headers in 296 bytes (1 switches on core 0)
2026-07-16 03:49:07.155 8 INFO placement.requestlog [req-345c8676-e379-4f43-ad44-259cbe4cd001 req-064c6ecb-4b10-40e6-85bb-6e05fbad105e 18259e6350d643899bb1b01340ce7586 76fa2ca705084704b82bedda6d8bcea5 - - 0a4a1addd37f4199948512cdbd58b113 0a4a1addd37f4199948512cdbd58b113] 199.19.213.163 "GET /allocations/123a84c4-e5d2-4ea2-9f1e-4e38393aa667" status: 200 len: 257 microversion: 1.28 [pid: 8|app: 0|req: 337/675] 199.19.213.163 () {34 vars in 862 bytes} [Thu Jul 16 03:49:07 2026] GET /allocations/123a84c4-e5d2-4ea2-9f1e-4e38393aa667 => generated 257 bytes in 20 msecs (HTTP/1.1 200) 8 headers in 296 bytes (1 switches on core 0)
2026-07-16 03:49:10.756 8 INFO placement.requestlog [None req-3d36cdbc-e2ed-4a17-931c-9a814f482aa7 - - - - - -] 10.0.0.111 "GET /" status: 200 len: 136 microversion: 1.0
2026-07-16 03:49:10.757 7 INFO placement.requestlog [None req-2a06c826-86f7-4098-9b51-246a435e7e3d - - - - - -] 10.0.0.111 "GET /" status: 200 len: 136 microversion: 1.0
2026-07-16 03:49:17.355 8 INFO placement.requestlog [req-5c46fd09-6654-42e8-ac76-1d3d224ea9c5 req-58e7e2b3-3793-4c3c-a622-1d427418cb55 18259e6350d643899bb1b01340ce7586 76fa2ca705084704b82bedda6d8bcea5 - - 0a4a1addd37f4199948512cdbd58b113 0a4a1addd37f4199948512cdbd58b113] 199.19.213.163 "GET /resource_providers/a96176ad-ec24-4e70-a7e0-c8b19c7190d1/allocations" status: 200 len: 338 microversion: 1.0 [pid: 8|app: 0|req: 339/678] 199.19.213.163 () {32 vars in 856 bytes} [Thu Jul 16 03:49:17 2026] GET /resource_providers/a96176ad-ec24-4e70-a7e0-c8b19c7190d1/allocations => generated 338 bytes in 36 msecs (HTTP/1.1 200) 6 headers in 224 bytes (1 switches on core 0)
2026-07-16 03:49:17.416 7 INFO placement.requestlog [req-5c46fd09-6654-42e8-ac76-1d3d224ea9c5 req-8aaad543-19f8-4b87-9ede-55b4cf8afba5 18259e6350d643899bb1b01340ce7586 76fa2ca705084704b82bedda6d8bcea5 - - 0a4a1addd37f4199948512cdbd58b113 0a4a1addd37f4199948512cdbd58b113] 199.19.213.163 "GET /allocations/6d90277e-3eb6-4f59-96b5-1402cae304bf" status: 200 len: 257 microversion: 1.28 [pid: 7|app: 0|req: 340/679] 199.19.213.163 () {34 vars in 862 bytes} [Thu Jul 16 03:49:17 2026] GET /allocations/6d90277e-3eb6-4f59-96b5-1402cae304bf => generated 257 bytes in 11 msecs (HTTP/1.1 200) 8 headers in 296 bytes (1 switches on core 0)
2026-07-16 03:49:17.443 8 INFO placement.requestlog [req-5c46fd09-6654-42e8-ac76-1d3d224ea9c5 req-28ad460b-f845-4594-9774-b2f94984063a 18259e6350d643899bb1b01340ce7586 76fa2ca705084704b82bedda6d8bcea5 - - 0a4a1addd37f4199948512cdbd58b113 0a4a1addd37f4199948512cdbd58b113] 199.19.213.163 "GET /allocations/4faf4de6-edad-4569-ae80-fdbbc1e49cf8" status: 200 len: 243 microversion: 1.28 [pid: 8|app: 0|req: 340/680] 199.19.213.163 () {34 vars in 862 bytes} [Thu Jul 16 03:49:17 2026] GET /allocations/4faf4de6-edad-4569-ae80-fdbbc1e49cf8 => generated 243 bytes in 19 msecs (HTTP/1.1 200) 8 headers in 296 bytes (1 switches on core 0)
2026-07-16 03:49:17.474 7 INFO placement.requestlog [req-5c46fd09-6654-42e8-ac76-1d3d224ea9c5 req-8b395f23-b573-42f5-93b5-6d9b59ab0f88 18259e6350d643899bb1b01340ce7586 76fa2ca705084704b82bedda6d8bcea5 - - 0a4a1addd37f4199948512cdbd58b113 0a4a1addd37f4199948512cdbd58b113] 199.19.213.163 "GET /allocations/123a84c4-e5d2-4ea2-9f1e-4e38393aa667" status: 200 len: 257 microversion: 1.28 [pid: 7|app: 0|req: 341/681] 199.19.213.163 () {34 vars in 862 bytes} [Thu Jul 16 03:49:17 2026] GET /allocations/123a84c4-e5d2-4ea2-9f1e-4e38393aa667 => generated 257 bytes in 20 msecs (HTTP/1.1 200) 8 headers in 296 bytes (1 switches on core 0)
2026-07-16 03:49:17.573 8 INFO placement.requestlog [req-5c46fd09-6654-42e8-ac76-1d3d224ea9c5 req-c2ded356-5c6e-4b02-8ed0-8ca86b3e00e4 18259e6350d643899bb1b01340ce7586 76fa2ca705084704b82bedda6d8bcea5 - - 0a4a1addd37f4199948512cdbd58b113 0a4a1addd37f4199948512cdbd58b113] 199.19.213.163 "DELETE /allocations/4faf4de6-edad-4569-ae80-fdbbc1e49cf8" status: 204 len: 0 microversion: 1.0 [pid: 8|app: 0|req: 341/682] 199.19.213.163 () {34 vars in 840 bytes} [Thu Jul 16 03:49:17 2026] DELETE /allocations/4faf4de6-edad-4569-ae80-fdbbc1e49cf8 => generated 0 bytes in 26 msecs (HTTP/1.1 204) 5 headers in 198 bytes (1 switches on core 0)
2026-07-16 03:49:20.757 7 INFO placement.requestlog [None req-c0a5b2db-3ff6-4485-9258-57628b4901e9 - - - - - -] 10.0.0.111 "GET /" status: 200 len: 136 microversion: 1.0
2026-07-16 03:49:20.757 8 INFO placement.requestlog [None req-25d71ce7-4af6-41a9-89fd-2a24398ef032 - - - - - -] 10.0.0.111 "GET /" status: 200 len: 136 microversion: 1.0
