2026-07-16 03:50:37.483 7 INFO placement.requestlog [req-170e47dd-8fb1-4679-be6f-1406dca54025 req-33f88860-201c-4af0-b097-ab9859ab8377 18259e6350d643899bb1b01340ce7586 76fa2ca705084704b82bedda6d8bcea5 - - 0a4a1addd37f4199948512cdbd58b113 0a4a1addd37f4199948512cdbd58b113] 199.19.213.163 "GET /resource_providers?in_tree=a96176ad-ec24-4e70-a7e0-c8b19c7190d1" status: 200 len: 797 microversion: 1.14 [pid: 7|app: 0|req: 425/856] 199.19.213.163 () {34 vars in 891 bytes} [Thu Jul 16 03:50:37 2026] GET /resource_providers?in_tree=a96176ad-ec24-4e70-a7e0-c8b19c7190d1 => generated 797 bytes in 36 msecs (HTTP/1.1 200) 6 headers in 225 bytes (1 switches on core 0)
2026-07-16 03:50:37.488 8 INFO placement.requestlog [None req-0b4d3aed-5597-47de-9e43-b051223241c9 68700bcb12194dd6bd943511d0d3ccc2 76fa2ca705084704b82bedda6d8bcea5 - - 0a4a1addd37f4199948512cdbd58b113 0a4a1addd37f4199948512cdbd58b113] 10.0.0.253 "DELETE /resource_providers/81dbab4a-61ac-4ce9-8e9a-49f64277e3bc" status: 404 len: 246 microversion: 1.1 [pid: 8|app: 0|req: 432/857] 10.0.0.253 () {34 vars in 815 bytes} [Thu Jul 16 03:50:37 2026] DELETE /resource_providers/81dbab4a-61ac-4ce9-8e9a-49f64277e3bc => generated 246 bytes in 5 msecs (HTTP/1.1 404) 6 headers in 231 bytes (1 switches on core 0)
2026-07-16 03:50:37.520 7 INFO placement.requestlog [req-170e47dd-8fb1-4679-be6f-1406dca54025 req-ce30e608-1e77-4244-a473-1da1c3620ffb 18259e6350d643899bb1b01340ce7586 76fa2ca705084704b82bedda6d8bcea5 - - 0a4a1addd37f4199948512cdbd58b113 0a4a1addd37f4199948512cdbd58b113] 199.19.213.163 "GET /resource_providers/a96176ad-ec24-4e70-a7e0-c8b19c7190d1/inventories" status: 200 len: 400 microversion: 1.0 [pid: 7|app: 0|req: 426/858] 199.19.213.163 () {32 vars in 856 bytes} [Thu Jul 16 03:50:37 2026] GET /resource_providers/a96176ad-ec24-4e70-a7e0-c8b19c7190d1/inventories => generated 400 bytes in 28 msecs (HTTP/1.1 200) 6 headers in 224 bytes (1 switches on core 0)
2026-07-16 03:50:37.545 8 INFO placement.requestlog [req-170e47dd-8fb1-4679-be6f-1406dca54025 req-b1f26872-eb3c-41c6-be0d-0fdad77db281 18259e6350d643899bb1b01340ce7586 76fa2ca705084704b82bedda6d8bcea5 - - 0a4a1addd37f4199948512cdbd58b113 0a4a1addd37f4199948512cdbd58b113] 199.19.213.163 "GET /resource_providers/a96176ad-ec24-4e70-a7e0-c8b19c7190d1/aggregates" status: 200 len: 53 microversion: 1.19 [pid: 8|app: 0|req: 433/859] 199.19.213.163 () {34 vars in 898 bytes} [Thu Jul 16 03:50:37 2026] GET /resource_providers/a96176ad-ec24-4e70-a7e0-c8b19c7190d1/aggregates => generated 53 bytes in 16 msecs (HTTP/1.1 200) 8 headers in 295 bytes (1 switches on core 0)
2026-07-16 03:50:37.576 7 INFO placement.requestlog [req-170e47dd-8fb1-4679-be6f-1406dca54025 req-5a144527-59e8-4356-83b9-fcee0018db58 18259e6350d643899bb1b01340ce7586 76fa2ca705084704b82bedda6d8bcea5 - - 0a4a1addd37f4199948512cdbd58b113 0a4a1addd37f4199948512cdbd58b113] 199.19.213.163 "GET /resource_providers/a96176ad-ec24-4e70-a7e0-c8b19c7190d1/traits" status: 200 len: 1682 microversion: 1.6 [pid: 7|app: 0|req: 427/860] 199.19.213.163 () {34 vars in 889 bytes} [Thu Jul 16 03:50:37 2026] GET /resource_providers/a96176ad-ec24-4e70-a7e0-c8b19c7190d1/traits => generated 1682 bytes in 25 msecs (HTTP/1.1 200) 6 headers in 225 bytes (1 switches on core 0)
2026-07-16 03:50:37.599 8 INFO placement.requestlog [req-170e47dd-8fb1-4679-be6f-1406dca54025 req-f203f30c-0fec-4538-bc45-a50899c1d52d 18259e6350d643899bb1b01340ce7586 76fa2ca705084704b82bedda6d8bcea5 - - 0a4a1addd37f4199948512cdbd58b113 0a4a1addd37f4199948512cdbd58b113] 199.19.213.163 "GET /resource_providers/a96176ad-ec24-4e70-a7e0-c8b19c7190d1/allocations" status: 200 len: 54 microversion: 1.0 [pid: 8|app: 0|req: 434/861] 199.19.213.163 () {32 vars in 856 bytes} [Thu Jul 16 03:50:37 2026] GET /resource_providers/a96176ad-ec24-4e70-a7e0-c8b19c7190d1/allocations => generated 54 bytes in 13 msecs (HTTP/1.1 200) 6 headers in 223 bytes (1 switches on core 0)
2026-07-16 03:50:38.844 7 INFO placement.requestlog [req-9de5f910-692f-426f-a511-b772b4251876 req-2198cc6d-a8ab-406e-aae8-7511cca6af9d 18259e6350d643899bb1b01340ce7586 76fa2ca705084704b82bedda6d8bcea5 - - 0a4a1addd37f4199948512cdbd58b113 0a4a1addd37f4199948512cdbd58b113] 10.0.0.82 "GET /allocation_candidates?limit=1000&resources=DISK_GB%3A1%2CMEMORY_MB%3A512%2CVCPU%3A1&root_required=%21COMPUTE_STATUS_DISABLED" status: 200 len: 2147 microversion: 1.36 [pid: 7|app: 0|req: 428/862] 10.0.0.82 () {34 vars in 1010 bytes} [Thu Jul 16 03:50:38 2026] GET /allocation_candidates?limit=1000&resources=DISK_GB%3A1%2CMEMORY_MB%3A512%2CVCPU%3A1&root_required=%21COMPUTE_STATUS_DISABLED => generated 2147 bytes in 47 msecs (HTTP/1.1 200) 8 headers in 297 bytes (1 switches on core 0)
2026-07-16 03:50:38.876 8 INFO placement.requestlog [req-9de5f910-692f-426f-a511-b772b4251876 req-a17055cc-c91c-4317-ba07-32f27c554fd3 18259e6350d643899bb1b01340ce7586 76fa2ca705084704b82bedda6d8bcea5 - - 0a4a1addd37f4199948512cdbd58b113 0a4a1addd37f4199948512cdbd58b113] 10.0.0.82 "GET /allocations/dcc7e43e-7aeb-4bff-aac0-1355db02de84" status: 200 len: 19 microversion: 1.28 [pid: 8|app: 0|req: 435/863] 10.0.0.82 () {34 vars in 859 bytes} [Thu Jul 16 03:50:38 2026] GET /allocations/dcc7e43e-7aeb-4bff-aac0-1355db02de84 => generated 19 bytes in 11 msecs (HTTP/1.1 200) 8 headers in 295 bytes (1 switches on core 0)
2026-07-16 03:50:38.950 7 INFO placement.requestlog [req-9de5f910-692f-426f-a511-b772b4251876 req-d84c9d11-0cd1-4118-9f08-a45b203d681f 18259e6350d643899bb1b01340ce7586 76fa2ca705084704b82bedda6d8bcea5 - - 0a4a1addd37f4199948512cdbd58b113 0a4a1addd37f4199948512cdbd58b113] 10.0.0.82 "PUT /allocations/dcc7e43e-7aeb-4bff-aac0-1355db02de84" status: 204 len: 0 microversion: 1.36 [pid: 7|app: 0|req: 429/864] 10.0.0.82 () {38 vars in 912 bytes} [Thu Jul 16 03:50:38 2026] PUT /allocations/dcc7e43e-7aeb-4bff-aac0-1355db02de84 => generated 0 bytes in 67 msecs (HTTP/1.1 204) 5 headers in 199 bytes (1 switches on core 0)
2026-07-16 03:50:39.215 8 INFO placement.requestlog [req-9de5f910-692f-426f-a511-b772b4251876 req-926da07a-82b4-4b37-a02a-8ada67828240 18259e6350d643899bb1b01340ce7586 76fa2ca705084704b82bedda6d8bcea5 - - 0a4a1addd37f4199948512cdbd58b113 0a4a1addd37f4199948512cdbd58b113] 199.19.213.163 "GET /allocations/dcc7e43e-7aeb-4bff-aac0-1355db02de84" status: 200 len: 257 microversion: 1.28 [pid: 8|app: 0|req: 436/865] 199.19.213.163 () {34 vars in 862 bytes} [Thu Jul 16 03:50:39 2026] GET /allocations/dcc7e43e-7aeb-4bff-aac0-1355db02de84 => generated 257 bytes in 15 msecs (HTTP/1.1 200) 8 headers in 296 bytes (1 switches on core 0)
2026-07-16 03:50:39.326 7 INFO placement.requestlog [req-9de5f910-692f-426f-a511-b772b4251876 req-eab21dc5-1b3c-464f-b2d5-70c264518a0b 18259e6350d643899bb1b01340ce7586 76fa2ca705084704b82bedda6d8bcea5 - - 0a4a1addd37f4199948512cdbd58b113 0a4a1addd37f4199948512cdbd58b113] 199.19.213.163 "GET /resource_providers/a96176ad-ec24-4e70-a7e0-c8b19c7190d1/allocations" status: 200 len: 152 microversion: 1.0 [pid: 7|app: 0|req: 430/866] 199.19.213.163 () {32 vars in 856 bytes} [Thu Jul 16 03:50:39 2026] GET /resource_providers/a96176ad-ec24-4e70-a7e0-c8b19c7190d1/allocations => generated 152 bytes in 18 msecs (HTTP/1.1 200) 6 headers in 224 bytes (1 switches on core 0)
2026-07-16 03:50:39.350 8 INFO placement.requestlog [req-9de5f910-692f-426f-a511-b772b4251876 req-0cd13097-88ed-463d-bafc-085064836aeb 18259e6350d643899bb1b01340ce7586 76fa2ca705084704b82bedda6d8bcea5 - - 0a4a1addd37f4199948512cdbd58b113 0a4a1addd37f4199948512cdbd58b113] 199.19.213.163 "GET /allocations/dcc7e43e-7aeb-4bff-aac0-1355db02de84" status: 200 len: 257 microversion: 1.28 [pid: 8|app: 0|req: 437/867] 199.19.213.163 () {34 vars in 862 bytes} [Thu Jul 16 03:50:39 2026] GET /allocations/dcc7e43e-7aeb-4bff-aac0-1355db02de84 => generated 257 bytes in 16 msecs (HTTP/1.1 200) 8 headers in 296 bytes (1 switches on core 0)
2026-07-16 03:50:40.756 8 INFO placement.requestlog [None req-0229cf73-e08b-424a-bd79-a3605b9985cb - - - - - -] 10.0.0.111 "GET /" status: 200 len: 136 microversion: 1.0
2026-07-16 03:50:40.756 7 INFO placement.requestlog [None req-85d71297-a7b1-4eb8-bad5-68cf78a993e4 - - - - - -] 10.0.0.111 "GET /" status: 200 len: 136 microversion: 1.0
2026-07-16 03:50:41.220 8 INFO placement.requestlog [None req-11010320-0281-4278-bcff-97f6c6a8e7a7 68700bcb12194dd6bd943511d0d3ccc2 76fa2ca705084704b82bedda6d8bcea5 - - 0a4a1addd37f4199948512cdbd58b113 0a4a1addd37f4199948512cdbd58b113] 10.0.0.253 "GET /resource_providers/52f74941-463e-4fbd-815f-1e4bb6a7b37e/aggregates" status: 404 len: 235 microversion: 1.1 [pid: 8|app: 0|req: 439/870] 10.0.0.253 () {32 vars in 815 bytes} [Thu Jul 16 03:50:41 2026] GET /resource_providers/52f74941-463e-4fbd-815f-1e4bb6a7b37e/aggregates => generated 235 bytes in 11 msecs (HTTP/1.1 404) 5 headers in 202 bytes (1 switches on core 0)
2026-07-16 03:50:41.220 7 INFO placement.requestlog [None req-fdcfa616-3466-42b4-88bb-c6eaf1ad36dd 68700bcb12194dd6bd943511d0d3ccc2 76fa2ca705084704b82bedda6d8bcea5 - - 0a4a1addd37f4199948512cdbd58b113 0a4a1addd37f4199948512cdbd58b113] 10.0.0.253 "GET /resource_providers/52f74941-463e-4fbd-815f-1e4bb6a7b37e/aggregates" status: 404 len: 235 microversion: 1.1 [pid: 7|app: 0|req: 432/871] 10.0.0.253 () {32 vars in 815 bytes} [Thu Jul 16 03:50:41 2026] GET /resource_providers/52f74941-463e-4fbd-815f-1e4bb6a7b37e/aggregates => generated 235 bytes in 9 msecs (HTTP/1.1 404) 5 headers in 202 bytes (1 switches on core 0)
2026-07-16 03:50:41.244 7 INFO placement.requestlog [None req-0fd02012-3d8c-4cd2-ae29-2018ecc703df 68700bcb12194dd6bd943511d0d3ccc2 76fa2ca705084704b82bedda6d8bcea5 - - 0a4a1addd37f4199948512cdbd58b113 0a4a1addd37f4199948512cdbd58b113] 10.0.0.253 "DELETE /resource_providers/52f74941-463e-4fbd-815f-1e4bb6a7b37e" status: 404 len: 246 microversion: 1.1
2026-07-16 03:50:41.244 8 INFO placement.requestlog [None req-7d3b0574-0ecb-4fee-b62c-8fde3da97083 68700bcb12194dd6bd943511d0d3ccc2 76fa2ca705084704b82bedda6d8bcea5 - - 0a4a1addd37f4199948512cdbd58b113 0a4a1addd37f4199948512cdbd58b113] 10.0.0.253 "DELETE /resource_providers/52f74941-463e-4fbd-815f-1e4bb6a7b37e" status: 404 len: 246 microversion: 1.1 [pid: 7|app: 0|req: 433/872] 10.0.0.253 () {34 vars in 815 bytes} [Thu Jul 16 03:50:41 2026] DELETE /resource_providers/52f74941-463e-4fbd-815f-1e4bb6a7b37e => generated 246 bytes in 12 msecs (HTTP/1.1 404) 6 headers in 231 bytes (1 switches on core 0) [pid: 8|app: 0|req: 440/873] 10.0.0.253 () {34 vars in 815 bytes} [Thu Jul 16 03:50:41 2026] DELETE /resource_providers/52f74941-463e-4fbd-815f-1e4bb6a7b37e => generated 246 bytes in 12 msecs (HTTP/1.1 404) 6 headers in 231 bytes (1 switches on core 0)
2026-07-16 03:50:43.266 8 INFO placement.requestlog [None req-098c321c-b933-47f9-9dd2-274853363ada 68700bcb12194dd6bd943511d0d3ccc2 76fa2ca705084704b82bedda6d8bcea5 - - 0a4a1addd37f4199948512cdbd58b113 0a4a1addd37f4199948512cdbd58b113] 10.0.0.253 "GET /resource_providers/9dc27145-215b-4f3b-aa6f-405c2b17244b/aggregates" status: 404 len: 235 microversion: 1.1 [pid: 8|app: 0|req: 441/874] 10.0.0.253 () {32 vars in 815 bytes} [Thu Jul 16 03:50:43 2026] GET /resource_providers/9dc27145-215b-4f3b-aa6f-405c2b17244b/aggregates => generated 235 bytes in 7 msecs (HTTP/1.1 404) 5 headers in 202 bytes (1 switches on core 0)
2026-07-16 03:50:43.266 7 INFO placement.requestlog [None req-229ed56d-39db-4d25-a9a2-51cd08401a5b 68700bcb12194dd6bd943511d0d3ccc2 76fa2ca705084704b82bedda6d8bcea5 - - 0a4a1addd37f4199948512cdbd58b113 0a4a1addd37f4199948512cdbd58b113] 10.0.0.253 "GET /resource_providers/9dc27145-215b-4f3b-aa6f-405c2b17244b/aggregates" status: 404 len: 235 microversion: 1.1 [pid: 7|app: 0|req: 434/875] 10.0.0.253 () {32 vars in 815 bytes} [Thu Jul 16 03:50:43 2026] GET /resource_providers/9dc27145-215b-4f3b-aa6f-405c2b17244b/aggregates => generated 235 bytes in 12 msecs (HTTP/1.1 404) 5 headers in 202 bytes (1 switches on core 0)
2026-07-16 03:50:43.291 8 INFO placement.requestlog [None req-4c5d1ca5-3c3d-4e2c-adec-44deeb68eb89 68700bcb12194dd6bd943511d0d3ccc2 76fa2ca705084704b82bedda6d8bcea5 - - 0a4a1addd37f4199948512cdbd58b113 0a4a1addd37f4199948512cdbd58b113] 10.0.0.253 "DELETE /resource_providers/9dc27145-215b-4f3b-aa6f-405c2b17244b" status: 404 len: 246 microversion: 1.1 [pid: 8|app: 0|req: 442/876] 10.0.0.253 () {34 vars in 815 bytes} [Thu Jul 16 03:50:43 2026] DELETE /resource_providers/9dc27145-215b-4f3b-aa6f-405c2b17244b => generated 246 bytes in 9 msecs (HTTP/1.1 404) 6 headers in 231 bytes (1 switches on core 0)
2026-07-16 03:50:43.301 7 INFO placement.requestlog [None req-2dc38f4f-5989-456d-9370-a5f521b6d247 68700bcb12194dd6bd943511d0d3ccc2 76fa2ca705084704b82bedda6d8bcea5 - - 0a4a1addd37f4199948512cdbd58b113 0a4a1addd37f4199948512cdbd58b113] 10.0.0.253 "DELETE /resource_providers/9dc27145-215b-4f3b-aa6f-405c2b17244b" status: 404 len: 246 microversion: 1.1 [pid: 7|app: 0|req: 435/877] 10.0.0.253 () {34 vars in 815 bytes} [Thu Jul 16 03:50:43 2026] DELETE /resource_providers/9dc27145-215b-4f3b-aa6f-405c2b17244b => generated 246 bytes in 17 msecs (HTTP/1.1 404) 6 headers in 231 bytes (1 switches on core 0)
2026-07-16 03:50:43.722 8 INFO placement.requestlog [None req-1fe4e7f9-0543-4662-8e56-282833e25ab5 68700bcb12194dd6bd943511d0d3ccc2 76fa2ca705084704b82bedda6d8bcea5 - - 0a4a1addd37f4199948512cdbd58b113 0a4a1addd37f4199948512cdbd58b113] 10.0.0.253 "GET /resource_providers/1d954f38-02b8-48ec-bcf3-7c30f28ec8d0/aggregates" status: 404 len: 235 microversion: 1.1 [pid: 8|app: 0|req: 443/878] 10.0.0.253 () {32 vars in 815 bytes} [Thu Jul 16 03:50:43 2026] GET /resource_providers/1d954f38-02b8-48ec-bcf3-7c30f28ec8d0/aggregates => generated 235 bytes in 10 msecs (HTTP/1.1 404) 5 headers in 202 bytes (1 switches on core 0)
2026-07-16 03:50:43.722 7 INFO placement.requestlog [None req-4155b285-94e3-49f8-8ea5-f36960bf7e1a 68700bcb12194dd6bd943511d0d3ccc2 76fa2ca705084704b82bedda6d8bcea5 - - 0a4a1addd37f4199948512cdbd58b113 0a4a1addd37f4199948512cdbd58b113] 10.0.0.253 "GET /resource_providers/1d954f38-02b8-48ec-bcf3-7c30f28ec8d0/aggregates" status: 404 len: 235 microversion: 1.1 [pid: 7|app: 0|req: 436/879] 10.0.0.253 () {32 vars in 815 bytes} [Thu Jul 16 03:50:43 2026] GET /resource_providers/1d954f38-02b8-48ec-bcf3-7c30f28ec8d0/aggregates => generated 235 bytes in 11 msecs (HTTP/1.1 404) 5 headers in 202 bytes (1 switches on core 0)
2026-07-16 03:50:43.758 8 INFO placement.requestlog [None req-c6fb3bd2-336f-4008-a007-a8a15fa8b1cb 68700bcb12194dd6bd943511d0d3ccc2 76fa2ca705084704b82bedda6d8bcea5 - - 0a4a1addd37f4199948512cdbd58b113 0a4a1addd37f4199948512cdbd58b113] 10.0.0.253 "DELETE /resource_providers/1d954f38-02b8-48ec-bcf3-7c30f28ec8d0" status: 404 len: 246 microversion: 1.1
2026-07-16 03:50:43.758 7 INFO placement.requestlog [None req-3011938c-e4f6-4eff-ba9a-546712efd304 68700bcb12194dd6bd943511d0d3ccc2 76fa2ca705084704b82bedda6d8bcea5 - - 0a4a1addd37f4199948512cdbd58b113 0a4a1addd37f4199948512cdbd58b113] 10.0.0.253 "DELETE /resource_providers/1d954f38-02b8-48ec-bcf3-7c30f28ec8d0" status: 404 len: 246 microversion: 1.1 [pid: 8|app: 0|req: 444/880] 10.0.0.253 () {34 vars in 815 bytes} [Thu Jul 16 03:50:43 2026] DELETE /resource_providers/1d954f38-02b8-48ec-bcf3-7c30f28ec8d0 => generated 246 bytes in 11 msecs (HTTP/1.1 404) 6 headers in 231 bytes (1 switches on core 0) [pid: 7|app: 0|req: 437/881] 10.0.0.253 () {34 vars in 815 bytes} [Thu Jul 16 03:50:43 2026] DELETE /resource_providers/1d954f38-02b8-48ec-bcf3-7c30f28ec8d0 => generated 246 bytes in 10 msecs (HTTP/1.1 404) 6 headers in 231 bytes (1 switches on core 0)
2026-07-16 03:50:45.932 8 INFO placement.requestlog [None req-1f666ec0-1a05-4e7f-b5f0-848db991543e 68700bcb12194dd6bd943511d0d3ccc2 76fa2ca705084704b82bedda6d8bcea5 - - 0a4a1addd37f4199948512cdbd58b113 0a4a1addd37f4199948512cdbd58b113] 10.0.0.253 "GET /resource_providers/5eb2cb61-15a2-4e84-8015-03b4bed578f4/aggregates" status: 404 len: 235 microversion: 1.1 [pid: 8|app: 0|req: 445/882] 10.0.0.253 () {32 vars in 815 bytes} [Thu Jul 16 03:50:45 2026] GET /resource_providers/5eb2cb61-15a2-4e84-8015-03b4bed578f4/aggregates => generated 235 bytes in 12 msecs (HTTP/1.1 404) 5 headers in 202 bytes (1 switches on core 0)
2026-07-16 03:50:45.937 7 INFO placement.requestlog [None req-a0c7b0a1-ccc9-491f-8705-f2d1381c8b86 68700bcb12194dd6bd943511d0d3ccc2 76fa2ca705084704b82bedda6d8bcea5 - - 0a4a1addd37f4199948512cdbd58b113 0a4a1addd37f4199948512cdbd58b113] 10.0.0.253 "GET /resource_providers/5eb2cb61-15a2-4e84-8015-03b4bed578f4/aggregates" status: 404 len: 235 microversion: 1.1 [pid: 7|app: 0|req: 438/883] 10.0.0.253 () {32 vars in 815 bytes} [Thu Jul 16 03:50:45 2026] GET /resource_providers/5eb2cb61-15a2-4e84-8015-03b4bed578f4/aggregates => generated 235 bytes in 12 msecs (HTTP/1.1 404) 5 headers in 202 bytes (1 switches on core 0)
2026-07-16 03:50:45.965 8 INFO placement.requestlog [None req-2831ffd8-426c-4db3-8051-0b97088de42e 68700bcb12194dd6bd943511d0d3ccc2 76fa2ca705084704b82bedda6d8bcea5 - - 0a4a1addd37f4199948512cdbd58b113 0a4a1addd37f4199948512cdbd58b113] 10.0.0.253 "DELETE /resource_providers/5eb2cb61-15a2-4e84-8015-03b4bed578f4" status: 404 len: 246 microversion: 1.1 [pid: 8|app: 0|req: 446/884] 10.0.0.253 () {34 vars in 815 bytes} [Thu Jul 16 03:50:45 2026] DELETE /resource_providers/5eb2cb61-15a2-4e84-8015-03b4bed578f4 => generated 246 bytes in 14 msecs (HTTP/1.1 404) 6 headers in 231 bytes (1 switches on core 0)
2026-07-16 03:50:45.973 8 INFO placement.requestlog [None req-1818ab8c-5c88-43da-a70f-83e1dfa2d531 68700bcb12194dd6bd943511d0d3ccc2 76fa2ca705084704b82bedda6d8bcea5 - - 0a4a1addd37f4199948512cdbd58b113 0a4a1addd37f4199948512cdbd58b113] 10.0.0.253 "GET /resource_providers/eff44875-598e-44b7-b3af-8047a86b8066/aggregates" status: 404 len: 235 microversion: 1.1 [pid: 8|app: 0|req: 447/885] 10.0.0.253 () {32 vars in 815 bytes} [Thu Jul 16 03:50:45 2026] GET /resource_providers/eff44875-598e-44b7-b3af-8047a86b8066/aggregates => generated 235 bytes in 5 msecs (HTTP/1.1 404) 5 headers in 202 bytes (1 switches on core 0)
2026-07-16 03:50:45.979 8 INFO placement.requestlog [None req-370abf0e-4948-4e51-9e19-6079445b2dd7 68700bcb12194dd6bd943511d0d3ccc2 76fa2ca705084704b82bedda6d8bcea5 - - 0a4a1addd37f4199948512cdbd58b113 0a4a1addd37f4199948512cdbd58b113] 10.0.0.253 "GET /resource_providers/eff44875-598e-44b7-b3af-8047a86b8066/aggregates" status: 404 len: 235 microversion: 1.1 [pid: 8|app: 0|req: 448/886] 10.0.0.253 () {32 vars in 815 bytes} [Thu Jul 16 03:50:45 2026] GET /resource_providers/eff44875-598e-44b7-b3af-8047a86b8066/aggregates => generated 235 bytes in 6 msecs (HTTP/1.1 404) 5 headers in 202 bytes (1 switches on core 0)
2026-07-16 03:50:46.004 8 INFO placement.requestlog [None req-44e7c726-eb63-499d-8b63-1fd086c2ad09 68700bcb12194dd6bd943511d0d3ccc2 76fa2ca705084704b82bedda6d8bcea5 - - 0a4a1addd37f4199948512cdbd58b113 0a4a1addd37f4199948512cdbd58b113] 10.0.0.253 "DELETE /resource_providers/eff44875-598e-44b7-b3af-8047a86b8066" status: 404 len: 246 microversion: 1.1 [pid: 8|app: 0|req: 449/887] 10.0.0.253 () {34 vars in 815 bytes} [Thu Jul 16 03:50:45 2026] DELETE /resource_providers/eff44875-598e-44b7-b3af-8047a86b8066 => generated 246 bytes in 10 msecs (HTTP/1.1 404) 6 headers in 231 bytes (1 switches on core 0)
2026-07-16 03:50:46.009 8 INFO placement.requestlog [None req-7d73a48f-5b26-4881-85f1-46b40cc7e4c9 68700bcb12194dd6bd943511d0d3ccc2 76fa2ca705084704b82bedda6d8bcea5 - - 0a4a1addd37f4199948512cdbd58b113 0a4a1addd37f4199948512cdbd58b113] 10.0.0.253 "DELETE /resource_providers/eff44875-598e-44b7-b3af-8047a86b8066" status: 404 len: 246 microversion: 1.1 [pid: 8|app: 0|req: 450/888] 10.0.0.253 () {34 vars in 815 bytes} [Thu Jul 16 03:50:46 2026] DELETE /resource_providers/eff44875-598e-44b7-b3af-8047a86b8066 => generated 246 bytes in 5 msecs (HTTP/1.1 404) 6 headers in 231 bytes (1 switches on core 0)
2026-07-16 03:50:46.028 7 INFO placement.requestlog [None req-d42e5842-9ba2-41a2-9d4a-8c4d30f79e69 68700bcb12194dd6bd943511d0d3ccc2 76fa2ca705084704b82bedda6d8bcea5 - - 0a4a1addd37f4199948512cdbd58b113 0a4a1addd37f4199948512cdbd58b113] 10.0.0.253 "DELETE /resource_providers/5eb2cb61-15a2-4e84-8015-03b4bed578f4" status: 404 len: 246 microversion: 1.1 [pid: 7|app: 0|req: 439/889] 10.0.0.253 () {34 vars in 815 bytes} [Thu Jul 16 03:50:45 2026] DELETE /resource_providers/5eb2cb61-15a2-4e84-8015-03b4bed578f4 => generated 246 bytes in 76 msecs (HTTP/1.1 404) 6 headers in 231 bytes (1 switches on core 0)
2026-07-16 03:50:48.032 8 INFO placement.requestlog [None req-63113305-21d8-42ca-88af-e68816f12249 68700bcb12194dd6bd943511d0d3ccc2 76fa2ca705084704b82bedda6d8bcea5 - - 0a4a1addd37f4199948512cdbd58b113 0a4a1addd37f4199948512cdbd58b113] 10.0.0.253 "GET /resource_providers/3332cdf6-5ad0-4af7-af1c-374f3a8392a2/aggregates" status: 404 len: 235 microversion: 1.1 [pid: 8|app: 0|req: 451/890] 10.0.0.253 () {32 vars in 815 bytes} [Thu Jul 16 03:50:48 2026] GET /resource_providers/3332cdf6-5ad0-4af7-af1c-374f3a8392a2/aggregates => generated 235 bytes in 16 msecs (HTTP/1.1 404) 5 headers in 202 bytes (1 switches on core 0)
2026-07-16 03:50:48.039 7 INFO placement.requestlog [None req-1cfeded7-c9b8-4f01-ad64-288c61ec64a7 68700bcb12194dd6bd943511d0d3ccc2 76fa2ca705084704b82bedda6d8bcea5 - - 0a4a1addd37f4199948512cdbd58b113 0a4a1addd37f4199948512cdbd58b113] 10.0.0.253 "GET /resource_providers/3332cdf6-5ad0-4af7-af1c-374f3a8392a2/aggregates" status: 404 len: 235 microversion: 1.1 [pid: 7|app: 0|req: 440/891] 10.0.0.253 () {32 vars in 815 bytes} [Thu Jul 16 03:50:48 2026] GET /resource_providers/3332cdf6-5ad0-4af7-af1c-374f3a8392a2/aggregates => generated 235 bytes in 11 msecs (HTTP/1.1 404) 5 headers in 202 bytes (1 switches on core 0)
2026-07-16 03:50:48.052 8 INFO placement.requestlog [None req-6655d406-cf20-41e9-ba83-d98266eefc4d 68700bcb12194dd6bd943511d0d3ccc2 76fa2ca705084704b82bedda6d8bcea5 - - 0a4a1addd37f4199948512cdbd58b113 0a4a1addd37f4199948512cdbd58b113] 10.0.0.253 "DELETE /resource_providers/3332cdf6-5ad0-4af7-af1c-374f3a8392a2" status: 404 len: 246 microversion: 1.1 [pid: 8|app: 0|req: 452/892] 10.0.0.253 () {34 vars in 815 bytes} [Thu Jul 16 03:50:48 2026] DELETE /resource_providers/3332cdf6-5ad0-4af7-af1c-374f3a8392a2 => generated 246 bytes in 14 msecs (HTTP/1.1 404) 6 headers in 231 bytes (1 switches on core 0)
2026-07-16 03:50:48.056 7 INFO placement.requestlog [None req-e27c3778-3211-4f69-9101-cabb32c16bba 68700bcb12194dd6bd943511d0d3ccc2 76fa2ca705084704b82bedda6d8bcea5 - - 0a4a1addd37f4199948512cdbd58b113 0a4a1addd37f4199948512cdbd58b113] 10.0.0.253 "DELETE /resource_providers/3332cdf6-5ad0-4af7-af1c-374f3a8392a2" status: 404 len: 246 microversion: 1.1 [pid: 7|app: 0|req: 441/893] 10.0.0.253 () {34 vars in 815 bytes} [Thu Jul 16 03:50:48 2026] DELETE /resource_providers/3332cdf6-5ad0-4af7-af1c-374f3a8392a2 => generated 246 bytes in 9 msecs (HTTP/1.1 404) 6 headers in 231 bytes (1 switches on core 0)
2026-07-16 03:50:48.066 8 INFO placement.requestlog [None req-fc132fa1-4f0e-402f-bcb2-8d780368a1ab 68700bcb12194dd6bd943511d0d3ccc2 76fa2ca705084704b82bedda6d8bcea5 - - 0a4a1addd37f4199948512cdbd58b113 0a4a1addd37f4199948512cdbd58b113] 10.0.0.253 "GET /resource_providers/1fd0d527-7fac-44cc-82b0-4e09b2db17ca/aggregates" status: 404 len: 235 microversion: 1.1 [pid: 8|app: 0|req: 453/894] 10.0.0.253 () {32 vars in 815 bytes} [Thu Jul 16 03:50:48 2026] GET /resource_providers/1fd0d527-7fac-44cc-82b0-4e09b2db17ca/aggregates => generated 235 bytes in 9 msecs (HTTP/1.1 404) 5 headers in 202 bytes (1 switches on core 0)
2026-07-16 03:50:48.070 7 INFO placement.requestlog [None req-cc85ec36-b20e-47bc-9565-dd93ff5f2430 68700bcb12194dd6bd943511d0d3ccc2 76fa2ca705084704b82bedda6d8bcea5 - - 0a4a1addd37f4199948512cdbd58b113 0a4a1addd37f4199948512cdbd58b113] 10.0.0.253 "GET /resource_providers/1fd0d527-7fac-44cc-82b0-4e09b2db17ca/aggregates" status: 404 len: 235 microversion: 1.1 [pid: 7|app: 0|req: 442/895] 10.0.0.253 () {32 vars in 815 bytes} [Thu Jul 16 03:50:48 2026] GET /resource_providers/1fd0d527-7fac-44cc-82b0-4e09b2db17ca/aggregates => generated 235 bytes in 8 msecs (HTTP/1.1 404) 5 headers in 202 bytes (1 switches on core 0)
2026-07-16 03:50:48.083 8 INFO placement.requestlog [None req-8d48d075-2b07-4b7f-8015-31af8c0c8272 68700bcb12194dd6bd943511d0d3ccc2 76fa2ca705084704b82bedda6d8bcea5 - - 0a4a1addd37f4199948512cdbd58b113 0a4a1addd37f4199948512cdbd58b113] 10.0.0.253 "DELETE /resource_providers/1fd0d527-7fac-44cc-82b0-4e09b2db17ca" status: 404 len: 246 microversion: 1.1 [pid: 8|app: 0|req: 454/896] 10.0.0.253 () {34 vars in 815 bytes} [Thu Jul 16 03:50:48 2026] DELETE /resource_providers/1fd0d527-7fac-44cc-82b0-4e09b2db17ca => generated 246 bytes in 12 msecs (HTTP/1.1 404) 6 headers in 231 bytes (1 switches on core 0)
2026-07-16 03:50:48.093 7 INFO placement.requestlog [None req-0c83fa0c-0e3d-45f6-849a-4b775d60ac20 68700bcb12194dd6bd943511d0d3ccc2 76fa2ca705084704b82bedda6d8bcea5 - - 0a4a1addd37f4199948512cdbd58b113 0a4a1addd37f4199948512cdbd58b113] 10.0.0.253 "DELETE /resource_providers/1fd0d527-7fac-44cc-82b0-4e09b2db17ca" status: 404 len: 246 microversion: 1.1 [pid: 7|app: 0|req: 443/897] 10.0.0.253 () {34 vars in 815 bytes} [Thu Jul 16 03:50:48 2026] DELETE /resource_providers/1fd0d527-7fac-44cc-82b0-4e09b2db17ca => generated 246 bytes in 9 msecs (HTTP/1.1 404) 6 headers in 231 bytes (1 switches on core 0)
2026-07-16 03:50:48.620 8 INFO placement.requestlog [req-b895f033-2206-43fd-aff7-c00a9f86dfb8 req-d502451f-736f-4633-a841-439d206870b8 18259e6350d643899bb1b01340ce7586 76fa2ca705084704b82bedda6d8bcea5 - - 0a4a1addd37f4199948512cdbd58b113 0a4a1addd37f4199948512cdbd58b113] 199.19.213.163 "GET /resource_providers/a96176ad-ec24-4e70-a7e0-c8b19c7190d1/allocations" status: 200 len: 152 microversion: 1.0 [pid: 8|app: 0|req: 455/898] 199.19.213.163 () {32 vars in 856 bytes} [Thu Jul 16 03:50:48 2026] GET /resource_providers/a96176ad-ec24-4e70-a7e0-c8b19c7190d1/allocations => generated 152 bytes in 31 msecs (HTTP/1.1 200) 6 headers in 224 bytes (1 switches on core 0)
2026-07-16 03:50:48.648 7 INFO placement.requestlog [req-b895f033-2206-43fd-aff7-c00a9f86dfb8 req-cc645656-28e2-4732-bd58-944dfa264312 18259e6350d643899bb1b01340ce7586 76fa2ca705084704b82bedda6d8bcea5 - - 0a4a1addd37f4199948512cdbd58b113 0a4a1addd37f4199948512cdbd58b113] 199.19.213.163 "GET /allocations/dcc7e43e-7aeb-4bff-aac0-1355db02de84" status: 200 len: 257 microversion: 1.28 [pid: 7|app: 0|req: 444/899] 199.19.213.163 () {34 vars in 862 bytes} [Thu Jul 16 03:50:48 2026] GET /allocations/dcc7e43e-7aeb-4bff-aac0-1355db02de84 => generated 257 bytes in 20 msecs (HTTP/1.1 200) 8 headers in 296 bytes (1 switches on core 0)
2026-07-16 03:50:48.726 8 INFO placement.requestlog [req-b895f033-2206-43fd-aff7-c00a9f86dfb8 req-a77ec128-c2e0-4f6a-bffd-346a9e27663e 18259e6350d643899bb1b01340ce7586 76fa2ca705084704b82bedda6d8bcea5 - - 0a4a1addd37f4199948512cdbd58b113 0a4a1addd37f4199948512cdbd58b113] 199.19.213.163 "DELETE /allocations/dcc7e43e-7aeb-4bff-aac0-1355db02de84" status: 204 len: 0 microversion: 1.0 [pid: 8|app: 0|req: 456/900] 199.19.213.163 () {34 vars in 840 bytes} [Thu Jul 16 03:50:48 2026] DELETE /allocations/dcc7e43e-7aeb-4bff-aac0-1355db02de84 => generated 0 bytes in 26 msecs (HTTP/1.1 204) 5 headers in 198 bytes (1 switches on core 0)
2026-07-16 03:50:50.504 7 INFO placement.requestlog [None req-eba4bd41-d03d-4236-8dda-c6a96dd7e672 68700bcb12194dd6bd943511d0d3ccc2 76fa2ca705084704b82bedda6d8bcea5 - - 0a4a1addd37f4199948512cdbd58b113 0a4a1addd37f4199948512cdbd58b113] 10.0.0.253 "GET /resource_providers/98a442c9-e0c4-4045-a9ef-7067485610fa/aggregates" status: 404 len: 235 microversion: 1.1 [pid: 7|app: 0|req: 445/901] 10.0.0.253 () {32 vars in 815 bytes} [Thu Jul 16 03:50:50 2026] GET /resource_providers/98a442c9-e0c4-4045-a9ef-7067485610fa/aggregates => generated 235 bytes in 10 msecs (HTTP/1.1 404) 5 headers in 202 bytes (1 switches on core 0)
2026-07-16 03:50:50.519 8 INFO placement.requestlog [None req-e4a77d4d-3516-4ca0-863f-19a4d8a909e2 68700bcb12194dd6bd943511d0d3ccc2 76fa2ca705084704b82bedda6d8bcea5 - - 0a4a1addd37f4199948512cdbd58b113 0a4a1addd37f4199948512cdbd58b113] 10.0.0.253 "GET /resource_providers/98a442c9-e0c4-4045-a9ef-7067485610fa/aggregates" status: 404 len: 235 microversion: 1.1 [pid: 8|app: 0|req: 457/902] 10.0.0.253 () {32 vars in 815 bytes} [Thu Jul 16 03:50:50 2026] GET /resource_providers/98a442c9-e0c4-4045-a9ef-7067485610fa/aggregates => generated 235 bytes in 20 msecs (HTTP/1.1 404) 5 headers in 202 bytes (1 switches on core 0)
2026-07-16 03:50:50.532 7 INFO placement.requestlog [None req-77a756c7-06a2-4857-acc4-7660f4216ba5 68700bcb12194dd6bd943511d0d3ccc2 76fa2ca705084704b82bedda6d8bcea5 - - 0a4a1addd37f4199948512cdbd58b113 0a4a1addd37f4199948512cdbd58b113] 10.0.0.253 "DELETE /resource_providers/98a442c9-e0c4-4045-a9ef-7067485610fa" status: 404 len: 246 microversion: 1.1 [pid: 7|app: 0|req: 446/903] 10.0.0.253 () {34 vars in 815 bytes} [Thu Jul 16 03:50:50 2026] DELETE /resource_providers/98a442c9-e0c4-4045-a9ef-7067485610fa => generated 246 bytes in 11 msecs (HTTP/1.1 404) 6 headers in 231 bytes (1 switches on core 0)
2026-07-16 03:50:50.537 8 INFO placement.requestlog [None req-09514139-67e4-4301-ae9c-58759c6511e4 68700bcb12194dd6bd943511d0d3ccc2 76fa2ca705084704b82bedda6d8bcea5 - - 0a4a1addd37f4199948512cdbd58b113 0a4a1addd37f4199948512cdbd58b113] 10.0.0.253 "DELETE /resource_providers/98a442c9-e0c4-4045-a9ef-7067485610fa" status: 404 len: 246 microversion: 1.1 [pid: 8|app: 0|req: 458/904] 10.0.0.253 () {34 vars in 815 bytes} [Thu Jul 16 03:50:50 2026] DELETE /resource_providers/98a442c9-e0c4-4045-a9ef-7067485610fa => generated 246 bytes in 11 msecs (HTTP/1.1 404) 6 headers in 231 bytes (1 switches on core 0)
2026-07-16 03:50:50.757 7 INFO placement.requestlog [None req-3460a8f4-76b8-4c43-8b45-a45015dea59d - - - - - -] 10.0.0.111 "GET /" status: 200 len: 136 microversion: 1.0
2026-07-16 03:50:50.758 8 INFO placement.requestlog [None req-f13cb4e1-277c-4324-bf84-0609883f2d3d - - - - - -] 10.0.0.111 "GET /" status: 200 len: 136 microversion: 1.0
2026-07-16 03:50:51.012 8 INFO placement.requestlog [None req-63b37c3d-0e9f-462a-9dcb-4998faa965a7 68700bcb12194dd6bd943511d0d3ccc2 76fa2ca705084704b82bedda6d8bcea5 - - 0a4a1addd37f4199948512cdbd58b113 0a4a1addd37f4199948512cdbd58b113] 10.0.0.253 "GET /resource_providers/e397dfd2-4bed-4e11-912d-26ae86b55208/aggregates" status: 404 len: 235 microversion: 1.1 [pid: 8|app: 0|req: 460/907] 10.0.0.253 () {32 vars in 815 bytes} [Thu Jul 16 03:50:51 2026] GET /resource_providers/e397dfd2-4bed-4e11-912d-26ae86b55208/aggregates => generated 235 bytes in 11 msecs (HTTP/1.1 404) 5 headers in 202 bytes (1 switches on core 0)
2026-07-16 03:50:51.016 7 INFO placement.requestlog [None req-c07d87c9-5fae-48d5-9679-1b515451ac49 68700bcb12194dd6bd943511d0d3ccc2 76fa2ca705084704b82bedda6d8bcea5 - - 0a4a1addd37f4199948512cdbd58b113 0a4a1addd37f4199948512cdbd58b113] 10.0.0.253 "GET /resource_providers/e397dfd2-4bed-4e11-912d-26ae86b55208/aggregates" status: 404 len: 235 microversion: 1.1 [pid: 7|app: 0|req: 448/908] 10.0.0.253 () {32 vars in 815 bytes} [Thu Jul 16 03:50:51 2026] GET /resource_providers/e397dfd2-4bed-4e11-912d-26ae86b55208/aggregates => generated 235 bytes in 16 msecs (HTTP/1.1 404) 5 headers in 202 bytes (1 switches on core 0)
2026-07-16 03:50:51.041 7 INFO placement.requestlog [None req-9298c8f1-0dc3-42a1-91c7-a639f6d61f7e 68700bcb12194dd6bd943511d0d3ccc2 76fa2ca705084704b82bedda6d8bcea5 - - 0a4a1addd37f4199948512cdbd58b113 0a4a1addd37f4199948512cdbd58b113] 10.0.0.253 "DELETE /resource_providers/e397dfd2-4bed-4e11-912d-26ae86b55208" status: 404 len: 246 microversion: 1.1 [pid: 7|app: 0|req: 449/909] 10.0.0.253 () {34 vars in 815 bytes} [Thu Jul 16 03:50:51 2026] DELETE /resource_providers/e397dfd2-4bed-4e11-912d-26ae86b55208 => generated 246 bytes in 10 msecs (HTTP/1.1 404) 6 headers in 231 bytes (1 switches on core 0)
2026-07-16 03:50:51.085 8 INFO placement.requestlog [None req-f1aed37d-25a5-42f1-941a-5f11158e7df5 68700bcb12194dd6bd943511d0d3ccc2 76fa2ca705084704b82bedda6d8bcea5 - - 0a4a1addd37f4199948512cdbd58b113 0a4a1addd37f4199948512cdbd58b113] 10.0.0.253 "DELETE /resource_providers/e397dfd2-4bed-4e11-912d-26ae86b55208" status: 404 len: 246 microversion: 1.1 [pid: 8|app: 0|req: 461/910] 10.0.0.253 () {34 vars in 815 bytes} [Thu Jul 16 03:50:51 2026] DELETE /resource_providers/e397dfd2-4bed-4e11-912d-26ae86b55208 => generated 246 bytes in 55 msecs (HTTP/1.1 404) 6 headers in 231 bytes (1 switches on core 0)
2026-07-16 03:50:53.168 8 INFO placement.requestlog [None req-c8e36286-5a8b-4c3a-8c95-d5b03ad8dcc2 68700bcb12194dd6bd943511d0d3ccc2 76fa2ca705084704b82bedda6d8bcea5 - - 0a4a1addd37f4199948512cdbd58b113 0a4a1addd37f4199948512cdbd58b113] 10.0.0.253 "GET /resource_providers/c258f19c-003f-439c-80fc-df688085b959/aggregates" status: 404 len: 235 microversion: 1.1 [pid: 8|app: 0|req: 462/911] 10.0.0.253 () {32 vars in 815 bytes} [Thu Jul 16 03:50:53 2026] GET /resource_providers/c258f19c-003f-439c-80fc-df688085b959/aggregates => generated 235 bytes in 12 msecs (HTTP/1.1 404) 5 headers in 202 bytes (1 switches on core 0)
2026-07-16 03:50:53.169 7 INFO placement.requestlog [None req-e75b8a1a-cf13-4aec-ae1f-4399fdf06787 68700bcb12194dd6bd943511d0d3ccc2 76fa2ca705084704b82bedda6d8bcea5 - - 0a4a1addd37f4199948512cdbd58b113 0a4a1addd37f4199948512cdbd58b113] 10.0.0.253 "GET /resource_providers/c258f19c-003f-439c-80fc-df688085b959/aggregates" status: 404 len: 235 microversion: 1.1 [pid: 7|app: 0|req: 450/912] 10.0.0.253 () {32 vars in 815 bytes} [Thu Jul 16 03:50:53 2026] GET /resource_providers/c258f19c-003f-439c-80fc-df688085b959/aggregates => generated 235 bytes in 12 msecs (HTTP/1.1 404) 5 headers in 202 bytes (1 switches on core 0)
2026-07-16 03:50:53.193 8 INFO placement.requestlog [None req-04e2ea56-fd30-46f2-a1d1-e1d875f67d3d 68700bcb12194dd6bd943511d0d3ccc2 76fa2ca705084704b82bedda6d8bcea5 - - 0a4a1addd37f4199948512cdbd58b113 0a4a1addd37f4199948512cdbd58b113] 10.0.0.253 "DELETE /resource_providers/c258f19c-003f-439c-80fc-df688085b959" status: 404 len: 246 microversion: 1.1 [pid: 8|app: 0|req: 463/913] 10.0.0.253 () {34 vars in 815 bytes} [Thu Jul 16 03:50:53 2026] DELETE /resource_providers/c258f19c-003f-439c-80fc-df688085b959 => generated 246 bytes in 13 msecs (HTTP/1.1 404) 6 headers in 231 bytes (1 switches on core 0)
2026-07-16 03:50:53.197 7 INFO placement.requestlog [None req-b9a6db31-6eec-4fab-9cee-f2aa5aed10ba 68700bcb12194dd6bd943511d0d3ccc2 76fa2ca705084704b82bedda6d8bcea5 - - 0a4a1addd37f4199948512cdbd58b113 0a4a1addd37f4199948512cdbd58b113] 10.0.0.253 "DELETE /resource_providers/c258f19c-003f-439c-80fc-df688085b959" status: 404 len: 246 microversion: 1.1 [pid: 7|app: 0|req: 451/914] 10.0.0.253 () {34 vars in 815 bytes} [Thu Jul 16 03:50:53 2026] DELETE /resource_providers/c258f19c-003f-439c-80fc-df688085b959 => generated 246 bytes in 16 msecs (HTTP/1.1 404) 6 headers in 231 bytes (1 switches on core 0)
2026-07-16 03:50:53.212 8 INFO placement.requestlog [None req-da3b6967-eca3-4866-be81-78fd9c8c7305 68700bcb12194dd6bd943511d0d3ccc2 76fa2ca705084704b82bedda6d8bcea5 - - 0a4a1addd37f4199948512cdbd58b113 0a4a1addd37f4199948512cdbd58b113] 10.0.0.253 "GET /resource_providers/e7dcf2c8-6a87-436f-9f71-6776ea1dc13c/aggregates" status: 404 len: 235 microversion: 1.1 [pid: 8|app: 0|req: 464/915] 10.0.0.253 () {32 vars in 815 bytes} [Thu Jul 16 03:50:53 2026] GET /resource_providers/e7dcf2c8-6a87-436f-9f71-6776ea1dc13c/aggregates => generated 235 bytes in 12 msecs (HTTP/1.1 404) 5 headers in 202 bytes (1 switches on core 0)
2026-07-16 03:50:53.214 7 INFO placement.requestlog [None req-ac5b019e-a14b-4c3e-8197-a947bcb7e107 68700bcb12194dd6bd943511d0d3ccc2 76fa2ca705084704b82bedda6d8bcea5 - - 0a4a1addd37f4199948512cdbd58b113 0a4a1addd37f4199948512cdbd58b113] 10.0.0.253 "GET /resource_providers/e7dcf2c8-6a87-436f-9f71-6776ea1dc13c/aggregates" status: 404 len: 235 microversion: 1.1 [pid: 7|app: 0|req: 452/916] 10.0.0.253 () {32 vars in 815 bytes} [Thu Jul 16 03:50:53 2026] GET /resource_providers/e7dcf2c8-6a87-436f-9f71-6776ea1dc13c/aggregates => generated 235 bytes in 9 msecs (HTTP/1.1 404) 5 headers in 202 bytes (1 switches on core 0)
2026-07-16 03:50:53.231 7 INFO placement.requestlog [None req-0ef18b13-2f20-44b7-a7f3-8454046c6f63 68700bcb12194dd6bd943511d0d3ccc2 76fa2ca705084704b82bedda6d8bcea5 - - 0a4a1addd37f4199948512cdbd58b113 0a4a1addd37f4199948512cdbd58b113] 10.0.0.253 "DELETE /resource_providers/e7dcf2c8-6a87-436f-9f71-6776ea1dc13c" status: 404 len: 246 microversion: 1.1 [pid: 7|app: 0|req: 453/917] 10.0.0.253 () {34 vars in 815 bytes} [Thu Jul 16 03:50:53 2026] DELETE /resource_providers/e7dcf2c8-6a87-436f-9f71-6776ea1dc13c => generated 246 bytes in 8 msecs (HTTP/1.1 404) 6 headers in 231 bytes (1 switches on core 0)
2026-07-16 03:50:53.233 8 INFO placement.requestlog [None req-01a7ef9d-c42b-4621-afe9-941261a3d00a 68700bcb12194dd6bd943511d0d3ccc2 76fa2ca705084704b82bedda6d8bcea5 - - 0a4a1addd37f4199948512cdbd58b113 0a4a1addd37f4199948512cdbd58b113] 10.0.0.253 "DELETE /resource_providers/e7dcf2c8-6a87-436f-9f71-6776ea1dc13c" status: 404 len: 246 microversion: 1.1 [pid: 8|app: 0|req: 465/918] 10.0.0.253 () {34 vars in 815 bytes} [Thu Jul 16 03:50:53 2026] DELETE /resource_providers/e7dcf2c8-6a87-436f-9f71-6776ea1dc13c => generated 246 bytes in 11 msecs (HTTP/1.1 404) 6 headers in 231 bytes (1 switches on core 0)
2026-07-16 03:50:53.392 7 INFO placement.requestlog [None req-154d49c9-e33a-4425-bc8e-9751fa300d2f 68700bcb12194dd6bd943511d0d3ccc2 76fa2ca705084704b82bedda6d8bcea5 - - 0a4a1addd37f4199948512cdbd58b113 0a4a1addd37f4199948512cdbd58b113] 10.0.0.253 "GET /resource_providers/2a89c505-ac95-49b3-92f1-ef5b2dfe4976/aggregates" status: 404 len: 235 microversion: 1.1 [pid: 7|app: 0|req: 454/919] 10.0.0.253 () {32 vars in 815 bytes} [Thu Jul 16 03:50:53 2026] GET /resource_providers/2a89c505-ac95-49b3-92f1-ef5b2dfe4976/aggregates => generated 235 bytes in 12 msecs (HTTP/1.1 404) 5 headers in 202 bytes (1 switches on core 0)
2026-07-16 03:50:53.393 8 INFO placement.requestlog [None req-b11e8bf9-9f65-4ae2-a9ce-ef79f34b8469 68700bcb12194dd6bd943511d0d3ccc2 76fa2ca705084704b82bedda6d8bcea5 - - 0a4a1addd37f4199948512cdbd58b113 0a4a1addd37f4199948512cdbd58b113] 10.0.0.253 "GET /resource_providers/2a89c505-ac95-49b3-92f1-ef5b2dfe4976/aggregates" status: 404 len: 235 microversion: 1.1 [pid: 8|app: 0|req: 466/920] 10.0.0.253 () {32 vars in 815 bytes} [Thu Jul 16 03:50:53 2026] GET /resource_providers/2a89c505-ac95-49b3-92f1-ef5b2dfe4976/aggregates => generated 235 bytes in 12 msecs (HTTP/1.1 404) 5 headers in 202 bytes (1 switches on core 0)
2026-07-16 03:50:53.421 8 INFO placement.requestlog [None req-10ebe9b9-86ff-4e92-b420-1ab29d1f5f78 68700bcb12194dd6bd943511d0d3ccc2 76fa2ca705084704b82bedda6d8bcea5 - - 0a4a1addd37f4199948512cdbd58b113 0a4a1addd37f4199948512cdbd58b113] 10.0.0.253 "DELETE /resource_providers/2a89c505-ac95-49b3-92f1-ef5b2dfe4976" status: 404 len: 246 microversion: 1.1 [pid: 8|app: 0|req: 467/921] 10.0.0.253 () {34 vars in 815 bytes} [Thu Jul 16 03:50:53 2026] DELETE /resource_providers/2a89c505-ac95-49b3-92f1-ef5b2dfe4976 => generated 246 bytes in 12 msecs (HTTP/1.1 404) 6 headers in 231 bytes (1 switches on core 0)
2026-07-16 03:50:53.423 7 INFO placement.requestlog [None req-dcf546f2-cb15-4ea4-a44f-d9109a23d315 68700bcb12194dd6bd943511d0d3ccc2 76fa2ca705084704b82bedda6d8bcea5 - - 0a4a1addd37f4199948512cdbd58b113 0a4a1addd37f4199948512cdbd58b113] 10.0.0.253 "DELETE /resource_providers/2a89c505-ac95-49b3-92f1-ef5b2dfe4976" status: 404 len: 246 microversion: 1.1 [pid: 7|app: 0|req: 455/922] 10.0.0.253 () {34 vars in 815 bytes} [Thu Jul 16 03:50:53 2026] DELETE /resource_providers/2a89c505-ac95-49b3-92f1-ef5b2dfe4976 => generated 246 bytes in 13 msecs (HTTP/1.1 404) 6 headers in 231 bytes (1 switches on core 0)
2026-07-16 03:50:55.718 8 INFO placement.requestlog [None req-2ac57994-023e-4530-b905-5b13bd97496d 68700bcb12194dd6bd943511d0d3ccc2 76fa2ca705084704b82bedda6d8bcea5 - - 0a4a1addd37f4199948512cdbd58b113 0a4a1addd37f4199948512cdbd58b113] 10.0.0.253 "GET /resource_providers/1810d373-0ea2-4de4-b3b9-75ccf14cc670/aggregates" status: 404 len: 235 microversion: 1.1 [pid: 8|app: 0|req: 468/923] 10.0.0.253 () {32 vars in 815 bytes} [Thu Jul 16 03:50:55 2026] GET /resource_providers/1810d373-0ea2-4de4-b3b9-75ccf14cc670/aggregates => generated 235 bytes in 12 msecs (HTTP/1.1 404) 5 headers in 202 bytes (1 switches on core 0)
2026-07-16 03:50:55.719 7 INFO placement.requestlog [None req-a808bacb-222a-4c90-bf7c-3530606e4ac9 68700bcb12194dd6bd943511d0d3ccc2 76fa2ca705084704b82bedda6d8bcea5 - - 0a4a1addd37f4199948512cdbd58b113 0a4a1addd37f4199948512cdbd58b113] 10.0.0.253 "GET /resource_providers/1810d373-0ea2-4de4-b3b9-75ccf14cc670/aggregates" status: 404 len: 235 microversion: 1.1 [pid: 7|app: 0|req: 456/924] 10.0.0.253 () {32 vars in 815 bytes} [Thu Jul 16 03:50:55 2026] GET /resource_providers/1810d373-0ea2-4de4-b3b9-75ccf14cc670/aggregates => generated 235 bytes in 13 msecs (HTTP/1.1 404) 5 headers in 202 bytes (1 switches on core 0)
2026-07-16 03:50:55.742 8 INFO placement.requestlog [None req-bc650c01-7db6-429d-b0df-2075906399f7 68700bcb12194dd6bd943511d0d3ccc2 76fa2ca705084704b82bedda6d8bcea5 - - 0a4a1addd37f4199948512cdbd58b113 0a4a1addd37f4199948512cdbd58b113] 10.0.0.253 "DELETE /resource_providers/1810d373-0ea2-4de4-b3b9-75ccf14cc670" status: 404 len: 246 microversion: 1.1 [pid: 8|app: 0|req: 469/925] 10.0.0.253 () {34 vars in 815 bytes} [Thu Jul 16 03:50:55 2026] DELETE /resource_providers/1810d373-0ea2-4de4-b3b9-75ccf14cc670 => generated 246 bytes in 9 msecs (HTTP/1.1 404) 6 headers in 231 bytes (1 switches on core 0)
2026-07-16 03:50:55.747 7 INFO placement.requestlog [None req-d7a765b7-4d83-4a2d-be36-0c8bf8b8204b 68700bcb12194dd6bd943511d0d3ccc2 76fa2ca705084704b82bedda6d8bcea5 - - 0a4a1addd37f4199948512cdbd58b113 0a4a1addd37f4199948512cdbd58b113] 10.0.0.253 "DELETE /resource_providers/1810d373-0ea2-4de4-b3b9-75ccf14cc670" status: 404 len: 246 microversion: 1.1 [pid: 7|app: 0|req: 457/926] 10.0.0.253 () {34 vars in 815 bytes} [Thu Jul 16 03:50:55 2026] DELETE /resource_providers/1810d373-0ea2-4de4-b3b9-75ccf14cc670 => generated 246 bytes in 13 msecs (HTTP/1.1 404) 6 headers in 231 bytes (1 switches on core 0)
2026-07-16 03:51:00.757 7 INFO placement.requestlog [None req-d155164c-abbc-42bc-ad73-0abda452ca1c - - - - - -] 10.0.0.111 "GET /" status: 200 len: 136 microversion: 1.0
2026-07-16 03:51:00.757 8 INFO placement.requestlog [None req-4377d8be-1fb5-4032-9282-8e18be5c25da - - - - - -] 10.0.0.111 "GET /" status: 200 len: 136 microversion: 1.0
2026-07-16 03:51:05.171 7 INFO placement.requestlog [None req-2794f121-2daf-469e-beef-8577441717eb 68700bcb12194dd6bd943511d0d3ccc2 76fa2ca705084704b82bedda6d8bcea5 - - 0a4a1addd37f4199948512cdbd58b113 0a4a1addd37f4199948512cdbd58b113] 10.0.0.253 "GET /resource_providers/c7edda4c-56a9-4b30-b7df-4b50349f1de8/aggregates" status: 404 len: 235 microversion: 1.1
2026-07-16 03:51:05.171 8 INFO placement.requestlog [None req-fdbd9fd0-0090-455d-bc1a-989bbb9f5bed 68700bcb12194dd6bd943511d0d3ccc2 76fa2ca705084704b82bedda6d8bcea5 - - 0a4a1addd37f4199948512cdbd58b113 0a4a1addd37f4199948512cdbd58b113] 10.0.0.253 "GET /resource_providers/c7edda4c-56a9-4b30-b7df-4b50349f1de8/aggregates" status: 404 len: 235 microversion: 1.1 [pid: 8|app: 0|req: 471/929] 10.0.0.253 () {32 vars in 815 bytes} [Thu Jul 16 03:51:05 2026] GET /resource_providers/c7edda4c-56a9-4b30-b7df-4b50349f1de8/aggregates => generated 235 bytes in 17 msecs (HTTP/1.1 404) 5 headers in 202 bytes (1 switches on core 0) [pid: 7|app: 0|req: 459/930] 10.0.0.253 () {32 vars in 815 bytes} [Thu Jul 16 03:51:05 2026] GET /resource_providers/c7edda4c-56a9-4b30-b7df-4b50349f1de8/aggregates => generated 235 bytes in 18 msecs (HTTP/1.1 404) 5 headers in 202 bytes (1 switches on core 0)
2026-07-16 03:51:05.198 8 INFO placement.requestlog [None req-f22d5162-1b4a-4f0c-a3ab-9674c1ac85b3 68700bcb12194dd6bd943511d0d3ccc2 76fa2ca705084704b82bedda6d8bcea5 - - 0a4a1addd37f4199948512cdbd58b113 0a4a1addd37f4199948512cdbd58b113] 10.0.0.253 "DELETE /resource_providers/c7edda4c-56a9-4b30-b7df-4b50349f1de8" status: 404 len: 246 microversion: 1.1 [pid: 8|app: 0|req: 472/931] 10.0.0.253 () {34 vars in 815 bytes} [Thu Jul 16 03:51:05 2026] DELETE /resource_providers/c7edda4c-56a9-4b30-b7df-4b50349f1de8 => generated 246 bytes in 13 msecs (HTTP/1.1 404) 6 headers in 231 bytes (1 switches on core 0)
2026-07-16 03:51:05.201 7 INFO placement.requestlog [None req-c6bac126-ddcd-4acf-b255-7b452ede192e 68700bcb12194dd6bd943511d0d3ccc2 76fa2ca705084704b82bedda6d8bcea5 - - 0a4a1addd37f4199948512cdbd58b113 0a4a1addd37f4199948512cdbd58b113] 10.0.0.253 "DELETE /resource_providers/c7edda4c-56a9-4b30-b7df-4b50349f1de8" status: 404 len: 246 microversion: 1.1 [pid: 7|app: 0|req: 460/932] 10.0.0.253 () {34 vars in 815 bytes} [Thu Jul 16 03:51:05 2026] DELETE /resource_providers/c7edda4c-56a9-4b30-b7df-4b50349f1de8 => generated 246 bytes in 14 msecs (HTTP/1.1 404) 6 headers in 231 bytes (1 switches on core 0)
2026-07-16 03:51:07.234 8 INFO placement.requestlog [None req-ffed1f86-bf94-4078-b918-30e3c39de292 68700bcb12194dd6bd943511d0d3ccc2 76fa2ca705084704b82bedda6d8bcea5 - - 0a4a1addd37f4199948512cdbd58b113 0a4a1addd37f4199948512cdbd58b113] 10.0.0.253 "GET /resource_providers/344bbae7-2c4a-4964-824d-b1795ebf4b2c/aggregates" status: 404 len: 235 microversion: 1.1 [pid: 8|app: 0|req: 473/933] 10.0.0.253 () {32 vars in 815 bytes} [Thu Jul 16 03:51:07 2026] GET /resource_providers/344bbae7-2c4a-4964-824d-b1795ebf4b2c/aggregates => generated 235 bytes in 15 msecs (HTTP/1.1 404) 5 headers in 202 bytes (1 switches on core 0)
2026-07-16 03:51:07.244 7 INFO placement.requestlog [None req-1efb8bbc-1e05-4ea4-8064-711db234f8a6 68700bcb12194dd6bd943511d0d3ccc2 76fa2ca705084704b82bedda6d8bcea5 - - 0a4a1addd37f4199948512cdbd58b113 0a4a1addd37f4199948512cdbd58b113] 10.0.0.253 "GET /resource_providers/344bbae7-2c4a-4964-824d-b1795ebf4b2c/aggregates" status: 404 len: 235 microversion: 1.1 [pid: 7|app: 0|req: 461/934] 10.0.0.253 () {32 vars in 815 bytes} [Thu Jul 16 03:51:07 2026] GET /resource_providers/344bbae7-2c4a-4964-824d-b1795ebf4b2c/aggregates => generated 235 bytes in 26 msecs (HTTP/1.1 404) 5 headers in 202 bytes (1 switches on core 0)
2026-07-16 03:51:07.261 8 INFO placement.requestlog [None req-b36206d0-a6a2-42eb-818e-85d8f9b2bd15 68700bcb12194dd6bd943511d0d3ccc2 76fa2ca705084704b82bedda6d8bcea5 - - 0a4a1addd37f4199948512cdbd58b113 0a4a1addd37f4199948512cdbd58b113] 10.0.0.253 "DELETE /resource_providers/344bbae7-2c4a-4964-824d-b1795ebf4b2c" status: 404 len: 246 microversion: 1.1 [pid: 8|app: 0|req: 474/935] 10.0.0.253 () {34 vars in 815 bytes} [Thu Jul 16 03:51:07 2026] DELETE /resource_providers/344bbae7-2c4a-4964-824d-b1795ebf4b2c => generated 246 bytes in 18 msecs (HTTP/1.1 404) 6 headers in 231 bytes (1 switches on core 0)
2026-07-16 03:51:07.267 7 INFO placement.requestlog [None req-7a00be32-4b48-43d7-9bcb-f289e30a9c3e 68700bcb12194dd6bd943511d0d3ccc2 76fa2ca705084704b82bedda6d8bcea5 - - 0a4a1addd37f4199948512cdbd58b113 0a4a1addd37f4199948512cdbd58b113] 10.0.0.253 "DELETE /resource_providers/344bbae7-2c4a-4964-824d-b1795ebf4b2c" status: 404 len: 246 microversion: 1.1 [pid: 7|app: 0|req: 462/936] 10.0.0.253 () {34 vars in 815 bytes} [Thu Jul 16 03:51:07 2026] DELETE /resource_providers/344bbae7-2c4a-4964-824d-b1795ebf4b2c => generated 246 bytes in 16 msecs (HTTP/1.1 404) 6 headers in 231 bytes (1 switches on core 0)
2026-07-16 03:51:07.279 8 INFO placement.requestlog [None req-39615c0b-6b4b-4783-b33b-cc33edffd544 68700bcb12194dd6bd943511d0d3ccc2 76fa2ca705084704b82bedda6d8bcea5 - - 0a4a1addd37f4199948512cdbd58b113 0a4a1addd37f4199948512cdbd58b113] 10.0.0.253 "GET /resource_providers/a53ca48a-bf04-4093-9762-b30ba282e8f3/aggregates" status: 404 len: 235 microversion: 1.1 [pid: 8|app: 0|req: 475/937] 10.0.0.253 () {32 vars in 815 bytes} [Thu Jul 16 03:51:07 2026] GET /resource_providers/a53ca48a-bf04-4093-9762-b30ba282e8f3/aggregates => generated 235 bytes in 11 msecs (HTTP/1.1 404) 5 headers in 202 bytes (1 switches on core 0)
2026-07-16 03:51:07.293 8 INFO placement.requestlog [None req-ea025101-cda0-48cb-8745-82266c49ca21 68700bcb12194dd6bd943511d0d3ccc2 76fa2ca705084704b82bedda6d8bcea5 - - 0a4a1addd37f4199948512cdbd58b113 0a4a1addd37f4199948512cdbd58b113] 10.0.0.253 "DELETE /resource_providers/a53ca48a-bf04-4093-9762-b30ba282e8f3" status: 404 len: 246 microversion: 1.1 [pid: 8|app: 0|req: 476/938] 10.0.0.253 () {34 vars in 815 bytes} [Thu Jul 16 03:51:07 2026] DELETE /resource_providers/a53ca48a-bf04-4093-9762-b30ba282e8f3 => generated 246 bytes in 9 msecs (HTTP/1.1 404) 6 headers in 231 bytes (1 switches on core 0)
2026-07-16 03:51:07.300 7 INFO placement.requestlog [None req-0bce357d-990e-4514-a4d9-edac08736c6c 68700bcb12194dd6bd943511d0d3ccc2 76fa2ca705084704b82bedda6d8bcea5 - - 0a4a1addd37f4199948512cdbd58b113 0a4a1addd37f4199948512cdbd58b113] 10.0.0.253 "GET /resource_providers/a53ca48a-bf04-4093-9762-b30ba282e8f3/aggregates" status: 404 len: 235 microversion: 1.1 [pid: 7|app: 0|req: 463/939] 10.0.0.253 () {32 vars in 815 bytes} [Thu Jul 16 03:51:07 2026] GET /resource_providers/a53ca48a-bf04-4093-9762-b30ba282e8f3/aggregates => generated 235 bytes in 22 msecs (HTTP/1.1 404) 5 headers in 202 bytes (1 switches on core 0)
