+ COMMAND=start + start + for KEYSTONE_WSGI_SCRIPT in keystone-wsgi-public ++ type -p keystone-wsgi-public + cp -a /var/lib/openstack/bin/keystone-wsgi-public /var/www/cgi-bin/keystone/ + '[' -f /etc/apache2/envvars ']' + source /etc/apache2/envvars ++ unset HOME ++ '[' '' '!=' '' ']' ++ SUFFIX= ++ export APACHE_RUN_USER=www-data ++ APACHE_RUN_USER=www-data ++ export APACHE_RUN_GROUP=www-data ++ APACHE_RUN_GROUP=www-data ++ export APACHE_PID_FILE=/var/run/apache2/apache2.pid ++ APACHE_PID_FILE=/var/run/apache2/apache2.pid ++ export APACHE_RUN_DIR=/var/run/apache2 ++ APACHE_RUN_DIR=/var/run/apache2 ++ export APACHE_LOCK_DIR=/var/lock/apache2 ++ APACHE_LOCK_DIR=/var/lock/apache2 ++ export APACHE_LOG_DIR=/var/log/apache2 ++ APACHE_LOG_DIR=/var/log/apache2 ++ export LANG=C ++ LANG=C ++ export LANG + '[' -f /var/run/apache2/apache2.pid ']' + exec apache2 -DFOREGROUND AH00558: apache2: Could not reliably determine the server's fully qualified domain name, using 10.0.0.40. Set the 'ServerName' directive globally to suppress this message AH00558: apache2: Could not reliably determine the server's fully qualified domain name, using 10.0.0.40. Set the 'ServerName' directive globally to suppress this message
[Wed Jul 15 14:41:43.600805 2026] [mpm_event:notice] [pid 1:tid 139814285301632] AH00489: Apache/2.4.58 (Ubuntu) mod_wsgi/5.0.0 Python/3.12 configured -- resuming normal operations
[Wed Jul 15 14:41:43.600940 2026] [core:notice] [pid 1:tid 139814285301632] AH00094: Command line: 'apache2 -D FOREGROUND'
[Wed Jul 15 14:42:44.725414 2026] [wsgi:error] [pid 11:tid 139813647480512] /var/lib/openstack/lib/python3.12/site-packages/oslo_utils/importutils.py:77: EventletDeprecationWarning:
[Wed Jul 15 14:42:44.725470 2026] [wsgi:error] [pid 11:tid 139813647480512] Eventlet is deprecated. It is currently being maintained in bugfix mode, and
[Wed Jul 15 14:42:44.725473 2026] [wsgi:error] [pid 11:tid 139813647480512] we strongly recommend against using it for new projects.
[Wed Jul 15 14:42:44.725474 2026] [wsgi:error] [pid 11:tid 139813647480512]
[Wed Jul 15 14:42:44.725476 2026] [wsgi:error] [pid 11:tid 139813647480512] If you are already using Eventlet, we recommend migrating to a different
[Wed Jul 15 14:42:44.725477 2026] [wsgi:error] [pid 11:tid 139813647480512] framework. For more detail see
[Wed Jul 15 14:42:44.725478 2026] [wsgi:error] [pid 11:tid 139813647480512] https://eventlet.readthedocs.io/en/latest/asyncio/migration.html
[Wed Jul 15 14:42:44.725479 2026] [wsgi:error] [pid 11:tid 139813647480512]
[Wed Jul 15 14:42:44.725480 2026] [wsgi:error] [pid 11:tid 139813647480512] __import__(import_str)
[Wed Jul 15 14:42:44.742759 2026] [wsgi:error] [pid 9:tid 139813647480512] /var/lib/openstack/lib/python3.12/site-packages/oslo_utils/importutils.py:77: EventletDeprecationWarning:
[Wed Jul 15 14:42:44.742807 2026] [wsgi:error] [pid 9:tid 139813647480512] Eventlet is deprecated. It is currently being maintained in bugfix mode, and
[Wed Jul 15 14:42:44.742809 2026] [wsgi:error] [pid 9:tid 139813647480512] we strongly recommend against using it for new projects.
[Wed Jul 15 14:42:44.742810 2026] [wsgi:error] [pid 9:tid 139813647480512]
[Wed Jul 15 14:42:44.742811 2026] [wsgi:error] [pid 9:tid 139813647480512] If you are already using Eventlet, we recommend migrating to a different
[Wed Jul 15 14:42:44.742813 2026] [wsgi:error] [pid 9:tid 139813647480512] framework. For more detail see
[Wed Jul 15 14:42:44.742814 2026] [wsgi:error] [pid 9:tid 139813647480512] https://eventlet.readthedocs.io/en/latest/asyncio/migration.html
[Wed Jul 15 14:42:44.742815 2026] [wsgi:error] [pid 9:tid 139813647480512]
[Wed Jul 15 14:42:44.742816 2026] [wsgi:error] [pid 9:tid 139813647480512] __import__(import_str) 10.0.0.42 - - [15/Jul/2026:14:42:43 +0000] "GET /v3/ HTTP/1.1" 200 249 10.0.0.42 - - [15/Jul/2026:14:42:43 +0000] "GET /v3/ HTTP/1.1" 200 249
[Wed Jul 15 14:42:50.365736 2026] [wsgi:error] [pid 10:tid 139813647480512] /var/lib/openstack/lib/python3.12/site-packages/oslo_utils/importutils.py:77: EventletDeprecationWarning:
[Wed Jul 15 14:42:50.365777 2026] [wsgi:error] [pid 10:tid 139813647480512] Eventlet is deprecated. It is currently being maintained in bugfix mode, and
[Wed Jul 15 14:42:50.365779 2026] [wsgi:error] [pid 10:tid 139813647480512] we strongly recommend against using it for new projects.
[Wed Jul 15 14:42:50.365780 2026] [wsgi:error] [pid 10:tid 139813647480512]
[Wed Jul 15 14:42:50.365782 2026] [wsgi:error] [pid 10:tid 139813647480512] If you are already using Eventlet, we recommend migrating to a different
[Wed Jul 15 14:42:50.365783 2026] [wsgi:error] [pid 10:tid 139813647480512] framework. For more detail see
[Wed Jul 15 14:42:50.365784 2026] [wsgi:error] [pid 10:tid 139813647480512] https://eventlet.readthedocs.io/en/latest/asyncio/migration.html
[Wed Jul 15 14:42:50.365785 2026] [wsgi:error] [pid 10:tid 139813647480512]
[Wed Jul 15 14:42:50.365786 2026] [wsgi:error] [pid 10:tid 139813647480512] __import__(import_str) 10.0.0.42 - - [15/Jul/2026:14:42:49 +0000] "GET /v3/ HTTP/1.1" 200 249
[Wed Jul 15 14:42:59.027008 2026] [wsgi:error] [pid 12:tid 139813647480512] /var/lib/openstack/lib/python3.12/site-packages/oslo_utils/importutils.py:77: EventletDeprecationWarning:
[Wed Jul 15 14:42:59.027152 2026] [wsgi:error] [pid 12:tid 139813647480512] Eventlet is deprecated. It is currently being maintained in bugfix mode, and
[Wed Jul 15 14:42:59.027171 2026] [wsgi:error] [pid 12:tid 139813647480512] we strongly recommend against using it for new projects.
[Wed Jul 15 14:42:59.027188 2026] [wsgi:error] [pid 12:tid 139813647480512]
[Wed Jul 15 14:42:59.027201 2026] [wsgi:error] [pid 12:tid 139813647480512] If you are already using Eventlet, we recommend migrating to a different
[Wed Jul 15 14:42:59.027214 2026] [wsgi:error] [pid 12:tid 139813647480512] framework. For more detail see
[Wed Jul 15 14:42:59.027226 2026] [wsgi:error] [pid 12:tid 139813647480512] https://eventlet.readthedocs.io/en/latest/asyncio/migration.html
[Wed Jul 15 14:42:59.027239 2026] [wsgi:error] [pid 12:tid 139813647480512]
[Wed Jul 15 14:42:59.027255 2026] [wsgi:error] [pid 12:tid 139813647480512] __import__(import_str) 10.0.0.178 - - [15/Jul/2026:14:42:58 +0000] "GET / HTTP/1.1" 300 295
[Wed Jul 15 14:43:04.034296 2026] [wsgi:error] [pid 9:tid 139813647480512] [remote 10.0.0.178:54816] 2026-07-15 14:43:04.031 9 WARNING keystone.identity.core [None req-02822c29-fb0c-4b15-8aa8-08a27f5e0237 - - - - - -] Invalid domain name (atmosphere) found in config file name: keystone.exception.DomainNotFound: Could not find domain: atmosphere.
[Wed Jul 15 14:43:04.094515 2026] [wsgi:error] [pid 9:tid 139813647480512] [remote 10.0.0.178:54816] 2026-07-15 14:43:04.094 9 WARNING keystone.common.password_hashing [None req-02822c29-fb0c-4b15-8aa8-08a27f5e0237 - - - - - -] Truncating password to algorithm specific maximum length 72 characters.
[Wed Jul 15 14:43:04.381822 2026] [wsgi:error] [pid 9:tid 139813647480512] [remote 10.0.0.178:54816] 2026-07-15 14:43:04.381 9 WARNING keystone.common.fernet_utils [None req-02822c29-fb0c-4b15-8aa8-08a27f5e0237 - - - - - -] key_repository is world readable: /etc/keystone/fernet-keys/ 10.0.0.178 - - [15/Jul/2026:14:43:03 +0000] "POST /v3/auth/tokens HTTP/1.1" 201 1360
[Wed Jul 15 14:43:04.814979 2026] [wsgi:error] [pid 11:tid 139813647480512] [remote 10.0.0.178:54816] 2026-07-15 14:43:04.811 11 WARNING keystone.identity.core [None req-5b745216-4d7b-44df-85b4-00f413be1ed9 - - - - - -] Invalid domain name (atmosphere) found in config file name: keystone.exception.DomainNotFound: Could not find domain: atmosphere. 10.0.0.178 - - [15/Jul/2026:14:43:04 +0000] "POST /v3/domains HTTP/1.1" 201 261 10.0.0.43 - - [15/Jul/2026:14:43:17 +0000] "GET / HTTP/1.1" 300 295
[Wed Jul 15 14:43:18.075747 2026] [wsgi:error] [pid 12:tid 139813647480512] [remote 10.0.0.43:50690] 2026-07-15 14:43:18.074 12 WARNING keystone.common.password_hashing [None req-046c2a7e-4457-4f79-b9ef-b40653343acc - - - - - -] Truncating password to algorithm specific maximum length 72 characters.
[Wed Jul 15 14:43:18.358159 2026] [wsgi:error] [pid 12:tid 139813647480512] [remote 10.0.0.43:50690] 2026-07-15 14:43:18.357 12 WARNING keystone.common.fernet_utils [None req-046c2a7e-4457-4f79-b9ef-b40653343acc - - - - - -] key_repository is world readable: /etc/keystone/fernet-keys/ 10.0.0.43 - - [15/Jul/2026:14:43:17 +0000] "POST /v3/auth/tokens HTTP/1.1" 201 1360 10.0.0.43 - - [15/Jul/2026:14:43:18 +0000] "GET /v3/roles/admin HTTP/1.1" 404 83
[Wed Jul 15 14:43:18.709075 2026] [wsgi:error] [pid 11:tid 139813647480512] [remote 10.0.0.43:50690] 2026-07-15 14:43:18.708 11 WARNING keystone.common.rbac_enforcer.enforcer [None req-292740f1-27cb-4b31-a745-31288d30bfde 2bf81cd29e534a2fb571209243dc6a3a 4f25768007ce44f99936ac662b1efbd1 - - default default] Deprecated policy rules found. Use oslopolicy-policy-generator and oslopolicy-policy-upgrade to detect and resolve deprecated policies in your configuration. 10.0.0.43 - - [15/Jul/2026:14:43:18 +0000] "GET /v3/roles?name=admin HTTP/1.1" 200 389
[Wed Jul 15 14:43:19.329339 2026] [wsgi:error] [pid 10:tid 139813647480512] [remote 10.0.0.43:50690] 2026-07-15 14:43:19.329 10 WARNING keystone.common.rbac_enforcer.enforcer [None req-12c00489-34ab-4c52-9b39-4a50a3a31565 2bf81cd29e534a2fb571209243dc6a3a 4f25768007ce44f99936ac662b1efbd1 - - default default] Deprecated policy rules found. Use oslopolicy-policy-generator and oslopolicy-policy-upgrade to detect and resolve deprecated policies in your configuration. 10.0.0.43 - - [15/Jul/2026:14:43:18 +0000] "GET /v3/users/admin-RegionOne HTTP/1.1" 404 93
[Wed Jul 15 14:43:19.604141 2026] [wsgi:error] [pid 12:tid 139813647480512] [remote 10.0.0.43:50690] 2026-07-15 14:43:19.603 12 WARNING keystone.common.rbac_enforcer.enforcer [None req-626ab069-2636-4ea4-8912-0872b57d6739 2bf81cd29e534a2fb571209243dc6a3a 4f25768007ce44f99936ac662b1efbd1 - - default default] Deprecated policy rules found. Use oslopolicy-policy-generator and oslopolicy-policy-upgrade to detect and resolve deprecated policies in your configuration. 10.0.0.43 - - [15/Jul/2026:14:43:19 +0000] "GET /v3/users?name=admin-RegionOne HTTP/1.1" 200 422
[Wed Jul 15 14:43:19.800063 2026] [wsgi:error] [pid 9:tid 139813647480512] [remote 10.0.0.43:50690] 2026-07-15 14:43:19.799 9 WARNING keystone.common.rbac_enforcer.enforcer [None req-bc1c4169-5c9b-42b9-a16e-76273c3c0a92 2bf81cd29e534a2fb571209243dc6a3a 4f25768007ce44f99936ac662b1efbd1 - - default default] Deprecated policy rules found. Use oslopolicy-policy-generator and oslopolicy-policy-upgrade to detect and resolve deprecated policies in your configuration. 10.0.0.43 - - [15/Jul/2026:14:43:19 +0000] "GET /v3/domains/default HTTP/1.1" 200 224 10.0.0.43 - - [15/Jul/2026:14:43:19 +0000] "PUT /v3/domains/default/users/2bf81cd29e534a2fb571209243dc6a3a/roles/412d2d5a20fd440a988a948a25dad612 HTTP/1.1" 204 - 10.0.0.42 - - [15/Jul/2026:14:43:29 +0000] "GET / HTTP/1.1" 300 281 10.0.0.42 - - [15/Jul/2026:14:43:30 +0000] "GET /v3 HTTP/1.1" 200 266
[Wed Jul 15 14:43:30.657980 2026] [wsgi:error] [pid 9:tid 139813647480512] [remote 10.0.0.42:43904] 2026-07-15 14:43:30.657 9 WARNING keystone.common.password_hashing [None req-518dfd5c-bc38-45c6-bfb2-28ffb7169996 - - - - - -] Truncating password to algorithm specific maximum length 72 characters.
[Wed Jul 15 14:43:30.960732 2026] [wsgi:error] [pid 9:tid 139813647480512] [remote 10.0.0.42:43904] 2026-07-15 14:43:30.960 9 WARNING keystone.common.fernet_utils [None req-518dfd5c-bc38-45c6-bfb2-28ffb7169996 - - - - - -] key_repository is world readable: /etc/keystone/fernet-keys/ 10.0.0.42 - - [15/Jul/2026:14:43:30 +0000] "POST /v3/auth/tokens HTTP/1.1" 201 1360 10.0.0.42 - - [15/Jul/2026:14:43:31 +0000] "GET / HTTP/1.1" 300 281 10.0.0.42 - - [15/Jul/2026:14:43:31 +0000] "GET /v3/domains/atmosphere HTTP/1.1" 404 90 10.0.0.42 - - [15/Jul/2026:14:43:31 +0000] "GET /v3/domains?name=atmosphere HTTP/1.1" 200 370 10.0.0.42 - - [15/Jul/2026:14:43:31 +0000] "GET /v3/domains/8e4191190b0f44b4bfdde11c202f8af5 HTTP/1.1" 200 247 10.0.0.42 - - [15/Jul/2026:14:43:32 +0000] "GET /v3 HTTP/1.1" 200 266
[Wed Jul 15 14:43:32.189944 2026] [wsgi:error] [pid 10:tid 139813647480512] [remote 10.0.0.42:43904] 2026-07-15 14:43:32.189 10 WARNING keystone.common.password_hashing [None req-7b95c193-23b9-410a-9481-b954781e40ca - - - - - -] Truncating password to algorithm specific maximum length 72 characters.
[Wed Jul 15 14:43:32.466691 2026] [wsgi:error] [pid 10:tid 139813647480512] [remote 10.0.0.42:43904] 2026-07-15 14:43:32.466 10 WARNING keystone.common.fernet_utils [None req-7b95c193-23b9-410a-9481-b954781e40ca - - - - - -] key_repository is world readable: /etc/keystone/fernet-keys/ 10.0.0.42 - - [15/Jul/2026:14:43:32 +0000] "POST /v3/auth/tokens HTTP/1.1" 201 1360 10.0.0.42 - - [15/Jul/2026:14:43:32 +0000] "GET / HTTP/1.1" 300 281 10.0.0.42 - - [15/Jul/2026:14:43:32 +0000] "GET /v3/OS-FEDERATION/identity_providers/atmosphere HTTP/1.1" 404 101 10.0.0.42 - - [15/Jul/2026:14:43:32 +0000] "GET /v3/OS-FEDERATION/identity_providers HTTP/1.1" 200 156 10.0.0.42 - - [15/Jul/2026:14:43:32 +0000] "PUT /v3/OS-FEDERATION/identity_providers/atmosphere HTTP/1.1" 201 342 10.0.0.42 - - [15/Jul/2026:14:43:33 +0000] "GET /v3 HTTP/1.1" 200 266
[Wed Jul 15 14:43:33.324535 2026] [wsgi:error] [pid 9:tid 139813647480512] [remote 10.0.0.42:43896] 2026-07-15 14:43:33.324 9 WARNING keystone.common.password_hashing [None req-d93c473b-5dfd-4151-ba87-a374061009ca - - - - - -] Truncating password to algorithm specific maximum length 72 characters.
[Wed Jul 15 14:43:33.601858 2026] [wsgi:error] [pid 9:tid 139813647480512] [remote 10.0.0.42:43896] 2026-07-15 14:43:33.601 9 WARNING keystone.common.fernet_utils [None req-d93c473b-5dfd-4151-ba87-a374061009ca - - - - - -] key_repository is world readable: /etc/keystone/fernet-keys/ 10.0.0.42 - - [15/Jul/2026:14:43:33 +0000] "POST /v3/auth/tokens HTTP/1.1" 201 1360 10.0.0.42 - - [15/Jul/2026:14:43:33 +0000] "GET / HTTP/1.1" 300 281 10.0.0.42 - - [15/Jul/2026:14:43:33 +0000] "GET /v3/OS-FEDERATION/mappings/atmosphere-openid HTTP/1.1" 404 98 10.0.0.42 - - [15/Jul/2026:14:43:33 +0000] "GET /v3/OS-FEDERATION/mappings HTTP/1.1" 200 136 10.0.0.42 - - [15/Jul/2026:14:43:33 +0000] "PUT /v3/OS-FEDERATION/mappings/atmosphere-openid HTTP/1.1" 201 357 10.0.0.42 - - [15/Jul/2026:14:43:34 +0000] "GET /v3 HTTP/1.1" 200 266
[Wed Jul 15 14:43:34.834236 2026] [wsgi:error] [pid 10:tid 139813647480512] [remote 10.0.0.42:43896] 2026-07-15 14:43:34.834 10 WARNING keystone.common.password_hashing [None req-e33fd68a-2ef6-43f4-a489-bd6f47705032 - - - - - -] Truncating password to algorithm specific maximum length 72 characters.
[Wed Jul 15 14:43:35.105324 2026] [wsgi:error] [pid 10:tid 139813647480512] [remote 10.0.0.42:43896] 2026-07-15 14:43:35.105 10 WARNING keystone.common.fernet_utils [None req-e33fd68a-2ef6-43f4-a489-bd6f47705032 - - - - - -] key_repository is world readable: /etc/keystone/fernet-keys/ 10.0.0.42 - - [15/Jul/2026:14:43:34 +0000] "POST /v3/auth/tokens HTTP/1.1" 201 1360 10.0.0.42 - - [15/Jul/2026:14:43:35 +0000] "GET / HTTP/1.1" 300 281 10.0.0.42 - - [15/Jul/2026:14:43:35 +0000] "GET /v3/OS-FEDERATION/identity_providers/atmosphere/protocols/openid?idp_id=atmosphere HTTP/1.1" 404 131 10.0.0.42 - - [15/Jul/2026:14:43:35 +0000] "GET /v3/OS-FEDERATION/identity_providers/atmosphere/protocols HTTP/1.1" 200 168 10.0.0.42 - - [15/Jul/2026:14:43:35 +0000] "PUT /v3/OS-FEDERATION/identity_providers/atmosphere/protocols/openid HTTP/1.1" 201 224 10.0.0.42 - - [15/Jul/2026:14:43:43 +0000] "GET /v3/ HTTP/1.1" 200 249 10.0.0.42 - - [15/Jul/2026:14:43:43 +0000] "GET /v3/ HTTP/1.1" 200 249 10.0.0.42 - - [15/Jul/2026:14:44:43 +0000] "GET /v3/ HTTP/1.1" 200 249 10.0.0.42 - - [15/Jul/2026:14:44:43 +0000] "GET /v3/ HTTP/1.1" 200 249 10.0.0.54 - - [15/Jul/2026:14:45:00 +0000] "GET / HTTP/1.1" 300 295
[Wed Jul 15 14:45:00.346889 2026] [wsgi:error] [pid 9:tid 139813647480512] [remote 10.0.0.54:42872] 2026-07-15 14:45:00.346 9 WARNING keystone.common.password_hashing [None req-30943a87-0cca-493c-8153-0aef461f4041 - - - - - -] Truncating password to algorithm specific maximum length 72 characters.
[Wed Jul 15 14:45:00.633882 2026] [wsgi:error] [pid 9:tid 139813647480512] [remote 10.0.0.54:42872] 2026-07-15 14:45:00.633 9 WARNING keystone.common.fernet_utils [None req-30943a87-0cca-493c-8153-0aef461f4041 - - - - - -] key_repository is world readable: /etc/keystone/fernet-keys/ 10.0.0.54 - - [15/Jul/2026:14:45:00 +0000] "POST /v3/auth/tokens HTTP/1.1" 201 1360 10.0.0.54 - - [15/Jul/2026:14:45:00 +0000] "GET /v3/services HTTP/1.1" 200 355 10.0.0.54 - - [15/Jul/2026:14:45:04 +0000] "GET / HTTP/1.1" 300 295
[Wed Jul 15 14:45:04.727764 2026] [wsgi:error] [pid 12:tid 139813647480512] [remote 10.0.0.54:42884] 2026-07-15 14:45:04.727 12 WARNING keystone.common.password_hashing [None req-6123342b-889b-4100-b45e-a730a262d5fb - - - - - -] Truncating password to algorithm specific maximum length 72 characters.
[Wed Jul 15 14:45:05.008757 2026] [wsgi:error] [pid 12:tid 139813647480512] [remote 10.0.0.54:42884] 2026-07-15 14:45:05.008 12 WARNING keystone.common.fernet_utils [None req-6123342b-889b-4100-b45e-a730a262d5fb - - - - - -] key_repository is world readable: /etc/keystone/fernet-keys/ 10.0.0.54 - - [15/Jul/2026:14:45:04 +0000] "POST /v3/auth/tokens HTTP/1.1" 201 1360 10.0.0.54 - - [15/Jul/2026:14:45:05 +0000] "GET /v3/services HTTP/1.1" 200 355 10.0.0.54 - - [15/Jul/2026:14:45:08 +0000] "GET / HTTP/1.1" 300 295
[Wed Jul 15 14:45:08.856259 2026] [wsgi:error] [pid 10:tid 139813647480512] [remote 10.0.0.54:47914] 2026-07-15 14:45:08.856 10 WARNING keystone.common.password_hashing [None req-b674416b-6e6c-4264-90a3-65a1341f5e2a - - - - - -] Truncating password to algorithm specific maximum length 72 characters.
[Wed Jul 15 14:45:09.130500 2026] [wsgi:error] [pid 10:tid 139813647480512] [remote 10.0.0.54:47914] 2026-07-15 14:45:09.130 10 WARNING keystone.common.fernet_utils [None req-b674416b-6e6c-4264-90a3-65a1341f5e2a - - - - - -] key_repository is world readable: /etc/keystone/fernet-keys/ 10.0.0.54 - - [15/Jul/2026:14:45:08 +0000] "POST /v3/auth/tokens HTTP/1.1" 201 1360 10.0.0.54 - - [15/Jul/2026:14:45:09 +0000] "GET /v3/services HTTP/1.1" 200 355 10.0.0.54 - - [15/Jul/2026:14:45:12 +0000] "GET / HTTP/1.1" 300 295
[Wed Jul 15 14:45:12.929587 2026] [wsgi:error] [pid 11:tid 139813647480512] [remote 10.0.0.54:47930] 2026-07-15 14:45:12.929 11 WARNING keystone.common.password_hashing [None req-88882bd4-75b0-4f6d-82a6-b6aefb845ace - - - - - -] Truncating password to algorithm specific maximum length 72 characters.
[Wed Jul 15 14:45:13.201329 2026] [wsgi:error] [pid 11:tid 139813647480512] [remote 10.0.0.54:47930] 2026-07-15 14:45:13.201 11 WARNING keystone.common.fernet_utils [None req-88882bd4-75b0-4f6d-82a6-b6aefb845ace - - - - - -] key_repository is world readable: /etc/keystone/fernet-keys/ 10.0.0.54 - - [15/Jul/2026:14:45:12 +0000] "POST /v3/auth/tokens HTTP/1.1" 201 1360 10.0.0.54 - - [15/Jul/2026:14:45:13 +0000] "POST /v3/services HTTP/1.1" 201 296 10.0.0.136 - - [15/Jul/2026:14:45:24 +0000] "GET / HTTP/1.1" 300 295
[Wed Jul 15 14:45:24.319237 2026] [wsgi:error] [pid 9:tid 139813647480512] [remote 10.0.0.136:42928] 2026-07-15 14:45:24.319 9 WARNING keystone.common.password_hashing [None req-15df4bca-17ff-4fe8-8ea5-83afad4f80ff - - - - - -] Truncating password to algorithm specific maximum length 72 characters. 10.0.0.136 - - [15/Jul/2026:14:45:24 +0000] "GET / HTTP/1.1" 300 295
[Wed Jul 15 14:45:24.460721 2026] [wsgi:error] [pid 10:tid 139813647480512] [remote 10.0.0.136:42944] 2026-07-15 14:45:24.460 10 WARNING keystone.common.password_hashing [None req-6c89b24b-f14e-4639-bc20-6597dd8fb62f - - - - - -] Truncating password to algorithm specific maximum length 72 characters.
[Wed Jul 15 14:45:24.596617 2026] [wsgi:error] [pid 9:tid 139813647480512] [remote 10.0.0.136:42928] 2026-07-15 14:45:24.596 9 WARNING keystone.common.fernet_utils [None req-15df4bca-17ff-4fe8-8ea5-83afad4f80ff - - - - - -] key_repository is world readable: /etc/keystone/fernet-keys/ 10.0.0.136 - - [15/Jul/2026:14:45:24 +0000] "POST /v3/auth/tokens HTTP/1.1" 201 1464 10.0.0.136 - - [15/Jul/2026:14:45:24 +0000] "GET / HTTP/1.1" 300 295
[Wed Jul 15 14:45:24.686612 2026] [wsgi:error] [pid 11:tid 139813647480512] [remote 10.0.0.136:42952] 2026-07-15 14:45:24.686 11 WARNING keystone.common.password_hashing [None req-fca8ee0e-bf9b-47d6-b99e-6e57f34d852f - - - - - -] Truncating password to algorithm specific maximum length 72 characters.
[Wed Jul 15 14:45:24.735278 2026] [wsgi:error] [pid 10:tid 139813647480512] [remote 10.0.0.136:42944] 2026-07-15 14:45:24.735 10 WARNING keystone.common.fernet_utils [None req-6c89b24b-f14e-4639-bc20-6597dd8fb62f - - - - - -] key_repository is world readable: /etc/keystone/fernet-keys/ 10.0.0.136 - - [15/Jul/2026:14:45:24 +0000] "POST /v3/auth/tokens HTTP/1.1" 201 1464 10.0.0.136 - - [15/Jul/2026:14:45:24 +0000] "GET /v3/services HTTP/1.1" 200 639 10.0.0.136 - - [15/Jul/2026:14:45:24 +0000] "GET /v3/services HTTP/1.1" 200 639
[Wed Jul 15 14:45:24.987756 2026] [wsgi:error] [pid 11:tid 139813647480512] [remote 10.0.0.136:42952] 2026-07-15 14:45:24.987 11 WARNING keystone.common.fernet_utils [None req-fca8ee0e-bf9b-47d6-b99e-6e57f34d852f - - - - - -] key_repository is world readable: /etc/keystone/fernet-keys/ 10.0.0.136 - - [15/Jul/2026:14:45:24 +0000] "POST /v3/auth/tokens HTTP/1.1" 201 1464 10.0.0.136 - - [15/Jul/2026:14:45:25 +0000] "GET /v3/services HTTP/1.1" 200 639 10.0.0.136 - - [15/Jul/2026:14:45:26 +0000] "GET / HTTP/1.1" 300 295
[Wed Jul 15 14:45:26.436397 2026] [wsgi:error] [pid 12:tid 139813647480512] [remote 10.0.0.136:42958] 2026-07-15 14:45:26.435 12 WARNING keystone.common.password_hashing [None req-b3bffafd-664b-4805-9e28-8c24cf89eb93 - - - - - -] Truncating password to algorithm specific maximum length 72 characters. 10.0.0.136 - - [15/Jul/2026:14:45:26 +0000] "GET / HTTP/1.1" 300 295
[Wed Jul 15 14:45:26.500058 2026] [wsgi:error] [pid 10:tid 139813647480512] [remote 10.0.0.136:42966] 2026-07-15 14:45:26.499 10 WARNING keystone.common.password_hashing [None req-93cc9e52-4264-43ad-a0ac-a45154de774a - - - - - -] Truncating password to algorithm specific maximum length 72 characters.
[Wed Jul 15 14:45:26.714123 2026] [wsgi:error] [pid 12:tid 139813647480512] [remote 10.0.0.136:42958] 2026-07-15 14:45:26.713 12 WARNING keystone.common.fernet_utils [None req-b3bffafd-664b-4805-9e28-8c24cf89eb93 - - - - - -] key_repository is world readable: /etc/keystone/fernet-keys/ 10.0.0.136 - - [15/Jul/2026:14:45:26 +0000] "POST /v3/auth/tokens HTTP/1.1" 201 1464
[Wed Jul 15 14:45:26.769549 2026] [wsgi:error] [pid 10:tid 139813647480512] [remote 10.0.0.136:42966] 2026-07-15 14:45:26.769 10 WARNING keystone.common.fernet_utils [None req-93cc9e52-4264-43ad-a0ac-a45154de774a - - - - - -] key_repository is world readable: /etc/keystone/fernet-keys/ 10.0.0.136 - - [15/Jul/2026:14:45:26 +0000] "POST /v3/auth/tokens HTTP/1.1" 201 1464 10.0.0.136 - - [15/Jul/2026:14:45:26 +0000] "GET /v3/endpoints HTTP/1.1" 200 1227 10.0.0.136 - - [15/Jul/2026:14:45:26 +0000] "GET /v3/services/5fe9565bd48a4b75bae39711cb53f5e3 HTTP/1.1" 200 233 10.0.0.136 - - [15/Jul/2026:14:45:26 +0000] "GET / HTTP/1.1" 300 295 10.0.0.136 - - [15/Jul/2026:14:45:26 +0000] "GET /v3/endpoints HTTP/1.1" 200 1227 10.0.0.136 - - [15/Jul/2026:14:45:26 +0000] "GET /v3/services/5fe9565bd48a4b75bae39711cb53f5e3 HTTP/1.1" 200 233
[Wed Jul 15 14:45:26.901431 2026] [wsgi:error] [pid 11:tid 139813647480512] [remote 10.0.0.136:42976] 2026-07-15 14:45:26.901 11 WARNING keystone.common.password_hashing [None req-6028cc69-03ad-4135-a5fa-a8419a883a0a - - - - - -] Truncating password to algorithm specific maximum length 72 characters. 10.0.0.136 - - [15/Jul/2026:14:45:26 +0000] "GET /v3/services/5fe9565bd48a4b75bae39711cb53f5e3 HTTP/1.1" 200 233 10.0.0.136 - - [15/Jul/2026:14:45:26 +0000] "GET /v3/services/5fe9565bd48a4b75bae39711cb53f5e3 HTTP/1.1" 200 233 10.0.0.136 - - [15/Jul/2026:14:45:26 +0000] "GET /v3/services/5fe9565bd48a4b75bae39711cb53f5e3 HTTP/1.1" 200 233 10.0.0.136 - - [15/Jul/2026:14:45:26 +0000] "GET /v3/services/5fe9565bd48a4b75bae39711cb53f5e3 HTTP/1.1" 200 233
[Wed Jul 15 14:45:27.183938 2026] [wsgi:error] [pid 11:tid 139813647480512] [remote 10.0.0.136:42976] 2026-07-15 14:45:27.183 11 WARNING keystone.common.fernet_utils [None req-6028cc69-03ad-4135-a5fa-a8419a883a0a - - - - - -] key_repository is world readable: /etc/keystone/fernet-keys/ 10.0.0.136 - - [15/Jul/2026:14:45:26 +0000] "POST /v3/auth/tokens HTTP/1.1" 201 1464 10.0.0.136 - - [15/Jul/2026:14:45:27 +0000] "GET /v3/endpoints HTTP/1.1" 200 1227 10.0.0.136 - - [15/Jul/2026:14:45:27 +0000] "GET /v3/services/5fe9565bd48a4b75bae39711cb53f5e3 HTTP/1.1" 200 233 10.0.0.136 - - [15/Jul/2026:14:45:27 +0000] "GET /v3/services/5fe9565bd48a4b75bae39711cb53f5e3 HTTP/1.1" 200 233 10.0.0.136 - - [15/Jul/2026:14:45:27 +0000] "GET /v3/services/5fe9565bd48a4b75bae39711cb53f5e3 HTTP/1.1" 200 233 10.0.0.136 - - [15/Jul/2026:14:45:28 +0000] "GET / HTTP/1.1" 300 295
[Wed Jul 15 14:45:28.492699 2026] [wsgi:error] [pid 10:tid 139813647480512] [remote 10.0.0.136:58712] 2026-07-15 14:45:28.492 10 WARNING keystone.common.password_hashing [None req-a13aa7d4-24ef-4d83-aabf-16dabf2df934 - - - - - -] Truncating password to algorithm specific maximum length 72 characters. 10.0.0.136 - - [15/Jul/2026:14:45:28 +0000] "GET / HTTP/1.1" 300 295
[Wed Jul 15 14:45:28.679795 2026] [wsgi:error] [pid 11:tid 139813647480512] [remote 10.0.0.136:58714] 2026-07-15 14:45:28.679 11 WARNING keystone.common.password_hashing [None req-40893263-93b2-41ae-92c4-34a6e137e2b2 - - - - - -] Truncating password to algorithm specific maximum length 72 characters.
[Wed Jul 15 14:45:28.785050 2026] [wsgi:error] [pid 10:tid 139813647480512] [remote 10.0.0.136:58712] 2026-07-15 14:45:28.784 10 WARNING keystone.common.fernet_utils [None req-a13aa7d4-24ef-4d83-aabf-16dabf2df934 - - - - - -] key_repository is world readable: /etc/keystone/fernet-keys/ 10.0.0.136 - - [15/Jul/2026:14:45:28 +0000] "POST /v3/auth/tokens HTTP/1.1" 201 1464 10.0.0.136 - - [15/Jul/2026:14:45:28 +0000] "GET /v3/services/44592d5180e242868c95d383e3ca434d HTTP/1.1" 200 296 10.0.0.136 - - [15/Jul/2026:14:45:28 +0000] "GET /v3/regions/RegionOne HTTP/1.1" 200 173 10.0.0.136 - - [15/Jul/2026:14:45:28 +0000] "POST /v3/endpoints HTTP/1.1" 201 380
[Wed Jul 15 14:45:28.970404 2026] [wsgi:error] [pid 11:tid 139813647480512] [remote 10.0.0.136:58714] 2026-07-15 14:45:28.970 11 WARNING keystone.common.fernet_utils [None req-40893263-93b2-41ae-92c4-34a6e137e2b2 - - - - - -] key_repository is world readable: /etc/keystone/fernet-keys/ 10.0.0.136 - - [15/Jul/2026:14:45:28 +0000] "POST /v3/auth/tokens HTTP/1.1" 201 1641 10.0.0.136 - - [15/Jul/2026:14:45:29 +0000] "GET / HTTP/1.1" 300 295
[Wed Jul 15 14:45:29.089551 2026] [wsgi:error] [pid 9:tid 139813647480512] [remote 10.0.0.136:58718] 2026-07-15 14:45:29.089 9 WARNING keystone.common.password_hashing [None req-c3a2c4db-9c68-4940-bb00-992ae192b47e - - - - - -] Truncating password to algorithm specific maximum length 72 characters. 10.0.0.136 - - [15/Jul/2026:14:45:29 +0000] "GET /v3/services/44592d5180e242868c95d383e3ca434d HTTP/1.1" 200 296 10.0.0.136 - - [15/Jul/2026:14:45:29 +0000] "GET /v3/regions/RegionOne HTTP/1.1" 200 173 10.0.0.136 - - [15/Jul/2026:14:45:29 +0000] "POST /v3/endpoints HTTP/1.1" 201 383
[Wed Jul 15 14:45:29.374269 2026] [wsgi:error] [pid 9:tid 139813647480512] [remote 10.0.0.136:58718] 2026-07-15 14:45:29.374 9 WARNING keystone.common.fernet_utils [None req-c3a2c4db-9c68-4940-bb00-992ae192b47e - - - - - -] key_repository is world readable: /etc/keystone/fernet-keys/ 10.0.0.136 - - [15/Jul/2026:14:45:29 +0000] "POST /v3/auth/tokens HTTP/1.1" 201 1823 10.0.0.136 - - [15/Jul/2026:14:45:29 +0000] "GET /v3/services/44592d5180e242868c95d383e3ca434d HTTP/1.1" 200 296 10.0.0.136 - - [15/Jul/2026:14:45:29 +0000] "GET /v3/regions/RegionOne HTTP/1.1" 200 173 10.0.0.136 - - [15/Jul/2026:14:45:29 +0000] "POST /v3/endpoints HTTP/1.1" 201 370 10.0.0.136 - - [15/Jul/2026:14:45:30 +0000] "GET / HTTP/1.1" 300 295
[Wed Jul 15 14:45:30.596579 2026] [wsgi:error] [pid 10:tid 139813647480512] [remote 10.0.0.136:58732] 2026-07-15 14:45:30.596 10 WARNING keystone.common.password_hashing [None req-b981e25f-88bb-4bb4-9e6b-9a12453b91fa - - - - - -] Truncating password to algorithm specific maximum length 72 characters.
[Wed Jul 15 14:45:30.877132 2026] [wsgi:error] [pid 10:tid 139813647480512] [remote 10.0.0.136:58732] 2026-07-15 14:45:30.876 10 WARNING keystone.common.fernet_utils [None req-b981e25f-88bb-4bb4-9e6b-9a12453b91fa - - - - - -] key_repository is world readable: /etc/keystone/fernet-keys/ 10.0.0.136 - - [15/Jul/2026:14:45:30 +0000] "POST /v3/auth/tokens HTTP/1.1" 201 1992 10.0.0.136 - - [15/Jul/2026:14:45:30 +0000] "GET / HTTP/1.1" 300 295
[Wed Jul 15 14:45:30.985929 2026] [wsgi:error] [pid 12:tid 139813647480512] [remote 10.0.0.136:58736] 2026-07-15 14:45:30.985 12 WARNING keystone.common.password_hashing [None req-cbf4a284-a18c-495a-bc79-fe6ab1c9c2af - - - - - -] Truncating password to algorithm specific maximum length 72 characters. 10.0.0.136 - - [15/Jul/2026:14:45:31 +0000] "GET /v3/endpoints/32622b345a4e4ad7a652090f7171325c HTTP/1.1" 200 380 10.0.0.136 - - [15/Jul/2026:14:45:31 +0000] "GET /v3/services/44592d5180e242868c95d383e3ca434d HTTP/1.1" 200 296 10.0.0.136 - - [15/Jul/2026:14:45:31 +0000] "GET / HTTP/1.1" 300 295
[Wed Jul 15 14:45:31.164360 2026] [wsgi:error] [pid 9:tid 139813647480512] [remote 10.0.0.136:58742] 2026-07-15 14:45:31.164 9 WARNING keystone.common.password_hashing [None req-55e83442-668e-4221-88b6-59e24261120a - - - - - -] Truncating password to algorithm specific maximum length 72 characters.
[Wed Jul 15 14:45:31.263557 2026] [wsgi:error] [pid 12:tid 139813647480512] [remote 10.0.0.136:58736] 2026-07-15 14:45:31.263 12 WARNING keystone.common.fernet_utils [None req-cbf4a284-a18c-495a-bc79-fe6ab1c9c2af - - - - - -] key_repository is world readable: /etc/keystone/fernet-keys/ 10.0.0.136 - - [15/Jul/2026:14:45:30 +0000] "POST /v3/auth/tokens HTTP/1.1" 201 1992 10.0.0.136 - - [15/Jul/2026:14:45:31 +0000] "GET /v3/endpoints/46e8a6f6c6d348e9ba28269afaa8831e HTTP/1.1" 200 383 10.0.0.136 - - [15/Jul/2026:14:45:31 +0000] "GET /v3/services/44592d5180e242868c95d383e3ca434d HTTP/1.1" 200 296
[Wed Jul 15 14:45:31.434378 2026] [wsgi:error] [pid 9:tid 139813647480512] [remote 10.0.0.136:58742] 2026-07-15 14:45:31.434 9 WARNING keystone.common.fernet_utils [None req-55e83442-668e-4221-88b6-59e24261120a - - - - - -] key_repository is world readable: /etc/keystone/fernet-keys/ 10.0.0.136 - - [15/Jul/2026:14:45:31 +0000] "POST /v3/auth/tokens HTTP/1.1" 201 1992 10.0.0.136 - - [15/Jul/2026:14:45:31 +0000] "GET /v3/endpoints/8506dae482d44ea39df70f9c8113c655 HTTP/1.1" 200 370 10.0.0.136 - - [15/Jul/2026:14:45:31 +0000] "GET /v3/services/44592d5180e242868c95d383e3ca434d HTTP/1.1" 200 296 10.0.0.60 - - [15/Jul/2026:14:45:42 +0000] "GET / HTTP/1.1" 300 295
[Wed Jul 15 14:45:42.529509 2026] [wsgi:error] [pid 9:tid 139813647480512] [remote 10.0.0.60:56904] 2026-07-15 14:45:42.529 9 WARNING keystone.common.password_hashing [None req-071a2aa8-6337-4fe9-9bb9-f4046553b8a0 - - - - - -] Truncating password to algorithm specific maximum length 72 characters.
[Wed Jul 15 14:45:42.809807 2026] [wsgi:error] [pid 9:tid 139813647480512] [remote 10.0.0.60:56904] 2026-07-15 14:45:42.809 9 WARNING keystone.common.fernet_utils [None req-071a2aa8-6337-4fe9-9bb9-f4046553b8a0 - - - - - -] key_repository is world readable: /etc/keystone/fernet-keys/ 10.0.0.60 - - [15/Jul/2026:14:45:42 +0000] "POST /v3/auth/tokens HTTP/1.1" 201 1992 10.0.0.60 - - [15/Jul/2026:14:45:42 +0000] "POST /v3/domains HTTP/1.1" 201 284 10.0.0.42 - - [15/Jul/2026:14:45:43 +0000] "GET /v3/ HTTP/1.1" 200 249 10.0.0.42 - - [15/Jul/2026:14:45:43 +0000] "GET /v3/ HTTP/1.1" 200 249 10.0.0.60 - - [15/Jul/2026:14:45:44 +0000] "GET / HTTP/1.1" 300 295
[Wed Jul 15 14:45:44.664170 2026] [wsgi:error] [pid 12:tid 139813647480512] [remote 10.0.0.60:56914] 2026-07-15 14:45:44.662 12 WARNING keystone.common.password_hashing [None req-0d57a162-7741-4256-8fe7-3863ced46d66 - - - - - -] Truncating password to algorithm specific maximum length 72 characters.
[Wed Jul 15 14:45:44.953215 2026] [wsgi:error] [pid 12:tid 139813647480512] [remote 10.0.0.60:56914] 2026-07-15 14:45:44.952 12 WARNING keystone.common.fernet_utils [None req-0d57a162-7741-4256-8fe7-3863ced46d66 - - - - - -] key_repository is world readable: /etc/keystone/fernet-keys/ 10.0.0.60 - - [15/Jul/2026:14:45:44 +0000] "POST /v3/auth/tokens HTTP/1.1" 201 1992 10.0.0.60 - - [15/Jul/2026:14:45:45 +0000] "POST /v3/domains HTTP/1.1" 409 190
[Wed Jul 15 14:45:45.148382 2026] [wsgi:error] [pid 10:tid 139813647480512] [remote 10.0.0.60:56914] 2026-07-15 14:45:45.132 10 ERROR keystone.server.flask.application [None req-f872ab4b-bfc4-430a-b4ea-89bf31a1a87e 2bf81cd29e534a2fb571209243dc6a3a 4f25768007ce44f99936ac662b1efbd1 - - default default] Conflict occurred attempting to store project - it is not permitted to have two projects acting as domains with the same name: service.: keystone.exception.Conflict: Conflict occurred attempting to store project - it is not permitted to have two projects acting as domains with the same name: service.
[Wed Jul 15 14:45:45.148412 2026] [wsgi:error] [pid 10:tid 139813647480512] [remote 10.0.0.60:56914] 2026-07-15 14:45:45.132 10 ERROR keystone.server.flask.application
Traceback (most recent call last):
[Wed Jul 15 14:45:45.148415 2026] [wsgi:error] [pid 10:tid 139813647480512] [remote 10.0.0.60:56914] 2026-07-15 14:45:45.132 10 ERROR keystone.server.flask.application
File "/var/lib/openstack/lib/python3.12/site-packages/sqlalchemy/engine/base.py", line 1969, in _exec_single_context
[Wed Jul 15 14:45:45.148417 2026] [wsgi:error] [pid 10:tid 139813647480512] [remote 10.0.0.60:56914] 2026-07-15 14:45:45.132 10 ERROR keystone.server.flask.application self.dialect.do_execute(
[Wed Jul 15 14:45:45.148419 2026] [wsgi:error] [pid 10:tid 139813647480512] [remote 10.0.0.60:56914] 2026-07-15 14:45:45.132 10 ERROR keystone.server.flask.application
File "/var/lib/openstack/lib/python3.12/site-packages/sqlalchemy/engine/default.py", line 952, in do_execute
[Wed Jul 15 14:45:45.148421 2026] [wsgi:error] [pid 10:tid 139813647480512] [remote 10.0.0.60:56914] 2026-07-15 14:45:45.132 10 ERROR keystone.server.flask.application cursor.execute(statement, parameters)
[Wed Jul 15 14:45:45.148423 2026] [wsgi:error] [pid 10:tid 139813647480512] [remote 10.0.0.60:56914] 2026-07-15 14:45:45.132 10 ERROR keystone.server.flask.application
File "/var/lib/openstack/lib/python3.12/site-packages/pymysql/cursors.py", line 159, in execute
[Wed Jul 15 14:45:45.148426 2026] [wsgi:error] [pid 10:tid 139813647480512] [remote 10.0.0.60:56914] 2026-07-15 14:45:45.132 10 ERROR keystone.server.flask.application result = self._query(query)
[Wed Jul 15 14:45:45.148428 2026] [wsgi:error] [pid 10:tid 139813647480512] [remote 10.0.0.60:56914] 2026-07-15 14:45:45.132 10 ERROR keystone.server.flask.application ^^^^^^^^^^^^^^^^^^
[Wed Jul 15 14:45:45.148429 2026] [wsgi:error] [pid 10:tid 139813647480512] [remote 10.0.0.60:56914] 2026-07-15 14:45:45.132 10 ERROR keystone.server.flask.application
File "/var/lib/openstack/lib/python3.12/site-packages/pymysql/cursors.py", line 330, in _query
[Wed Jul 15 14:45:45.148432 2026] [wsgi:error] [pid 10:tid 139813647480512] [remote 10.0.0.60:56914] 2026-07-15 14:45:45.132 10 ERROR keystone.server.flask.application conn.query(q)
[Wed Jul 15 14:45:45.148433 2026] [wsgi:error] [pid 10:tid 139813647480512] [remote 10.0.0.60:56914] 2026-07-15 14:45:45.132 10 ERROR keystone.server.flask.application
File "/var/lib/openstack/lib/python3.12/site-packages/pymysql/connections.py", line 582, in query
[Wed Jul 15 14:45:45.148436 2026] [wsgi:error] [pid 10:tid 139813647480512] [remote 10.0.0.60:56914] 2026-07-15 14:45:45.132 10 ERROR keystone.server.flask.application self._affected_rows = self._read_query_result(unbuffered=unbuffered)
[Wed Jul 15 14:45:45.148438 2026] [wsgi:error] [pid 10:tid 139813647480512] [remote 10.0.0.60:56914] 2026-07-15 14:45:45.132 10 ERROR keystone.server.flask.application ^^^^^^^^^^^^^^^^^^^^^^^^^^^^^^^^^^^^^^^^^^^^^^
[Wed Jul 15 14:45:45.148440 2026] [wsgi:error] [pid 10:tid 139813647480512] [remote 10.0.0.60:56914] 2026-07-15 14:45:45.132 10 ERROR keystone.server.flask.application
File "/var/lib/openstack/lib/python3.12/site-packages/pymysql/connections.py", line 847, in _read_query_result
[Wed Jul 15 14:45:45.148442 2026] [wsgi:error] [pid 10:tid 139813647480512] [remote 10.0.0.60:56914] 2026-07-15 14:45:45.132 10 ERROR keystone.server.flask.application result.read()
[Wed Jul 15 14:45:45.148445 2026] [wsgi:error] [pid 10:tid 139813647480512] [remote 10.0.0.60:56914] 2026-07-15 14:45:45.132 10 ERROR keystone.server.flask.application
File "/var/lib/openstack/lib/python3.12/site-packages/pymysql/connections.py", line 1245, in read
[Wed Jul 15 14:45:45.148447 2026] [wsgi:error] [pid 10:tid 139813647480512] [remote 10.0.0.60:56914] 2026-07-15 14:45:45.132 10 ERROR keystone.server.flask.application first_packet = self.connection._read_packet()
[Wed Jul 15 14:45:45.148449 2026] [wsgi:error] [pid 10:tid 139813647480512] [remote 10.0.0.60:56914] 2026-07-15 14:45:45.132 10 ERROR keystone.server.flask.application ^^^^^^^^^^^^^^^^^^^^^^^^^^^^^^
[Wed Jul 15 14:45:45.148451 2026] [wsgi:error] [pid 10:tid 139813647480512] [remote 10.0.0.60:56914] 2026-07-15 14:45:45.132 10 ERROR keystone.server.flask.application
File "/var/lib/openstack/lib/python3.12/site-packages/pymysql/connections.py", line 803, in _read_packet
[Wed Jul 15 14:45:45.148453 2026] [wsgi:error] [pid 10:tid 139813647480512] [remote 10.0.0.60:56914] 2026-07-15 14:45:45.132 10 ERROR keystone.server.flask.application packet.raise_for_error()
[Wed Jul 15 14:45:45.148455 2026] [wsgi:error] [pid 10:tid 139813647480512] [remote 10.0.0.60:56914] 2026-07-15 14:45:45.132 10 ERROR keystone.server.flask.application
File "/var/lib/openstack/lib/python3.12/site-packages/pymysql/protocol.py", line 219, in raise_for_error
[Wed Jul 15 14:45:45.148457 2026] [wsgi:error] [pid 10:tid 139813647480512] [remote 10.0.0.60:56914] 2026-07-15 14:45:45.132 10 ERROR keystone.server.flask.application err.raise_mysql_exception(self._data)
[Wed Jul 15 14:45:45.148458 2026] [wsgi:error] [pid 10:tid 139813647480512] [remote 10.0.0.60:56914] 2026-07-15 14:45:45.132 10 ERROR keystone.server.flask.application
File "/var/lib/openstack/lib/python3.12/site-packages/pymysql/err.py", line 154, in raise_mysql_exception
[Wed Jul 15 14:45:45.148460 2026] [wsgi:error] [pid 10:tid 139813647480512] [remote 10.0.0.60:56914] 2026-07-15 14:45:45.132 10 ERROR keystone.server.flask.application raise errorclass(errno, errval, sqlstate=sqlstate)
[Wed Jul 15 14:45:45.148462 2026] [wsgi:error] [pid 10:tid 139813647480512] [remote 10.0.0.60:56914] 2026-07-15 14:45:45.132 10 ERROR keystone.server.flask.application pymysql.err.IntegrityError: (1062, "Duplicate entry '<>-service' for key 'project.ixu_project_name_domain_id'")
[Wed Jul 15 14:45:45.148464 2026] [wsgi:error] [pid 10:tid 139813647480512] [remote 10.0.0.60:56914] 2026-07-15 14:45:45.132 10 ERROR keystone.server.flask.application
[Wed Jul 15 14:45:45.148466 2026] [wsgi:error] [pid 10:tid 139813647480512] [remote 10.0.0.60:56914] 2026-07-15 14:45:45.132 10 ERROR keystone.server.flask.application The above exception was the direct cause of the following exception:
[Wed Jul 15 14:45:45.148468 2026] [wsgi:error] [pid 10:tid 139813647480512] [remote 10.0.0.60:56914] 2026-07-15 14:45:45.132 10 ERROR keystone.server.flask.application
[Wed Jul 15 14:45:45.148469 2026] [wsgi:error] [pid 10:tid 139813647480512] [remote 10.0.0.60:56914] 2026-07-15 14:45:45.132 10 ERROR keystone.server.flask.application
Traceback (most recent call last):
[Wed Jul 15 14:45:45.148471 2026] [wsgi:error] [pid 10:tid 139813647480512] [remote 10.0.0.60:56914] 2026-07-15 14:45:45.132 10 ERROR keystone.server.flask.application
File "/var/lib/openstack/lib/python3.12/site-packages/keystone/common/sql/core.py", line 575, in wrapper
[Wed Jul 15 14:45:45.148473 2026] [wsgi:error] [pid 10:tid 139813647480512] [remote 10.0.0.60:56914] 2026-07-15 14:45:45.132 10 ERROR keystone.server.flask.application return method(*args, **kwargs)
[Wed Jul 15 14:45:45.148474 2026] [wsgi:error] [pid 10:tid 139813647480512] [remote 10.0.0.60:56914] 2026-07-15 14:45:45.132 10 ERROR keystone.server.flask.application ^^^^^^^^^^^^^^^^^^^^^^^
[Wed Jul 15 14:45:45.148478 2026] [wsgi:error] [pid 10:tid 139813647480512] [remote 10.0.0.60:56914] 2026-07-15 14:45:45.132 10 ERROR keystone.server.flask.application
File "/var/lib/openstack/lib/python3.12/site-packages/keystone/resource/backends/sql.py", line 278, in create_project
[Wed Jul 15 14:45:45.148480 2026] [wsgi:error] [pid 10:tid 139813647480512] [remote 10.0.0.60:56914] 2026-07-15 14:45:45.132 10 ERROR keystone.server.flask.application with sql.session_for_write() as session:
[Wed Jul 15 14:45:45.148481 2026] [wsgi:error] [pid 10:tid 139813647480512] [remote 10.0.0.60:56914] 2026-07-15 14:45:45.132 10 ERROR keystone.server.flask.application
File "/usr/lib/python3.12/contextlib.py", line 144, in __exit__
[Wed Jul 15 14:45:45.148483 2026] [wsgi:error] [pid 10:tid 139813647480512] [remote 10.0.0.60:56914] 2026-07-15 14:45:45.132 10 ERROR keystone.server.flask.application next(self.gen)
[Wed Jul 15 14:45:45.148485 2026] [wsgi:error] [pid 10:tid 139813647480512] [remote 10.0.0.60:56914] 2026-07-15 14:45:45.132 10 ERROR keystone.server.flask.application
File "/var/lib/openstack/lib/python3.12/site-packages/oslo_db/sqlalchemy/enginefacade.py", line 1175, in _transaction_scope
[Wed Jul 15 14:45:45.148486 2026] [wsgi:error] [pid 10:tid 139813647480512] [remote 10.0.0.60:56914] 2026-07-15 14:45:45.132 10 ERROR keystone.server.flask.application with current._produce_block(
[Wed Jul 15 14:45:45.148488 2026] [wsgi:error] [pid 10:tid 139813647480512] [remote 10.0.0.60:56914] 2026-07-15 14:45:45.132 10 ERROR keystone.server.flask.application
File "/usr/lib/python3.12/contextlib.py", line 144, in __exit__
[Wed Jul 15 14:45:45.148490 2026] [wsgi:error] [pid 10:tid 139813647480512] [remote 10.0.0.60:56914] 2026-07-15 14:45:45.132 10 ERROR keystone.server.flask.application next(self.gen)
[Wed Jul 15 14:45:45.148491 2026] [wsgi:error] [pid 10:tid 139813647480512] [remote 10.0.0.60:56914] 2026-07-15 14:45:45.132 10 ERROR keystone.server.flask.application
File "/var/lib/openstack/lib/python3.12/site-packages/oslo_db/sqlalchemy/enginefacade.py", line 837, in _session
[Wed Jul 15 14:45:45.148493 2026] [wsgi:error] [pid 10:tid 139813647480512] [remote 10.0.0.60:56914] 2026-07-15 14:45:45.132 10 ERROR keystone.server.flask.application with excutils.save_and_reraise_exception():
[Wed Jul 15 14:45:45.148495 2026] [wsgi:error] [pid 10:tid 139813647480512] [remote 10.0.0.60:56914] 2026-07-15 14:45:45.132 10 ERROR keystone.server.flask.application
File "/var/lib/openstack/lib/python3.12/site-packages/oslo_utils/excutils.py", line 266, in __exit__
[Wed Jul 15 14:45:45.148509 2026] [wsgi:error] [pid 10:tid 139813647480512] [remote 10.0.0.60:56914] 2026-07-15 14:45:45.132 10 ERROR keystone.server.flask.application self.force_reraise()
[Wed Jul 15 14:45:45.148511 2026] [wsgi:error] [pid 10:tid 139813647480512] [remote 10.0.0.60:56914] 2026-07-15 14:45:45.132 10 ERROR keystone.server.flask.application
File "/var/lib/openstack/lib/python3.12/site-packages/oslo_utils/excutils.py", line 232, in force_reraise
[Wed Jul 15 14:45:45.148514 2026] [wsgi:error] [pid 10:tid 139813647480512] [remote 10.0.0.60:56914] 2026-07-15 14:45:45.132 10 ERROR keystone.server.flask.application raise self.value
[Wed Jul 15 14:45:45.148515 2026] [wsgi:error] [pid 10:tid 139813647480512] [remote 10.0.0.60:56914] 2026-07-15 14:45:45.132 10 ERROR keystone.server.flask.application
File "/var/lib/openstack/lib/python3.12/site-packages/oslo_db/sqlalchemy/enginefacade.py", line 835, in _session
[Wed Jul 15 14:45:45.148518 2026] [wsgi:error] [pid 10:tid 139813647480512] [remote 10.0.0.60:56914] 2026-07-15 14:45:45.132 10 ERROR keystone.server.flask.application self._end_session_transaction(self.session)
[Wed Jul 15 14:45:45.148520 2026] [wsgi:error] [pid 10:tid 139813647480512] [remote 10.0.0.60:56914] 2026-07-15 14:45:45.132 10 ERROR keystone.server.flask.application
File "/var/lib/openstack/lib/python3.12/site-packages/oslo_db/sqlalchemy/enginefacade.py", line 748, in _end_session_transaction
[Wed Jul 15 14:45:45.148522 2026] [wsgi:error] [pid 10:tid 139813647480512] [remote 10.0.0.60:56914] 2026-07-15 14:45:45.132 10 ERROR keystone.server.flask.application session.commit()
[Wed Jul 15 14:45:45.148524 2026] [wsgi:error] [pid 10:tid 139813647480512] [remote 10.0.0.60:56914] 2026-07-15 14:45:45.132 10 ERROR keystone.server.flask.application
File "/var/lib/openstack/lib/python3.12/site-packages/sqlalchemy/orm/session.py", line 2034, in commit
[Wed Jul 15 14:45:45.148526 2026] [wsgi:error] [pid 10:tid 139813647480512] [remote 10.0.0.60:56914] 2026-07-15 14:45:45.132 10 ERROR keystone.server.flask.application trans.commit(_to_root=True)
[Wed Jul 15 14:45:45.148528 2026] [wsgi:error] [pid 10:tid 139813647480512] [remote 10.0.0.60:56914] 2026-07-15 14:45:45.132 10 ERROR keystone.server.flask.application File "", line 2, in commit
[Wed Jul 15 14:45:45.148531 2026] [wsgi:error] [pid 10:tid 139813647480512] [remote 10.0.0.60:56914] 2026-07-15 14:45:45.132 10 ERROR keystone.server.flask.application
File "/var/lib/openstack/lib/python3.12/site-packages/sqlalchemy/orm/state_changes.py", line 137, in _go
[Wed Jul 15 14:45:45.148536 2026] [wsgi:error] [pid 10:tid 139813647480512] [remote 10.0.0.60:56914] 2026-07-15 14:45:45.132 10 ERROR keystone.server.flask.application ret_value = fn(self, *arg, **kw)
[Wed Jul 15 14:45:45.148538 2026] [wsgi:error] [pid 10:tid 139813647480512] [remote 10.0.0.60:56914] 2026-07-15 14:45:45.132 10 ERROR keystone.server.flask.application ^^^^^^^^^^^^^^^^^^^^
[Wed Jul 15 14:45:45.148540 2026] [wsgi:error] [pid 10:tid 139813647480512] [remote 10.0.0.60:56914] 2026-07-15 14:45:45.132 10 ERROR keystone.server.flask.application
File "/var/lib/openstack/lib/python3.12/site-packages/sqlalchemy/orm/session.py", line 1315, in commit
[Wed Jul 15 14:45:45.148542 2026] [wsgi:error] [pid 10:tid 139813647480512] [remote 10.0.0.60:56914] 2026-07-15 14:45:45.132 10 ERROR keystone.server.flask.application self._prepare_impl()
[Wed Jul 15 14:45:45.148544 2026] [wsgi:error] [pid 10:tid 139813647480512] [remote 10.0.0.60:56914] 2026-07-15 14:45:45.132 10 ERROR keystone.server.flask.application File "", line 2, in _prepare_impl
[Wed Jul 15 14:45:45.148545 2026] [wsgi:error] [pid 10:tid 139813647480512] [remote 10.0.0.60:56914] 2026-07-15 14:45:45.132 10 ERROR keystone.server.flask.application
File "/var/lib/openstack/lib/python3.12/site-packages/sqlalchemy/orm/state_changes.py", line 137, in _go
[Wed Jul 15 14:45:45.148549 2026] [wsgi:error] [pid 10:tid 139813647480512] [remote 10.0.0.60:56914] 2026-07-15 14:45:45.132 10 ERROR keystone.server.flask.application ret_value = fn(self, *arg, **kw)
[Wed Jul 15 14:45:45.148555 2026] [wsgi:error] [pid 10:tid 139813647480512] [remote 10.0.0.60:56914] 2026-07-15 14:45:45.132 10 ERROR keystone.server.flask.application ^^^^^^^^^^^^^^^^^^^^
[Wed Jul 15 14:45:45.148557 2026] [wsgi:error] [pid 10:tid 139813647480512] [remote 10.0.0.60:56914] 2026-07-15 14:45:45.132 10 ERROR keystone.server.flask.application
File "/var/lib/openstack/lib/python3.12/site-packages/sqlalchemy/orm/session.py", line 1290, in _prepare_impl
[Wed Jul 15 14:45:45.148560 2026] [wsgi:error] [pid 10:tid 139813647480512] [remote 10.0.0.60:56914] 2026-07-15 14:45:45.132 10 ERROR keystone.server.flask.application self.session.flush()
[Wed Jul 15 14:45:45.148563 2026] [wsgi:error] [pid 10:tid 139813647480512] [remote 10.0.0.60:56914] 2026-07-15 14:45:45.132 10 ERROR keystone.server.flask.application
File "/var/lib/openstack/lib/python3.12/site-packages/sqlalchemy/orm/session.py", line 4352, in flush
[Wed Jul 15 14:45:45.148566 2026] [wsgi:error] [pid 10:tid 139813647480512] [remote 10.0.0.60:56914] 2026-07-15 14:45:45.132 10 ERROR keystone.server.flask.application self._flush(objects)
[Wed Jul 15 14:45:45.148570 2026] [wsgi:error] [pid 10:tid 139813647480512] [remote 10.0.0.60:56914] 2026-07-15 14:45:45.132 10 ERROR keystone.server.flask.application
File "/var/lib/openstack/lib/python3.12/site-packages/sqlalchemy/orm/session.py", line 4487, in _flush
[Wed Jul 15 14:45:45.148572 2026] [wsgi:error] [pid 10:tid 139813647480512] [remote 10.0.0.60:56914] 2026-07-15 14:45:45.132 10 ERROR keystone.server.flask.application with util.safe_reraise():
[Wed Jul 15 14:45:45.148574 2026] [wsgi:error] [pid 10:tid 139813647480512] [remote 10.0.0.60:56914] 2026-07-15 14:45:45.132 10 ERROR keystone.server.flask.application
File "/var/lib/openstack/lib/python3.12/site-packages/sqlalchemy/util/langhelpers.py", line 122, in __exit__
[Wed Jul 15 14:45:45.148577 2026] [wsgi:error] [pid 10:tid 139813647480512] [remote 10.0.0.60:56914] 2026-07-15 14:45:45.132 10 ERROR keystone.server.flask.application raise exc_value.with_traceback(exc_tb)
[Wed Jul 15 14:45:45.148580 2026] [wsgi:error] [pid 10:tid 139813647480512] [remote 10.0.0.60:56914] 2026-07-15 14:45:45.132 10 ERROR keystone.server.flask.application
File "/var/lib/openstack/lib/python3.12/site-packages/sqlalchemy/orm/session.py", line 4448, in _flush
[Wed Jul 15 14:45:45.148583 2026] [wsgi:error] [pid 10:tid 139813647480512] [remote 10.0.0.60:56914] 2026-07-15 14:45:45.132 10 ERROR keystone.server.flask.application flush_context.execute()
