2026-07-15 15:46:17.348 7 INFO placement.requestlog [None req-15b1c5ec-ba64-4008-a5ca-fb70441779c0 f7310993164d43058efdb624efb008a0 86c52ac6791147a4a4a00817aa41bda6 - - 5c8f541069b249329bbfb9c38457d115 5c8f541069b249329bbfb9c38457d115] 10.0.0.214 "GET /resource_providers/4aa60ed7-034b-4659-9dd1-f13cf760a292/aggregates" status: 404 len: 235 microversion: 1.1 [pid: 7|app: 0|req: 513/1028] 10.0.0.214 () {32 vars in 816 bytes} [Wed Jul 15 15:46:17 2026] GET /resource_providers/4aa60ed7-034b-4659-9dd1-f13cf760a292/aggregates => generated 235 bytes in 5 msecs (HTTP/1.1 404) 5 headers in 202 bytes (1 switches on core 0)
2026-07-15 15:46:17.351 8 INFO placement.requestlog [None req-d392cbc6-ff3e-4f4a-a242-9b0e78ccff7a f7310993164d43058efdb624efb008a0 86c52ac6791147a4a4a00817aa41bda6 - - 5c8f541069b249329bbfb9c38457d115 5c8f541069b249329bbfb9c38457d115] 10.0.0.214 "GET /resource_providers/4aa60ed7-034b-4659-9dd1-f13cf760a292/aggregates" status: 404 len: 235 microversion: 1.1 [pid: 8|app: 0|req: 516/1029] 10.0.0.214 () {32 vars in 816 bytes} [Wed Jul 15 15:46:17 2026] GET /resource_providers/4aa60ed7-034b-4659-9dd1-f13cf760a292/aggregates => generated 235 bytes in 9 msecs (HTTP/1.1 404) 5 headers in 202 bytes (1 switches on core 0)
2026-07-15 15:46:17.364 7 INFO placement.requestlog [None req-c8d4e3d2-1cc6-47c5-96cc-61731fe645e5 f7310993164d43058efdb624efb008a0 86c52ac6791147a4a4a00817aa41bda6 - - 5c8f541069b249329bbfb9c38457d115 5c8f541069b249329bbfb9c38457d115] 10.0.0.214 "DELETE /resource_providers/4aa60ed7-034b-4659-9dd1-f13cf760a292" status: 404 len: 246 microversion: 1.1 [pid: 7|app: 0|req: 514/1030] 10.0.0.214 () {34 vars in 816 bytes} [Wed Jul 15 15:46:17 2026] DELETE /resource_providers/4aa60ed7-034b-4659-9dd1-f13cf760a292 => generated 246 bytes in 8 msecs (HTTP/1.1 404) 6 headers in 231 bytes (1 switches on core 0)
2026-07-15 15:46:17.372 8 INFO placement.requestlog [None req-f2b38bb8-ef4f-4845-adaf-69e5f413880f f7310993164d43058efdb624efb008a0 86c52ac6791147a4a4a00817aa41bda6 - - 5c8f541069b249329bbfb9c38457d115 5c8f541069b249329bbfb9c38457d115] 10.0.0.214 "DELETE /resource_providers/4aa60ed7-034b-4659-9dd1-f13cf760a292" status: 404 len: 246 microversion: 1.1 [pid: 8|app: 0|req: 517/1031] 10.0.0.214 () {34 vars in 816 bytes} [Wed Jul 15 15:46:17 2026] DELETE /resource_providers/4aa60ed7-034b-4659-9dd1-f13cf760a292 => generated 246 bytes in 11 msecs (HTTP/1.1 404) 6 headers in 231 bytes (1 switches on core 0)
2026-07-15 15:46:22.124 7 INFO placement.requestlog [None req-a93b0f26-8783-45ad-90fe-1c59282dfbd3 - - - - - -] 10.0.0.42 "GET /" status: 200 len: 136 microversion: 1.0
2026-07-15 15:46:22.124 8 INFO placement.requestlog [None req-1dd51086-b345-4a29-b501-3d428a44fbfa - - - - - -] 10.0.0.42 "GET /" status: 200 len: 136 microversion: 1.0
2026-07-15 15:46:27.010 7 INFO placement.requestlog [req-08f0ec0c-5b83-4c54-bdad-33a14ff4f09b req-83046e38-600b-45a3-92aa-ef0fb1aca909 b08ac5c0bc13453d8d04334538707215 86c52ac6791147a4a4a00817aa41bda6 - - 5c8f541069b249329bbfb9c38457d115 5c8f541069b249329bbfb9c38457d115] 199.19.213.231 "GET /resource_providers/39dc7748-e21a-454d-b437-4fedc26287fc/allocations" status: 200 len: 55 microversion: 1.0 [pid: 7|app: 0|req: 516/1034] 199.19.213.231 () {32 vars in 857 bytes} [Wed Jul 15 15:46:26 2026] GET /resource_providers/39dc7748-e21a-454d-b437-4fedc26287fc/allocations => generated 55 bytes in 14 msecs (HTTP/1.1 200) 6 headers in 223 bytes (1 switches on core 0)
2026-07-15 15:46:27.037 8 INFO placement.requestlog [req-08f0ec0c-5b83-4c54-bdad-33a14ff4f09b req-35124d8b-abce-4faa-9ae0-3305d36ecba5 b08ac5c0bc13453d8d04334538707215 86c52ac6791147a4a4a00817aa41bda6 - - 5c8f541069b249329bbfb9c38457d115 5c8f541069b249329bbfb9c38457d115] 199.19.213.231 "GET /resource_providers/39dc7748-e21a-454d-b437-4fedc26287fc/allocations" status: 200 len: 55 microversion: 1.0 [pid: 8|app: 0|req: 519/1035] 199.19.213.231 () {32 vars in 857 bytes} [Wed Jul 15 15:46:27 2026] GET /resource_providers/39dc7748-e21a-454d-b437-4fedc26287fc/allocations => generated 55 bytes in 10 msecs (HTTP/1.1 200) 6 headers in 223 bytes (1 switches on core 0)
2026-07-15 15:46:27.925 7 INFO placement.requestlog [req-4afcedfb-5e5c-42c5-8505-2f7e3f19cfd7 req-f12158a8-2488-4563-954a-3c492a021882 b08ac5c0bc13453d8d04334538707215 86c52ac6791147a4a4a00817aa41bda6 - - 5c8f541069b249329bbfb9c38457d115 5c8f541069b249329bbfb9c38457d115] 10.0.0.240 "GET /allocation_candidates?limit=1000&resources=DISK_GB%3A1%2CMEMORY_MB%3A512%2CVCPU%3A1&root_required=%21COMPUTE_STATUS_DISABLED" status: 200 len: 2781 microversion: 1.36 [pid: 7|app: 0|req: 517/1036] 10.0.0.240 () {34 vars in 1012 bytes} [Wed Jul 15 15:46:27 2026] GET /allocation_candidates?limit=1000&resources=DISK_GB%3A1%2CMEMORY_MB%3A512%2CVCPU%3A1&root_required=%21COMPUTE_STATUS_DISABLED => generated 2781 bytes in 45 msecs (HTTP/1.1 200) 8 headers in 297 bytes (1 switches on core 0)
2026-07-15 15:46:27.948 8 INFO placement.requestlog [req-4afcedfb-5e5c-42c5-8505-2f7e3f19cfd7 req-c9a01c6b-8e3b-4abb-85bf-dba26e2a11fc b08ac5c0bc13453d8d04334538707215 86c52ac6791147a4a4a00817aa41bda6 - - 5c8f541069b249329bbfb9c38457d115 5c8f541069b249329bbfb9c38457d115] 10.0.0.240 "GET /allocations/14bcc3a7-6420-4f27-aefb-23f9d29c2f28" status: 200 len: 19 microversion: 1.28 [pid: 8|app: 0|req: 520/1037] 10.0.0.240 () {34 vars in 861 bytes} [Wed Jul 15 15:46:27 2026] GET /allocations/14bcc3a7-6420-4f27-aefb-23f9d29c2f28 => generated 19 bytes in 8 msecs (HTTP/1.1 200) 8 headers in 295 bytes (1 switches on core 0)
2026-07-15 15:46:28.020 7 INFO placement.requestlog [req-4afcedfb-5e5c-42c5-8505-2f7e3f19cfd7 req-bce17c6f-3e6d-458e-bd42-57963efa5f2e b08ac5c0bc13453d8d04334538707215 86c52ac6791147a4a4a00817aa41bda6 - - 5c8f541069b249329bbfb9c38457d115 5c8f541069b249329bbfb9c38457d115] 10.0.0.240 "PUT /allocations/14bcc3a7-6420-4f27-aefb-23f9d29c2f28" status: 204 len: 0 microversion: 1.36 [pid: 7|app: 0|req: 518/1038] 10.0.0.240 () {38 vars in 914 bytes} [Wed Jul 15 15:46:27 2026] PUT /allocations/14bcc3a7-6420-4f27-aefb-23f9d29c2f28 => generated 0 bytes in 66 msecs (HTTP/1.1 204) 5 headers in 199 bytes (1 switches on core 0)
2026-07-15 15:46:29.545 8 INFO placement.requestlog [req-4afcedfb-5e5c-42c5-8505-2f7e3f19cfd7 req-1b25da04-751c-472f-83b0-1c60f96bddb0 b08ac5c0bc13453d8d04334538707215 86c52ac6791147a4a4a00817aa41bda6 - - 5c8f541069b249329bbfb9c38457d115 5c8f541069b249329bbfb9c38457d115] 199.19.213.231 "GET /allocations/14bcc3a7-6420-4f27-aefb-23f9d29c2f28" status: 200 len: 258 microversion: 1.28 [pid: 8|app: 0|req: 521/1039] 199.19.213.231 () {34 vars in 863 bytes} [Wed Jul 15 15:46:29 2026] GET /allocations/14bcc3a7-6420-4f27-aefb-23f9d29c2f28 => generated 258 bytes in 13 msecs (HTTP/1.1 200) 8 headers in 296 bytes (1 switches on core 0)
2026-07-15 15:46:30.589 7 INFO placement.requestlog [req-4afcedfb-5e5c-42c5-8505-2f7e3f19cfd7 req-6776a41f-cf36-4ae7-b476-3a8456a29086 b08ac5c0bc13453d8d04334538707215 86c52ac6791147a4a4a00817aa41bda6 - - 5c8f541069b249329bbfb9c38457d115 5c8f541069b249329bbfb9c38457d115] 199.19.213.231 "GET /resource_providers/39dc7748-e21a-454d-b437-4fedc26287fc/allocations" status: 200 len: 153 microversion: 1.0 [pid: 7|app: 0|req: 519/1040] 199.19.213.231 () {32 vars in 857 bytes} [Wed Jul 15 15:46:30 2026] GET /resource_providers/39dc7748-e21a-454d-b437-4fedc26287fc/allocations => generated 153 bytes in 18 msecs (HTTP/1.1 200) 6 headers in 224 bytes (1 switches on core 0)
2026-07-15 15:46:30.620 8 INFO placement.requestlog [req-4afcedfb-5e5c-42c5-8505-2f7e3f19cfd7 req-ce7f6bc3-b6bb-4969-b7c9-cb67dbf3ae8a b08ac5c0bc13453d8d04334538707215 86c52ac6791147a4a4a00817aa41bda6 - - 5c8f541069b249329bbfb9c38457d115 5c8f541069b249329bbfb9c38457d115] 199.19.213.231 "GET /allocations/14bcc3a7-6420-4f27-aefb-23f9d29c2f28" status: 200 len: 258 microversion: 1.28 [pid: 8|app: 0|req: 522/1041] 199.19.213.231 () {34 vars in 863 bytes} [Wed Jul 15 15:46:30 2026] GET /allocations/14bcc3a7-6420-4f27-aefb-23f9d29c2f28 => generated 258 bytes in 23 msecs (HTTP/1.1 200) 8 headers in 296 bytes (1 switches on core 0)
2026-07-15 15:46:32.125 8 INFO placement.requestlog [None req-1aaeb652-6f05-48d3-8ed9-6c31d50ff14b - - - - - -] 10.0.0.42 "GET /" status: 200 len: 136 microversion: 1.0
2026-07-15 15:46:32.125 7 INFO placement.requestlog [None req-3fc71625-36a7-409a-bcb0-7d999f4f5438 - - - - - -] 10.0.0.42 "GET /" status: 200 len: 136 microversion: 1.0
2026-07-15 15:46:35.958 8 INFO placement.requestlog [req-e7ccfd6b-f7f9-4086-a384-be1e069b5c98 req-912e3bfe-5b32-4ed4-94b7-5ce5eae883e9 b08ac5c0bc13453d8d04334538707215 86c52ac6791147a4a4a00817aa41bda6 - - 5c8f541069b249329bbfb9c38457d115 5c8f541069b249329bbfb9c38457d115] 10.0.0.240 "GET /allocation_candidates?limit=1000&resources=DISK_GB%3A1%2CMEMORY_MB%3A512%2CVCPU%3A1&root_required=%21COMPUTE_STATUS_DISABLED" status: 200 len: 2783 microversion: 1.36 [pid: 8|app: 0|req: 524/1044] 10.0.0.240 () {34 vars in 1012 bytes} [Wed Jul 15 15:46:35 2026] GET /allocation_candidates?limit=1000&resources=DISK_GB%3A1%2CMEMORY_MB%3A512%2CVCPU%3A1&root_required=%21COMPUTE_STATUS_DISABLED => generated 2783 bytes in 37 msecs (HTTP/1.1 200) 8 headers in 297 bytes (1 switches on core 0)
2026-07-15 15:46:35.991 7 INFO placement.requestlog [req-e7ccfd6b-f7f9-4086-a384-be1e069b5c98 req-4af2fcf4-b689-41ec-b30b-46c802b06430 b08ac5c0bc13453d8d04334538707215 86c52ac6791147a4a4a00817aa41bda6 - - 5c8f541069b249329bbfb9c38457d115 5c8f541069b249329bbfb9c38457d115] 10.0.0.240 "GET /allocations/f53922ee-c272-4af7-84f6-1d0b2a9df08f" status: 200 len: 19 microversion: 1.28 [pid: 7|app: 0|req: 521/1045] 10.0.0.240 () {34 vars in 861 bytes} [Wed Jul 15 15:46:35 2026] GET /allocations/f53922ee-c272-4af7-84f6-1d0b2a9df08f => generated 19 bytes in 10 msecs (HTTP/1.1 200) 8 headers in 295 bytes (1 switches on core 0)
2026-07-15 15:46:36.057 8 INFO placement.requestlog [req-e7ccfd6b-f7f9-4086-a384-be1e069b5c98 req-fefde9cc-f26b-4dfc-a70d-d5e1f9a774b9 b08ac5c0bc13453d8d04334538707215 86c52ac6791147a4a4a00817aa41bda6 - - 5c8f541069b249329bbfb9c38457d115 5c8f541069b249329bbfb9c38457d115] 10.0.0.240 "PUT /allocations/f53922ee-c272-4af7-84f6-1d0b2a9df08f" status: 204 len: 0 microversion: 1.36 [pid: 8|app: 0|req: 525/1046] 10.0.0.240 () {38 vars in 914 bytes} [Wed Jul 15 15:46:35 2026] PUT /allocations/f53922ee-c272-4af7-84f6-1d0b2a9df08f => generated 0 bytes in 62 msecs (HTTP/1.1 204) 5 headers in 199 bytes (1 switches on core 0)
2026-07-15 15:46:36.612 7 INFO placement.requestlog [None req-d8a4e522-cf06-459b-8fd7-64cca7253e45 f7310993164d43058efdb624efb008a0 86c52ac6791147a4a4a00817aa41bda6 - - 5c8f541069b249329bbfb9c38457d115 5c8f541069b249329bbfb9c38457d115] 10.0.0.214 "GET /resource_providers/bf2c075c-b747-48c5-b053-7729a322cb06/aggregates" status: 404 len: 235 microversion: 1.1 [pid: 7|app: 0|req: 522/1047] 10.0.0.214 () {32 vars in 816 bytes} [Wed Jul 15 15:46:36 2026] GET /resource_providers/bf2c075c-b747-48c5-b053-7729a322cb06/aggregates => generated 235 bytes in 7 msecs (HTTP/1.1 404) 5 headers in 202 bytes (1 switches on core 0)
2026-07-15 15:46:36.621 8 INFO placement.requestlog [None req-65200db6-77b0-4bf9-833a-db84837e9c10 f7310993164d43058efdb624efb008a0 86c52ac6791147a4a4a00817aa41bda6 - - 5c8f541069b249329bbfb9c38457d115 5c8f541069b249329bbfb9c38457d115] 10.0.0.214 "GET /resource_providers/bf2c075c-b747-48c5-b053-7729a322cb06/aggregates" status: 404 len: 235 microversion: 1.1 [pid: 8|app: 0|req: 526/1048] 10.0.0.214 () {32 vars in 816 bytes} [Wed Jul 15 15:46:36 2026] GET /resource_providers/bf2c075c-b747-48c5-b053-7729a322cb06/aggregates => generated 235 bytes in 14 msecs (HTTP/1.1 404) 5 headers in 202 bytes (1 switches on core 0)
2026-07-15 15:46:36.640 7 INFO placement.requestlog [None req-d4be62fc-456a-4183-8411-87bfb523e33c f7310993164d43058efdb624efb008a0 86c52ac6791147a4a4a00817aa41bda6 - - 5c8f541069b249329bbfb9c38457d115 5c8f541069b249329bbfb9c38457d115] 10.0.0.214 "DELETE /resource_providers/bf2c075c-b747-48c5-b053-7729a322cb06" status: 404 len: 246 microversion: 1.1 [pid: 7|app: 0|req: 523/1049] 10.0.0.214 () {34 vars in 816 bytes} [Wed Jul 15 15:46:36 2026] DELETE /resource_providers/bf2c075c-b747-48c5-b053-7729a322cb06 => generated 246 bytes in 8 msecs (HTTP/1.1 404) 6 headers in 231 bytes (1 switches on core 0)
2026-07-15 15:46:36.641 8 INFO placement.requestlog [None req-59de3fce-0459-46d6-9d3c-4206f8f8a03d f7310993164d43058efdb624efb008a0 86c52ac6791147a4a4a00817aa41bda6 - - 5c8f541069b249329bbfb9c38457d115 5c8f541069b249329bbfb9c38457d115] 10.0.0.214 "DELETE /resource_providers/bf2c075c-b747-48c5-b053-7729a322cb06" status: 404 len: 246 microversion: 1.1 [pid: 8|app: 0|req: 527/1050] 10.0.0.214 () {34 vars in 816 bytes} [Wed Jul 15 15:46:36 2026] DELETE /resource_providers/bf2c075c-b747-48c5-b053-7729a322cb06 => generated 246 bytes in 8 msecs (HTTP/1.1 404) 6 headers in 231 bytes (1 switches on core 0)
2026-07-15 15:46:37.178 7 INFO placement.requestlog [None req-24c34b3b-73c4-4062-9b05-64f10dfe14ee f7310993164d43058efdb624efb008a0 86c52ac6791147a4a4a00817aa41bda6 - - 5c8f541069b249329bbfb9c38457d115 5c8f541069b249329bbfb9c38457d115] 10.0.0.214 "GET /resource_providers/4b3aa559-3b88-4ef1-b971-0ce57904bb8d/aggregates" status: 404 len: 235 microversion: 1.1 [pid: 7|app: 0|req: 524/1051] 10.0.0.214 () {32 vars in 816 bytes} [Wed Jul 15 15:46:37 2026] GET /resource_providers/4b3aa559-3b88-4ef1-b971-0ce57904bb8d/aggregates => generated 235 bytes in 6 msecs (HTTP/1.1 404) 5 headers in 202 bytes (1 switches on core 0)
2026-07-15 15:46:37.187 8 INFO placement.requestlog [None req-34ba375a-0fcb-4dc2-8641-4bb4e60ecf4b f7310993164d43058efdb624efb008a0 86c52ac6791147a4a4a00817aa41bda6 - - 5c8f541069b249329bbfb9c38457d115 5c8f541069b249329bbfb9c38457d115] 10.0.0.214 "GET /resource_providers/4b3aa559-3b88-4ef1-b971-0ce57904bb8d/aggregates" status: 404 len: 235 microversion: 1.1 [pid: 8|app: 0|req: 528/1052] 10.0.0.214 () {32 vars in 816 bytes} [Wed Jul 15 15:46:37 2026] GET /resource_providers/4b3aa559-3b88-4ef1-b971-0ce57904bb8d/aggregates => generated 235 bytes in 11 msecs (HTTP/1.1 404) 5 headers in 202 bytes (1 switches on core 0)
2026-07-15 15:46:37.201 7 INFO placement.requestlog [None req-3dfb1dcb-24f3-4503-af7a-7c5ba5bd8fe5 f7310993164d43058efdb624efb008a0 86c52ac6791147a4a4a00817aa41bda6 - - 5c8f541069b249329bbfb9c38457d115 5c8f541069b249329bbfb9c38457d115] 10.0.0.214 "DELETE /resource_providers/4b3aa559-3b88-4ef1-b971-0ce57904bb8d" status: 404 len: 246 microversion: 1.1 [pid: 7|app: 0|req: 525/1053] 10.0.0.214 () {34 vars in 816 bytes} [Wed Jul 15 15:46:37 2026] DELETE /resource_providers/4b3aa559-3b88-4ef1-b971-0ce57904bb8d => generated 246 bytes in 9 msecs (HTTP/1.1 404) 6 headers in 231 bytes (1 switches on core 0)
2026-07-15 15:46:37.204 8 INFO placement.requestlog [None req-42571af9-cfdb-48e8-88f9-a6da9070a85d f7310993164d43058efdb624efb008a0 86c52ac6791147a4a4a00817aa41bda6 - - 5c8f541069b249329bbfb9c38457d115 5c8f541069b249329bbfb9c38457d115] 10.0.0.214 "DELETE /resource_providers/4b3aa559-3b88-4ef1-b971-0ce57904bb8d" status: 404 len: 246 microversion: 1.1 [pid: 8|app: 0|req: 529/1054] 10.0.0.214 () {34 vars in 816 bytes} [Wed Jul 15 15:46:37 2026] DELETE /resource_providers/4b3aa559-3b88-4ef1-b971-0ce57904bb8d => generated 246 bytes in 7 msecs (HTTP/1.1 404) 6 headers in 231 bytes (1 switches on core 0)
2026-07-15 15:46:37.588 7 INFO placement.requestlog [req-e7ccfd6b-f7f9-4086-a384-be1e069b5c98 req-3a8159bd-a7f6-403c-827b-7fdbab73fdbd b08ac5c0bc13453d8d04334538707215 86c52ac6791147a4a4a00817aa41bda6 - - 5c8f541069b249329bbfb9c38457d115 5c8f541069b249329bbfb9c38457d115] 199.19.213.231 "GET /allocations/f53922ee-c272-4af7-84f6-1d0b2a9df08f" status: 200 len: 258 microversion: 1.28 [pid: 7|app: 0|req: 526/1055] 199.19.213.231 () {34 vars in 863 bytes} [Wed Jul 15 15:46:37 2026] GET /allocations/f53922ee-c272-4af7-84f6-1d0b2a9df08f => generated 258 bytes in 12 msecs (HTTP/1.1 200) 8 headers in 296 bytes (1 switches on core 0)
2026-07-15 15:46:38.625 8 INFO placement.requestlog [req-e7ccfd6b-f7f9-4086-a384-be1e069b5c98 req-2b11aed8-f305-46fa-9dfe-f49929f97398 b08ac5c0bc13453d8d04334538707215 86c52ac6791147a4a4a00817aa41bda6 - - 5c8f541069b249329bbfb9c38457d115 5c8f541069b249329bbfb9c38457d115] 199.19.213.231 "GET /resource_providers/39dc7748-e21a-454d-b437-4fedc26287fc/allocations" status: 200 len: 253 microversion: 1.0 [pid: 8|app: 0|req: 530/1056] 199.19.213.231 () {32 vars in 857 bytes} [Wed Jul 15 15:46:38 2026] GET /resource_providers/39dc7748-e21a-454d-b437-4fedc26287fc/allocations => generated 253 bytes in 19 msecs (HTTP/1.1 200) 6 headers in 224 bytes (1 switches on core 0)
2026-07-15 15:46:38.649 7 INFO placement.requestlog [req-e7ccfd6b-f7f9-4086-a384-be1e069b5c98 req-a19d9d2b-0b28-42a7-b694-382a501d2671 b08ac5c0bc13453d8d04334538707215 86c52ac6791147a4a4a00817aa41bda6 - - 5c8f541069b249329bbfb9c38457d115 5c8f541069b249329bbfb9c38457d115] 199.19.213.231 "GET /allocations/14bcc3a7-6420-4f27-aefb-23f9d29c2f28" status: 200 len: 258 microversion: 1.28 [pid: 7|app: 0|req: 527/1057] 199.19.213.231 () {34 vars in 863 bytes} [Wed Jul 15 15:46:38 2026] GET /allocations/14bcc3a7-6420-4f27-aefb-23f9d29c2f28 => generated 258 bytes in 16 msecs (HTTP/1.1 200) 8 headers in 296 bytes (1 switches on core 0)
2026-07-15 15:46:38.666 8 INFO placement.requestlog [None req-2da983e6-651b-469f-a682-82d420f0c835 f7310993164d43058efdb624efb008a0 86c52ac6791147a4a4a00817aa41bda6 - - 5c8f541069b249329bbfb9c38457d115 5c8f541069b249329bbfb9c38457d115] 10.0.0.214 "GET /resource_providers/444534cf-c242-4852-b6ba-6bc06a5c117b/aggregates" status: 404 len: 235 microversion: 1.1 [pid: 8|app: 0|req: 531/1058] 10.0.0.214 () {32 vars in 816 bytes} [Wed Jul 15 15:46:38 2026] GET /resource_providers/444534cf-c242-4852-b6ba-6bc06a5c117b/aggregates => generated 235 bytes in 13 msecs (HTTP/1.1 404) 5 headers in 202 bytes (1 switches on core 0)
2026-07-15 15:46:38.672 7 INFO placement.requestlog [req-e7ccfd6b-f7f9-4086-a384-be1e069b5c98 req-a1dc3a87-f9e8-474f-87dd-78ff7aabcbff b08ac5c0bc13453d8d04334538707215 86c52ac6791147a4a4a00817aa41bda6 - - 5c8f541069b249329bbfb9c38457d115 5c8f541069b249329bbfb9c38457d115] 199.19.213.231 "GET /allocations/f53922ee-c272-4af7-84f6-1d0b2a9df08f" status: 200 len: 258 microversion: 1.28 [pid: 7|app: 0|req: 528/1059] 199.19.213.231 () {34 vars in 863 bytes} [Wed Jul 15 15:46:38 2026] GET /allocations/f53922ee-c272-4af7-84f6-1d0b2a9df08f => generated 258 bytes in 15 msecs (HTTP/1.1 200) 8 headers in 296 bytes (1 switches on core 0)
2026-07-15 15:46:38.682 8 INFO placement.requestlog [None req-c42e7911-93f1-41fd-93b0-9ddd2bad3196 f7310993164d43058efdb624efb008a0 86c52ac6791147a4a4a00817aa41bda6 - - 5c8f541069b249329bbfb9c38457d115 5c8f541069b249329bbfb9c38457d115] 10.0.0.214 "GET /resource_providers/444534cf-c242-4852-b6ba-6bc06a5c117b/aggregates" status: 404 len: 235 microversion: 1.1 [pid: 8|app: 0|req: 532/1060] 10.0.0.214 () {32 vars in 816 bytes} [Wed Jul 15 15:46:38 2026] GET /resource_providers/444534cf-c242-4852-b6ba-6bc06a5c117b/aggregates => generated 235 bytes in 15 msecs (HTTP/1.1 404) 5 headers in 202 bytes (1 switches on core 0)
2026-07-15 15:46:38.694 7 INFO placement.requestlog [None req-21a3070a-bdb7-4f28-9970-a86eb6ee7759 f7310993164d43058efdb624efb008a0 86c52ac6791147a4a4a00817aa41bda6 - - 5c8f541069b249329bbfb9c38457d115 5c8f541069b249329bbfb9c38457d115] 10.0.0.214 "DELETE /resource_providers/444534cf-c242-4852-b6ba-6bc06a5c117b" status: 404 len: 246 microversion: 1.1 [pid: 7|app: 0|req: 529/1061] 10.0.0.214 () {34 vars in 816 bytes} [Wed Jul 15 15:46:38 2026] DELETE /resource_providers/444534cf-c242-4852-b6ba-6bc06a5c117b => generated 246 bytes in 17 msecs (HTTP/1.1 404) 6 headers in 231 bytes (1 switches on core 0)
2026-07-15 15:46:38.704 8 INFO placement.requestlog [None req-ae7969f6-837b-452c-b8d2-923faa2c0fff f7310993164d43058efdb624efb008a0 86c52ac6791147a4a4a00817aa41bda6 - - 5c8f541069b249329bbfb9c38457d115 5c8f541069b249329bbfb9c38457d115] 10.0.0.214 "DELETE /resource_providers/444534cf-c242-4852-b6ba-6bc06a5c117b" status: 404 len: 246 microversion: 1.1 [pid: 8|app: 0|req: 533/1062] 10.0.0.214 () {34 vars in 816 bytes} [Wed Jul 15 15:46:38 2026] DELETE /resource_providers/444534cf-c242-4852-b6ba-6bc06a5c117b => generated 246 bytes in 14 msecs (HTTP/1.1 404) 6 headers in 231 bytes (1 switches on core 0)
2026-07-15 15:46:38.713 7 INFO placement.requestlog [None req-ee383d95-8555-4630-a697-471839deb459 f7310993164d43058efdb624efb008a0 86c52ac6791147a4a4a00817aa41bda6 - - 5c8f541069b249329bbfb9c38457d115 5c8f541069b249329bbfb9c38457d115] 10.0.0.214 "GET /resource_providers/4219af0f-6817-44ae-a5ea-4aefbefe2526/aggregates" status: 404 len: 235 microversion: 1.1 [pid: 7|app: 0|req: 530/1063] 10.0.0.214 () {32 vars in 816 bytes} [Wed Jul 15 15:46:38 2026] GET /resource_providers/4219af0f-6817-44ae-a5ea-4aefbefe2526/aggregates => generated 235 bytes in 9 msecs (HTTP/1.1 404) 5 headers in 202 bytes (1 switches on core 0)
2026-07-15 15:46:38.730 8 INFO placement.requestlog [None req-d6f7de43-33b5-407d-bef4-6a2f4a949fd6 f7310993164d43058efdb624efb008a0 86c52ac6791147a4a4a00817aa41bda6 - - 5c8f541069b249329bbfb9c38457d115 5c8f541069b249329bbfb9c38457d115] 10.0.0.214 "GET /resource_providers/4219af0f-6817-44ae-a5ea-4aefbefe2526/aggregates" status: 404 len: 235 microversion: 1.1 [pid: 8|app: 0|req: 534/1064] 10.0.0.214 () {32 vars in 816 bytes} [Wed Jul 15 15:46:38 2026] GET /resource_providers/4219af0f-6817-44ae-a5ea-4aefbefe2526/aggregates => generated 235 bytes in 9 msecs (HTTP/1.1 404) 5 headers in 202 bytes (1 switches on core 0)
2026-07-15 15:46:38.734 7 INFO placement.requestlog [None req-b102db98-2e32-4f9a-8e3a-b1f8ce5a1120 f7310993164d43058efdb624efb008a0 86c52ac6791147a4a4a00817aa41bda6 - - 5c8f541069b249329bbfb9c38457d115 5c8f541069b249329bbfb9c38457d115] 10.0.0.214 "DELETE /resource_providers/4219af0f-6817-44ae-a5ea-4aefbefe2526" status: 404 len: 246 microversion: 1.1 [pid: 7|app: 0|req: 531/1065] 10.0.0.214 () {34 vars in 816 bytes} [Wed Jul 15 15:46:38 2026] DELETE /resource_providers/4219af0f-6817-44ae-a5ea-4aefbefe2526 => generated 246 bytes in 12 msecs (HTTP/1.1 404) 6 headers in 231 bytes (1 switches on core 0)
2026-07-15 15:46:38.747 8 INFO placement.requestlog [None req-648d4370-19b1-46aa-bcea-cfcf8ca098d6 f7310993164d43058efdb624efb008a0 86c52ac6791147a4a4a00817aa41bda6 - - 5c8f541069b249329bbfb9c38457d115 5c8f541069b249329bbfb9c38457d115] 10.0.0.214 "DELETE /resource_providers/4219af0f-6817-44ae-a5ea-4aefbefe2526" status: 404 len: 246 microversion: 1.1 [pid: 8|app: 0|req: 535/1066] 10.0.0.214 () {34 vars in 816 bytes} [Wed Jul 15 15:46:38 2026] DELETE /resource_providers/4219af0f-6817-44ae-a5ea-4aefbefe2526 => generated 246 bytes in 8 msecs (HTTP/1.1 404) 6 headers in 231 bytes (1 switches on core 0)
2026-07-15 15:46:38.756 7 INFO placement.requestlog [None req-f39b50e3-114d-4abf-92c9-ed9cf9448f35 f7310993164d43058efdb624efb008a0 86c52ac6791147a4a4a00817aa41bda6 - - 5c8f541069b249329bbfb9c38457d115 5c8f541069b249329bbfb9c38457d115] 10.0.0.214 "GET /resource_providers/a2690886-8e3c-462e-80b2-e001f85f00fe/aggregates" status: 404 len: 235 microversion: 1.1 [pid: 7|app: 0|req: 532/1067] 10.0.0.214 () {32 vars in 816 bytes} [Wed Jul 15 15:46:38 2026] GET /resource_providers/a2690886-8e3c-462e-80b2-e001f85f00fe/aggregates => generated 235 bytes in 10 msecs (HTTP/1.1 404) 5 headers in 202 bytes (1 switches on core 0)
2026-07-15 15:46:38.764 8 INFO placement.requestlog [None req-ab2fb620-7480-4d28-8208-e17355802c81 f7310993164d43058efdb624efb008a0 86c52ac6791147a4a4a00817aa41bda6 - - 5c8f541069b249329bbfb9c38457d115 5c8f541069b249329bbfb9c38457d115] 10.0.0.214 "GET /resource_providers/a2690886-8e3c-462e-80b2-e001f85f00fe/aggregates" status: 404 len: 235 microversion: 1.1 [pid: 8|app: 0|req: 536/1068] 10.0.0.214 () {32 vars in 816 bytes} [Wed Jul 15 15:46:38 2026] GET /resource_providers/a2690886-8e3c-462e-80b2-e001f85f00fe/aggregates => generated 235 bytes in 7 msecs (HTTP/1.1 404) 5 headers in 202 bytes (1 switches on core 0)
2026-07-15 15:46:38.779 8 INFO placement.requestlog [None req-a99078ea-bf67-4687-adfe-121a0e5af206 f7310993164d43058efdb624efb008a0 86c52ac6791147a4a4a00817aa41bda6 - - 5c8f541069b249329bbfb9c38457d115 5c8f541069b249329bbfb9c38457d115] 10.0.0.214 "DELETE /resource_providers/a2690886-8e3c-462e-80b2-e001f85f00fe" status: 404 len: 246 microversion: 1.1 [pid: 8|app: 0|req: 537/1069] 10.0.0.214 () {34 vars in 816 bytes} [Wed Jul 15 15:46:38 2026] DELETE /resource_providers/a2690886-8e3c-462e-80b2-e001f85f00fe => generated 246 bytes in 6 msecs (HTTP/1.1 404) 6 headers in 231 bytes (1 switches on core 0)
2026-07-15 15:46:38.782 7 INFO placement.requestlog [None req-b7974506-afee-42b6-997d-461fdc084ae1 f7310993164d43058efdb624efb008a0 86c52ac6791147a4a4a00817aa41bda6 - - 5c8f541069b249329bbfb9c38457d115 5c8f541069b249329bbfb9c38457d115] 10.0.0.214 "DELETE /resource_providers/a2690886-8e3c-462e-80b2-e001f85f00fe" status: 404 len: 246 microversion: 1.1 [pid: 7|app: 0|req: 533/1070] 10.0.0.214 () {34 vars in 816 bytes} [Wed Jul 15 15:46:38 2026] DELETE /resource_providers/a2690886-8e3c-462e-80b2-e001f85f00fe => generated 246 bytes in 11 msecs (HTTP/1.1 404) 6 headers in 231 bytes (1 switches on core 0)
2026-07-15 15:46:38.802 7 INFO placement.requestlog [None req-82fa6168-e193-4871-9f2f-f6c682c5ff17 f7310993164d43058efdb624efb008a0 86c52ac6791147a4a4a00817aa41bda6 - - 5c8f541069b249329bbfb9c38457d115 5c8f541069b249329bbfb9c38457d115] 10.0.0.214 "GET /resource_providers/cfc3f563-4ed9-4385-985d-e66448047ac8/aggregates" status: 404 len: 235 microversion: 1.1 [pid: 7|app: 0|req: 534/1071] 10.0.0.214 () {32 vars in 816 bytes} [Wed Jul 15 15:46:38 2026] GET /resource_providers/cfc3f563-4ed9-4385-985d-e66448047ac8/aggregates => generated 235 bytes in 6 msecs (HTTP/1.1 404) 5 headers in 202 bytes (1 switches on core 0)
2026-07-15 15:46:38.803 8 INFO placement.requestlog [None req-b36459ad-6786-4cdf-ab59-8437997a7056 f7310993164d43058efdb624efb008a0 86c52ac6791147a4a4a00817aa41bda6 - - 5c8f541069b249329bbfb9c38457d115 5c8f541069b249329bbfb9c38457d115] 10.0.0.214 "GET /resource_providers/cfc3f563-4ed9-4385-985d-e66448047ac8/aggregates" status: 404 len: 235 microversion: 1.1 [pid: 8|app: 0|req: 538/1072] 10.0.0.214 () {32 vars in 816 bytes} [Wed Jul 15 15:46:38 2026] GET /resource_providers/cfc3f563-4ed9-4385-985d-e66448047ac8/aggregates => generated 235 bytes in 7 msecs (HTTP/1.1 404) 5 headers in 202 bytes (1 switches on core 0)
2026-07-15 15:46:38.818 7 INFO placement.requestlog [None req-d682fb17-d6d8-4d68-9480-b3a3e8519d20 f7310993164d43058efdb624efb008a0 86c52ac6791147a4a4a00817aa41bda6 - - 5c8f541069b249329bbfb9c38457d115 5c8f541069b249329bbfb9c38457d115] 10.0.0.214 "DELETE /resource_providers/cfc3f563-4ed9-4385-985d-e66448047ac8" status: 404 len: 246 microversion: 1.1 [pid: 7|app: 0|req: 535/1073] 10.0.0.214 () {34 vars in 816 bytes} [Wed Jul 15 15:46:38 2026] DELETE /resource_providers/cfc3f563-4ed9-4385-985d-e66448047ac8 => generated 246 bytes in 5 msecs (HTTP/1.1 404) 6 headers in 231 bytes (1 switches on core 0)
2026-07-15 15:46:38.828 8 INFO placement.requestlog [None req-3dc1efb7-6016-48b0-a66f-b9c896441628 f7310993164d43058efdb624efb008a0 86c52ac6791147a4a4a00817aa41bda6 - - 5c8f541069b249329bbfb9c38457d115 5c8f541069b249329bbfb9c38457d115] 10.0.0.214 "DELETE /resource_providers/cfc3f563-4ed9-4385-985d-e66448047ac8" status: 404 len: 246 microversion: 1.1 [pid: 8|app: 0|req: 539/1074] 10.0.0.214 () {34 vars in 816 bytes} [Wed Jul 15 15:46:38 2026] DELETE /resource_providers/cfc3f563-4ed9-4385-985d-e66448047ac8 => generated 246 bytes in 11 msecs (HTTP/1.1 404) 6 headers in 231 bytes (1 switches on core 0)
2026-07-15 15:46:38.830 7 INFO placement.requestlog [None req-7844ff0d-a1b5-4ca0-b4b7-672c2d9d2c47 f7310993164d43058efdb624efb008a0 86c52ac6791147a4a4a00817aa41bda6 - - 5c8f541069b249329bbfb9c38457d115 5c8f541069b249329bbfb9c38457d115] 10.0.0.214 "GET /resource_providers/25df4125-320c-4afa-8b39-ff8ce26b4d64/aggregates" status: 404 len: 235 microversion: 1.1 [pid: 7|app: 0|req: 536/1075] 10.0.0.214 () {32 vars in 816 bytes} [Wed Jul 15 15:46:38 2026] GET /resource_providers/25df4125-320c-4afa-8b39-ff8ce26b4d64/aggregates => generated 235 bytes in 4 msecs (HTTP/1.1 404) 5 headers in 202 bytes (1 switches on core 0)
2026-07-15 15:46:38.845 8 INFO placement.requestlog [None req-d0afb900-9ebf-49da-bf32-faaa00d36db4 f7310993164d43058efdb624efb008a0 86c52ac6791147a4a4a00817aa41bda6 - - 5c8f541069b249329bbfb9c38457d115 5c8f541069b249329bbfb9c38457d115] 10.0.0.214 "GET /resource_providers/25df4125-320c-4afa-8b39-ff8ce26b4d64/aggregates" status: 404 len: 235 microversion: 1.1
2026-07-15 15:46:38.845 7 INFO placement.requestlog [None req-274ad920-80d6-4518-9a42-50f2ebe1f80a f7310993164d43058efdb624efb008a0 86c52ac6791147a4a4a00817aa41bda6 - - 5c8f541069b249329bbfb9c38457d115 5c8f541069b249329bbfb9c38457d115] 10.0.0.214 "DELETE /resource_providers/25df4125-320c-4afa-8b39-ff8ce26b4d64" status: 404 len: 246 microversion: 1.1 [pid: 7|app: 0|req: 537/1077] 10.0.0.214 () {34 vars in 816 bytes} [Wed Jul 15 15:46:38 2026] DELETE /resource_providers/25df4125-320c-4afa-8b39-ff8ce26b4d64 => generated 246 bytes in 4 msecs (HTTP/1.1 404) 6 headers in 231 bytes (1 switches on core 0) [pid: 8|app: 0|req: 540/1077] 10.0.0.214 () {32 vars in 816 bytes} [Wed Jul 15 15:46:38 2026] GET /resource_providers/25df4125-320c-4afa-8b39-ff8ce26b4d64/aggregates => generated 235 bytes in 6 msecs (HTTP/1.1 404) 5 headers in 202 bytes (1 switches on core 0)
2026-07-15 15:46:38.860 7 INFO placement.requestlog [None req-2148e122-89bb-452d-9b0e-ffbcf4c1c63b f7310993164d43058efdb624efb008a0 86c52ac6791147a4a4a00817aa41bda6 - - 5c8f541069b249329bbfb9c38457d115 5c8f541069b249329bbfb9c38457d115] 10.0.0.214 "GET /resource_providers/b534c490-ed84-4599-99d3-e2451e0f59ab/aggregates" status: 404 len: 235 microversion: 1.1 [pid: 7|app: 0|req: 538/1078] 10.0.0.214 () {32 vars in 816 bytes} [Wed Jul 15 15:46:38 2026] GET /resource_providers/b534c490-ed84-4599-99d3-e2451e0f59ab/aggregates => generated 235 bytes in 4 msecs (HTTP/1.1 404) 5 headers in 202 bytes (1 switches on core 0)
2026-07-15 15:46:38.872 8 INFO placement.requestlog [None req-951d8be6-aa28-4e1a-9ed7-9cdd84238f70 f7310993164d43058efdb624efb008a0 86c52ac6791147a4a4a00817aa41bda6 - - 5c8f541069b249329bbfb9c38457d115 5c8f541069b249329bbfb9c38457d115] 10.0.0.214 "DELETE /resource_providers/25df4125-320c-4afa-8b39-ff8ce26b4d64" status: 404 len: 246 microversion: 1.1 [pid: 8|app: 0|req: 541/1079] 10.0.0.214 () {34 vars in 816 bytes} [Wed Jul 15 15:46:38 2026] DELETE /resource_providers/25df4125-320c-4afa-8b39-ff8ce26b4d64 => generated 246 bytes in 12 msecs (HTTP/1.1 404) 6 headers in 231 bytes (1 switches on core 0)
2026-07-15 15:46:38.875 7 INFO placement.requestlog [None req-d60aafff-cbd6-4cce-a60d-678bd97b4b8b f7310993164d43058efdb624efb008a0 86c52ac6791147a4a4a00817aa41bda6 - - 5c8f541069b249329bbfb9c38457d115 5c8f541069b249329bbfb9c38457d115] 10.0.0.214 "DELETE /resource_providers/b534c490-ed84-4599-99d3-e2451e0f59ab" status: 404 len: 246 microversion: 1.1 [pid: 7|app: 0|req: 539/1080] 10.0.0.214 () {34 vars in 816 bytes} [Wed Jul 15 15:46:38 2026] DELETE /resource_providers/b534c490-ed84-4599-99d3-e2451e0f59ab => generated 246 bytes in 5 msecs (HTTP/1.1 404) 6 headers in 231 bytes (1 switches on core 0)
2026-07-15 15:46:38.896 8 INFO placement.requestlog [None req-d5ca97ae-c2d5-437b-b8d5-7716d12bef84 f7310993164d43058efdb624efb008a0 86c52ac6791147a4a4a00817aa41bda6 - - 5c8f541069b249329bbfb9c38457d115 5c8f541069b249329bbfb9c38457d115] 10.0.0.214 "GET /resource_providers/b534c490-ed84-4599-99d3-e2451e0f59ab/aggregates" status: 404 len: 235 microversion: 1.1 [pid: 8|app: 0|req: 542/1081] 10.0.0.214 () {32 vars in 816 bytes} [Wed Jul 15 15:46:38 2026] GET /resource_providers/b534c490-ed84-4599-99d3-e2451e0f59ab/aggregates => generated 235 bytes in 14 msecs (HTTP/1.1 404) 5 headers in 202 bytes (1 switches on core 0)
2026-07-15 15:46:38.900 7 INFO placement.requestlog [None req-171970af-dbb9-479a-9a3d-1af6ac9349c4 f7310993164d43058efdb624efb008a0 86c52ac6791147a4a4a00817aa41bda6 - - 5c8f541069b249329bbfb9c38457d115 5c8f541069b249329bbfb9c38457d115] 10.0.0.214 "GET /resource_providers/c9861c14-88f9-4399-87e5-48f50d8d738e/aggregates" status: 404 len: 235 microversion: 1.1 [pid: 7|app: 0|req: 540/1082] 10.0.0.214 () {32 vars in 816 bytes} [Wed Jul 15 15:46:38 2026] GET /resource_providers/c9861c14-88f9-4399-87e5-48f50d8d738e/aggregates => generated 235 bytes in 12 msecs (HTTP/1.1 404) 5 headers in 202 bytes (1 switches on core 0)
2026-07-15 15:46:38.916 8 INFO placement.requestlog [None req-a09e45aa-3b61-411a-ba1e-8bfccd583aaf f7310993164d43058efdb624efb008a0 86c52ac6791147a4a4a00817aa41bda6 - - 5c8f541069b249329bbfb9c38457d115 5c8f541069b249329bbfb9c38457d115] 10.0.0.214 "DELETE /resource_providers/b534c490-ed84-4599-99d3-e2451e0f59ab" status: 404 len: 246 microversion: 1.1
2026-07-15 15:46:38.917 7 INFO placement.requestlog [None req-d157f92e-034a-4b45-ac34-e0d862e4e513 f7310993164d43058efdb624efb008a0 86c52ac6791147a4a4a00817aa41bda6 - - 5c8f541069b249329bbfb9c38457d115 5c8f541069b249329bbfb9c38457d115] 10.0.0.214 "DELETE /resource_providers/c9861c14-88f9-4399-87e5-48f50d8d738e" status: 404 len: 246 microversion: 1.1 [pid: 8|app: 0|req: 543/1083] 10.0.0.214 () {34 vars in 816 bytes} [Wed Jul 15 15:46:38 2026] DELETE /resource_providers/b534c490-ed84-4599-99d3-e2451e0f59ab => generated 246 bytes in 8 msecs (HTTP/1.1 404) 6 headers in 231 bytes (1 switches on core 0) [pid: 7|app: 0|req: 541/1084] 10.0.0.214 () {34 vars in 816 bytes} [Wed Jul 15 15:46:38 2026] DELETE /resource_providers/c9861c14-88f9-4399-87e5-48f50d8d738e => generated 246 bytes in 7 msecs (HTTP/1.1 404) 6 headers in 231 bytes (1 switches on core 0)
2026-07-15 15:46:38.938 8 INFO placement.requestlog [None req-778f307e-4be9-4cd4-b1ef-35974770a58f f7310993164d43058efdb624efb008a0 86c52ac6791147a4a4a00817aa41bda6 - - 5c8f541069b249329bbfb9c38457d115 5c8f541069b249329bbfb9c38457d115] 10.0.0.214 "GET /resource_providers/c9861c14-88f9-4399-87e5-48f50d8d738e/aggregates" status: 404 len: 235 microversion: 1.1 [pid: 8|app: 0|req: 544/1085] 10.0.0.214 () {32 vars in 816 bytes} [Wed Jul 15 15:46:38 2026] GET /resource_providers/c9861c14-88f9-4399-87e5-48f50d8d738e/aggregates => generated 235 bytes in 10 msecs (HTTP/1.1 404) 5 headers in 202 bytes (1 switches on core 0)
2026-07-15 15:46:38.965 7 INFO placement.requestlog [None req-e61762d0-9a3a-4e4a-b77a-5b6cb2273c2b f7310993164d43058efdb624efb008a0 86c52ac6791147a4a4a00817aa41bda6 - - 5c8f541069b249329bbfb9c38457d115 5c8f541069b249329bbfb9c38457d115] 10.0.0.214 "DELETE /resource_providers/c9861c14-88f9-4399-87e5-48f50d8d738e" status: 404 len: 246 microversion: 1.1 [pid: 7|app: 0|req: 542/1086] 10.0.0.214 () {34 vars in 816 bytes} [Wed Jul 15 15:46:38 2026] DELETE /resource_providers/c9861c14-88f9-4399-87e5-48f50d8d738e => generated 246 bytes in 11 msecs (HTTP/1.1 404) 6 headers in 231 bytes (1 switches on core 0)
2026-07-15 15:46:39.217 8 INFO placement.requestlog [None req-8b83893b-b539-45b2-924a-e3beae6ad3e9 f7310993164d43058efdb624efb008a0 86c52ac6791147a4a4a00817aa41bda6 - - 5c8f541069b249329bbfb9c38457d115 5c8f541069b249329bbfb9c38457d115] 10.0.0.214 "GET /resource_providers/65e39b93-eee5-40bb-b1bf-ea8ab3895c7f/aggregates" status: 404 len: 235 microversion: 1.1 [pid: 8|app: 0|req: 545/1087] 10.0.0.214 () {32 vars in 816 bytes} [Wed Jul 15 15:46:39 2026] GET /resource_providers/65e39b93-eee5-40bb-b1bf-ea8ab3895c7f/aggregates => generated 235 bytes in 8 msecs (HTTP/1.1 404) 5 headers in 202 bytes (1 switches on core 0)
2026-07-15 15:46:39.227 7 INFO placement.requestlog [None req-86b8a807-5c14-4b9a-83d8-ad514b9dca0b f7310993164d43058efdb624efb008a0 86c52ac6791147a4a4a00817aa41bda6 - - 5c8f541069b249329bbfb9c38457d115 5c8f541069b249329bbfb9c38457d115] 10.0.0.214 "GET /resource_providers/65e39b93-eee5-40bb-b1bf-ea8ab3895c7f/aggregates" status: 404 len: 235 microversion: 1.1 [pid: 7|app: 0|req: 543/1088] 10.0.0.214 () {32 vars in 816 bytes} [Wed Jul 15 15:46:39 2026] GET /resource_providers/65e39b93-eee5-40bb-b1bf-ea8ab3895c7f/aggregates => generated 235 bytes in 10 msecs (HTTP/1.1 404) 5 headers in 202 bytes (1 switches on core 0)
2026-07-15 15:46:39.237 8 INFO placement.requestlog [None req-e3e840ce-b4b6-46fa-a616-cfd80008b19e f7310993164d43058efdb624efb008a0 86c52ac6791147a4a4a00817aa41bda6 - - 5c8f541069b249329bbfb9c38457d115 5c8f541069b249329bbfb9c38457d115] 10.0.0.214 "DELETE /resource_providers/65e39b93-eee5-40bb-b1bf-ea8ab3895c7f" status: 404 len: 246 microversion: 1.1 [pid: 8|app: 0|req: 546/1089] 10.0.0.214 () {34 vars in 816 bytes} [Wed Jul 15 15:46:39 2026] DELETE /resource_providers/65e39b93-eee5-40bb-b1bf-ea8ab3895c7f => generated 246 bytes in 13 msecs (HTTP/1.1 404) 6 headers in 231 bytes (1 switches on core 0)
2026-07-15 15:46:39.252 7 INFO placement.requestlog [None req-4ae691e7-ccf7-4765-9ccf-c02a8b764464 f7310993164d43058efdb624efb008a0 86c52ac6791147a4a4a00817aa41bda6 - - 5c8f541069b249329bbfb9c38457d115 5c8f541069b249329bbfb9c38457d115] 10.0.0.214 "DELETE /resource_providers/65e39b93-eee5-40bb-b1bf-ea8ab3895c7f" status: 404 len: 246 microversion: 1.1 [pid: 7|app: 0|req: 544/1090] 10.0.0.214 () {34 vars in 816 bytes} [Wed Jul 15 15:46:39 2026] DELETE /resource_providers/65e39b93-eee5-40bb-b1bf-ea8ab3895c7f => generated 246 bytes in 12 msecs (HTTP/1.1 404) 6 headers in 231 bytes (1 switches on core 0)
2026-07-15 15:46:40.238 8 INFO placement.requestlog [req-4afcedfb-5e5c-42c5-8505-2f7e3f19cfd7 req-9378d40f-23f6-47b4-9a47-fcf906ae97fb b08ac5c0bc13453d8d04334538707215 86c52ac6791147a4a4a00817aa41bda6 - - 5c8f541069b249329bbfb9c38457d115 5c8f541069b249329bbfb9c38457d115] 199.19.213.231 "GET /resource_providers/39dc7748-e21a-454d-b437-4fedc26287fc/allocations" status: 200 len: 253 microversion: 1.0 [pid: 8|app: 0|req: 547/1091] 199.19.213.231 () {32 vars in 857 bytes} [Wed Jul 15 15:46:40 2026] GET /resource_providers/39dc7748-e21a-454d-b437-4fedc26287fc/allocations => generated 253 bytes in 25 msecs (HTTP/1.1 200) 6 headers in 224 bytes (1 switches on core 0)
2026-07-15 15:46:40.263 7 INFO placement.requestlog [req-4afcedfb-5e5c-42c5-8505-2f7e3f19cfd7 req-b5dd3125-93c2-4bd7-ab1a-3424e5bca685 b08ac5c0bc13453d8d04334538707215 86c52ac6791147a4a4a00817aa41bda6 - - 5c8f541069b249329bbfb9c38457d115 5c8f541069b249329bbfb9c38457d115] 199.19.213.231 "GET /allocations/14bcc3a7-6420-4f27-aefb-23f9d29c2f28" status: 200 len: 258 microversion: 1.28 [pid: 7|app: 0|req: 545/1092] 199.19.213.231 () {34 vars in 863 bytes} [Wed Jul 15 15:46:40 2026] GET /allocations/14bcc3a7-6420-4f27-aefb-23f9d29c2f28 => generated 258 bytes in 19 msecs (HTTP/1.1 200) 8 headers in 296 bytes (1 switches on core 0)
2026-07-15 15:46:40.283 8 INFO placement.requestlog [req-4afcedfb-5e5c-42c5-8505-2f7e3f19cfd7 req-fba6c054-38d2-4d1e-9915-49a4b21db79f b08ac5c0bc13453d8d04334538707215 86c52ac6791147a4a4a00817aa41bda6 - - 5c8f541069b249329bbfb9c38457d115 5c8f541069b249329bbfb9c38457d115] 199.19.213.231 "GET /allocations/f53922ee-c272-4af7-84f6-1d0b2a9df08f" status: 200 len: 258 microversion: 1.28 [pid: 8|app: 0|req: 548/1093] 199.19.213.231 () {34 vars in 863 bytes} [Wed Jul 15 15:46:40 2026] GET /allocations/f53922ee-c272-4af7-84f6-1d0b2a9df08f => generated 258 bytes in 13 msecs (HTTP/1.1 200) 8 headers in 296 bytes (1 switches on core 0)
2026-07-15 15:46:42.125 7 INFO placement.requestlog [None req-3d1c222e-1a60-4e3e-9e0d-57804f4d9224 - - - - - -] 10.0.0.42 "GET /" status: 200 len: 136 microversion: 1.0
2026-07-15 15:46:42.125 8 INFO placement.requestlog [None req-4e683af9-ae8a-4289-809c-ef19917525f6 - - - - - -] 10.0.0.42 "GET /" status: 200 len: 136 microversion: 1.0
2026-07-15 15:46:43.727 7 INFO placement.requestlog [req-4afcedfb-5e5c-42c5-8505-2f7e3f19cfd7 req-7c78632e-e13c-495c-aa91-d9ff269af1ec b08ac5c0bc13453d8d04334538707215 86c52ac6791147a4a4a00817aa41bda6 - - 5c8f541069b249329bbfb9c38457d115 5c8f541069b249329bbfb9c38457d115] 199.19.213.231 "DELETE /allocations/14bcc3a7-6420-4f27-aefb-23f9d29c2f28" status: 204 len: 0 microversion: 1.0 [pid: 7|app: 0|req: 547/1096] 199.19.213.231 () {34 vars in 841 bytes} [Wed Jul 15 15:46:43 2026] DELETE /allocations/14bcc3a7-6420-4f27-aefb-23f9d29c2f28 => generated 0 bytes in 30 msecs (HTTP/1.1 204) 5 headers in 198 bytes (1 switches on core 0)
2026-07-15 15:46:44.788 8 INFO placement.requestlog [req-69440d0a-0af0-4d6f-9a53-75ad0012ea10 req-8079fa38-84d5-4e23-83ed-2e1ce3601841 b08ac5c0bc13453d8d04334538707215 86c52ac6791147a4a4a00817aa41bda6 - - 5c8f541069b249329bbfb9c38457d115 5c8f541069b249329bbfb9c38457d115] 10.0.0.226 "DELETE /allocations/14bcc3a7-6420-4f27-aefb-23f9d29c2f28" status: 404 len: 228 microversion: 1.0 [pid: 8|app: 0|req: 550/1097] 10.0.0.226 () {34 vars in 830 bytes} [Wed Jul 15 15:46:44 2026] DELETE /allocations/14bcc3a7-6420-4f27-aefb-23f9d29c2f28 => generated 228 bytes in 15 msecs (HTTP/1.1 404) 6 headers in 231 bytes (1 switches on core 0)
2026-07-15 15:46:46.225 7 INFO placement.requestlog [req-e7ccfd6b-f7f9-4086-a384-be1e069b5c98 req-00abb971-db37-41c1-82a6-6fe1fa72829c b08ac5c0bc13453d8d04334538707215 86c52ac6791147a4a4a00817aa41bda6 - - 5c8f541069b249329bbfb9c38457d115 5c8f541069b249329bbfb9c38457d115] 199.19.213.231 "GET /resource_providers/39dc7748-e21a-454d-b437-4fedc26287fc/allocations" status: 200 len: 153 microversion: 1.0 [pid: 7|app: 0|req: 548/1098] 199.19.213.231 () {32 vars in 857 bytes} [Wed Jul 15 15:46:46 2026] GET /resource_providers/39dc7748-e21a-454d-b437-4fedc26287fc/allocations => generated 153 bytes in 17 msecs (HTTP/1.1 200) 6 headers in 224 bytes (1 switches on core 0)
2026-07-15 15:46:46.245 8 INFO placement.requestlog [req-e7ccfd6b-f7f9-4086-a384-be1e069b5c98 req-141e0f21-2613-435b-96c9-942009b38873 b08ac5c0bc13453d8d04334538707215 86c52ac6791147a4a4a00817aa41bda6 - - 5c8f541069b249329bbfb9c38457d115 5c8f541069b249329bbfb9c38457d115] 199.19.213.231 "GET /allocations/f53922ee-c272-4af7-84f6-1d0b2a9df08f" status: 200 len: 258 microversion: 1.28 [pid: 8|app: 0|req: 551/1099] 199.19.213.231 () {34 vars in 863 bytes} [Wed Jul 15 15:46:46 2026] GET /allocations/f53922ee-c272-4af7-84f6-1d0b2a9df08f => generated 258 bytes in 9 msecs (HTTP/1.1 200) 8 headers in 296 bytes (1 switches on core 0)
2026-07-15 15:46:47.554 7 INFO placement.requestlog [None req-84e732c7-7b25-4bcf-829d-fd3a7236f2bd f7310993164d43058efdb624efb008a0 86c52ac6791147a4a4a00817aa41bda6 - - 5c8f541069b249329bbfb9c38457d115 5c8f541069b249329bbfb9c38457d115] 10.0.0.214 "GET /resource_providers/46817d18-4075-4c9d-9720-5cebe9ee1f39/aggregates" status: 404 len: 235 microversion: 1.1 [pid: 7|app: 0|req: 549/1100] 10.0.0.214 () {32 vars in 816 bytes} [Wed Jul 15 15:46:47 2026] GET /resource_providers/46817d18-4075-4c9d-9720-5cebe9ee1f39/aggregates => generated 235 bytes in 10 msecs (HTTP/1.1 404) 5 headers in 202 bytes (1 switches on core 0)
2026-07-15 15:46:47.565 8 INFO placement.requestlog [None req-44c3bc7f-6582-41d7-82a3-710231f0fe6d f7310993164d43058efdb624efb008a0 86c52ac6791147a4a4a00817aa41bda6 - - 5c8f541069b249329bbfb9c38457d115 5c8f541069b249329bbfb9c38457d115] 10.0.0.214 "GET /resource_providers/46817d18-4075-4c9d-9720-5cebe9ee1f39/aggregates" status: 404 len: 235 microversion: 1.1 [pid: 8|app: 0|req: 552/1101] 10.0.0.214 () {32 vars in 816 bytes} [Wed Jul 15 15:46:47 2026] GET /resource_providers/46817d18-4075-4c9d-9720-5cebe9ee1f39/aggregates => generated 235 bytes in 20 msecs (HTTP/1.1 404) 5 headers in 202 bytes (1 switches on core 0)
2026-07-15 15:46:47.577 7 INFO placement.requestlog [None req-3a1a2683-72c4-4924-b898-17b4adcf9470 f7310993164d43058efdb624efb008a0 86c52ac6791147a4a4a00817aa41bda6 - - 5c8f541069b249329bbfb9c38457d115 5c8f541069b249329bbfb9c38457d115] 10.0.0.214 "DELETE /resource_providers/46817d18-4075-4c9d-9720-5cebe9ee1f39" status: 404 len: 246 microversion: 1.1 [pid: 7|app: 0|req: 550/1102] 10.0.0.214 () {34 vars in 816 bytes} [Wed Jul 15 15:46:47 2026] DELETE /resource_providers/46817d18-4075-4c9d-9720-5cebe9ee1f39 => generated 246 bytes in 7 msecs (HTTP/1.1 404) 6 headers in 231 bytes (1 switches on core 0)
2026-07-15 15:46:47.590 8 INFO placement.requestlog [None req-11d9d14b-0e07-4fd5-a80f-52a70cd6c77e f7310993164d43058efdb624efb008a0 86c52ac6791147a4a4a00817aa41bda6 - - 5c8f541069b249329bbfb9c38457d115 5c8f541069b249329bbfb9c38457d115] 10.0.0.214 "DELETE /resource_providers/46817d18-4075-4c9d-9720-5cebe9ee1f39" status: 404 len: 246 microversion: 1.1 [pid: 8|app: 0|req: 553/1103] 10.0.0.214 () {34 vars in 816 bytes} [Wed Jul 15 15:46:47 2026] DELETE /resource_providers/46817d18-4075-4c9d-9720-5cebe9ee1f39 => generated 246 bytes in 15 msecs (HTTP/1.1 404) 6 headers in 231 bytes (1 switches on core 0)
2026-07-15 15:46:47.926 7 INFO placement.requestlog [None req-13dbba07-0602-4bb1-ba80-b3a4dcf3536f f7310993164d43058efdb624efb008a0 86c52ac6791147a4a4a00817aa41bda6 - - 5c8f541069b249329bbfb9c38457d115 5c8f541069b249329bbfb9c38457d115] 10.0.0.214 "GET /resource_providers/f34cc0d9-90c3-4162-ae60-11faf25f8f19/aggregates" status: 404 len: 235 microversion: 1.1 [pid: 7|app: 0|req: 551/1104] 10.0.0.214 () {32 vars in 816 bytes} [Wed Jul 15 15:46:47 2026] GET /resource_providers/f34cc0d9-90c3-4162-ae60-11faf25f8f19/aggregates => generated 235 bytes in 14 msecs (HTTP/1.1 404) 5 headers in 202 bytes (1 switches on core 0)
2026-07-15 15:46:47.932 8 INFO placement.requestlog [None req-483cf64a-3d95-4bb4-9549-569e221cefcf f7310993164d43058efdb624efb008a0 86c52ac6791147a4a4a00817aa41bda6 - - 5c8f541069b249329bbfb9c38457d115 5c8f541069b249329bbfb9c38457d115] 10.0.0.214 "GET /resource_providers/f34cc0d9-90c3-4162-ae60-11faf25f8f19/aggregates" status: 404 len: 235 microversion: 1.1 [pid: 8|app: 0|req: 554/1105] 10.0.0.214 () {32 vars in 816 bytes} [Wed Jul 15 15:46:47 2026] GET /resource_providers/f34cc0d9-90c3-4162-ae60-11faf25f8f19/aggregates => generated 235 bytes in 8 msecs (HTTP/1.1 404) 5 headers in 202 bytes (1 switches on core 0)
2026-07-15 15:46:47.948 7 INFO placement.requestlog [None req-ee0916d1-a687-4eaa-a5ec-7b2bbcb31306 f7310993164d43058efdb624efb008a0 86c52ac6791147a4a4a00817aa41bda6 - - 5c8f541069b249329bbfb9c38457d115 5c8f541069b249329bbfb9c38457d115] 10.0.0.214 "DELETE /resource_providers/f34cc0d9-90c3-4162-ae60-11faf25f8f19" status: 404 len: 246 microversion: 1.1 [pid: 7|app: 0|req: 552/1106] 10.0.0.214 () {34 vars in 816 bytes} [Wed Jul 15 15:46:47 2026] DELETE /resource_providers/f34cc0d9-90c3-4162-ae60-11faf25f8f19 => generated 246 bytes in 8 msecs (HTTP/1.1 404) 6 headers in 231 bytes (1 switches on core 0)
2026-07-15 15:46:47.951 8 INFO placement.requestlog [None req-69dcca32-0276-42b8-83ad-c597748d7d2d f7310993164d43058efdb624efb008a0 86c52ac6791147a4a4a00817aa41bda6 - - 5c8f541069b249329bbfb9c38457d115 5c8f541069b249329bbfb9c38457d115] 10.0.0.214 "DELETE /resource_providers/f34cc0d9-90c3-4162-ae60-11faf25f8f19" status: 404 len: 246 microversion: 1.1 [pid: 8|app: 0|req: 555/1107] 10.0.0.214 () {34 vars in 816 bytes} [Wed Jul 15 15:46:47 2026] DELETE /resource_providers/f34cc0d9-90c3-4162-ae60-11faf25f8f19 => generated 246 bytes in 7 msecs (HTTP/1.1 404) 6 headers in 231 bytes (1 switches on core 0)
2026-07-15 15:46:49.670 7 INFO placement.requestlog [req-e7ccfd6b-f7f9-4086-a384-be1e069b5c98 req-5c639877-2b49-4dfe-8709-a523528a50b7 b08ac5c0bc13453d8d04334538707215 86c52ac6791147a4a4a00817aa41bda6 - - 5c8f541069b249329bbfb9c38457d115 5c8f541069b249329bbfb9c38457d115] 199.19.213.231 "DELETE /allocations/f53922ee-c272-4af7-84f6-1d0b2a9df08f" status: 204 len: 0 microversion: 1.0 [pid: 7|app: 0|req: 553/1108] 199.19.213.231 () {34 vars in 841 bytes} [Wed Jul 15 15:46:49 2026] DELETE /allocations/f53922ee-c272-4af7-84f6-1d0b2a9df08f => generated 0 bytes in 49 msecs (HTTP/1.1 204) 5 headers in 198 bytes (1 switches on core 0)
2026-07-15 15:46:50.527 7 INFO placement.requestlog [None req-2a0216f4-202a-4ffd-83ed-d9f117a1f06c f7310993164d43058efdb624efb008a0 86c52ac6791147a4a4a00817aa41bda6 - - 5c8f541069b249329bbfb9c38457d115 5c8f541069b249329bbfb9c38457d115] 10.0.0.214 "GET /resource_providers/0d3b9d0d-4e17-4d55-ab7d-9d09dbd4d53b/aggregates" status: 404 len: 235 microversion: 1.1 [pid: 7|app: 0|req: 554/1109] 10.0.0.214 () {32 vars in 816 bytes} [Wed Jul 15 15:46:50 2026] GET /resource_providers/0d3b9d0d-4e17-4d55-ab7d-9d09dbd4d53b/aggregates => generated 235 bytes in 11 msecs (HTTP/1.1 404) 5 headers in 202 bytes (1 switches on core 0)
2026-07-15 15:46:50.529 8 INFO placement.requestlog [None req-868364c8-c8ef-4f34-9558-79acb7ca029d f7310993164d43058efdb624efb008a0 86c52ac6791147a4a4a00817aa41bda6 - - 5c8f541069b249329bbfb9c38457d115 5c8f541069b249329bbfb9c38457d115] 10.0.0.214 "GET /resource_providers/0d3b9d0d-4e17-4d55-ab7d-9d09dbd4d53b/aggregates" status: 404 len: 235 microversion: 1.1 [pid: 8|app: 0|req: 556/1110] 10.0.0.214 () {32 vars in 816 bytes} [Wed Jul 15 15:46:50 2026] GET /resource_providers/0d3b9d0d-4e17-4d55-ab7d-9d09dbd4d53b/aggregates => generated 235 bytes in 13 msecs (HTTP/1.1 404) 5 headers in 202 bytes (1 switches on core 0)
2026-07-15 15:46:50.548 8 INFO placement.requestlog [None req-a21345d7-89c0-4c3e-b208-7533f49cb408 f7310993164d43058efdb624efb008a0 86c52ac6791147a4a4a00817aa41bda6 - - 5c8f541069b249329bbfb9c38457d115 5c8f541069b249329bbfb9c38457d115] 10.0.0.214 "DELETE /resource_providers/0d3b9d0d-4e17-4d55-ab7d-9d09dbd4d53b" status: 404 len: 246 microversion: 1.1 [pid: 8|app: 0|req: 557/1111] 10.0.0.214 () {34 vars in 816 bytes} [Wed Jul 15 15:46:50 2026] DELETE /resource_providers/0d3b9d0d-4e17-4d55-ab7d-9d09dbd4d53b => generated 246 bytes in 9 msecs (HTTP/1.1 404) 6 headers in 231 bytes (1 switches on core 0)
