2026-07-15 15:42:02.125 7 INFO placement.requestlog [None req-f615e715-de08-4391-8775-558b316aee4c - - - - - -] 10.0.0.42 "GET /" status: 200 len: 136 microversion: 1.0
2026-07-15 15:42:02.125 8 INFO placement.requestlog [None req-829d822c-1efc-482e-94a6-8dce9e11f24c - - - - - -] 10.0.0.42 "GET /" status: 200 len: 136 microversion: 1.0
2026-07-15 15:42:12.125 8 INFO placement.requestlog [None req-d5e3c0cc-ed8e-475a-8fcb-3b43c10c47f6 - - - - - -] 10.0.0.42 "GET /" status: 200 len: 136 microversion: 1.0
2026-07-15 15:42:12.125 7 INFO placement.requestlog [None req-14e8c784-57e1-4ebe-9b05-cf901d336d9c - - - - - -] 10.0.0.42 "GET /" status: 200 len: 136 microversion: 1.0
2026-07-15 15:42:22.124 7 INFO placement.requestlog [None req-062a239a-e36a-43ee-af8e-e726835272c7 - - - - - -] 10.0.0.42 "GET /" status: 200 len: 136 microversion: 1.0
2026-07-15 15:42:22.125 8 INFO placement.requestlog [None req-2f82ed76-5db9-4d60-978a-94ef468bea2d - - - - - -] 10.0.0.42 "GET /" status: 200 len: 136 microversion: 1.0
2026-07-15 15:42:24.117 7 INFO placement.requestlog [req-340dca84-8433-469c-ab6b-a7475dfab9e9 req-4871fc67-99d2-4033-9afc-d4926679a9f3 b08ac5c0bc13453d8d04334538707215 86c52ac6791147a4a4a00817aa41bda6 - - 5c8f541069b249329bbfb9c38457d115 5c8f541069b249329bbfb9c38457d115] 199.19.213.231 "GET /resource_providers/39dc7748-e21a-454d-b437-4fedc26287fc/allocations" status: 200 len: 54 microversion: 1.0 [pid: 7|app: 0|req: 298/596] 199.19.213.231 () {32 vars in 857 bytes} [Wed Jul 15 15:42:23 2026] GET /resource_providers/39dc7748-e21a-454d-b437-4fedc26287fc/allocations => generated 54 bytes in 137 msecs (HTTP/1.1 200) 6 headers in 223 bytes (1 switches on core 0)
2026-07-15 15:42:24.146 8 INFO placement.requestlog [req-340dca84-8433-469c-ab6b-a7475dfab9e9 req-67d3e451-f5ae-42dc-9895-ca23dccf71dd b08ac5c0bc13453d8d04334538707215 86c52ac6791147a4a4a00817aa41bda6 - - 5c8f541069b249329bbfb9c38457d115 5c8f541069b249329bbfb9c38457d115] 199.19.213.231 "GET /resource_providers?in_tree=39dc7748-e21a-454d-b437-4fedc26287fc" status: 200 len: 797 microversion: 1.14 [pid: 8|app: 0|req: 299/597] 199.19.213.231 () {34 vars in 892 bytes} [Wed Jul 15 15:42:24 2026] GET /resource_providers?in_tree=39dc7748-e21a-454d-b437-4fedc26287fc => generated 797 bytes in 21 msecs (HTTP/1.1 200) 6 headers in 225 bytes (1 switches on core 0)
2026-07-15 15:42:24.167 7 INFO placement.requestlog [req-340dca84-8433-469c-ab6b-a7475dfab9e9 req-f5eba3c0-798a-44b1-af61-e8c39ed4d7a1 b08ac5c0bc13453d8d04334538707215 86c52ac6791147a4a4a00817aa41bda6 - - 5c8f541069b249329bbfb9c38457d115 5c8f541069b249329bbfb9c38457d115] 199.19.213.231 "GET /resource_providers/39dc7748-e21a-454d-b437-4fedc26287fc/inventories" status: 200 len: 400 microversion: 1.0 [pid: 7|app: 0|req: 299/598] 199.19.213.231 () {32 vars in 857 bytes} [Wed Jul 15 15:42:24 2026] GET /resource_providers/39dc7748-e21a-454d-b437-4fedc26287fc/inventories => generated 400 bytes in 12 msecs (HTTP/1.1 200) 6 headers in 224 bytes (1 switches on core 0)
2026-07-15 15:42:24.185 8 INFO placement.requestlog [req-340dca84-8433-469c-ab6b-a7475dfab9e9 req-629c1956-a5d6-46cf-8329-e35703f89e30 b08ac5c0bc13453d8d04334538707215 86c52ac6791147a4a4a00817aa41bda6 - - 5c8f541069b249329bbfb9c38457d115 5c8f541069b249329bbfb9c38457d115] 199.19.213.231 "GET /resource_providers/39dc7748-e21a-454d-b437-4fedc26287fc/aggregates" status: 200 len: 53 microversion: 1.19 [pid: 8|app: 0|req: 300/599] 199.19.213.231 () {34 vars in 899 bytes} [Wed Jul 15 15:42:24 2026] GET /resource_providers/39dc7748-e21a-454d-b437-4fedc26287fc/aggregates => generated 53 bytes in 12 msecs (HTTP/1.1 200) 8 headers in 295 bytes (1 switches on core 0)
2026-07-15 15:42:24.209 7 INFO placement.requestlog [req-340dca84-8433-469c-ab6b-a7475dfab9e9 req-55865f04-c706-4ad2-8f1e-db574b03348d b08ac5c0bc13453d8d04334538707215 86c52ac6791147a4a4a00817aa41bda6 - - 5c8f541069b249329bbfb9c38457d115 5c8f541069b249329bbfb9c38457d115] 199.19.213.231 "GET /resource_providers/39dc7748-e21a-454d-b437-4fedc26287fc/traits" status: 200 len: 2316 microversion: 1.6 [pid: 7|app: 0|req: 300/600] 199.19.213.231 () {34 vars in 890 bytes} [Wed Jul 15 15:42:24 2026] GET /resource_providers/39dc7748-e21a-454d-b437-4fedc26287fc/traits => generated 2316 bytes in 17 msecs (HTTP/1.1 200) 6 headers in 225 bytes (1 switches on core 0)
2026-07-15 15:42:24.229 8 INFO placement.requestlog [req-340dca84-8433-469c-ab6b-a7475dfab9e9 req-9a99eed8-14d5-4cda-8ee3-200cfa3f4a9a b08ac5c0bc13453d8d04334538707215 86c52ac6791147a4a4a00817aa41bda6 - - 5c8f541069b249329bbfb9c38457d115 5c8f541069b249329bbfb9c38457d115] 199.19.213.231 "GET /resource_providers/39dc7748-e21a-454d-b437-4fedc26287fc/allocations" status: 200 len: 54 microversion: 1.0 [pid: 8|app: 0|req: 301/601] 199.19.213.231 () {32 vars in 857 bytes} [Wed Jul 15 15:42:24 2026] GET /resource_providers/39dc7748-e21a-454d-b437-4fedc26287fc/allocations => generated 54 bytes in 13 msecs (HTTP/1.1 200) 6 headers in 223 bytes (1 switches on core 0)
2026-07-15 15:42:32.124 7 INFO placement.requestlog [None req-ad048774-5e7b-4b0c-82a2-5f9a813daacb - - - - - -] 10.0.0.42 "GET /" status: 200 len: 136 microversion: 1.0
2026-07-15 15:42:32.124 8 INFO placement.requestlog [None req-6fa1d8a9-647e-42f0-ac6e-ee9f8b3ab02c - - - - - -] 10.0.0.42 "GET /" status: 200 len: 136 microversion: 1.0
2026-07-15 15:42:42.124 7 INFO placement.requestlog [None req-a1fdd68f-c1bb-451a-b4f5-973271a83627 - - - - - -] 10.0.0.42 "GET /" status: 200 len: 136 microversion: 1.0
2026-07-15 15:42:42.124 8 INFO placement.requestlog [None req-106afe12-5689-4358-9047-eecf1e41a783 - - - - - -] 10.0.0.42 "GET /" status: 200 len: 136 microversion: 1.0
2026-07-15 15:42:52.124 8 INFO placement.requestlog [None req-25835b6d-ecd2-450e-8f54-faafb444fb1b - - - - - -] 10.0.0.42 "GET /" status: 200 len: 136 microversion: 1.0
2026-07-15 15:42:52.126 7 INFO placement.requestlog [None req-0b5e5c20-5ab8-4da7-983d-268da4b03e88 - - - - - -] 10.0.0.42 "GET /" status: 200 len: 136 microversion: 1.0
2026-07-15 15:43:02.125 8 INFO placement.requestlog [None req-881c4361-bb62-4ece-a220-321dff9f1d2e - - - - - -] 10.0.0.42 "GET /" status: 200 len: 136 microversion: 1.0
2026-07-15 15:43:02.125 7 INFO placement.requestlog [None req-88e92a9d-bf4f-420b-bea9-6bffcea839d2 - - - - - -] 10.0.0.42 "GET /" status: 200 len: 136 microversion: 1.0
2026-07-15 15:43:12.125 7 INFO placement.requestlog [None req-cb99622b-ee2b-4bf2-aa0f-0863be0908e4 - - - - - -] 10.0.0.42 "GET /" status: 200 len: 136 microversion: 1.0
2026-07-15 15:43:12.125 8 INFO placement.requestlog [None req-9b8bf05e-94d0-4cae-b2ce-d522778c2e3e - - - - - -] 10.0.0.42 "GET /" status: 200 len: 136 microversion: 1.0
2026-07-15 15:43:22.124 7 INFO placement.requestlog [None req-bef7cfb7-74be-4ddc-a9e3-0e13f9f89f9d - - - - - -] 10.0.0.42 "GET /" status: 200 len: 136 microversion: 1.0
2026-07-15 15:43:22.125 8 INFO placement.requestlog [None req-2627e689-682f-47a5-956a-b36165e72387 - - - - - -] 10.0.0.42 "GET /" status: 200 len: 136 microversion: 1.0
2026-07-15 15:43:23.984 7 INFO placement.requestlog [req-7456b491-060e-488e-adcd-ba2330e5bf8b req-f9519e3d-a236-4ea8-88c3-bace979b6006 b08ac5c0bc13453d8d04334538707215 86c52ac6791147a4a4a00817aa41bda6 - - 5c8f541069b249329bbfb9c38457d115 5c8f541069b249329bbfb9c38457d115] 199.19.213.231 "GET /resource_providers/39dc7748-e21a-454d-b437-4fedc26287fc/allocations" status: 200 len: 54 microversion: 1.0 [pid: 7|app: 0|req: 307/614] 199.19.213.231 () {32 vars in 857 bytes} [Wed Jul 15 15:43:23 2026] GET /resource_providers/39dc7748-e21a-454d-b437-4fedc26287fc/allocations => generated 54 bytes in 13 msecs (HTTP/1.1 200) 6 headers in 223 bytes (1 switches on core 0)
2026-07-15 15:43:24.004 8 INFO placement.requestlog [req-7456b491-060e-488e-adcd-ba2330e5bf8b req-76017caa-167b-46a4-9823-5bcf59cc779d b08ac5c0bc13453d8d04334538707215 86c52ac6791147a4a4a00817aa41bda6 - - 5c8f541069b249329bbfb9c38457d115 5c8f541069b249329bbfb9c38457d115] 199.19.213.231 "GET /resource_providers/39dc7748-e21a-454d-b437-4fedc26287fc/allocations" status: 200 len: 54 microversion: 1.0 [pid: 8|app: 0|req: 308/615] 199.19.213.231 () {32 vars in 857 bytes} [Wed Jul 15 15:43:23 2026] GET /resource_providers/39dc7748-e21a-454d-b437-4fedc26287fc/allocations => generated 54 bytes in 13 msecs (HTTP/1.1 200) 6 headers in 223 bytes (1 switches on core 0)
2026-07-15 15:43:32.124 7 INFO placement.requestlog [None req-726b6b90-ca5c-4127-9a24-dd20bff3b98e - - - - - -] 10.0.0.42 "GET /" status: 200 len: 136 microversion: 1.0
2026-07-15 15:43:32.125 8 INFO placement.requestlog [None req-b39ec732-543a-43d4-88ff-bea9b0bd3e97 - - - - - -] 10.0.0.42 "GET /" status: 200 len: 136 microversion: 1.0
2026-07-15 15:43:42.125 8 INFO placement.requestlog [None req-23c20d03-3595-49d3-806c-bc0d4b5e983b - - - - - -] 10.0.0.42 "GET /" status: 200 len: 136 microversion: 1.0
2026-07-15 15:43:42.125 7 INFO placement.requestlog [None req-8e08e791-2116-4077-9eab-f6ddb7b8dc30 - - - - - -] 10.0.0.42 "GET /" status: 200 len: 136 microversion: 1.0
2026-07-15 15:43:52.125 8 INFO placement.requestlog [None req-4bca8006-6c39-48d0-ada3-5de0d32e37d2 - - - - - -] 10.0.0.42 "GET /" status: 200 len: 136 microversion: 1.0
2026-07-15 15:43:52.125 7 INFO placement.requestlog [None req-e391489b-0e0f-4bb8-a16c-2bc913c051b1 - - - - - -] 10.0.0.42 "GET /" status: 200 len: 136 microversion: 1.0
2026-07-15 15:43:52.793 8 INFO placement.requestlog [req-36db731c-c1a7-4b6a-b926-d6fb8b44426e req-2b53cd94-c6da-4e9f-b98e-370a0678754c b08ac5c0bc13453d8d04334538707215 86c52ac6791147a4a4a00817aa41bda6 - - 5c8f541069b249329bbfb9c38457d115 5c8f541069b249329bbfb9c38457d115] 10.0.0.240 "GET /allocation_candidates?limit=1000&resources=DISK_GB%3A1%2CMEMORY_MB%3A512%2CVCPU%3A1&root_required=%21COMPUTE_STATUS_DISABLED" status: 200 len: 2781 microversion: 1.36 [pid: 8|app: 0|req: 312/622] 10.0.0.240 () {34 vars in 1012 bytes} [Wed Jul 15 15:43:52 2026] GET /allocation_candidates?limit=1000&resources=DISK_GB%3A1%2CMEMORY_MB%3A512%2CVCPU%3A1&root_required=%21COMPUTE_STATUS_DISABLED => generated 2781 bytes in 193 msecs (HTTP/1.1 200) 8 headers in 297 bytes (1 switches on core 0)
2026-07-15 15:43:52.826 7 INFO placement.requestlog [req-36db731c-c1a7-4b6a-b926-d6fb8b44426e req-5147dcaa-ee62-49aa-aabf-be8ba81350cd b08ac5c0bc13453d8d04334538707215 86c52ac6791147a4a4a00817aa41bda6 - - 5c8f541069b249329bbfb9c38457d115 5c8f541069b249329bbfb9c38457d115] 10.0.0.240 "GET /allocations/0334c10a-9d0d-456e-9b55-714c55cb3095" status: 200 len: 19 microversion: 1.28 [pid: 7|app: 0|req: 311/623] 10.0.0.240 () {34 vars in 861 bytes} [Wed Jul 15 15:43:52 2026] GET /allocations/0334c10a-9d0d-456e-9b55-714c55cb3095 => generated 19 bytes in 9 msecs (HTTP/1.1 200) 8 headers in 295 bytes (1 switches on core 0)
2026-07-15 15:43:52.865 8 INFO placement.requestlog [req-060f6b74-14d7-4534-be67-2a81736d8bb4 req-f2bd712e-cb10-4563-b2bf-86f569b5acd0 b08ac5c0bc13453d8d04334538707215 86c52ac6791147a4a4a00817aa41bda6 - - 5c8f541069b249329bbfb9c38457d115 5c8f541069b249329bbfb9c38457d115] 10.0.0.240 "GET /allocation_candidates?limit=1000&resources=DISK_GB%3A1%2CMEMORY_MB%3A512%2CVCPU%3A1&root_required=%21COMPUTE_STATUS_DISABLED" status: 200 len: 2781 microversion: 1.36 [pid: 8|app: 0|req: 313/624] 10.0.0.240 () {34 vars in 1012 bytes} [Wed Jul 15 15:43:52 2026] GET /allocation_candidates?limit=1000&resources=DISK_GB%3A1%2CMEMORY_MB%3A512%2CVCPU%3A1&root_required=%21COMPUTE_STATUS_DISABLED => generated 2781 bytes in 40 msecs (HTTP/1.1 200) 8 headers in 297 bytes (1 switches on core 0)
2026-07-15 15:43:52.905 8 INFO placement.requestlog [req-060f6b74-14d7-4534-be67-2a81736d8bb4 req-b913fe59-76f3-49de-833e-73aa6804f225 b08ac5c0bc13453d8d04334538707215 86c52ac6791147a4a4a00817aa41bda6 - - 5c8f541069b249329bbfb9c38457d115 5c8f541069b249329bbfb9c38457d115] 10.0.0.240 "GET /allocations/afed5d75-4cf6-44ac-876d-d42f16c6b6da" status: 200 len: 19 microversion: 1.28 [pid: 8|app: 0|req: 314/625] 10.0.0.240 () {34 vars in 861 bytes} [Wed Jul 15 15:43:52 2026] GET /allocations/afed5d75-4cf6-44ac-876d-d42f16c6b6da => generated 19 bytes in 11 msecs (HTTP/1.1 200) 8 headers in 295 bytes (1 switches on core 0)
2026-07-15 15:43:52.942 7 INFO placement.requestlog [req-36db731c-c1a7-4b6a-b926-d6fb8b44426e req-17b80d93-a182-4d10-b191-9864fa051182 b08ac5c0bc13453d8d04334538707215 86c52ac6791147a4a4a00817aa41bda6 - - 5c8f541069b249329bbfb9c38457d115 5c8f541069b249329bbfb9c38457d115] 10.0.0.240 "PUT /allocations/0334c10a-9d0d-456e-9b55-714c55cb3095" status: 204 len: 0 microversion: 1.36 [pid: 7|app: 0|req: 312/626] 10.0.0.240 () {38 vars in 914 bytes} [Wed Jul 15 15:43:52 2026] PUT /allocations/0334c10a-9d0d-456e-9b55-714c55cb3095 => generated 0 bytes in 106 msecs (HTTP/1.1 204) 5 headers in 199 bytes (1 switches on core 0)
2026-07-15 15:43:53.027 8 INFO placement.requestlog [req-060f6b74-14d7-4534-be67-2a81736d8bb4 req-077b6b5a-3d54-44f3-9c98-9b46d41706c0 b08ac5c0bc13453d8d04334538707215 86c52ac6791147a4a4a00817aa41bda6 - - 5c8f541069b249329bbfb9c38457d115 5c8f541069b249329bbfb9c38457d115] 10.0.0.240 "PUT /allocations/afed5d75-4cf6-44ac-876d-d42f16c6b6da" status: 204 len: 0 microversion: 1.36 [pid: 8|app: 0|req: 315/627] 10.0.0.240 () {38 vars in 914 bytes} [Wed Jul 15 15:43:52 2026] PUT /allocations/afed5d75-4cf6-44ac-876d-d42f16c6b6da => generated 0 bytes in 115 msecs (HTTP/1.1 204) 5 headers in 199 bytes (1 switches on core 0)
2026-07-15 15:43:54.522 7 INFO placement.requestlog [req-36db731c-c1a7-4b6a-b926-d6fb8b44426e req-72ca4135-1696-469b-8152-be435afee2a8 b08ac5c0bc13453d8d04334538707215 86c52ac6791147a4a4a00817aa41bda6 - - 5c8f541069b249329bbfb9c38457d115 5c8f541069b249329bbfb9c38457d115] 199.19.213.231 "GET /allocations/0334c10a-9d0d-456e-9b55-714c55cb3095" status: 200 len: 257 microversion: 1.28 [pid: 7|app: 0|req: 313/628] 199.19.213.231 () {34 vars in 863 bytes} [Wed Jul 15 15:43:54 2026] GET /allocations/0334c10a-9d0d-456e-9b55-714c55cb3095 => generated 257 bytes in 21 msecs (HTTP/1.1 200) 8 headers in 296 bytes (1 switches on core 0)
2026-07-15 15:43:54.730 8 INFO placement.requestlog [req-060f6b74-14d7-4534-be67-2a81736d8bb4 req-6b7bd967-b8bc-4503-a74e-a7ca3dd77318 b08ac5c0bc13453d8d04334538707215 86c52ac6791147a4a4a00817aa41bda6 - - 5c8f541069b249329bbfb9c38457d115 5c8f541069b249329bbfb9c38457d115] 199.19.213.231 "GET /allocations/afed5d75-4cf6-44ac-876d-d42f16c6b6da" status: 200 len: 257 microversion: 1.28 [pid: 8|app: 0|req: 316/629] 199.19.213.231 () {34 vars in 863 bytes} [Wed Jul 15 15:43:54 2026] GET /allocations/afed5d75-4cf6-44ac-876d-d42f16c6b6da => generated 257 bytes in 26 msecs (HTTP/1.1 200) 8 headers in 296 bytes (1 switches on core 0)
2026-07-15 15:43:55.576 7 INFO placement.requestlog [req-36db731c-c1a7-4b6a-b926-d6fb8b44426e req-784360dc-3cfc-4568-afa2-c6d5d7ce9db8 b08ac5c0bc13453d8d04334538707215 86c52ac6791147a4a4a00817aa41bda6 - - 5c8f541069b249329bbfb9c38457d115 5c8f541069b249329bbfb9c38457d115] 199.19.213.231 "GET /resource_providers/39dc7748-e21a-454d-b437-4fedc26287fc/allocations" status: 200 len: 252 microversion: 1.0 [pid: 7|app: 0|req: 314/630] 199.19.213.231 () {32 vars in 857 bytes} [Wed Jul 15 15:43:55 2026] GET /resource_providers/39dc7748-e21a-454d-b437-4fedc26287fc/allocations => generated 252 bytes in 15 msecs (HTTP/1.1 200) 6 headers in 224 bytes (1 switches on core 0)
2026-07-15 15:43:55.598 8 INFO placement.requestlog [req-36db731c-c1a7-4b6a-b926-d6fb8b44426e req-80d0e1c0-429e-4803-8870-981432c1adb2 b08ac5c0bc13453d8d04334538707215 86c52ac6791147a4a4a00817aa41bda6 - - 5c8f541069b249329bbfb9c38457d115 5c8f541069b249329bbfb9c38457d115] 199.19.213.231 "GET /allocations/afed5d75-4cf6-44ac-876d-d42f16c6b6da" status: 200 len: 257 microversion: 1.28 [pid: 8|app: 0|req: 317/631] 199.19.213.231 () {34 vars in 863 bytes} [Wed Jul 15 15:43:55 2026] GET /allocations/afed5d75-4cf6-44ac-876d-d42f16c6b6da => generated 257 bytes in 15 msecs (HTTP/1.1 200) 8 headers in 296 bytes (1 switches on core 0)
2026-07-15 15:43:55.616 7 INFO placement.requestlog [req-36db731c-c1a7-4b6a-b926-d6fb8b44426e req-7bb71d65-294d-47cb-8943-1c68ba9c4acd b08ac5c0bc13453d8d04334538707215 86c52ac6791147a4a4a00817aa41bda6 - - 5c8f541069b249329bbfb9c38457d115 5c8f541069b249329bbfb9c38457d115] 199.19.213.231 "GET /allocations/0334c10a-9d0d-456e-9b55-714c55cb3095" status: 200 len: 257 microversion: 1.28 [pid: 7|app: 0|req: 315/632] 199.19.213.231 () {34 vars in 863 bytes} [Wed Jul 15 15:43:55 2026] GET /allocations/0334c10a-9d0d-456e-9b55-714c55cb3095 => generated 257 bytes in 12 msecs (HTTP/1.1 200) 8 headers in 296 bytes (1 switches on core 0)
2026-07-15 15:43:57.187 8 INFO placement.requestlog [req-4dea341d-553c-4e32-bef6-b7bf1078f036 req-5fb1ed1d-30b2-4f45-b279-70d9064b7e1b b08ac5c0bc13453d8d04334538707215 86c52ac6791147a4a4a00817aa41bda6 - - 5c8f541069b249329bbfb9c38457d115 5c8f541069b249329bbfb9c38457d115] 10.0.0.240 "GET /allocation_candidates?limit=1000&resources=MEMORY_MB%3A512%2CVCPU%3A1&root_required=%21COMPUTE_STATUS_DISABLED" status: 200 len: 2770 microversion: 1.36 [pid: 8|app: 0|req: 318/633] 10.0.0.240 () {34 vars in 984 bytes} [Wed Jul 15 15:43:57 2026] GET /allocation_candidates?limit=1000&resources=MEMORY_MB%3A512%2CVCPU%3A1&root_required=%21COMPUTE_STATUS_DISABLED => generated 2770 bytes in 46 msecs (HTTP/1.1 200) 8 headers in 297 bytes (1 switches on core 0)
2026-07-15 15:43:57.229 7 INFO placement.requestlog [req-4dea341d-553c-4e32-bef6-b7bf1078f036 req-82476704-e923-4def-a689-2d8f9fef8ba8 b08ac5c0bc13453d8d04334538707215 86c52ac6791147a4a4a00817aa41bda6 - - 5c8f541069b249329bbfb9c38457d115 5c8f541069b249329bbfb9c38457d115] 10.0.0.240 "GET /allocations/34f2fc8d-f6eb-43c4-b46a-01c2a3524421" status: 200 len: 19 microversion: 1.28 [pid: 7|app: 0|req: 316/634] 10.0.0.240 () {34 vars in 861 bytes} [Wed Jul 15 15:43:57 2026] GET /allocations/34f2fc8d-f6eb-43c4-b46a-01c2a3524421 => generated 19 bytes in 10 msecs (HTTP/1.1 200) 8 headers in 295 bytes (1 switches on core 0)
2026-07-15 15:43:57.300 8 INFO placement.requestlog [req-4dea341d-553c-4e32-bef6-b7bf1078f036 req-063ddc6a-fc58-4b5d-8301-62754ed555b7 b08ac5c0bc13453d8d04334538707215 86c52ac6791147a4a4a00817aa41bda6 - - 5c8f541069b249329bbfb9c38457d115 5c8f541069b249329bbfb9c38457d115] 10.0.0.240 "PUT /allocations/34f2fc8d-f6eb-43c4-b46a-01c2a3524421" status: 204 len: 0 microversion: 1.36 [pid: 8|app: 0|req: 319/635] 10.0.0.240 () {38 vars in 914 bytes} [Wed Jul 15 15:43:57 2026] PUT /allocations/34f2fc8d-f6eb-43c4-b46a-01c2a3524421 => generated 0 bytes in 65 msecs (HTTP/1.1 204) 5 headers in 199 bytes (1 switches on core 0)
2026-07-15 15:43:57.695 7 INFO placement.requestlog [req-060f6b74-14d7-4534-be67-2a81736d8bb4 req-3cf8e8fa-6deb-4acb-a98e-a0e51e93e41f b08ac5c0bc13453d8d04334538707215 86c52ac6791147a4a4a00817aa41bda6 - - 5c8f541069b249329bbfb9c38457d115 5c8f541069b249329bbfb9c38457d115] 199.19.213.231 "GET /resource_providers/39dc7748-e21a-454d-b437-4fedc26287fc/allocations" status: 200 len: 338 microversion: 1.0 [pid: 7|app: 0|req: 317/636] 199.19.213.231 () {32 vars in 857 bytes} [Wed Jul 15 15:43:57 2026] GET /resource_providers/39dc7748-e21a-454d-b437-4fedc26287fc/allocations => generated 338 bytes in 29 msecs (HTTP/1.1 200) 6 headers in 224 bytes (1 switches on core 0)
2026-07-15 15:43:57.714 8 INFO placement.requestlog [req-060f6b74-14d7-4534-be67-2a81736d8bb4 req-29724822-0cbf-4b47-af39-6c101f74c401 b08ac5c0bc13453d8d04334538707215 86c52ac6791147a4a4a00817aa41bda6 - - 5c8f541069b249329bbfb9c38457d115 5c8f541069b249329bbfb9c38457d115] 199.19.213.231 "GET /allocations/afed5d75-4cf6-44ac-876d-d42f16c6b6da" status: 200 len: 257 microversion: 1.28 [pid: 8|app: 0|req: 320/637] 199.19.213.231 () {34 vars in 863 bytes} [Wed Jul 15 15:43:57 2026] GET /allocations/afed5d75-4cf6-44ac-876d-d42f16c6b6da => generated 257 bytes in 12 msecs (HTTP/1.1 200) 8 headers in 296 bytes (1 switches on core 0)
2026-07-15 15:43:57.736 7 INFO placement.requestlog [req-060f6b74-14d7-4534-be67-2a81736d8bb4 req-70360b99-ee27-4685-bbcb-3a39e55fa614 b08ac5c0bc13453d8d04334538707215 86c52ac6791147a4a4a00817aa41bda6 - - 5c8f541069b249329bbfb9c38457d115 5c8f541069b249329bbfb9c38457d115] 199.19.213.231 "GET /allocations/0334c10a-9d0d-456e-9b55-714c55cb3095" status: 200 len: 257 microversion: 1.28 [pid: 7|app: 0|req: 318/638] 199.19.213.231 () {34 vars in 863 bytes} [Wed Jul 15 15:43:57 2026] GET /allocations/0334c10a-9d0d-456e-9b55-714c55cb3095 => generated 257 bytes in 12 msecs (HTTP/1.1 200) 8 headers in 296 bytes (1 switches on core 0)
2026-07-15 15:43:57.748 8 INFO placement.requestlog [req-060f6b74-14d7-4534-be67-2a81736d8bb4 req-132f34c6-bb96-49e6-8f73-828043e295de b08ac5c0bc13453d8d04334538707215 86c52ac6791147a4a4a00817aa41bda6 - - 5c8f541069b249329bbfb9c38457d115 5c8f541069b249329bbfb9c38457d115] 199.19.213.231 "GET /allocations/34f2fc8d-f6eb-43c4-b46a-01c2a3524421" status: 200 len: 243 microversion: 1.28 [pid: 8|app: 0|req: 321/639] 199.19.213.231 () {34 vars in 863 bytes} [Wed Jul 15 15:43:57 2026] GET /allocations/34f2fc8d-f6eb-43c4-b46a-01c2a3524421 => generated 243 bytes in 8 msecs (HTTP/1.1 200) 8 headers in 296 bytes (1 switches on core 0)
2026-07-15 15:43:58.819 7 INFO placement.requestlog [req-4dea341d-553c-4e32-bef6-b7bf1078f036 req-3581ce4d-2ce3-4af1-927a-059313e65fed b08ac5c0bc13453d8d04334538707215 86c52ac6791147a4a4a00817aa41bda6 - - 5c8f541069b249329bbfb9c38457d115 5c8f541069b249329bbfb9c38457d115] 199.19.213.231 "GET /allocations/34f2fc8d-f6eb-43c4-b46a-01c2a3524421" status: 200 len: 243 microversion: 1.28 [pid: 7|app: 0|req: 319/640] 199.19.213.231 () {34 vars in 863 bytes} [Wed Jul 15 15:43:58 2026] GET /allocations/34f2fc8d-f6eb-43c4-b46a-01c2a3524421 => generated 243 bytes in 18 msecs (HTTP/1.1 200) 8 headers in 296 bytes (1 switches on core 0)
2026-07-15 15:43:59.044 8 INFO placement.requestlog [None req-091c163e-05e2-4401-8dcd-5750a2cc9b57 f7310993164d43058efdb624efb008a0 86c52ac6791147a4a4a00817aa41bda6 - - 5c8f541069b249329bbfb9c38457d115 5c8f541069b249329bbfb9c38457d115] 10.0.0.214 "GET /resource_providers/8f1f4ae3-59ac-4cee-930d-b28769aeb9d3/aggregates" status: 404 len: 235 microversion: 1.1 [pid: 8|app: 0|req: 322/641] 10.0.0.214 () {32 vars in 816 bytes} [Wed Jul 15 15:43:58 2026] GET /resource_providers/8f1f4ae3-59ac-4cee-930d-b28769aeb9d3/aggregates => generated 235 bytes in 55 msecs (HTTP/1.1 404) 5 headers in 202 bytes (1 switches on core 0)
2026-07-15 15:43:59.061 8 INFO placement.requestlog [None req-0c137e9e-d67f-42b6-bd16-88d373ff5d00 f7310993164d43058efdb624efb008a0 86c52ac6791147a4a4a00817aa41bda6 - - 5c8f541069b249329bbfb9c38457d115 5c8f541069b249329bbfb9c38457d115] 10.0.0.214 "DELETE /resource_providers/8f1f4ae3-59ac-4cee-930d-b28769aeb9d3" status: 404 len: 246 microversion: 1.1 [pid: 8|app: 0|req: 323/642] 10.0.0.214 () {34 vars in 816 bytes} [Wed Jul 15 15:43:59 2026] DELETE /resource_providers/8f1f4ae3-59ac-4cee-930d-b28769aeb9d3 => generated 246 bytes in 7 msecs (HTTP/1.1 404) 6 headers in 231 bytes (1 switches on core 0)
2026-07-15 15:43:59.081 7 INFO placement.requestlog [None req-3924e0a4-be81-4c4f-9e33-f7ba86f2eb93 f7310993164d43058efdb624efb008a0 86c52ac6791147a4a4a00817aa41bda6 - - 5c8f541069b249329bbfb9c38457d115 5c8f541069b249329bbfb9c38457d115] 10.0.0.214 "GET /resource_providers/8f1f4ae3-59ac-4cee-930d-b28769aeb9d3/aggregates" status: 404 len: 235 microversion: 1.1 [pid: 7|app: 0|req: 320/643] 10.0.0.214 () {32 vars in 816 bytes} [Wed Jul 15 15:43:58 2026] GET /resource_providers/8f1f4ae3-59ac-4cee-930d-b28769aeb9d3/aggregates => generated 235 bytes in 82 msecs (HTTP/1.1 404) 5 headers in 202 bytes (1 switches on core 0)
2026-07-15 15:43:59.104 8 INFO placement.requestlog [None req-68d19e00-78c1-4d0c-98d5-199eb44cd368 f7310993164d43058efdb624efb008a0 86c52ac6791147a4a4a00817aa41bda6 - - 5c8f541069b249329bbfb9c38457d115 5c8f541069b249329bbfb9c38457d115] 10.0.0.214 "DELETE /resource_providers/8f1f4ae3-59ac-4cee-930d-b28769aeb9d3" status: 404 len: 246 microversion: 1.1 [pid: 8|app: 0|req: 324/644] 10.0.0.214 () {34 vars in 816 bytes} [Wed Jul 15 15:43:59 2026] DELETE /resource_providers/8f1f4ae3-59ac-4cee-930d-b28769aeb9d3 => generated 246 bytes in 16 msecs (HTTP/1.1 404) 6 headers in 231 bytes (1 switches on core 0)
2026-07-15 15:43:59.869 7 INFO placement.requestlog [req-4dea341d-553c-4e32-bef6-b7bf1078f036 req-62ccf37e-6ba9-4d9c-8880-5a0d24df159c b08ac5c0bc13453d8d04334538707215 86c52ac6791147a4a4a00817aa41bda6 - - 5c8f541069b249329bbfb9c38457d115 5c8f541069b249329bbfb9c38457d115] 199.19.213.231 "GET /resource_providers/39dc7748-e21a-454d-b437-4fedc26287fc/allocations" status: 200 len: 338 microversion: 1.0 [pid: 7|app: 0|req: 321/645] 199.19.213.231 () {32 vars in 857 bytes} [Wed Jul 15 15:43:59 2026] GET /resource_providers/39dc7748-e21a-454d-b437-4fedc26287fc/allocations => generated 338 bytes in 23 msecs (HTTP/1.1 200) 6 headers in 224 bytes (1 switches on core 0)
2026-07-15 15:43:59.894 8 INFO placement.requestlog [req-4dea341d-553c-4e32-bef6-b7bf1078f036 req-549c3a44-633b-4f6a-8c17-49ae394a14e5 b08ac5c0bc13453d8d04334538707215 86c52ac6791147a4a4a00817aa41bda6 - - 5c8f541069b249329bbfb9c38457d115 5c8f541069b249329bbfb9c38457d115] 199.19.213.231 "GET /allocations/afed5d75-4cf6-44ac-876d-d42f16c6b6da" status: 200 len: 257 microversion: 1.28 [pid: 8|app: 0|req: 325/646] 199.19.213.231 () {34 vars in 863 bytes} [Wed Jul 15 15:43:59 2026] GET /allocations/afed5d75-4cf6-44ac-876d-d42f16c6b6da => generated 257 bytes in 19 msecs (HTTP/1.1 200) 8 headers in 296 bytes (1 switches on core 0)
2026-07-15 15:43:59.913 7 INFO placement.requestlog [req-4dea341d-553c-4e32-bef6-b7bf1078f036 req-99114e86-7acb-4ef6-89a1-2636d28da45d b08ac5c0bc13453d8d04334538707215 86c52ac6791147a4a4a00817aa41bda6 - - 5c8f541069b249329bbfb9c38457d115 5c8f541069b249329bbfb9c38457d115] 199.19.213.231 "GET /allocations/0334c10a-9d0d-456e-9b55-714c55cb3095" status: 200 len: 257 microversion: 1.28 [pid: 7|app: 0|req: 322/647] 199.19.213.231 () {34 vars in 863 bytes} [Wed Jul 15 15:43:59 2026] GET /allocations/0334c10a-9d0d-456e-9b55-714c55cb3095 => generated 257 bytes in 9 msecs (HTTP/1.1 200) 8 headers in 296 bytes (1 switches on core 0)
2026-07-15 15:43:59.932 8 INFO placement.requestlog [req-4dea341d-553c-4e32-bef6-b7bf1078f036 req-af3bf2ea-12a2-4274-aefd-ca8fed6e9f7f b08ac5c0bc13453d8d04334538707215 86c52ac6791147a4a4a00817aa41bda6 - - 5c8f541069b249329bbfb9c38457d115 5c8f541069b249329bbfb9c38457d115] 199.19.213.231 "GET /allocations/34f2fc8d-f6eb-43c4-b46a-01c2a3524421" status: 200 len: 243 microversion: 1.28 [pid: 8|app: 0|req: 326/648] 199.19.213.231 () {34 vars in 863 bytes} [Wed Jul 15 15:43:59 2026] GET /allocations/34f2fc8d-f6eb-43c4-b46a-01c2a3524421 => generated 243 bytes in 15 msecs (HTTP/1.1 200) 8 headers in 296 bytes (1 switches on core 0)
2026-07-15 15:44:01.081 7 INFO placement.requestlog [None req-a93ef2a3-b2f7-41b2-a050-81052b1e5a36 f7310993164d43058efdb624efb008a0 86c52ac6791147a4a4a00817aa41bda6 - - 5c8f541069b249329bbfb9c38457d115 5c8f541069b249329bbfb9c38457d115] 10.0.0.214 "GET /resource_providers/3dd1430c-21f3-4a64-8c4c-cd8ccd969282/aggregates" status: 404 len: 235 microversion: 1.1 [pid: 7|app: 0|req: 323/649] 10.0.0.214 () {32 vars in 816 bytes} [Wed Jul 15 15:44:01 2026] GET /resource_providers/3dd1430c-21f3-4a64-8c4c-cd8ccd969282/aggregates => generated 235 bytes in 10 msecs (HTTP/1.1 404) 5 headers in 202 bytes (1 switches on core 0)
2026-07-15 15:44:01.100 8 INFO placement.requestlog [None req-41e18df1-d58f-4ca7-a13e-b5f348b659ad f7310993164d43058efdb624efb008a0 86c52ac6791147a4a4a00817aa41bda6 - - 5c8f541069b249329bbfb9c38457d115 5c8f541069b249329bbfb9c38457d115] 10.0.0.214 "DELETE /resource_providers/3dd1430c-21f3-4a64-8c4c-cd8ccd969282" status: 404 len: 246 microversion: 1.1 [pid: 8|app: 0|req: 327/650] 10.0.0.214 () {34 vars in 816 bytes} [Wed Jul 15 15:44:01 2026] DELETE /resource_providers/3dd1430c-21f3-4a64-8c4c-cd8ccd969282 => generated 246 bytes in 10 msecs (HTTP/1.1 404) 6 headers in 231 bytes (1 switches on core 0)
2026-07-15 15:44:01.148 7 INFO placement.requestlog [None req-b6108d4b-e6b5-4a77-b8f3-e3161efa490b f7310993164d43058efdb624efb008a0 86c52ac6791147a4a4a00817aa41bda6 - - 5c8f541069b249329bbfb9c38457d115 5c8f541069b249329bbfb9c38457d115] 10.0.0.214 "GET /resource_providers/3dd1430c-21f3-4a64-8c4c-cd8ccd969282/aggregates" status: 404 len: 235 microversion: 1.1 [pid: 7|app: 0|req: 324/651] 10.0.0.214 () {32 vars in 816 bytes} [Wed Jul 15 15:44:01 2026] GET /resource_providers/3dd1430c-21f3-4a64-8c4c-cd8ccd969282/aggregates => generated 235 bytes in 28 msecs (HTTP/1.1 404) 5 headers in 202 bytes (1 switches on core 0)
2026-07-15 15:44:01.202 8 INFO placement.requestlog [None req-0c90fcc6-a938-46b7-8132-8149bd455c58 f7310993164d43058efdb624efb008a0 86c52ac6791147a4a4a00817aa41bda6 - - 5c8f541069b249329bbfb9c38457d115 5c8f541069b249329bbfb9c38457d115] 10.0.0.214 "DELETE /resource_providers/3dd1430c-21f3-4a64-8c4c-cd8ccd969282" status: 404 len: 246 microversion: 1.1 [pid: 8|app: 0|req: 328/652] 10.0.0.214 () {34 vars in 816 bytes} [Wed Jul 15 15:44:01 2026] DELETE /resource_providers/3dd1430c-21f3-4a64-8c4c-cd8ccd969282 => generated 246 bytes in 24 msecs (HTTP/1.1 404) 6 headers in 231 bytes (1 switches on core 0)
2026-07-15 15:44:02.124 7 INFO placement.requestlog [None req-81aea67f-cf9e-47da-b92d-ec73d240d64a - - - - - -] 10.0.0.42 "GET /" status: 200 len: 136 microversion: 1.0
2026-07-15 15:44:02.126 8 INFO placement.requestlog [None req-40c11496-c47a-43f1-a3b0-27692a1d5241 - - - - - -] 10.0.0.42 "GET /" status: 200 len: 136 microversion: 1.0
2026-07-15 15:44:04.885 7 INFO placement.requestlog [req-36db731c-c1a7-4b6a-b926-d6fb8b44426e req-afaac227-2fbe-40bd-bed8-edd02b35b0e4 b08ac5c0bc13453d8d04334538707215 86c52ac6791147a4a4a00817aa41bda6 - - 5c8f541069b249329bbfb9c38457d115 5c8f541069b249329bbfb9c38457d115] 199.19.213.231 "GET /resource_providers/39dc7748-e21a-454d-b437-4fedc26287fc/allocations" status: 200 len: 338 microversion: 1.0 [pid: 7|app: 0|req: 326/655] 199.19.213.231 () {32 vars in 857 bytes} [Wed Jul 15 15:44:04 2026] GET /resource_providers/39dc7748-e21a-454d-b437-4fedc26287fc/allocations => generated 338 bytes in 24 msecs (HTTP/1.1 200) 6 headers in 224 bytes (1 switches on core 0)
2026-07-15 15:44:04.909 8 INFO placement.requestlog [req-36db731c-c1a7-4b6a-b926-d6fb8b44426e req-0bf59d31-4f94-4539-80fc-fc8167409db8 b08ac5c0bc13453d8d04334538707215 86c52ac6791147a4a4a00817aa41bda6 - - 5c8f541069b249329bbfb9c38457d115 5c8f541069b249329bbfb9c38457d115] 199.19.213.231 "GET /allocations/afed5d75-4cf6-44ac-876d-d42f16c6b6da" status: 200 len: 257 microversion: 1.28 [pid: 8|app: 0|req: 330/656] 199.19.213.231 () {34 vars in 863 bytes} [Wed Jul 15 15:44:04 2026] GET /allocations/afed5d75-4cf6-44ac-876d-d42f16c6b6da => generated 257 bytes in 18 msecs (HTTP/1.1 200) 8 headers in 296 bytes (1 switches on core 0)
2026-07-15 15:44:04.939 7 INFO placement.requestlog [req-36db731c-c1a7-4b6a-b926-d6fb8b44426e req-fdf0d439-da7c-4286-adcb-da9a43543f40 b08ac5c0bc13453d8d04334538707215 86c52ac6791147a4a4a00817aa41bda6 - - 5c8f541069b249329bbfb9c38457d115 5c8f541069b249329bbfb9c38457d115] 199.19.213.231 "GET /allocations/0334c10a-9d0d-456e-9b55-714c55cb3095" status: 200 len: 257 microversion: 1.28 [pid: 7|app: 0|req: 327/657] 199.19.213.231 () {34 vars in 863 bytes} [Wed Jul 15 15:44:04 2026] GET /allocations/0334c10a-9d0d-456e-9b55-714c55cb3095 => generated 257 bytes in 23 msecs (HTTP/1.1 200) 8 headers in 296 bytes (1 switches on core 0)
2026-07-15 15:44:04.954 8 INFO placement.requestlog [req-36db731c-c1a7-4b6a-b926-d6fb8b44426e req-54c3b56f-6964-4593-8810-5ea783b5a221 b08ac5c0bc13453d8d04334538707215 86c52ac6791147a4a4a00817aa41bda6 - - 5c8f541069b249329bbfb9c38457d115 5c8f541069b249329bbfb9c38457d115] 199.19.213.231 "GET /allocations/34f2fc8d-f6eb-43c4-b46a-01c2a3524421" status: 200 len: 243 microversion: 1.28 [pid: 8|app: 0|req: 331/658] 199.19.213.231 () {34 vars in 863 bytes} [Wed Jul 15 15:44:04 2026] GET /allocations/34f2fc8d-f6eb-43c4-b46a-01c2a3524421 => generated 243 bytes in 9 msecs (HTTP/1.1 200) 8 headers in 296 bytes (1 switches on core 0)
2026-07-15 15:44:06.529 7 INFO placement.requestlog [req-060f6b74-14d7-4534-be67-2a81736d8bb4 req-111f11a1-6e13-4b24-92a3-d2c46b1787bc b08ac5c0bc13453d8d04334538707215 86c52ac6791147a4a4a00817aa41bda6 - - 5c8f541069b249329bbfb9c38457d115 5c8f541069b249329bbfb9c38457d115] 199.19.213.231 "GET /resource_providers/39dc7748-e21a-454d-b437-4fedc26287fc/allocations" status: 200 len: 338 microversion: 1.0 [pid: 7|app: 0|req: 328/659] 199.19.213.231 () {32 vars in 857 bytes} [Wed Jul 15 15:44:06 2026] GET /resource_providers/39dc7748-e21a-454d-b437-4fedc26287fc/allocations => generated 338 bytes in 24 msecs (HTTP/1.1 200) 6 headers in 224 bytes (1 switches on core 0)
2026-07-15 15:44:06.549 8 INFO placement.requestlog [req-060f6b74-14d7-4534-be67-2a81736d8bb4 req-37da4192-391b-4a5d-880e-bafbbeabb2aa b08ac5c0bc13453d8d04334538707215 86c52ac6791147a4a4a00817aa41bda6 - - 5c8f541069b249329bbfb9c38457d115 5c8f541069b249329bbfb9c38457d115] 199.19.213.231 "GET /allocations/afed5d75-4cf6-44ac-876d-d42f16c6b6da" status: 200 len: 257 microversion: 1.28 [pid: 8|app: 0|req: 332/660] 199.19.213.231 () {34 vars in 863 bytes} [Wed Jul 15 15:44:06 2026] GET /allocations/afed5d75-4cf6-44ac-876d-d42f16c6b6da => generated 257 bytes in 12 msecs (HTTP/1.1 200) 8 headers in 296 bytes (1 switches on core 0)
2026-07-15 15:44:06.568 7 INFO placement.requestlog [req-060f6b74-14d7-4534-be67-2a81736d8bb4 req-b8d53676-b39f-4500-a9b0-467724860632 b08ac5c0bc13453d8d04334538707215 86c52ac6791147a4a4a00817aa41bda6 - - 5c8f541069b249329bbfb9c38457d115 5c8f541069b249329bbfb9c38457d115] 199.19.213.231 "GET /allocations/0334c10a-9d0d-456e-9b55-714c55cb3095" status: 200 len: 257 microversion: 1.28 [pid: 7|app: 0|req: 329/661] 199.19.213.231 () {34 vars in 863 bytes} [Wed Jul 15 15:44:06 2026] GET /allocations/0334c10a-9d0d-456e-9b55-714c55cb3095 => generated 257 bytes in 13 msecs (HTTP/1.1 200) 8 headers in 296 bytes (1 switches on core 0)
2026-07-15 15:44:06.587 8 INFO placement.requestlog [req-060f6b74-14d7-4534-be67-2a81736d8bb4 req-793c1984-07fd-4d65-a91c-282e4ca6512c b08ac5c0bc13453d8d04334538707215 86c52ac6791147a4a4a00817aa41bda6 - - 5c8f541069b249329bbfb9c38457d115 5c8f541069b249329bbfb9c38457d115] 199.19.213.231 "GET /allocations/34f2fc8d-f6eb-43c4-b46a-01c2a3524421" status: 200 len: 243 microversion: 1.28 [pid: 8|app: 0|req: 333/662] 199.19.213.231 () {34 vars in 863 bytes} [Wed Jul 15 15:44:06 2026] GET /allocations/34f2fc8d-f6eb-43c4-b46a-01c2a3524421 => generated 243 bytes in 13 msecs (HTTP/1.1 200) 8 headers in 296 bytes (1 switches on core 0)
2026-07-15 15:44:08.539 7 INFO placement.requestlog [req-36db731c-c1a7-4b6a-b926-d6fb8b44426e req-efdfd6c1-fcce-41b9-925f-07e09ab385f6 b08ac5c0bc13453d8d04334538707215 86c52ac6791147a4a4a00817aa41bda6 - - 5c8f541069b249329bbfb9c38457d115 5c8f541069b249329bbfb9c38457d115] 199.19.213.231 "DELETE /allocations/0334c10a-9d0d-456e-9b55-714c55cb3095" status: 204 len: 0 microversion: 1.0 [pid: 7|app: 0|req: 330/663] 199.19.213.231 () {34 vars in 841 bytes} [Wed Jul 15 15:44:08 2026] DELETE /allocations/0334c10a-9d0d-456e-9b55-714c55cb3095 => generated 0 bytes in 21 msecs (HTTP/1.1 204) 5 headers in 198 bytes (1 switches on core 0)
2026-07-15 15:44:09.729 8 INFO placement.requestlog [None req-f8fecc73-c867-42ee-a50f-7b399ff8f1df f7310993164d43058efdb624efb008a0 86c52ac6791147a4a4a00817aa41bda6 - - 5c8f541069b249329bbfb9c38457d115 5c8f541069b249329bbfb9c38457d115] 10.0.0.214 "GET /resource_providers/a89009de-ada4-4b7c-9c04-d96a7d5fec22/aggregates" status: 404 len: 235 microversion: 1.1 [pid: 8|app: 0|req: 334/664] 10.0.0.214 () {32 vars in 816 bytes} [Wed Jul 15 15:44:09 2026] GET /resource_providers/a89009de-ada4-4b7c-9c04-d96a7d5fec22/aggregates => generated 235 bytes in 258 msecs (HTTP/1.1 404) 5 headers in 202 bytes (1 switches on core 0)
2026-07-15 15:44:09.743 7 INFO placement.requestlog [None req-8b9548ff-f36f-4b30-9ef2-e32337f3cfee f7310993164d43058efdb624efb008a0 86c52ac6791147a4a4a00817aa41bda6 - - 5c8f541069b249329bbfb9c38457d115 5c8f541069b249329bbfb9c38457d115] 10.0.0.214 "GET /resource_providers/a89009de-ada4-4b7c-9c04-d96a7d5fec22/aggregates" status: 404 len: 235 microversion: 1.1 [pid: 7|app: 0|req: 331/665] 10.0.0.214 () {32 vars in 816 bytes} [Wed Jul 15 15:44:09 2026] GET /resource_providers/a89009de-ada4-4b7c-9c04-d96a7d5fec22/aggregates => generated 235 bytes in 255 msecs (HTTP/1.1 404) 5 headers in 202 bytes (1 switches on core 0)
2026-07-15 15:44:09.753 8 INFO placement.requestlog [None req-24eb6024-82b2-4496-be5a-35957a60df89 f7310993164d43058efdb624efb008a0 86c52ac6791147a4a4a00817aa41bda6 - - 5c8f541069b249329bbfb9c38457d115 5c8f541069b249329bbfb9c38457d115] 10.0.0.214 "DELETE /resource_providers/a89009de-ada4-4b7c-9c04-d96a7d5fec22" status: 404 len: 246 microversion: 1.1 [pid: 8|app: 0|req: 335/666] 10.0.0.214 () {34 vars in 816 bytes} [Wed Jul 15 15:44:09 2026] DELETE /resource_providers/a89009de-ada4-4b7c-9c04-d96a7d5fec22 => generated 246 bytes in 10 msecs (HTTP/1.1 404) 6 headers in 231 bytes (1 switches on core 0)
2026-07-15 15:44:09.761 7 INFO placement.requestlog [None req-97e498b3-db7a-4dc6-a3f6-cbb3696de297 f7310993164d43058efdb624efb008a0 86c52ac6791147a4a4a00817aa41bda6 - - 5c8f541069b249329bbfb9c38457d115 5c8f541069b249329bbfb9c38457d115] 10.0.0.214 "DELETE /resource_providers/a89009de-ada4-4b7c-9c04-d96a7d5fec22" status: 404 len: 246 microversion: 1.1 [pid: 7|app: 0|req: 332/667] 10.0.0.214 () {34 vars in 816 bytes} [Wed Jul 15 15:44:09 2026] DELETE /resource_providers/a89009de-ada4-4b7c-9c04-d96a7d5fec22 => generated 246 bytes in 8 msecs (HTTP/1.1 404) 6 headers in 231 bytes (1 switches on core 0)
2026-07-15 15:44:10.002 8 INFO placement.requestlog [req-060f6b74-14d7-4534-be67-2a81736d8bb4 req-5a1fe1a3-5ff6-49a6-b373-52e922beb7b8 b08ac5c0bc13453d8d04334538707215 86c52ac6791147a4a4a00817aa41bda6 - - 5c8f541069b249329bbfb9c38457d115 5c8f541069b249329bbfb9c38457d115] 199.19.213.231 "DELETE /allocations/afed5d75-4cf6-44ac-876d-d42f16c6b6da" status: 204 len: 0 microversion: 1.0 [pid: 8|app: 0|req: 336/668] 199.19.213.231 () {34 vars in 841 bytes} [Wed Jul 15 15:44:09 2026] DELETE /allocations/afed5d75-4cf6-44ac-876d-d42f16c6b6da => generated 0 bytes in 22 msecs (HTTP/1.1 204) 5 headers in 198 bytes (1 switches on core 0)
2026-07-15 15:44:10.296 7 INFO placement.requestlog [None req-ecac42d5-0f71-4b63-97bf-3ec8c120126b - - - - - -] 10.0.0.226 "GET /" status: 200 len: 136 microversion: 1.0 [pid: 7|app: 0|req: 333/669] 10.0.0.226 () {28 vars in 437 bytes} [Wed Jul 15 15:44:10 2026] GET / => generated 136 bytes in 1 msecs (HTTP/1.1 200) 6 headers in 224 bytes (1 switches on core 0)
2026-07-15 15:44:10.356 8 INFO placement.requestlog [req-b60444b8-f546-44a3-8ea1-c612e0f3f7c8 req-82f87f2b-91d1-4886-b2b3-2814a638a4d4 b08ac5c0bc13453d8d04334538707215 86c52ac6791147a4a4a00817aa41bda6 - - 5c8f541069b249329bbfb9c38457d115 5c8f541069b249329bbfb9c38457d115] 10.0.0.226 "DELETE /allocations/0334c10a-9d0d-456e-9b55-714c55cb3095" status: 404 len: 228 microversion: 1.0 [pid: 8|app: 0|req: 337/670] 10.0.0.226 () {34 vars in 830 bytes} [Wed Jul 15 15:44:10 2026] DELETE /allocations/0334c10a-9d0d-456e-9b55-714c55cb3095 => generated 228 bytes in 52 msecs (HTTP/1.1 404) 6 headers in 231 bytes (1 switches on core 0)
2026-07-15 15:44:11.014 7 INFO placement.requestlog [None req-f0f01b9e-cd49-4e3a-ba1d-ed0366f5418d - - - - - -] 10.0.0.226 "GET /" status: 200 len: 136 microversion: 1.0 [pid: 7|app: 0|req: 334/671] 10.0.0.226 () {28 vars in 437 bytes} [Wed Jul 15 15:44:11 2026] GET / => generated 136 bytes in 1 msecs (HTTP/1.1 200) 6 headers in 224 bytes (1 switches on core 0)
2026-07-15 15:44:11.064 8 INFO placement.requestlog [req-000ef91b-669b-476f-9fd9-713046c75f61 req-9257f051-00a7-4117-ad96-9141e02dc379 b08ac5c0bc13453d8d04334538707215 86c52ac6791147a4a4a00817aa41bda6 - - 5c8f541069b249329bbfb9c38457d115 5c8f541069b249329bbfb9c38457d115] 10.0.0.226 "DELETE /allocations/afed5d75-4cf6-44ac-876d-d42f16c6b6da" status: 404 len: 228 microversion: 1.0 [pid: 8|app: 0|req: 338/672] 10.0.0.226 () {34 vars in 830 bytes} [Wed Jul 15 15:44:11 2026] DELETE /allocations/afed5d75-4cf6-44ac-876d-d42f16c6b6da => generated 228 bytes in 42 msecs (HTTP/1.1 404) 6 headers in 231 bytes (1 switches on core 0)
2026-07-15 15:44:11.305 7 INFO placement.requestlog [req-4dea341d-553c-4e32-bef6-b7bf1078f036 req-4f92419e-756b-4b9e-8dc3-9dce146ab569 b08ac5c0bc13453d8d04334538707215 86c52ac6791147a4a4a00817aa41bda6 - - 5c8f541069b249329bbfb9c38457d115 5c8f541069b249329bbfb9c38457d115] 199.19.213.231 "GET /resource_providers/39dc7748-e21a-454d-b437-4fedc26287fc/allocations" status: 200 len: 138 microversion: 1.0 [pid: 7|app: 0|req: 335/673] 199.19.213.231 () {32 vars in 857 bytes} [Wed Jul 15 15:44:11 2026] GET /resource_providers/39dc7748-e21a-454d-b437-4fedc26287fc/allocations => generated 138 bytes in 17 msecs (HTTP/1.1 200) 6 headers in 224 bytes (1 switches on core 0)
2026-07-15 15:44:11.337 8 INFO placement.requestlog [req-4dea341d-553c-4e32-bef6-b7bf1078f036 req-26a2bcb4-4fc4-4d91-8612-0124652f3b3f b08ac5c0bc13453d8d04334538707215 86c52ac6791147a4a4a00817aa41bda6 - - 5c8f541069b249329bbfb9c38457d115 5c8f541069b249329bbfb9c38457d115] 199.19.213.231 "GET /allocations/34f2fc8d-f6eb-43c4-b46a-01c2a3524421" status: 200 len: 243 microversion: 1.28 [pid: 8|app: 0|req: 339/674] 199.19.213.231 () {34 vars in 863 bytes} [Wed Jul 15 15:44:11 2026] GET /allocations/34f2fc8d-f6eb-43c4-b46a-01c2a3524421 => generated 243 bytes in 13 msecs (HTTP/1.1 200) 8 headers in 296 bytes (1 switches on core 0)
2026-07-15 15:44:11.772 7 INFO placement.requestlog [None req-c1e92a9b-c58f-480a-b966-16983fccbaaf f7310993164d43058efdb624efb008a0 86c52ac6791147a4a4a00817aa41bda6 - - 5c8f541069b249329bbfb9c38457d115 5c8f541069b249329bbfb9c38457d115] 10.0.0.214 "GET /resource_providers/1c78be79-4a2f-4da9-b406-2eb8443d9299/aggregates" status: 404 len: 235 microversion: 1.1 [pid: 7|app: 0|req: 336/675] 10.0.0.214 () {32 vars in 816 bytes} [Wed Jul 15 15:44:11 2026] GET /resource_providers/1c78be79-4a2f-4da9-b406-2eb8443d9299/aggregates => generated 235 bytes in 10 msecs (HTTP/1.1 404) 5 headers in 202 bytes (1 switches on core 0)
2026-07-15 15:44:11.778 8 INFO placement.requestlog [None req-0a06a095-1b30-413a-b12d-5fe97d1f3719 f7310993164d43058efdb624efb008a0 86c52ac6791147a4a4a00817aa41bda6 - - 5c8f541069b249329bbfb9c38457d115 5c8f541069b249329bbfb9c38457d115] 10.0.0.214 "GET /resource_providers/1c78be79-4a2f-4da9-b406-2eb8443d9299/aggregates" status: 404 len: 235 microversion: 1.1 [pid: 8|app: 0|req: 340/676] 10.0.0.214 () {32 vars in 816 bytes} [Wed Jul 15 15:44:11 2026] GET /resource_providers/1c78be79-4a2f-4da9-b406-2eb8443d9299/aggregates => generated 235 bytes in 11 msecs (HTTP/1.1 404) 5 headers in 202 bytes (1 switches on core 0)
2026-07-15 15:44:11.794 7 INFO placement.requestlog [None req-4f419589-8c75-4558-a5db-f2d50e92c75a f7310993164d43058efdb624efb008a0 86c52ac6791147a4a4a00817aa41bda6 - - 5c8f541069b249329bbfb9c38457d115 5c8f541069b249329bbfb9c38457d115] 10.0.0.214 "DELETE /resource_providers/1c78be79-4a2f-4da9-b406-2eb8443d9299" status: 404 len: 246 microversion: 1.1 [pid: 7|app: 0|req: 337/677] 10.0.0.214 () {34 vars in 816 bytes} [Wed Jul 15 15:44:11 2026] DELETE /resource_providers/1c78be79-4a2f-4da9-b406-2eb8443d9299 => generated 246 bytes in 6 msecs (HTTP/1.1 404) 6 headers in 231 bytes (1 switches on core 0)
2026-07-15 15:44:11.796 8 INFO placement.requestlog [None req-61a86c28-1433-413d-90cd-45e835ba2799 f7310993164d43058efdb624efb008a0 86c52ac6791147a4a4a00817aa41bda6 - - 5c8f541069b249329bbfb9c38457d115 5c8f541069b249329bbfb9c38457d115] 10.0.0.214 "DELETE /resource_providers/1c78be79-4a2f-4da9-b406-2eb8443d9299" status: 404 len: 246 microversion: 1.1 [pid: 8|app: 0|req: 341/678] 10.0.0.214 () {34 vars in 816 bytes} [Wed Jul 15 15:44:11 2026] DELETE /resource_providers/1c78be79-4a2f-4da9-b406-2eb8443d9299 => generated 246 bytes in 7 msecs (HTTP/1.1 404) 6 headers in 231 bytes (1 switches on core 0)
2026-07-15 15:44:12.125 7 INFO placement.requestlog [None req-7c955804-ec49-46c5-9d16-70a2cb52be02 - - - - - -] 10.0.0.42 "GET /" status: 200 len: 136 microversion: 1.0
2026-07-15 15:44:12.125 8 INFO placement.requestlog [None req-680d9367-5dc6-406e-9ca2-a94c6260da4a - - - - - -] 10.0.0.42 "GET /" status: 200 len: 136 microversion: 1.0
2026-07-15 15:44:13.818 7 INFO placement.requestlog [None req-bfa7bb32-ebf1-4063-8f13-2fbaaa96f9d9 f7310993164d43058efdb624efb008a0 86c52ac6791147a4a4a00817aa41bda6 - - 5c8f541069b249329bbfb9c38457d115 5c8f541069b249329bbfb9c38457d115] 10.0.0.214 "GET /resource_providers/f8a2ee7e-1dce-45d0-86fb-24cb0cd6d83b/aggregates" status: 404 len: 235 microversion: 1.1 [pid: 7|app: 0|req: 339/681] 10.0.0.214 () {32 vars in 816 bytes} [Wed Jul 15 15:44:13 2026] GET /resource_providers/f8a2ee7e-1dce-45d0-86fb-24cb0cd6d83b/aggregates => generated 235 bytes in 8 msecs (HTTP/1.1 404) 5 headers in 202 bytes (1 switches on core 0)
2026-07-15 15:44:13.823 8 INFO placement.requestlog [None req-d5daebfd-95c5-4855-ac4c-e6bb228a3da4 f7310993164d43058efdb624efb008a0 86c52ac6791147a4a4a00817aa41bda6 - - 5c8f541069b249329bbfb9c38457d115 5c8f541069b249329bbfb9c38457d115] 10.0.0.214 "GET /resource_providers/f8a2ee7e-1dce-45d0-86fb-24cb0cd6d83b/aggregates" status: 404 len: 235 microversion: 1.1 [pid: 8|app: 0|req: 343/682] 10.0.0.214 () {32 vars in 816 bytes} [Wed Jul 15 15:44:13 2026] GET /resource_providers/f8a2ee7e-1dce-45d0-86fb-24cb0cd6d83b/aggregates => generated 235 bytes in 9 msecs (HTTP/1.1 404) 5 headers in 202 bytes (1 switches on core 0)
2026-07-15 15:44:13.848 8 INFO placement.requestlog [None req-e9ef8812-4bd2-4c49-9a1d-ba5584dd135e f7310993164d43058efdb624efb008a0 86c52ac6791147a4a4a00817aa41bda6 - - 5c8f541069b249329bbfb9c38457d115 5c8f541069b249329bbfb9c38457d115] 10.0.0.214 "DELETE /resource_providers/f8a2ee7e-1dce-45d0-86fb-24cb0cd6d83b" status: 404 len: 246 microversion: 1.1 [pid: 8|app: 0|req: 344/683] 10.0.0.214 () {34 vars in 816 bytes} [Wed Jul 15 15:44:13 2026] DELETE /resource_providers/f8a2ee7e-1dce-45d0-86fb-24cb0cd6d83b => generated 246 bytes in 9 msecs (HTTP/1.1 404) 6 headers in 231 bytes (1 switches on core 0)
2026-07-15 15:44:13.852 7 INFO placement.requestlog [None req-c24071ef-0223-4110-a1d2-cdaf49adbcd4 f7310993164d43058efdb624efb008a0 86c52ac6791147a4a4a00817aa41bda6 - - 5c8f541069b249329bbfb9c38457d115 5c8f541069b249329bbfb9c38457d115] 10.0.0.214 "DELETE /resource_providers/f8a2ee7e-1dce-45d0-86fb-24cb0cd6d83b" status: 404 len: 246 microversion: 1.1 [pid: 7|app: 0|req: 340/684] 10.0.0.214 () {34 vars in 816 bytes} [Wed Jul 15 15:44:13 2026] DELETE /resource_providers/f8a2ee7e-1dce-45d0-86fb-24cb0cd6d83b => generated 246 bytes in 14 msecs (HTTP/1.1 404) 6 headers in 231 bytes (1 switches on core 0)
2026-07-15 15:44:15.065 8 INFO placement.requestlog [None req-ba0acf90-6574-4222-b9a4-aaad4b7b29f2 f7310993164d43058efdb624efb008a0 86c52ac6791147a4a4a00817aa41bda6 - - 5c8f541069b249329bbfb9c38457d115 5c8f541069b249329bbfb9c38457d115] 10.0.0.214 "GET /resource_providers/2408d850-0624-49fc-a54d-a369b09536d6/aggregates" status: 404 len: 235 microversion: 1.1 [pid: 8|app: 0|req: 345/685] 10.0.0.214 () {32 vars in 816 bytes} [Wed Jul 15 15:44:15 2026] GET /resource_providers/2408d850-0624-49fc-a54d-a369b09536d6/aggregates => generated 235 bytes in 8 msecs (HTTP/1.1 404) 5 headers in 202 bytes (1 switches on core 0)
2026-07-15 15:44:15.069 7 INFO placement.requestlog [None req-5e4a65b1-f500-4fae-90e2-c5048b9d0894 f7310993164d43058efdb624efb008a0 86c52ac6791147a4a4a00817aa41bda6 - - 5c8f541069b249329bbfb9c38457d115 5c8f541069b249329bbfb9c38457d115] 10.0.0.214 "GET /resource_providers/2408d850-0624-49fc-a54d-a369b09536d6/aggregates" status: 404 len: 235 microversion: 1.1 [pid: 7|app: 0|req: 341/686] 10.0.0.214 () {32 vars in 816 bytes} [Wed Jul 15 15:44:15 2026] GET /resource_providers/2408d850-0624-49fc-a54d-a369b09536d6/aggregates => generated 235 bytes in 11 msecs (HTTP/1.1 404) 5 headers in 202 bytes (1 switches on core 0)
2026-07-15 15:44:15.081 8 INFO placement.requestlog [None req-cedaf96f-44c6-405b-9d4e-6f87716656e5 f7310993164d43058efdb624efb008a0 86c52ac6791147a4a4a00817aa41bda6 - - 5c8f541069b249329bbfb9c38457d115 5c8f541069b249329bbfb9c38457d115] 10.0.0.214 "DELETE /resource_providers/2408d850-0624-49fc-a54d-a369b09536d6" status: 404 len: 246 microversion: 1.1 [pid: 8|app: 0|req: 346/687] 10.0.0.214 () {34 vars in 816 bytes} [Wed Jul 15 15:44:15 2026] DELETE /resource_providers/2408d850-0624-49fc-a54d-a369b09536d6 => generated 246 bytes in 7 msecs (HTTP/1.1 404) 6 headers in 231 bytes (1 switches on core 0)
2026-07-15 15:44:15.088 7 INFO placement.requestlog [None req-6b71fda0-ee17-419a-a3a9-524b57917a4b f7310993164d43058efdb624efb008a0 86c52ac6791147a4a4a00817aa41bda6 - - 5c8f541069b249329bbfb9c38457d115 5c8f541069b249329bbfb9c38457d115] 10.0.0.214 "DELETE /resource_providers/2408d850-0624-49fc-a54d-a369b09536d6" status: 404 len: 246 microversion: 1.1 [pid: 7|app: 0|req: 342/688] 10.0.0.214 () {34 vars in 816 bytes} [Wed Jul 15 15:44:15 2026] DELETE /resource_providers/2408d850-0624-49fc-a54d-a369b09536d6 => generated 246 bytes in 9 msecs (HTTP/1.1 404) 6 headers in 231 bytes (1 switches on core 0)
2026-07-15 15:44:15.877 8 INFO placement.requestlog [None req-c332fbf0-bede-4df7-bf43-2a6d0b831bba f7310993164d43058efdb624efb008a0 86c52ac6791147a4a4a00817aa41bda6 - - 5c8f541069b249329bbfb9c38457d115 5c8f541069b249329bbfb9c38457d115] 10.0.0.214 "GET /resource_providers/fb38ba42-fbf7-48ae-9d7d-9cacec8e62ea/aggregates" status: 404 len: 235 microversion: 1.1 [pid: 8|app: 0|req: 347/689] 10.0.0.214 () {32 vars in 816 bytes} [Wed Jul 15 15:44:15 2026] GET /resource_providers/fb38ba42-fbf7-48ae-9d7d-9cacec8e62ea/aggregates => generated 235 bytes in 15 msecs (HTTP/1.1 404) 5 headers in 202 bytes (1 switches on core 0)
