Jul 24 02:00:53.241362 np0000186484 systemd[1]: Starting devstack@n-api-meta.service - Devstack devstack@n-api-meta.service...
Jul 24 02:00:53.248517 np0000186484 devstack@n-api-meta.service[106730]: [uWSGI] getting INI configuration from /etc/nova/nova-metadata-uwsgi.ini
Jul 24 02:00:53.252106 np0000186484 devstack@n-api-meta.service[106730]: *** Starting uWSGI 2.0.24-debian (64bit) on [Fri Jul 24 02:00:53 2026] ***
Jul 24 02:00:53.252106 np0000186484 devstack@n-api-meta.service[106730]: compiled with version: 13.2.0 on 17 April 2024 16:23:48
Jul 24 02:00:53.252106 np0000186484 devstack@n-api-meta.service[106730]: os: Linux-6.8.0-136-generic #136-Ubuntu SMP PREEMPT_DYNAMIC Wed Jul 1 21:53:05 UTC 2026
Jul 24 02:00:53.252106 np0000186484 devstack@n-api-meta.service[106730]: nodename: np0000186484
Jul 24 02:00:53.252106 np0000186484 devstack@n-api-meta.service[106730]: machine: x86_64
Jul 24 02:00:53.252106 np0000186484 devstack@n-api-meta.service[106730]: clock source: unix
Jul 24 02:00:53.252106 np0000186484 devstack@n-api-meta.service[106730]: pcre jit disabled
Jul 24 02:00:53.252106 np0000186484 devstack@n-api-meta.service[106730]: detected number of CPU cores: 16
Jul 24 02:00:53.252106 np0000186484 devstack@n-api-meta.service[106730]: current working directory: /
Jul 24 02:00:53.252106 np0000186484 devstack@n-api-meta.service[106730]: detected binary path: /usr/bin/uwsgi-core
Jul 24 02:00:53.252106 np0000186484 devstack@n-api-meta.service[106730]: your processes number limit is 256916
Jul 24 02:00:53.252106 np0000186484 devstack@n-api-meta.service[106730]: your memory page size is 4096 bytes
Jul 24 02:00:53.252106 np0000186484 devstack@n-api-meta.service[106730]: detected max file descriptor number: 2048
Jul 24 02:00:53.252106 np0000186484 devstack@n-api-meta.service[106730]: lock engine: pthread robust mutexes
Jul 24 02:00:53.252934 np0000186484 devstack@n-api-meta.service[106730]: thunder lock: enabled
Jul 24 02:00:53.252934 np0000186484 devstack@n-api-meta.service[106730]: uWSGI http bound on 0.0.0.0:8775 fd 5
Jul 24 02:00:53.252934 np0000186484 devstack@n-api-meta.service[106730]: uwsgi socket 0 bound to TCP address 127.0.0.1:44647 (port auto-assigned) fd 4
Jul 24 02:00:53.252934 np0000186484 devstack@n-api-meta.service[106730]: Python version: 3.12.3 (main, Jun 19 2026, 12:46:00) [GCC 13.3.0]
Jul 24 02:00:53.252934 np0000186484 devstack@n-api-meta.service[106730]: PEP 405 virtualenv detected: /opt/stack/data/venv
Jul 24 02:00:53.252934 np0000186484 devstack@n-api-meta.service[106730]: Set PythonHome to /opt/stack/data/venv
Jul 24 02:00:53.289420 np0000186484 devstack@n-api-meta.service[106730]: Python main interpreter initialized at 0x7d4985ca4668
Jul 24 02:00:53.289420 np0000186484 devstack@n-api-meta.service[106730]: python threads support enabled
Jul 24 02:00:53.289420 np0000186484 devstack@n-api-meta.service[106730]: your server socket listen backlog is limited to 100 connections
Jul 24 02:00:53.289420 np0000186484 devstack@n-api-meta.service[106730]: your mercy for graceful operations on workers is 80 seconds
Jul 24 02:00:53.289986 np0000186484 devstack@n-api-meta.service[106730]: mapped 671795 bytes (656 KB) for 4 cores
Jul 24 02:00:53.290116 np0000186484 devstack@n-api-meta.service[106730]: *** Operational MODE: preforking ***
Jul 24 02:00:53.290284 np0000186484 devstack@n-api-meta.service[106730]: *** uWSGI is running in multiple interpreter mode ***
Jul 24 02:00:53.290284 np0000186484 devstack@n-api-meta.service[106730]: spawned uWSGI master process (pid: 106730)
Jul 24 02:00:53.290450 np0000186484 systemd[1]: Started devstack@n-api-meta.service - Devstack devstack@n-api-meta.service.
Jul 24 02:00:53.291065 np0000186484 devstack@n-api-meta.service[106730]: spawned uWSGI worker 1 (pid: 106732, cores: 1)
Jul 24 02:00:53.291703 np0000186484 devstack@n-api-meta.service[106730]: spawned uWSGI worker 2 (pid: 106733, cores: 1)
Jul 24 02:00:53.292729 np0000186484 devstack@n-api-meta.service[106730]: spawned uWSGI worker 3 (pid: 106734, cores: 1)
Jul 24 02:00:53.293319 np0000186484 devstack@n-api-meta.service[106730]: spawned uWSGI worker 4 (pid: 106735, cores: 1)
Jul 24 02:00:53.293929 np0000186484 devstack@n-api-meta.service[106730]: spawned uWSGI http 1 (pid: 106736)
Jul 24 02:00:53.293929 np0000186484 devstack@n-api-meta.service[106730]: running "unix_signal:15 gracefully_kill_them_all" (master-start)...
Jul 24 02:00:54.974383 np0000186484 devstack@n-api-meta.service[106732]: INFO dbcounter [None req-7acb3100-84dd-4a27-871a-51dde0bdd821 None None] Registered counter for database nova_api
Jul 24 02:00:54.998099 np0000186484 devstack@n-api-meta.service[106735]: INFO dbcounter [None req-0e8d6ead-4b6b-4b8a-9aa9-8991eba6846f None None] Registered counter for database nova_api
Jul 24 02:00:55.021047 np0000186484 devstack@n-api-meta.service[106732]: DEBUG oslo_db.sqlalchemy.engines [None req-7acb3100-84dd-4a27-871a-51dde0bdd821 None None] MySQL server mode set to STRICT_TRANS_TABLES,STRICT_ALL_TABLES,NO_ZERO_IN_DATE,NO_ZERO_DATE,ERROR_FOR_DIVISION_BY_ZERO,TRADITIONAL,NO_ENGINE_SUBSTITUTION {{(pid=106732) _check_effective_sql_mode /opt/stack/data/venv/lib/python3.12/site-packages/oslo_db/sqlalchemy/engines.py:325}}
Jul 24 02:00:55.027988 np0000186484 devstack@n-api-meta.service[106734]: INFO dbcounter [None req-bbb790f9-c27b-43e8-8332-82be412816b1 None None] Registered counter for database nova_api
Jul 24 02:00:55.031871 np0000186484 devstack@n-api-meta.service[106733]: INFO dbcounter [None req-0d4a70f0-0396-4fa8-8475-24a8dc6b3b8d None None] Registered counter for database nova_api
Jul 24 02:00:55.048076 np0000186484 devstack@n-api-meta.service[106735]: DEBUG oslo_db.sqlalchemy.engines [None req-0e8d6ead-4b6b-4b8a-9aa9-8991eba6846f None None] MySQL server mode set to STRICT_TRANS_TABLES,STRICT_ALL_TABLES,NO_ZERO_IN_DATE,NO_ZERO_DATE,ERROR_FOR_DIVISION_BY_ZERO,TRADITIONAL,NO_ENGINE_SUBSTITUTION {{(pid=106735) _check_effective_sql_mode /opt/stack/data/venv/lib/python3.12/site-packages/oslo_db/sqlalchemy/engines.py:325}}
Jul 24 02:00:55.056187 np0000186484 devstack@n-api-meta.service[106732]: DEBUG dbcounter [-] [106732] Writer thread running {{(pid=106732) stat_writer /opt/stack/data/venv/lib/python3.12/site-packages/dbcounter.py:102}}
Jul 24 02:00:55.059167 np0000186484 devstack@n-api-meta.service[106732]: DEBUG nova.context [None req-7acb3100-84dd-4a27-871a-51dde0bdd821 None None] Found 2 cells: 00000000-0000-0000-0000-000000000000(cell0),6be23f74-fc6c-44cd-9455-3183eaf65afc(cell1) {{(pid=106732) load_cells /opt/stack/nova/nova/context.py:509}}
Jul 24 02:00:55.059415 np0000186484 devstack@n-api-meta.service[106732]: INFO nova.utils [None req-7acb3100-84dd-4a27-871a-51dde0bdd821 None None] The cell worker thread pool MainProcess.cell_worker is initialized
Jul 24 02:00:55.061280 np0000186484 devstack@n-api-meta.service[106732]: DEBUG oslo_concurrency.lockutils [None req-7acb3100-84dd-4a27-871a-51dde0bdd821 None None] Acquiring lock "00000000-0000-0000-0000-000000000000" by "nova.context.set_target_cell..get_or_set_cached_cell_and_set_connections" {{(pid=106732) inner /opt/stack/data/venv/lib/python3.12/site-packages/oslo_concurrency/lockutils.py:512}}
Jul 24 02:00:55.061437 np0000186484 devstack@n-api-meta.service[106732]: DEBUG oslo_concurrency.lockutils [None req-7acb3100-84dd-4a27-871a-51dde0bdd821 None None] Lock "00000000-0000-0000-0000-000000000000" acquired by "nova.context.set_target_cell..get_or_set_cached_cell_and_set_connections" :: waited 0.000s {{(pid=106732) inner /opt/stack/data/venv/lib/python3.12/site-packages/oslo_concurrency/lockutils.py:525}}
Jul 24 02:00:55.061848 np0000186484 devstack@n-api-meta.service[106732]: DEBUG oslo_concurrency.lockutils [None req-7acb3100-84dd-4a27-871a-51dde0bdd821 None None] Lock "00000000-0000-0000-0000-000000000000" "released" by "nova.context.set_target_cell..get_or_set_cached_cell_and_set_connections" :: held 0.000s {{(pid=106732) inner /opt/stack/data/venv/lib/python3.12/site-packages/oslo_concurrency/lockutils.py:544}}
Jul 24 02:00:55.062681 np0000186484 devstack@n-api-meta.service[106732]: DEBUG oslo_concurrency.lockutils [None req-7acb3100-84dd-4a27-871a-51dde0bdd821 None None] Acquiring lock "6be23f74-fc6c-44cd-9455-3183eaf65afc" by "nova.context.set_target_cell..get_or_set_cached_cell_and_set_connections" {{(pid=106732) inner /opt/stack/data/venv/lib/python3.12/site-packages/oslo_concurrency/lockutils.py:512}}
Jul 24 02:00:55.062863 np0000186484 devstack@n-api-meta.service[106732]: DEBUG oslo_concurrency.lockutils [None req-7acb3100-84dd-4a27-871a-51dde0bdd821 None None] Lock "6be23f74-fc6c-44cd-9455-3183eaf65afc" acquired by "nova.context.set_target_cell..get_or_set_cached_cell_and_set_connections" :: waited 0.000s {{(pid=106732) inner /opt/stack/data/venv/lib/python3.12/site-packages/oslo_concurrency/lockutils.py:525}}
Jul 24 02:00:55.063764 np0000186484 devstack@n-api-meta.service[106732]: DEBUG oslo_concurrency.lockutils [None req-7acb3100-84dd-4a27-871a-51dde0bdd821 None None] Lock "6be23f74-fc6c-44cd-9455-3183eaf65afc" "released" by "nova.context.set_target_cell..get_or_set_cached_cell_and_set_connections" :: held 0.001s {{(pid=106732) inner /opt/stack/data/venv/lib/python3.12/site-packages/oslo_concurrency/lockutils.py:544}}
Jul 24 02:00:55.067327 np0000186484 devstack@n-api-meta.service[106732]: INFO dbcounter [None req-7acb3100-84dd-4a27-871a-51dde0bdd821 None None] Registered counter for database nova_cell0
Jul 24 02:00:55.073847 np0000186484 devstack@n-api-meta.service[106732]: INFO dbcounter [None req-7acb3100-84dd-4a27-871a-51dde0bdd821 None None] Registered counter for database nova_cell1
Jul 24 02:00:55.077371 np0000186484 devstack@n-api-meta.service[106734]: DEBUG oslo_db.sqlalchemy.engines [None req-bbb790f9-c27b-43e8-8332-82be412816b1 None None] MySQL server mode set to STRICT_TRANS_TABLES,STRICT_ALL_TABLES,NO_ZERO_IN_DATE,NO_ZERO_DATE,ERROR_FOR_DIVISION_BY_ZERO,TRADITIONAL,NO_ENGINE_SUBSTITUTION {{(pid=106734) _check_effective_sql_mode /opt/stack/data/venv/lib/python3.12/site-packages/oslo_db/sqlalchemy/engines.py:325}}
Jul 24 02:00:55.080665 np0000186484 devstack@n-api-meta.service[106735]: DEBUG dbcounter [-] [106735] Writer thread running {{(pid=106735) stat_writer /opt/stack/data/venv/lib/python3.12/site-packages/dbcounter.py:102}}
Jul 24 02:00:55.081979 np0000186484 devstack@n-api-meta.service[106733]: DEBUG oslo_db.sqlalchemy.engines [None req-0d4a70f0-0396-4fa8-8475-24a8dc6b3b8d None None] MySQL server mode set to STRICT_TRANS_TABLES,STRICT_ALL_TABLES,NO_ZERO_IN_DATE,NO_ZERO_DATE,ERROR_FOR_DIVISION_BY_ZERO,TRADITIONAL,NO_ENGINE_SUBSTITUTION {{(pid=106733) _check_effective_sql_mode /opt/stack/data/venv/lib/python3.12/site-packages/oslo_db/sqlalchemy/engines.py:325}}
Jul 24 02:00:55.083243 np0000186484 devstack@n-api-meta.service[106735]: DEBUG nova.context [None req-0e8d6ead-4b6b-4b8a-9aa9-8991eba6846f None None] Found 2 cells: 00000000-0000-0000-0000-000000000000(cell0),6be23f74-fc6c-44cd-9455-3183eaf65afc(cell1) {{(pid=106735) load_cells /opt/stack/nova/nova/context.py:509}}
Jul 24 02:00:55.083476 np0000186484 devstack@n-api-meta.service[106735]: INFO nova.utils [None req-0e8d6ead-4b6b-4b8a-9aa9-8991eba6846f None None] The cell worker thread pool MainProcess.cell_worker is initialized
Jul 24 02:00:55.085571 np0000186484 devstack@n-api-meta.service[106735]: DEBUG oslo_concurrency.lockutils [None req-0e8d6ead-4b6b-4b8a-9aa9-8991eba6846f None None] Acquiring lock "00000000-0000-0000-0000-000000000000" by "nova.context.set_target_cell..get_or_set_cached_cell_and_set_connections" {{(pid=106735) inner /opt/stack/data/venv/lib/python3.12/site-packages/oslo_concurrency/lockutils.py:512}}
Jul 24 02:00:55.085740 np0000186484 devstack@n-api-meta.service[106735]: DEBUG oslo_concurrency.lockutils [None req-0e8d6ead-4b6b-4b8a-9aa9-8991eba6846f None None] Lock "00000000-0000-0000-0000-000000000000" acquired by "nova.context.set_target_cell..get_or_set_cached_cell_and_set_connections" :: waited 0.000s {{(pid=106735) inner /opt/stack/data/venv/lib/python3.12/site-packages/oslo_concurrency/lockutils.py:525}}
Jul 24 02:00:55.086198 np0000186484 devstack@n-api-meta.service[106735]: DEBUG oslo_concurrency.lockutils [None req-0e8d6ead-4b6b-4b8a-9aa9-8991eba6846f None None] Lock "00000000-0000-0000-0000-000000000000" "released" by "nova.context.set_target_cell..get_or_set_cached_cell_and_set_connections" :: held 0.000s {{(pid=106735) inner /opt/stack/data/venv/lib/python3.12/site-packages/oslo_concurrency/lockutils.py:544}}
Jul 24 02:00:55.086964 np0000186484 devstack@n-api-meta.service[106735]: DEBUG oslo_concurrency.lockutils [None req-0e8d6ead-4b6b-4b8a-9aa9-8991eba6846f None None] Acquiring lock "6be23f74-fc6c-44cd-9455-3183eaf65afc" by "nova.context.set_target_cell..get_or_set_cached_cell_and_set_connections" {{(pid=106735) inner /opt/stack/data/venv/lib/python3.12/site-packages/oslo_concurrency/lockutils.py:512}}
Jul 24 02:00:55.087126 np0000186484 devstack@n-api-meta.service[106735]: DEBUG oslo_concurrency.lockutils [None req-0e8d6ead-4b6b-4b8a-9aa9-8991eba6846f None None] Lock "6be23f74-fc6c-44cd-9455-3183eaf65afc" acquired by "nova.context.set_target_cell..get_or_set_cached_cell_and_set_connections" :: waited 0.000s {{(pid=106735) inner /opt/stack/data/venv/lib/python3.12/site-packages/oslo_concurrency/lockutils.py:525}}
Jul 24 02:00:55.088034 np0000186484 devstack@n-api-meta.service[106735]: DEBUG oslo_concurrency.lockutils [None req-0e8d6ead-4b6b-4b8a-9aa9-8991eba6846f None None] Lock "6be23f74-fc6c-44cd-9455-3183eaf65afc" "released" by "nova.context.set_target_cell..get_or_set_cached_cell_and_set_connections" :: held 0.001s {{(pid=106735) inner /opt/stack/data/venv/lib/python3.12/site-packages/oslo_concurrency/lockutils.py:544}}
Jul 24 02:00:55.090740 np0000186484 devstack@n-api-meta.service[106735]: INFO dbcounter [None req-0e8d6ead-4b6b-4b8a-9aa9-8991eba6846f None None] Registered counter for database nova_cell0
Jul 24 02:00:55.096000 np0000186484 devstack@n-api-meta.service[106735]: INFO dbcounter [None req-0e8d6ead-4b6b-4b8a-9aa9-8991eba6846f None None] Registered counter for database nova_cell1
Jul 24 02:00:55.113949 np0000186484 devstack@n-api-meta.service[106734]: DEBUG dbcounter [-] [106734] Writer thread running {{(pid=106734) stat_writer /opt/stack/data/venv/lib/python3.12/site-packages/dbcounter.py:102}}
Jul 24 02:00:55.118313 np0000186484 devstack@n-api-meta.service[106734]: DEBUG nova.context [None req-bbb790f9-c27b-43e8-8332-82be412816b1 None None] Found 2 cells: 00000000-0000-0000-0000-000000000000(cell0),6be23f74-fc6c-44cd-9455-3183eaf65afc(cell1) {{(pid=106734) load_cells /opt/stack/nova/nova/context.py:509}}
Jul 24 02:00:55.118313 np0000186484 devstack@n-api-meta.service[106734]: INFO nova.utils [None req-bbb790f9-c27b-43e8-8332-82be412816b1 None None] The cell worker thread pool MainProcess.cell_worker is initialized
Jul 24 02:00:55.118447 np0000186484 devstack@n-api-meta.service[106733]: DEBUG dbcounter [-] [106733] Writer thread running {{(pid=106733) stat_writer /opt/stack/data/venv/lib/python3.12/site-packages/dbcounter.py:102}}
Jul 24 02:00:55.118934 np0000186484 devstack@n-api-meta.service[106734]: DEBUG oslo_concurrency.lockutils [None req-bbb790f9-c27b-43e8-8332-82be412816b1 None None] Acquiring lock "00000000-0000-0000-0000-000000000000" by "nova.context.set_target_cell..get_or_set_cached_cell_and_set_connections" {{(pid=106734) inner /opt/stack/data/venv/lib/python3.12/site-packages/oslo_concurrency/lockutils.py:512}}
Jul 24 02:00:55.119112 np0000186484 devstack@n-api-meta.service[106734]: DEBUG oslo_concurrency.lockutils [None req-bbb790f9-c27b-43e8-8332-82be412816b1 None None] Lock "00000000-0000-0000-0000-000000000000" acquired by "nova.context.set_target_cell..get_or_set_cached_cell_and_set_connections" :: waited 0.000s {{(pid=106734) inner /opt/stack/data/venv/lib/python3.12/site-packages/oslo_concurrency/lockutils.py:525}}
Jul 24 02:00:55.119581 np0000186484 devstack@n-api-meta.service[106734]: DEBUG oslo_concurrency.lockutils [None req-bbb790f9-c27b-43e8-8332-82be412816b1 None None] Lock "00000000-0000-0000-0000-000000000000" "released" by "nova.context.set_target_cell..get_or_set_cached_cell_and_set_connections" :: held 0.000s {{(pid=106734) inner /opt/stack/data/venv/lib/python3.12/site-packages/oslo_concurrency/lockutils.py:544}}
Jul 24 02:00:55.120559 np0000186484 devstack@n-api-meta.service[106734]: DEBUG oslo_concurrency.lockutils [None req-bbb790f9-c27b-43e8-8332-82be412816b1 None None] Acquiring lock "6be23f74-fc6c-44cd-9455-3183eaf65afc" by "nova.context.set_target_cell..get_or_set_cached_cell_and_set_connections" {{(pid=106734) inner /opt/stack/data/venv/lib/python3.12/site-packages/oslo_concurrency/lockutils.py:512}}
Jul 24 02:00:55.122664 np0000186484 devstack@n-api-meta.service[106733]: DEBUG nova.context [None req-0d4a70f0-0396-4fa8-8475-24a8dc6b3b8d None None] Found 2 cells: 00000000-0000-0000-0000-000000000000(cell0),6be23f74-fc6c-44cd-9455-3183eaf65afc(cell1) {{(pid=106733) load_cells /opt/stack/nova/nova/context.py:509}}
Jul 24 02:00:55.122664 np0000186484 devstack@n-api-meta.service[106733]: INFO nova.utils [None req-0d4a70f0-0396-4fa8-8475-24a8dc6b3b8d None None] The cell worker thread pool MainProcess.cell_worker is initialized
Jul 24 02:00:55.124723 np0000186484 devstack@n-api-meta.service[106733]: DEBUG oslo_concurrency.lockutils [None req-0d4a70f0-0396-4fa8-8475-24a8dc6b3b8d None None] Acquiring lock "00000000-0000-0000-0000-000000000000" by "nova.context.set_target_cell..get_or_set_cached_cell_and_set_connections" {{(pid=106733) inner /opt/stack/data/venv/lib/python3.12/site-packages/oslo_concurrency/lockutils.py:512}}
Jul 24 02:00:55.124916 np0000186484 devstack@n-api-meta.service[106734]: INFO dbcounter [None req-bbb790f9-c27b-43e8-8332-82be412816b1 None None] Registered counter for database nova_cell0
Jul 24 02:00:55.125017 np0000186484 devstack@n-api-meta.service[106733]: DEBUG oslo_concurrency.lockutils [None req-0d4a70f0-0396-4fa8-8475-24a8dc6b3b8d None None] Lock "00000000-0000-0000-0000-000000000000" acquired by "nova.context.set_target_cell..get_or_set_cached_cell_and_set_connections" :: waited 0.000s {{(pid=106733) inner /opt/stack/data/venv/lib/python3.12/site-packages/oslo_concurrency/lockutils.py:525}}
Jul 24 02:00:55.125665 np0000186484 devstack@n-api-meta.service[106733]: DEBUG oslo_concurrency.lockutils [None req-0d4a70f0-0396-4fa8-8475-24a8dc6b3b8d None None] Lock "00000000-0000-0000-0000-000000000000" "released" by "nova.context.set_target_cell..get_or_set_cached_cell_and_set_connections" :: held 0.001s {{(pid=106733) inner /opt/stack/data/venv/lib/python3.12/site-packages/oslo_concurrency/lockutils.py:544}}
Jul 24 02:00:55.126900 np0000186484 devstack@n-api-meta.service[106733]: DEBUG oslo_concurrency.lockutils [None req-0d4a70f0-0396-4fa8-8475-24a8dc6b3b8d None None] Acquiring lock "6be23f74-fc6c-44cd-9455-3183eaf65afc" by "nova.context.set_target_cell..get_or_set_cached_cell_and_set_connections" {{(pid=106733) inner /opt/stack/data/venv/lib/python3.12/site-packages/oslo_concurrency/lockutils.py:512}}
Jul 24 02:00:55.127114 np0000186484 devstack@n-api-meta.service[106733]: DEBUG oslo_concurrency.lockutils [None req-0d4a70f0-0396-4fa8-8475-24a8dc6b3b8d None None] Lock "6be23f74-fc6c-44cd-9455-3183eaf65afc" acquired by "nova.context.set_target_cell..get_or_set_cached_cell_and_set_connections" :: waited 0.000s {{(pid=106733) inner /opt/stack/data/venv/lib/python3.12/site-packages/oslo_concurrency/lockutils.py:525}}
Jul 24 02:00:55.127412 np0000186484 devstack@n-api-meta.service[106734]: DEBUG oslo_concurrency.lockutils [None req-bbb790f9-c27b-43e8-8332-82be412816b1 None None] Lock "6be23f74-fc6c-44cd-9455-3183eaf65afc" acquired by "nova.context.set_target_cell..get_or_set_cached_cell_and_set_connections" :: waited 0.004s {{(pid=106734) inner /opt/stack/data/venv/lib/python3.12/site-packages/oslo_concurrency/lockutils.py:525}}
Jul 24 02:00:55.128367 np0000186484 devstack@n-api-meta.service[106733]: DEBUG oslo_concurrency.lockutils [None req-0d4a70f0-0396-4fa8-8475-24a8dc6b3b8d None None] Lock "6be23f74-fc6c-44cd-9455-3183eaf65afc" "released" by "nova.context.set_target_cell..get_or_set_cached_cell_and_set_connections" :: held 0.001s {{(pid=106733) inner /opt/stack/data/venv/lib/python3.12/site-packages/oslo_concurrency/lockutils.py:544}}
Jul 24 02:00:55.130524 np0000186484 devstack@n-api-meta.service[106734]: DEBUG oslo_concurrency.lockutils [None req-bbb790f9-c27b-43e8-8332-82be412816b1 None None] Lock "6be23f74-fc6c-44cd-9455-3183eaf65afc" "released" by "nova.context.set_target_cell..get_or_set_cached_cell_and_set_connections" :: held 0.005s {{(pid=106734) inner /opt/stack/data/venv/lib/python3.12/site-packages/oslo_concurrency/lockutils.py:544}}
Jul 24 02:00:55.131362 np0000186484 devstack@n-api-meta.service[106733]: INFO dbcounter [None req-0d4a70f0-0396-4fa8-8475-24a8dc6b3b8d None None] Registered counter for database nova_cell0
Jul 24 02:00:55.135188 np0000186484 devstack@n-api-meta.service[106734]: INFO dbcounter [None req-bbb790f9-c27b-43e8-8332-82be412816b1 None None] Registered counter for database nova_cell1
Jul 24 02:00:55.135946 np0000186484 devstack@n-api-meta.service[106733]: INFO dbcounter [None req-0d4a70f0-0396-4fa8-8475-24a8dc6b3b8d None None] Registered counter for database nova_cell1
Jul 24 02:00:55.150169 np0000186484 devstack@n-api-meta.service[106732]: DEBUG oslo_db.sqlalchemy.engines [None req-7acb3100-84dd-4a27-871a-51dde0bdd821 None None] MySQL server mode set to STRICT_TRANS_TABLES,STRICT_ALL_TABLES,NO_ZERO_IN_DATE,NO_ZERO_DATE,ERROR_FOR_DIVISION_BY_ZERO,TRADITIONAL,NO_ENGINE_SUBSTITUTION {{(pid=106732) _check_effective_sql_mode /opt/stack/data/venv/lib/python3.12/site-packages/oslo_db/sqlalchemy/engines.py:325}}
Jul 24 02:00:55.156559 np0000186484 devstack@n-api-meta.service[106732]: DEBUG oslo_db.sqlalchemy.engines [None req-7acb3100-84dd-4a27-871a-51dde0bdd821 None None] MySQL server mode set to STRICT_TRANS_TABLES,STRICT_ALL_TABLES,NO_ZERO_IN_DATE,NO_ZERO_DATE,ERROR_FOR_DIVISION_BY_ZERO,TRADITIONAL,NO_ENGINE_SUBSTITUTION {{(pid=106732) _check_effective_sql_mode /opt/stack/data/venv/lib/python3.12/site-packages/oslo_db/sqlalchemy/engines.py:325}}
Jul 24 02:00:55.162823 np0000186484 devstack@n-api-meta.service[106735]: DEBUG oslo_db.sqlalchemy.engines [None req-0e8d6ead-4b6b-4b8a-9aa9-8991eba6846f None None] MySQL server mode set to STRICT_TRANS_TABLES,STRICT_ALL_TABLES,NO_ZERO_IN_DATE,NO_ZERO_DATE,ERROR_FOR_DIVISION_BY_ZERO,TRADITIONAL,NO_ENGINE_SUBSTITUTION {{(pid=106735) _check_effective_sql_mode /opt/stack/data/venv/lib/python3.12/site-packages/oslo_db/sqlalchemy/engines.py:325}}
Jul 24 02:00:55.163618 np0000186484 devstack@n-api-meta.service[106735]: DEBUG oslo_db.sqlalchemy.engines [None req-0e8d6ead-4b6b-4b8a-9aa9-8991eba6846f None None] MySQL server mode set to STRICT_TRANS_TABLES,STRICT_ALL_TABLES,NO_ZERO_IN_DATE,NO_ZERO_DATE,ERROR_FOR_DIVISION_BY_ZERO,TRADITIONAL,NO_ENGINE_SUBSTITUTION {{(pid=106735) _check_effective_sql_mode /opt/stack/data/venv/lib/python3.12/site-packages/oslo_db/sqlalchemy/engines.py:325}}
Jul 24 02:00:55.200387 np0000186484 devstack@n-api-meta.service[106734]: DEBUG oslo_db.sqlalchemy.engines [None req-bbb790f9-c27b-43e8-8332-82be412816b1 None None] MySQL server mode set to STRICT_TRANS_TABLES,STRICT_ALL_TABLES,NO_ZERO_IN_DATE,NO_ZERO_DATE,ERROR_FOR_DIVISION_BY_ZERO,TRADITIONAL,NO_ENGINE_SUBSTITUTION {{(pid=106734) _check_effective_sql_mode /opt/stack/data/venv/lib/python3.12/site-packages/oslo_db/sqlalchemy/engines.py:325}}
Jul 24 02:00:55.205961 np0000186484 devstack@n-api-meta.service[106733]: DEBUG oslo_db.sqlalchemy.engines [None req-0d4a70f0-0396-4fa8-8475-24a8dc6b3b8d None None] MySQL server mode set to STRICT_TRANS_TABLES,STRICT_ALL_TABLES,NO_ZERO_IN_DATE,NO_ZERO_DATE,ERROR_FOR_DIVISION_BY_ZERO,TRADITIONAL,NO_ENGINE_SUBSTITUTION {{(pid=106733) _check_effective_sql_mode /opt/stack/data/venv/lib/python3.12/site-packages/oslo_db/sqlalchemy/engines.py:325}}
Jul 24 02:00:55.215770 np0000186484 devstack@n-api-meta.service[106734]: DEBUG oslo_db.sqlalchemy.engines [None req-bbb790f9-c27b-43e8-8332-82be412816b1 None None] MySQL server mode set to STRICT_TRANS_TABLES,STRICT_ALL_TABLES,NO_ZERO_IN_DATE,NO_ZERO_DATE,ERROR_FOR_DIVISION_BY_ZERO,TRADITIONAL,NO_ENGINE_SUBSTITUTION {{(pid=106734) _check_effective_sql_mode /opt/stack/data/venv/lib/python3.12/site-packages/oslo_db/sqlalchemy/engines.py:325}}
Jul 24 02:00:55.220374 np0000186484 devstack@n-api-meta.service[106733]: DEBUG oslo_db.sqlalchemy.engines [None req-0d4a70f0-0396-4fa8-8475-24a8dc6b3b8d None None] MySQL server mode set to STRICT_TRANS_TABLES,STRICT_ALL_TABLES,NO_ZERO_IN_DATE,NO_ZERO_DATE,ERROR_FOR_DIVISION_BY_ZERO,TRADITIONAL,NO_ENGINE_SUBSTITUTION {{(pid=106733) _check_effective_sql_mode /opt/stack/data/venv/lib/python3.12/site-packages/oslo_db/sqlalchemy/engines.py:325}}
Jul 24 02:00:55.255094 np0000186484 devstack@n-api-meta.service[106732]: DEBUG dbcounter [-] [106732] Writer thread running {{(pid=106732) stat_writer /opt/stack/data/venv/lib/python3.12/site-packages/dbcounter.py:102}}
Jul 24 02:00:55.256660 np0000186484 devstack@n-api-meta.service[106735]: DEBUG dbcounter [-] [106735] Writer thread running {{(pid=106735) stat_writer /opt/stack/data/venv/lib/python3.12/site-packages/dbcounter.py:102}}
Jul 24 02:00:55.261097 np0000186484 devstack@n-api-meta.service[106735]: DEBUG dbcounter [-] [106735] Writer thread running {{(pid=106735) stat_writer /opt/stack/data/venv/lib/python3.12/site-packages/dbcounter.py:102}}
Jul 24 02:00:55.263147 np0000186484 devstack@n-api-meta.service[106732]: DEBUG dbcounter [-] [106732] Writer thread running {{(pid=106732) stat_writer /opt/stack/data/venv/lib/python3.12/site-packages/dbcounter.py:102}}
Jul 24 02:00:55.266707 np0000186484 devstack@n-api-meta.service[106735]: INFO dbcounter [None req-0e8d6ead-4b6b-4b8a-9aa9-8991eba6846f None None] Registered counter for database nova_cell0
Jul 24 02:00:55.267558 np0000186484 devstack@n-api-meta.service[106732]: INFO dbcounter [None req-7acb3100-84dd-4a27-871a-51dde0bdd821 None None] Registered counter for database nova_cell0
Jul 24 02:00:55.297522 np0000186484 devstack@n-api-meta.service[106733]: DEBUG dbcounter [-] [106733] Writer thread running {{(pid=106733) stat_writer /opt/stack/data/venv/lib/python3.12/site-packages/dbcounter.py:102}}
Jul 24 02:00:55.306845 np0000186484 devstack@n-api-meta.service[106733]: DEBUG dbcounter [-] [106733] Writer thread running {{(pid=106733) stat_writer /opt/stack/data/venv/lib/python3.12/site-packages/dbcounter.py:102}}
Jul 24 02:00:55.309890 np0000186484 devstack@n-api-meta.service[106733]: INFO dbcounter [None req-0d4a70f0-0396-4fa8-8475-24a8dc6b3b8d None None] Registered counter for database nova_cell0
Jul 24 02:00:55.310337 np0000186484 devstack@n-api-meta.service[106732]: DEBUG oslo_db.sqlalchemy.engines [None req-7acb3100-84dd-4a27-871a-51dde0bdd821 None None] MySQL server mode set to STRICT_TRANS_TABLES,STRICT_ALL_TABLES,NO_ZERO_IN_DATE,NO_ZERO_DATE,ERROR_FOR_DIVISION_BY_ZERO,TRADITIONAL,NO_ENGINE_SUBSTITUTION {{(pid=106732) _check_effective_sql_mode /opt/stack/data/venv/lib/python3.12/site-packages/oslo_db/sqlalchemy/engines.py:325}}
Jul 24 02:00:55.312506 np0000186484 devstack@n-api-meta.service[106734]: DEBUG dbcounter [-] [106734] Writer thread running {{(pid=106734) stat_writer /opt/stack/data/venv/lib/python3.12/site-packages/dbcounter.py:102}}
Jul 24 02:00:55.315598 np0000186484 devstack@n-api-meta.service[106735]: DEBUG oslo_db.sqlalchemy.engines [None req-0e8d6ead-4b6b-4b8a-9aa9-8991eba6846f None None] MySQL server mode set to STRICT_TRANS_TABLES,STRICT_ALL_TABLES,NO_ZERO_IN_DATE,NO_ZERO_DATE,ERROR_FOR_DIVISION_BY_ZERO,TRADITIONAL,NO_ENGINE_SUBSTITUTION {{(pid=106735) _check_effective_sql_mode /opt/stack/data/venv/lib/python3.12/site-packages/oslo_db/sqlalchemy/engines.py:325}}
Jul 24 02:00:55.319300 np0000186484 devstack@n-api-meta.service[106732]: DEBUG dbcounter [-] [106732] Writer thread running {{(pid=106732) stat_writer /opt/stack/data/venv/lib/python3.12/site-packages/dbcounter.py:102}}
Jul 24 02:00:55.320145 np0000186484 devstack@n-api-meta.service[106734]: DEBUG dbcounter [-] [106734] Writer thread running {{(pid=106734) stat_writer /opt/stack/data/venv/lib/python3.12/site-packages/dbcounter.py:102}}
Jul 24 02:00:55.325725 np0000186484 devstack@n-api-meta.service[106734]: INFO dbcounter [None req-bbb790f9-c27b-43e8-8332-82be412816b1 None None] Registered counter for database nova_cell0
Jul 24 02:00:55.326259 np0000186484 devstack@n-api-meta.service[106735]: DEBUG dbcounter [-] [106735] Writer thread running {{(pid=106735) stat_writer /opt/stack/data/venv/lib/python3.12/site-packages/dbcounter.py:102}}
Jul 24 02:00:55.351328 np0000186484 devstack@n-api-meta.service[106733]: DEBUG oslo_db.sqlalchemy.engines [None req-0d4a70f0-0396-4fa8-8475-24a8dc6b3b8d None None] MySQL server mode set to STRICT_TRANS_TABLES,STRICT_ALL_TABLES,NO_ZERO_IN_DATE,NO_ZERO_DATE,ERROR_FOR_DIVISION_BY_ZERO,TRADITIONAL,NO_ENGINE_SUBSTITUTION {{(pid=106733) _check_effective_sql_mode /opt/stack/data/venv/lib/python3.12/site-packages/oslo_db/sqlalchemy/engines.py:325}}
Jul 24 02:00:55.364835 np0000186484 devstack@n-api-meta.service[106733]: DEBUG dbcounter [-] [106733] Writer thread running {{(pid=106733) stat_writer /opt/stack/data/venv/lib/python3.12/site-packages/dbcounter.py:102}}
Jul 24 02:00:55.366474 np0000186484 devstack@n-api-meta.service[106732]: WARNING nova.api.metadata.handler [None req-7acb3100-84dd-4a27-871a-51dde0bdd821 None None] metadata_proxy_shared_secret is not configured, the metadata information returned by the proxy cannot be trusted
Jul 24 02:00:55.368992 np0000186484 devstack@n-api-meta.service[106732]: DEBUG nova.api.openstack.wsgi_app [None req-7acb3100-84dd-4a27-871a-51dde0bdd821 None None] ******************************************************************************** {{(pid=106732) log_opt_values /opt/stack/data/venv/lib/python3.12/site-packages/oslo_config/cfg.py:3226}}
Jul 24 02:00:55.369102 np0000186484 devstack@n-api-meta.service[106732]: DEBUG nova.api.openstack.wsgi_app [None req-7acb3100-84dd-4a27-871a-51dde0bdd821 None None] Configuration options gathered from: {{(pid=106732) log_opt_values /opt/stack/data/venv/lib/python3.12/site-packages/oslo_config/cfg.py:3227}}
Jul 24 02:00:55.369236 np0000186484 devstack@n-api-meta.service[106732]: DEBUG nova.api.openstack.wsgi_app [None req-7acb3100-84dd-4a27-871a-51dde0bdd821 None None] command line args: [] {{(pid=106732) log_opt_values /opt/stack/data/venv/lib/python3.12/site-packages/oslo_config/cfg.py:3228}}
Jul 24 02:00:55.369396 np0000186484 devstack@n-api-meta.service[106732]: DEBUG nova.api.openstack.wsgi_app [None req-7acb3100-84dd-4a27-871a-51dde0bdd821 None None] config files: ['/etc/nova/api-paste.ini', '/etc/nova/nova.conf'] {{(pid=106732) log_opt_values /opt/stack/data/venv/lib/python3.12/site-packages/oslo_config/cfg.py:3229}}
Jul 24 02:00:55.369535 np0000186484 devstack@n-api-meta.service[106732]: DEBUG nova.api.openstack.wsgi_app [None req-7acb3100-84dd-4a27-871a-51dde0bdd821 None None] ================================================================================ {{(pid=106732) log_opt_values /opt/stack/data/venv/lib/python3.12/site-packages/oslo_config/cfg.py:3234}}
Jul 24 02:00:55.369742 np0000186484 devstack@n-api-meta.service[106732]: DEBUG nova.api.openstack.wsgi_app [None req-7acb3100-84dd-4a27-871a-51dde0bdd821 None None] allow_resize_to_same_host = True {{(pid=106732) log_opt_values /opt/stack/data/venv/lib/python3.12/site-packages/oslo_config/cfg.py:3242}}
Jul 24 02:00:55.369931 np0000186484 devstack@n-api-meta.service[106732]: DEBUG nova.api.openstack.wsgi_app [None req-7acb3100-84dd-4a27-871a-51dde0bdd821 None None] arq_binding_timeout = 300 {{(pid=106732) log_opt_values /opt/stack/data/venv/lib/python3.12/site-packages/oslo_config/cfg.py:3242}}
Jul 24 02:00:55.370070 np0000186484 devstack@n-api-meta.service[106732]: DEBUG nova.api.openstack.wsgi_app [None req-7acb3100-84dd-4a27-871a-51dde0bdd821 None None] block_device_allocate_retries = 60 {{(pid=106732) log_opt_values /opt/stack/data/venv/lib/python3.12/site-packages/oslo_config/cfg.py:3242}}
Jul 24 02:00:55.370203 np0000186484 devstack@n-api-meta.service[106732]: DEBUG nova.api.openstack.wsgi_app [None req-7acb3100-84dd-4a27-871a-51dde0bdd821 None None] block_device_allocate_retries_interval = 3 {{(pid=106732) log_opt_values /opt/stack/data/venv/lib/python3.12/site-packages/oslo_config/cfg.py:3242}}
Jul 24 02:00:55.370336 np0000186484 devstack@n-api-meta.service[106732]: DEBUG nova.api.openstack.wsgi_app [None req-7acb3100-84dd-4a27-871a-51dde0bdd821 None None] cell_worker_thread_pool_size = 5 {{(pid=106732) log_opt_values /opt/stack/data/venv/lib/python3.12/site-packages/oslo_config/cfg.py:3242}}
Jul 24 02:00:55.370485 np0000186484 devstack@n-api-meta.service[106732]: DEBUG nova.api.openstack.wsgi_app [None req-7acb3100-84dd-4a27-871a-51dde0bdd821 None None] cert = self.pem {{(pid=106732) log_opt_values /opt/stack/data/venv/lib/python3.12/site-packages/oslo_config/cfg.py:3242}}
Jul 24 02:00:55.370630 np0000186484 devstack@n-api-meta.service[106732]: DEBUG nova.api.openstack.wsgi_app [None req-7acb3100-84dd-4a27-871a-51dde0bdd821 None None] compute_driver = libvirt.LibvirtDriver {{(pid=106732) log_opt_values /opt/stack/data/venv/lib/python3.12/site-packages/oslo_config/cfg.py:3242}}
Jul 24 02:00:55.370770 np0000186484 devstack@n-api-meta.service[106732]: DEBUG nova.api.openstack.wsgi_app [None req-7acb3100-84dd-4a27-871a-51dde0bdd821 None None] compute_monitors = [] {{(pid=106732) log_opt_values /opt/stack/data/venv/lib/python3.12/site-packages/oslo_config/cfg.py:3242}}
Jul 24 02:00:55.370936 np0000186484 devstack@n-api-meta.service[106732]: DEBUG nova.api.openstack.wsgi_app [None req-7acb3100-84dd-4a27-871a-51dde0bdd821 None None] concurrency_backend = auto {{(pid=106732) log_opt_values /opt/stack/data/venv/lib/python3.12/site-packages/oslo_config/cfg.py:3242}}
Jul 24 02:00:55.371075 np0000186484 devstack@n-api-meta.service[106732]: DEBUG nova.api.openstack.wsgi_app [None req-7acb3100-84dd-4a27-871a-51dde0bdd821 None None] config_dir = [] {{(pid=106732) log_opt_values /opt/stack/data/venv/lib/python3.12/site-packages/oslo_config/cfg.py:3242}}
Jul 24 02:00:55.371215 np0000186484 devstack@n-api-meta.service[106732]: DEBUG nova.api.openstack.wsgi_app [None req-7acb3100-84dd-4a27-871a-51dde0bdd821 None None] config_drive_format = iso9660 {{(pid=106732) log_opt_values /opt/stack/data/venv/lib/python3.12/site-packages/oslo_config/cfg.py:3242}}
Jul 24 02:00:55.371323 np0000186484 devstack@n-api-meta.service[106732]: DEBUG nova.api.openstack.wsgi_app [None req-7acb3100-84dd-4a27-871a-51dde0bdd821 None None] config_file = ['/etc/nova/api-paste.ini', '/etc/nova/nova.conf'] {{(pid=106732) log_opt_values /opt/stack/data/venv/lib/python3.12/site-packages/oslo_config/cfg.py:3242}}
Jul 24 02:00:55.371456 np0000186484 devstack@n-api-meta.service[106732]: DEBUG nova.api.openstack.wsgi_app [None req-7acb3100-84dd-4a27-871a-51dde0bdd821 None None] config_source = [] {{(pid=106732) log_opt_values /opt/stack/data/venv/lib/python3.12/site-packages/oslo_config/cfg.py:3242}}
Jul 24 02:00:55.371610 np0000186484 devstack@n-api-meta.service[106732]: DEBUG nova.api.openstack.wsgi_app [None req-7acb3100-84dd-4a27-871a-51dde0bdd821 None None] console_host = np0000186484 {{(pid=106732) log_opt_values /opt/stack/data/venv/lib/python3.12/site-packages/oslo_config/cfg.py:3242}}
Jul 24 02:00:55.371752 np0000186484 devstack@n-api-meta.service[106732]: DEBUG nova.api.openstack.wsgi_app [None req-7acb3100-84dd-4a27-871a-51dde0bdd821 None None] control_exchange = nova {{(pid=106732) log_opt_values /opt/stack/data/venv/lib/python3.12/site-packages/oslo_config/cfg.py:3242}}
Jul 24 02:00:55.371905 np0000186484 devstack@n-api-meta.service[106732]: DEBUG nova.api.openstack.wsgi_app [None req-7acb3100-84dd-4a27-871a-51dde0bdd821 None None] cpu_allocation_ratio = None {{(pid=106732) log_opt_values /opt/stack/data/venv/lib/python3.12/site-packages/oslo_config/cfg.py:3242}}
Jul 24 02:00:55.372036 np0000186484 devstack@n-api-meta.service[106732]: DEBUG nova.api.openstack.wsgi_app [None req-7acb3100-84dd-4a27-871a-51dde0bdd821 None None] daemon = False {{(pid=106732) log_opt_values /opt/stack/data/venv/lib/python3.12/site-packages/oslo_config/cfg.py:3242}}
Jul 24 02:00:55.372171 np0000186484 devstack@n-api-meta.service[106732]: DEBUG nova.api.openstack.wsgi_app [None req-7acb3100-84dd-4a27-871a-51dde0bdd821 None None] debug = True {{(pid=106732) log_opt_values /opt/stack/data/venv/lib/python3.12/site-packages/oslo_config/cfg.py:3242}}
Jul 24 02:00:55.372303 np0000186484 devstack@n-api-meta.service[106732]: DEBUG nova.api.openstack.wsgi_app [None req-7acb3100-84dd-4a27-871a-51dde0bdd821 None None] default_access_ip_network_name = None {{(pid=106732) log_opt_values /opt/stack/data/venv/lib/python3.12/site-packages/oslo_config/cfg.py:3242}}
Jul 24 02:00:55.372467 np0000186484 devstack@n-api-meta.service[106732]: DEBUG nova.api.openstack.wsgi_app [None req-7acb3100-84dd-4a27-871a-51dde0bdd821 None None] default_availability_zone = nova {{(pid=106732) log_opt_values /opt/stack/data/venv/lib/python3.12/site-packages/oslo_config/cfg.py:3242}}
Jul 24 02:00:55.372616 np0000186484 devstack@n-api-meta.service[106732]: DEBUG nova.api.openstack.wsgi_app [None req-7acb3100-84dd-4a27-871a-51dde0bdd821 None None] default_ephemeral_format = ext4 {{(pid=106732) log_opt_values /opt/stack/data/venv/lib/python3.12/site-packages/oslo_config/cfg.py:3242}}
Jul 24 02:00:55.372749 np0000186484 devstack@n-api-meta.service[106732]: DEBUG nova.api.openstack.wsgi_app [None req-7acb3100-84dd-4a27-871a-51dde0bdd821 None None] default_green_pool_size = 1000 {{(pid=106732) log_opt_values /opt/stack/data/venv/lib/python3.12/site-packages/oslo_config/cfg.py:3242}}
Jul 24 02:00:55.373007 np0000186484 devstack@n-api-meta.service[106732]: DEBUG nova.api.openstack.wsgi_app [None req-7acb3100-84dd-4a27-871a-51dde0bdd821 None None] default_log_levels = ['amqp=WARN', 'boto=WARN', 'sqlalchemy=WARN', 'suds=INFO', 'oslo.messaging=INFO', 'oslo_messaging=INFO', 'iso8601=WARN', 'requests.packages.urllib3.connectionpool=WARN', 'urllib3.connectionpool=WARN', 'websocket=WARN', 'requests.packages.urllib3.util.retry=WARN', 'urllib3.util.retry=WARN', 'keystonemiddleware=WARN', 'routes.middleware=WARN', 'stevedore=WARN', 'taskflow=WARN', 'keystoneauth=WARN', 'oslo.cache=INFO', 'oslo_policy=INFO', 'dogpile.core.dogpile=INFO', 'glanceclient=WARN', 'oslo.privsep.daemon=INFO'] {{(pid=106732) log_opt_values /opt/stack/data/venv/lib/python3.12/site-packages/oslo_config/cfg.py:3242}}
Jul 24 02:00:55.373118 np0000186484 devstack@n-api-meta.service[106732]: DEBUG nova.api.openstack.wsgi_app [None req-7acb3100-84dd-4a27-871a-51dde0bdd821 None None] default_schedule_zone = None {{(pid=106732) log_opt_values /opt/stack/data/venv/lib/python3.12/site-packages/oslo_config/cfg.py:3242}}
Jul 24 02:00:55.373251 np0000186484 devstack@n-api-meta.service[106732]: DEBUG nova.api.openstack.wsgi_app [None req-7acb3100-84dd-4a27-871a-51dde0bdd821 None None] default_thread_pool_size = 10 {{(pid=106732) log_opt_values /opt/stack/data/venv/lib/python3.12/site-packages/oslo_config/cfg.py:3242}}
Jul 24 02:00:55.373379 np0000186484 devstack@n-api-meta.service[106732]: DEBUG nova.api.openstack.wsgi_app [None req-7acb3100-84dd-4a27-871a-51dde0bdd821 None None] disk_allocation_ratio = None {{(pid=106732) log_opt_values /opt/stack/data/venv/lib/python3.12/site-packages/oslo_config/cfg.py:3242}}
Jul 24 02:00:55.373520 np0000186484 devstack@n-api-meta.service[106732]: DEBUG nova.api.openstack.wsgi_app [None req-7acb3100-84dd-4a27-871a-51dde0bdd821 None None] enable_new_services = True {{(pid=106732) log_opt_values /opt/stack/data/venv/lib/python3.12/site-packages/oslo_config/cfg.py:3242}}
Jul 24 02:00:55.373655 np0000186484 devstack@n-api-meta.service[106732]: DEBUG nova.api.openstack.wsgi_app [None req-7acb3100-84dd-4a27-871a-51dde0bdd821 None None] flat_injected = False {{(pid=106732) log_opt_values /opt/stack/data/venv/lib/python3.12/site-packages/oslo_config/cfg.py:3242}}
Jul 24 02:00:55.373840 np0000186484 devstack@n-api-meta.service[106732]: DEBUG nova.api.openstack.wsgi_app [None req-7acb3100-84dd-4a27-871a-51dde0bdd821 None None] force_config_drive = False {{(pid=106732) log_opt_values /opt/stack/data/venv/lib/python3.12/site-packages/oslo_config/cfg.py:3242}}
Jul 24 02:00:55.373967 np0000186484 devstack@n-api-meta.service[106732]: DEBUG nova.api.openstack.wsgi_app [None req-7acb3100-84dd-4a27-871a-51dde0bdd821 None None] force_raw_images = True {{(pid=106732) log_opt_values /opt/stack/data/venv/lib/python3.12/site-packages/oslo_config/cfg.py:3242}}
Jul 24 02:00:55.374109 np0000186484 devstack@n-api-meta.service[106732]: DEBUG nova.api.openstack.wsgi_app [None req-7acb3100-84dd-4a27-871a-51dde0bdd821 None None] graceful_shutdown_timeout = 5 {{(pid=106732) log_opt_values /opt/stack/data/venv/lib/python3.12/site-packages/oslo_config/cfg.py:3242}}
Jul 24 02:00:55.374245 np0000186484 devstack@n-api-meta.service[106732]: DEBUG nova.api.openstack.wsgi_app [None req-7acb3100-84dd-4a27-871a-51dde0bdd821 None None] heal_instance_info_cache_interval = -1 {{(pid=106732) log_opt_values /opt/stack/data/venv/lib/python3.12/site-packages/oslo_config/cfg.py:3242}}
Jul 24 02:00:55.374437 np0000186484 devstack@n-api-meta.service[106732]: DEBUG nova.api.openstack.wsgi_app [None req-7acb3100-84dd-4a27-871a-51dde0bdd821 None None] host = np0000186484 {{(pid=106732) log_opt_values /opt/stack/data/venv/lib/python3.12/site-packages/oslo_config/cfg.py:3242}}
Jul 24 02:00:55.374600 np0000186484 devstack@n-api-meta.service[106732]: DEBUG nova.api.openstack.wsgi_app [None req-7acb3100-84dd-4a27-871a-51dde0bdd821 None None] initial_cpu_allocation_ratio = 4.0 {{(pid=106732) log_opt_values /opt/stack/data/venv/lib/python3.12/site-packages/oslo_config/cfg.py:3242}}
Jul 24 02:00:55.374736 np0000186484 devstack@n-api-meta.service[106732]: DEBUG nova.api.openstack.wsgi_app [None req-7acb3100-84dd-4a27-871a-51dde0bdd821 None None] initial_disk_allocation_ratio = 1.0 {{(pid=106732) log_opt_values /opt/stack/data/venv/lib/python3.12/site-packages/oslo_config/cfg.py:3242}}
Jul 24 02:00:55.374895 np0000186484 devstack@n-api-meta.service[106732]: DEBUG nova.api.openstack.wsgi_app [None req-7acb3100-84dd-4a27-871a-51dde0bdd821 None None] initial_ram_allocation_ratio = 1.0 {{(pid=106732) log_opt_values /opt/stack/data/venv/lib/python3.12/site-packages/oslo_config/cfg.py:3242}}
Jul 24 02:00:55.375064 np0000186484 devstack@n-api-meta.service[106732]: DEBUG nova.api.openstack.wsgi_app [None req-7acb3100-84dd-4a27-871a-51dde0bdd821 None None] injected_network_template = /opt/stack/nova/nova/virt/interfaces.template {{(pid=106732) log_opt_values /opt/stack/data/venv/lib/python3.12/site-packages/oslo_config/cfg.py:3242}}
Jul 24 02:00:55.375125 np0000186484 devstack@n-api-meta.service[106734]: DEBUG oslo_db.sqlalchemy.engines [None req-bbb790f9-c27b-43e8-8332-82be412816b1 None None] MySQL server mode set to STRICT_TRANS_TABLES,STRICT_ALL_TABLES,NO_ZERO_IN_DATE,NO_ZERO_DATE,ERROR_FOR_DIVISION_BY_ZERO,TRADITIONAL,NO_ENGINE_SUBSTITUTION {{(pid=106734) _check_effective_sql_mode /opt/stack/data/venv/lib/python3.12/site-packages/oslo_db/sqlalchemy/engines.py:325}}
Jul 24 02:00:55.375197 np0000186484 devstack@n-api-meta.service[106732]: DEBUG nova.api.openstack.wsgi_app [None req-7acb3100-84dd-4a27-871a-51dde0bdd821 None None] instance_build_timeout = 0 {{(pid=106732) log_opt_values /opt/stack/data/venv/lib/python3.12/site-packages/oslo_config/cfg.py:3242}}
Jul 24 02:00:55.375328 np0000186484 devstack@n-api-meta.service[106732]: DEBUG nova.api.openstack.wsgi_app [None req-7acb3100-84dd-4a27-871a-51dde0bdd821 None None] instance_delete_interval = 300 {{(pid=106732) log_opt_values /opt/stack/data/venv/lib/python3.12/site-packages/oslo_config/cfg.py:3242}}
Jul 24 02:00:55.375373 np0000186484 devstack@n-api-meta.service[106735]: WARNING nova.api.metadata.handler [None req-0e8d6ead-4b6b-4b8a-9aa9-8991eba6846f None None] metadata_proxy_shared_secret is not configured, the metadata information returned by the proxy cannot be trusted
Jul 24 02:00:55.375466 np0000186484 devstack@n-api-meta.service[106732]: DEBUG nova.api.openstack.wsgi_app [None req-7acb3100-84dd-4a27-871a-51dde0bdd821 None None] instance_format = [instance: %(uuid)s] {{(pid=106732) log_opt_values /opt/stack/data/venv/lib/python3.12/site-packages/oslo_config/cfg.py:3242}}
Jul 24 02:00:55.375622 np0000186484 devstack@n-api-meta.service[106732]: DEBUG nova.api.openstack.wsgi_app [None req-7acb3100-84dd-4a27-871a-51dde0bdd821 None None] instance_name_template = instance-%08x {{(pid=106732) log_opt_values /opt/stack/data/venv/lib/python3.12/site-packages/oslo_config/cfg.py:3242}}
Jul 24 02:00:55.375756 np0000186484 devstack@n-api-meta.service[106732]: DEBUG nova.api.openstack.wsgi_app [None req-7acb3100-84dd-4a27-871a-51dde0bdd821 None None] instance_usage_audit = False {{(pid=106732) log_opt_values /opt/stack/data/venv/lib/python3.12/site-packages/oslo_config/cfg.py:3242}}
Jul 24 02:00:55.375918 np0000186484 devstack@n-api-meta.service[106732]: DEBUG nova.api.openstack.wsgi_app [None req-7acb3100-84dd-4a27-871a-51dde0bdd821 None None] instance_usage_audit_period = month {{(pid=106732) log_opt_values /opt/stack/data/venv/lib/python3.12/site-packages/oslo_config/cfg.py:3242}}
Jul 24 02:00:55.376051 np0000186484 devstack@n-api-meta.service[106732]: DEBUG nova.api.openstack.wsgi_app [None req-7acb3100-84dd-4a27-871a-51dde0bdd821 None None] instance_uuid_format = [instance: %(uuid)s] {{(pid=106732) log_opt_values /opt/stack/data/venv/lib/python3.12/site-packages/oslo_config/cfg.py:3242}}
Jul 24 02:00:55.376193 np0000186484 devstack@n-api-meta.service[106732]: DEBUG nova.api.openstack.wsgi_app [None req-7acb3100-84dd-4a27-871a-51dde0bdd821 None None] instances_path = /opt/stack/data/nova/instances {{(pid=106732) log_opt_values /opt/stack/data/venv/lib/python3.12/site-packages/oslo_config/cfg.py:3242}}
Jul 24 02:00:55.376331 np0000186484 devstack@n-api-meta.service[106732]: DEBUG nova.api.openstack.wsgi_app [None req-7acb3100-84dd-4a27-871a-51dde0bdd821 None None] internal_service_availability_zone = internal {{(pid=106732) log_opt_values /opt/stack/data/venv/lib/python3.12/site-packages/oslo_config/cfg.py:3242}}
Jul 24 02:00:55.376651 np0000186484 devstack@n-api-meta.service[106732]: DEBUG nova.api.openstack.wsgi_app [None req-7acb3100-84dd-4a27-871a-51dde0bdd821 None None] key = None {{(pid=106732) log_opt_values /opt/stack/data/venv/lib/python3.12/site-packages/oslo_config/cfg.py:3242}}
Jul 24 02:00:55.376911 np0000186484 devstack@n-api-meta.service[106732]: DEBUG nova.api.openstack.wsgi_app [None req-7acb3100-84dd-4a27-871a-51dde0bdd821 None None] live_migration_retry_count = 30 {{(pid=106732) log_opt_values /opt/stack/data/venv/lib/python3.12/site-packages/oslo_config/cfg.py:3242}}
Jul 24 02:00:55.377100 np0000186484 devstack@n-api-meta.service[106732]: DEBUG nova.api.openstack.wsgi_app [None req-7acb3100-84dd-4a27-871a-51dde0bdd821 None None] log_color = False {{(pid=106732) log_opt_values /opt/stack/data/venv/lib/python3.12/site-packages/oslo_config/cfg.py:3242}}
Jul 24 02:00:55.377301 np0000186484 devstack@n-api-meta.service[106732]: DEBUG nova.api.openstack.wsgi_app [None req-7acb3100-84dd-4a27-871a-51dde0bdd821 None None] log_config_append = None {{(pid=106732) log_opt_values /opt/stack/data/venv/lib/python3.12/site-packages/oslo_config/cfg.py:3242}}
Jul 24 02:00:55.377448 np0000186484 devstack@n-api-meta.service[106732]: DEBUG nova.api.openstack.wsgi_app [None req-7acb3100-84dd-4a27-871a-51dde0bdd821 None None] log_date_format = %Y-%m-%d %H:%M:%S {{(pid=106732) log_opt_values /opt/stack/data/venv/lib/python3.12/site-packages/oslo_config/cfg.py:3242}}
Jul 24 02:00:55.377680 np0000186484 devstack@n-api-meta.service[106732]: DEBUG nova.api.openstack.wsgi_app [None req-7acb3100-84dd-4a27-871a-51dde0bdd821 None None] log_dir = None {{(pid=106732) log_opt_values /opt/stack/data/venv/lib/python3.12/site-packages/oslo_config/cfg.py:3242}}
Jul 24 02:00:55.377914 np0000186484 devstack@n-api-meta.service[106732]: DEBUG nova.api.openstack.wsgi_app [None req-7acb3100-84dd-4a27-871a-51dde0bdd821 None None] log_file = None {{(pid=106732) log_opt_values /opt/stack/data/venv/lib/python3.12/site-packages/oslo_config/cfg.py:3242}}
Jul 24 02:00:55.377978 np0000186484 devstack@n-api-meta.service[106735]: DEBUG nova.api.openstack.wsgi_app [None req-0e8d6ead-4b6b-4b8a-9aa9-8991eba6846f None None] ******************************************************************************** {{(pid=106735) log_opt_values /opt/stack/data/venv/lib/python3.12/site-packages/oslo_config/cfg.py:3226}}
Jul 24 02:00:55.378056 np0000186484 devstack@n-api-meta.service[106732]: DEBUG nova.api.openstack.wsgi_app [None req-7acb3100-84dd-4a27-871a-51dde0bdd821 None None] log_options = True {{(pid=106732) log_opt_values /opt/stack/data/venv/lib/python3.12/site-packages/oslo_config/cfg.py:3242}}
Jul 24 02:00:55.378126 np0000186484 devstack@n-api-meta.service[106735]: DEBUG nova.api.openstack.wsgi_app [None req-0e8d6ead-4b6b-4b8a-9aa9-8991eba6846f None None] Configuration options gathered from: {{(pid=106735) log_opt_values /opt/stack/data/venv/lib/python3.12/site-packages/oslo_config/cfg.py:3227}}
Jul 24 02:00:55.378174 np0000186484 devstack@n-api-meta.service[106732]: DEBUG nova.api.openstack.wsgi_app [None req-7acb3100-84dd-4a27-871a-51dde0bdd821 None None] log_rotate_interval = 1 {{(pid=106732) log_opt_values /opt/stack/data/venv/lib/python3.12/site-packages/oslo_config/cfg.py:3242}}
