+ COMMAND=start + start + for KEYSTONE_WSGI_SCRIPT in keystone-wsgi-public ++ type -p keystone-wsgi-public + cp -a /var/lib/openstack/bin/keystone-wsgi-public /var/www/cgi-bin/keystone/ + '[' -f /etc/apache2/envvars ']' + source /etc/apache2/envvars ++ unset HOME ++ '[' '' '!=' '' ']' ++ SUFFIX= ++ export APACHE_RUN_USER=www-data ++ APACHE_RUN_USER=www-data ++ export APACHE_RUN_GROUP=www-data ++ APACHE_RUN_GROUP=www-data ++ export APACHE_PID_FILE=/var/run/apache2/apache2.pid ++ APACHE_PID_FILE=/var/run/apache2/apache2.pid ++ export APACHE_RUN_DIR=/var/run/apache2 ++ APACHE_RUN_DIR=/var/run/apache2 ++ export APACHE_LOCK_DIR=/var/lock/apache2 ++ APACHE_LOCK_DIR=/var/lock/apache2 ++ export APACHE_LOG_DIR=/var/log/apache2 ++ APACHE_LOG_DIR=/var/log/apache2 ++ export LANG=C ++ LANG=C ++ export LANG + '[' -f /var/run/apache2/apache2.pid ']' + exec apache2 -DFOREGROUND AH00558: apache2: Could not reliably determine the server's fully qualified domain name, using 10.0.0.129. Set the 'ServerName' directive globally to suppress this message AH00558: apache2: Could not reliably determine the server's fully qualified domain name, using 10.0.0.129. Set the 'ServerName' directive globally to suppress this message
[Fri Jul 17 12:51:42.157774 2026] [mpm_event:notice] [pid 1:tid 140228994054016] AH00489: Apache/2.4.58 (Ubuntu) mod_wsgi/5.0.0 Python/3.12 configured -- resuming normal operations
[Fri Jul 17 12:51:42.157910 2026] [core:notice] [pid 1:tid 140228994054016] AH00094: Command line: 'apache2 -D FOREGROUND'
[Fri Jul 17 12:52:39.742370 2026] [wsgi:error] [pid 9:tid 140228357281472] /var/lib/openstack/lib/python3.12/site-packages/oslo_utils/importutils.py:77: EventletDeprecationWarning:
[Fri Jul 17 12:52:39.742417 2026] [wsgi:error] [pid 9:tid 140228357281472] Eventlet is deprecated. It is currently being maintained in bugfix mode, and
[Fri Jul 17 12:52:39.742420 2026] [wsgi:error] [pid 9:tid 140228357281472] we strongly recommend against using it for new projects.
[Fri Jul 17 12:52:39.742421 2026] [wsgi:error] [pid 9:tid 140228357281472]
[Fri Jul 17 12:52:39.742423 2026] [wsgi:error] [pid 9:tid 140228357281472] If you are already using Eventlet, we recommend migrating to a different
[Fri Jul 17 12:52:39.742424 2026] [wsgi:error] [pid 9:tid 140228357281472] framework. For more detail see
[Fri Jul 17 12:52:39.742426 2026] [wsgi:error] [pid 9:tid 140228357281472] https://eventlet.readthedocs.io/en/latest/asyncio/migration.html
[Fri Jul 17 12:52:39.742428 2026] [wsgi:error] [pid 9:tid 140228357281472]
[Fri Jul 17 12:52:39.742429 2026] [wsgi:error] [pid 9:tid 140228357281472] __import__(import_str)
[Fri Jul 17 12:52:39.743038 2026] [wsgi:error] [pid 11:tid 140228357281472] /var/lib/openstack/lib/python3.12/site-packages/oslo_utils/importutils.py:77: EventletDeprecationWarning:
[Fri Jul 17 12:52:39.743073 2026] [wsgi:error] [pid 11:tid 140228357281472] Eventlet is deprecated. It is currently being maintained in bugfix mode, and
[Fri Jul 17 12:52:39.743074 2026] [wsgi:error] [pid 11:tid 140228357281472] we strongly recommend against using it for new projects.
[Fri Jul 17 12:52:39.743076 2026] [wsgi:error] [pid 11:tid 140228357281472]
[Fri Jul 17 12:52:39.743077 2026] [wsgi:error] [pid 11:tid 140228357281472] If you are already using Eventlet, we recommend migrating to a different
[Fri Jul 17 12:52:39.743078 2026] [wsgi:error] [pid 11:tid 140228357281472] framework. For more detail see
[Fri Jul 17 12:52:39.743079 2026] [wsgi:error] [pid 11:tid 140228357281472] https://eventlet.readthedocs.io/en/latest/asyncio/migration.html
[Fri Jul 17 12:52:39.743080 2026] [wsgi:error] [pid 11:tid 140228357281472]
[Fri Jul 17 12:52:39.743081 2026] [wsgi:error] [pid 11:tid 140228357281472] __import__(import_str) 10.0.0.212 - - [17/Jul/2026:12:52:38 +0000] "GET /v3/ HTTP/1.1" 200 250 10.0.0.212 - - [17/Jul/2026:12:52:38 +0000] "GET /v3/ HTTP/1.1" 200 250
[Fri Jul 17 12:52:45.104973 2026] [wsgi:error] [pid 10:tid 140228357281472] /var/lib/openstack/lib/python3.12/site-packages/oslo_utils/importutils.py:77: EventletDeprecationWarning:
[Fri Jul 17 12:52:45.105013 2026] [wsgi:error] [pid 10:tid 140228357281472] Eventlet is deprecated. It is currently being maintained in bugfix mode, and
[Fri Jul 17 12:52:45.105016 2026] [wsgi:error] [pid 10:tid 140228357281472] we strongly recommend against using it for new projects.
[Fri Jul 17 12:52:45.105017 2026] [wsgi:error] [pid 10:tid 140228357281472]
[Fri Jul 17 12:52:45.105018 2026] [wsgi:error] [pid 10:tid 140228357281472] If you are already using Eventlet, we recommend migrating to a different
[Fri Jul 17 12:52:45.105019 2026] [wsgi:error] [pid 10:tid 140228357281472] framework. For more detail see
[Fri Jul 17 12:52:45.105020 2026] [wsgi:error] [pid 10:tid 140228357281472] https://eventlet.readthedocs.io/en/latest/asyncio/migration.html
[Fri Jul 17 12:52:45.105022 2026] [wsgi:error] [pid 10:tid 140228357281472]
[Fri Jul 17 12:52:45.105023 2026] [wsgi:error] [pid 10:tid 140228357281472] __import__(import_str) 10.0.0.212 - - [17/Jul/2026:12:52:44 +0000] "GET /v3/ HTTP/1.1" 200 250
[Fri Jul 17 12:52:53.145909 2026] [wsgi:error] [pid 12:tid 140228357281472] /var/lib/openstack/lib/python3.12/site-packages/oslo_utils/importutils.py:77: EventletDeprecationWarning:
[Fri Jul 17 12:52:53.145948 2026] [wsgi:error] [pid 12:tid 140228357281472] Eventlet is deprecated. It is currently being maintained in bugfix mode, and
[Fri Jul 17 12:52:53.145950 2026] [wsgi:error] [pid 12:tid 140228357281472] we strongly recommend against using it for new projects.
[Fri Jul 17 12:52:53.145951 2026] [wsgi:error] [pid 12:tid 140228357281472]
[Fri Jul 17 12:52:53.145952 2026] [wsgi:error] [pid 12:tid 140228357281472] If you are already using Eventlet, we recommend migrating to a different
[Fri Jul 17 12:52:53.145954 2026] [wsgi:error] [pid 12:tid 140228357281472] framework. For more detail see
[Fri Jul 17 12:52:53.145955 2026] [wsgi:error] [pid 12:tid 140228357281472] https://eventlet.readthedocs.io/en/latest/asyncio/migration.html
[Fri Jul 17 12:52:53.145956 2026] [wsgi:error] [pid 12:tid 140228357281472]
[Fri Jul 17 12:52:53.145957 2026] [wsgi:error] [pid 12:tid 140228357281472] __import__(import_str) 10.0.0.136 - - [17/Jul/2026:12:52:52 +0000] "GET / HTTP/1.1" 300 295
[Fri Jul 17 12:52:57.833945 2026] [wsgi:error] [pid 9:tid 140228357281472] [remote 10.0.0.136:50406] 2026-07-17 12:52:57.831 9 WARNING keystone.identity.core [None req-a7c07a00-a499-448e-b34b-38d9ad1971ef - - - - - -] Invalid domain name (atmosphere) found in config file name: keystone.exception.DomainNotFound: Could not find domain: atmosphere.
[Fri Jul 17 12:52:57.887033 2026] [wsgi:error] [pid 9:tid 140228357281472] [remote 10.0.0.136:50406] 2026-07-17 12:52:57.886 9 WARNING keystone.common.password_hashing [None req-a7c07a00-a499-448e-b34b-38d9ad1971ef - - - - - -] Truncating password to algorithm specific maximum length 72 characters.
[Fri Jul 17 12:52:58.186009 2026] [wsgi:error] [pid 9:tid 140228357281472] [remote 10.0.0.136:50406] 2026-07-17 12:52:58.185 9 WARNING keystone.common.fernet_utils [None req-a7c07a00-a499-448e-b34b-38d9ad1971ef - - - - - -] key_repository is world readable: /etc/keystone/fernet-keys/ 10.0.0.136 - - [17/Jul/2026:12:52:57 +0000] "POST /v3/auth/tokens HTTP/1.1" 201 1360
[Fri Jul 17 12:52:58.549994 2026] [wsgi:error] [pid 11:tid 140228357281472] [remote 10.0.0.136:50406] 2026-07-17 12:52:58.546 11 WARNING keystone.identity.core [None req-898f8bc6-4de5-4dab-ba23-f1b15ff24c48 - - - - - -] Invalid domain name (atmosphere) found in config file name: keystone.exception.DomainNotFound: Could not find domain: atmosphere. 10.0.0.136 - - [17/Jul/2026:12:52:58 +0000] "POST /v3/domains HTTP/1.1" 201 261 10.0.0.250 - - [17/Jul/2026:12:53:10 +0000] "GET / HTTP/1.1" 300 295
[Fri Jul 17 12:53:11.039392 2026] [wsgi:error] [pid 12:tid 140228357281472] [remote 10.0.0.250:53114] 2026-07-17 12:53:11.038 12 WARNING keystone.common.password_hashing [None req-b087b47d-7552-4f47-821a-7b4e8a34bd60 - - - - - -] Truncating password to algorithm specific maximum length 72 characters.
[Fri Jul 17 12:53:11.313429 2026] [wsgi:error] [pid 12:tid 140228357281472] [remote 10.0.0.250:53114] 2026-07-17 12:53:11.313 12 WARNING keystone.common.fernet_utils [None req-b087b47d-7552-4f47-821a-7b4e8a34bd60 - - - - - -] key_repository is world readable: /etc/keystone/fernet-keys/ 10.0.0.250 - - [17/Jul/2026:12:53:10 +0000] "POST /v3/auth/tokens HTTP/1.1" 201 1360 10.0.0.250 - - [17/Jul/2026:12:53:11 +0000] "GET /v3/roles/admin HTTP/1.1" 404 83
[Fri Jul 17 12:53:11.590831 2026] [wsgi:error] [pid 11:tid 140228357281472] [remote 10.0.0.250:53114] 2026-07-17 12:53:11.590 11 WARNING keystone.common.rbac_enforcer.enforcer [None req-01cfb273-2495-4a14-9a8f-82c236e9aba6 0b56078c22b24945b67708de2a20284c 259120fc650b4bb2832d92cc62e3c4fe - - default default] Deprecated policy rules found. Use oslopolicy-policy-generator and oslopolicy-policy-upgrade to detect and resolve deprecated policies in your configuration. 10.0.0.250 - - [17/Jul/2026:12:53:11 +0000] "GET /v3/roles?name=admin HTTP/1.1" 200 389
[Fri Jul 17 12:53:12.074530 2026] [wsgi:error] [pid 10:tid 140228357281472] [remote 10.0.0.250:53114] 2026-07-17 12:53:12.074 10 WARNING keystone.common.rbac_enforcer.enforcer [None req-927597a4-b584-404d-a525-bb599581a929 0b56078c22b24945b67708de2a20284c 259120fc650b4bb2832d92cc62e3c4fe - - default default] Deprecated policy rules found. Use oslopolicy-policy-generator and oslopolicy-policy-upgrade to detect and resolve deprecated policies in your configuration. 10.0.0.250 - - [17/Jul/2026:12:53:11 +0000] "GET /v3/users/admin-RegionOne HTTP/1.1" 404 93
[Fri Jul 17 12:53:12.220926 2026] [wsgi:error] [pid 12:tid 140228357281472] [remote 10.0.0.250:53114] 2026-07-17 12:53:12.220 12 WARNING keystone.common.rbac_enforcer.enforcer [None req-6ce69e54-2828-426e-b7bb-c8cf513e59eb 0b56078c22b24945b67708de2a20284c 259120fc650b4bb2832d92cc62e3c4fe - - default default] Deprecated policy rules found. Use oslopolicy-policy-generator and oslopolicy-policy-upgrade to detect and resolve deprecated policies in your configuration. 10.0.0.250 - - [17/Jul/2026:12:53:12 +0000] "GET /v3/users?name=admin-RegionOne HTTP/1.1" 200 422
[Fri Jul 17 12:53:12.393521 2026] [wsgi:error] [pid 9:tid 140228357281472] [remote 10.0.0.250:53114] 2026-07-17 12:53:12.393 9 WARNING keystone.common.rbac_enforcer.enforcer [None req-fbede107-846a-4759-9c0b-7733263e077a 0b56078c22b24945b67708de2a20284c 259120fc650b4bb2832d92cc62e3c4fe - - default default] Deprecated policy rules found. Use oslopolicy-policy-generator and oslopolicy-policy-upgrade to detect and resolve deprecated policies in your configuration. 10.0.0.250 - - [17/Jul/2026:12:53:12 +0000] "GET /v3/domains/default HTTP/1.1" 200 224 10.0.0.250 - - [17/Jul/2026:12:53:12 +0000] "PUT /v3/domains/default/users/0b56078c22b24945b67708de2a20284c/roles/0631516e5f6541f9929e676d5fb0c5e8 HTTP/1.1" 204 - 10.0.0.212 - - [17/Jul/2026:12:53:22 +0000] "GET / HTTP/1.1" 300 281 10.0.0.212 - - [17/Jul/2026:12:53:23 +0000] "GET /v3 HTTP/1.1" 200 266
[Fri Jul 17 12:53:24.013109 2026] [wsgi:error] [pid 9:tid 140228357281472] [remote 10.0.0.212:44404] 2026-07-17 12:53:24.012 9 WARNING keystone.common.password_hashing [None req-b1410678-8046-4b46-b330-53f42cfabb13 - - - - - -] Truncating password to algorithm specific maximum length 72 characters.
[Fri Jul 17 12:53:24.283599 2026] [wsgi:error] [pid 9:tid 140228357281472] [remote 10.0.0.212:44404] 2026-07-17 12:53:24.283 9 WARNING keystone.common.fernet_utils [None req-b1410678-8046-4b46-b330-53f42cfabb13 - - - - - -] key_repository is world readable: /etc/keystone/fernet-keys/ 10.0.0.212 - - [17/Jul/2026:12:53:23 +0000] "POST /v3/auth/tokens HTTP/1.1" 201 1360 10.0.0.212 - - [17/Jul/2026:12:53:24 +0000] "GET / HTTP/1.1" 300 281 10.0.0.212 - - [17/Jul/2026:12:53:24 +0000] "GET /v3/domains/atmosphere HTTP/1.1" 404 90 10.0.0.212 - - [17/Jul/2026:12:53:24 +0000] "GET /v3/domains?name=atmosphere HTTP/1.1" 200 370 10.0.0.212 - - [17/Jul/2026:12:53:24 +0000] "GET /v3/domains/a5216461a7464a5b84b333c457d8cd93 HTTP/1.1" 200 247 10.0.0.212 - - [17/Jul/2026:12:53:25 +0000] "GET /v3 HTTP/1.1" 200 266
[Fri Jul 17 12:53:25.379256 2026] [wsgi:error] [pid 10:tid 140228357281472] [remote 10.0.0.212:44394] 2026-07-17 12:53:25.378 10 WARNING keystone.common.password_hashing [None req-d557957f-ca78-499c-9e40-b421cf7e0707 - - - - - -] Truncating password to algorithm specific maximum length 72 characters.
[Fri Jul 17 12:53:25.666983 2026] [wsgi:error] [pid 10:tid 140228357281472] [remote 10.0.0.212:44394] 2026-07-17 12:53:25.666 10 WARNING keystone.common.fernet_utils [None req-d557957f-ca78-499c-9e40-b421cf7e0707 - - - - - -] key_repository is world readable: /etc/keystone/fernet-keys/ 10.0.0.212 - - [17/Jul/2026:12:53:25 +0000] "POST /v3/auth/tokens HTTP/1.1" 201 1360 10.0.0.212 - - [17/Jul/2026:12:53:25 +0000] "GET / HTTP/1.1" 300 281 10.0.0.212 - - [17/Jul/2026:12:53:25 +0000] "GET /v3/OS-FEDERATION/identity_providers/atmosphere HTTP/1.1" 404 101 10.0.0.212 - - [17/Jul/2026:12:53:25 +0000] "GET /v3/OS-FEDERATION/identity_providers HTTP/1.1" 200 156 10.0.0.212 - - [17/Jul/2026:12:53:25 +0000] "PUT /v3/OS-FEDERATION/identity_providers/atmosphere HTTP/1.1" 201 342 10.0.0.212 - - [17/Jul/2026:12:53:26 +0000] "GET /v3 HTTP/1.1" 200 266
[Fri Jul 17 12:53:26.409529 2026] [wsgi:error] [pid 9:tid 140228357281472] [remote 10.0.0.212:44394] 2026-07-17 12:53:26.409 9 WARNING keystone.common.password_hashing [None req-ba7ce634-5d87-47f6-bb1a-75c8df677a37 - - - - - -] Truncating password to algorithm specific maximum length 72 characters.
[Fri Jul 17 12:53:26.691109 2026] [wsgi:error] [pid 9:tid 140228357281472] [remote 10.0.0.212:44394] 2026-07-17 12:53:26.690 9 WARNING keystone.common.fernet_utils [None req-ba7ce634-5d87-47f6-bb1a-75c8df677a37 - - - - - -] key_repository is world readable: /etc/keystone/fernet-keys/ 10.0.0.212 - - [17/Jul/2026:12:53:26 +0000] "POST /v3/auth/tokens HTTP/1.1" 201 1360 10.0.0.212 - - [17/Jul/2026:12:53:26 +0000] "GET / HTTP/1.1" 300 281 10.0.0.212 - - [17/Jul/2026:12:53:26 +0000] "GET /v3/OS-FEDERATION/mappings/atmosphere-openid HTTP/1.1" 404 98 10.0.0.212 - - [17/Jul/2026:12:53:26 +0000] "GET /v3/OS-FEDERATION/mappings HTTP/1.1" 200 136 10.0.0.212 - - [17/Jul/2026:12:53:26 +0000] "PUT /v3/OS-FEDERATION/mappings/atmosphere-openid HTTP/1.1" 201 357 10.0.0.212 - - [17/Jul/2026:12:53:27 +0000] "GET /v3 HTTP/1.1" 200 266
[Fri Jul 17 12:53:27.406122 2026] [wsgi:error] [pid 10:tid 140228357281472] [remote 10.0.0.212:44394] 2026-07-17 12:53:27.405 10 WARNING keystone.common.password_hashing [None req-051bf7db-6f50-4fc7-bc74-307969193163 - - - - - -] Truncating password to algorithm specific maximum length 72 characters.
[Fri Jul 17 12:53:27.701744 2026] [wsgi:error] [pid 10:tid 140228357281472] [remote 10.0.0.212:44394] 2026-07-17 12:53:27.701 10 WARNING keystone.common.fernet_utils [None req-051bf7db-6f50-4fc7-bc74-307969193163 - - - - - -] key_repository is world readable: /etc/keystone/fernet-keys/ 10.0.0.212 - - [17/Jul/2026:12:53:27 +0000] "POST /v3/auth/tokens HTTP/1.1" 201 1360 10.0.0.212 - - [17/Jul/2026:12:53:27 +0000] "GET / HTTP/1.1" 300 281 10.0.0.212 - - [17/Jul/2026:12:53:27 +0000] "GET /v3/OS-FEDERATION/identity_providers/atmosphere/protocols/openid?idp_id=atmosphere HTTP/1.1" 404 131 10.0.0.212 - - [17/Jul/2026:12:53:27 +0000] "GET /v3/OS-FEDERATION/identity_providers/atmosphere/protocols HTTP/1.1" 200 168 10.0.0.212 - - [17/Jul/2026:12:53:27 +0000] "PUT /v3/OS-FEDERATION/identity_providers/atmosphere/protocols/openid HTTP/1.1" 201 224 10.0.0.212 - - [17/Jul/2026:12:53:38 +0000] "GET /v3/ HTTP/1.1" 200 250 10.0.0.212 - - [17/Jul/2026:12:53:38 +0000] "GET /v3/ HTTP/1.1" 200 250 10.0.0.212 - - [17/Jul/2026:12:54:38 +0000] "GET /v3/ HTTP/1.1" 200 250 10.0.0.212 - - [17/Jul/2026:12:54:38 +0000] "GET /v3/ HTTP/1.1" 200 250 10.0.0.220 - - [17/Jul/2026:12:54:50 +0000] "GET / HTTP/1.1" 300 295
[Fri Jul 17 12:54:50.505928 2026] [wsgi:error] [pid 12:tid 140228357281472] [remote 10.0.0.220:33740] 2026-07-17 12:54:50.505 12 WARNING keystone.common.password_hashing [None req-ade46a19-f162-4cd0-ab6f-16151e9f44ba - - - - - -] Truncating password to algorithm specific maximum length 72 characters.
[Fri Jul 17 12:54:50.796117 2026] [wsgi:error] [pid 12:tid 140228357281472] [remote 10.0.0.220:33740] 2026-07-17 12:54:50.795 12 WARNING keystone.common.fernet_utils [None req-ade46a19-f162-4cd0-ab6f-16151e9f44ba - - - - - -] key_repository is world readable: /etc/keystone/fernet-keys/ 10.0.0.220 - - [17/Jul/2026:12:54:50 +0000] "POST /v3/auth/tokens HTTP/1.1" 201 1360 10.0.0.220 - - [17/Jul/2026:12:54:50 +0000] "GET /v3/services HTTP/1.1" 200 355 10.0.0.220 - - [17/Jul/2026:12:54:54 +0000] "GET / HTTP/1.1" 300 295
[Fri Jul 17 12:54:54.499012 2026] [wsgi:error] [pid 9:tid 140228357281472] [remote 10.0.0.220:33742] 2026-07-17 12:54:54.498 9 WARNING keystone.common.password_hashing [None req-59b39677-372a-4dda-8fbd-81475dcaa62d - - - - - -] Truncating password to algorithm specific maximum length 72 characters.
[Fri Jul 17 12:54:54.801533 2026] [wsgi:error] [pid 9:tid 140228357281472] [remote 10.0.0.220:33742] 2026-07-17 12:54:54.801 9 WARNING keystone.common.fernet_utils [None req-59b39677-372a-4dda-8fbd-81475dcaa62d - - - - - -] key_repository is world readable: /etc/keystone/fernet-keys/ 10.0.0.220 - - [17/Jul/2026:12:54:54 +0000] "POST /v3/auth/tokens HTTP/1.1" 201 1360 10.0.0.220 - - [17/Jul/2026:12:54:54 +0000] "GET /v3/services HTTP/1.1" 200 355 10.0.0.220 - - [17/Jul/2026:12:54:58 +0000] "GET / HTTP/1.1" 300 295
[Fri Jul 17 12:54:58.393334 2026] [wsgi:error] [pid 11:tid 140228357281472] [remote 10.0.0.220:52096] 2026-07-17 12:54:58.392 11 WARNING keystone.common.password_hashing [None req-a5fff2a8-ef05-41a4-a680-767bf914e3f2 - - - - - -] Truncating password to algorithm specific maximum length 72 characters.
[Fri Jul 17 12:54:58.679717 2026] [wsgi:error] [pid 11:tid 140228357281472] [remote 10.0.0.220:52096] 2026-07-17 12:54:58.679 11 WARNING keystone.common.fernet_utils [None req-a5fff2a8-ef05-41a4-a680-767bf914e3f2 - - - - - -] key_repository is world readable: /etc/keystone/fernet-keys/ 10.0.0.220 - - [17/Jul/2026:12:54:58 +0000] "POST /v3/auth/tokens HTTP/1.1" 201 1360 10.0.0.220 - - [17/Jul/2026:12:54:58 +0000] "GET /v3/services HTTP/1.1" 200 355 10.0.0.220 - - [17/Jul/2026:12:55:02 +0000] "GET / HTTP/1.1" 300 295
[Fri Jul 17 12:55:02.277104 2026] [wsgi:error] [pid 10:tid 140228357281472] [remote 10.0.0.220:52100] 2026-07-17 12:55:02.276 10 WARNING keystone.common.password_hashing [None req-9509d82c-bef0-49e0-a3af-23f7ef3c0876 - - - - - -] Truncating password to algorithm specific maximum length 72 characters.
[Fri Jul 17 12:55:02.564298 2026] [wsgi:error] [pid 10:tid 140228357281472] [remote 10.0.0.220:52100] 2026-07-17 12:55:02.564 10 WARNING keystone.common.fernet_utils [None req-9509d82c-bef0-49e0-a3af-23f7ef3c0876 - - - - - -] key_repository is world readable: /etc/keystone/fernet-keys/ 10.0.0.220 - - [17/Jul/2026:12:55:02 +0000] "POST /v3/auth/tokens HTTP/1.1" 201 1360 10.0.0.220 - - [17/Jul/2026:12:55:02 +0000] "POST /v3/services HTTP/1.1" 201 296 10.0.0.15 - - [17/Jul/2026:12:55:14 +0000] "GET / HTTP/1.1" 300 295
[Fri Jul 17 12:55:14.684513 2026] [wsgi:error] [pid 9:tid 140228357281472] [remote 10.0.0.15:46900] 2026-07-17 12:55:14.684 9 WARNING keystone.common.password_hashing [None req-59fc3033-a29c-401f-a087-ab9374f708af - - - - - -] Truncating password to algorithm specific maximum length 72 characters. 10.0.0.15 - - [17/Jul/2026:12:55:14 +0000] "GET / HTTP/1.1" 300 295
[Fri Jul 17 12:55:14.810826 2026] [wsgi:error] [pid 10:tid 140228357281472] [remote 10.0.0.15:46916] 2026-07-17 12:55:14.810 10 WARNING keystone.common.password_hashing [None req-37fe9a86-15d9-4960-b9fa-745fb5a304af - - - - - -] Truncating password to algorithm specific maximum length 72 characters. 10.0.0.15 - - [17/Jul/2026:12:55:14 +0000] "GET / HTTP/1.1" 300 295
[Fri Jul 17 12:55:14.868911 2026] [wsgi:error] [pid 12:tid 140228357281472] [remote 10.0.0.15:46926] 2026-07-17 12:55:14.868 12 WARNING keystone.common.password_hashing [None req-41f22869-866f-4e28-a931-fdd448228f21 - - - - - -] Truncating password to algorithm specific maximum length 72 characters.
[Fri Jul 17 12:55:14.960081 2026] [wsgi:error] [pid 9:tid 140228357281472] [remote 10.0.0.15:46900] 2026-07-17 12:55:14.959 9 WARNING keystone.common.fernet_utils [None req-59fc3033-a29c-401f-a087-ab9374f708af - - - - - -] key_repository is world readable: /etc/keystone/fernet-keys/ 10.0.0.15 - - [17/Jul/2026:12:55:14 +0000] "POST /v3/auth/tokens HTTP/1.1" 201 1464
[Fri Jul 17 12:55:15.119357 2026] [wsgi:error] [pid 10:tid 140228357281472] [remote 10.0.0.15:46916] 2026-07-17 12:55:15.119 10 WARNING keystone.common.fernet_utils [None req-37fe9a86-15d9-4960-b9fa-745fb5a304af - - - - - -] key_repository is world readable: /etc/keystone/fernet-keys/ 10.0.0.15 - - [17/Jul/2026:12:55:15 +0000] "GET /v3/services HTTP/1.1" 200 639 10.0.0.15 - - [17/Jul/2026:12:55:14 +0000] "POST /v3/auth/tokens HTTP/1.1" 201 1464
[Fri Jul 17 12:55:15.148453 2026] [wsgi:error] [pid 12:tid 140228357281472] [remote 10.0.0.15:46926] 2026-07-17 12:55:15.148 12 WARNING keystone.common.fernet_utils [None req-41f22869-866f-4e28-a931-fdd448228f21 - - - - - -] key_repository is world readable: /etc/keystone/fernet-keys/ 10.0.0.15 - - [17/Jul/2026:12:55:14 +0000] "POST /v3/auth/tokens HTTP/1.1" 201 1464 10.0.0.15 - - [17/Jul/2026:12:55:15 +0000] "GET /v3/services HTTP/1.1" 200 639 10.0.0.15 - - [17/Jul/2026:12:55:15 +0000] "GET /v3/services HTTP/1.1" 200 639 10.0.0.15 - - [17/Jul/2026:12:55:16 +0000] "GET / HTTP/1.1" 300 295
[Fri Jul 17 12:55:16.663863 2026] [wsgi:error] [pid 12:tid 140228357281472] [remote 10.0.0.15:46936] 2026-07-17 12:55:16.663 12 WARNING keystone.common.password_hashing [None req-ea69b13a-48a3-4021-bc0c-ab6a419dd1ab - - - - - -] Truncating password to algorithm specific maximum length 72 characters. 10.0.0.15 - - [17/Jul/2026:12:55:16 +0000] "GET / HTTP/1.1" 300 295
[Fri Jul 17 12:55:16.827883 2026] [wsgi:error] [pid 11:tid 140228357281472] [remote 10.0.0.15:46938] 2026-07-17 12:55:16.827 11 WARNING keystone.common.password_hashing [None req-5bddd848-8579-4237-9f0f-c14691da656f - - - - - -] Truncating password to algorithm specific maximum length 72 characters. 10.0.0.15 - - [17/Jul/2026:12:55:16 +0000] "GET / HTTP/1.1" 300 295
[Fri Jul 17 12:55:16.899873 2026] [wsgi:error] [pid 9:tid 140228357281472] [remote 10.0.0.15:46948] 2026-07-17 12:55:16.899 9 WARNING keystone.common.password_hashing [None req-0b61a9aa-36d3-488a-ab5c-eafec164dc05 - - - - - -] Truncating password to algorithm specific maximum length 72 characters.
[Fri Jul 17 12:55:16.937756 2026] [wsgi:error] [pid 12:tid 140228357281472] [remote 10.0.0.15:46936] 2026-07-17 12:55:16.937 12 WARNING keystone.common.fernet_utils [None req-ea69b13a-48a3-4021-bc0c-ab6a419dd1ab - - - - - -] key_repository is world readable: /etc/keystone/fernet-keys/ 10.0.0.15 - - [17/Jul/2026:12:55:16 +0000] "POST /v3/auth/tokens HTTP/1.1" 201 1464 10.0.0.15 - - [17/Jul/2026:12:55:17 +0000] "GET /v3/endpoints HTTP/1.1" 200 1227
[Fri Jul 17 12:55:17.102741 2026] [wsgi:error] [pid 11:tid 140228357281472] [remote 10.0.0.15:46938] 2026-07-17 12:55:17.102 11 WARNING keystone.common.fernet_utils [None req-5bddd848-8579-4237-9f0f-c14691da656f - - - - - -] key_repository is world readable: /etc/keystone/fernet-keys/ 10.0.0.15 - - [17/Jul/2026:12:55:16 +0000] "POST /v3/auth/tokens HTTP/1.1" 201 1464 10.0.0.15 - - [17/Jul/2026:12:55:17 +0000] "GET /v3/services/0d1e9aa19f6942a1a1711fd5070336d1 HTTP/1.1" 200 233 10.0.0.15 - - [17/Jul/2026:12:55:17 +0000] "GET /v3/services/0d1e9aa19f6942a1a1711fd5070336d1 HTTP/1.1" 200 233 10.0.0.15 - - [17/Jul/2026:12:55:17 +0000] "GET /v3/services/0d1e9aa19f6942a1a1711fd5070336d1 HTTP/1.1" 200 233
[Fri Jul 17 12:55:17.184089 2026] [wsgi:error] [pid 9:tid 140228357281472] [remote 10.0.0.15:46948] 2026-07-17 12:55:17.183 9 WARNING keystone.common.fernet_utils [None req-0b61a9aa-36d3-488a-ab5c-eafec164dc05 - - - - - -] key_repository is world readable: /etc/keystone/fernet-keys/ 10.0.0.15 - - [17/Jul/2026:12:55:16 +0000] "POST /v3/auth/tokens HTTP/1.1" 201 1464 10.0.0.15 - - [17/Jul/2026:12:55:17 +0000] "GET /v3/endpoints HTTP/1.1" 200 1227 10.0.0.15 - - [17/Jul/2026:12:55:17 +0000] "GET /v3/services/0d1e9aa19f6942a1a1711fd5070336d1 HTTP/1.1" 200 233 10.0.0.15 - - [17/Jul/2026:12:55:17 +0000] "GET /v3/services/0d1e9aa19f6942a1a1711fd5070336d1 HTTP/1.1" 200 233 10.0.0.15 - - [17/Jul/2026:12:55:17 +0000] "GET /v3/services/0d1e9aa19f6942a1a1711fd5070336d1 HTTP/1.1" 200 233 10.0.0.15 - - [17/Jul/2026:12:55:17 +0000] "GET /v3/endpoints HTTP/1.1" 200 1227 10.0.0.15 - - [17/Jul/2026:12:55:17 +0000] "GET /v3/services/0d1e9aa19f6942a1a1711fd5070336d1 HTTP/1.1" 200 233 10.0.0.15 - - [17/Jul/2026:12:55:17 +0000] "GET /v3/services/0d1e9aa19f6942a1a1711fd5070336d1 HTTP/1.1" 200 233 10.0.0.15 - - [17/Jul/2026:12:55:17 +0000] "GET /v3/services/0d1e9aa19f6942a1a1711fd5070336d1 HTTP/1.1" 200 233 10.0.0.15 - - [17/Jul/2026:12:55:18 +0000] "GET / HTTP/1.1" 300 295
[Fri Jul 17 12:55:18.685093 2026] [wsgi:error] [pid 10:tid 140228357281472] [remote 10.0.0.15:59282] 2026-07-17 12:55:18.684 10 WARNING keystone.common.password_hashing [None req-ad50f2e8-2de6-4e34-926c-15cf4b2aa013 - - - - - -] Truncating password to algorithm specific maximum length 72 characters. 10.0.0.15 - - [17/Jul/2026:12:55:18 +0000] "GET / HTTP/1.1" 300 295
[Fri Jul 17 12:55:18.752250 2026] [wsgi:error] [pid 9:tid 140228357281472] [remote 10.0.0.15:59292] 2026-07-17 12:55:18.752 9 WARNING keystone.common.password_hashing [None req-01a02196-22c3-419a-ba8c-123eace399f1 - - - - - -] Truncating password to algorithm specific maximum length 72 characters.
[Fri Jul 17 12:55:18.954539 2026] [wsgi:error] [pid 10:tid 140228357281472] [remote 10.0.0.15:59282] 2026-07-17 12:55:18.954 10 WARNING keystone.common.fernet_utils [None req-ad50f2e8-2de6-4e34-926c-15cf4b2aa013 - - - - - -] key_repository is world readable: /etc/keystone/fernet-keys/ 10.0.0.15 - - [17/Jul/2026:12:55:18 +0000] "POST /v3/auth/tokens HTTP/1.1" 201 1464 10.0.0.15 - - [17/Jul/2026:12:55:19 +0000] "GET / HTTP/1.1" 300 295
[Fri Jul 17 12:55:19.018099 2026] [wsgi:error] [pid 9:tid 140228357281472] [remote 10.0.0.15:59292] 2026-07-17 12:55:19.017 9 WARNING keystone.common.fernet_utils [None req-01a02196-22c3-419a-ba8c-123eace399f1 - - - - - -] key_repository is world readable: /etc/keystone/fernet-keys/ 10.0.0.15 - - [17/Jul/2026:12:55:18 +0000] "POST /v3/auth/tokens HTTP/1.1" 201 1464
[Fri Jul 17 12:55:19.036248 2026] [wsgi:error] [pid 11:tid 140228357281472] [remote 10.0.0.15:59302] 2026-07-17 12:55:19.036 11 WARNING keystone.common.password_hashing [None req-058de0ae-3a4a-4c47-acb7-8357cf23f333 - - - - - -] Truncating password to algorithm specific maximum length 72 characters. 10.0.0.15 - - [17/Jul/2026:12:55:19 +0000] "GET /v3/services/c815bd1cc12d4634b65b93d0a3cdfcbd HTTP/1.1" 200 296 10.0.0.15 - - [17/Jul/2026:12:55:19 +0000] "GET /v3/regions/RegionOne HTTP/1.1" 200 173 10.0.0.15 - - [17/Jul/2026:12:55:19 +0000] "GET /v3/services/c815bd1cc12d4634b65b93d0a3cdfcbd HTTP/1.1" 200 296 10.0.0.15 - - [17/Jul/2026:12:55:19 +0000] "GET /v3/regions/RegionOne HTTP/1.1" 200 173 10.0.0.15 - - [17/Jul/2026:12:55:19 +0000] "POST /v3/endpoints HTTP/1.1" 201 380
[Fri Jul 17 12:55:19.310860 2026] [wsgi:error] [pid 11:tid 140228357281472] [remote 10.0.0.15:59302] 2026-07-17 12:55:19.310 11 WARNING keystone.common.fernet_utils [None req-058de0ae-3a4a-4c47-acb7-8357cf23f333 - - - - - -] key_repository is world readable: /etc/keystone/fernet-keys/ 10.0.0.15 - - [17/Jul/2026:12:55:19 +0000] "POST /v3/endpoints HTTP/1.1" 201 383 10.0.0.15 - - [17/Jul/2026:12:55:19 +0000] "POST /v3/auth/tokens HTTP/1.1" 201 1823 10.0.0.15 - - [17/Jul/2026:12:55:19 +0000] "GET /v3/services/c815bd1cc12d4634b65b93d0a3cdfcbd HTTP/1.1" 200 296 10.0.0.15 - - [17/Jul/2026:12:55:19 +0000] "GET /v3/regions/RegionOne HTTP/1.1" 200 173 10.0.0.15 - - [17/Jul/2026:12:55:19 +0000] "POST /v3/endpoints HTTP/1.1" 201 370 10.0.0.15 - - [17/Jul/2026:12:55:20 +0000] "GET / HTTP/1.1" 300 295 10.0.0.15 - - [17/Jul/2026:12:55:20 +0000] "GET / HTTP/1.1" 300 295
[Fri Jul 17 12:55:20.776649 2026] [wsgi:error] [pid 12:tid 140228357281472] [remote 10.0.0.15:59312] 2026-07-17 12:55:20.776 12 WARNING keystone.common.password_hashing [None req-18f01762-1681-4578-9e12-492e134e269c - - - - - -] Truncating password to algorithm specific maximum length 72 characters.
[Fri Jul 17 12:55:20.797683 2026] [wsgi:error] [pid 9:tid 140228357281472] [remote 10.0.0.15:59326] 2026-07-17 12:55:20.797 9 WARNING keystone.common.password_hashing [None req-7e996a8a-6714-4cd6-b4dc-bb81c7bff87a - - - - - -] Truncating password to algorithm specific maximum length 72 characters. 10.0.0.15 - - [17/Jul/2026:12:55:21 +0000] "GET / HTTP/1.1" 300 295
[Fri Jul 17 12:55:21.065406 2026] [wsgi:error] [pid 10:tid 140228357281472] [remote 10.0.0.15:59328] 2026-07-17 12:55:21.065 10 WARNING keystone.common.password_hashing [None req-8ca41755-3fcc-4c6d-bb9d-93b3d0c83bbd - - - - - -] Truncating password to algorithm specific maximum length 72 characters.
[Fri Jul 17 12:55:21.066621 2026] [wsgi:error] [pid 12:tid 140228357281472] [remote 10.0.0.15:59312] 2026-07-17 12:55:21.066 12 WARNING keystone.common.fernet_utils [None req-18f01762-1681-4578-9e12-492e134e269c - - - - - -] key_repository is world readable: /etc/keystone/fernet-keys/
[Fri Jul 17 12:55:21.068694 2026] [wsgi:error] [pid 9:tid 140228357281472] [remote 10.0.0.15:59326] 2026-07-17 12:55:21.068 9 WARNING keystone.common.fernet_utils [None req-7e996a8a-6714-4cd6-b4dc-bb81c7bff87a - - - - - -] key_repository is world readable: /etc/keystone/fernet-keys/ 10.0.0.15 - - [17/Jul/2026:12:55:20 +0000] "POST /v3/auth/tokens HTTP/1.1" 201 1992 10.0.0.15 - - [17/Jul/2026:12:55:20 +0000] "POST /v3/auth/tokens HTTP/1.1" 201 1992 10.0.0.15 - - [17/Jul/2026:12:55:21 +0000] "GET /v3/endpoints/021d002415e14a86bfb3e6339a3985f4 HTTP/1.1" 200 383 10.0.0.15 - - [17/Jul/2026:12:55:21 +0000] "GET /v3/endpoints/880cc668d2494759b56f4e16d3857f34 HTTP/1.1" 200 380 10.0.0.15 - - [17/Jul/2026:12:55:21 +0000] "GET /v3/services/c815bd1cc12d4634b65b93d0a3cdfcbd HTTP/1.1" 200 296 10.0.0.15 - - [17/Jul/2026:12:55:21 +0000] "GET /v3/services/c815bd1cc12d4634b65b93d0a3cdfcbd HTTP/1.1" 200 296
[Fri Jul 17 12:55:21.336359 2026] [wsgi:error] [pid 10:tid 140228357281472] [remote 10.0.0.15:59328] 2026-07-17 12:55:21.336 10 WARNING keystone.common.fernet_utils [None req-8ca41755-3fcc-4c6d-bb9d-93b3d0c83bbd - - - - - -] key_repository is world readable: /etc/keystone/fernet-keys/ 10.0.0.15 - - [17/Jul/2026:12:55:21 +0000] "POST /v3/auth/tokens HTTP/1.1" 201 1992 10.0.0.15 - - [17/Jul/2026:12:55:21 +0000] "GET /v3/endpoints/e4fd6a52ec8d4749b5ad8c88d1a186fe HTTP/1.1" 200 370 10.0.0.15 - - [17/Jul/2026:12:55:21 +0000] "GET /v3/services/c815bd1cc12d4634b65b93d0a3cdfcbd HTTP/1.1" 200 296 10.0.0.141 - - [17/Jul/2026:12:55:31 +0000] "GET / HTTP/1.1" 300 295
[Fri Jul 17 12:55:32.010548 2026] [wsgi:error] [pid 10:tid 140228357281472] [remote 10.0.0.141:51426] 2026-07-17 12:55:32.010 10 WARNING keystone.common.password_hashing [None req-fbc71707-8f30-4a94-a51f-47d7bb0e5dfe - - - - - -] Truncating password to algorithm specific maximum length 72 characters.
[Fri Jul 17 12:55:32.284090 2026] [wsgi:error] [pid 10:tid 140228357281472] [remote 10.0.0.141:51426] 2026-07-17 12:55:32.283 10 WARNING keystone.common.fernet_utils [None req-fbc71707-8f30-4a94-a51f-47d7bb0e5dfe - - - - - -] key_repository is world readable: /etc/keystone/fernet-keys/ 10.0.0.141 - - [17/Jul/2026:12:55:31 +0000] "POST /v3/auth/tokens HTTP/1.1" 201 1992 10.0.0.141 - - [17/Jul/2026:12:55:32 +0000] "POST /v3/domains HTTP/1.1" 201 284 10.0.0.141 - - [17/Jul/2026:12:55:34 +0000] "GET / HTTP/1.1" 300 295
[Fri Jul 17 12:55:34.041909 2026] [wsgi:error] [pid 11:tid 140228357281472] [remote 10.0.0.141:51442] 2026-07-17 12:55:34.041 11 WARNING keystone.common.password_hashing [None req-44a6d23d-5aa8-45e8-95db-34ed551b4867 - - - - - -] Truncating password to algorithm specific maximum length 72 characters.
[Fri Jul 17 12:55:34.320788 2026] [wsgi:error] [pid 11:tid 140228357281472] [remote 10.0.0.141:51442] 2026-07-17 12:55:34.320 11 WARNING keystone.common.fernet_utils [None req-44a6d23d-5aa8-45e8-95db-34ed551b4867 - - - - - -] key_repository is world readable: /etc/keystone/fernet-keys/ 10.0.0.141 - - [17/Jul/2026:12:55:34 +0000] "POST /v3/auth/tokens HTTP/1.1" 201 1992
[Fri Jul 17 12:55:34.502465 2026] [wsgi:error] [pid 10:tid 140228357281472] [remote 10.0.0.141:51442] 2026-07-17 12:55:34.489 10 ERROR keystone.server.flask.application [None req-8681c735-5c02-48c6-8268-9e8e955e6351 0b56078c22b24945b67708de2a20284c 259120fc650b4bb2832d92cc62e3c4fe - - default default] Conflict occurred attempting to store project - it is not permitted to have two projects acting as domains with the same name: service.: keystone.exception.Conflict: Conflict occurred attempting to store project - it is not permitted to have two projects acting as domains with the same name: service.
[Fri Jul 17 12:55:34.502491 2026] [wsgi:error] [pid 10:tid 140228357281472] [remote 10.0.0.141:51442] 2026-07-17 12:55:34.489 10 ERROR keystone.server.flask.application
Traceback (most recent call last):
[Fri Jul 17 12:55:34.502493 2026] [wsgi:error] [pid 10:tid 140228357281472] [remote 10.0.0.141:51442] 2026-07-17 12:55:34.489 10 ERROR keystone.server.flask.application
File "/var/lib/openstack/lib/python3.12/site-packages/sqlalchemy/engine/base.py", line 1969, in _exec_single_context
[Fri Jul 17 12:55:34.502495 2026] [wsgi:error] [pid 10:tid 140228357281472] [remote 10.0.0.141:51442] 2026-07-17 12:55:34.489 10 ERROR keystone.server.flask.application self.dialect.do_execute(
[Fri Jul 17 12:55:34.502496 2026] [wsgi:error] [pid 10:tid 140228357281472] [remote 10.0.0.141:51442] 2026-07-17 12:55:34.489 10 ERROR keystone.server.flask.application
File "/var/lib/openstack/lib/python3.12/site-packages/sqlalchemy/engine/default.py", line 952, in do_execute
[Fri Jul 17 12:55:34.502498 2026] [wsgi:error] [pid 10:tid 140228357281472] [remote 10.0.0.141:51442] 2026-07-17 12:55:34.489 10 ERROR keystone.server.flask.application cursor.execute(statement, parameters)
[Fri Jul 17 12:55:34.502499 2026] [wsgi:error] [pid 10:tid 140228357281472] [remote 10.0.0.141:51442] 2026-07-17 12:55:34.489 10 ERROR keystone.server.flask.application
File "/var/lib/openstack/lib/python3.12/site-packages/pymysql/cursors.py", line 159, in execute
[Fri Jul 17 12:55:34.502501 2026] [wsgi:error] [pid 10:tid 140228357281472] [remote 10.0.0.141:51442] 2026-07-17 12:55:34.489 10 ERROR keystone.server.flask.application result = self._query(query)
[Fri Jul 17 12:55:34.502502 2026] [wsgi:error] [pid 10:tid 140228357281472] [remote 10.0.0.141:51442] 2026-07-17 12:55:34.489 10 ERROR keystone.server.flask.application ^^^^^^^^^^^^^^^^^^
[Fri Jul 17 12:55:34.502503 2026] [wsgi:error] [pid 10:tid 140228357281472] [remote 10.0.0.141:51442] 2026-07-17 12:55:34.489 10 ERROR keystone.server.flask.application
File "/var/lib/openstack/lib/python3.12/site-packages/pymysql/cursors.py", line 330, in _query
[Fri Jul 17 12:55:34.502505 2026] [wsgi:error] [pid 10:tid 140228357281472] [remote 10.0.0.141:51442] 2026-07-17 12:55:34.489 10 ERROR keystone.server.flask.application conn.query(q)
[Fri Jul 17 12:55:34.502506 2026] [wsgi:error] [pid 10:tid 140228357281472] [remote 10.0.0.141:51442] 2026-07-17 12:55:34.489 10 ERROR keystone.server.flask.application
File "/var/lib/openstack/lib/python3.12/site-packages/pymysql/connections.py", line 582, in query
[Fri Jul 17 12:55:34.502508 2026] [wsgi:error] [pid 10:tid 140228357281472] [remote 10.0.0.141:51442] 2026-07-17 12:55:34.489 10 ERROR keystone.server.flask.application self._affected_rows = self._read_query_result(unbuffered=unbuffered)
[Fri Jul 17 12:55:34.502509 2026] [wsgi:error] [pid 10:tid 140228357281472] [remote 10.0.0.141:51442] 2026-07-17 12:55:34.489 10 ERROR keystone.server.flask.application ^^^^^^^^^^^^^^^^^^^^^^^^^^^^^^^^^^^^^^^^^^^^^^
[Fri Jul 17 12:55:34.502511 2026] [wsgi:error] [pid 10:tid 140228357281472] [remote 10.0.0.141:51442] 2026-07-17 12:55:34.489 10 ERROR keystone.server.flask.application
File "/var/lib/openstack/lib/python3.12/site-packages/pymysql/connections.py", line 847, in _read_query_result
[Fri Jul 17 12:55:34.502512 2026] [wsgi:error] [pid 10:tid 140228357281472] [remote 10.0.0.141:51442] 2026-07-17 12:55:34.489 10 ERROR keystone.server.flask.application result.read()
[Fri Jul 17 12:55:34.502515 2026] [wsgi:error] [pid 10:tid 140228357281472] [remote 10.0.0.141:51442] 2026-07-17 12:55:34.489 10 ERROR keystone.server.flask.application
File "/var/lib/openstack/lib/python3.12/site-packages/pymysql/connections.py", line 1245, in read
[Fri Jul 17 12:55:34.502517 2026] [wsgi:error] [pid 10:tid 140228357281472] [remote 10.0.0.141:51442] 2026-07-17 12:55:34.489 10 ERROR keystone.server.flask.application first_packet = self.connection._read_packet()
[Fri Jul 17 12:55:34.502518 2026] [wsgi:error] [pid 10:tid 140228357281472] [remote 10.0.0.141:51442] 2026-07-17 12:55:34.489 10 ERROR keystone.server.flask.application ^^^^^^^^^^^^^^^^^^^^^^^^^^^^^^
[Fri Jul 17 12:55:34.502520 2026] [wsgi:error] [pid 10:tid 140228357281472] [remote 10.0.0.141:51442] 2026-07-17 12:55:34.489 10 ERROR keystone.server.flask.application
File "/var/lib/openstack/lib/python3.12/site-packages/pymysql/connections.py", line 803, in _read_packet
[Fri Jul 17 12:55:34.502521 2026] [wsgi:error] [pid 10:tid 140228357281472] [remote 10.0.0.141:51442] 2026-07-17 12:55:34.489 10 ERROR keystone.server.flask.application packet.raise_for_error()
[Fri Jul 17 12:55:34.502522 2026] [wsgi:error] [pid 10:tid 140228357281472] [remote 10.0.0.141:51442] 2026-07-17 12:55:34.489 10 ERROR keystone.server.flask.application
File "/var/lib/openstack/lib/python3.12/site-packages/pymysql/protocol.py", line 219, in raise_for_error
[Fri Jul 17 12:55:34.502524 2026] [wsgi:error] [pid 10:tid 140228357281472] [remote 10.0.0.141:51442] 2026-07-17 12:55:34.489 10 ERROR keystone.server.flask.application err.raise_mysql_exception(self._data)
[Fri Jul 17 12:55:34.502525 2026] [wsgi:error] [pid 10:tid 140228357281472] [remote 10.0.0.141:51442] 2026-07-17 12:55:34.489 10 ERROR keystone.server.flask.application
File "/var/lib/openstack/lib/python3.12/site-packages/pymysql/err.py", line 154, in raise_mysql_exception
[Fri Jul 17 12:55:34.502527 2026] [wsgi:error] [pid 10:tid 140228357281472] [remote 10.0.0.141:51442] 2026-07-17 12:55:34.489 10 ERROR keystone.server.flask.application raise errorclass(errno, errval, sqlstate=sqlstate)
[Fri Jul 17 12:55:34.502528 2026] [wsgi:error] [pid 10:tid 140228357281472] [remote 10.0.0.141:51442] 2026-07-17 12:55:34.489 10 ERROR keystone.server.flask.application pymysql.err.IntegrityError: (1062, "Duplicate entry '<>-service' for key 'project.ixu_project_name_domain_id'")
[Fri Jul 17 12:55:34.502530 2026] [wsgi:error] [pid 10:tid 140228357281472] [remote 10.0.0.141:51442] 2026-07-17 12:55:34.489 10 ERROR keystone.server.flask.application
[Fri Jul 17 12:55:34.502531 2026] [wsgi:error] [pid 10:tid 140228357281472] [remote 10.0.0.141:51442] 2026-07-17 12:55:34.489 10 ERROR keystone.server.flask.application The above exception was the direct cause of the following exception:
[Fri Jul 17 12:55:34.502532 2026] [wsgi:error] [pid 10:tid 140228357281472] [remote 10.0.0.141:51442] 2026-07-17 12:55:34.489 10 ERROR keystone.server.flask.application
[Fri Jul 17 12:55:34.502534 2026] [wsgi:error] [pid 10:tid 140228357281472] [remote 10.0.0.141:51442] 2026-07-17 12:55:34.489 10 ERROR keystone.server.flask.application
Traceback (most recent call last):
[Fri Jul 17 12:55:34.502535 2026] [wsgi:error] [pid 10:tid 140228357281472] [remote 10.0.0.141:51442] 2026-07-17 12:55:34.489 10 ERROR keystone.server.flask.application
File "/var/lib/openstack/lib/python3.12/site-packages/keystone/common/sql/core.py", line 575, in wrapper
[Fri Jul 17 12:55:34.502536 2026] [wsgi:error] [pid 10:tid 140228357281472] [remote 10.0.0.141:51442] 2026-07-17 12:55:34.489 10 ERROR keystone.server.flask.application return method(*args, **kwargs)
[Fri Jul 17 12:55:34.502538 2026] [wsgi:error] [pid 10:tid 140228357281472] [remote 10.0.0.141:51442] 2026-07-17 12:55:34.489 10 ERROR keystone.server.flask.application ^^^^^^^^^^^^^^^^^^^^^^^
[Fri Jul 17 12:55:34.502540 2026] [wsgi:error] [pid 10:tid 140228357281472] [remote 10.0.0.141:51442] 2026-07-17 12:55:34.489 10 ERROR keystone.server.flask.application
File "/var/lib/openstack/lib/python3.12/site-packages/keystone/resource/backends/sql.py", line 278, in create_project
[Fri Jul 17 12:55:34.502551 2026] [wsgi:error] [pid 10:tid 140228357281472] [remote 10.0.0.141:51442] 2026-07-17 12:55:34.489 10 ERROR keystone.server.flask.application with sql.session_for_write() as session:
[Fri Jul 17 12:55:34.502553 2026] [wsgi:error] [pid 10:tid 140228357281472] [remote 10.0.0.141:51442] 2026-07-17 12:55:34.489 10 ERROR keystone.server.flask.application
File "/usr/lib/python3.12/contextlib.py", line 144, in __exit__
[Fri Jul 17 12:55:34.502554 2026] [wsgi:error] [pid 10:tid 140228357281472] [remote 10.0.0.141:51442] 2026-07-17 12:55:34.489 10 ERROR keystone.server.flask.application next(self.gen)
[Fri Jul 17 12:55:34.502556 2026] [wsgi:error] [pid 10:tid 140228357281472] [remote 10.0.0.141:51442] 2026-07-17 12:55:34.489 10 ERROR keystone.server.flask.application
File "/var/lib/openstack/lib/python3.12/site-packages/oslo_db/sqlalchemy/enginefacade.py", line 1175, in _transaction_scope
[Fri Jul 17 12:55:34.502558 2026] [wsgi:error] [pid 10:tid 140228357281472] [remote 10.0.0.141:51442] 2026-07-17 12:55:34.489 10 ERROR keystone.server.flask.application with current._produce_block(
[Fri Jul 17 12:55:34.502559 2026] [wsgi:error] [pid 10:tid 140228357281472] [remote 10.0.0.141:51442] 2026-07-17 12:55:34.489 10 ERROR keystone.server.flask.application
File "/usr/lib/python3.12/contextlib.py", line 144, in __exit__
[Fri Jul 17 12:55:34.502561 2026] [wsgi:error] [pid 10:tid 140228357281472] [remote 10.0.0.141:51442] 2026-07-17 12:55:34.489 10 ERROR keystone.server.flask.application next(self.gen)
[Fri Jul 17 12:55:34.502562 2026] [wsgi:error] [pid 10:tid 140228357281472] [remote 10.0.0.141:51442] 2026-07-17 12:55:34.489 10 ERROR keystone.server.flask.application
File "/var/lib/openstack/lib/python3.12/site-packages/oslo_db/sqlalchemy/enginefacade.py", line 837, in _session
[Fri Jul 17 12:55:34.502564 2026] [wsgi:error] [pid 10:tid 140228357281472] [remote 10.0.0.141:51442] 2026-07-17 12:55:34.489 10 ERROR keystone.server.flask.application with excutils.save_and_reraise_exception():
[Fri Jul 17 12:55:34.502565 2026] [wsgi:error] [pid 10:tid 140228357281472] [remote 10.0.0.141:51442] 2026-07-17 12:55:34.489 10 ERROR keystone.server.flask.application
File "/var/lib/openstack/lib/python3.12/site-packages/oslo_utils/excutils.py", line 266, in __exit__
[Fri Jul 17 12:55:34.502567 2026] [wsgi:error] [pid 10:tid 140228357281472] [remote 10.0.0.141:51442] 2026-07-17 12:55:34.489 10 ERROR keystone.server.flask.application self.force_reraise()
[Fri Jul 17 12:55:34.502568 2026] [wsgi:error] [pid 10:tid 140228357281472] [remote 10.0.0.141:51442] 2026-07-17 12:55:34.489 10 ERROR keystone.server.flask.application
File "/var/lib/openstack/lib/python3.12/site-packages/oslo_utils/excutils.py", line 232, in force_reraise
[Fri Jul 17 12:55:34.502570 2026] [wsgi:error] [pid 10:tid 140228357281472] [remote 10.0.0.141:51442] 2026-07-17 12:55:34.489 10 ERROR keystone.server.flask.application raise self.value
[Fri Jul 17 12:55:34.502571 2026] [wsgi:error] [pid 10:tid 140228357281472] [remote 10.0.0.141:51442] 2026-07-17 12:55:34.489 10 ERROR keystone.server.flask.application
File "/var/lib/openstack/lib/python3.12/site-packages/oslo_db/sqlalchemy/enginefacade.py", line 835, in _session
[Fri Jul 17 12:55:34.502573 2026] [wsgi:error] [pid 10:tid 140228357281472] [remote 10.0.0.141:51442] 2026-07-17 12:55:34.489 10 ERROR keystone.server.flask.application self._end_session_transaction(self.session)
[Fri Jul 17 12:55:34.502574 2026] [wsgi:error] [pid 10:tid 140228357281472] [remote 10.0.0.141:51442] 2026-07-17 12:55:34.489 10 ERROR keystone.server.flask.application
File "/var/lib/openstack/lib/python3.12/site-packages/oslo_db/sqlalchemy/enginefacade.py", line 748, in _end_session_transaction
[Fri Jul 17 12:55:34.502576 2026] [wsgi:error] [pid 10:tid 140228357281472] [remote 10.0.0.141:51442] 2026-07-17 12:55:34.489 10 ERROR keystone.server.flask.application session.commit()
[Fri Jul 17 12:55:34.502578 2026] [wsgi:error] [pid 10:tid 140228357281472] [remote 10.0.0.141:51442] 2026-07-17 12:55:34.489 10 ERROR keystone.server.flask.application
File "/var/lib/openstack/lib/python3.12/site-packages/sqlalchemy/orm/session.py", line 2034, in commit
[Fri Jul 17 12:55:34.502582 2026] [wsgi:error] [pid 10:tid 140228357281472] [remote 10.0.0.141:51442] 2026-07-17 12:55:34.489 10 ERROR keystone.server.flask.application trans.commit(_to_root=True)
[Fri Jul 17 12:55:34.502584 2026] [wsgi:error] [pid 10:tid 140228357281472] [remote 10.0.0.141:51442] 2026-07-17 12:55:34.489 10 ERROR keystone.server.flask.application File "", line 2, in commit
[Fri Jul 17 12:55:34.502585 2026] [wsgi:error] [pid 10:tid 140228357281472] [remote 10.0.0.141:51442] 2026-07-17 12:55:34.489 10 ERROR keystone.server.flask.application
File "/var/lib/openstack/lib/python3.12/site-packages/sqlalchemy/orm/state_changes.py", line 137, in _go
[Fri Jul 17 12:55:34.502587 2026] [wsgi:error] [pid 10:tid 140228357281472] [remote 10.0.0.141:51442] 2026-07-17 12:55:34.489 10 ERROR keystone.server.flask.application ret_value = fn(self, *arg, **kw)
[Fri Jul 17 12:55:34.502589 2026] [wsgi:error] [pid 10:tid 140228357281472] [remote 10.0.0.141:51442] 2026-07-17 12:55:34.489 10 ERROR keystone.server.flask.application ^^^^^^^^^^^^^^^^^^^^
[Fri Jul 17 12:55:34.502591 2026] [wsgi:error] [pid 10:tid 140228357281472] [remote 10.0.0.141:51442] 2026-07-17 12:55:34.489 10 ERROR keystone.server.flask.application
File "/var/lib/openstack/lib/python3.12/site-packages/sqlalchemy/orm/session.py", line 1315, in commit
[Fri Jul 17 12:55:34.502593 2026] [wsgi:error] [pid 10:tid 140228357281472] [remote 10.0.0.141:51442] 2026-07-17 12:55:34.489 10 ERROR keystone.server.flask.application self._prepare_impl()
[Fri Jul 17 12:55:34.502595 2026] [wsgi:error] [pid 10:tid 140228357281472] [remote 10.0.0.141:51442] 2026-07-17 12:55:34.489 10 ERROR keystone.server.flask.application File "", line 2, in _prepare_impl
[Fri Jul 17 12:55:34.502596 2026] [wsgi:error] [pid 10:tid 140228357281472] [remote 10.0.0.141:51442] 2026-07-17 12:55:34.489 10 ERROR keystone.server.flask.application
File "/var/lib/openstack/lib/python3.12/site-packages/sqlalchemy/orm/state_changes.py", line 137, in _go
[Fri Jul 17 12:55:34.502599 2026] [wsgi:error] [pid 10:tid 140228357281472] [remote 10.0.0.141:51442] 2026-07-17 12:55:34.489 10 ERROR keystone.server.flask.application ret_value = fn(self, *arg, **kw)
[Fri Jul 17 12:55:34.502601 2026] [wsgi:error] [pid 10:tid 140228357281472] [remote 10.0.0.141:51442] 2026-07-17 12:55:34.489 10 ERROR keystone.server.flask.application ^^^^^^^^^^^^^^^^^^^^
[Fri Jul 17 12:55:34.502603 2026] [wsgi:error] [pid 10:tid 140228357281472] [remote 10.0.0.141:51442] 2026-07-17 12:55:34.489 10 ERROR keystone.server.flask.application
File "/var/lib/openstack/lib/python3.12/site-packages/sqlalchemy/orm/session.py", line 1290, in _prepare_impl
[Fri Jul 17 12:55:34.502604 2026] [wsgi:error] [pid 10:tid 140228357281472] [remote 10.0.0.141:51442] 2026-07-17 12:55:34.489 10 ERROR keystone.server.flask.application self.session.flush()
[Fri Jul 17 12:55:34.502606 2026] [wsgi:error] [pid 10:tid 140228357281472] [remote 10.0.0.141:51442] 2026-07-17 12:55:34.489 10 ERROR keystone.server.flask.application
File "/var/lib/openstack/lib/python3.12/site-packages/sqlalchemy/orm/session.py", line 4352, in flush
[Fri Jul 17 12:55:34.502609 2026] [wsgi:error] [pid 10:tid 140228357281472] [remote 10.0.0.141:51442] 2026-07-17 12:55:34.489 10 ERROR keystone.server.flask.application self._flush(objects)
[Fri Jul 17 12:55:34.502611 2026] [wsgi:error] [pid 10:tid 140228357281472] [remote 10.0.0.141:51442] 2026-07-17 12:55:34.489 10 ERROR keystone.server.flask.application
File "/var/lib/openstack/lib/python3.12/site-packages/sqlalchemy/orm/session.py", line 4487, in _flush
[Fri Jul 17 12:55:34.502612 2026] [wsgi:error] [pid 10:tid 140228357281472] [remote 10.0.0.141:51442] 2026-07-17 12:55:34.489 10 ERROR keystone.server.flask.application with util.safe_reraise():
[Fri Jul 17 12:55:34.502615 2026] [wsgi:error] [pid 10:tid 140228357281472] [remote 10.0.0.141:51442] 2026-07-17 12:55:34.489 10 ERROR keystone.server.flask.application
File "/var/lib/openstack/lib/python3.12/site-packages/sqlalchemy/util/langhelpers.py", line 122, in __exit__
[Fri Jul 17 12:55:34.502617 2026] [wsgi:error] [pid 10:tid 140228357281472] [remote 10.0.0.141:51442] 2026-07-17 12:55:34.489 10 ERROR keystone.server.flask.application raise exc_value.with_traceback(exc_tb)
[Fri Jul 17 12:55:34.502619 2026] [wsgi:error] [pid 10:tid 140228357281472] [remote 10.0.0.141:51442] 2026-07-17 12:55:34.489 10 ERROR keystone.server.flask.application
File "/var/lib/openstack/lib/python3.12/site-packages/sqlalchemy/orm/session.py", line 4448, in _flush
[Fri Jul 17 12:55:34.502621 2026] [wsgi:error] [pid 10:tid 140228357281472] [remote 10.0.0.141:51442] 2026-07-17 12:55:34.489 10 ERROR keystone.server.flask.application flush_context.execute()
[Fri Jul 17 12:55:34.502623 2026] [wsgi:error] [pid 10:tid 140228357281472] [remote 10.0.0.141:51442] 2026-07-17 12:55:34.489 10 ERROR keystone.server.flask.application
