2026-07-17 13:54:18.558 7 INFO neutron.services.segments.plugin [-] Client error retrieving segment a47b7d76-86ca-4f9e-a45f-1f64be05452a resource provider; error: Placement Client Error (4xx): {"errors": [{"status": 404, "title": "Not Found", "detail": "The resource could not be found.\n\n No resource provider with uuid a47b7d76-86ca-4f9e-a45f-1f64be05452a found for delete ", "request_id": "req-f030508a-bb62-4ef4-8d11-a7c1bf20b475"}]}
2026-07-17 13:54:18.559 7 INFO neutron.services.segments.plugin [-] Client error retrieving segment a47b7d76-86ca-4f9e-a45f-1f64be05452a resource provider; error: Placement Client Error (4xx): {"errors": [{"status": 404, "title": "Not Found", "detail": "The resource could not be found.\n\n No resource provider with uuid a47b7d76-86ca-4f9e-a45f-1f64be05452a found for delete ", "request_id": "req-375681dc-02a3-4736-b6bc-c6f875dd1672"}]}
2026-07-17 13:54:18.575 8 WARNING neutron.db.securitygroups_db [None req-3f404bc6-02cc-443e-ba9c-0b3a1bccdd24 0b56078c22b24945b67708de2a20284c 259120fc650b4bb2832d92cc62e3c4fe - - default default] project_id key not found in filters, using tenant_id instead. This support has been deprecated and will be removed in a future release. [pid: 7|app: 0|req: 674/1388] 10.0.0.107 () {32 vars in 726 bytes} [Fri Jul 17 13:54:18 2026] DELETE /v2.0/networks/7ba62f75-8374-465a-8058-74cec75699a1 => generated 0 bytes in 514 msecs (HTTP/1.1 204) 3 headers in 131 bytes (1 switches on core 0)
2026-07-17 13:54:18.610 7 INFO neutron.pecan_wsgi.hooks.translation [None req-ca4ced2b-9f61-4f0a-a1f9-e09cb49de097 e8ff3ca2705145c0b9a05af8804f3826 edaa7131c7b14baab2b96bef1ea3c368 - - default default] DELETE failed (client error): The resource could not be found. [pid: 7|app: 0|req: 675/1389] 10.0.0.107 () {32 vars in 726 bytes} [Fri Jul 17 13:54:18 2026] DELETE /v2.0/networks/7ba62f75-8374-465a-8058-74cec75699a1 => generated 138 bytes in 15 msecs (HTTP/1.1 404) 4 headers in 164 bytes (1 switches on core 0) [pid: 7|app: 0|req: 676/1390] 10.0.0.107 () {32 vars in 694 bytes} [Fri Jul 17 13:54:18 2026] GET /v2.0/networks?router%3Aexternal=True => generated 689 bytes in 81 msecs (HTTP/1.1 200) 4 headers in 157 bytes (1 switches on core 0)
2026-07-17 13:54:18.735 8 INFO neutron.db.ovn_revision_numbers_db [None req-3f404bc6-02cc-443e-ba9c-0b3a1bccdd24 0b56078c22b24945b67708de2a20284c 259120fc650b4bb2832d92cc62e3c4fe - - default default] Successfully bumped revision number for resource 51aebedb-c9b7-4d47-b8b6-54f9d9ba9605 (type: security_groups) to 1 [pid: 7|app: 0|req: 677/1391] 10.0.0.107 () {32 vars in 742 bytes} [Fri Jul 17 13:54:18 2026] GET /v2.0/subnets?network_id=3465483a-59ff-466b-af17-c03558f0ef2a => generated 649 bytes in 42 msecs (HTTP/1.1 200) 4 headers in 157 bytes (1 switches on core 0)
2026-07-17 13:54:18.747 8 INFO neutron.db.ovn_revision_numbers_db [None req-3f404bc6-02cc-443e-ba9c-0b3a1bccdd24 0b56078c22b24945b67708de2a20284c 259120fc650b4bb2832d92cc62e3c4fe - - default default] Successfully bumped revision number for resource 320b1d31-2ca4-41f3-b53a-84612b23c1b9 (type: security_group_rules) to 0 [pid: 7|app: 0|req: 678/1392] 10.0.0.107 () {32 vars in 653 bytes} [Fri Jul 17 13:54:18 2026] GET /v2.0/extensions => generated 22668 bytes in 5 msecs (HTTP/1.1 200) 4 headers in 159 bytes (1 switches on core 0)
2026-07-17 13:54:18.759 8 INFO neutron.db.ovn_revision_numbers_db [None req-3f404bc6-02cc-443e-ba9c-0b3a1bccdd24 0b56078c22b24945b67708de2a20284c 259120fc650b4bb2832d92cc62e3c4fe - - default default] Successfully bumped revision number for resource 38f98624-f5e9-44e2-8ead-ae0ed49f9bee (type: security_group_rules) to 0
2026-07-17 13:54:18.771 8 INFO neutron.db.ovn_revision_numbers_db [None req-3f404bc6-02cc-443e-ba9c-0b3a1bccdd24 0b56078c22b24945b67708de2a20284c 259120fc650b4bb2832d92cc62e3c4fe - - default default] Successfully bumped revision number for resource 511d996d-54f4-4aa8-8c81-7c21bba13345 (type: security_group_rules) to 0
2026-07-17 13:54:18.784 8 INFO neutron.db.ovn_revision_numbers_db [None req-3f404bc6-02cc-443e-ba9c-0b3a1bccdd24 0b56078c22b24945b67708de2a20284c 259120fc650b4bb2832d92cc62e3c4fe - - default default] Successfully bumped revision number for resource 822fa75a-da68-46c6-9a52-aa11e3453310 (type: security_group_rules) to 0 [pid: 7|app: 0|req: 679/1393] 10.0.0.107 () {32 vars in 649 bytes} [Fri Jul 17 13:54:18 2026] GET /v2.0/networks => generated 1384 bytes in 42 msecs (HTTP/1.1 200) 4 headers in 158 bytes (1 switches on core 0) [pid: 8|app: 0|req: 715/1394] 10.0.0.107 () {32 vars in 774 bytes} [Fri Jul 17 13:54:18 2026] GET /v2.0/security-groups?tenant_id=b11a6efce75a472ca50e0dd096f42cba&name=default => generated 2925 bytes in 454 msecs (HTTP/1.1 200) 4 headers in 158 bytes (1 switches on core 0) [pid: 7|app: 0|req: 680/1395] 10.0.0.107 () {32 vars in 647 bytes} [Fri Jul 17 13:54:18 2026] GET /v2.0/subnets => generated 1280 bytes in 45 msecs (HTTP/1.1 200) 4 headers in 158 bytes (1 switches on core 0) [pid: 7|app: 0|req: 681/1396] 10.0.0.107 () {32 vars in 723 bytes} [Fri Jul 17 13:54:18 2026] GET /v2.0/networks/72dd04b6-6eb4-4df0-b3c0-5f915963e908 => generated 706 bytes in 37 msecs (HTTP/1.1 200) 4 headers in 157 bytes (1 switches on core 0) [pid: 7|app: 0|req: 682/1397] 10.0.0.107 () {32 vars in 721 bytes} [Fri Jul 17 13:54:18 2026] GET /v2.0/subnets/12e235ef-501d-4a96-a560-519decf8bba1 => generated 641 bytes in 29 msecs (HTTP/1.1 200) 4 headers in 157 bytes (1 switches on core 0)
2026-07-17 13:54:18.948 7 INFO neutron.pecan_wsgi.hooks.translation [None req-000bb217-41f8-4513-ac54-ecadc05a58bd e8ff3ca2705145c0b9a05af8804f3826 edaa7131c7b14baab2b96bef1ea3c368 - - default default] DELETE failed (client error): The resource could not be found. [pid: 7|app: 0|req: 683/1398] 10.0.0.107 () {32 vars in 724 bytes} [Fri Jul 17 13:54:18 2026] DELETE /v2.0/subnets/5b774928-4045-4b50-9c9b-3b11f1421181 => generated 136 bytes in 15 msecs (HTTP/1.1 404) 4 headers in 164 bytes (1 switches on core 0)
2026-07-17 13:54:18.974 7 INFO neutron.pecan_wsgi.hooks.translation [None req-d7196352-2e3e-45d1-8008-f86f982bf235 e8ff3ca2705145c0b9a05af8804f3826 edaa7131c7b14baab2b96bef1ea3c368 - - default default] DELETE failed (client error): The resource could not be found. [pid: 7|app: 0|req: 684/1399] 10.0.0.107 () {32 vars in 726 bytes} [Fri Jul 17 13:54:18 2026] DELETE /v2.0/networks/7ba62f75-8374-465a-8058-74cec75699a1 => generated 138 bytes in 21 msecs (HTTP/1.1 404) 4 headers in 164 bytes (1 switches on core 0) [pid: 8|app: 0|req: 716/1400] 10.0.0.107 () {32 vars in 740 bytes} [Fri Jul 17 13:54:18 2026] DELETE /v2.0/security-groups/51aebedb-c9b7-4d47-b8b6-54f9d9ba9605 => generated 0 bytes in 171 msecs (HTTP/1.1 204) 2 headers in 112 bytes (1 switches on core 0) [pid: 7|app: 0|req: 685/1401] 10.0.0.107 () {32 vars in 724 bytes} [Fri Jul 17 13:54:18 2026] DELETE /v2.0/subnets/12e235ef-501d-4a96-a560-519decf8bba1 => generated 0 bytes in 157 msecs (HTTP/1.1 204) 3 headers in 131 bytes (1 switches on core 0)
2026-07-17 13:54:19.262 8 WARNING neutron.plugins.ml2.drivers.ovn.mech_driver.ovsdb.ovn_client [None req-5ba4a22c-ef86-47f7-b252-3d88a4f3bc9f - - - - - -] No port found with ID 36f1d9d1-98d8-4a23-8413-3624567ff9cd: RuntimeError: No port found with ID 36f1d9d1-98d8-4a23-8413-3624567ff9cd
2026-07-17 13:54:19.264 8 INFO neutron.plugins.ml2.drivers.ovn.mech_driver.mech_driver [None req-5ba4a22c-ef86-47f7-b252-3d88a4f3bc9f - - - - - -] OVN reports status down for port: 8ad780c6-4329-4e4e-b2e5-b6bf7ddac1d9
2026-07-17 13:54:19.279 8 INFO neutron_taas.services.taas.taas_plugin [None req-05bb09d1-727c-4662-b0d2-2a1fd89095b1 e8ff3ca2705145c0b9a05af8804f3826 edaa7131c7b14baab2b96bef1ea3c368 - - default default] TaaS: Handle Delete Port: d3636459-5f81-458c-9432-48da925a97a6
2026-07-17 13:54:19.282 8 INFO neutron.plugins.ml2.drivers.ovn.mech_driver.mech_driver [None req-5ba4a22c-ef86-47f7-b252-3d88a4f3bc9f - - - - - -] OVN reports status down for port: d3636459-5f81-458c-9432-48da925a97a6
2026-07-17 13:54:19.284 8 INFO neutron_taas.services.taas.tap_mirror_plugin [None req-05bb09d1-727c-4662-b0d2-2a1fd89095b1 e8ff3ca2705145c0b9a05af8804f3826 edaa7131c7b14baab2b96bef1ea3c368 - - default default] Tap Mirror: Handle Delete Port: d3636459-5f81-458c-9432-48da925a97a6 [pid: 7|app: 0|req: 686/1402] 10.0.0.107 () {34 vars in 676 bytes} [Fri Jul 17 13:54:19 2026] POST /v2.0/subnetpools => generated 548 bytes in 226 msecs (HTTP/1.1 201) 4 headers in 162 bytes (1 switches on core 0)
2026-07-17 13:54:19.409 8 INFO neutron.plugins.ml2.drivers.ovn.mech_driver.mech_driver [None req-5ba4a22c-ef86-47f7-b252-3d88a4f3bc9f - - - - - -] OVN reports status down for port: 295006c9-5586-4a3d-8833-19b64e0fbe8f [pid: 7|app: 0|req: 687/1403] 10.0.0.107 () {32 vars in 729 bytes} [Fri Jul 17 13:54:19 2026] GET /v2.0/subnetpools/849dd223-961f-4a75-8bc3-12d600179bc6 => generated 548 bytes in 29 msecs (HTTP/1.1 200) 4 headers in 157 bytes (1 switches on core 0) [pid: 7|app: 0|req: 688/1404] 10.0.0.107 () {34 vars in 749 bytes} [Fri Jul 17 13:54:19 2026] PUT /v2.0/subnetpools/849dd223-961f-4a75-8bc3-12d600179bc6 => generated 501 bytes in 62 msecs (HTTP/1.1 200) 4 headers in 157 bytes (1 switches on core 0) [pid: 7|app: 0|req: 689/1405] 10.0.0.107 () {32 vars in 732 bytes} [Fri Jul 17 13:54:19 2026] DELETE /v2.0/subnetpools/849dd223-961f-4a75-8bc3-12d600179bc6 => generated 0 bytes in 57 msecs (HTTP/1.1 204) 2 headers in 112 bytes (1 switches on core 0)
2026-07-17 13:54:19.563 7 INFO neutron.api.v2.resource [None req-1931ef98-b1a2-40a5-8dc2-2f6842ee597d fff8c221af064c5d91339d83c73a5399 09c39620d21e4682a4d7b2de4fe5b071 - - default default] show failed (client error): The resource could not be found. [pid: 7|app: 0|req: 690/1406] 10.0.0.107 () {32 vars in 729 bytes} [Fri Jul 17 13:54:19 2026] GET /v2.0/subnetpools/849dd223-961f-4a75-8bc3-12d600179bc6 => generated 145 bytes in 14 msecs (HTTP/1.1 404) 4 headers in 164 bytes (1 switches on core 0)
2026-07-17 13:54:19.580 7 INFO neutron.api.v2.resource [None req-ec4c12de-ba97-4cdc-8119-57fa3e86e8f5 fff8c221af064c5d91339d83c73a5399 09c39620d21e4682a4d7b2de4fe5b071 - - default default] delete failed (client error): The resource could not be found. [pid: 7|app: 0|req: 691/1407] 10.0.0.107 () {32 vars in 732 bytes} [Fri Jul 17 13:54:19 2026] DELETE /v2.0/subnetpools/849dd223-961f-4a75-8bc3-12d600179bc6 => generated 145 bytes in 13 msecs (HTTP/1.1 404) 4 headers in 164 bytes (1 switches on core 0) [pid: 8|app: 0|req: 717/1408] 10.0.0.107 () {32 vars in 726 bytes} [Fri Jul 17 13:54:19 2026] DELETE /v2.0/networks/72dd04b6-6eb4-4df0-b3c0-5f915963e908 => generated 0 bytes in 454 msecs (HTTP/1.1 204) 3 headers in 131 bytes (1 switches on core 0)
2026-07-17 13:54:19.815 7 INFO neutron.db.ovn_revision_numbers_db [None req-ebf83a88-a5dc-44fb-98f2-5b755ce0ab80 9b3e04e59c8d4213b8428ed1cdb68c29 befb88bb4542439f8e19cbb88f069791 - - default default] Successfully bumped revision number for resource f6ef3bc8-9a4f-48af-ba78-de2b6d87e73b (type: security_groups) to 1
2026-07-17 13:54:19.827 7 INFO neutron.db.ovn_revision_numbers_db [None req-ebf83a88-a5dc-44fb-98f2-5b755ce0ab80 9b3e04e59c8d4213b8428ed1cdb68c29 befb88bb4542439f8e19cbb88f069791 - - default default] Successfully bumped revision number for resource 45486ec9-7b61-417b-8a8d-122b6925f17d (type: security_group_rules) to 0
2026-07-17 13:54:19.840 7 INFO neutron.db.ovn_revision_numbers_db [None req-ebf83a88-a5dc-44fb-98f2-5b755ce0ab80 9b3e04e59c8d4213b8428ed1cdb68c29 befb88bb4542439f8e19cbb88f069791 - - default default] Successfully bumped revision number for resource 4857770d-6a56-4a3c-95af-76dba0fb2a4e (type: security_group_rules) to 0
2026-07-17 13:54:19.853 7 INFO neutron.db.ovn_revision_numbers_db [None req-ebf83a88-a5dc-44fb-98f2-5b755ce0ab80 9b3e04e59c8d4213b8428ed1cdb68c29 befb88bb4542439f8e19cbb88f069791 - - default default] Successfully bumped revision number for resource 54153668-c721-423a-ac51-edbc15c68dbd (type: security_group_rules) to 0
2026-07-17 13:54:19.863 7 INFO neutron.db.ovn_revision_numbers_db [None req-ebf83a88-a5dc-44fb-98f2-5b755ce0ab80 9b3e04e59c8d4213b8428ed1cdb68c29 befb88bb4542439f8e19cbb88f069791 - - default default] Successfully bumped revision number for resource 99a4b4d6-8b2c-4e9b-aa36-83be58da43c1 (type: security_group_rules) to 0
2026-07-17 13:54:19.923 8 INFO neutron.services.segments.plugin [-] Segment 9d3682cf-f0d8-48df-b0ff-a8f3a5b17283 resource provider aggregate not found
2026-07-17 13:54:19.934 8 INFO neutron.services.segments.plugin [-] Segment 9d3682cf-f0d8-48df-b0ff-a8f3a5b17283 resource provider aggregate not found
2026-07-17 13:54:19.937 8 INFO neutron.services.segments.plugin [-] Client error retrieving segment 9d3682cf-f0d8-48df-b0ff-a8f3a5b17283 resource provider; error: Placement Client Error (4xx): {"errors": [{"status": 404, "title": "Not Found", "detail": "The resource could not be found.\n\n No resource provider with uuid 9d3682cf-f0d8-48df-b0ff-a8f3a5b17283 found for delete ", "request_id": "req-8af9a92d-fde5-4493-bf0a-61bde9ed5402"}]}
2026-07-17 13:54:19.939 7 INFO neutron.db.segments_db [None req-ebf83a88-a5dc-44fb-98f2-5b755ce0ab80 9b3e04e59c8d4213b8428ed1cdb68c29 befb88bb4542439f8e19cbb88f069791 - - default default] Added segment 4dead3db-7feb-4d6a-98cc-4b4a98618dfa of type geneve for network 2f6495bf-aa3a-404b-b99e-b0e7ad98c53d
2026-07-17 13:54:19.950 8 INFO neutron.services.segments.plugin [-] Client error retrieving segment 9d3682cf-f0d8-48df-b0ff-a8f3a5b17283 resource provider; error: Placement Client Error (4xx): {"errors": [{"status": 404, "title": "Not Found", "detail": "The resource could not be found.\n\n No resource provider with uuid 9d3682cf-f0d8-48df-b0ff-a8f3a5b17283 found for delete ", "request_id": "req-1d83580c-2f2a-485c-8cfa-658027b456f0"}]}
2026-07-17 13:54:20.070 7 INFO neutron.db.ovn_revision_numbers_db [None req-ebf83a88-a5dc-44fb-98f2-5b755ce0ab80 9b3e04e59c8d4213b8428ed1cdb68c29 befb88bb4542439f8e19cbb88f069791 - - default default] Successfully bumped revision number for resource 2f6495bf-aa3a-404b-b99e-b0e7ad98c53d (type: networks) to 1
2026-07-17 13:54:20.188 8 WARNING neutron.db.securitygroups_db [None req-4beb3e61-0553-410a-9200-86129e065743 0b56078c22b24945b67708de2a20284c 259120fc650b4bb2832d92cc62e3c4fe - - default default] project_id key not found in filters, using tenant_id instead. This support has been deprecated and will be removed in a future release.
2026-07-17 13:54:20.255 7 WARNING neutron.scheduler.dhcp_agent_scheduler [None req-ebf83a88-a5dc-44fb-98f2-5b755ce0ab80 9b3e04e59c8d4213b8428ed1cdb68c29 befb88bb4542439f8e19cbb88f069791 - - default default] No more DHCP agents
2026-07-17 13:54:20.258 7 WARNING neutron.api.rpc.agentnotifiers.dhcp_rpc_agent_api [None req-ebf83a88-a5dc-44fb-98f2-5b755ce0ab80 9b3e04e59c8d4213b8428ed1cdb68c29 befb88bb4542439f8e19cbb88f069791 - - default default] Unable to schedule network 2f6495bf-aa3a-404b-b99e-b0e7ad98c53d: no agents available; will retry on subsequent port and subnet creation events.
2026-07-17 13:54:20.309 8 INFO neutron.plugins.ml2.drivers.ovn.mech_driver.mech_driver [None req-5ba4a22c-ef86-47f7-b252-3d88a4f3bc9f - - - - - -] OVN reports status down for port: 98672d9d-c741-49ab-a442-ef9e99f4e7aa
2026-07-17 13:54:20.351 7 INFO neutron.db.ovn_revision_numbers_db [None req-ebf83a88-a5dc-44fb-98f2-5b755ce0ab80 9b3e04e59c8d4213b8428ed1cdb68c29 befb88bb4542439f8e19cbb88f069791 - - default default] Successfully bumped revision number for resource 98672d9d-c741-49ab-a442-ef9e99f4e7aa (type: ports) to 1
2026-07-17 13:54:20.365 8 INFO neutron.db.ovn_revision_numbers_db [None req-4beb3e61-0553-410a-9200-86129e065743 0b56078c22b24945b67708de2a20284c 259120fc650b4bb2832d92cc62e3c4fe - - default default] Successfully bumped revision number for resource 677c8479-25b2-42b6-b144-6467c4b0e1d6 (type: security_groups) to 1 [pid: 7|app: 0|req: 692/1409] 10.0.0.107 () {34 vars in 670 bytes} [Fri Jul 17 13:54:19 2026] POST /v2.0/networks => generated 682 bytes in 765 msecs (HTTP/1.1 201) 4 headers in 162 bytes (1 switches on core 0)
2026-07-17 13:54:20.387 8 INFO neutron.db.ovn_revision_numbers_db [None req-4beb3e61-0553-410a-9200-86129e065743 0b56078c22b24945b67708de2a20284c 259120fc650b4bb2832d92cc62e3c4fe - - default default] Successfully bumped revision number for resource 02eed900-06df-4637-9607-75f1c145ceae (type: security_group_rules) to 0
2026-07-17 13:54:20.412 8 INFO neutron.db.ovn_revision_numbers_db [None req-4beb3e61-0553-410a-9200-86129e065743 0b56078c22b24945b67708de2a20284c 259120fc650b4bb2832d92cc62e3c4fe - - default default] Successfully bumped revision number for resource 149620fb-4f16-426d-be20-849688501850 (type: security_group_rules) to 0
2026-07-17 13:54:20.425 7 WARNING neutron.db.securitygroups_db [None req-c35beacc-e259-4460-a23b-ae97a35fb9fb 0b56078c22b24945b67708de2a20284c 259120fc650b4bb2832d92cc62e3c4fe - - default default] project_id key not found in filters, using tenant_id instead. This support has been deprecated and will be removed in a future release.
2026-07-17 13:54:20.428 8 INFO neutron.db.ovn_revision_numbers_db [None req-4beb3e61-0553-410a-9200-86129e065743 0b56078c22b24945b67708de2a20284c 259120fc650b4bb2832d92cc62e3c4fe - - default default] Successfully bumped revision number for resource aea86265-0b13-4073-8e87-926dad10ea13 (type: security_group_rules) to 0 [pid: 7|app: 0|req: 693/1410] 10.0.0.107 () {32 vars in 774 bytes} [Fri Jul 17 13:54:20 2026] GET /v2.0/security-groups?tenant_id=edaa7131c7b14baab2b96bef1ea3c368&name=default => generated 2925 bytes in 75 msecs (HTTP/1.1 200) 4 headers in 158 bytes (1 switches on core 0)
2026-07-17 13:54:20.446 8 INFO neutron.db.ovn_revision_numbers_db [None req-4beb3e61-0553-410a-9200-86129e065743 0b56078c22b24945b67708de2a20284c 259120fc650b4bb2832d92cc62e3c4fe - - default default] Successfully bumped revision number for resource eb81d2fa-18e8-42d5-88c6-02bfbbca49f9 (type: security_group_rules) to 0 [pid: 8|app: 0|req: 718/1411] 10.0.0.107 () {32 vars in 774 bytes} [Fri Jul 17 13:54:20 2026] GET /v2.0/security-groups?tenant_id=09c39620d21e4682a4d7b2de4fe5b071&name=default => generated 2925 bytes in 407 msecs (HTTP/1.1 200) 4 headers in 158 bytes (1 switches on core 0)
2026-07-17 13:54:20.638 7 WARNING neutron.scheduler.dhcp_agent_scheduler [None req-56bb5543-1034-4a58-862e-79a7016b6f09 9b3e04e59c8d4213b8428ed1cdb68c29 befb88bb4542439f8e19cbb88f069791 - - default default] No more DHCP agents
2026-07-17 13:54:20.641 7 WARNING neutron.api.rpc.agentnotifiers.dhcp_rpc_agent_api [None req-56bb5543-1034-4a58-862e-79a7016b6f09 9b3e04e59c8d4213b8428ed1cdb68c29 befb88bb4542439f8e19cbb88f069791 - - default default] Unable to schedule network 2f6495bf-aa3a-404b-b99e-b0e7ad98c53d: no agents available; will retry on subsequent port and subnet creation events.
2026-07-17 13:54:20.707 7 INFO neutron.plugins.ml2.drivers.ovn.mech_driver.mech_driver [None req-ced15590-4b18-4368-a189-0dd3e0c40ff9 - - - - - -] OVN reports status down for port: 456a534c-7b69-4339-93c9-f74870ea0e2e [pid: 8|app: 0|req: 719/1412] 10.0.0.107 () {32 vars in 740 bytes} [Fri Jul 17 13:54:20 2026] DELETE /v2.0/security-groups/070355fe-ee78-44dc-ae55-4b7f93f1c5bd => generated 0 bytes in 238 msecs (HTTP/1.1 204) 2 headers in 112 bytes (1 switches on core 0)
2026-07-17 13:54:20.766 7 INFO neutron.db.ovn_revision_numbers_db [None req-56bb5543-1034-4a58-862e-79a7016b6f09 9b3e04e59c8d4213b8428ed1cdb68c29 befb88bb4542439f8e19cbb88f069791 - - default default] Successfully bumped revision number for resource 456a534c-7b69-4339-93c9-f74870ea0e2e (type: ports) to 1 [pid: 7|app: 0|req: 694/1413] 10.0.0.107 () {34 vars in 665 bytes} [Fri Jul 17 13:54:20 2026] POST /v2.0/ports => generated 775 bytes in 359 msecs (HTTP/1.1 201) 4 headers in 162 bytes (1 switches on core 0) [pid: 8|app: 0|req: 720/1414] 10.0.0.107 () {32 vars in 740 bytes} [Fri Jul 17 13:54:20 2026] DELETE /v2.0/security-groups/677c8479-25b2-42b6-b144-6467c4b0e1d6 => generated 0 bytes in 219 msecs (HTTP/1.1 204) 2 headers in 112 bytes (1 switches on core 0)
2026-07-17 13:54:21.031 8 INFO neutron.db.segments_db [None req-b6e00382-6727-4c13-a146-a1bac88337ec 9b3e04e59c8d4213b8428ed1cdb68c29 befb88bb4542439f8e19cbb88f069791 - - default default] Added segment 6794224f-644e-4c7c-8d97-27256c3ce1a8 of type geneve for network f3db8d57-6951-4a3b-a540-c8c7eb0feafa /var/lib/openstack/lib/python3.12/site-packages/pycadf/identifier.py:70: UserWarning: Invalid uuid: neutron. To ensure interoperability, identifiers should be a valid uuid. warnings.warn(('Invalid uuid: %s. To ensure interoperability, '
2026-07-17 13:54:21.180 7 INFO neutron.db.ovn_revision_numbers_db [None req-b9c3a960-aee4-4a45-b69a-7fb5fca3595f f60c3c622b07437bb304056f136c4fde beb5b317bf994e7bb4349a030ddb7398 - - default default] Successfully bumped revision number for resource dd652a19-3516-4fba-b971-fdd52ac3b0eb (type: security_groups) to 1
2026-07-17 13:54:21.194 7 INFO neutron.db.ovn_revision_numbers_db [None req-b9c3a960-aee4-4a45-b69a-7fb5fca3595f f60c3c622b07437bb304056f136c4fde beb5b317bf994e7bb4349a030ddb7398 - - default default] Successfully bumped revision number for resource 026538b8-e57c-421a-b98d-5cfaa701af10 (type: security_group_rules) to 0
2026-07-17 13:54:21.205 7 INFO neutron.db.ovn_revision_numbers_db [None req-b9c3a960-aee4-4a45-b69a-7fb5fca3595f f60c3c622b07437bb304056f136c4fde beb5b317bf994e7bb4349a030ddb7398 - - default default] Successfully bumped revision number for resource c99c5fe7-e514-43fe-b158-bbf6be153ead (type: security_group_rules) to 0
2026-07-17 13:54:21.211 8 INFO neutron.db.ovn_revision_numbers_db [None req-b6e00382-6727-4c13-a146-a1bac88337ec 9b3e04e59c8d4213b8428ed1cdb68c29 befb88bb4542439f8e19cbb88f069791 - - default default] Successfully bumped revision number for resource f3db8d57-6951-4a3b-a540-c8c7eb0feafa (type: networks) to 1
2026-07-17 13:54:21.217 7 INFO neutron.db.ovn_revision_numbers_db [None req-b9c3a960-aee4-4a45-b69a-7fb5fca3595f f60c3c622b07437bb304056f136c4fde beb5b317bf994e7bb4349a030ddb7398 - - default default] Successfully bumped revision number for resource e5d155d2-1183-42b3-8521-00d6ffbfb379 (type: security_group_rules) to 0
2026-07-17 13:54:21.230 7 INFO neutron.db.ovn_revision_numbers_db [None req-b9c3a960-aee4-4a45-b69a-7fb5fca3595f f60c3c622b07437bb304056f136c4fde beb5b317bf994e7bb4349a030ddb7398 - - default default] Successfully bumped revision number for resource ff85cab1-eec1-416b-ba0f-ccf67f374c70 (type: security_group_rules) to 0
2026-07-17 13:54:21.310 7 INFO neutron.db.segments_db [None req-b9c3a960-aee4-4a45-b69a-7fb5fca3595f f60c3c622b07437bb304056f136c4fde beb5b317bf994e7bb4349a030ddb7398 - - default default] Added segment 9a48b7cd-c17e-47cb-81e6-ddd6dff4dd62 of type geneve for network 72b1be08-af65-4230-bd9d-7e767572f1c0
2026-07-17 13:54:21.358 8 WARNING neutron.scheduler.dhcp_agent_scheduler [None req-b6e00382-6727-4c13-a146-a1bac88337ec 9b3e04e59c8d4213b8428ed1cdb68c29 befb88bb4542439f8e19cbb88f069791 - - default default] No more DHCP agents
2026-07-17 13:54:21.360 8 WARNING neutron.api.rpc.agentnotifiers.dhcp_rpc_agent_api [None req-b6e00382-6727-4c13-a146-a1bac88337ec 9b3e04e59c8d4213b8428ed1cdb68c29 befb88bb4542439f8e19cbb88f069791 - - default default] Unable to schedule network f3db8d57-6951-4a3b-a540-c8c7eb0feafa: no agents available; will retry on subsequent port and subnet creation events.
2026-07-17 13:54:21.437 7 INFO neutron.plugins.ml2.drivers.ovn.mech_driver.mech_driver [None req-ced15590-4b18-4368-a189-0dd3e0c40ff9 - - - - - -] OVN reports status down for port: e796e5e7-0813-4885-ac72-562430a1a8af
2026-07-17 13:54:21.450 7 INFO neutron.db.ovn_revision_numbers_db [None req-b9c3a960-aee4-4a45-b69a-7fb5fca3595f f60c3c622b07437bb304056f136c4fde beb5b317bf994e7bb4349a030ddb7398 - - default default] Successfully bumped revision number for resource 72b1be08-af65-4230-bd9d-7e767572f1c0 (type: networks) to 1
2026-07-17 13:54:21.488 8 INFO neutron.db.ovn_revision_numbers_db [None req-b6e00382-6727-4c13-a146-a1bac88337ec 9b3e04e59c8d4213b8428ed1cdb68c29 befb88bb4542439f8e19cbb88f069791 - - default default] Successfully bumped revision number for resource e796e5e7-0813-4885-ac72-562430a1a8af (type: ports) to 1 [pid: 8|app: 0|req: 721/1415] 10.0.0.107 () {34 vars in 670 bytes} [Fri Jul 17 13:54:20 2026] POST /v2.0/networks => generated 670 bytes in 580 msecs (HTTP/1.1 201) 4 headers in 162 bytes (1 switches on core 0)
2026-07-17 13:54:21.708 8 WARNING neutron.scheduler.dhcp_agent_scheduler [None req-8ba5cb3c-74f5-4157-b79c-32fd5017400a 9b3e04e59c8d4213b8428ed1cdb68c29 befb88bb4542439f8e19cbb88f069791 - - default default] No more DHCP agents
2026-07-17 13:54:21.709 8 WARNING neutron.api.rpc.agentnotifiers.dhcp_rpc_agent_api [None req-8ba5cb3c-74f5-4157-b79c-32fd5017400a 9b3e04e59c8d4213b8428ed1cdb68c29 befb88bb4542439f8e19cbb88f069791 - - default default] Unable to schedule network f3db8d57-6951-4a3b-a540-c8c7eb0feafa: no agents available; will retry on subsequent port and subnet creation events.
2026-07-17 13:54:21.720 7 WARNING neutron.scheduler.dhcp_agent_scheduler [None req-b9c3a960-aee4-4a45-b69a-7fb5fca3595f f60c3c622b07437bb304056f136c4fde beb5b317bf994e7bb4349a030ddb7398 - - default default] No more DHCP agents
2026-07-17 13:54:21.721 7 WARNING neutron.api.rpc.agentnotifiers.dhcp_rpc_agent_api [None req-b9c3a960-aee4-4a45-b69a-7fb5fca3595f f60c3c622b07437bb304056f136c4fde beb5b317bf994e7bb4349a030ddb7398 - - default default] Unable to schedule network 72b1be08-af65-4230-bd9d-7e767572f1c0: no agents available; will retry on subsequent port and subnet creation events.
2026-07-17 13:54:21.787 8 INFO neutron.plugins.ml2.drivers.ovn.mech_driver.mech_driver [None req-5ba4a22c-ef86-47f7-b252-3d88a4f3bc9f - - - - - -] OVN reports status down for port: 1a185db4-60f6-469a-a940-53a63e88799d
2026-07-17 13:54:21.803 7 INFO neutron.db.ovn_revision_numbers_db [None req-b9c3a960-aee4-4a45-b69a-7fb5fca3595f f60c3c622b07437bb304056f136c4fde beb5b317bf994e7bb4349a030ddb7398 - - default default] Successfully bumped revision number for resource 1a185db4-60f6-469a-a940-53a63e88799d (type: ports) to 1 [pid: 7|app: 0|req: 695/1416] 10.0.0.107 () {34 vars in 670 bytes} [Fri Jul 17 13:54:20 2026] POST /v2.0/networks => generated 686 bytes in 1020 msecs (HTTP/1.1 201) 4 headers in 162 bytes (1 switches on core 0)
2026-07-17 13:54:22.184 8 INFO neutron.db.ovn_revision_numbers_db [None req-8ba5cb3c-74f5-4157-b79c-32fd5017400a 9b3e04e59c8d4213b8428ed1cdb68c29 befb88bb4542439f8e19cbb88f069791 - - default default] Successfully bumped revision number for resource e796e5e7-0813-4885-ac72-562430a1a8af (type: ports) to 2
2026-07-17 13:54:22.217 8 INFO neutron.db.ovn_revision_numbers_db [None req-8ba5cb3c-74f5-4157-b79c-32fd5017400a 9b3e04e59c8d4213b8428ed1cdb68c29 befb88bb4542439f8e19cbb88f069791 - - default default] Successfully bumped revision number for resource 8c99927a-ba48-4ab0-b440-dce04268ebd3 (type: subnets) to 0 [pid: 8|app: 0|req: 722/1417] 10.0.0.107 () {34 vars in 669 bytes} [Fri Jul 17 13:54:21 2026] POST /v2.0/subnets => generated 626 bytes in 704 msecs (HTTP/1.1 201) 4 headers in 162 bytes (1 switches on core 0)
2026-07-17 13:54:22.514 8 WARNING neutron.scheduler.dhcp_agent_scheduler [None req-8304aec3-7459-41b9-8ca2-2aa801d2ae98 f60c3c622b07437bb304056f136c4fde beb5b317bf994e7bb4349a030ddb7398 - - default default] No more DHCP agents
2026-07-17 13:54:22.515 8 WARNING neutron.api.rpc.agentnotifiers.dhcp_rpc_agent_api [None req-8304aec3-7459-41b9-8ca2-2aa801d2ae98 f60c3c622b07437bb304056f136c4fde beb5b317bf994e7bb4349a030ddb7398 - - default default] Unable to schedule network 72b1be08-af65-4230-bd9d-7e767572f1c0: no agents available; will retry on subsequent port and subnet creation events.
2026-07-17 13:54:22.537 7 WARNING neutron.scheduler.dhcp_agent_scheduler [None req-d7c720c4-bd3b-4bb0-8a96-dee194a1b8f2 9b3e04e59c8d4213b8428ed1cdb68c29 befb88bb4542439f8e19cbb88f069791 - - default default] No more DHCP agents
2026-07-17 13:54:22.540 7 WARNING neutron.api.rpc.agentnotifiers.dhcp_rpc_agent_api [None req-d7c720c4-bd3b-4bb0-8a96-dee194a1b8f2 9b3e04e59c8d4213b8428ed1cdb68c29 befb88bb4542439f8e19cbb88f069791 - - default default] Unable to schedule network f3db8d57-6951-4a3b-a540-c8c7eb0feafa: no agents available; will retry on subsequent port and subnet creation events.
2026-07-17 13:54:22.563 8 INFO neutron.db.ovn_revision_numbers_db [None req-8304aec3-7459-41b9-8ca2-2aa801d2ae98 f60c3c622b07437bb304056f136c4fde beb5b317bf994e7bb4349a030ddb7398 - - default default] Successfully bumped revision number for resource 3075a9c3-92f4-4af0-b0b8-58813e2c3896 (type: subnets) to 0 [pid: 8|app: 0|req: 723/1418] 10.0.0.107 () {34 vars in 669 bytes} [Fri Jul 17 13:54:22 2026] POST /v2.0/subnets => generated 673 bytes in 214 msecs (HTTP/1.1 201) 4 headers in 162 bytes (1 switches on core 0)
2026-07-17 13:54:22.677 8 INFO neutron.plugins.ml2.drivers.ovn.mech_driver.mech_driver [None req-5ba4a22c-ef86-47f7-b252-3d88a4f3bc9f - - - - - -] OVN reports status down for port: 02a9f12f-d152-4aa2-bdc7-42b18e48950d
2026-07-17 13:54:22.709 7 INFO neutron.db.ovn_revision_numbers_db [None req-d7c720c4-bd3b-4bb0-8a96-dee194a1b8f2 9b3e04e59c8d4213b8428ed1cdb68c29 befb88bb4542439f8e19cbb88f069791 - - default default] Successfully bumped revision number for resource 02a9f12f-d152-4aa2-bdc7-42b18e48950d (type: ports) to 1 [pid: 7|app: 0|req: 696/1419] 10.0.0.107 () {34 vars in 665 bytes} [Fri Jul 17 13:54:22 2026] POST /v2.0/ports => generated 949 bytes in 494 msecs (HTTP/1.1 201) 4 headers in 162 bytes (1 switches on core 0) /var/lib/openstack/lib/python3.12/site-packages/pycadf/identifier.py:70: UserWarning: Invalid uuid: neutron. To ensure interoperability, identifiers should be a valid uuid. warnings.warn(('Invalid uuid: %s. To ensure interoperability, '
2026-07-17 13:54:22.822 7 INFO neutron.db.segments_db [None req-cb774fe2-e86e-48b3-8c1b-b98afc983b7a f60c3c622b07437bb304056f136c4fde beb5b317bf994e7bb4349a030ddb7398 - - default default] Added segment 60837b7c-a7da-4ef8-983c-fc385ebff701 of type geneve for network da66f31f-950f-4fd6-97f7-28d13b85ccb8
2026-07-17 13:54:22.928 7 INFO neutron.db.ovn_revision_numbers_db [None req-cb774fe2-e86e-48b3-8c1b-b98afc983b7a f60c3c622b07437bb304056f136c4fde beb5b317bf994e7bb4349a030ddb7398 - - default default] Successfully bumped revision number for resource da66f31f-950f-4fd6-97f7-28d13b85ccb8 (type: networks) to 1
2026-07-17 13:54:22.934 8 INFO neutron.db.ovn_revision_numbers_db [None req-435772e5-b321-47d6-b3c4-818950d95bc6 95c8645c586b4ab99ebca8383d37758b daa72123e0b84cbfbef418d5c9dd5988 - - default default] Successfully bumped revision number for resource 19c39327-e485-4611-a8ec-c06e7253330e (type: security_groups) to 1
2026-07-17 13:54:22.945 8 INFO neutron.db.ovn_revision_numbers_db [None req-435772e5-b321-47d6-b3c4-818950d95bc6 95c8645c586b4ab99ebca8383d37758b daa72123e0b84cbfbef418d5c9dd5988 - - default default] Successfully bumped revision number for resource 38260822-ef5a-4687-9e47-966258c50aea (type: security_group_rules) to 0
2026-07-17 13:54:22.956 8 INFO neutron.db.ovn_revision_numbers_db [None req-435772e5-b321-47d6-b3c4-818950d95bc6 95c8645c586b4ab99ebca8383d37758b daa72123e0b84cbfbef418d5c9dd5988 - - default default] Successfully bumped revision number for resource 6642034d-f7fc-4c20-a39c-d36b4ff7f9ce (type: security_group_rules) to 0
2026-07-17 13:54:22.968 8 INFO neutron.db.ovn_revision_numbers_db [None req-435772e5-b321-47d6-b3c4-818950d95bc6 95c8645c586b4ab99ebca8383d37758b daa72123e0b84cbfbef418d5c9dd5988 - - default default] Successfully bumped revision number for resource c7650780-c5d3-4e54-b8ef-8c08496b817a (type: security_group_rules) to 0
2026-07-17 13:54:22.980 8 INFO neutron.db.ovn_revision_numbers_db [None req-435772e5-b321-47d6-b3c4-818950d95bc6 95c8645c586b4ab99ebca8383d37758b daa72123e0b84cbfbef418d5c9dd5988 - - default default] Successfully bumped revision number for resource d7f8c11f-f6d4-4530-8363-b58ce1e0d9f7 (type: security_group_rules) to 0
2026-07-17 13:54:23.070 8 INFO neutron.db.segments_db [None req-435772e5-b321-47d6-b3c4-818950d95bc6 95c8645c586b4ab99ebca8383d37758b daa72123e0b84cbfbef418d5c9dd5988 - - default default] Added segment caf4ff23-cf35-4c12-9c4e-65c245710f4b of type geneve for network ef5a290d-7184-497c-98ad-48bcb655b09a
2026-07-17 13:54:23.106 7 WARNING neutron.scheduler.dhcp_agent_scheduler [None req-cb774fe2-e86e-48b3-8c1b-b98afc983b7a f60c3c622b07437bb304056f136c4fde beb5b317bf994e7bb4349a030ddb7398 - - default default] No more DHCP agents
2026-07-17 13:54:23.107 7 WARNING neutron.api.rpc.agentnotifiers.dhcp_rpc_agent_api [None req-cb774fe2-e86e-48b3-8c1b-b98afc983b7a f60c3c622b07437bb304056f136c4fde beb5b317bf994e7bb4349a030ddb7398 - - default default] Unable to schedule network da66f31f-950f-4fd6-97f7-28d13b85ccb8: no agents available; will retry on subsequent port and subnet creation events.
2026-07-17 13:54:23.155 7 INFO neutron.plugins.ml2.drivers.ovn.mech_driver.mech_driver [None req-ced15590-4b18-4368-a189-0dd3e0c40ff9 - - - - - -] OVN reports status down for port: a5949ecf-7fde-48d6-ab62-b0b6b8d330e2
2026-07-17 13:54:23.189 8 INFO neutron.db.ovn_revision_numbers_db [None req-435772e5-b321-47d6-b3c4-818950d95bc6 95c8645c586b4ab99ebca8383d37758b daa72123e0b84cbfbef418d5c9dd5988 - - default default] Successfully bumped revision number for resource ef5a290d-7184-497c-98ad-48bcb655b09a (type: networks) to 1
2026-07-17 13:54:23.217 7 INFO neutron.db.ovn_revision_numbers_db [None req-cb774fe2-e86e-48b3-8c1b-b98afc983b7a f60c3c622b07437bb304056f136c4fde beb5b317bf994e7bb4349a030ddb7398 - - default default] Successfully bumped revision number for resource a5949ecf-7fde-48d6-ab62-b0b6b8d330e2 (type: ports) to 1 [pid: 7|app: 0|req: 697/1420] 10.0.0.107 () {34 vars in 670 bytes} [Fri Jul 17 13:54:22 2026] POST /v2.0/networks => generated 685 bytes in 528 msecs (HTTP/1.1 201) 4 headers in 162 bytes (1 switches on core 0)
2026-07-17 13:54:23.359 8 WARNING neutron.scheduler.dhcp_agent_scheduler [None req-435772e5-b321-47d6-b3c4-818950d95bc6 95c8645c586b4ab99ebca8383d37758b daa72123e0b84cbfbef418d5c9dd5988 - - default default] No more DHCP agents
2026-07-17 13:54:23.360 8 WARNING neutron.api.rpc.agentnotifiers.dhcp_rpc_agent_api [None req-435772e5-b321-47d6-b3c4-818950d95bc6 95c8645c586b4ab99ebca8383d37758b daa72123e0b84cbfbef418d5c9dd5988 - - default default] Unable to schedule network ef5a290d-7184-497c-98ad-48bcb655b09a: no agents available; will retry on subsequent port and subnet creation events.
2026-07-17 13:54:23.407 7 INFO neutron_taas.services.taas.taas_plugin [None req-0b3661e2-dbea-4a7a-977e-8999bdf65f63 9b3e04e59c8d4213b8428ed1cdb68c29 befb88bb4542439f8e19cbb88f069791 - - default default] TaaS: Handle Delete Port: 02a9f12f-d152-4aa2-bdc7-42b18e48950d
2026-07-17 13:54:23.411 7 INFO neutron_taas.services.taas.tap_mirror_plugin [None req-0b3661e2-dbea-4a7a-977e-8999bdf65f63 9b3e04e59c8d4213b8428ed1cdb68c29 befb88bb4542439f8e19cbb88f069791 - - default default] Tap Mirror: Handle Delete Port: 02a9f12f-d152-4aa2-bdc7-42b18e48950d
2026-07-17 13:54:23.412 8 INFO neutron.plugins.ml2.drivers.ovn.mech_driver.mech_driver [None req-5ba4a22c-ef86-47f7-b252-3d88a4f3bc9f - - - - - -] OVN reports status down for port: 66b16f78-9ea8-42fd-9ef3-a91bc82e92a4
2026-07-17 13:54:23.470 8 INFO neutron.db.ovn_revision_numbers_db [None req-435772e5-b321-47d6-b3c4-818950d95bc6 95c8645c586b4ab99ebca8383d37758b daa72123e0b84cbfbef418d5c9dd5988 - - default default] Successfully bumped revision number for resource 66b16f78-9ea8-42fd-9ef3-a91bc82e92a4 (type: ports) to 1 [pid: 8|app: 0|req: 724/1421] 10.0.0.107 () {34 vars in 670 bytes} [Fri Jul 17 13:54:22 2026] POST /v2.0/networks => generated 687 bytes in 931 msecs (HTTP/1.1 201) 4 headers in 162 bytes (1 switches on core 0) [pid: 7|app: 0|req: 698/1422] 10.0.0.107 () {32 vars in 720 bytes} [Fri Jul 17 13:54:23 2026] DELETE /v2.0/ports/02a9f12f-d152-4aa2-bdc7-42b18e48950d => generated 0 bytes in 332 msecs (HTTP/1.1 204) 3 headers in 131 bytes (1 switches on core 0)
2026-07-17 13:54:23.700 7 WARNING neutron.db.securitygroups_db [None req-386ff889-f7b7-47d9-a2a7-f7bcce2fe717 0b56078c22b24945b67708de2a20284c 259120fc650b4bb2832d92cc62e3c4fe - - default default] project_id key not found in filters, using tenant_id instead. This support has been deprecated and will be removed in a future release.
2026-07-17 13:54:23.843 7 INFO neutron.db.ovn_revision_numbers_db [None req-386ff889-f7b7-47d9-a2a7-f7bcce2fe717 0b56078c22b24945b67708de2a20284c 259120fc650b4bb2832d92cc62e3c4fe - - default default] Successfully bumped revision number for resource 0b740a85-7f46-44ac-b798-95d254500b52 (type: security_groups) to 1
2026-07-17 13:54:23.858 7 INFO neutron.db.ovn_revision_numbers_db [None req-386ff889-f7b7-47d9-a2a7-f7bcce2fe717 0b56078c22b24945b67708de2a20284c 259120fc650b4bb2832d92cc62e3c4fe - - default default] Successfully bumped revision number for resource 453d2d53-4ac7-4867-8ba8-f43529580fda (type: security_group_rules) to 0
2026-07-17 13:54:23.872 7 INFO neutron.db.ovn_revision_numbers_db [None req-386ff889-f7b7-47d9-a2a7-f7bcce2fe717 0b56078c22b24945b67708de2a20284c 259120fc650b4bb2832d92cc62e3c4fe - - default default] Successfully bumped revision number for resource 89e7f51e-0e0c-499c-be67-4a93bdbedb1f (type: security_group_rules) to 0
2026-07-17 13:54:23.886 7 INFO neutron.db.ovn_revision_numbers_db [None req-386ff889-f7b7-47d9-a2a7-f7bcce2fe717 0b56078c22b24945b67708de2a20284c 259120fc650b4bb2832d92cc62e3c4fe - - default default] Successfully bumped revision number for resource d8a09b3f-0dca-415e-b47d-64aa95ceb396 (type: security_group_rules) to 0
2026-07-17 13:54:23.899 7 INFO neutron.db.ovn_revision_numbers_db [None req-386ff889-f7b7-47d9-a2a7-f7bcce2fe717 0b56078c22b24945b67708de2a20284c 259120fc650b4bb2832d92cc62e3c4fe - - default default] Successfully bumped revision number for resource f5c0177e-c970-49c2-a8ff-d34c56baac38 (type: security_group_rules) to 0 [pid: 7|app: 0|req: 699/1423] 10.0.0.107 () {32 vars in 774 bytes} [Fri Jul 17 13:54:23 2026] GET /v2.0/security-groups?tenant_id=99ec54e126584da191555e5f18f77b1c&name=default => generated 2925 bytes in 343 msecs (HTTP/1.1 200) 4 headers in 158 bytes (1 switches on core 0)
2026-07-17 13:54:24.106 8 INFO neutron.db.ovn_revision_numbers_db [None req-960b4241-7ce8-4396-b0ab-4720828e2895 f60c3c622b07437bb304056f136c4fde beb5b317bf994e7bb4349a030ddb7398 - - default default] Successfully bumped revision number for resource da66f31f-950f-4fd6-97f7-28d13b85ccb8 (type: networks) to 2 [pid: 8|app: 0|req: 725/1424] 10.0.0.107 () {34 vars in 743 bytes} [Fri Jul 17 13:54:23 2026] PUT /v2.0/networks/da66f31f-950f-4fd6-97f7-28d13b85ccb8 => generated 636 bytes in 597 msecs (HTTP/1.1 200) 4 headers in 157 bytes (1 switches on core 0)
2026-07-17 13:54:24.125 8 INFO neutron.pecan_wsgi.hooks.translation [None req-c7f7cdf3-f5f5-43b0-bd63-7434e57f0333 9b3e04e59c8d4213b8428ed1cdb68c29 befb88bb4542439f8e19cbb88f069791 - - default default] DELETE failed (client error): The resource could not be found. [pid: 8|app: 0|req: 726/1425] 10.0.0.107 () {32 vars in 720 bytes} [Fri Jul 17 13:54:24 2026] DELETE /v2.0/ports/02a9f12f-d152-4aa2-bdc7-42b18e48950d => generated 132 bytes in 14 msecs (HTTP/1.1 404) 4 headers in 164 bytes (1 switches on core 0)
2026-07-17 13:54:24.160 7 WARNING neutron.scheduler.dhcp_agent_scheduler [None req-ca8c8dc8-b33c-4a61-8ac9-20bec5d99f6e 95c8645c586b4ab99ebca8383d37758b daa72123e0b84cbfbef418d5c9dd5988 - - default default] No more DHCP agents
2026-07-17 13:54:24.162 7 WARNING neutron.api.rpc.agentnotifiers.dhcp_rpc_agent_api [None req-ca8c8dc8-b33c-4a61-8ac9-20bec5d99f6e 95c8645c586b4ab99ebca8383d37758b daa72123e0b84cbfbef418d5c9dd5988 - - default default] Unable to schedule network ef5a290d-7184-497c-98ad-48bcb655b09a: no agents available; will retry on subsequent port and subnet creation events.
2026-07-17 13:54:24.211 7 INFO neutron.plugins.ml2.drivers.ovn.mech_driver.mech_driver [None req-ced15590-4b18-4368-a189-0dd3e0c40ff9 - - - - - -] OVN reports status down for port: cabdafc0-02bb-402c-8d83-e2e436274ae7
2026-07-17 13:54:24.278 7 INFO neutron.db.ovn_revision_numbers_db [None req-ca8c8dc8-b33c-4a61-8ac9-20bec5d99f6e 95c8645c586b4ab99ebca8383d37758b daa72123e0b84cbfbef418d5c9dd5988 - - default default] Successfully bumped revision number for resource cabdafc0-02bb-402c-8d83-e2e436274ae7 (type: ports) to 1 [pid: 8|app: 0|req: 727/1426] 10.0.0.107 () {32 vars in 740 bytes} [Fri Jul 17 13:54:24 2026] DELETE /v2.0/security-groups/0b740a85-7f46-44ac-b798-95d254500b52 => generated 0 bytes in 180 msecs (HTTP/1.1 204) 2 headers in 112 bytes (1 switches on core 0) [pid: 7|app: 0|req: 700/1427] 10.0.0.107 () {34 vars in 665 bytes} [Fri Jul 17 13:54:23 2026] POST /v2.0/ports => generated 778 bytes in 406 msecs (HTTP/1.1 201) 4 headers in 162 bytes (1 switches on core 0) /var/lib/openstack/lib/python3.12/site-packages/pycadf/identifier.py:70: UserWarning: Invalid uuid: neutron. To ensure interoperability, identifiers should be a valid uuid. warnings.warn(('Invalid uuid: %s. To ensure interoperability, '
2026-07-17 13:54:24.367 7 INFO neutron.pecan_wsgi.hooks.translation [None req-5d305fe3-b168-43af-a0d4-56455c9d7901 9b3e04e59c8d4213b8428ed1cdb68c29 befb88bb4542439f8e19cbb88f069791 - - default default] GET failed (client error): The resource could not be found. [pid: 7|app: 0|req: 701/1428] 10.0.0.107 () {32 vars in 717 bytes} [Fri Jul 17 13:54:24 2026] GET /v2.0/ports/02a9f12f-d152-4aa2-bdc7-42b18e48950d => generated 132 bytes in 23 msecs (HTTP/1.1 404) 4 headers in 164 bytes (1 switches on core 0)
2026-07-17 13:54:24.452 7 INFO neutron.db.segments_db [None req-6d43faac-0274-42fb-af39-18f0024873b3 95c8645c586b4ab99ebca8383d37758b daa72123e0b84cbfbef418d5c9dd5988 - - default default] Added segment 36f9a373-2952-4afd-b6c6-927280fff7c0 of type geneve for network 0b6ab031-845d-48e6-9cc6-a64cf542a860
2026-07-17 13:54:24.464 8 WARNING neutron.scheduler.dhcp_agent_scheduler [None req-ce19c3a8-3448-47be-87bf-2b659c3a65cd f60c3c622b07437bb304056f136c4fde beb5b317bf994e7bb4349a030ddb7398 - - default default] No more DHCP agents
2026-07-17 13:54:24.466 8 WARNING neutron.api.rpc.agentnotifiers.dhcp_rpc_agent_api [None req-ce19c3a8-3448-47be-87bf-2b659c3a65cd f60c3c622b07437bb304056f136c4fde beb5b317bf994e7bb4349a030ddb7398 - - default default] Unable to schedule network da66f31f-950f-4fd6-97f7-28d13b85ccb8: no agents available; will retry on subsequent port and subnet creation events.
2026-07-17 13:54:24.489 8 INFO neutron.db.ovn_revision_numbers_db [None req-ce19c3a8-3448-47be-87bf-2b659c3a65cd f60c3c622b07437bb304056f136c4fde beb5b317bf994e7bb4349a030ddb7398 - - default default] Successfully bumped revision number for resource c4562ad7-ae76-419a-86dd-7c1ccc9ff24d (type: subnets) to 0 [pid: 8|app: 0|req: 728/1429] 10.0.0.107 () {34 vars in 669 bytes} [Fri Jul 17 13:54:24 2026] POST /v2.0/subnets => generated 646 bytes in 198 msecs (HTTP/1.1 201) 4 headers in 162 bytes (1 switches on core 0)
2026-07-17 13:54:24.570 7 INFO neutron.db.ovn_revision_numbers_db [None req-6d43faac-0274-42fb-af39-18f0024873b3 95c8645c586b4ab99ebca8383d37758b daa72123e0b84cbfbef418d5c9dd5988 - - default default] Successfully bumped revision number for resource 0b6ab031-845d-48e6-9cc6-a64cf542a860 (type: networks) to 1 [pid: 8|app: 0|req: 729/1430] 10.0.0.107 () {32 vars in 724 bytes} [Fri Jul 17 13:54:24 2026] DELETE /v2.0/subnets/8c99927a-ba48-4ab0-b440-dce04268ebd3 => generated 0 bytes in 205 msecs (HTTP/1.1 204) 3 headers in 131 bytes (1 switches on core 0)
2026-07-17 13:54:24.737 7 WARNING neutron.scheduler.dhcp_agent_scheduler [None req-6d43faac-0274-42fb-af39-18f0024873b3 95c8645c586b4ab99ebca8383d37758b daa72123e0b84cbfbef418d5c9dd5988 - - default default] No more DHCP agents
2026-07-17 13:54:24.739 7 WARNING neutron.api.rpc.agentnotifiers.dhcp_rpc_agent_api [None req-6d43faac-0274-42fb-af39-18f0024873b3 95c8645c586b4ab99ebca8383d37758b daa72123e0b84cbfbef418d5c9dd5988 - - default default] Unable to schedule network 0b6ab031-845d-48e6-9cc6-a64cf542a860: no agents available; will retry on subsequent port and subnet creation events.
2026-07-17 13:54:24.800 7 INFO neutron.plugins.ml2.drivers.ovn.mech_driver.mech_driver [None req-ced15590-4b18-4368-a189-0dd3e0c40ff9 - - - - - -] OVN reports status down for port: 698c837d-36b2-4ff0-8ef5-7d1dfce44a5c
2026-07-17 13:54:24.856 7 INFO neutron.db.ovn_revision_numbers_db [None req-6d43faac-0274-42fb-af39-18f0024873b3 95c8645c586b4ab99ebca8383d37758b daa72123e0b84cbfbef418d5c9dd5988 - - default default] Successfully bumped revision number for resource 698c837d-36b2-4ff0-8ef5-7d1dfce44a5c (type: ports) to 1 [pid: 7|app: 0|req: 702/1431] 10.0.0.107 () {34 vars in 670 bytes} [Fri Jul 17 13:54:24 2026] POST /v2.0/networks => generated 674 bytes in 533 msecs (HTTP/1.1 201) 4 headers in 162 bytes (1 switches on core 0)
2026-07-17 13:54:25.030 7 INFO neutron_taas.services.taas.taas_plugin [None req-75f3cb7c-754b-4b52-8a97-15d8a461eda0 9b3e04e59c8d4213b8428ed1cdb68c29 befb88bb4542439f8e19cbb88f069791 - - default default] TaaS: Handle Delete Port: e796e5e7-0813-4885-ac72-562430a1a8af
2026-07-17 13:54:25.033 7 INFO neutron_taas.services.taas.tap_mirror_plugin [None req-75f3cb7c-754b-4b52-8a97-15d8a461eda0 9b3e04e59c8d4213b8428ed1cdb68c29 befb88bb4542439f8e19cbb88f069791 - - default default] Tap Mirror: Handle Delete Port: e796e5e7-0813-4885-ac72-562430a1a8af
2026-07-17 13:54:25.229 7 INFO neutron.services.segments.plugin [-] Segment 6794224f-644e-4c7c-8d97-27256c3ce1a8 resource provider aggregate not found
2026-07-17 13:54:25.232 7 INFO neutron.services.segments.plugin [-] Segment 6794224f-644e-4c7c-8d97-27256c3ce1a8 resource provider aggregate not found
2026-07-17 13:54:25.250 7 INFO neutron.services.segments.plugin [-] Client error retrieving segment 6794224f-644e-4c7c-8d97-27256c3ce1a8 resource provider; error: Placement Client Error (4xx): {"errors": [{"status": 404, "title": "Not Found", "detail": "The resource could not be found.\n\n No resource provider with uuid 6794224f-644e-4c7c-8d97-27256c3ce1a8 found for delete ", "request_id": "req-79fbf6b8-6932-4b5e-9577-d252c3e6f639"}]}
2026-07-17 13:54:25.256 7 INFO neutron.services.segments.plugin [-] Client error retrieving segment 6794224f-644e-4c7c-8d97-27256c3ce1a8 resource provider; error: Placement Client Error (4xx): {"errors": [{"status": 404, "title": "Not Found", "detail": "The resource could not be found.\n\n No resource provider with uuid 6794224f-644e-4c7c-8d97-27256c3ce1a8 found for delete ", "request_id": "req-de1fd8fe-8902-49e7-9f40-40c89d9078b6"}]} [pid: 7|app: 0|req: 703/1432] 10.0.0.107 () {32 vars in 726 bytes} [Fri Jul 17 13:54:24 2026] DELETE /v2.0/networks/f3db8d57-6951-4a3b-a540-c8c7eb0feafa => generated 0 bytes in 375 msecs (HTTP/1.1 204) 3 headers in 131 bytes (1 switches on core 0)
2026-07-17 13:54:25.346 8 INFO neutron.db.ovn_revision_numbers_db [None req-16d754ee-19c4-48a9-93b9-59d26d95f787 f60c3c622b07437bb304056f136c4fde beb5b317bf994e7bb4349a030ddb7398 - - default default] Successfully bumped revision number for resource a5949ecf-7fde-48d6-ab62-b0b6b8d330e2 (type: ports) to 2
2026-07-17 13:54:25.379 8 INFO neutron.db.ovn_revision_numbers_db [None req-16d754ee-19c4-48a9-93b9-59d26d95f787 f60c3c622b07437bb304056f136c4fde beb5b317bf994e7bb4349a030ddb7398 - - default default] Successfully bumped revision number for resource c4562ad7-ae76-419a-86dd-7c1ccc9ff24d (type: subnets) to 1 [pid: 8|app: 0|req: 730/1433] 10.0.0.107 () {34 vars in 741 bytes} [Fri Jul 17 13:54:24 2026] PUT /v2.0/subnets/c4562ad7-ae76-419a-86dd-7c1ccc9ff24d => generated 656 bytes in 672 msecs (HTTP/1.1 200) 4 headers in 157 bytes (1 switches on core 0)
2026-07-17 13:54:25.464 8 INFO neutron.db.segments_db [None req-4ea91c42-2bd9-4e67-b065-d7def03b9b20 9b3e04e59c8d4213b8428ed1cdb68c29 befb88bb4542439f8e19cbb88f069791 - - default default] Added segment 504f5878-19c9-47b6-a850-9ab02177af4d of type geneve for network bd135b20-642f-4079-90c0-b659f8544b13
2026-07-17 13:54:25.479 7 WARNING neutron.scheduler.dhcp_agent_scheduler [None req-e5a10dee-23f1-4c01-b1f9-3bb18a7e9a15 95c8645c586b4ab99ebca8383d37758b daa72123e0b84cbfbef418d5c9dd5988 - - default default] No more DHCP agents
2026-07-17 13:54:25.480 7 WARNING neutron.api.rpc.agentnotifiers.dhcp_rpc_agent_api [None req-e5a10dee-23f1-4c01-b1f9-3bb18a7e9a15 95c8645c586b4ab99ebca8383d37758b daa72123e0b84cbfbef418d5c9dd5988 - - default default] Unable to schedule network 0b6ab031-845d-48e6-9cc6-a64cf542a860: no agents available; will retry on subsequent port and subnet creation events.
2026-07-17 13:54:25.506 7 INFO neutron.db.ovn_revision_numbers_db [None req-e5a10dee-23f1-4c01-b1f9-3bb18a7e9a15 95c8645c586b4ab99ebca8383d37758b daa72123e0b84cbfbef418d5c9dd5988 - - default default] Successfully bumped revision number for resource ab6a78c5-6573-4723-a4fd-a2d52bc24a64 (type: subnets) to 0 [pid: 7|app: 0|req: 704/1434] 10.0.0.107 () {34 vars in 669 bytes} [Fri Jul 17 13:54:25 2026] POST /v2.0/subnets => generated 646 bytes in 254 msecs (HTTP/1.1 201) 4 headers in 162 bytes (1 switches on core 0)
2026-07-17 13:54:25.586 8 INFO neutron.db.ovn_revision_numbers_db [None req-4ea91c42-2bd9-4e67-b065-d7def03b9b20 9b3e04e59c8d4213b8428ed1cdb68c29 befb88bb4542439f8e19cbb88f069791 - - default default] Successfully bumped revision number for resource bd135b20-642f-4079-90c0-b659f8544b13 (type: networks) to 1
2026-07-17 13:54:25.679 7 INFO neutron_taas.services.taas.taas_plugin [None req-308d16d6-3379-4a84-bd3d-b926328d3c81 f60c3c622b07437bb304056f136c4fde beb5b317bf994e7bb4349a030ddb7398 - - default default] TaaS: Handle Delete Port: a5949ecf-7fde-48d6-ab62-b0b6b8d330e2
