2026-07-17 13:54:25.682 7 INFO neutron_taas.services.taas.tap_mirror_plugin [None req-308d16d6-3379-4a84-bd3d-b926328d3c81 f60c3c622b07437bb304056f136c4fde beb5b317bf994e7bb4349a030ddb7398 - - default default] Tap Mirror: Handle Delete Port: a5949ecf-7fde-48d6-ab62-b0b6b8d330e2
2026-07-17 13:54:25.748 8 WARNING neutron.scheduler.dhcp_agent_scheduler [None req-4ea91c42-2bd9-4e67-b065-d7def03b9b20 9b3e04e59c8d4213b8428ed1cdb68c29 befb88bb4542439f8e19cbb88f069791 - - default default] No more DHCP agents
2026-07-17 13:54:25.749 8 WARNING neutron.api.rpc.agentnotifiers.dhcp_rpc_agent_api [None req-4ea91c42-2bd9-4e67-b065-d7def03b9b20 9b3e04e59c8d4213b8428ed1cdb68c29 befb88bb4542439f8e19cbb88f069791 - - default default] Unable to schedule network bd135b20-642f-4079-90c0-b659f8544b13: no agents available; will retry on subsequent port and subnet creation events.
2026-07-17 13:54:25.813 7 INFO neutron.plugins.ml2.drivers.ovn.mech_driver.mech_driver [None req-ced15590-4b18-4368-a189-0dd3e0c40ff9 - - - - - -] OVN reports status down for port: dd16d787-57ca-4f26-80dc-7b01a8e36ec2
2026-07-17 13:54:25.839 8 INFO neutron.db.ovn_revision_numbers_db [None req-4ea91c42-2bd9-4e67-b065-d7def03b9b20 9b3e04e59c8d4213b8428ed1cdb68c29 befb88bb4542439f8e19cbb88f069791 - - default default] Successfully bumped revision number for resource dd16d787-57ca-4f26-80dc-7b01a8e36ec2 (type: ports) to 1 [pid: 8|app: 0|req: 731/1435] 10.0.0.107 () {34 vars in 670 bytes} [Fri Jul 17 13:54:25 2026] POST /v2.0/networks => generated 669 bytes in 481 msecs (HTTP/1.1 201) 4 headers in 162 bytes (1 switches on core 0) [pid: 7|app: 0|req: 705/1436] 10.0.0.107 () {32 vars in 726 bytes} [Fri Jul 17 13:54:25 2026] DELETE /v2.0/networks/da66f31f-950f-4fd6-97f7-28d13b85ccb8 => generated 0 bytes in 541 msecs (HTTP/1.1 204) 3 headers in 131 bytes (1 switches on core 0)
2026-07-17 13:54:26.178 8 WARNING neutron.scheduler.dhcp_agent_scheduler [None req-71b69254-f43e-427a-9933-9d3befe66694 95c8645c586b4ab99ebca8383d37758b daa72123e0b84cbfbef418d5c9dd5988 - - default default] No more DHCP agents
2026-07-17 13:54:26.180 8 WARNING neutron.api.rpc.agentnotifiers.dhcp_rpc_agent_api [None req-71b69254-f43e-427a-9933-9d3befe66694 95c8645c586b4ab99ebca8383d37758b daa72123e0b84cbfbef418d5c9dd5988 - - default default] Unable to schedule network 0b6ab031-845d-48e6-9cc6-a64cf542a860: no agents available; will retry on subsequent port and subnet creation events.
2026-07-17 13:54:26.242 7 WARNING neutron.scheduler.dhcp_agent_scheduler [None req-c2f35377-0393-4bf9-b4bf-d3bb7e5da38c 9b3e04e59c8d4213b8428ed1cdb68c29 befb88bb4542439f8e19cbb88f069791 - - default default] No more DHCP agents
2026-07-17 13:54:26.243 7 WARNING neutron.api.rpc.agentnotifiers.dhcp_rpc_agent_api [None req-c2f35377-0393-4bf9-b4bf-d3bb7e5da38c 9b3e04e59c8d4213b8428ed1cdb68c29 befb88bb4542439f8e19cbb88f069791 - - default default] Unable to schedule network bd135b20-642f-4079-90c0-b659f8544b13: no agents available; will retry on subsequent port and subnet creation events.
2026-07-17 13:54:26.274 8 INFO neutron.plugins.ml2.drivers.ovn.mech_driver.mech_driver [None req-5ba4a22c-ef86-47f7-b252-3d88a4f3bc9f - - - - - -] OVN reports status down for port: 1fc45f6e-7285-40f6-9d52-e0670cb5b2b1
2026-07-17 13:54:26.343 8 INFO neutron.db.ovn_revision_numbers_db [None req-71b69254-f43e-427a-9933-9d3befe66694 95c8645c586b4ab99ebca8383d37758b daa72123e0b84cbfbef418d5c9dd5988 - - default default] Successfully bumped revision number for resource 1fc45f6e-7285-40f6-9d52-e0670cb5b2b1 (type: ports) to 1 [pid: 8|app: 0|req: 732/1437] 10.0.0.107 () {34 vars in 665 bytes} [Fri Jul 17 13:54:25 2026] POST /v2.0/ports => generated 965 bytes in 522 msecs (HTTP/1.1 201) 4 headers in 162 bytes (1 switches on core 0) /var/lib/openstack/lib/python3.12/site-packages/pycadf/identifier.py:70: UserWarning: Invalid uuid: neutron. To ensure interoperability, identifiers should be a valid uuid. warnings.warn(('Invalid uuid: %s. To ensure interoperability, '
2026-07-17 13:54:26.410 8 INFO neutron.pecan_wsgi.hooks.translation [None req-3eea3e29-063e-4095-bb6d-8d361f30e1bb f60c3c622b07437bb304056f136c4fde beb5b317bf994e7bb4349a030ddb7398 - - default default] DELETE failed (client error): The resource could not be found. [pid: 8|app: 0|req: 733/1438] 10.0.0.107 () {32 vars in 726 bytes} [Fri Jul 17 13:54:26 2026] DELETE /v2.0/networks/da66f31f-950f-4fd6-97f7-28d13b85ccb8 => generated 138 bytes in 26 msecs (HTTP/1.1 404) 4 headers in 164 bytes (1 switches on core 0)
2026-07-17 13:54:26.546 8 INFO neutron_taas.services.taas.taas_plugin [None req-f92f67e3-36a1-4779-a0e1-18c51ea22b13 95c8645c586b4ab99ebca8383d37758b daa72123e0b84cbfbef418d5c9dd5988 - - default default] TaaS: Handle Delete Port: 1fc45f6e-7285-40f6-9d52-e0670cb5b2b1
2026-07-17 13:54:26.549 8 INFO neutron_taas.services.taas.tap_mirror_plugin [None req-f92f67e3-36a1-4779-a0e1-18c51ea22b13 95c8645c586b4ab99ebca8383d37758b daa72123e0b84cbfbef418d5c9dd5988 - - default default] Tap Mirror: Handle Delete Port: 1fc45f6e-7285-40f6-9d52-e0670cb5b2b1 [pid: 8|app: 0|req: 734/1439] 10.0.0.107 () {32 vars in 720 bytes} [Fri Jul 17 13:54:26 2026] DELETE /v2.0/ports/1fc45f6e-7285-40f6-9d52-e0670cb5b2b1 => generated 0 bytes in 306 msecs (HTTP/1.1 204) 3 headers in 131 bytes (1 switches on core 0)
2026-07-17 13:54:26.756 7 INFO neutron.db.ovn_revision_numbers_db [None req-c2f35377-0393-4bf9-b4bf-d3bb7e5da38c 9b3e04e59c8d4213b8428ed1cdb68c29 befb88bb4542439f8e19cbb88f069791 - - default default] Successfully bumped revision number for resource dd16d787-57ca-4f26-80dc-7b01a8e36ec2 (type: ports) to 2 [pid: 8|app: 0|req: 735/1440] 10.0.0.107 () {32 vars in 694 bytes} [Fri Jul 17 13:54:26 2026] GET /v2.0/networks?router%3Aexternal=True => generated 689 bytes in 62 msecs (HTTP/1.1 200) 4 headers in 157 bytes (1 switches on core 0)
2026-07-17 13:54:26.796 7 INFO neutron.db.ovn_revision_numbers_db [None req-c2f35377-0393-4bf9-b4bf-d3bb7e5da38c 9b3e04e59c8d4213b8428ed1cdb68c29 befb88bb4542439f8e19cbb88f069791 - - default default] Successfully bumped revision number for resource 4b42e769-1dc9-4b37-8e16-7d68c02e357b (type: subnets) to 0 [pid: 7|app: 0|req: 706/1441] 10.0.0.107 () {34 vars in 669 bytes} [Fri Jul 17 13:54:26 2026] POST /v2.0/subnets => generated 626 bytes in 745 msecs (HTTP/1.1 201) 4 headers in 162 bytes (1 switches on core 0)
2026-07-17 13:54:26.837 7 INFO neutron.pecan_wsgi.hooks.translation [None req-ad6a4bf3-6a3a-4830-bf74-b2d5cea04866 95c8645c586b4ab99ebca8383d37758b daa72123e0b84cbfbef418d5c9dd5988 - - default default] DELETE failed (client error): The resource could not be found. [pid: 7|app: 0|req: 707/1442] 10.0.0.107 () {32 vars in 720 bytes} [Fri Jul 17 13:54:26 2026] DELETE /v2.0/ports/1fc45f6e-7285-40f6-9d52-e0670cb5b2b1 => generated 132 bytes in 19 msecs (HTTP/1.1 404) 4 headers in 164 bytes (1 switches on core 0) [pid: 7|app: 0|req: 708/1443] 10.0.0.107 () {32 vars in 742 bytes} [Fri Jul 17 13:54:26 2026] GET /v2.0/subnets?network_id=3465483a-59ff-466b-af17-c03558f0ef2a => generated 649 bytes in 23 msecs (HTTP/1.1 200) 4 headers in 157 bytes (1 switches on core 0) [pid: 8|app: 0|req: 736/1444] 10.0.0.30 () {28 vars in 578 bytes} [Fri Jul 17 13:54:26 2026] GET /v2.0/ports => generated 11551 bytes in 208 msecs (HTTP/1.1 200) 4 headers in 159 bytes (1 switches on core 0)
2026-07-17 13:54:27.005 8 INFO neutron.pecan_wsgi.hooks.translation [None req-edc5d7c7-cdfa-4412-a0d7-f9a411fb68b9 95c8645c586b4ab99ebca8383d37758b daa72123e0b84cbfbef418d5c9dd5988 - - default default] GET failed (client error): The resource could not be found. [pid: 8|app: 0|req: 737/1445] 10.0.0.107 () {32 vars in 717 bytes} [Fri Jul 17 13:54:26 2026] GET /v2.0/ports/1fc45f6e-7285-40f6-9d52-e0670cb5b2b1 => generated 132 bytes in 15 msecs (HTTP/1.1 404) 4 headers in 164 bytes (1 switches on core 0) [pid: 8|app: 0|req: 738/1446] 10.0.0.107 () {32 vars in 653 bytes} [Fri Jul 17 13:54:27 2026] GET /v2.0/extensions => generated 22668 bytes in 8 msecs (HTTP/1.1 200) 4 headers in 159 bytes (1 switches on core 0) [pid: 8|app: 0|req: 739/1447] 10.0.0.30 () {28 vars in 582 bytes} [Fri Jul 17 13:54:27 2026] GET /v2.0/subnets => generated 3277 bytes in 45 msecs (HTTP/1.1 200) 4 headers in 158 bytes (1 switches on core 0)
2026-07-17 13:54:27.077 7 WARNING neutron.scheduler.dhcp_agent_scheduler [None req-79c722f8-ad39-4b5c-af42-9b78a0344629 9b3e04e59c8d4213b8428ed1cdb68c29 befb88bb4542439f8e19cbb88f069791 - - default default] No more DHCP agents
2026-07-17 13:54:27.078 7 WARNING neutron.api.rpc.agentnotifiers.dhcp_rpc_agent_api [None req-79c722f8-ad39-4b5c-af42-9b78a0344629 9b3e04e59c8d4213b8428ed1cdb68c29 befb88bb4542439f8e19cbb88f069791 - - default default] Unable to schedule network bd135b20-642f-4079-90c0-b659f8544b13: no agents available; will retry on subsequent port and subnet creation events. [pid: 8|app: 0|req: 740/1448] 10.0.0.107 () {32 vars in 724 bytes} [Fri Jul 17 13:54:27 2026] DELETE /v2.0/subnets/ab6a78c5-6573-4723-a4fd-a2d52bc24a64 => generated 0 bytes in 134 msecs (HTTP/1.1 204) 3 headers in 131 bytes (1 switches on core 0)
2026-07-17 13:54:27.216 7 INFO neutron.plugins.ml2.drivers.ovn.mech_driver.mech_driver [None req-ced15590-4b18-4368-a189-0dd3e0c40ff9 - - - - - -] OVN reports status down for port: 5ca3d245-b46d-4c74-832a-fcc040191e46 [pid: 8|app: 0|req: 741/1449] 10.0.0.107 () {32 vars in 649 bytes} [Fri Jul 17 13:54:27 2026] GET /v2.0/networks => generated 1389 bytes in 60 msecs (HTTP/1.1 200) 4 headers in 158 bytes (1 switches on core 0)
2026-07-17 13:54:27.268 7 INFO neutron.services.segments.plugin [-] Segment 60837b7c-a7da-4ef8-983c-fc385ebff701 resource provider aggregate not found [pid: 8|app: 0|req: 742/1450] 10.0.0.30 () {28 vars in 590 bytes} [Fri Jul 17 13:54:27 2026] GET /v2.0/subnetpools => generated 19 bytes in 11 msecs (HTTP/1.1 200) 4 headers in 156 bytes (1 switches on core 0)
2026-07-17 13:54:27.288 7 INFO neutron.services.segments.plugin [-] Client error retrieving segment 60837b7c-a7da-4ef8-983c-fc385ebff701 resource provider; error: Placement Client Error (4xx): {"errors": [{"status": 404, "title": "Not Found", "detail": "The resource could not be found.\n\n No resource provider with uuid 60837b7c-a7da-4ef8-983c-fc385ebff701 found for delete ", "request_id": "req-8f5144d0-0918-477e-8226-1fadbfd86a83"}]}
2026-07-17 13:54:27.288 7 INFO neutron.services.segments.plugin [-] Segment 60837b7c-a7da-4ef8-983c-fc385ebff701 resource provider aggregate not found
2026-07-17 13:54:27.289 7 INFO neutron.db.ovn_revision_numbers_db [None req-79c722f8-ad39-4b5c-af42-9b78a0344629 9b3e04e59c8d4213b8428ed1cdb68c29 befb88bb4542439f8e19cbb88f069791 - - default default] Successfully bumped revision number for resource 5ca3d245-b46d-4c74-832a-fcc040191e46 (type: ports) to 1
2026-07-17 13:54:27.318 7 INFO neutron.services.segments.plugin [-] Client error retrieving segment 60837b7c-a7da-4ef8-983c-fc385ebff701 resource provider; error: Placement Client Error (4xx): {"errors": [{"status": 404, "title": "Not Found", "detail": "The resource could not be found.\n\n No resource provider with uuid 60837b7c-a7da-4ef8-983c-fc385ebff701 found for delete ", "request_id": "req-a05cfd7f-492b-495c-9ab4-f04750fce520"}]} [pid: 7|app: 0|req: 709/1451] 10.0.0.107 () {34 vars in 665 bytes} [Fri Jul 17 13:54:26 2026] POST /v2.0/ports => generated 915 bytes in 501 msecs (HTTP/1.1 201) 4 headers in 162 bytes (1 switches on core 0)
2026-07-17 13:54:27.390 8 INFO neutron_taas.services.taas.taas_plugin [None req-9f1d01c0-f6af-4f57-b8e1-8fa76eac90e0 95c8645c586b4ab99ebca8383d37758b daa72123e0b84cbfbef418d5c9dd5988 - - default default] TaaS: Handle Delete Port: 698c837d-36b2-4ff0-8ef5-7d1dfce44a5c
2026-07-17 13:54:27.395 8 INFO neutron_taas.services.taas.tap_mirror_plugin [None req-9f1d01c0-f6af-4f57-b8e1-8fa76eac90e0 95c8645c586b4ab99ebca8383d37758b daa72123e0b84cbfbef418d5c9dd5988 - - default default] Tap Mirror: Handle Delete Port: 698c837d-36b2-4ff0-8ef5-7d1dfce44a5c [pid: 7|app: 0|req: 710/1452] 10.0.0.107 () {32 vars in 647 bytes} [Fri Jul 17 13:54:27 2026] GET /v2.0/subnets => generated 1312 bytes in 32 msecs (HTTP/1.1 200) 4 headers in 158 bytes (1 switches on core 0) [pid: 7|app: 0|req: 711/1453] 10.0.0.30 () {28 vars in 598 bytes} [Fri Jul 17 13:54:27 2026] GET /v2.0/security-groups => generated 26113 bytes in 37 msecs (HTTP/1.1 200) 4 headers in 159 bytes (1 switches on core 0)
2026-07-17 13:54:27.601 7 INFO neutron_taas.services.taas.taas_plugin [None req-b7203775-514b-47cd-80af-a0209e802cbd 9b3e04e59c8d4213b8428ed1cdb68c29 befb88bb4542439f8e19cbb88f069791 - - default default] TaaS: Handle Delete Port: 5ca3d245-b46d-4c74-832a-fcc040191e46
2026-07-17 13:54:27.608 7 INFO neutron_taas.services.taas.tap_mirror_plugin [None req-b7203775-514b-47cd-80af-a0209e802cbd 9b3e04e59c8d4213b8428ed1cdb68c29 befb88bb4542439f8e19cbb88f069791 - - default default] Tap Mirror: Handle Delete Port: 5ca3d245-b46d-4c74-832a-fcc040191e46
2026-07-17 13:54:27.608 8 INFO neutron.services.segments.plugin [-] Segment 36f9a373-2952-4afd-b6c6-927280fff7c0 resource provider aggregate not found
2026-07-17 13:54:27.611 8 INFO neutron.services.segments.plugin [-] Segment 36f9a373-2952-4afd-b6c6-927280fff7c0 resource provider aggregate not found
2026-07-17 13:54:27.632 8 INFO neutron.services.segments.plugin [-] Client error retrieving segment 36f9a373-2952-4afd-b6c6-927280fff7c0 resource provider; error: Placement Client Error (4xx): {"errors": [{"status": 404, "title": "Not Found", "detail": "The resource could not be found.\n\n No resource provider with uuid 36f9a373-2952-4afd-b6c6-927280fff7c0 found for delete ", "request_id": "req-ccc78d5c-279c-4f1c-8c4d-97dc0fd15b2e"}]}
2026-07-17 13:54:27.651 8 INFO neutron.services.segments.plugin [-] Client error retrieving segment 36f9a373-2952-4afd-b6c6-927280fff7c0 resource provider; error: Placement Client Error (4xx): {"errors": [{"status": 404, "title": "Not Found", "detail": "The resource could not be found.\n\n No resource provider with uuid 36f9a373-2952-4afd-b6c6-927280fff7c0 found for delete ", "request_id": "req-0e18cdd5-001f-42a9-bdba-6a4c42fbbc8f"}]} [pid: 8|app: 0|req: 743/1454] 10.0.0.107 () {32 vars in 726 bytes} [Fri Jul 17 13:54:27 2026] DELETE /v2.0/networks/0b6ab031-845d-48e6-9cc6-a64cf542a860 => generated 0 bytes in 404 msecs (HTTP/1.1 204) 3 headers in 131 bytes (1 switches on core 0) [pid: 8|app: 0|req: 744/1455] 10.0.0.107 () {32 vars in 723 bytes} [Fri Jul 17 13:54:27 2026] GET /v2.0/networks/72b1be08-af65-4230-bd9d-7e767572f1c0 => generated 711 bytes in 55 msecs (HTTP/1.1 200) 4 headers in 157 bytes (1 switches on core 0) [pid: 8|app: 0|req: 745/1456] 10.0.0.30 () {28 vars in 582 bytes} [Fri Jul 17 13:54:27 2026] GET /v2.0/subnets => generated 2623 bytes in 60 msecs (HTTP/1.1 200) 4 headers in 158 bytes (1 switches on core 0) [pid: 7|app: 0|req: 712/1459] 10.0.0.107 () {32 vars in 720 bytes} [Fri Jul 17 13:54:27 2026] DELETE /v2.0/ports/5ca3d245-b46d-4c74-832a-fcc040191e46 => generated 0 bytes in 361 msecs (HTTP/1.1 204) 3 headers in 131 bytes (1 switches on core 0) [pid: 7|app: 0|req: 713/1460] 10.0.0.107 () {32 vars in 721 bytes} [Fri Jul 17 13:54:27 2026] GET /v2.0/subnets/3075a9c3-92f4-4af0-b0b8-58813e2c3896 => generated 673 bytes in 26 msecs (HTTP/1.1 200) 4 headers in 157 bytes (1 switches on core 0) [pid: 7|app: 0|req: 714/1461] 10.0.0.30 () {28 vars in 618 bytes} [Fri Jul 17 13:54:27 2026] GET /v2.0/network-ip-availabilities => generated 4294 bytes in 19 msecs (HTTP/1.1 200) 4 headers in 158 bytes (1 switches on core 0)
2026-07-17 13:54:27.862 7 INFO neutron.pecan_wsgi.hooks.translation [None req-291b1f8a-0422-4886-b30c-00108940c6c9 9b3e04e59c8d4213b8428ed1cdb68c29 befb88bb4542439f8e19cbb88f069791 - - default default] GET failed (client error): The resource could not be found. [pid: 7|app: 0|req: 715/1462] 10.0.0.107 () {32 vars in 717 bytes} [Fri Jul 17 13:54:27 2026] GET /v2.0/ports/5ca3d245-b46d-4c74-832a-fcc040191e46 => generated 132 bytes in 18 msecs (HTTP/1.1 404) 4 headers in 164 bytes (1 switches on core 0)
2026-07-17 13:54:27.877 7 INFO neutron.pecan_wsgi.hooks.translation [None req-d78aa297-edba-461f-a4b9-7ca7b7f99da2 f60c3c622b07437bb304056f136c4fde beb5b317bf994e7bb4349a030ddb7398 - - default default] DELETE failed (client error): The resource could not be found. [pid: 7|app: 0|req: 716/1463] 10.0.0.107 () {32 vars in 724 bytes} [Fri Jul 17 13:54:27 2026] DELETE /v2.0/subnets/c4562ad7-ae76-419a-86dd-7c1ccc9ff24d => generated 136 bytes in 15 msecs (HTTP/1.1 404) 4 headers in 164 bytes (1 switches on core 0)
2026-07-17 13:54:27.879 8 INFO neutron.db.segments_db [None req-5f219f06-5d83-4ebc-9d8f-52530a9210d9 95c8645c586b4ab99ebca8383d37758b daa72123e0b84cbfbef418d5c9dd5988 - - default default] Added segment 348e757c-074c-4c32-a75e-3508b1b1ad0f of type geneve for network 279ddb66-4b07-4ef8-9a92-d09e36eba283 [pid: 7|app: 0|req: 717/1464] 10.0.0.30 () {28 vars in 590 bytes} [Fri Jul 17 13:54:27 2026] GET /v2.0/floatingips => generated 19 bytes in 17 msecs (HTTP/1.1 200) 4 headers in 156 bytes (1 switches on core 0)
2026-07-17 13:54:27.981 8 INFO neutron.db.ovn_revision_numbers_db [None req-5f219f06-5d83-4ebc-9d8f-52530a9210d9 95c8645c586b4ab99ebca8383d37758b daa72123e0b84cbfbef418d5c9dd5988 - - default default] Successfully bumped revision number for resource 279ddb66-4b07-4ef8-9a92-d09e36eba283 (type: networks) to 1 [pid: 7|app: 0|req: 718/1465] 10.0.0.107 () {32 vars in 724 bytes} [Fri Jul 17 13:54:27 2026] DELETE /v2.0/subnets/4b42e769-1dc9-4b37-8e16-7d68c02e357b => generated 0 bytes in 165 msecs (HTTP/1.1 204) 3 headers in 131 bytes (1 switches on core 0)
2026-07-17 13:54:28.072 7 INFO neutron.pecan_wsgi.hooks.translation [None req-a6b32b73-18c6-45ac-a36f-2225035569b5 f60c3c622b07437bb304056f136c4fde beb5b317bf994e7bb4349a030ddb7398 - - default default] DELETE failed (client error): The resource could not be found. [pid: 7|app: 0|req: 719/1466] 10.0.0.107 () {32 vars in 726 bytes} [Fri Jul 17 13:54:28 2026] DELETE /v2.0/networks/da66f31f-950f-4fd6-97f7-28d13b85ccb8 => generated 138 bytes in 12 msecs (HTTP/1.1 404) 4 headers in 164 bytes (1 switches on core 0)
2026-07-17 13:54:28.113 8 WARNING neutron.scheduler.dhcp_agent_scheduler [None req-5f219f06-5d83-4ebc-9d8f-52530a9210d9 95c8645c586b4ab99ebca8383d37758b daa72123e0b84cbfbef418d5c9dd5988 - - default default] No more DHCP agents
2026-07-17 13:54:28.114 8 WARNING neutron.api.rpc.agentnotifiers.dhcp_rpc_agent_api [None req-5f219f06-5d83-4ebc-9d8f-52530a9210d9 95c8645c586b4ab99ebca8383d37758b daa72123e0b84cbfbef418d5c9dd5988 - - default default] Unable to schedule network 279ddb66-4b07-4ef8-9a92-d09e36eba283: no agents available; will retry on subsequent port and subnet creation events. [pid: 7|app: 0|req: 720/1467] 10.0.0.30 () {28 vars in 584 bytes} [Fri Jul 17 13:54:28 2026] GET /v2.0/networks => generated 6099 bytes in 48 msecs (HTTP/1.1 200) 4 headers in 158 bytes (1 switches on core 0)
2026-07-17 13:54:28.171 7 INFO neutron.plugins.ml2.drivers.ovn.mech_driver.mech_driver [None req-ced15590-4b18-4368-a189-0dd3e0c40ff9 - - - - - -] OVN reports status down for port: 9eff40c9-e9e7-4785-b489-6bb21a77a0f2
2026-07-17 13:54:28.178 8 INFO neutron.db.ovn_revision_numbers_db [None req-5f219f06-5d83-4ebc-9d8f-52530a9210d9 95c8645c586b4ab99ebca8383d37758b daa72123e0b84cbfbef418d5c9dd5988 - - default default] Successfully bumped revision number for resource 9eff40c9-e9e7-4785-b489-6bb21a77a0f2 (type: ports) to 1 [pid: 8|app: 0|req: 748/1468] 10.0.0.107 () {34 vars in 670 bytes} [Fri Jul 17 13:54:27 2026] POST /v2.0/networks => generated 674 bytes in 409 msecs (HTTP/1.1 201) 4 headers in 162 bytes (1 switches on core 0)
2026-07-17 13:54:28.319 7 INFO neutron_taas.services.taas.taas_plugin [None req-b13c9deb-7f92-4efa-89b6-5db954b18d64 9b3e04e59c8d4213b8428ed1cdb68c29 befb88bb4542439f8e19cbb88f069791 - - default default] TaaS: Handle Delete Port: dd16d787-57ca-4f26-80dc-7b01a8e36ec2
2026-07-17 13:54:28.325 7 INFO neutron_taas.services.taas.tap_mirror_plugin [None req-b13c9deb-7f92-4efa-89b6-5db954b18d64 9b3e04e59c8d4213b8428ed1cdb68c29 befb88bb4542439f8e19cbb88f069791 - - default default] Tap Mirror: Handle Delete Port: dd16d787-57ca-4f26-80dc-7b01a8e36ec2 [pid: 8|app: 0|req: 749/1469] 10.0.0.107 () {32 vars in 724 bytes} [Fri Jul 17 13:54:28 2026] DELETE /v2.0/subnets/3075a9c3-92f4-4af0-b0b8-58813e2c3896 => generated 0 bytes in 139 msecs (HTTP/1.1 204) 3 headers in 131 bytes (1 switches on core 0) [pid: 8|app: 0|req: 750/1470] 10.0.0.30 () {28 vars in 582 bytes} [Fri Jul 17 13:54:28 2026] GET /v2.0/routers => generated 15 bytes in 13 msecs (HTTP/1.1 200) 4 headers in 156 bytes (1 switches on core 0) [pid: 7|app: 0|req: 721/1471] 10.0.0.107 () {32 vars in 726 bytes} [Fri Jul 17 13:54:28 2026] DELETE /v2.0/networks/bd135b20-642f-4079-90c0-b659f8544b13 => generated 0 bytes in 399 msecs (HTTP/1.1 204) 3 headers in 131 bytes (1 switches on core 0)
2026-07-17 13:54:28.535 8 WARNING neutron.scheduler.dhcp_agent_scheduler [None req-53513f8b-c1f5-471c-a302-74b645d6a905 95c8645c586b4ab99ebca8383d37758b daa72123e0b84cbfbef418d5c9dd5988 - - default default] No more DHCP agents
2026-07-17 13:54:28.538 8 WARNING neutron.api.rpc.agentnotifiers.dhcp_rpc_agent_api [None req-53513f8b-c1f5-471c-a302-74b645d6a905 95c8645c586b4ab99ebca8383d37758b daa72123e0b84cbfbef418d5c9dd5988 - - default default] Unable to schedule network 279ddb66-4b07-4ef8-9a92-d09e36eba283: no agents available; will retry on subsequent port and subnet creation events.
2026-07-17 13:54:28.569 8 INFO neutron.db.ovn_revision_numbers_db [None req-53513f8b-c1f5-471c-a302-74b645d6a905 95c8645c586b4ab99ebca8383d37758b daa72123e0b84cbfbef418d5c9dd5988 - - default default] Successfully bumped revision number for resource 6d8985ba-1134-4119-a8ce-adac01db623b (type: subnets) to 0 [pid: 8|app: 0|req: 751/1472] 10.0.0.107 () {34 vars in 669 bytes} [Fri Jul 17 13:54:28 2026] POST /v2.0/subnets => generated 646 bytes in 236 msecs (HTTP/1.1 201) 4 headers in 162 bytes (1 switches on core 0)
2026-07-17 13:54:28.721 8 INFO neutron_taas.services.taas.taas_plugin [None req-dd499992-dbbd-47d0-b043-c5f58a9bcc31 f60c3c622b07437bb304056f136c4fde beb5b317bf994e7bb4349a030ddb7398 - - default default] TaaS: Handle Delete Port: 1a185db4-60f6-469a-a940-53a63e88799d
2026-07-17 13:54:28.723 8 INFO neutron_taas.services.taas.tap_mirror_plugin [None req-dd499992-dbbd-47d0-b043-c5f58a9bcc31 f60c3c622b07437bb304056f136c4fde beb5b317bf994e7bb4349a030ddb7398 - - default default] Tap Mirror: Handle Delete Port: 1a185db4-60f6-469a-a940-53a63e88799d [pid: 7|app: 0|req: 722/1473] 10.0.0.107 () {34 vars in 678 bytes} [Fri Jul 17 13:54:28 2026] POST /v2.0/qos/policies => generated 359 bytes in 239 msecs (HTTP/1.1 201) 4 headers in 162 bytes (1 switches on core 0) [pid: 7|app: 0|req: 723/1474] 10.0.0.30 () {28 vars in 623 bytes} [Fri Jul 17 13:54:28 2026] GET /v2.0/agents?binary=ovn-controller => generated 416 bytes in 38 msecs (HTTP/1.1 200) 4 headers in 157 bytes (1 switches on core 0) [pid: 8|app: 0|req: 752/1475] 10.0.0.107 () {32 vars in 726 bytes} [Fri Jul 17 13:54:28 2026] DELETE /v2.0/networks/72b1be08-af65-4230-bd9d-7e767572f1c0 => generated 0 bytes in 326 msecs (HTTP/1.1 204) 3 headers in 131 bytes (1 switches on core 0)
2026-07-17 13:54:29.036 7 WARNING neutron.scheduler.dhcp_agent_scheduler [None req-09b71df2-c23d-41ef-859d-af4790ca3057 9b3e04e59c8d4213b8428ed1cdb68c29 befb88bb4542439f8e19cbb88f069791 - - default default] No more DHCP agents
2026-07-17 13:54:29.038 7 WARNING neutron.api.rpc.agentnotifiers.dhcp_rpc_agent_api [None req-09b71df2-c23d-41ef-859d-af4790ca3057 9b3e04e59c8d4213b8428ed1cdb68c29 befb88bb4542439f8e19cbb88f069791 - - default default] Unable to schedule network 2f6495bf-aa3a-404b-b99e-b0e7ad98c53d: no agents available; will retry on subsequent port and subnet creation events.
2026-07-17 13:54:29.095 7 INFO neutron.plugins.ml2.drivers.ovn.mech_driver.mech_driver [None req-ced15590-4b18-4368-a189-0dd3e0c40ff9 - - - - - -] OVN reports status down for port: 269bc794-02e5-46f4-9b86-3fe07cebe555
2026-07-17 13:54:29.153 7 INFO neutron.db.ovn_revision_numbers_db [None req-09b71df2-c23d-41ef-859d-af4790ca3057 9b3e04e59c8d4213b8428ed1cdb68c29 befb88bb4542439f8e19cbb88f069791 - - default default] Successfully bumped revision number for resource 269bc794-02e5-46f4-9b86-3fe07cebe555 (type: ports) to 1
2026-07-17 13:54:29.163 8 WARNING neutron.scheduler.dhcp_agent_scheduler [None req-8c8341fc-07e4-47df-a251-ee6beb700092 95c8645c586b4ab99ebca8383d37758b daa72123e0b84cbfbef418d5c9dd5988 - - default default] No more DHCP agents
2026-07-17 13:54:29.164 8 WARNING neutron.api.rpc.agentnotifiers.dhcp_rpc_agent_api [None req-8c8341fc-07e4-47df-a251-ee6beb700092 95c8645c586b4ab99ebca8383d37758b daa72123e0b84cbfbef418d5c9dd5988 - - default default] Unable to schedule network 279ddb66-4b07-4ef8-9a92-d09e36eba283: no agents available; will retry on subsequent port and subnet creation events. [pid: 7|app: 0|req: 724/1476] 10.0.0.107 () {34 vars in 665 bytes} [Fri Jul 17 13:54:28 2026] POST /v2.0/ports => generated 774 bytes in 400 msecs (HTTP/1.1 201) 4 headers in 162 bytes (1 switches on core 0) /var/lib/openstack/lib/python3.12/site-packages/pycadf/identifier.py:70: UserWarning: Invalid uuid: neutron. To ensure interoperability, identifiers should be a valid uuid. warnings.warn(('Invalid uuid: %s. To ensure interoperability, '
2026-07-17 13:54:29.263 7 INFO neutron.plugins.ml2.drivers.ovn.mech_driver.mech_driver [None req-ced15590-4b18-4368-a189-0dd3e0c40ff9 - - - - - -] OVN reports status down for port: 38f74277-b34d-466b-9de3-d5a75e6b7653 [pid: 7|app: 0|req: 725/1477] 10.0.0.107 () {34 vars in 678 bytes} [Fri Jul 17 13:54:29 2026] POST /v2.0/qos/policies => generated 359 bytes in 61 msecs (HTTP/1.1 201) 4 headers in 162 bytes (1 switches on core 0)
2026-07-17 13:54:29.276 8 INFO neutron.db.ovn_revision_numbers_db [None req-8c8341fc-07e4-47df-a251-ee6beb700092 95c8645c586b4ab99ebca8383d37758b daa72123e0b84cbfbef418d5c9dd5988 - - default default] Successfully bumped revision number for resource 38f74277-b34d-466b-9de3-d5a75e6b7653 (type: ports) to 1 [pid: 7|app: 0|req: 726/1478] 10.0.0.30 () {28 vars in 580 bytes} [Fri Jul 17 13:54:29 2026] GET /v2.0/agents => generated 1214 bytes in 19 msecs (HTTP/1.1 200) 4 headers in 158 bytes (1 switches on core 0) [pid: 8|app: 0|req: 753/1479] 10.0.0.107 () {34 vars in 665 bytes} [Fri Jul 17 13:54:28 2026] POST /v2.0/ports => generated 927 bytes in 386 msecs (HTTP/1.1 201) 4 headers in 162 bytes (1 switches on core 0)
2026-07-17 13:54:29.335 7 INFO neutron.services.segments.plugin [-] Segment 504f5878-19c9-47b6-a850-9ab02177af4d resource provider aggregate not found
2026-07-17 13:54:29.346 7 INFO neutron.services.segments.plugin [-] Segment 504f5878-19c9-47b6-a850-9ab02177af4d resource provider aggregate not found [pid: 8|app: 0|req: 754/1480] 10.0.0.107 () {34 vars in 678 bytes} [Fri Jul 17 13:54:29 2026] POST /v2.0/qos/policies => generated 359 bytes in 52 msecs (HTTP/1.1 201) 4 headers in 162 bytes (1 switches on core 0)
2026-07-17 13:54:29.366 7 INFO neutron.services.segments.plugin [-] Client error retrieving segment 504f5878-19c9-47b6-a850-9ab02177af4d resource provider; error: Placement Client Error (4xx): {"errors": [{"status": 404, "title": "Not Found", "detail": "The resource could not be found.\n\n No resource provider with uuid 504f5878-19c9-47b6-a850-9ab02177af4d found for delete ", "request_id": "req-2d9492a4-1dd7-4e26-8e2b-7fab130199d4"}]}
2026-07-17 13:54:29.368 7 INFO neutron.services.segments.plugin [-] Client error retrieving segment 504f5878-19c9-47b6-a850-9ab02177af4d resource provider; error: Placement Client Error (4xx): {"errors": [{"status": 404, "title": "Not Found", "detail": "The resource could not be found.\n\n No resource provider with uuid 504f5878-19c9-47b6-a850-9ab02177af4d found for delete ", "request_id": "req-f149f07f-17e7-4c7b-91d5-ba9728e75a11"}]}
2026-07-17 13:54:29.471 8 INFO neutron_taas.services.taas.taas_plugin [None req-cb4e5a8c-ab7d-45b8-9528-8e2dce410cb6 95c8645c586b4ab99ebca8383d37758b daa72123e0b84cbfbef418d5c9dd5988 - - default default] TaaS: Handle Delete Port: 38f74277-b34d-466b-9de3-d5a75e6b7653
2026-07-17 13:54:29.474 8 INFO neutron_taas.services.taas.tap_mirror_plugin [None req-cb4e5a8c-ab7d-45b8-9528-8e2dce410cb6 95c8645c586b4ab99ebca8383d37758b daa72123e0b84cbfbef418d5c9dd5988 - - default default] Tap Mirror: Handle Delete Port: 38f74277-b34d-466b-9de3-d5a75e6b7653
2026-07-17 13:54:29.610 7 INFO neutron.plugins.ml2.drivers.ovn.mech_driver.mech_driver [None req-ced15590-4b18-4368-a189-0dd3e0c40ff9 - - - - - -] OVN reports status down for port: 269bc794-02e5-46f4-9b86-3fe07cebe555 [pid: 8|app: 0|req: 755/1481] 10.0.0.107 () {32 vars in 720 bytes} [Fri Jul 17 13:54:29 2026] DELETE /v2.0/ports/38f74277-b34d-466b-9de3-d5a75e6b7653 => generated 0 bytes in 254 msecs (HTTP/1.1 204) 3 headers in 131 bytes (1 switches on core 0) [pid: 8|app: 0|req: 756/1482] 10.0.0.107 () {34 vars in 678 bytes} [Fri Jul 17 13:54:29 2026] POST /v2.0/qos/policies => generated 359 bytes in 43 msecs (HTTP/1.1 201) 4 headers in 162 bytes (1 switches on core 0)
2026-07-17 13:54:29.657 8 INFO neutron.services.segments.plugin [-] Segment 9a48b7cd-c17e-47cb-81e6-ddd6dff4dd62 resource provider aggregate not found
2026-07-17 13:54:29.673 8 INFO neutron.services.segments.plugin [-] Client error retrieving segment 9a48b7cd-c17e-47cb-81e6-ddd6dff4dd62 resource provider; error: Placement Client Error (4xx): {"errors": [{"status": 404, "title": "Not Found", "detail": "The resource could not be found.\n\n No resource provider with uuid 9a48b7cd-c17e-47cb-81e6-ddd6dff4dd62 found for delete ", "request_id": "req-429932e8-63bb-455b-975c-7314cfb9e877"}]}
2026-07-17 13:54:29.674 8 INFO neutron.services.segments.plugin [-] Segment 9a48b7cd-c17e-47cb-81e6-ddd6dff4dd62 resource provider aggregate not found
2026-07-17 13:54:29.675 7 INFO neutron.db.ovn_revision_numbers_db [None req-a289fe56-a200-4bb8-8f05-888025ae2b80 9b3e04e59c8d4213b8428ed1cdb68c29 befb88bb4542439f8e19cbb88f069791 - - default default] Successfully bumped revision number for resource 269bc794-02e5-46f4-9b86-3fe07cebe555 (type: ports) to 2
2026-07-17 13:54:29.689 8 INFO neutron.services.segments.plugin [-] Client error retrieving segment 9a48b7cd-c17e-47cb-81e6-ddd6dff4dd62 resource provider; error: Placement Client Error (4xx): {"errors": [{"status": 404, "title": "Not Found", "detail": "The resource could not be found.\n\n No resource provider with uuid 9a48b7cd-c17e-47cb-81e6-ddd6dff4dd62 found for delete ", "request_id": "req-8d37560b-4e29-4c10-8914-6b39ad5b75e2"}]} [pid: 7|app: 0|req: 727/1483] 10.0.0.107 () {34 vars in 737 bytes} [Fri Jul 17 13:54:29 2026] PUT /v2.0/ports/269bc794-02e5-46f4-9b86-3fe07cebe555 => generated 752 bytes in 425 msecs (HTTP/1.1 200) 4 headers in 157 bytes (1 switches on core 0) /var/lib/openstack/lib/python3.12/site-packages/pycadf/identifier.py:70: UserWarning: Invalid uuid: neutron. To ensure interoperability, identifiers should be a valid uuid. warnings.warn(('Invalid uuid: %s. To ensure interoperability, '
2026-07-17 13:54:29.729 7 INFO neutron.pecan_wsgi.hooks.translation [None req-7199bf41-e3d0-462d-b1a2-5b8673fd1a16 95c8645c586b4ab99ebca8383d37758b daa72123e0b84cbfbef418d5c9dd5988 - - default default] GET failed (client error): The resource could not be found. [pid: 7|app: 0|req: 728/1484] 10.0.0.107 () {32 vars in 717 bytes} [Fri Jul 17 13:54:29 2026] GET /v2.0/ports/38f74277-b34d-466b-9de3-d5a75e6b7653 => generated 132 bytes in 21 msecs (HTTP/1.1 404) 4 headers in 164 bytes (1 switches on core 0)
2026-07-17 13:54:29.746 8 WARNING neutron.db.securitygroups_db [None req-05c72660-71bf-4f36-b7c8-34a14a3f0d5c 0b56078c22b24945b67708de2a20284c 259120fc650b4bb2832d92cc62e3c4fe - - default default] project_id key not found in filters, using tenant_id instead. This support has been deprecated and will be removed in a future release. [pid: 8|app: 0|req: 757/1485] 10.0.0.107 () {32 vars in 774 bytes} [Fri Jul 17 13:54:29 2026] GET /v2.0/security-groups?tenant_id=beb5b317bf994e7bb4349a030ddb7398&name=default => generated 2925 bytes in 108 msecs (HTTP/1.1 200) 4 headers in 158 bytes (1 switches on core 0) [pid: 7|app: 0|req: 729/1486] 10.0.0.107 () {34 vars in 678 bytes} [Fri Jul 17 13:54:29 2026] POST /v2.0/qos/policies => generated 359 bytes in 40 msecs (HTTP/1.1 201) 4 headers in 162 bytes (1 switches on core 0)
2026-07-17 13:54:29.869 8 INFO neutron_taas.services.taas.taas_plugin [None req-eed84964-920a-4e24-8aec-938e730ac7ca 9b3e04e59c8d4213b8428ed1cdb68c29 befb88bb4542439f8e19cbb88f069791 - - default default] TaaS: Handle Delete Port: 269bc794-02e5-46f4-9b86-3fe07cebe555
2026-07-17 13:54:29.872 8 INFO neutron_taas.services.taas.tap_mirror_plugin [None req-eed84964-920a-4e24-8aec-938e730ac7ca 9b3e04e59c8d4213b8428ed1cdb68c29 befb88bb4542439f8e19cbb88f069791 - - default default] Tap Mirror: Handle Delete Port: 269bc794-02e5-46f4-9b86-3fe07cebe555 [pid: 7|app: 0|req: 730/1487] 10.0.0.107 () {32 vars in 724 bytes} [Fri Jul 17 13:54:29 2026] DELETE /v2.0/subnets/6d8985ba-1134-4119-a8ce-adac01db623b => generated 0 bytes in 150 msecs (HTTP/1.1 204) 3 headers in 131 bytes (1 switches on core 0) [pid: 8|app: 0|req: 758/1488] 10.0.0.107 () {32 vars in 720 bytes} [Fri Jul 17 13:54:29 2026] DELETE /v2.0/ports/269bc794-02e5-46f4-9b86-3fe07cebe555 => generated 0 bytes in 192 msecs (HTTP/1.1 204) 3 headers in 131 bytes (1 switches on core 0)
2026-07-17 13:54:29.977 8 WARNING tagging [None req-81893883-4f59-44d8-8db2-c0c10c2c166e 5297af27ee1445e2bf28f60f6ca5de99 7925e4aa197a4ea4b4981cb0dd1c363c - - default default] project_id key not found in request, using tenant_id instead. This support has been deprecated and will be removed in a future release. [pid: 8|app: 0|req: 759/1489] 10.0.0.107 () {34 vars in 753 bytes} [Fri Jul 17 13:54:29 2026] PUT /v2.0/policies/8039acc6-955f-4cb6-8e7c-54de4d279a09/tags => generated 17 bytes in 37 msecs (HTTP/1.1 200) 4 headers in 156 bytes (1 switches on core 0) [pid: 7|app: 0|req: 731/1490] 10.0.0.107 () {32 vars in 740 bytes} [Fri Jul 17 13:54:29 2026] DELETE /v2.0/security-groups/dd652a19-3516-4fba-b971-fdd52ac3b0eb => generated 0 bytes in 190 msecs (HTTP/1.1 204) 2 headers in 112 bytes (1 switches on core 0)
2026-07-17 13:54:30.128 8 INFO neutron_taas.services.taas.taas_plugin [None req-947c6b6c-42b5-4f85-a8fd-a98b0789529b 95c8645c586b4ab99ebca8383d37758b daa72123e0b84cbfbef418d5c9dd5988 - - default default] TaaS: Handle Delete Port: 9eff40c9-e9e7-4785-b489-6bb21a77a0f2
2026-07-17 13:54:30.131 8 INFO neutron_taas.services.taas.tap_mirror_plugin [None req-947c6b6c-42b5-4f85-a8fd-a98b0789529b 95c8645c586b4ab99ebca8383d37758b daa72123e0b84cbfbef418d5c9dd5988 - - default default] Tap Mirror: Handle Delete Port: 9eff40c9-e9e7-4785-b489-6bb21a77a0f2 [pid: 7|app: 0|req: 732/1491] 10.0.0.107 () {32 vars in 643 bytes} [Fri Jul 17 13:54:30 2026] GET /v2.0/ports => generated 1534 bytes in 47 msecs (HTTP/1.1 200) 4 headers in 158 bytes (1 switches on core 0)
2026-07-17 13:54:30.185 7 WARNING tagging [None req-7d2263f8-6a71-416e-8f7f-877305c799b2 5297af27ee1445e2bf28f60f6ca5de99 7925e4aa197a4ea4b4981cb0dd1c363c - - default default] project_id key not found in request, using tenant_id instead. This support has been deprecated and will be removed in a future release. [pid: 7|app: 0|req: 733/1492] 10.0.0.107 () {34 vars in 753 bytes} [Fri Jul 17 13:54:30 2026] PUT /v2.0/policies/f1b96580-fe0e-40e0-a787-70e4f1a28bea/tags => generated 25 bytes in 52 msecs (HTTP/1.1 200) 4 headers in 156 bytes (1 switches on core 0)
2026-07-17 13:54:30.227 7 INFO neutron.pecan_wsgi.hooks.translation [None req-3f0f6aef-707d-4a2c-bdc8-fd3afa758c0a 9b3e04e59c8d4213b8428ed1cdb68c29 befb88bb4542439f8e19cbb88f069791 - - default default] GET failed (client error): The resource could not be found. [pid: 7|app: 0|req: 734/1493] 10.0.0.107 () {32 vars in 717 bytes} [Fri Jul 17 13:54:30 2026] GET /v2.0/ports/269bc794-02e5-46f4-9b86-3fe07cebe555 => generated 132 bytes in 17 msecs (HTTP/1.1 404) 4 headers in 164 bytes (1 switches on core 0)
2026-07-17 13:54:30.262 7 WARNING tagging [None req-f0a2b7f0-69d4-4948-bb9e-5bb671ce8594 5297af27ee1445e2bf28f60f6ca5de99 7925e4aa197a4ea4b4981cb0dd1c363c - - default default] project_id key not found in request, using tenant_id instead. This support has been deprecated and will be removed in a future release. [pid: 7|app: 0|req: 735/1494] 10.0.0.107 () {34 vars in 753 bytes} [Fri Jul 17 13:54:30 2026] PUT /v2.0/policies/e5781420-c1e7-47a7-91b0-63c92cc387be/tags => generated 34 bytes in 52 msecs (HTTP/1.1 200) 4 headers in 156 bytes (1 switches on core 0) [pid: 7|app: 0|req: 736/1495] 10.0.0.107 () {32 vars in 643 bytes} [Fri Jul 17 13:54:30 2026] GET /v2.0/ports => generated 1534 bytes in 35 msecs (HTTP/1.1 200) 4 headers in 158 bytes (1 switches on core 0) [pid: 8|app: 0|req: 760/1496] 10.0.0.107 () {32 vars in 726 bytes} [Fri Jul 17 13:54:29 2026] DELETE /v2.0/networks/279ddb66-4b07-4ef8-9a92-d09e36eba283 => generated 0 bytes in 352 msecs (HTTP/1.1 204) 3 headers in 131 bytes (1 switches on core 0)
2026-07-17 13:54:30.351 7 WARNING tagging [None req-4c433c5f-73a1-48ba-b8d0-4b3defaed791 5297af27ee1445e2bf28f60f6ca5de99 7925e4aa197a4ea4b4981cb0dd1c363c - - default default] project_id key not found in request, using tenant_id instead. This support has been deprecated and will be removed in a future release. [pid: 7|app: 0|req: 737/1497] 10.0.0.107 () {34 vars in 753 bytes} [Fri Jul 17 13:54:30 2026] PUT /v2.0/policies/e874d9a0-0423-43ef-85c0-0637f44da3f2/tags => generated 19 bytes in 50 msecs (HTTP/1.1 200) 4 headers in 156 bytes (1 switches on core 0) [pid: 8|app: 0|req: 761/1498] 10.0.0.107 () {32 vars in 717 bytes} [Fri Jul 17 13:54:30 2026] GET /v2.0/ports/456a534c-7b69-4339-93c9-f74870ea0e2e => generated 775 bytes in 26 msecs (HTTP/1.1 200) 4 headers in 157 bytes (1 switches on core 0)
2026-07-17 13:54:30.405 8 INFO neutron.pecan_wsgi.hooks.translation [None req-0e91fcf7-a996-45d0-b809-64069bb057e8 9b3e04e59c8d4213b8428ed1cdb68c29 befb88bb4542439f8e19cbb88f069791 - - default default] DELETE failed (client error): The resource could not be found. [pid: 8|app: 0|req: 762/1499] 10.0.0.107 () {32 vars in 720 bytes} [Fri Jul 17 13:54:30 2026] DELETE /v2.0/ports/5ca3d245-b46d-4c74-832a-fcc040191e46 => generated 132 bytes in 27 msecs (HTTP/1.1 404) 4 headers in 164 bytes (1 switches on core 0)
2026-07-17 13:54:30.423 8 INFO neutron.pecan_wsgi.hooks.translation [None req-fa7fe531-b766-42fc-b85d-851a4c51d7c3 9b3e04e59c8d4213b8428ed1cdb68c29 befb88bb4542439f8e19cbb88f069791 - - default default] DELETE failed (client error): The resource could not be found. [pid: 8|app: 0|req: 763/1500] 10.0.0.107 () {32 vars in 724 bytes} [Fri Jul 17 13:54:30 2026] DELETE /v2.0/subnets/4b42e769-1dc9-4b37-8e16-7d68c02e357b => generated 136 bytes in 15 msecs (HTTP/1.1 404) 4 headers in 164 bytes (1 switches on core 0)
2026-07-17 13:54:30.442 8 INFO neutron.pecan_wsgi.hooks.translation [None req-af8cd87b-b48c-4b89-82f8-fbf2c9a44092 9b3e04e59c8d4213b8428ed1cdb68c29 befb88bb4542439f8e19cbb88f069791 - - default default] DELETE failed (client error): The resource could not be found. [pid: 8|app: 0|req: 764/1501] 10.0.0.107 () {32 vars in 724 bytes} [Fri Jul 17 13:54:30 2026] DELETE /v2.0/subnets/8c99927a-ba48-4ab0-b440-dce04268ebd3 => generated 136 bytes in 13 msecs (HTTP/1.1 404) 4 headers in 164 bytes (1 switches on core 0)
2026-07-17 13:54:30.563 8 INFO neutron_taas.services.taas.taas_plugin [None req-dc9e0b25-63e1-447a-b88d-a86460ab8632 9b3e04e59c8d4213b8428ed1cdb68c29 befb88bb4542439f8e19cbb88f069791 - - default default] TaaS: Handle Delete Port: 456a534c-7b69-4339-93c9-f74870ea0e2e
2026-07-17 13:54:30.566 8 INFO neutron_taas.services.taas.tap_mirror_plugin [None req-dc9e0b25-63e1-447a-b88d-a86460ab8632 9b3e04e59c8d4213b8428ed1cdb68c29 befb88bb4542439f8e19cbb88f069791 - - default default] Tap Mirror: Handle Delete Port: 456a534c-7b69-4339-93c9-f74870ea0e2e
2026-07-17 13:54:30.637 7 WARNING neutron.scheduler.dhcp_agent_scheduler [None req-fdb80be0-acdc-4766-87cc-ead57c08031b 95c8645c586b4ab99ebca8383d37758b daa72123e0b84cbfbef418d5c9dd5988 - - default default] No more DHCP agents
2026-07-17 13:54:30.639 7 WARNING neutron.api.rpc.agentnotifiers.dhcp_rpc_agent_api [None req-fdb80be0-acdc-4766-87cc-ead57c08031b 95c8645c586b4ab99ebca8383d37758b daa72123e0b84cbfbef418d5c9dd5988 - - default default] Unable to schedule network ef5a290d-7184-497c-98ad-48bcb655b09a: no agents available; will retry on subsequent port and subnet creation events. [pid: 8|app: 0|req: 765/1502] 10.0.0.107 () {32 vars in 720 bytes} [Fri Jul 17 13:54:30 2026] DELETE /v2.0/ports/456a534c-7b69-4339-93c9-f74870ea0e2e => generated 0 bytes in 204 msecs (HTTP/1.1 204) 3 headers in 131 bytes (1 switches on core 0)
2026-07-17 13:54:30.722 8 INFO neutron.plugins.ml2.drivers.ovn.mech_driver.mech_driver [None req-5ba4a22c-ef86-47f7-b252-3d88a4f3bc9f - - - - - -] OVN reports status down for port: dcb65b44-ee0e-4f01-8865-0db394cd5c0c
2026-07-17 13:54:30.756 7 INFO neutron.db.ovn_revision_numbers_db [None req-fdb80be0-acdc-4766-87cc-ead57c08031b 95c8645c586b4ab99ebca8383d37758b daa72123e0b84cbfbef418d5c9dd5988 - - default default] Successfully bumped revision number for resource dcb65b44-ee0e-4f01-8865-0db394cd5c0c (type: ports) to 1 [pid: 7|app: 0|req: 738/1503] 10.0.0.107 () {34 vars in 665 bytes} [Fri Jul 17 13:54:30 2026] POST /v2.0/ports => generated 778 bytes in 414 msecs (HTTP/1.1 201) 4 headers in 162 bytes (1 switches on core 0)
2026-07-17 13:54:30.826 8 INFO neutron_taas.services.taas.taas_plugin [None req-e55df8f2-7b4f-4af8-be5e-767866deea5f 9b3e04e59c8d4213b8428ed1cdb68c29 befb88bb4542439f8e19cbb88f069791 - - default default] TaaS: Handle Delete Port: 98672d9d-c741-49ab-a442-ef9e99f4e7aa
2026-07-17 13:54:30.829 8 INFO neutron_taas.services.taas.tap_mirror_plugin [None req-e55df8f2-7b4f-4af8-be5e-767866deea5f 9b3e04e59c8d4213b8428ed1cdb68c29 befb88bb4542439f8e19cbb88f069791 - - default default] Tap Mirror: Handle Delete Port: 98672d9d-c741-49ab-a442-ef9e99f4e7aa /var/lib/openstack/lib/python3.12/site-packages/pycadf/identifier.py:70: UserWarning: Invalid uuid: neutron. To ensure interoperability, identifiers should be a valid uuid. warnings.warn(('Invalid uuid: %s. To ensure interoperability, ' [pid: 7|app: 0|req: 739/1504] 10.0.0.107 () {32 vars in 674 bytes} [Fri Jul 17 13:54:30 2026] GET /v2.0/qos/policies?tags=red => generated 1101 bytes in 187 msecs (HTTP/1.1 200) 4 headers in 158 bytes (1 switches on core 0) [pid: 8|app: 0|req: 766/1505] 10.0.0.107 () {32 vars in 726 bytes} [Fri Jul 17 13:54:30 2026] DELETE /v2.0/networks/2f6495bf-aa3a-404b-b99e-b0e7ad98c53d => generated 0 bytes in 392 msecs (HTTP/1.1 204) 3 headers in 131 bytes (1 switches on core 0) [pid: 8|app: 0|req: 767/1506] 10.0.0.107 () {32 vars in 688 bytes} [Fri Jul 17 13:54:31 2026] GET /v2.0/qos/policies?tags=red%2Cblue => generated 747 bytes in 50 msecs (HTTP/1.1 200) 4 headers in 157 bytes (1 switches on core 0) [pid: 8|app: 0|req: 768/1507] 10.0.0.107 () {32 vars in 684 bytes} [Fri Jul 17 13:54:31 2026] GET /v2.0/qos/policies?tags-any=blue => generated 747 bytes in 47 msecs (HTTP/1.1 200) 4 headers in 157 bytes (1 switches on core 0)
2026-07-17 13:54:31.197 8 INFO neutron.plugins.ml2.drivers.ovn.mech_driver.mech_driver [None req-5ba4a22c-ef86-47f7-b252-3d88a4f3bc9f - - - - - -] OVN reports status down for port: dcb65b44-ee0e-4f01-8865-0db394cd5c0c
2026-07-17 13:54:31.224 7 INFO neutron.db.ovn_revision_numbers_db [None req-3539ec47-ba63-480f-871f-dc626ed13a95 95c8645c586b4ab99ebca8383d37758b daa72123e0b84cbfbef418d5c9dd5988 - - default default] Successfully bumped revision number for resource dcb65b44-ee0e-4f01-8865-0db394cd5c0c (type: ports) to 2 [pid: 7|app: 0|req: 740/1508] 10.0.0.107 () {34 vars in 737 bytes} [Fri Jul 17 13:54:30 2026] PUT /v2.0/ports/dcb65b44-ee0e-4f01-8865-0db394cd5c0c => generated 752 bytes in 282 msecs (HTTP/1.1 200) 4 headers in 157 bytes (1 switches on core 0) /var/lib/openstack/lib/python3.12/site-packages/pycadf/identifier.py:70: UserWarning: Invalid uuid: neutron. To ensure interoperability, identifiers should be a valid uuid. warnings.warn(('Invalid uuid: %s. To ensure interoperability, ' [pid: 8|app: 0|req: 769/1509] 10.0.0.107 () {32 vars in 696 bytes} [Fri Jul 17 13:54:31 2026] GET /v2.0/qos/policies?tags-any=red%2Cblue => generated 1101 bytes in 123 msecs (HTTP/1.1 200) 4 headers in 158 bytes (1 switches on core 0) [pid: 8|app: 0|req: 770/1510] 10.0.0.107 () {32 vars in 682 bytes} [Fri Jul 17 13:54:31 2026] GET /v2.0/qos/policies?not-tags=red => generated 719 bytes in 69 msecs (HTTP/1.1 200) 4 headers in 157 bytes (1 switches on core 0) [pid: 8|app: 0|req: 771/1511] 10.0.0.107 () {32 vars in 696 bytes} [Fri Jul 17 13:54:31 2026] GET /v2.0/qos/policies?not-tags=red%2Cblue => generated 1073 bytes in 60 msecs (HTTP/1.1 200) 4 headers in 158 bytes (1 switches on core 0) [pid: 8|app: 0|req: 772/1512] 10.0.0.107 () {32 vars in 692 bytes} [Fri Jul 17 13:54:31 2026] GET /v2.0/qos/policies?not-tags-any=blue => generated 1073 bytes in 65 msecs (HTTP/1.1 200) 4 headers in 158 bytes (1 switches on core 0) [pid: 8|app: 0|req: 773/1513] 10.0.0.107 () {32 vars in 704 bytes} [Fri Jul 17 13:54:31 2026] GET /v2.0/qos/policies?not-tags-any=red%2Cblue => generated 719 bytes in 59 msecs (HTTP/1.1 200) 4 headers in 157 bytes (1 switches on core 0)
2026-07-17 13:54:31.694 8 INFO neutron.services.segments.plugin [-] Segment 348e757c-074c-4c32-a75e-3508b1b1ad0f resource provider aggregate not found
2026-07-17 13:54:31.712 8 INFO neutron.services.segments.plugin [-] Client error retrieving segment 348e757c-074c-4c32-a75e-3508b1b1ad0f resource provider; error: Placement Client Error (4xx): {"errors": [{"status": 404, "title": "Not Found", "detail": "The resource could not be found.\n\n No resource provider with uuid 348e757c-074c-4c32-a75e-3508b1b1ad0f found for delete ", "request_id": "req-386f9e33-f167-4ead-bbf4-547e776e4052"}]}
2026-07-17 13:54:31.716 8 INFO neutron.services.segments.plugin [-] Segment 348e757c-074c-4c32-a75e-3508b1b1ad0f resource provider aggregate not found
2026-07-17 13:54:31.727 8 INFO neutron.services.segments.plugin [-] Segment 4dead3db-7feb-4d6a-98cc-4b4a98618dfa resource provider aggregate not found
2026-07-17 13:54:31.731 8 INFO neutron.services.segments.plugin [-] Client error retrieving segment 348e757c-074c-4c32-a75e-3508b1b1ad0f resource provider; error: Placement Client Error (4xx): {"errors": [{"status": 404, "title": "Not Found", "detail": "The resource could not be found.\n\n No resource provider with uuid 348e757c-074c-4c32-a75e-3508b1b1ad0f found for delete ", "request_id": "req-ef610d90-2a97-47f7-ac1a-4e2baac878f7"}]}
2026-07-17 13:54:31.743 8 INFO neutron.services.segments.plugin [-] Segment 4dead3db-7feb-4d6a-98cc-4b4a98618dfa resource provider aggregate not found
2026-07-17 13:54:31.749 8 INFO neutron.services.segments.plugin [-] Client error retrieving segment 4dead3db-7feb-4d6a-98cc-4b4a98618dfa resource provider; error: Placement Client Error (4xx): {"errors": [{"status": 404, "title": "Not Found", "detail": "The resource could not be found.\n\n No resource provider with uuid 4dead3db-7feb-4d6a-98cc-4b4a98618dfa found for delete ", "request_id": "req-1e1bcc5e-8b98-4f61-9528-bb324163976b"}]}
2026-07-17 13:54:31.758 8 INFO neutron.services.segments.plugin [-] Client error retrieving segment 4dead3db-7feb-4d6a-98cc-4b4a98618dfa resource provider; error: Placement Client Error (4xx): {"errors": [{"status": 404, "title": "Not Found", "detail": "The resource could not be found.\n\n No resource provider with uuid 4dead3db-7feb-4d6a-98cc-4b4a98618dfa found for delete ", "request_id": "req-b73e1db3-3c7c-4390-b756-68a3cbfac520"}]}
2026-07-17 13:54:31.779 8 WARNING neutron.db.securitygroups_db [None req-2d789124-d07b-41dc-b50d-d22ef45f8029 0b56078c22b24945b67708de2a20284c 259120fc650b4bb2832d92cc62e3c4fe - - default default] project_id key not found in filters, using tenant_id instead. This support has been deprecated and will be removed in a future release. [pid: 8|app: 0|req: 774/1514] 10.0.0.107 () {32 vars in 774 bytes} [Fri Jul 17 13:54:31 2026] GET /v2.0/security-groups?tenant_id=befb88bb4542439f8e19cbb88f069791&name=default => generated 2925 bytes in 256 msecs (HTTP/1.1 200) 4 headers in 158 bytes (1 switches on core 0)
2026-07-17 13:54:31.845 7 INFO neutron_taas.services.taas.taas_plugin [None req-91af0944-39d1-45f6-accb-66975660d2b3 95c8645c586b4ab99ebca8383d37758b daa72123e0b84cbfbef418d5c9dd5988 - - default default] TaaS: Handle Delete Port: dcb65b44-ee0e-4f01-8865-0db394cd5c0c
