2026-07-17 13:18:02.125 7 INFO neutron.api.extensions [None req-3722302e-cd5e-41c7-b35b-f952542b31f1 - - - - - -] Loaded extension: flavors
2026-07-17 13:18:02.126 7 INFO neutron.api.extensions [None req-3722302e-cd5e-41c7-b35b-f952542b31f1 - - - - - -] Extension floating-ip-port-forwarding not supported by any of loaded plugins
2026-07-17 13:18:02.127 7 INFO neutron.api.extensions [None req-3722302e-cd5e-41c7-b35b-f952542b31f1 - - - - - -] Loaded extension: floatingip-pools
2026-07-17 13:18:02.128 7 INFO neutron.api.extensions [None req-3722302e-cd5e-41c7-b35b-f952542b31f1 - - - - - -] Loaded extension: ip_allocation
2026-07-17 13:18:02.128 7 INFO neutron.api.extensions [None req-3722302e-cd5e-41c7-b35b-f952542b31f1 - - - - - -] Extension ip-substring-filtering not supported by any of loaded plugins
2026-07-17 13:18:02.128 8 INFO neutron.quota.resource_registry [None req-d235d88b-e8ae-4807-89fe-f32357372f9f - - - - - -] Creating instance of CountableResource for resource:rbac_policy
2026-07-17 13:18:02.129 7 INFO neutron.api.extensions [None req-3722302e-cd5e-41c7-b35b-f952542b31f1 - - - - - -] Loaded extension: l2_adjacency
2026-07-17 13:18:02.129 8 INFO neutron.quota.resource_registry [None req-d235d88b-e8ae-4807-89fe-f32357372f9f - - - - - -] Creating instance of TrackedResource for resource:security_group
2026-07-17 13:18:02.129 8 INFO neutron.quota.resource_registry [None req-d235d88b-e8ae-4807-89fe-f32357372f9f - - - - - -] Creating instance of TrackedResource for resource:security_group_rule
2026-07-17 13:18:02.130 7 INFO neutron.api.extensions [None req-3722302e-cd5e-41c7-b35b-f952542b31f1 - - - - - -] Loaded extension: router
2026-07-17 13:18:02.130 8 INFO neutron.quota.resource_registry [None req-d235d88b-e8ae-4807-89fe-f32357372f9f - - - - - -] Creating instance of TrackedResource for resource:subnetpool
2026-07-17 13:18:02.130 8 WARNING neutron.quota.resource_registry [None req-d235d88b-e8ae-4807-89fe-f32357372f9f - - - - - -] subnetpool is already registered
2026-07-17 13:18:02.130 7 INFO neutron.api.extensions [None req-3722302e-cd5e-41c7-b35b-f952542b31f1 - - - - - -] Loaded extension: l3-agent-scheduler-ha-chassis-priority
2026-07-17 13:18:02.131 8 INFO neutron.quota.resource_registry [None req-d235d88b-e8ae-4807-89fe-f32357372f9f - - - - - -] Creating instance of TrackedResource for resource:subnetpool
2026-07-17 13:18:02.131 8 WARNING neutron.quota.resource_registry [None req-d235d88b-e8ae-4807-89fe-f32357372f9f - - - - - -] subnetpool is already registered
2026-07-17 13:18:02.131 8 INFO neutron.quota.resource_registry [None req-d235d88b-e8ae-4807-89fe-f32357372f9f - - - - - -] Creating instance of CountableResource for resource:trunk
2026-07-17 13:18:02.132 8 INFO neutron.quota.resource_registry [None req-d235d88b-e8ae-4807-89fe-f32357372f9f - - - - - -] Creating instance of CountableResource for resource:ikepolicy
2026-07-17 13:18:02.132 7 INFO neutron.api.extensions [None req-3722302e-cd5e-41c7-b35b-f952542b31f1 - - - - - -] Extension l3-conntrack-helper not supported by any of loaded plugins
2026-07-17 13:18:02.132 8 INFO neutron.quota.resource_registry [None req-d235d88b-e8ae-4807-89fe-f32357372f9f - - - - - -] Creating instance of CountableResource for resource:ipsecpolicy
2026-07-17 13:18:02.133 8 INFO neutron.quota.resource_registry [None req-d235d88b-e8ae-4807-89fe-f32357372f9f - - - - - -] Creating instance of CountableResource for resource:endpoint_group
2026-07-17 13:18:02.133 7 INFO neutron.api.extensions [None req-3722302e-cd5e-41c7-b35b-f952542b31f1 - - - - - -] Loaded extension: enable-default-route-bfd
2026-07-17 13:18:02.133 8 INFO neutron.quota.resource_registry [None req-d235d88b-e8ae-4807-89fe-f32357372f9f - - - - - -] Creating instance of CountableResource for resource:vpnservice
2026-07-17 13:18:02.133 7 INFO neutron.api.extensions [None req-3722302e-cd5e-41c7-b35b-f952542b31f1 - - - - - -] Loaded extension: enable-default-route-ecmp
2026-07-17 13:18:02.133 8 INFO neutron.quota.resource_registry [None req-d235d88b-e8ae-4807-89fe-f32357372f9f - - - - - -] Creating instance of CountableResource for resource:ipsec_site_connection
2026-07-17 13:18:02.134 8 INFO neutron.quota.resource_registry [None req-d235d88b-e8ae-4807-89fe-f32357372f9f - - - - - -] Creating instance of CountableResource for resource:ipsecpolicy
2026-07-17 13:18:02.134 7 INFO neutron.api.extensions [None req-3722302e-cd5e-41c7-b35b-f952542b31f1 - - - - - -] Loaded extension: ext-gw-mode
2026-07-17 13:18:02.134 8 WARNING neutron.quota.resource_registry [None req-d235d88b-e8ae-4807-89fe-f32357372f9f - - - - - -] ipsecpolicy is already registered
2026-07-17 13:18:02.134 8 INFO neutron.quota.resource_registry [None req-d235d88b-e8ae-4807-89fe-f32357372f9f - - - - - -] Creating instance of CountableResource for resource:ikepolicy
2026-07-17 13:18:02.134 8 WARNING neutron.quota.resource_registry [None req-d235d88b-e8ae-4807-89fe-f32357372f9f - - - - - -] ikepolicy is already registered
2026-07-17 13:18:02.134 7 INFO neutron.api.extensions [None req-3722302e-cd5e-41c7-b35b-f952542b31f1 - - - - - -] Loaded extension: l3-ha
2026-07-17 13:18:02.135 7 INFO neutron.api.extensions [None req-3722302e-cd5e-41c7-b35b-f952542b31f1 - - - - - -] Extension l3-ext-ndp-proxy not supported by any of loaded plugins
2026-07-17 13:18:02.135 7 INFO neutron.api.extensions [None req-3722302e-cd5e-41c7-b35b-f952542b31f1 - - - - - -] Loaded extension: external-gateway-multihoming
2026-07-17 13:18:02.136 7 INFO neutron.api.extensions [None req-3722302e-cd5e-41c7-b35b-f952542b31f1 - - - - - -] Loaded extension: l3-flavors
2026-07-17 13:18:02.137 7 INFO neutron.api.extensions [None req-3722302e-cd5e-41c7-b35b-f952542b31f1 - - - - - -] Extension l3-ndp-proxy not supported by any of loaded plugins
2026-07-17 13:18:02.137 7 INFO neutron.api.extensions [None req-3722302e-cd5e-41c7-b35b-f952542b31f1 - - - - - -] Extension l3-port-ip-change-not-allowed not supported by any of loaded plugins
2026-07-17 13:18:02.138 8 INFO neutron.quota.resource_registry [None req-d235d88b-e8ae-4807-89fe-f32357372f9f - - - - - -] Creating instance of CountableResource for resource:router_route
2026-07-17 13:18:02.138 8 WARNING neutron.quota.resource_registry [None req-d235d88b-e8ae-4807-89fe-f32357372f9f - - - - - -] router_route is already registered
2026-07-17 13:18:02.139 8 INFO neutron.quota.resource_registry [None req-d235d88b-e8ae-4807-89fe-f32357372f9f - - - - - -] Creating instance of TrackedResource for resource:router
2026-07-17 13:18:02.139 8 WARNING neutron.quota.resource_registry [None req-d235d88b-e8ae-4807-89fe-f32357372f9f - - - - - -] router is already registered
2026-07-17 13:18:02.140 7 INFO neutron.api.extensions [None req-3722302e-cd5e-41c7-b35b-f952542b31f1 - - - - - -] Loaded extension: l3_agent_scheduler
2026-07-17 13:18:02.140 8 INFO neutron.quota.resource_registry [None req-d235d88b-e8ae-4807-89fe-f32357372f9f - - - - - -] Creating instance of TrackedResource for resource:floatingip
2026-07-17 13:18:02.140 8 WARNING neutron.quota.resource_registry [None req-d235d88b-e8ae-4807-89fe-f32357372f9f - - - - - -] floatingip is already registered
2026-07-17 13:18:02.141 7 INFO neutron.api.extensions [None req-3722302e-cd5e-41c7-b35b-f952542b31f1 - - - - - -] Extension local_ip not supported by any of loaded plugins
2026-07-17 13:18:02.142 7 INFO neutron.api.extensions [None req-3722302e-cd5e-41c7-b35b-f952542b31f1 - - - - - -] Loaded extension: logging
2026-07-17 13:18:02.143 7 INFO neutron.api.extensions [None req-3722302e-cd5e-41c7-b35b-f952542b31f1 - - - - - -] Extension metering not supported by any of loaded plugins
2026-07-17 13:18:02.144 7 INFO neutron.api.extensions [None req-3722302e-cd5e-41c7-b35b-f952542b31f1 - - - - - -] Extension metering_source_and_destination_fields not supported by any of loaded plugins
2026-07-17 13:18:02.144 8 INFO neutron.quota.resource_registry [None req-d235d88b-e8ae-4807-89fe-f32357372f9f - - - - - -] Creating instance of CountableResource for resource:rbac_policy
2026-07-17 13:18:02.144 7 INFO neutron.api.extensions [None req-3722302e-cd5e-41c7-b35b-f952542b31f1 - - - - - -] Loaded extension: multi-provider
2026-07-17 13:18:02.144 8 WARNING neutron.quota.resource_registry [None req-d235d88b-e8ae-4807-89fe-f32357372f9f - - - - - -] rbac_policy is already registered
2026-07-17 13:18:02.145 7 INFO neutron.api.extensions [None req-3722302e-cd5e-41c7-b35b-f952542b31f1 - - - - - -] Loaded extension: net-mtu
2026-07-17 13:18:02.145 7 INFO neutron.api.extensions [None req-3722302e-cd5e-41c7-b35b-f952542b31f1 - - - - - -] Loaded extension: net-mtu-writable
2026-07-17 13:18:02.145 8 INFO neutron.quota.resource_registry [None req-d235d88b-e8ae-4807-89fe-f32357372f9f - - - - - -] Creating instance of TrackedResource for resource:security_group
2026-07-17 13:18:02.145 8 WARNING neutron.quota.resource_registry [None req-d235d88b-e8ae-4807-89fe-f32357372f9f - - - - - -] security_group is already registered
2026-07-17 13:18:02.146 8 INFO neutron.quota.resource_registry [None req-d235d88b-e8ae-4807-89fe-f32357372f9f - - - - - -] Creating instance of TrackedResource for resource:security_group_rule
2026-07-17 13:18:02.146 7 INFO neutron.api.extensions [None req-3722302e-cd5e-41c7-b35b-f952542b31f1 - - - - - -] Loaded extension: network_availability_zone
2026-07-17 13:18:02.146 8 WARNING neutron.quota.resource_registry [None req-d235d88b-e8ae-4807-89fe-f32357372f9f - - - - - -] security_group_rule is already registered
2026-07-17 13:18:02.146 7 INFO neutron.api.extensions [None req-3722302e-cd5e-41c7-b35b-f952542b31f1 - - - - - -] Extension network_ha not supported by any of loaded plugins
2026-07-17 13:18:02.146 8 INFO neutron.quota.resource_registry [None req-d235d88b-e8ae-4807-89fe-f32357372f9f - - - - - -] Creating instance of TrackedResource for resource:subnetpool
2026-07-17 13:18:02.147 8 WARNING neutron.quota.resource_registry [None req-d235d88b-e8ae-4807-89fe-f32357372f9f - - - - - -] subnetpool is already registered
2026-07-17 13:18:02.147 7 INFO neutron.api.extensions [None req-3722302e-cd5e-41c7-b35b-f952542b31f1 - - - - - -] Loaded extension: network-ip-availability
2026-07-17 13:18:02.147 8 INFO neutron.quota.resource_registry [None req-d235d88b-e8ae-4807-89fe-f32357372f9f - - - - - -] Creating instance of TrackedResource for resource:subnetpool
2026-07-17 13:18:02.147 8 WARNING neutron.quota.resource_registry [None req-d235d88b-e8ae-4807-89fe-f32357372f9f - - - - - -] subnetpool is already registered
2026-07-17 13:18:02.147 8 INFO neutron.quota.resource_registry [None req-d235d88b-e8ae-4807-89fe-f32357372f9f - - - - - -] Creating instance of CountableResource for resource:trunk
2026-07-17 13:18:02.147 7 INFO neutron.api.extensions [None req-3722302e-cd5e-41c7-b35b-f952542b31f1 - - - - - -] Loaded extension: network-ip-availability-details
2026-07-17 13:18:02.148 8 WARNING neutron.quota.resource_registry [None req-d235d88b-e8ae-4807-89fe-f32357372f9f - - - - - -] trunk is already registered
2026-07-17 13:18:02.148 8 INFO neutron.quota.resource_registry [None req-d235d88b-e8ae-4807-89fe-f32357372f9f - - - - - -] Creating instance of CountableResource for resource:ikepolicy
2026-07-17 13:18:02.148 8 WARNING neutron.quota.resource_registry [None req-d235d88b-e8ae-4807-89fe-f32357372f9f - - - - - -] ikepolicy is already registered
2026-07-17 13:18:02.148 8 INFO neutron.quota.resource_registry [None req-d235d88b-e8ae-4807-89fe-f32357372f9f - - - - - -] Creating instance of CountableResource for resource:ipsecpolicy
2026-07-17 13:18:02.149 7 INFO neutron.api.extensions [None req-3722302e-cd5e-41c7-b35b-f952542b31f1 - - - - - -] Extension network-segment-range not supported by any of loaded plugins
2026-07-17 13:18:02.149 8 WARNING neutron.quota.resource_registry [None req-d235d88b-e8ae-4807-89fe-f32357372f9f - - - - - -] ipsecpolicy is already registered
2026-07-17 13:18:02.149 7 INFO neutron.api.extensions [None req-3722302e-cd5e-41c7-b35b-f952542b31f1 - - - - - -] Loaded extension: pagination
2026-07-17 13:18:02.149 8 INFO neutron.quota.resource_registry [None req-d235d88b-e8ae-4807-89fe-f32357372f9f - - - - - -] Creating instance of CountableResource for resource:endpoint_group
2026-07-17 13:18:02.149 8 WARNING neutron.quota.resource_registry [None req-d235d88b-e8ae-4807-89fe-f32357372f9f - - - - - -] endpoint_group is already registered
2026-07-17 13:18:02.150 7 INFO neutron.api.extensions [None req-3722302e-cd5e-41c7-b35b-f952542b31f1 - - - - - -] Loaded extension: port-device-profile
2026-07-17 13:18:02.150 8 INFO neutron.quota.resource_registry [None req-d235d88b-e8ae-4807-89fe-f32357372f9f - - - - - -] Creating instance of CountableResource for resource:vpnservice
2026-07-17 13:18:02.150 8 WARNING neutron.quota.resource_registry [None req-d235d88b-e8ae-4807-89fe-f32357372f9f - - - - - -] vpnservice is already registered
2026-07-17 13:18:02.150 7 INFO neutron.api.extensions [None req-3722302e-cd5e-41c7-b35b-f952542b31f1 - - - - - -] Extension port-hardware-offload-type not supported by any of loaded plugins
2026-07-17 13:18:02.150 8 INFO neutron.quota.resource_registry [None req-d235d88b-e8ae-4807-89fe-f32357372f9f - - - - - -] Creating instance of CountableResource for resource:ipsec_site_connection
2026-07-17 13:18:02.150 8 WARNING neutron.quota.resource_registry [None req-d235d88b-e8ae-4807-89fe-f32357372f9f - - - - - -] ipsec_site_connection is already registered
2026-07-17 13:18:02.150 7 INFO neutron.api.extensions [None req-3722302e-cd5e-41c7-b35b-f952542b31f1 - - - - - -] Extension port-hint-ovs-tx-steering not supported by any of loaded plugins
2026-07-17 13:18:02.151 8 INFO neutron.quota.resource_registry [None req-d235d88b-e8ae-4807-89fe-f32357372f9f - - - - - -] Creating instance of CountableResource for resource:ipsecpolicy
2026-07-17 13:18:02.151 8 WARNING neutron.quota.resource_registry [None req-d235d88b-e8ae-4807-89fe-f32357372f9f - - - - - -] ipsecpolicy is already registered
2026-07-17 13:18:02.151 7 INFO neutron.api.extensions [None req-3722302e-cd5e-41c7-b35b-f952542b31f1 - - - - - -] Extension port-hints not supported by any of loaded plugins
2026-07-17 13:18:02.151 8 INFO neutron.quota.resource_registry [None req-d235d88b-e8ae-4807-89fe-f32357372f9f - - - - - -] Creating instance of CountableResource for resource:ikepolicy
2026-07-17 13:18:02.151 8 WARNING neutron.quota.resource_registry [None req-d235d88b-e8ae-4807-89fe-f32357372f9f - - - - - -] ikepolicy is already registered
2026-07-17 13:18:02.151 7 INFO neutron.api.extensions [None req-3722302e-cd5e-41c7-b35b-f952542b31f1 - - - - - -] Extension port-mac-override not supported by any of loaded plugins
2026-07-17 13:18:02.152 7 INFO neutron.api.extensions [None req-3722302e-cd5e-41c7-b35b-f952542b31f1 - - - - - -] Loaded extension: port-mac-address-regenerate
2026-07-17 13:18:02.152 7 INFO neutron.api.extensions [None req-3722302e-cd5e-41c7-b35b-f952542b31f1 - - - - - -] Loaded extension: port-numa-affinity-policy
2026-07-17 13:18:02.153 7 INFO neutron.api.extensions [None req-3722302e-cd5e-41c7-b35b-f952542b31f1 - - - - - -] Loaded extension: port-numa-affinity-policy-socket
2026-07-17 13:18:02.153 7 INFO neutron.api.extensions [None req-3722302e-cd5e-41c7-b35b-f952542b31f1 - - - - - -] Loaded extension: port-resource-request
2026-07-17 13:18:02.154 7 INFO neutron.api.extensions [None req-3722302e-cd5e-41c7-b35b-f952542b31f1 - - - - - -] Loaded extension: port-resource-request-groups
2026-07-17 13:18:02.154 7 INFO neutron.api.extensions [None req-3722302e-cd5e-41c7-b35b-f952542b31f1 - - - - - -] Extension port-trusted-vif not supported by any of loaded plugins
2026-07-17 13:18:02.155 7 INFO neutron.api.extensions [None req-3722302e-cd5e-41c7-b35b-f952542b31f1 - - - - - -] Loaded extension: binding
2026-07-17 13:18:02.156 7 INFO neutron.api.extensions [None req-3722302e-cd5e-41c7-b35b-f952542b31f1 - - - - - -] Loaded extension: binding-extended
2026-07-17 13:18:02.156 7 INFO neutron.api.extensions [None req-3722302e-cd5e-41c7-b35b-f952542b31f1 - - - - - -] Loaded extension: port-security
2026-07-17 13:18:02.157 7 INFO neutron.api.extensions [None req-3722302e-cd5e-41c7-b35b-f952542b31f1 - - - - - -] Loaded extension: project-id
2026-07-17 13:18:02.157 7 INFO neutron.api.extensions [None req-3722302e-cd5e-41c7-b35b-f952542b31f1 - - - - - -] Loaded extension: provider
2026-07-17 13:18:02.157 7 INFO neutron.api.extensions [None req-3722302e-cd5e-41c7-b35b-f952542b31f1 - - - - - -] Extension pvlan not supported by any of loaded plugins
2026-07-17 13:18:02.158 7 INFO neutron.api.extensions [None req-3722302e-cd5e-41c7-b35b-f952542b31f1 - - - - - -] Loaded extension: qinq
2026-07-17 13:18:02.160 7 INFO neutron.api.extensions [None req-3722302e-cd5e-41c7-b35b-f952542b31f1 - - - - - -] Loaded extension: qos
2026-07-17 13:18:02.161 7 INFO neutron.api.extensions [None req-3722302e-cd5e-41c7-b35b-f952542b31f1 - - - - - -] Loaded extension: qos-bw-limit-direction
2026-07-17 13:18:02.161 7 INFO neutron.api.extensions [None req-3722302e-cd5e-41c7-b35b-f952542b31f1 - - - - - -] Loaded extension: qos-bw-minimum-ingress
2026-07-17 13:18:02.162 7 INFO neutron.api.extensions [None req-3722302e-cd5e-41c7-b35b-f952542b31f1 - - - - - -] Loaded extension: qos-default
2026-07-17 13:18:02.162 7 INFO neutron.api.extensions [None req-3722302e-cd5e-41c7-b35b-f952542b31f1 - - - - - -] Loaded extension: qos-fip
2026-07-17 13:18:02.163 7 INFO neutron.api.extensions [None req-3722302e-cd5e-41c7-b35b-f952542b31f1 - - - - - -] Extension qos-fip-network-policy not supported by any of loaded plugins
2026-07-17 13:18:02.163 7 INFO neutron.api.extensions [None req-3722302e-cd5e-41c7-b35b-f952542b31f1 - - - - - -] Loaded extension: qos-gateway-ip
2026-07-17 13:18:02.164 7 INFO neutron.api.extensions [None req-3722302e-cd5e-41c7-b35b-f952542b31f1 - - - - - -] Loaded extension: qos-port-network-policy
2026-07-17 13:18:02.164 7 INFO neutron.api.extensions [None req-3722302e-cd5e-41c7-b35b-f952542b31f1 - - - - - -] Loaded extension: qos-pps-minimum
2026-07-17 13:18:02.165 7 INFO neutron.api.extensions [None req-3722302e-cd5e-41c7-b35b-f952542b31f1 - - - - - -] Loaded extension: qos-pps-minimum-rule-alias
2026-07-17 13:18:02.166 7 INFO neutron.api.extensions [None req-3722302e-cd5e-41c7-b35b-f952542b31f1 - - - - - -] Loaded extension: qos-pps
2026-07-17 13:18:02.166 7 INFO neutron.api.extensions [None req-3722302e-cd5e-41c7-b35b-f952542b31f1 - - - - - -] Loaded extension: qos-rule-type-details
2026-07-17 13:18:02.167 7 INFO neutron.api.extensions [None req-3722302e-cd5e-41c7-b35b-f952542b31f1 - - - - - -] Loaded extension: qos-rule-type-filter
2026-07-17 13:18:02.167 7 INFO neutron.api.extensions [None req-3722302e-cd5e-41c7-b35b-f952542b31f1 - - - - - -] Loaded extension: qos-rules-alias
2026-07-17 13:18:02.168 7 INFO neutron.api.extensions [None req-3722302e-cd5e-41c7-b35b-f952542b31f1 - - - - - -] Loaded extension: quota-check-limit
2026-07-17 13:18:02.168 7 INFO neutron.api.extensions [None req-3722302e-cd5e-41c7-b35b-f952542b31f1 - - - - - -] Loaded extension: quota-check-limit-default
2026-07-17 13:18:02.170 7 INFO neutron.api.extensions [None req-3722302e-cd5e-41c7-b35b-f952542b31f1 - - - - - -] Loaded extension: quotas
2026-07-17 13:18:02.171 7 INFO neutron.api.extensions [None req-3722302e-cd5e-41c7-b35b-f952542b31f1 - - - - - -] Loaded extension: quota_details
2026-07-17 13:18:02.173 7 INFO neutron.api.extensions [None req-3722302e-cd5e-41c7-b35b-f952542b31f1 - - - - - -] Loaded extension: rbac-policies
2026-07-17 13:18:02.173 7 INFO neutron.api.extensions [None req-3722302e-cd5e-41c7-b35b-f952542b31f1 - - - - - -] Extension rbac-address-group not supported by any of loaded plugins
2026-07-17 13:18:02.174 7 INFO neutron.api.extensions [None req-3722302e-cd5e-41c7-b35b-f952542b31f1 - - - - - -] Loaded extension: rbac-address-scope
2026-07-17 13:18:02.174 7 INFO neutron.api.extensions [None req-3722302e-cd5e-41c7-b35b-f952542b31f1 - - - - - -] Loaded extension: rbac-security-groups
2026-07-17 13:18:02.175 7 INFO neutron.api.extensions [None req-3722302e-cd5e-41c7-b35b-f952542b31f1 - - - - - -] Extension rbac-subnetpool not supported by any of loaded plugins
2026-07-17 13:18:02.175 7 INFO neutron.api.extensions [None req-3722302e-cd5e-41c7-b35b-f952542b31f1 - - - - - -] Loaded extension: revision-if-match
2026-07-17 13:18:02.176 7 INFO neutron.api.extensions [None req-3722302e-cd5e-41c7-b35b-f952542b31f1 - - - - - -] Loaded extension: standard-attr-revisions
2026-07-17 13:18:02.177 7 INFO neutron.api.extensions [None req-3722302e-cd5e-41c7-b35b-f952542b31f1 - - - - - -] Loaded extension: router_availability_zone
2026-07-17 13:18:02.177 7 INFO neutron.api.extensions [None req-3722302e-cd5e-41c7-b35b-f952542b31f1 - - - - - -] Loaded extension: router-enable-snat
2026-07-17 13:18:02.178 7 INFO neutron.api.extensions [None req-3722302e-cd5e-41c7-b35b-f952542b31f1 - - - - - -] Extension router-service-type not supported by any of loaded plugins
2026-07-17 13:18:02.179 7 INFO neutron.api.extensions [None req-3722302e-cd5e-41c7-b35b-f952542b31f1 - - - - - -] Loaded extension: security-groups-default-rules
2026-07-17 13:18:02.180 7 INFO neutron.api.extensions [None req-3722302e-cd5e-41c7-b35b-f952542b31f1 - - - - - -] Loaded extension: security-groups-default-statefulness
2026-07-17 13:18:02.180 7 INFO neutron.api.extensions [None req-3722302e-cd5e-41c7-b35b-f952542b31f1 - - - - - -] Loaded extension: security-groups-normalized-cidr
2026-07-17 13:18:02.181 7 INFO neutron.api.extensions [None req-3722302e-cd5e-41c7-b35b-f952542b31f1 - - - - - -] Extension port-security-groups-filtering not supported by any of loaded plugins
2026-07-17 13:18:02.181 7 INFO neutron.api.extensions [None req-3722302e-cd5e-41c7-b35b-f952542b31f1 - - - - - -] Loaded extension: security-groups-remote-address-group
2026-07-17 13:18:02.182 7 INFO neutron.api.extensions [None req-3722302e-cd5e-41c7-b35b-f952542b31f1 - - - - - -] Loaded extension: security-groups-rules-belongs-to-default-sg
2026-07-17 13:18:02.182 7 INFO neutron.api.extensions [None req-3722302e-cd5e-41c7-b35b-f952542b31f1 - - - - - -] Loaded extension: security-groups-shared-filtering
2026-07-17 13:18:02.187 7 INFO neutron.api.extensions [None req-3722302e-cd5e-41c7-b35b-f952542b31f1 - - - - - -] Loaded extension: security-group
2026-07-17 13:18:02.189 7 INFO neutron.api.extensions [None req-3722302e-cd5e-41c7-b35b-f952542b31f1 - - - - - -] Loaded extension: segment
2026-07-17 13:18:02.189 7 INFO neutron.api.extensions [None req-3722302e-cd5e-41c7-b35b-f952542b31f1 - - - - - -] Loaded extension: segments-peer-subnet-host-routes
2026-07-17 13:18:02.190 7 INFO neutron.api.extensions [None req-3722302e-cd5e-41c7-b35b-f952542b31f1 - - - - - -] Loaded extension: service-type
2026-07-17 13:18:02.190 7 INFO neutron.api.extensions [None req-3722302e-cd5e-41c7-b35b-f952542b31f1 - - - - - -] Loaded extension: sorting
2026-07-17 13:18:02.191 8 WARNING keystonemiddleware._common.config [None req-d235d88b-e8ae-4807-89fe-f32357372f9f - - - - - -] The option "audit_map_file" is not known to keystonemiddleware
2026-07-17 13:18:02.191 7 INFO neutron.api.extensions [None req-3722302e-cd5e-41c7-b35b-f952542b31f1 - - - - - -] Loaded extension: standard-attr-segment
2026-07-17 13:18:02.192 7 INFO neutron.api.extensions [None req-3722302e-cd5e-41c7-b35b-f952542b31f1 - - - - - -] Loaded extension: standard-attr-description
2026-07-17 13:18:02.192 7 INFO neutron.api.extensions [None req-3722302e-cd5e-41c7-b35b-f952542b31f1 - - - - - -] Loaded extension: stateful-security-group
2026-07-17 13:18:02.193 7 WARNING neutron.api.extensions [None req-3722302e-cd5e-41c7-b35b-f952542b31f1 - - - - - -] Did not find expected name "Stdattrs_common" in /var/lib/openstack/lib/python3.12/site-packages/neutron/extensions/stdattrs_common.py
2026-07-17 13:18:02.193 7 INFO neutron.api.extensions [None req-3722302e-cd5e-41c7-b35b-f952542b31f1 - - - - - -] Loaded extension: subnet-dns-publish-fixed-ip
2026-07-17 13:18:02.194 7 INFO neutron.api.extensions [None req-3722302e-cd5e-41c7-b35b-f952542b31f1 - - - - - -] Loaded extension: subnet-external-network
2026-07-17 13:18:02.194 7 INFO neutron.api.extensions [None req-3722302e-cd5e-41c7-b35b-f952542b31f1 - - - - - -] Loaded extension: subnet_onboard
2026-07-17 13:18:02.195 7 INFO neutron.api.extensions [None req-3722302e-cd5e-41c7-b35b-f952542b31f1 - - - - - -] Loaded extension: subnet-segmentid-writable
2026-07-17 13:18:02.195 7 INFO neutron.api.extensions [None req-3722302e-cd5e-41c7-b35b-f952542b31f1 - - - - - -] Loaded extension: subnet-service-types
2026-07-17 13:18:02.196 7 INFO neutron.api.extensions [None req-3722302e-cd5e-41c7-b35b-f952542b31f1 - - - - - -] Loaded extension: subnet_allocation
2026-07-17 13:18:02.197 7 INFO neutron.api.extensions [None req-3722302e-cd5e-41c7-b35b-f952542b31f1 - - - - - -] Loaded extension: subnetpool-prefix-ops
2026-07-17 13:18:02.197 8 WARNING keystonemiddleware.auth_token [None req-d235d88b-e8ae-4807-89fe-f32357372f9f - - - - - -] Configuring www_authenticate_uri to point to the public identity endpoint is required; clients may not be able to authenticate against an admin endpoint
2026-07-17 13:18:02.197 7 INFO neutron.api.extensions [None req-3722302e-cd5e-41c7-b35b-f952542b31f1 - - - - - -] Loaded extension: tag-creation
2026-07-17 13:18:02.198 7 INFO neutron.api.extensions [None req-3722302e-cd5e-41c7-b35b-f952542b31f1 - - - - - -] Extension tag-ports-during-bulk-creation not supported by any of loaded plugins
2026-07-17 13:18:02.202 7 INFO neutron.api.extensions [None req-3722302e-cd5e-41c7-b35b-f952542b31f1 - - - - - -] Loaded extension: standard-attr-tag
2026-07-17 13:18:02.202 7 INFO neutron.api.extensions [None req-3722302e-cd5e-41c7-b35b-f952542b31f1 - - - - - -] Loaded extension: standard-attr-timestamp
2026-07-17 13:18:02.203 7 INFO neutron.api.extensions [None req-3722302e-cd5e-41c7-b35b-f952542b31f1 - - - - - -] Loaded extension: trunk
2026-07-17 13:18:02.203 7 INFO neutron.api.extensions [None req-3722302e-cd5e-41c7-b35b-f952542b31f1 - - - - - -] Loaded extension: trunk-details
2026-07-17 13:18:02.204 7 INFO neutron.api.extensions [None req-3722302e-cd5e-41c7-b35b-f952542b31f1 - - - - - -] Extension uplink-status-propagation not supported by any of loaded plugins
2026-07-17 13:18:02.204 7 INFO neutron.api.extensions [None req-3722302e-cd5e-41c7-b35b-f952542b31f1 - - - - - -] Extension uplink-status-propagation-updatable not supported by any of loaded plugins
2026-07-17 13:18:02.205 7 INFO neutron.api.extensions [None req-3722302e-cd5e-41c7-b35b-f952542b31f1 - - - - - -] Loaded extension: vlan-transparent
2026-07-17 13:18:02.205 7 INFO neutron.api.extensions [None req-3722302e-cd5e-41c7-b35b-f952542b31f1 - - - - - -] Loaded extension: vpn-aes-ctr
2026-07-17 13:18:02.207 7 INFO neutron.api.extensions [None req-3722302e-cd5e-41c7-b35b-f952542b31f1 - - - - - -] Loaded extension: vpn-agent-scheduler
2026-07-17 13:18:02.208 7 INFO neutron.api.extensions [None req-3722302e-cd5e-41c7-b35b-f952542b31f1 - - - - - -] Loaded extension: vpn-endpoint-groups
2026-07-17 13:18:02.209 7 INFO neutron.api.extensions [None req-3722302e-cd5e-41c7-b35b-f952542b31f1 - - - - - -] Loaded extension: vpn-flavors
2026-07-17 13:18:02.210 7 INFO neutron.api.extensions [None req-3722302e-cd5e-41c7-b35b-f952542b31f1 - - - - - -] Loaded extension: vpnaas
2026-07-17 13:18:02.212 7 INFO neutron.api.extensions [None req-3722302e-cd5e-41c7-b35b-f952542b31f1 - - - - - -] Loaded extension: taas
2026-07-17 13:18:02.213 7 INFO neutron.api.extensions [None req-3722302e-cd5e-41c7-b35b-f952542b31f1 - - - - - -] Loaded extension: tap-mirror
2026-07-17 13:18:02.214 7 INFO neutron.api.extensions [None req-3722302e-cd5e-41c7-b35b-f952542b31f1 - - - - - -] Loaded extension: tap-mirror-both-direction
2026-07-17 13:18:02.214 7 INFO neutron.api.extensions [None req-3722302e-cd5e-41c7-b35b-f952542b31f1 - - - - - -] Loaded extension: taas-vlan-filter
2026-07-17 13:18:02.217 7 INFO neutron.quota.resource_registry [None req-3722302e-cd5e-41c7-b35b-f952542b31f1 - - - - - -] Creating instance of TrackedResource for resource:network
2026-07-17 13:18:02.216 8 WARNING neutron.plugins.ml2.drivers.ovn.mech_driver.mech_driver [None req-d235d88b-e8ae-4807-89fe-f32357372f9f - - - - - -] uWSGI must provide a start time using the configuration parameter "start-time %t" in the configuration file
2026-07-17 13:18:02.217 7 INFO neutron.quota.resource_registry [None req-3722302e-cd5e-41c7-b35b-f952542b31f1 - - - - - -] Creating instance of TrackedResource for resource:subnet
2026-07-17 13:18:02.217 7 INFO neutron.quota.resource_registry [None req-3722302e-cd5e-41c7-b35b-f952542b31f1 - - - - - -] Creating instance of TrackedResource for resource:subnetpool
2026-07-17 13:18:02.217 7 INFO neutron.quota.resource_registry [None req-3722302e-cd5e-41c7-b35b-f952542b31f1 - - - - - -] Creating instance of TrackedResource for resource:port
2026-07-17 13:18:02.219 7 INFO neutron.quota.resource_registry [None req-3722302e-cd5e-41c7-b35b-f952542b31f1 - - - - - -] Creating instance of CountableResource for resource:router_route
2026-07-17 13:18:02.221 7 INFO neutron.quota.resource_registry [None req-3722302e-cd5e-41c7-b35b-f952542b31f1 - - - - - -] Creating instance of TrackedResource for resource:router
2026-07-17 13:18:02.221 7 INFO neutron.quota.resource_registry [None req-3722302e-cd5e-41c7-b35b-f952542b31f1 - - - - - -] Creating instance of TrackedResource for resource:floatingip
2026-07-17 13:18:02.225 7 INFO neutron.quota.resource_registry [None req-3722302e-cd5e-41c7-b35b-f952542b31f1 - - - - - -] Creating instance of CountableResource for resource:rbac_policy
2026-07-17 13:18:02.226 7 INFO neutron.quota.resource_registry [None req-3722302e-cd5e-41c7-b35b-f952542b31f1 - - - - - -] Creating instance of TrackedResource for resource:security_group
2026-07-17 13:18:02.227 7 INFO neutron.quota.resource_registry [None req-3722302e-cd5e-41c7-b35b-f952542b31f1 - - - - - -] Creating instance of TrackedResource for resource:security_group_rule
2026-07-17 13:18:02.228 7 INFO neutron.quota.resource_registry [None req-3722302e-cd5e-41c7-b35b-f952542b31f1 - - - - - -] Creating instance of TrackedResource for resource:subnetpool
2026-07-17 13:18:02.228 7 WARNING neutron.quota.resource_registry [None req-3722302e-cd5e-41c7-b35b-f952542b31f1 - - - - - -] subnetpool is already registered
2026-07-17 13:18:02.228 7 INFO neutron.quota.resource_registry [None req-3722302e-cd5e-41c7-b35b-f952542b31f1 - - - - - -] Creating instance of TrackedResource for resource:subnetpool
2026-07-17 13:18:02.228 7 WARNING neutron.quota.resource_registry [None req-3722302e-cd5e-41c7-b35b-f952542b31f1 - - - - - -] subnetpool is already registered
2026-07-17 13:18:02.229 7 INFO neutron.quota.resource_registry [None req-3722302e-cd5e-41c7-b35b-f952542b31f1 - - - - - -] Creating instance of CountableResource for resource:trunk
2026-07-17 13:18:02.229 7 INFO neutron.quota.resource_registry [None req-3722302e-cd5e-41c7-b35b-f952542b31f1 - - - - - -] Creating instance of CountableResource for resource:ikepolicy
2026-07-17 13:18:02.229 7 INFO neutron.quota.resource_registry [None req-3722302e-cd5e-41c7-b35b-f952542b31f1 - - - - - -] Creating instance of CountableResource for resource:ipsecpolicy
2026-07-17 13:18:02.230 7 INFO neutron.quota.resource_registry [None req-3722302e-cd5e-41c7-b35b-f952542b31f1 - - - - - -] Creating instance of CountableResource for resource:endpoint_group
2026-07-17 13:18:02.230 7 INFO neutron.quota.resource_registry [None req-3722302e-cd5e-41c7-b35b-f952542b31f1 - - - - - -] Creating instance of CountableResource for resource:vpnservice
2026-07-17 13:18:02.231 7 INFO neutron.quota.resource_registry [None req-3722302e-cd5e-41c7-b35b-f952542b31f1 - - - - - -] Creating instance of CountableResource for resource:ipsec_site_connection
2026-07-17 13:18:02.231 7 INFO neutron.quota.resource_registry [None req-3722302e-cd5e-41c7-b35b-f952542b31f1 - - - - - -] Creating instance of CountableResource for resource:ipsecpolicy
2026-07-17 13:18:02.231 7 WARNING neutron.quota.resource_registry [None req-3722302e-cd5e-41c7-b35b-f952542b31f1 - - - - - -] ipsecpolicy is already registered
2026-07-17 13:18:02.232 7 INFO neutron.quota.resource_registry [None req-3722302e-cd5e-41c7-b35b-f952542b31f1 - - - - - -] Creating instance of CountableResource for resource:ikepolicy
2026-07-17 13:18:02.232 7 WARNING neutron.quota.resource_registry [None req-3722302e-cd5e-41c7-b35b-f952542b31f1 - - - - - -] ikepolicy is already registered
2026-07-17 13:18:02.232 8 INFO neutron.db.ovn_hash_ring_db [None req-d235d88b-e8ae-4807-89fe-f32357372f9f - - - - - -] Nodes from host "neutron-server-79f85599dd-8x2f2" and group "mechanism_driver" removed from the Hash Ring created at
2026-07-17 13:18:02+00:00
2026-07-17 13:18:02.234 8 INFO neutron.db.ovn_hash_ring_db [None req-d235d88b-e8ae-4807-89fe-f32357372f9f - - - - - -] Node 0c9d721f226b5b399859c0bfa7e48b34 from host "neutron-server-79f85599dd-8x2f2" and group "mechanism_driver" added to the Hash Ring
2026-07-17 13:18:02.235 7 INFO neutron.quota.resource_registry [None req-3722302e-cd5e-41c7-b35b-f952542b31f1 - - - - - -] Creating instance of CountableResource for resource:router_route
2026-07-17 13:18:02.235 7 WARNING neutron.quota.resource_registry [None req-3722302e-cd5e-41c7-b35b-f952542b31f1 - - - - - -] router_route is already registered
2026-07-17 13:18:02.236 7 INFO neutron.quota.resource_registry [None req-3722302e-cd5e-41c7-b35b-f952542b31f1 - - - - - -] Creating instance of TrackedResource for resource:router
2026-07-17 13:18:02.237 7 WARNING neutron.quota.resource_registry [None req-3722302e-cd5e-41c7-b35b-f952542b31f1 - - - - - -] router is already registered
2026-07-17 13:18:02.237 7 INFO neutron.quota.resource_registry [None req-3722302e-cd5e-41c7-b35b-f952542b31f1 - - - - - -] Creating instance of TrackedResource for resource:floatingip
2026-07-17 13:18:02.237 7 WARNING neutron.quota.resource_registry [None req-3722302e-cd5e-41c7-b35b-f952542b31f1 - - - - - -] floatingip is already registered
2026-07-17 13:18:02.241 7 INFO neutron.quota.resource_registry [None req-3722302e-cd5e-41c7-b35b-f952542b31f1 - - - - - -] Creating instance of CountableResource for resource:rbac_policy
2026-07-17 13:18:02.242 7 WARNING neutron.quota.resource_registry [None req-3722302e-cd5e-41c7-b35b-f952542b31f1 - - - - - -] rbac_policy is already registered
2026-07-17 13:18:02.242 8 INFO neutron.plugins.ml2.drivers.ovn.mech_driver.mech_driver [None req-d235d88b-e8ae-4807-89fe-f32357372f9f - - - - - -] Hash Ring probing thread for node 0c9d721f226b5b399859c0bfa7e48b34 has started
2026-07-17 13:18:02.242 7 INFO neutron.quota.resource_registry [None req-3722302e-cd5e-41c7-b35b-f952542b31f1 - - - - - -] Creating instance of TrackedResource for resource:security_group
2026-07-17 13:18:02.242 8 INFO neutron.plugins.ml2.drivers.ovn.mech_driver.ovsdb.impl_idl_ovn [None req-d235d88b-e8ae-4807-89fe-f32357372f9f - - - - - -] Getting OvsdbNbOvnIdl for WorkerService with retry
2026-07-17 13:18:02.243 7 WARNING neutron.quota.resource_registry [None req-3722302e-cd5e-41c7-b35b-f952542b31f1 - - - - - -] security_group is already registered
2026-07-17 13:18:02.243 7 INFO neutron.quota.resource_registry [None req-3722302e-cd5e-41c7-b35b-f952542b31f1 - - - - - -] Creating instance of TrackedResource for resource:security_group_rule
2026-07-17 13:18:02.243 7 WARNING neutron.quota.resource_registry [None req-3722302e-cd5e-41c7-b35b-f952542b31f1 - - - - - -] security_group_rule is already registered
2026-07-17 13:18:02.244 7 INFO neutron.quota.resource_registry [None req-3722302e-cd5e-41c7-b35b-f952542b31f1 - - - - - -] Creating instance of TrackedResource for resource:subnetpool
2026-07-17 13:18:02.244 7 WARNING neutron.quota.resource_registry [None req-3722302e-cd5e-41c7-b35b-f952542b31f1 - - - - - -] subnetpool is already registered
2026-07-17 13:18:02.244 7 INFO neutron.quota.resource_registry [None req-3722302e-cd5e-41c7-b35b-f952542b31f1 - - - - - -] Creating instance of TrackedResource for resource:subnetpool
2026-07-17 13:18:02.245 7 WARNING neutron.quota.resource_registry [None req-3722302e-cd5e-41c7-b35b-f952542b31f1 - - - - - -] subnetpool is already registered
2026-07-17 13:18:02.245 7 INFO neutron.quota.resource_registry [None req-3722302e-cd5e-41c7-b35b-f952542b31f1 - - - - - -] Creating instance of CountableResource for resource:trunk
2026-07-17 13:18:02.245 7 WARNING neutron.quota.resource_registry [None req-3722302e-cd5e-41c7-b35b-f952542b31f1 - - - - - -] trunk is already registered
2026-07-17 13:18:02.245 7 INFO neutron.quota.resource_registry [None req-3722302e-cd5e-41c7-b35b-f952542b31f1 - - - - - -] Creating instance of CountableResource for resource:ikepolicy
2026-07-17 13:18:02.246 7 WARNING neutron.quota.resource_registry [None req-3722302e-cd5e-41c7-b35b-f952542b31f1 - - - - - -] ikepolicy is already registered
2026-07-17 13:18:02.246 7 INFO neutron.quota.resource_registry [None req-3722302e-cd5e-41c7-b35b-f952542b31f1 - - - - - -] Creating instance of CountableResource for resource:ipsecpolicy
2026-07-17 13:18:02.246 7 WARNING neutron.quota.resource_registry [None req-3722302e-cd5e-41c7-b35b-f952542b31f1 - - - - - -] ipsecpolicy is already registered
2026-07-17 13:18:02.246 7 INFO neutron.quota.resource_registry [None req-3722302e-cd5e-41c7-b35b-f952542b31f1 - - - - - -] Creating instance of CountableResource for resource:endpoint_group
2026-07-17 13:18:02.247 7 WARNING neutron.quota.resource_registry [None req-3722302e-cd5e-41c7-b35b-f952542b31f1 - - - - - -] endpoint_group is already registered
2026-07-17 13:18:02.247 7 INFO neutron.quota.resource_registry [None req-3722302e-cd5e-41c7-b35b-f952542b31f1 - - - - - -] Creating instance of CountableResource for resource:vpnservice
2026-07-17 13:18:02.247 7 WARNING neutron.quota.resource_registry [None req-3722302e-cd5e-41c7-b35b-f952542b31f1 - - - - - -] vpnservice is already registered
2026-07-17 13:18:02.247 7 INFO neutron.quota.resource_registry [None req-3722302e-cd5e-41c7-b35b-f952542b31f1 - - - - - -] Creating instance of CountableResource for resource:ipsec_site_connection
2026-07-17 13:18:02.248 7 WARNING neutron.quota.resource_registry [None req-3722302e-cd5e-41c7-b35b-f952542b31f1 - - - - - -] ipsec_site_connection is already registered
2026-07-17 13:18:02.248 7 INFO neutron.quota.resource_registry [None req-3722302e-cd5e-41c7-b35b-f952542b31f1 - - - - - -] Creating instance of CountableResource for resource:ipsecpolicy
2026-07-17 13:18:02.248 7 WARNING neutron.quota.resource_registry [None req-3722302e-cd5e-41c7-b35b-f952542b31f1 - - - - - -] ipsecpolicy is already registered
2026-07-17 13:18:02.248 7 INFO neutron.quota.resource_registry [None req-3722302e-cd5e-41c7-b35b-f952542b31f1 - - - - - -] Creating instance of CountableResource for resource:ikepolicy
2026-07-17 13:18:02.249 7 WARNING neutron.quota.resource_registry [None req-3722302e-cd5e-41c7-b35b-f952542b31f1 - - - - - -] ikepolicy is already registered
2026-07-17 13:18:02.288 7 WARNING keystonemiddleware._common.config [None req-3722302e-cd5e-41c7-b35b-f952542b31f1 - - - - - -] The option "audit_map_file" is not known to keystonemiddleware
2026-07-17 13:18:02.295 7 WARNING keystonemiddleware.auth_token [None req-3722302e-cd5e-41c7-b35b-f952542b31f1 - - - - - -] Configuring www_authenticate_uri to point to the public identity endpoint is required; clients may not be able to authenticate against an admin endpoint
2026-07-17 13:18:02.319 7 WARNING neutron.plugins.ml2.drivers.ovn.mech_driver.mech_driver [None req-3722302e-cd5e-41c7-b35b-f952542b31f1 - - - - - -] uWSGI must provide a start time using the configuration parameter "start-time %t" in the configuration file
2026-07-17 13:18:02.334 7 INFO neutron.db.ovn_hash_ring_db [None req-3722302e-cd5e-41c7-b35b-f952542b31f1 - - - - - -] Nodes from host "neutron-server-79f85599dd-8x2f2" and group "mechanism_driver" removed from the Hash Ring created at
2026-07-17 13:18:02+00:00
2026-07-17 13:18:02.337 7 INFO neutron.db.ovn_hash_ring_db [None req-3722302e-cd5e-41c7-b35b-f952542b31f1 - - - - - -] Node 9bd9142565015d86b20b019a29f6c5d0 from host "neutron-server-79f85599dd-8x2f2" and group "mechanism_driver" added to the Hash Ring
2026-07-17 13:18:02.346 7 INFO neutron.plugins.ml2.drivers.ovn.mech_driver.mech_driver [None req-3722302e-cd5e-41c7-b35b-f952542b31f1 - - - - - -] Hash Ring probing thread for node 9bd9142565015d86b20b019a29f6c5d0 has started
2026-07-17 13:18:02.346 7 INFO neutron.plugins.ml2.drivers.ovn.mech_driver.ovsdb.impl_idl_ovn [None req-3722302e-cd5e-41c7-b35b-f952542b31f1 - - - - - -] Getting OvsdbNbOvnIdl for WorkerService with retry
2026-07-17 13:18:02.442 8 INFO ovsdbapp.backend.ovs_idl.vlog [None req-d235d88b-e8ae-4807-89fe-f32357372f9f - - - - - -] tcp:10.99.88.67:6641: connecting...
2026-07-17 13:18:02.443 8 INFO ovsdbapp.backend.ovs_idl.vlog [None req-d235d88b-e8ae-4807-89fe-f32357372f9f - - - - - -] tcp:10.99.88.67:6641: connected
2026-07-17 13:18:02.480 8 INFO neutron.plugins.ml2.drivers.ovn.mech_driver.ovsdb.impl_idl_ovn [None req-d235d88b-e8ae-4807-89fe-f32357372f9f - - - - - -] Getting OvsdbSbOvnIdl for WorkerService with retry
2026-07-17 13:18:02.501 8 INFO ovsdbapp.backend.ovs_idl.vlog [None req-d235d88b-e8ae-4807-89fe-f32357372f9f - - - - - -] tcp:10.106.41.40:6642: connecting...
2026-07-17 13:18:02.501 8 INFO ovsdbapp.backend.ovs_idl.vlog [None req-d235d88b-e8ae-4807-89fe-f32357372f9f - - - - - -] tcp:10.106.41.40:6642: connected
2026-07-17 13:18:02.537 8 INFO neutron.plugins.ml2.drivers.ovn.mech_driver.mech_driver [None req-d235d88b-e8ae-4807-89fe-f32357372f9f - - - - - -] WorkerService process has finished the post initialization
2026-07-17 13:18:02.579 8 INFO ovsdbapp.backend.ovs_idl.vlog [None req-d235d88b-e8ae-4807-89fe-f32357372f9f - - - - - -] tcp:10.99.88.67:6641: connecting...
2026-07-17 13:18:02.579 8 INFO ovsdbapp.backend.ovs_idl.vlog [None req-d235d88b-e8ae-4807-89fe-f32357372f9f - - - - - -] tcp:10.99.88.67:6641: connected
2026-07-17 13:18:02.623 8 INFO ovsdbapp.backend.ovs_idl.vlog [None req-d235d88b-e8ae-4807-89fe-f32357372f9f - - - - - -] tcp:10.99.88.67:6641: connecting...
2026-07-17 13:18:02.624 8 INFO ovsdbapp.backend.ovs_idl.vlog [None req-d235d88b-e8ae-4807-89fe-f32357372f9f - - - - - -] tcp:10.99.88.67:6641: connected
2026-07-17 13:18:02.636 7 INFO ovsdbapp.backend.ovs_idl.vlog [None req-3722302e-cd5e-41c7-b35b-f952542b31f1 - - - - - -] tcp:10.99.88.67:6641: connecting...
2026-07-17 13:18:02.637 7 INFO ovsdbapp.backend.ovs_idl.vlog [None req-3722302e-cd5e-41c7-b35b-f952542b31f1 - - - - - -] tcp:10.99.88.67:6641: connected WSGI app 0 (mountpoint='') ready in 10 seconds on interpreter 0x7efe1729b668 pid: 8 (default app)
2026-07-17 13:18:02.682 7 INFO neutron.plugins.ml2.drivers.ovn.mech_driver.ovsdb.impl_idl_ovn [None req-3722302e-cd5e-41c7-b35b-f952542b31f1 - - - - - -] Getting OvsdbSbOvnIdl for WorkerService with retry
2026-07-17 13:18:02.706 7 INFO ovsdbapp.backend.ovs_idl.vlog [None req-3722302e-cd5e-41c7-b35b-f952542b31f1 - - - - - -] tcp:10.106.41.40:6642: connecting...
2026-07-17 13:18:02.706 7 INFO ovsdbapp.backend.ovs_idl.vlog [None req-3722302e-cd5e-41c7-b35b-f952542b31f1 - - - - - -] tcp:10.106.41.40:6642: connected
2026-07-17 13:18:02.741 7 INFO neutron.plugins.ml2.drivers.ovn.mech_driver.mech_driver [None req-3722302e-cd5e-41c7-b35b-f952542b31f1 - - - - - -] WorkerService process has finished the post initialization
2026-07-17 13:18:02.741 7 INFO neutron.plugins.ml2.drivers.ovn.mech_driver.ovsdb.extensions.qos [-] Starting OVNClientQosExtension
2026-07-17 13:18:02.742 7 INFO neutron.plugins.ml2.drivers.ovn.mech_driver.ovsdb.extensions.placement [-] Starting OVNClientPlacementExtension
2026-07-17 13:18:02.783 7 INFO ovsdbapp.backend.ovs_idl.vlog [None req-3722302e-cd5e-41c7-b35b-f952542b31f1 - - - - - -] tcp:10.99.88.67:6641: connecting...
2026-07-17 13:18:02.783 7 INFO ovsdbapp.backend.ovs_idl.vlog [None req-3722302e-cd5e-41c7-b35b-f952542b31f1 - - - - - -] tcp:10.99.88.67:6641: connected
2026-07-17 13:18:02.825 7 INFO ovsdbapp.backend.ovs_idl.vlog [None req-3722302e-cd5e-41c7-b35b-f952542b31f1 - - - - - -] tcp:10.99.88.67:6641: connecting...
2026-07-17 13:18:02.825 7 INFO ovsdbapp.backend.ovs_idl.vlog [None req-3722302e-cd5e-41c7-b35b-f952542b31f1 - - - - - -] tcp:10.99.88.67:6641: connected WSGI app 0 (mountpoint='') ready in 10 seconds on interpreter 0x7efe1729b668 pid: 7 (default app) /var/lib/openstack/lib/python3.12/site-packages/pycadf/identifier.py:70: UserWarning: Invalid uuid: unknown. To ensure interoperability, identifiers should be a valid uuid. warnings.warn(('Invalid uuid: %s. To ensure interoperability, '
2026-07-17 13:18:04.640 8 INFO neutron.pecan_wsgi.hooks.translation [None req-c2a990c3-aad3-47aa-a93d-e0cadaac14de 0b56078c22b24945b67708de2a20284c 259120fc650b4bb2832d92cc62e3c4fe - - default default] GET failed (client error): The resource could not be found. [pid: 8|app: 0|req: 3/3] 199.204.45.138 () {44 vars in 928 bytes} [Fri Jul 17 13:18:03 2026] GET /v2.0/networks/public => generated 108 bytes in 665 msecs (HTTP/1.1 404) 4 headers in 164 bytes (1 switches on core 0) /var/lib/openstack/lib/python3.12/site-packages/pycadf/identifier.py:70: UserWarning: Invalid uuid: unknown. To ensure interoperability, identifiers should be a valid uuid. warnings.warn(('Invalid uuid: %s. To ensure interoperability, ' [pid: 7|app: 0|req: 1/4] 199.204.45.138 () {44 vars in 950 bytes} [Fri Jul 17 13:18:04 2026] GET /v2.0/networks?name=public => generated 15 bytes in 221 msecs (HTTP/1.1 200) 4 headers in 156 bytes (1 switches on core 0)
2026-07-17 13:18:05.114 8 ERROR stevedore.extension [None req-b7fea574-cc4b-4709-8555-3e336f49ba67 0b56078c22b24945b67708de2a20284c 259120fc650b4bb2832d92cc62e3c4fe - - default default] Could not load 'tap-as-a-service': module 'neutron.conf.policies.base' has no attribute 'ADMIN_OR_PROJECT_MEMBER'
2026-07-17 13:18:05.116 8 ERROR stevedore.extension [None req-b7fea574-cc4b-4709-8555-3e336f49ba67 0b56078c22b24945b67708de2a20284c 259120fc650b4bb2832d92cc62e3c4fe - - default default] Could not load 'neutron-vpnaas': module 'neutron.conf.policies.base' has no attribute 'ADMIN_OR_PROJECT_MEMBER'
2026-07-17 13:18:05.117 8 ERROR stevedore.extension [None req-b7fea574-cc4b-4709-8555-3e336f49ba67 0b56078c22b24945b67708de2a20284c 259120fc650b4bb2832d92cc62e3c4fe - - default default] Could not load 'neutron-dynamic-routing': module 'neutron.conf.policies.base' has no attribute 'ADMIN'
2026-07-17 13:18:05.386 8 INFO neutron.plugins.ml2.drivers.ovn.mech_driver.ovsdb.extensions.qos [None req-b7fea574-cc4b-4709-8555-3e336f49ba67 0b56078c22b24945b67708de2a20284c 259120fc650b4bb2832d92cc62e3c4fe - - default default] Starting OVNClientQosExtension
2026-07-17 13:18:05.386 8 INFO neutron.plugins.ml2.drivers.ovn.mech_driver.ovsdb.extensions.placement [None req-b7fea574-cc4b-4709-8555-3e336f49ba67 0b56078c22b24945b67708de2a20284c 259120fc650b4bb2832d92cc62e3c4fe - - default default] Starting OVNClientPlacementExtension
2026-07-17 13:18:05.427 8 INFO neutron.db.ovn_revision_numbers_db [None req-b7fea574-cc4b-4709-8555-3e336f49ba67 0b56078c22b24945b67708de2a20284c 259120fc650b4bb2832d92cc62e3c4fe - - default default] Successfully bumped revision number for resource d5704c82-4544-4d1a-aebd-12f3abe732d5 (type: security_groups) to 1
2026-07-17 13:18:05.445 8 INFO neutron.db.ovn_revision_numbers_db [None req-b7fea574-cc4b-4709-8555-3e336f49ba67 0b56078c22b24945b67708de2a20284c 259120fc650b4bb2832d92cc62e3c4fe - - default default] Successfully bumped revision number for resource 34c218f6-6b49-49c5-8084-50b7883d5d1a (type: security_group_rules) to 0
2026-07-17 13:18:05.458 8 INFO neutron.db.ovn_revision_numbers_db [None req-b7fea574-cc4b-4709-8555-3e336f49ba67 0b56078c22b24945b67708de2a20284c 259120fc650b4bb2832d92cc62e3c4fe - - default default] Successfully bumped revision number for resource 610b56f2-ca78-4c85-b0db-df79b7acbcc1 (type: security_group_rules) to 0
2026-07-17 13:18:05.469 8 INFO neutron.db.ovn_revision_numbers_db [None req-b7fea574-cc4b-4709-8555-3e336f49ba67 0b56078c22b24945b67708de2a20284c 259120fc650b4bb2832d92cc62e3c4fe - - default default] Successfully bumped revision number for resource 67a1b128-d879-44c5-ab5a-3055e5f33cce (type: security_group_rules) to 0
2026-07-17 13:18:05.480 8 INFO neutron.db.ovn_revision_numbers_db [None req-b7fea574-cc4b-4709-8555-3e336f49ba67 0b56078c22b24945b67708de2a20284c 259120fc650b4bb2832d92cc62e3c4fe - - default default] Successfully bumped revision number for resource 8e4235d0-9fd3-4b41-bc91-79b46ef280f4 (type: security_group_rules) to 0
2026-07-17 13:18:05.576 8 WARNING neutron.services.revisions.revision_plugin [None req-b7fea574-cc4b-4709-8555-3e336f49ba67 0b56078c22b24945b67708de2a20284c 259120fc650b4bb2832d92cc62e3c4fe - - default default] Could not find related network for resource to bump revision.
2026-07-17 13:18:05.608 8 INFO neutron.db.segments_db [None req-b7fea574-cc4b-4709-8555-3e336f49ba67 0b56078c22b24945b67708de2a20284c 259120fc650b4bb2832d92cc62e3c4fe - - default default] Added segment 42f4b9ef-d6db-47af-ac95-db547a7b9faf of type flat for network 3465483a-59ff-466b-af17-c03558f0ef2a
2026-07-17 13:18:05.781 8 INFO neutron.db.ovn_revision_numbers_db [None req-b7fea574-cc4b-4709-8555-3e336f49ba67 0b56078c22b24945b67708de2a20284c 259120fc650b4bb2832d92cc62e3c4fe - - default default] Successfully bumped revision number for resource 3465483a-59ff-466b-af17-c03558f0ef2a (type: networks) to 1
2026-07-17 13:18:06.233 8 WARNING neutron.scheduler.dhcp_agent_scheduler [None req-b7fea574-cc4b-4709-8555-3e336f49ba67 0b56078c22b24945b67708de2a20284c 259120fc650b4bb2832d92cc62e3c4fe - - default default] No more DHCP agents
