2026-07-17 13:55:17.808 7 INFO neutron_taas.services.taas.taas_plugin [None req-35eb7280-8f91-4c2b-a6be-31db232058e0 6214818184354233a9ff063601fd1cac b9168264ab3b40e580517cf9cda0f7d4 - - default default] TaaS: Handle Delete Port: 49164885-0abf-4548-af36-ec2389fe4e77
2026-07-17 13:55:17.811 7 INFO neutron_taas.services.taas.tap_mirror_plugin [None req-35eb7280-8f91-4c2b-a6be-31db232058e0 6214818184354233a9ff063601fd1cac b9168264ab3b40e580517cf9cda0f7d4 - - default default] Tap Mirror: Handle Delete Port: 49164885-0abf-4548-af36-ec2389fe4e77 [pid: 7|app: 0|req: 937/1857] 10.0.0.107 () {32 vars in 720 bytes} [Fri Jul 17 13:55:17 2026] DELETE /v2.0/ports/49164885-0abf-4548-af36-ec2389fe4e77 => generated 0 bytes in 194 msecs (HTTP/1.1 204) 3 headers in 131 bytes (1 switches on core 0)
2026-07-17 13:55:17.936 7 WARNING tagging [None req-b0154dba-9f7b-47e1-9caa-fbc130ce6682 ccab42d8896b4188bf6b83b9db10d75f 5fa9c0b4c3d64ccbbaffc03a95163a31 - - default default] project_id key not found in request, using tenant_id instead. This support has been deprecated and will be removed in a future release. [pid: 7|app: 0|req: 938/1858] 10.0.0.107 () {34 vars in 751 bytes} [Fri Jul 17 13:55:17 2026] PUT /v2.0/routers/b3bdee91-2792-4d14-a7e4-68bd57d68ff0/tags => generated 25 bytes in 72 msecs (HTTP/1.1 200) 4 headers in 156 bytes (1 switches on core 0)
2026-07-17 13:55:18.099 7 INFO neutron_taas.services.taas.taas_plugin [None req-40c3e92a-8d4e-478f-8149-861736231788 6214818184354233a9ff063601fd1cac b9168264ab3b40e580517cf9cda0f7d4 - - default default] TaaS: Handle Delete Port: 9626a0e4-eed1-4b00-aae9-4f1bb49c04a3
2026-07-17 13:55:18.102 7 INFO neutron_taas.services.taas.tap_mirror_plugin [None req-40c3e92a-8d4e-478f-8149-861736231788 6214818184354233a9ff063601fd1cac b9168264ab3b40e580517cf9cda0f7d4 - - default default] Tap Mirror: Handle Delete Port: 9626a0e4-eed1-4b00-aae9-4f1bb49c04a3
2026-07-17 13:55:18.258 7 INFO neutron.services.segments.plugin [-] Segment fe821737-30b1-4efe-8075-e471de209aa3 resource provider aggregate not found
2026-07-17 13:55:18.261 7 INFO neutron.services.segments.plugin [-] Segment fe821737-30b1-4efe-8075-e471de209aa3 resource provider aggregate not found
2026-07-17 13:55:18.279 7 INFO neutron.services.segments.plugin [-] Client error retrieving segment fe821737-30b1-4efe-8075-e471de209aa3 resource provider; error: Placement Client Error (4xx): {"errors": [{"status": 404, "title": "Not Found", "detail": "The resource could not be found.\n\n No resource provider with uuid fe821737-30b1-4efe-8075-e471de209aa3 found for delete ", "request_id": "req-736ff378-49ab-4d1a-9050-4ab5e087d19e"}]}
2026-07-17 13:55:18.280 7 INFO neutron.services.segments.plugin [-] Client error retrieving segment fe821737-30b1-4efe-8075-e471de209aa3 resource provider; error: Placement Client Error (4xx): {"errors": [{"status": 404, "title": "Not Found", "detail": "The resource could not be found.\n\n No resource provider with uuid fe821737-30b1-4efe-8075-e471de209aa3 found for delete ", "request_id": "req-146d8708-1bcf-4689-862e-e2dcb5d01765"}]} [pid: 7|app: 0|req: 939/1859] 10.0.0.107 () {32 vars in 726 bytes} [Fri Jul 17 13:55:17 2026] DELETE /v2.0/networks/ba68eced-fef6-4377-ba35-02ce1330dda2 => generated 0 bytes in 336 msecs (HTTP/1.1 204) 3 headers in 131 bytes (1 switches on core 0)
2026-07-17 13:55:18.368 8 INFO neutron.plugins.ml2.drivers.ovn.mech_driver.ovsdb.ovsdb_monitor [None req-dc6b57e2-6af9-40b3-b5b2-50f41ebe29a5 - - - - - -] Router e402271d-5831-41b6-ad9d-4fde7c3b467c is bound to host instance
2026-07-17 13:55:18.392 8 INFO neutron.plugins.ml2.drivers.ovn.mech_driver.mech_driver [None req-33c59707-1db9-42ea-8c0b-e78c02e831f3 - - - - - -] OVN reports status up for port: 84daf4ae-c5e0-4b7c-853c-cec85c1a9b76
2026-07-17 13:55:18.395 7 WARNING tagging [None req-d2c28d91-c496-488a-af86-e41eb5716eb9 ccab42d8896b4188bf6b83b9db10d75f 5fa9c0b4c3d64ccbbaffc03a95163a31 - - default default] project_id key not found in request, using tenant_id instead. This support has been deprecated and will be removed in a future release.
2026-07-17 13:55:18.429 8 INFO neutron.plugins.ml2.plugin [None req-33c59707-1db9-42ea-8c0b-e78c02e831f3 - - - - - -] Attempt 1 to provision port 84daf4ae-c5e0-4b7c-853c-cec85c1a9b76 [pid: 7|app: 0|req: 940/1860] 10.0.0.107 () {32 vars in 731 bytes} [Fri Jul 17 13:55:18 2026] GET /v2.0/routers/b3bdee91-2792-4d14-a7e4-68bd57d68ff0/tags => generated 25 bytes in 121 msecs (HTTP/1.1 200) 4 headers in 156 bytes (1 switches on core 0)
2026-07-17 13:55:18.486 8 INFO neutron.db.ovn_revision_numbers_db [None req-ef9ff92a-9a39-42b8-8d2f-594c3c5bdae4 0b56078c22b24945b67708de2a20284c 259120fc650b4bb2832d92cc62e3c4fe - - default default] Successfully bumped revision number for resource 84daf4ae-c5e0-4b7c-853c-cec85c1a9b76 (type: router_ports) to 1
2026-07-17 13:55:18.565 7 INFO neutron_taas.services.taas.taas_plugin [None req-8220abad-fc00-4811-ad0b-3de6ca73b51e 6214818184354233a9ff063601fd1cac b9168264ab3b40e580517cf9cda0f7d4 - - default default] TaaS: Handle Delete Port: 28a56a9f-dbfe-4a1c-9767-49fb9c43d354
2026-07-17 13:55:18.568 7 INFO neutron_taas.services.taas.tap_mirror_plugin [None req-8220abad-fc00-4811-ad0b-3de6ca73b51e 6214818184354233a9ff063601fd1cac b9168264ab3b40e580517cf9cda0f7d4 - - default default] Tap Mirror: Handle Delete Port: 28a56a9f-dbfe-4a1c-9767-49fb9c43d354
2026-07-17 13:55:18.738 8 INFO neutron.db.ovn_revision_numbers_db [None req-ef9ff92a-9a39-42b8-8d2f-594c3c5bdae4 0b56078c22b24945b67708de2a20284c 259120fc650b4bb2832d92cc62e3c4fe - - default default] Successfully bumped revision number for resource e402271d-5831-41b6-ad9d-4fde7c3b467c (type: routers) to 2 [pid: 8|app: 0|req: 921/1861] 10.0.0.107 () {34 vars in 669 bytes} [Fri Jul 17 13:55:17 2026] POST /v2.0/routers => generated 987 bytes in 1687 msecs (HTTP/1.1 201) 4 headers in 162 bytes (1 switches on core 0) [pid: 7|app: 0|req: 941/1862] 10.0.0.107 () {32 vars in 726 bytes} [Fri Jul 17 13:55:18 2026] DELETE /v2.0/networks/1a63828d-c1e8-4422-8a17-bc40cb98a87c => generated 0 bytes in 381 msecs (HTTP/1.1 204) 3 headers in 131 bytes (1 switches on core 0)
2026-07-17 13:55:18.859 8 WARNING tagging [None req-4f2bc553-e615-4838-b71d-a40cfeb97923 ccab42d8896b4188bf6b83b9db10d75f 5fa9c0b4c3d64ccbbaffc03a95163a31 - - default default] project_id key not found in request, using tenant_id instead. This support has been deprecated and will be removed in a future release. [pid: 8|app: 0|req: 922/1863] 10.0.0.107 () {34 vars in 762 bytes} [Fri Jul 17 13:55:18 2026] PUT /v2.0/routers/b3bdee91-2792-4d14-a7e4-68bd57d68ff0/tags/green => generated 4 bytes in 261 msecs (HTTP/1.1 201) 4 headers in 160 bytes (1 switches on core 0)
2026-07-17 13:55:19.285 8 INFO neutron_taas.services.taas.taas_plugin [None req-c9be01c2-a2d2-44d8-96c6-bcda326ae5eb 6214818184354233a9ff063601fd1cac b9168264ab3b40e580517cf9cda0f7d4 - - default default] TaaS: Handle Delete Port: 544a9f78-ed9a-4ef5-a89e-b385fe254d23
2026-07-17 13:55:19.291 8 INFO neutron_taas.services.taas.tap_mirror_plugin [None req-c9be01c2-a2d2-44d8-96c6-bcda326ae5eb 6214818184354233a9ff063601fd1cac b9168264ab3b40e580517cf9cda0f7d4 - - default default] Tap Mirror: Handle Delete Port: 544a9f78-ed9a-4ef5-a89e-b385fe254d23
2026-07-17 13:55:19.370 7 WARNING neutron.scheduler.dhcp_agent_scheduler [None req-6d384215-d652-4733-a3eb-e0c487fdcefb 0b56078c22b24945b67708de2a20284c 259120fc650b4bb2832d92cc62e3c4fe - - default default] No more DHCP agents
2026-07-17 13:55:19.371 7 WARNING neutron.api.rpc.agentnotifiers.dhcp_rpc_agent_api [None req-6d384215-d652-4733-a3eb-e0c487fdcefb 0b56078c22b24945b67708de2a20284c 259120fc650b4bb2832d92cc62e3c4fe - - default default] Unable to schedule network 36307535-378e-4bde-a425-dbd8316d0661: no agents available; will retry on subsequent port and subnet creation events.
2026-07-17 13:55:19.556 7 INFO neutron.plugins.ml2.drivers.ovn.mech_driver.mech_driver [None req-9e45597b-f098-40fb-9054-86c2f1cc780f - - - - - -] OVN reports status down for port: c1efa0df-5df9-41c4-9747-d4f1fbdd30ae
2026-07-17 13:55:19.626 7 INFO neutron.db.ovn_revision_numbers_db [None req-6d384215-d652-4733-a3eb-e0c487fdcefb 0b56078c22b24945b67708de2a20284c 259120fc650b4bb2832d92cc62e3c4fe - - default default] Successfully bumped revision number for resource c1efa0df-5df9-41c4-9747-d4f1fbdd30ae (type: ports) to 1
2026-07-17 13:55:19.636 8 INFO neutron.services.segments.plugin [-] Segment e3191c30-90a4-4999-80b1-0ffc22db5b84 resource provider aggregate not found
2026-07-17 13:55:19.642 8 INFO neutron.services.segments.plugin [-] Segment e3191c30-90a4-4999-80b1-0ffc22db5b84 resource provider aggregate not found
2026-07-17 13:55:19.669 8 INFO neutron.services.segments.plugin [-] Client error retrieving segment e3191c30-90a4-4999-80b1-0ffc22db5b84 resource provider; error: Placement Client Error (4xx): {"errors": [{"status": 404, "title": "Not Found", "detail": "The resource could not be found.\n\n No resource provider with uuid e3191c30-90a4-4999-80b1-0ffc22db5b84 found for delete ", "request_id": "req-0f25ae78-855b-4ad4-8bec-3d28db842c58"}]}
2026-07-17 13:55:19.679 8 INFO neutron.services.segments.plugin [-] Client error retrieving segment e3191c30-90a4-4999-80b1-0ffc22db5b84 resource provider; error: Placement Client Error (4xx): {"errors": [{"status": 404, "title": "Not Found", "detail": "The resource could not be found.\n\n No resource provider with uuid e3191c30-90a4-4999-80b1-0ffc22db5b84 found for delete ", "request_id": "req-ca801133-1b2f-4c5d-a525-69b3b082e2c4"}]} [pid: 8|app: 0|req: 923/1864] 10.0.0.107 () {32 vars in 726 bytes} [Fri Jul 17 13:55:19 2026] DELETE /v2.0/networks/c5eb2a2a-1c78-4492-b6c3-475500902a25 => generated 0 bytes in 691 msecs (HTTP/1.1 204) 3 headers in 131 bytes (1 switches on core 0)
2026-07-17 13:55:19.784 8 WARNING tagging [None req-650564a4-52aa-46cc-a84e-a046cfe8a9e8 ccab42d8896b4188bf6b83b9db10d75f 5fa9c0b4c3d64ccbbaffc03a95163a31 - - default default] project_id key not found in request, using tenant_id instead. This support has been deprecated and will be removed in a future release. [pid: 8|app: 0|req: 924/1865] 10.0.0.107 () {32 vars in 731 bytes} [Fri Jul 17 13:55:19 2026] GET /v2.0/routers/b3bdee91-2792-4d14-a7e4-68bd57d68ff0/tags => generated 34 bytes in 122 msecs (HTTP/1.1 200) 4 headers in 156 bytes (1 switches on core 0)
2026-07-17 13:55:20.081 8 INFO neutron_taas.services.taas.taas_plugin [None req-afa864a7-629f-4d58-ade6-bd22221746fd 6214818184354233a9ff063601fd1cac b9168264ab3b40e580517cf9cda0f7d4 - - default default] TaaS: Handle Delete Port: 607017ec-23d7-4f6b-b8a4-559052872c1b
2026-07-17 13:55:20.086 8 INFO neutron_taas.services.taas.tap_mirror_plugin [None req-afa864a7-629f-4d58-ade6-bd22221746fd 6214818184354233a9ff063601fd1cac b9168264ab3b40e580517cf9cda0f7d4 - - default default] Tap Mirror: Handle Delete Port: 607017ec-23d7-4f6b-b8a4-559052872c1b
2026-07-17 13:55:20.094 8 INFO neutron.db.ovn_revision_numbers_db [None req-b5a2c0dd-8d0a-400a-98b1-d3ce78d3a2c1 - - - - - -] Successfully bumped revision number for resource 84daf4ae-c5e0-4b7c-853c-cec85c1a9b76 (type: ports) to 4
2026-07-17 13:55:20.308 7 INFO neutron.services.segments.plugin [-] Segment 377a79c5-145e-40cc-ba83-b307fa753656 resource provider aggregate not found
2026-07-17 13:55:20.332 7 INFO neutron.services.segments.plugin [-] Segment 377a79c5-145e-40cc-ba83-b307fa753656 resource provider aggregate not found
2026-07-17 13:55:20.340 7 INFO neutron.services.segments.plugin [-] Client error retrieving segment 377a79c5-145e-40cc-ba83-b307fa753656 resource provider; error: Placement Client Error (4xx): {"errors": [{"status": 404, "title": "Not Found", "detail": "The resource could not be found.\n\n No resource provider with uuid 377a79c5-145e-40cc-ba83-b307fa753656 found for delete ", "request_id": "req-cee32a94-790c-4b3b-a422-e0cd66e26f5a"}]}
2026-07-17 13:55:20.350 7 INFO neutron.services.segments.plugin [-] Client error retrieving segment 377a79c5-145e-40cc-ba83-b307fa753656 resource provider; error: Placement Client Error (4xx): {"errors": [{"status": 404, "title": "Not Found", "detail": "The resource could not be found.\n\n No resource provider with uuid 377a79c5-145e-40cc-ba83-b307fa753656 found for delete ", "request_id": "req-a4733359-259a-4375-9687-ef5b856f946f"}]}
2026-07-17 13:55:20.402 7 INFO neutron.plugins.ml2.drivers.ovn.mech_driver.mech_driver [None req-9e45597b-f098-40fb-9054-86c2f1cc780f - - - - - -] OVN reports status up for port: c1efa0df-5df9-41c4-9747-d4f1fbdd30ae
2026-07-17 13:55:20.433 7 INFO neutron.plugins.ml2.plugin [None req-9e45597b-f098-40fb-9054-86c2f1cc780f - - - - - -] Attempt 1 to provision port c1efa0df-5df9-41c4-9747-d4f1fbdd30ae [pid: 8|app: 0|req: 925/1866] 10.0.0.107 () {32 vars in 726 bytes} [Fri Jul 17 13:55:19 2026] DELETE /v2.0/networks/4222a62d-204c-4e29-b21f-3733c22e1ea8 => generated 0 bytes in 716 msecs (HTTP/1.1 204) 3 headers in 131 bytes (1 switches on core 0)
2026-07-17 13:55:20.571 7 WARNING neutron.scheduler.dhcp_agent_scheduler [None req-6d384215-d652-4733-a3eb-e0c487fdcefb 0b56078c22b24945b67708de2a20284c 259120fc650b4bb2832d92cc62e3c4fe - - default default] No more DHCP agents
2026-07-17 13:55:20.574 7 WARNING neutron.api.rpc.agentnotifiers.dhcp_rpc_agent_api [None req-6d384215-d652-4733-a3eb-e0c487fdcefb 0b56078c22b24945b67708de2a20284c 259120fc650b4bb2832d92cc62e3c4fe - - default default] Unable to schedule network 36307535-378e-4bde-a425-dbd8316d0661: no agents available; will retry on subsequent port and subnet creation events.
2026-07-17 13:55:20.650 8 WARNING tagging [None req-cdee56e7-8036-4f2e-9581-b57c04ada898 ccab42d8896b4188bf6b83b9db10d75f 5fa9c0b4c3d64ccbbaffc03a95163a31 - - default default] project_id key not found in request, using tenant_id instead. This support has been deprecated and will be removed in a future release.
2026-07-17 13:55:20.721 8 INFO neutron.db.ovn_revision_numbers_db [None req-b5a2c0dd-8d0a-400a-98b1-d3ce78d3a2c1 - - - - - -] Successfully bumped revision number for resource 84daf4ae-c5e0-4b7c-853c-cec85c1a9b76 (type: ports) to 5 [pid: 8|app: 0|req: 926/1867] 10.0.0.107 () {34 vars in 758 bytes} [Fri Jul 17 13:55:20 2026] PUT /v2.0/routers/b3bdee91-2792-4d14-a7e4-68bd57d68ff0/tags/red => generated 4 bytes in 211 msecs (HTTP/1.1 201) 4 headers in 160 bytes (1 switches on core 0)
2026-07-17 13:55:20.930 8 INFO neutron_taas.services.taas.taas_plugin [None req-60631dbb-9da8-4add-b47a-6daf0a1f85d3 6214818184354233a9ff063601fd1cac b9168264ab3b40e580517cf9cda0f7d4 - - default default] TaaS: Handle Delete Port: 8d6e0884-f39f-4169-b2ad-92d50a586a0a
2026-07-17 13:55:20.933 8 INFO neutron_taas.services.taas.tap_mirror_plugin [None req-60631dbb-9da8-4add-b47a-6daf0a1f85d3 6214818184354233a9ff063601fd1cac b9168264ab3b40e580517cf9cda0f7d4 - - default default] Tap Mirror: Handle Delete Port: 8d6e0884-f39f-4169-b2ad-92d50a586a0a [pid: 8|app: 0|req: 927/1868] 10.0.0.107 () {32 vars in 726 bytes} [Fri Jul 17 13:55:20 2026] DELETE /v2.0/networks/b3717e60-81ce-4af4-9888-b9225ea5fcb2 => generated 0 bytes in 378 msecs (HTTP/1.1 204) 3 headers in 131 bytes (1 switches on core 0)
2026-07-17 13:55:21.154 7 INFO neutron.db.ovn_revision_numbers_db [None req-9e45597b-f098-40fb-9054-86c2f1cc780f - - - - - -] Successfully bumped revision number for resource c1efa0df-5df9-41c4-9747-d4f1fbdd30ae (type: ports) to 2
2026-07-17 13:55:21.189 8 WARNING tagging [None req-1ed8659a-cf14-4839-b836-381ddad0aebc ccab42d8896b4188bf6b83b9db10d75f 5fa9c0b4c3d64ccbbaffc03a95163a31 - - default default] project_id key not found in request, using tenant_id instead. This support has been deprecated and will be removed in a future release. [pid: 8|app: 0|req: 928/1869] 10.0.0.107 () {32 vars in 731 bytes} [Fri Jul 17 13:55:21 2026] GET /v2.0/routers/b3bdee91-2792-4d14-a7e4-68bd57d68ff0/tags => generated 34 bytes in 73 msecs (HTTP/1.1 200) 4 headers in 156 bytes (1 switches on core 0)
2026-07-17 13:55:21.353 7 INFO neutron.db.ovn_revision_numbers_db [None req-6d384215-d652-4733-a3eb-e0c487fdcefb 0b56078c22b24945b67708de2a20284c 259120fc650b4bb2832d92cc62e3c4fe - - default default] Successfully bumped revision number for resource c1efa0df-5df9-41c4-9747-d4f1fbdd30ae (type: router_ports) to 1 [pid: 7|app: 0|req: 942/1870] 10.0.0.107 () {34 vars in 783 bytes} [Fri Jul 17 13:55:18 2026] PUT /v2.0/routers/e402271d-5831-41b6-ad9d-4fde7c3b467c/add_router_interface => generated 310 bytes in 2539 msecs (HTTP/1.1 200) 4 headers in 157 bytes (1 switches on core 0)
2026-07-17 13:55:21.372 8 INFO neutron.common.ovn.utils [None req-33c59707-1db9-42ea-8c0b-e78c02e831f3 - - - - - -] HA Chassis Group neutron-36307535-378e-4bde-a425-dbd8316d0661 synchronized; highest priority chassis a24a2691-0c66-40a8-ac93-0f0568f3fbd2
2026-07-17 13:55:21.385 8 WARNING neutron.db.securitygroups_db [None req-8a8b37eb-7e98-4638-8b7d-8e68c1360e5b 0b56078c22b24945b67708de2a20284c 259120fc650b4bb2832d92cc62e3c4fe - - default default] project_id key not found in filters, using tenant_id instead. This support has been deprecated and will be removed in a future release.
2026-07-17 13:55:21.394 7 WARNING tagging [None req-5257e6b5-560b-422a-8039-7db8b2115a00 ccab42d8896b4188bf6b83b9db10d75f 5fa9c0b4c3d64ccbbaffc03a95163a31 - - default default] project_id key not found in request, using tenant_id instead. This support has been deprecated and will be removed in a future release. [pid: 7|app: 0|req: 943/1871] 10.0.0.107 () {34 vars in 780 bytes} [Fri Jul 17 13:55:21 2026] PUT /v2.0/routers/b3bdee91-2792-4d14-a7e4-68bd57d68ff0/tags/black.or.white => generated 4 bytes in 107 msecs (HTTP/1.1 201) 4 headers in 160 bytes (1 switches on core 0)
2026-07-17 13:55:21.520 7 WARNING tagging [None req-151897cc-4580-4729-8964-77e1c48736e0 ccab42d8896b4188bf6b83b9db10d75f 5fa9c0b4c3d64ccbbaffc03a95163a31 - - default default] project_id key not found in request, using tenant_id instead. This support has been deprecated and will be removed in a future release.
2026-07-17 13:55:21.527 8 INFO neutron.db.ovn_revision_numbers_db [None req-8a8b37eb-7e98-4638-8b7d-8e68c1360e5b 0b56078c22b24945b67708de2a20284c 259120fc650b4bb2832d92cc62e3c4fe - - default default] Successfully bumped revision number for resource 1925a0a5-e792-4cf3-aa67-f3428ad156ce (type: security_groups) to 1
2026-07-17 13:55:21.545 8 INFO neutron.db.ovn_revision_numbers_db [None req-8a8b37eb-7e98-4638-8b7d-8e68c1360e5b 0b56078c22b24945b67708de2a20284c 259120fc650b4bb2832d92cc62e3c4fe - - default default] Successfully bumped revision number for resource 433785d9-be08-4caf-9a1a-4a4017f67b79 (type: security_group_rules) to 0
2026-07-17 13:55:21.557 8 INFO neutron.db.ovn_revision_numbers_db [None req-8a8b37eb-7e98-4638-8b7d-8e68c1360e5b 0b56078c22b24945b67708de2a20284c 259120fc650b4bb2832d92cc62e3c4fe - - default default] Successfully bumped revision number for resource 65eb0a4a-f00b-4948-989e-ff6e5ea7bb2d (type: security_group_rules) to 0 [pid: 7|app: 0|req: 944/1872] 10.0.0.107 () {32 vars in 731 bytes} [Fri Jul 17 13:55:21 2026] GET /v2.0/routers/b3bdee91-2792-4d14-a7e4-68bd57d68ff0/tags => generated 52 bytes in 90 msecs (HTTP/1.1 200) 4 headers in 156 bytes (1 switches on core 0)
2026-07-17 13:55:21.571 8 INFO neutron.db.ovn_revision_numbers_db [None req-8a8b37eb-7e98-4638-8b7d-8e68c1360e5b 0b56078c22b24945b67708de2a20284c 259120fc650b4bb2832d92cc62e3c4fe - - default default] Successfully bumped revision number for resource c6a044a6-d3af-4af5-9404-d4a4f008bdf2 (type: security_group_rules) to 0
2026-07-17 13:55:21.583 8 INFO neutron.db.ovn_revision_numbers_db [None req-8a8b37eb-7e98-4638-8b7d-8e68c1360e5b 0b56078c22b24945b67708de2a20284c 259120fc650b4bb2832d92cc62e3c4fe - - default default] Successfully bumped revision number for resource d3e491b7-038e-4b81-8355-de03ea1ed933 (type: security_group_rules) to 0
2026-07-17 13:55:21.599 7 WARNING tagging [None req-fe157c50-715e-45c3-bec0-552176da6281 ccab42d8896b4188bf6b83b9db10d75f 5fa9c0b4c3d64ccbbaffc03a95163a31 - - default default] project_id key not found in request, using tenant_id instead. This support has been deprecated and will be removed in a future release. [pid: 8|app: 0|req: 929/1873] 10.0.0.107 () {32 vars in 774 bytes} [Fri Jul 17 13:55:21 2026] GET /v2.0/security-groups?tenant_id=03190a365f4b40b5a5bffdd71aa48a3d&name=default => generated 2925 bytes in 401 msecs (HTTP/1.1 200) 4 headers in 158 bytes (1 switches on core 0) [pid: 7|app: 0|req: 945/1874] 10.0.0.107 () {34 vars in 751 bytes} [Fri Jul 17 13:55:21 2026] PUT /v2.0/routers/b3bdee91-2792-4d14-a7e4-68bd57d68ff0/tags => generated 37 bytes in 100 msecs (HTTP/1.1 200) 4 headers in 156 bytes (1 switches on core 0)
2026-07-17 13:55:21.693 8 INFO neutron.services.segments.plugin [-] Segment a4bcb6bf-7c27-40f7-bd1d-30f03674a6f1 resource provider aggregate not found
2026-07-17 13:55:21.701 8 INFO neutron.services.segments.plugin [-] Segment a4bcb6bf-7c27-40f7-bd1d-30f03674a6f1 resource provider aggregate not found
2026-07-17 13:55:21.719 8 INFO neutron.services.segments.plugin [-] Client error retrieving segment a4bcb6bf-7c27-40f7-bd1d-30f03674a6f1 resource provider; error: Placement Client Error (4xx): {"errors": [{"status": 404, "title": "Not Found", "detail": "The resource could not be found.\n\n No resource provider with uuid a4bcb6bf-7c27-40f7-bd1d-30f03674a6f1 found for delete ", "request_id": "req-5229ecb8-0831-45ce-a0a8-b6c9cdf0bdfe"}]}
2026-07-17 13:55:21.719 8 INFO neutron.services.segments.plugin [-] Client error retrieving segment a4bcb6bf-7c27-40f7-bd1d-30f03674a6f1 resource provider; error: Placement Client Error (4xx): {"errors": [{"status": 404, "title": "Not Found", "detail": "The resource could not be found.\n\n No resource provider with uuid a4bcb6bf-7c27-40f7-bd1d-30f03674a6f1 found for delete ", "request_id": "req-950f8f81-3eb5-4861-8a6b-f14c05e7872b"}]}
2026-07-17 13:55:21.728 7 WARNING tagging [None req-a633232e-8027-437c-8412-6a5c80051413 ccab42d8896b4188bf6b83b9db10d75f 5fa9c0b4c3d64ccbbaffc03a95163a31 - - default default] project_id key not found in request, using tenant_id instead. This support has been deprecated and will be removed in a future release.
2026-07-17 13:55:21.743 8 INFO neutron.services.segments.plugin [-] Segment c15cb023-a5f2-40c7-8c3e-bac6367b5a8d resource provider aggregate not found
2026-07-17 13:55:21.749 8 INFO neutron.services.segments.plugin [-] Segment c15cb023-a5f2-40c7-8c3e-bac6367b5a8d resource provider aggregate not found [pid: 7|app: 0|req: 946/1875] 10.0.0.107 () {32 vars in 731 bytes} [Fri Jul 17 13:55:21 2026] GET /v2.0/routers/b3bdee91-2792-4d14-a7e4-68bd57d68ff0/tags => generated 37 bytes in 89 msecs (HTTP/1.1 200) 4 headers in 156 bytes (1 switches on core 0)
2026-07-17 13:55:21.766 8 INFO neutron.services.segments.plugin [-] Client error retrieving segment c15cb023-a5f2-40c7-8c3e-bac6367b5a8d resource provider; error: Placement Client Error (4xx): {"errors": [{"status": 404, "title": "Not Found", "detail": "The resource could not be found.\n\n No resource provider with uuid c15cb023-a5f2-40c7-8c3e-bac6367b5a8d found for delete ", "request_id": "req-0d8cd2a5-ddf3-4960-a43b-7b95f958d2a9"}]}
2026-07-17 13:55:21.768 8 INFO neutron.services.segments.plugin [-] Client error retrieving segment c15cb023-a5f2-40c7-8c3e-bac6367b5a8d resource provider; error: Placement Client Error (4xx): {"errors": [{"status": 404, "title": "Not Found", "detail": "The resource could not be found.\n\n No resource provider with uuid c15cb023-a5f2-40c7-8c3e-bac6367b5a8d found for delete ", "request_id": "req-04c94a84-3cd0-407b-81eb-1d73e6827809"}]}
2026-07-17 13:55:21.816 7 WARNING tagging [None req-e988dd8d-4178-43c1-81f1-42124ad2bdf3 ccab42d8896b4188bf6b83b9db10d75f 5fa9c0b4c3d64ccbbaffc03a95163a31 - - default default] project_id key not found in request, using tenant_id instead. This support has been deprecated and will be removed in a future release. [pid: 8|app: 0|req: 930/1876] 10.0.0.107 () {32 vars in 740 bytes} [Fri Jul 17 13:55:21 2026] DELETE /v2.0/security-groups/1925a0a5-e792-4cf3-aa67-f3428ad156ce => generated 0 bytes in 212 msecs (HTTP/1.1 204) 2 headers in 112 bytes (1 switches on core 0) [pid: 7|app: 0|req: 947/1877] 10.0.0.107 () {32 vars in 739 bytes} [Fri Jul 17 13:55:21 2026] GET /v2.0/routers/b3bdee91-2792-4d14-a7e4-68bd57d68ff0/tags/red => generated 0 bytes in 84 msecs (HTTP/1.1 204) 2 headers in 112 bytes (1 switches on core 0)
2026-07-17 13:55:21.887 8 WARNING tagging [None req-b0d5d059-78d1-4845-8394-57416aa4e373 ccab42d8896b4188bf6b83b9db10d75f 5fa9c0b4c3d64ccbbaffc03a95163a31 - - default default] project_id key not found in request, using tenant_id instead. This support has been deprecated and will be removed in a future release.
2026-07-17 13:55:21.914 8 INFO neutron.api.v2.resource [None req-b0d5d059-78d1-4845-8394-57416aa4e373 ccab42d8896b4188bf6b83b9db10d75f 5fa9c0b4c3d64ccbbaffc03a95163a31 - - default default] show failed (client error): The resource could not be found. [pid: 8|app: 0|req: 931/1878] 10.0.0.107 () {32 vars in 743 bytes} [Fri Jul 17 13:55:21 2026] GET /v2.0/routers/b3bdee91-2792-4d14-a7e4-68bd57d68ff0/tags/green => generated 99 bytes in 61 msecs (HTTP/1.1 404) 4 headers in 163 bytes (1 switches on core 0)
2026-07-17 13:55:21.960 7 WARNING tagging [None req-6c0d91dc-143f-4943-ab05-3663895d8ea1 ccab42d8896b4188bf6b83b9db10d75f 5fa9c0b4c3d64ccbbaffc03a95163a31 - - default default] project_id key not found in request, using tenant_id instead. This support has been deprecated and will be removed in a future release. [pid: 7|app: 0|req: 948/1879] 10.0.0.107 () {32 vars in 742 bytes} [Fri Jul 17 13:55:21 2026] DELETE /v2.0/routers/b3bdee91-2792-4d14-a7e4-68bd57d68ff0/tags/red => generated 0 bytes in 83 msecs (HTTP/1.1 204) 2 headers in 112 bytes (1 switches on core 0)
2026-07-17 13:55:22.041 7 WARNING tagging [None req-5500680a-b517-48f2-9f40-423cc21d2ff4 ccab42d8896b4188bf6b83b9db10d75f 5fa9c0b4c3d64ccbbaffc03a95163a31 - - default default] project_id key not found in request, using tenant_id instead. This support has been deprecated and will be removed in a future release. [pid: 7|app: 0|req: 949/1880] 10.0.0.107 () {32 vars in 731 bytes} [Fri Jul 17 13:55:22 2026] GET /v2.0/routers/b3bdee91-2792-4d14-a7e4-68bd57d68ff0/tags => generated 30 bytes in 68 msecs (HTTP/1.1 200) 4 headers in 156 bytes (1 switches on core 0)
2026-07-17 13:55:22.118 7 WARNING tagging [None req-773d82d6-1a55-4a11-a2c9-8f8fb6513c37 ccab42d8896b4188bf6b83b9db10d75f 5fa9c0b4c3d64ccbbaffc03a95163a31 - - default default] project_id key not found in request, using tenant_id instead. This support has been deprecated and will be removed in a future release.
2026-07-17 13:55:22.133 8 WARNING neutron.db.securitygroups_db [None req-e27f3551-dddf-4ff4-85e7-ab583e008db4 0b56078c22b24945b67708de2a20284c 259120fc650b4bb2832d92cc62e3c4fe - - default default] project_id key not found in filters, using tenant_id instead. This support has been deprecated and will be removed in a future release.
2026-07-17 13:55:22.159 7 INFO neutron.api.v2.resource [None req-773d82d6-1a55-4a11-a2c9-8f8fb6513c37 ccab42d8896b4188bf6b83b9db10d75f 5fa9c0b4c3d64ccbbaffc03a95163a31 - - default default] delete failed (client error): The resource could not be found. [pid: 7|app: 0|req: 950/1881] 10.0.0.107 () {32 vars in 746 bytes} [Fri Jul 17 13:55:22 2026] DELETE /v2.0/routers/b3bdee91-2792-4d14-a7e4-68bd57d68ff0/tags/green => generated 99 bytes in 78 msecs (HTTP/1.1 404) 4 headers in 163 bytes (1 switches on core 0)
2026-07-17 13:55:22.207 7 WARNING tagging [None req-313719f7-c63e-4cda-8f8d-54ab9976ce96 ccab42d8896b4188bf6b83b9db10d75f 5fa9c0b4c3d64ccbbaffc03a95163a31 - - default default] project_id key not found in request, using tenant_id instead. This support has been deprecated and will be removed in a future release. [pid: 7|app: 0|req: 951/1882] 10.0.0.107 () {32 vars in 734 bytes} [Fri Jul 17 13:55:22 2026] DELETE /v2.0/routers/b3bdee91-2792-4d14-a7e4-68bd57d68ff0/tags => generated 0 bytes in 87 msecs (HTTP/1.1 204) 2 headers in 112 bytes (1 switches on core 0)
2026-07-17 13:55:22.279 8 INFO neutron.db.ovn_revision_numbers_db [None req-e27f3551-dddf-4ff4-85e7-ab583e008db4 0b56078c22b24945b67708de2a20284c 259120fc650b4bb2832d92cc62e3c4fe - - default default] Successfully bumped revision number for resource 294460e0-47cd-4da8-aa75-f24b132e4371 (type: security_groups) to 1
2026-07-17 13:55:22.284 7 WARNING tagging [None req-9b70e32a-29a5-4e06-b2d2-90e3cc187598 ccab42d8896b4188bf6b83b9db10d75f 5fa9c0b4c3d64ccbbaffc03a95163a31 - - default default] project_id key not found in request, using tenant_id instead. This support has been deprecated and will be removed in a future release.
2026-07-17 13:55:22.294 8 INFO neutron.db.ovn_revision_numbers_db [None req-e27f3551-dddf-4ff4-85e7-ab583e008db4 0b56078c22b24945b67708de2a20284c 259120fc650b4bb2832d92cc62e3c4fe - - default default] Successfully bumped revision number for resource 0bbc35f5-ec89-4a8b-89a0-c8c9c157dc80 (type: security_group_rules) to 0
2026-07-17 13:55:22.310 8 INFO neutron.db.ovn_revision_numbers_db [None req-e27f3551-dddf-4ff4-85e7-ab583e008db4 0b56078c22b24945b67708de2a20284c 259120fc650b4bb2832d92cc62e3c4fe - - default default] Successfully bumped revision number for resource 554e3473-36d0-47f8-ae9b-43fbcfde277b (type: security_group_rules) to 0 [pid: 7|app: 0|req: 952/1883] 10.0.0.107 () {32 vars in 731 bytes} [Fri Jul 17 13:55:22 2026] GET /v2.0/routers/b3bdee91-2792-4d14-a7e4-68bd57d68ff0/tags => generated 12 bytes in 60 msecs (HTTP/1.1 200) 4 headers in 156 bytes (1 switches on core 0)
2026-07-17 13:55:22.324 8 INFO neutron.db.ovn_revision_numbers_db [None req-e27f3551-dddf-4ff4-85e7-ab583e008db4 0b56078c22b24945b67708de2a20284c 259120fc650b4bb2832d92cc62e3c4fe - - default default] Successfully bumped revision number for resource c9e86309-6a62-4990-8ee3-27519d2a2d6a (type: security_group_rules) to 0
2026-07-17 13:55:22.337 8 INFO neutron.db.ovn_revision_numbers_db [None req-e27f3551-dddf-4ff4-85e7-ab583e008db4 0b56078c22b24945b67708de2a20284c 259120fc650b4bb2832d92cc62e3c4fe - - default default] Successfully bumped revision number for resource f417e0a1-eebe-48d2-a4da-2ccf9bfc3c20 (type: security_group_rules) to 0 [pid: 7|app: 0|req: 953/1884] 10.0.0.107 () {32 vars in 721 bytes} [Fri Jul 17 13:55:22 2026] GET /v2.0/routers/b3bdee91-2792-4d14-a7e4-68bd57d68ff0 => generated 597 bytes in 36 msecs (HTTP/1.1 200) 4 headers in 157 bytes (1 switches on core 0) [pid: 8|app: 0|req: 932/1885] 10.0.0.107 () {32 vars in 774 bytes} [Fri Jul 17 13:55:21 2026] GET /v2.0/security-groups?tenant_id=897778971b7b4b9dbc8d103440aa4a10&name=default => generated 2925 bytes in 445 msecs (HTTP/1.1 200) 4 headers in 158 bytes (1 switches on core 0) [pid: 8|app: 0|req: 933/1886] 10.0.0.107 () {32 vars in 740 bytes} [Fri Jul 17 13:55:22 2026] DELETE /v2.0/security-groups/294460e0-47cd-4da8-aa75-f24b132e4371 => generated 0 bytes in 193 msecs (HTTP/1.1 204) 2 headers in 112 bytes (1 switches on core 0)
2026-07-17 13:55:22.667 7 INFO neutron.db.ovn_revision_numbers_db [None req-cc02308d-a45e-4f7f-b73b-c3679a0b43b5 ccab42d8896b4188bf6b83b9db10d75f 5fa9c0b4c3d64ccbbaffc03a95163a31 - - default default] Successfully bumped revision number for resource b3bdee91-2792-4d14-a7e4-68bd57d68ff0 (type: routers) to 7 [pid: 7|app: 0|req: 954/1887] 10.0.0.107 () {34 vars in 742 bytes} [Fri Jul 17 13:55:22 2026] PUT /v2.0/routers/b3bdee91-2792-4d14-a7e4-68bd57d68ff0 => generated 597 bytes in 309 msecs (HTTP/1.1 200) 4 headers in 157 bytes (1 switches on core 0)
2026-07-17 13:55:22.685 7 WARNING neutron.db.securitygroups_db [None req-a46b035f-6f99-4916-a1e1-6ed807c0be12 0b56078c22b24945b67708de2a20284c 259120fc650b4bb2832d92cc62e3c4fe - - default default] project_id key not found in filters, using tenant_id instead. This support has been deprecated and will be removed in a future release. [pid: 8|app: 0|req: 934/1888] 10.0.0.107 () {32 vars in 736 bytes} [Fri Jul 17 13:55:22 2026] GET /v2.0/ports?device_id=b3bdee91-2792-4d14-a7e4-68bd57d68ff0 => generated 12 bytes in 26 msecs (HTTP/1.1 200) 4 headers in 156 bytes (1 switches on core 0) [pid: 7|app: 0|req: 955/1889] 10.0.0.107 () {32 vars in 774 bytes} [Fri Jul 17 13:55:22 2026] GET /v2.0/security-groups?tenant_id=b9168264ab3b40e580517cf9cda0f7d4&name=default => generated 2925 bytes in 31 msecs (HTTP/1.1 200) 4 headers in 158 bytes (1 switches on core 0) [pid: 8|app: 0|req: 935/1890] 10.0.0.107 () {32 vars in 724 bytes} [Fri Jul 17 13:55:22 2026] DELETE /v2.0/routers/b3bdee91-2792-4d14-a7e4-68bd57d68ff0 => generated 0 bytes in 173 msecs (HTTP/1.1 204) 2 headers in 112 bytes (1 switches on core 0) [pid: 7|app: 0|req: 956/1891] 10.0.0.107 () {32 vars in 740 bytes} [Fri Jul 17 13:55:22 2026] DELETE /v2.0/security-groups/7f6bc81e-4245-45e7-b4b6-84ffee9f3a6f => generated 0 bytes in 172 msecs (HTTP/1.1 204) 2 headers in 112 bytes (1 switches on core 0)
2026-07-17 13:55:22.963 8 WARNING neutron.db.securitygroups_db [None req-a70310e0-156e-451c-bc23-8d312c67820e 0b56078c22b24945b67708de2a20284c 259120fc650b4bb2832d92cc62e3c4fe - - default default] project_id key not found in filters, using tenant_id instead. This support has been deprecated and will be removed in a future release.
2026-07-17 13:55:23.116 8 INFO neutron.db.ovn_revision_numbers_db [None req-a70310e0-156e-451c-bc23-8d312c67820e 0b56078c22b24945b67708de2a20284c 259120fc650b4bb2832d92cc62e3c4fe - - default default] Successfully bumped revision number for resource 1fb854f4-9c0c-4ce4-9dd5-50f48d8d64ca (type: security_groups) to 1
2026-07-17 13:55:23.130 8 INFO neutron.db.ovn_revision_numbers_db [None req-a70310e0-156e-451c-bc23-8d312c67820e 0b56078c22b24945b67708de2a20284c 259120fc650b4bb2832d92cc62e3c4fe - - default default] Successfully bumped revision number for resource 4b6adee5-c91f-43f4-bdc1-5cd2fc33baf4 (type: security_group_rules) to 0
2026-07-17 13:55:23.141 8 INFO neutron.db.ovn_revision_numbers_db [None req-a70310e0-156e-451c-bc23-8d312c67820e 0b56078c22b24945b67708de2a20284c 259120fc650b4bb2832d92cc62e3c4fe - - default default] Successfully bumped revision number for resource 85d58b0d-ddd0-4b26-a5d0-d4703257c88f (type: security_group_rules) to 0
2026-07-17 13:55:23.153 8 INFO neutron.db.ovn_revision_numbers_db [None req-a70310e0-156e-451c-bc23-8d312c67820e 0b56078c22b24945b67708de2a20284c 259120fc650b4bb2832d92cc62e3c4fe - - default default] Successfully bumped revision number for resource b9acc5c9-b5da-4ae9-a0e0-64ed730a4e55 (type: security_group_rules) to 0
2026-07-17 13:55:23.165 8 INFO neutron.db.ovn_revision_numbers_db [None req-a70310e0-156e-451c-bc23-8d312c67820e 0b56078c22b24945b67708de2a20284c 259120fc650b4bb2832d92cc62e3c4fe - - default default] Successfully bumped revision number for resource be60a5f6-a4ef-4691-9811-fc30efe36697 (type: security_group_rules) to 0 [pid: 8|app: 0|req: 936/1892] 10.0.0.107 () {32 vars in 774 bytes} [Fri Jul 17 13:55:22 2026] GET /v2.0/security-groups?tenant_id=2e04c7b7a29347ba884a2631e46b3270&name=default => generated 2925 bytes in 240 msecs (HTTP/1.1 200) 4 headers in 158 bytes (1 switches on core 0) [pid: 7|app: 0|req: 957/1893] 10.0.0.107 () {32 vars in 740 bytes} [Fri Jul 17 13:55:23 2026] DELETE /v2.0/security-groups/1fb854f4-9c0c-4ce4-9dd5-50f48d8d64ca => generated 0 bytes in 171 msecs (HTTP/1.1 204) 2 headers in 112 bytes (1 switches on core 0)
2026-07-17 13:55:23.681 8 WARNING neutron.db.securitygroups_db [None req-43b9a4d6-f7f5-4933-9688-18f23d6a5944 0b56078c22b24945b67708de2a20284c 259120fc650b4bb2832d92cc62e3c4fe - - default default] project_id key not found in filters, using tenant_id instead. This support has been deprecated and will be removed in a future release. [pid: 7|app: 0|req: 958/1894] 10.0.0.243 () {34 vars in 982 bytes} [Fri Jul 17 13:55:23 2026] GET /v2.0/networks?id=36307535-378e-4bde-a425-dbd8316d0661 => generated 711 bytes in 45 msecs (HTTP/1.1 200) 4 headers in 157 bytes (1 switches on core 0) [pid: 7|app: 0|req: 959/1895] 10.0.0.243 () {34 vars in 965 bytes} [Fri Jul 17 13:55:23 2026] GET /v2.0/quotas/fde65b5c67684166bdc799952b0bd3cb => generated 312 bytes in 11 msecs (HTTP/1.1 200) 4 headers in 157 bytes (1 switches on core 0)
2026-07-17 13:55:23.814 8 INFO neutron.db.ovn_revision_numbers_db [None req-43b9a4d6-f7f5-4933-9688-18f23d6a5944 0b56078c22b24945b67708de2a20284c 259120fc650b4bb2832d92cc62e3c4fe - - default default] Successfully bumped revision number for resource 72b5c4da-d260-498c-a34d-58bbdea74ea9 (type: security_groups) to 1
2026-07-17 13:55:23.828 8 INFO neutron.db.ovn_revision_numbers_db [None req-43b9a4d6-f7f5-4933-9688-18f23d6a5944 0b56078c22b24945b67708de2a20284c 259120fc650b4bb2832d92cc62e3c4fe - - default default] Successfully bumped revision number for resource 56d24ca2-481f-4a14-869c-a40a7b7c569a (type: security_group_rules) to 0 [pid: 7|app: 0|req: 960/1896] 10.0.0.243 () {34 vars in 1002 bytes} [Fri Jul 17 13:55:23 2026] GET /v2.0/ports?tenant_id=fde65b5c67684166bdc799952b0bd3cb&fields=id => generated 103 bytes in 112 msecs (HTTP/1.1 200) 4 headers in 157 bytes (1 switches on core 0)
2026-07-17 13:55:23.844 8 INFO neutron.db.ovn_revision_numbers_db [None req-43b9a4d6-f7f5-4933-9688-18f23d6a5944 0b56078c22b24945b67708de2a20284c 259120fc650b4bb2832d92cc62e3c4fe - - default default] Successfully bumped revision number for resource 9ba124e8-d639-423f-bd72-5285f6788a09 (type: security_group_rules) to 0
2026-07-17 13:55:23.858 8 INFO neutron.db.ovn_revision_numbers_db [None req-43b9a4d6-f7f5-4933-9688-18f23d6a5944 0b56078c22b24945b67708de2a20284c 259120fc650b4bb2832d92cc62e3c4fe - - default default] Successfully bumped revision number for resource be5c521d-2a7a-4942-8ec5-667294641293 (type: security_group_rules) to 0
2026-07-17 13:55:23.873 8 INFO neutron.db.ovn_revision_numbers_db [None req-43b9a4d6-f7f5-4933-9688-18f23d6a5944 0b56078c22b24945b67708de2a20284c 259120fc650b4bb2832d92cc62e3c4fe - - default default] Successfully bumped revision number for resource cf6a709a-6e63-40d8-b2db-7335088d4575 (type: security_group_rules) to 0 [pid: 7|app: 0|req: 961/1897] 10.0.0.243 () {34 vars in 1008 bytes} [Fri Jul 17 13:55:23 2026] GET /v2.0/networks/36307535-378e-4bde-a425-dbd8316d0661?fields=segments => generated 14 bytes in 45 msecs (HTTP/1.1 200) 4 headers in 156 bytes (1 switches on core 0) [pid: 8|app: 0|req: 937/1898] 10.0.0.107 () {32 vars in 774 bytes} [Fri Jul 17 13:55:23 2026] GET /v2.0/security-groups?tenant_id=5fa9c0b4c3d64ccbbaffc03a95163a31&name=default => generated 2925 bytes in 474 msecs (HTTP/1.1 200) 4 headers in 158 bytes (1 switches on core 0) [pid: 7|app: 0|req: 962/1899] 10.0.0.243 () {34 vars in 1108 bytes} [Fri Jul 17 13:55:23 2026] GET /v2.0/networks/36307535-378e-4bde-a425-dbd8316d0661?fields=provider%3Aphysical_network&fields=provider%3Anetwork_type => generated 79 bytes in 49 msecs (HTTP/1.1 200) 4 headers in 156 bytes (1 switches on core 0) [pid: 7|app: 0|req: 963/1900] 10.0.0.243 () {34 vars in 1070 bytes} [Fri Jul 17 13:55:24 2026] GET /v2.0/ports?fields=security_groups&fields=device_id&device_id=d2d15a66-a26f-4807-9f33-9743de118051 => generated 12 bytes in 21 msecs (HTTP/1.1 200) 4 headers in 156 bytes (1 switches on core 0) [pid: 8|app: 0|req: 938/1901] 10.0.0.107 () {32 vars in 740 bytes} [Fri Jul 17 13:55:23 2026] DELETE /v2.0/security-groups/72b5c4da-d260-498c-a34d-58bbdea74ea9 => generated 0 bytes in 219 msecs (HTTP/1.1 204) 2 headers in 112 bytes (1 switches on core 0)
2026-07-17 13:55:24.243 7 WARNING neutron.db.securitygroups_db [None req-26e09d92-2491-4d97-a6e7-0adf7dc736c6 0b56078c22b24945b67708de2a20284c 259120fc650b4bb2832d92cc62e3c4fe - - default default] project_id key not found in filters, using tenant_id instead. This support has been deprecated and will be removed in a future release.
2026-07-17 13:55:24.379 7 INFO neutron.db.ovn_revision_numbers_db [None req-26e09d92-2491-4d97-a6e7-0adf7dc736c6 0b56078c22b24945b67708de2a20284c 259120fc650b4bb2832d92cc62e3c4fe - - default default] Successfully bumped revision number for resource c4be9b07-6cb0-45b4-8ebb-0ebe4e33e94f (type: security_groups) to 1
2026-07-17 13:55:24.389 7 INFO neutron.db.ovn_revision_numbers_db [None req-26e09d92-2491-4d97-a6e7-0adf7dc736c6 0b56078c22b24945b67708de2a20284c 259120fc650b4bb2832d92cc62e3c4fe - - default default] Successfully bumped revision number for resource 51837c8c-8580-4020-997f-6279795ead26 (type: security_group_rules) to 0
2026-07-17 13:55:24.401 7 INFO neutron.db.ovn_revision_numbers_db [None req-26e09d92-2491-4d97-a6e7-0adf7dc736c6 0b56078c22b24945b67708de2a20284c 259120fc650b4bb2832d92cc62e3c4fe - - default default] Successfully bumped revision number for resource 89ccd11d-cd06-481e-8723-f606e575fd2a (type: security_group_rules) to 0
2026-07-17 13:55:24.412 7 INFO neutron.db.ovn_revision_numbers_db [None req-26e09d92-2491-4d97-a6e7-0adf7dc736c6 0b56078c22b24945b67708de2a20284c 259120fc650b4bb2832d92cc62e3c4fe - - default default] Successfully bumped revision number for resource e4400401-1ed7-4190-b696-13145821bc56 (type: security_group_rules) to 0
2026-07-17 13:55:24.423 7 INFO neutron.db.ovn_revision_numbers_db [None req-26e09d92-2491-4d97-a6e7-0adf7dc736c6 0b56078c22b24945b67708de2a20284c 259120fc650b4bb2832d92cc62e3c4fe - - default default] Successfully bumped revision number for resource fe825882-464b-4712-92f7-d1a78c3ce053 (type: security_group_rules) to 0 [pid: 7|app: 0|req: 964/1902] 10.0.0.107 () {32 vars in 774 bytes} [Fri Jul 17 13:55:24 2026] GET /v2.0/security-groups?tenant_id=9d74864e754840e7aaaaddb404c10229&name=default => generated 2925 bytes in 226 msecs (HTTP/1.1 200) 4 headers in 158 bytes (1 switches on core 0) [pid: 8|app: 0|req: 939/1903] 10.0.0.107 () {32 vars in 740 bytes} [Fri Jul 17 13:55:24 2026] DELETE /v2.0/security-groups/c4be9b07-6cb0-45b4-8ebb-0ebe4e33e94f => generated 0 bytes in 206 msecs (HTTP/1.1 204) 2 headers in 112 bytes (1 switches on core 0) [pid: 7|app: 0|req: 965/1904] 10.0.0.243 () {34 vars in 1070 bytes} [Fri Jul 17 13:55:25 2026] GET /v2.0/ports?fields=security_groups&fields=device_id&device_id=d2d15a66-a26f-4807-9f33-9743de118051 => generated 12 bytes in 17 msecs (HTTP/1.1 200) 4 headers in 156 bytes (1 switches on core 0)
2026-07-17 13:55:26.036 7 WARNING neutron.plugins.ml2.drivers.ovn.mech_driver.ovsdb.ovn_client [None req-bcbe096d-ef56-4f83-8f8e-32ffdc27ac46 - - - - - -] No hosting information found for port c1efa0df-5df9-41c4-9747-d4f1fbdd30ae: RuntimeError: No hosting information found for port c1efa0df-5df9-41c4-9747-d4f1fbdd30ae
2026-07-17 13:55:26.129 7 INFO neutron.db.ovn_revision_numbers_db [None req-bcbe096d-ef56-4f83-8f8e-32ffdc27ac46 - - - - - -] Successfully bumped revision number for resource c1efa0df-5df9-41c4-9747-d4f1fbdd30ae (type: router_ports) to 2 [pid: 8|app: 0|req: 940/1905] 10.0.0.243 () {34 vars in 1070 bytes} [Fri Jul 17 13:55:26 2026] GET /v2.0/ports?fields=security_groups&fields=device_id&device_id=d2d15a66-a26f-4807-9f33-9743de118051 => generated 12 bytes in 20 msecs (HTTP/1.1 200) 4 headers in 156 bytes (1 switches on core 0)
2026-07-17 13:55:26.514 7 INFO neutron.db.ovn_revision_numbers_db [None req-219ef848-c7c5-45df-a694-c169b22c4712 af92ff00d7924b2cb569125b5f471c45 a0506bfec99c40369f2a84fe440444db - - default default] Successfully bumped revision number for resource a2bac2ad-5c13-4489-898f-dd1ea59aead2 (type: routers) to 1 [pid: 7|app: 0|req: 966/1906] 10.0.0.107 () {34 vars in 668 bytes} [Fri Jul 17 13:55:26 2026] POST /v2.0/routers => generated 591 bytes in 212 msecs (HTTP/1.1 201) 4 headers in 162 bytes (1 switches on core 0)
2026-07-17 13:55:26.669 8 INFO neutron.db.ovn_revision_numbers_db [None req-260eca34-03d6-4bd4-857e-85a036a6b084 af92ff00d7924b2cb569125b5f471c45 a0506bfec99c40369f2a84fe440444db - - default default] Successfully bumped revision number for resource 54ac9ec4-ceba-4203-a720-0b03791cf0cf (type: routers) to 1 [pid: 8|app: 0|req: 941/1907] 10.0.0.107 () {34 vars in 668 bytes} [Fri Jul 17 13:55:26 2026] POST /v2.0/routers => generated 591 bytes in 158 msecs (HTTP/1.1 201) 4 headers in 162 bytes (1 switches on core 0) [pid: 7|app: 0|req: 967/1908] 10.0.0.107 () {34 vars in 678 bytes} [Fri Jul 17 13:55:26 2026] POST /v2.0/qos/policies => generated 359 bytes in 144 msecs (HTTP/1.1 201) 4 headers in 162 bytes (1 switches on core 0) [pid: 8|app: 0|req: 942/1909] 10.0.0.30 () {28 vars in 618 bytes} [Fri Jul 17 13:55:26 2026] GET /v2.0/network-ip-availabilities => generated 2641 bytes in 93 msecs (HTTP/1.1 200) 4 headers in 158 bytes (1 switches on core 0)
2026-07-17 13:55:26.813 8 WARNING tagging [None req-fa6325b2-a634-4eea-9f5e-f10534e4c3d8 dedb031dc96f499d8406c6d5417e49a4 5520c26dd0ac48ad87e10b31a0c8d37c - - default default] project_id key not found in request, using tenant_id instead. This support has been deprecated and will be removed in a future release. [pid: 8|app: 0|req: 943/1910] 10.0.0.107 () {34 vars in 753 bytes} [Fri Jul 17 13:55:26 2026] PUT /v2.0/policies/7d67ab23-a27e-49ae-b952-5ac6ada0b82f/tags => generated 25 bytes in 46 msecs (HTTP/1.1 200) 4 headers in 156 bytes (1 switches on core 0)
2026-07-17 13:55:26.862 7 INFO neutron.db.ovn_revision_numbers_db [None req-b1fde6f7-c19e-4f6f-87bc-d676e25f373f af92ff00d7924b2cb569125b5f471c45 a0506bfec99c40369f2a84fe440444db - - default default] Successfully bumped revision number for resource f8ef26c8-d2c4-47f8-bfd0-511893c87b81 (type: routers) to 1 [pid: 8|app: 0|req: 944/1911] 10.0.0.30 () {28 vars in 582 bytes} [Fri Jul 17 13:55:26 2026] GET /v2.0/subnets => generated 1986 bytes in 32 msecs (HTTP/1.1 200) 4 headers in 158 bytes (1 switches on core 0) [pid: 7|app: 0|req: 968/1912] 10.0.0.107 () {34 vars in 668 bytes} [Fri Jul 17 13:55:26 2026] POST /v2.0/routers => generated 591 bytes in 153 msecs (HTTP/1.1 201) 4 headers in 162 bytes (1 switches on core 0) [pid: 7|app: 0|req: 969/1913] 10.0.0.30 () {28 vars in 590 bytes} [Fri Jul 17 13:55:26 2026] GET /v2.0/subnetpools => generated 19 bytes in 11 msecs (HTTP/1.1 200) 4 headers in 156 bytes (1 switches on core 0)
2026-07-17 13:55:26.896 8 WARNING tagging [None req-ca32eabe-7095-422f-9c1e-850f6ca09b7d dedb031dc96f499d8406c6d5417e49a4 5520c26dd0ac48ad87e10b31a0c8d37c - - default default] project_id key not found in request, using tenant_id instead. This support has been deprecated and will be removed in a future release. [pid: 8|app: 0|req: 945/1914] 10.0.0.107 () {32 vars in 733 bytes} [Fri Jul 17 13:55:26 2026] GET /v2.0/policies/7d67ab23-a27e-49ae-b952-5ac6ada0b82f/tags => generated 25 bytes in 36 msecs (HTTP/1.1 200) 4 headers in 156 bytes (1 switches on core 0) [pid: 8|app: 0|req: 946/1915] 10.0.0.30 () {28 vars in 598 bytes} [Fri Jul 17 13:55:26 2026] GET /v2.0/security-groups => generated 20305 bytes in 36 msecs (HTTP/1.1 200) 4 headers in 159 bytes (1 switches on core 0)
2026-07-17 13:55:26.966 8 WARNING tagging [None req-d84734be-5a06-43b9-a295-6ae906a04484 dedb031dc96f499d8406c6d5417e49a4 5520c26dd0ac48ad87e10b31a0c8d37c - - default default] project_id key not found in request, using tenant_id instead. This support has been deprecated and will be removed in a future release. [pid: 8|app: 0|req: 947/1916] 10.0.0.107 () {34 vars in 764 bytes} [Fri Jul 17 13:55:26 2026] PUT /v2.0/policies/7d67ab23-a27e-49ae-b952-5ac6ada0b82f/tags/green => generated 4 bytes in 48 msecs (HTTP/1.1 201) 4 headers in 160 bytes (1 switches on core 0)
2026-07-17 13:55:26.993 7 INFO neutron.db.ovn_revision_numbers_db [None req-1fc1813e-28fd-4afc-8f10-081ed420ad0c af92ff00d7924b2cb569125b5f471c45 a0506bfec99c40369f2a84fe440444db - - default default] Successfully bumped revision number for resource 5fc8ed9d-53ab-4c40-a871-6c3c14cbef61 (type: routers) to 1 [pid: 7|app: 0|req: 970/1917] 10.0.0.107 () {34 vars in 668 bytes} [Fri Jul 17 13:55:26 2026] POST /v2.0/routers => generated 591 bytes in 118 msecs (HTTP/1.1 201) 4 headers in 162 bytes (1 switches on core 0) [pid: 8|app: 0|req: 948/1918] 10.0.0.30 () {28 vars in 582 bytes} [Fri Jul 17 13:55:26 2026] GET /v2.0/subnets => generated 1986 bytes in 36 msecs (HTTP/1.1 200) 4 headers in 158 bytes (1 switches on core 0)
2026-07-17 13:55:27.035 7 WARNING tagging [None req-b90da8b6-b852-45f4-a106-856074a7b621 dedb031dc96f499d8406c6d5417e49a4 5520c26dd0ac48ad87e10b31a0c8d37c - - default default] project_id key not found in request, using tenant_id instead. This support has been deprecated and will be removed in a future release. [pid: 7|app: 0|req: 971/1919] 10.0.0.107 () {32 vars in 733 bytes} [Fri Jul 17 13:55:27 2026] GET /v2.0/policies/7d67ab23-a27e-49ae-b952-5ac6ada0b82f/tags => generated 34 bytes in 34 msecs (HTTP/1.1 200) 4 headers in 156 bytes (1 switches on core 0) [pid: 7|app: 0|req: 972/1920] 10.0.0.30 () {28 vars in 584 bytes} [Fri Jul 17 13:55:27 2026] GET /v2.0/networks => generated 3084 bytes in 49 msecs (HTTP/1.1 200) 4 headers in 158 bytes (1 switches on core 0)
2026-07-17 13:55:27.122 7 WARNING tagging [None req-1f827467-0d7f-4b9d-a0ff-8d0c23d51493 dedb031dc96f499d8406c6d5417e49a4 5520c26dd0ac48ad87e10b31a0c8d37c - - default default] project_id key not found in request, using tenant_id instead. This support has been deprecated and will be removed in a future release. [pid: 7|app: 0|req: 973/1921] 10.0.0.107 () {34 vars in 760 bytes} [Fri Jul 17 13:55:27 2026] PUT /v2.0/policies/7d67ab23-a27e-49ae-b952-5ac6ada0b82f/tags/red => generated 4 bytes in 44 msecs (HTTP/1.1 201) 4 headers in 160 bytes (1 switches on core 0)
