2026-07-17 13:54:40.224 8 INFO neutron.plugins.ml2.plugin [None req-0742d0be-166a-47bf-a280-0ff56709e8a1 2f9ff62baff74e278a04c18e6ac3c0ae c3e88bb4c49b41649a3814cac0c3afc1 - - default default] Attempt 1 to provision port 4a71d35a-8182-4e90-b035-cf3667cee00a
2026-07-17 13:54:40.296 8 WARNING neutron.scheduler.dhcp_agent_scheduler [None req-0742d0be-166a-47bf-a280-0ff56709e8a1 2f9ff62baff74e278a04c18e6ac3c0ae c3e88bb4c49b41649a3814cac0c3afc1 - - default default] No more DHCP agents
2026-07-17 13:54:40.301 8 WARNING neutron.api.rpc.agentnotifiers.dhcp_rpc_agent_api [None req-0742d0be-166a-47bf-a280-0ff56709e8a1 2f9ff62baff74e278a04c18e6ac3c0ae c3e88bb4c49b41649a3814cac0c3afc1 - - default default] Unable to schedule network 0a5b3648-4eab-49b4-8465-28e09931256e: no agents available; will retry on subsequent port and subnet creation events.
2026-07-17 13:54:40.353 7 WARNING neutron.scheduler.dhcp_agent_scheduler [None req-39a3c6cb-bc0c-41e5-8713-af3aca529196 5d840e8fd98a4a798956499730e727d2 ff93d863187c4208ad25110d44c2a31e - - default default] No more DHCP agents
2026-07-17 13:54:40.355 7 WARNING neutron.api.rpc.agentnotifiers.dhcp_rpc_agent_api [None req-39a3c6cb-bc0c-41e5-8713-af3aca529196 5d840e8fd98a4a798956499730e727d2 ff93d863187c4208ad25110d44c2a31e - - default default] Unable to schedule network 73b57e40-7239-47fa-9b10-858586362728: no agents available; will retry on subsequent port and subnet creation events.
2026-07-17 13:54:40.497 8 INFO neutron.db.ovn_revision_numbers_db [None req-0742d0be-166a-47bf-a280-0ff56709e8a1 2f9ff62baff74e278a04c18e6ac3c0ae c3e88bb4c49b41649a3814cac0c3afc1 - - default default] Successfully bumped revision number for resource 4a71d35a-8182-4e90-b035-cf3667cee00a (type: router_ports) to 1 [pid: 8|app: 0|req: 790/1579] 10.0.0.107 () {34 vars in 783 bytes} [Fri Jul 17 13:54:38 2026] PUT /v2.0/routers/c2456cd3-ca41-480b-aa50-3ed256512df5/add_router_interface => generated 310 bytes in 1782 msecs (HTTP/1.1 200) 4 headers in 157 bytes (1 switches on core 0)
2026-07-17 13:54:40.702 8 WARNING neutron.db.securitygroups_db [None req-a60def0c-dd8f-427e-9afe-aa734d2e2d65 0b56078c22b24945b67708de2a20284c 259120fc650b4bb2832d92cc62e3c4fe - - default default] project_id key not found in filters, using tenant_id instead. This support has been deprecated and will be removed in a future release.
2026-07-17 13:54:40.805 8 INFO neutron.db.ovn_revision_numbers_db [None req-a60def0c-dd8f-427e-9afe-aa734d2e2d65 0b56078c22b24945b67708de2a20284c 259120fc650b4bb2832d92cc62e3c4fe - - default default] Successfully bumped revision number for resource 06d5c831-bacf-4a98-9377-e88a57303412 (type: security_groups) to 1
2026-07-17 13:54:40.823 8 INFO neutron.db.ovn_revision_numbers_db [None req-a60def0c-dd8f-427e-9afe-aa734d2e2d65 0b56078c22b24945b67708de2a20284c 259120fc650b4bb2832d92cc62e3c4fe - - default default] Successfully bumped revision number for resource 03563bb3-e1c0-4ded-b1f0-3ff5e3ab42dc (type: security_group_rules) to 0
2026-07-17 13:54:40.835 8 INFO neutron.db.ovn_revision_numbers_db [None req-a60def0c-dd8f-427e-9afe-aa734d2e2d65 0b56078c22b24945b67708de2a20284c 259120fc650b4bb2832d92cc62e3c4fe - - default default] Successfully bumped revision number for resource 511311c7-0973-44e0-9429-7223dd7596cd (type: security_group_rules) to 0
2026-07-17 13:54:40.847 8 INFO neutron.db.ovn_revision_numbers_db [None req-a60def0c-dd8f-427e-9afe-aa734d2e2d65 0b56078c22b24945b67708de2a20284c 259120fc650b4bb2832d92cc62e3c4fe - - default default] Successfully bumped revision number for resource 587fd327-69d0-41a3-900a-375cc438cd47 (type: security_group_rules) to 0
2026-07-17 13:54:40.858 8 INFO neutron.db.ovn_revision_numbers_db [None req-a60def0c-dd8f-427e-9afe-aa734d2e2d65 0b56078c22b24945b67708de2a20284c 259120fc650b4bb2832d92cc62e3c4fe - - default default] Successfully bumped revision number for resource d95ad8ea-70a7-4800-b7be-3a14d36a56f1 (type: security_group_rules) to 0 [pid: 8|app: 0|req: 791/1580] 10.0.0.107 () {32 vars in 774 bytes} [Fri Jul 17 13:54:40 2026] GET /v2.0/security-groups?tenant_id=4f59658bed7145a8a97ff6280c1bcac3&name=default => generated 2925 bytes in 390 msecs (HTTP/1.1 200) 4 headers in 158 bytes (1 switches on core 0) [pid: 8|app: 0|req: 792/1581] 10.0.0.107 () {32 vars in 717 bytes} [Fri Jul 17 13:54:40 2026] GET /v2.0/ports/4a71d35a-8182-4e90-b035-cf3667cee00a => generated 943 bytes in 41 msecs (HTTP/1.1 200) 4 headers in 157 bytes (1 switches on core 0)
2026-07-17 13:54:40.955 7 INFO neutron.db.ovn_revision_numbers_db [None req-ced15590-4b18-4368-a189-0dd3e0c40ff9 - - - - - -] Successfully bumped revision number for resource 4a71d35a-8182-4e90-b035-cf3667cee00a (type: ports) to 2 [pid: 8|app: 0|req: 793/1582] 10.0.0.107 () {32 vars in 740 bytes} [Fri Jul 17 13:54:40 2026] DELETE /v2.0/security-groups/06d5c831-bacf-4a98-9377-e88a57303412 => generated 0 bytes in 155 msecs (HTTP/1.1 204) 2 headers in 112 bytes (1 switches on core 0) [pid: 8|app: 0|req: 794/1583] 10.0.0.107 () {32 vars in 717 bytes} [Fri Jul 17 13:54:41 2026] GET /v2.0/ports/4a71d35a-8182-4e90-b035-cf3667cee00a => generated 943 bytes in 44 msecs (HTTP/1.1 200) 4 headers in 157 bytes (1 switches on core 0)
2026-07-17 13:54:41.167 7 INFO neutron.db.ovn_revision_numbers_db [None req-39a3c6cb-bc0c-41e5-8713-af3aca529196 5d840e8fd98a4a798956499730e727d2 ff93d863187c4208ad25110d44c2a31e - - default default] Successfully bumped revision number for resource a44b70c1-00e1-41ff-b370-4d19fe1038dc (type: ports) to 2
2026-07-17 13:54:41.207 7 INFO neutron.db.ovn_revision_numbers_db [None req-39a3c6cb-bc0c-41e5-8713-af3aca529196 5d840e8fd98a4a798956499730e727d2 ff93d863187c4208ad25110d44c2a31e - - default default] Successfully bumped revision number for resource d183e995-9872-449a-9f9d-07dc27784c01 (type: subnets) to 0 [pid: 7|app: 0|req: 790/1584] 10.0.0.107 () {34 vars in 669 bytes} [Fri Jul 17 13:54:40 2026] POST /v2.0/subnets => generated 626 bytes in 1111 msecs (HTTP/1.1 201) 4 headers in 162 bytes (1 switches on core 0)
2026-07-17 13:54:41.324 7 INFO neutron.db.segments_db [None req-4182e609-0dc8-4dcc-b164-f024f5ed0126 5d840e8fd98a4a798956499730e727d2 ff93d863187c4208ad25110d44c2a31e - - default default] Added segment 36b1ab62-0a3e-4a3a-a74e-0a1b893cf776 of type geneve for network f38da87c-7c71-499a-8a6d-0dad769dcdbb
2026-07-17 13:54:41.425 8 INFO neutron_taas.services.taas.taas_plugin [None req-10f5e28e-52a0-4204-8695-dd7fc469bb98 2f9ff62baff74e278a04c18e6ac3c0ae c3e88bb4c49b41649a3814cac0c3afc1 - - default default] TaaS: Handle Delete Port: 4a71d35a-8182-4e90-b035-cf3667cee00a
2026-07-17 13:54:41.428 8 INFO neutron_taas.services.taas.tap_mirror_plugin [None req-10f5e28e-52a0-4204-8695-dd7fc469bb98 2f9ff62baff74e278a04c18e6ac3c0ae c3e88bb4c49b41649a3814cac0c3afc1 - - default default] Tap Mirror: Handle Delete Port: 4a71d35a-8182-4e90-b035-cf3667cee00a
2026-07-17 13:54:41.436 7 INFO neutron.db.ovn_revision_numbers_db [None req-4182e609-0dc8-4dcc-b164-f024f5ed0126 5d840e8fd98a4a798956499730e727d2 ff93d863187c4208ad25110d44c2a31e - - default default] Successfully bumped revision number for resource f38da87c-7c71-499a-8a6d-0dad769dcdbb (type: networks) to 1
2026-07-17 13:54:41.652 7 WARNING neutron.scheduler.dhcp_agent_scheduler [None req-4182e609-0dc8-4dcc-b164-f024f5ed0126 5d840e8fd98a4a798956499730e727d2 ff93d863187c4208ad25110d44c2a31e - - default default] No more DHCP agents
2026-07-17 13:54:41.653 7 WARNING neutron.api.rpc.agentnotifiers.dhcp_rpc_agent_api [None req-4182e609-0dc8-4dcc-b164-f024f5ed0126 5d840e8fd98a4a798956499730e727d2 ff93d863187c4208ad25110d44c2a31e - - default default] Unable to schedule network f38da87c-7c71-499a-8a6d-0dad769dcdbb: no agents available; will retry on subsequent port and subnet creation events.
2026-07-17 13:54:41.726 7 INFO neutron.db.ovn_revision_numbers_db [None req-4182e609-0dc8-4dcc-b164-f024f5ed0126 5d840e8fd98a4a798956499730e727d2 ff93d863187c4208ad25110d44c2a31e - - default default] Successfully bumped revision number for resource 3f99a4eb-97f6-4ab8-82d6-cc1038339f20 (type: ports) to 1 [pid: 7|app: 0|req: 791/1585] 10.0.0.107 () {34 vars in 670 bytes} [Fri Jul 17 13:54:41 2026] POST /v2.0/networks => generated 668 bytes in 524 msecs (HTTP/1.1 201) 4 headers in 162 bytes (1 switches on core 0) [pid: 8|app: 0|req: 795/1586] 10.0.0.107 () {34 vars in 789 bytes} [Fri Jul 17 13:54:41 2026] PUT /v2.0/routers/c2456cd3-ca41-480b-aa50-3ed256512df5/remove_router_interface => generated 310 bytes in 761 msecs (HTTP/1.1 200) 4 headers in 157 bytes (1 switches on core 0)
2026-07-17 13:54:41.938 7 WARNING neutron.scheduler.dhcp_agent_scheduler [None req-161bbb88-f4cf-4d73-8167-b6b9e476a950 5d840e8fd98a4a798956499730e727d2 ff93d863187c4208ad25110d44c2a31e - - default default] No more DHCP agents
2026-07-17 13:54:41.939 7 WARNING neutron.api.rpc.agentnotifiers.dhcp_rpc_agent_api [None req-161bbb88-f4cf-4d73-8167-b6b9e476a950 5d840e8fd98a4a798956499730e727d2 ff93d863187c4208ad25110d44c2a31e - - default default] Unable to schedule network f38da87c-7c71-499a-8a6d-0dad769dcdbb: no agents available; will retry on subsequent port and subnet creation events. /var/lib/openstack/lib/python3.12/site-packages/pycadf/identifier.py:70: UserWarning: Invalid uuid: neutron. To ensure interoperability, identifiers should be a valid uuid. warnings.warn(('Invalid uuid: %s. To ensure interoperability, '
2026-07-17 13:54:42.230 8 INFO neutron.db.ovn_revision_numbers_db [None req-6ee098e8-31c4-4229-852e-850a20e30ebf 5c64afdd94254167879c27ff59e89bff 1ad5b30b0c0d46fba57c18aa252ec5e6 - - default default] Successfully bumped revision number for resource 8450bab2-8b14-4cab-be0c-208616de5cff (type: security_groups) to 1
2026-07-17 13:54:42.242 8 INFO neutron.db.ovn_revision_numbers_db [None req-6ee098e8-31c4-4229-852e-850a20e30ebf 5c64afdd94254167879c27ff59e89bff 1ad5b30b0c0d46fba57c18aa252ec5e6 - - default default] Successfully bumped revision number for resource 3be957ae-08dd-4703-9534-ebc188765b72 (type: security_group_rules) to 0
2026-07-17 13:54:42.253 8 INFO neutron.db.ovn_revision_numbers_db [None req-6ee098e8-31c4-4229-852e-850a20e30ebf 5c64afdd94254167879c27ff59e89bff 1ad5b30b0c0d46fba57c18aa252ec5e6 - - default default] Successfully bumped revision number for resource 62e1f069-aa1b-4a74-bb15-dd2fcb298b4d (type: security_group_rules) to 0
2026-07-17 13:54:42.270 8 INFO neutron.db.ovn_revision_numbers_db [None req-6ee098e8-31c4-4229-852e-850a20e30ebf 5c64afdd94254167879c27ff59e89bff 1ad5b30b0c0d46fba57c18aa252ec5e6 - - default default] Successfully bumped revision number for resource 9c35f985-8af1-49fc-800a-df74c71679cf (type: security_group_rules) to 0
2026-07-17 13:54:42.284 8 INFO neutron.db.ovn_revision_numbers_db [None req-6ee098e8-31c4-4229-852e-850a20e30ebf 5c64afdd94254167879c27ff59e89bff 1ad5b30b0c0d46fba57c18aa252ec5e6 - - default default] Successfully bumped revision number for resource b4b16858-f265-43b6-a9fd-fba867280f26 (type: security_group_rules) to 0
2026-07-17 13:54:42.376 7 INFO neutron.db.ovn_revision_numbers_db [None req-161bbb88-f4cf-4d73-8167-b6b9e476a950 5d840e8fd98a4a798956499730e727d2 ff93d863187c4208ad25110d44c2a31e - - default default] Successfully bumped revision number for resource 3f99a4eb-97f6-4ab8-82d6-cc1038339f20 (type: ports) to 2
2026-07-17 13:54:42.412 7 INFO neutron.db.ovn_revision_numbers_db [None req-161bbb88-f4cf-4d73-8167-b6b9e476a950 5d840e8fd98a4a798956499730e727d2 ff93d863187c4208ad25110d44c2a31e - - default default] Successfully bumped revision number for resource a923c317-43ee-4d28-91df-a182139fb802 (type: subnets) to 0
2026-07-17 13:54:42.420 8 INFO neutron.db.ovn_revision_numbers_db [None req-6ee098e8-31c4-4229-852e-850a20e30ebf 5c64afdd94254167879c27ff59e89bff 1ad5b30b0c0d46fba57c18aa252ec5e6 - - default default] Successfully bumped revision number for resource bd4df899-5c3b-4221-a271-7db1da140878 (type: security_groups) to 1 [pid: 7|app: 0|req: 792/1587] 10.0.0.107 () {34 vars in 669 bytes} [Fri Jul 17 13:54:41 2026] POST /v2.0/subnets => generated 629 bytes in 674 msecs (HTTP/1.1 201) 4 headers in 162 bytes (1 switches on core 0)
2026-07-17 13:54:42.432 8 INFO neutron.db.ovn_revision_numbers_db [None req-6ee098e8-31c4-4229-852e-850a20e30ebf 5c64afdd94254167879c27ff59e89bff 1ad5b30b0c0d46fba57c18aa252ec5e6 - - default default] Successfully bumped revision number for resource 692b753a-9b78-41b2-aa9a-21e6e6de8435 (type: security_group_rules) to 0
2026-07-17 13:54:42.445 8 INFO neutron.db.ovn_revision_numbers_db [None req-6ee098e8-31c4-4229-852e-850a20e30ebf 5c64afdd94254167879c27ff59e89bff 1ad5b30b0c0d46fba57c18aa252ec5e6 - - default default] Successfully bumped revision number for resource 8881dbaf-fdce-40f4-9417-10eb8009864f (type: security_group_rules) to 0 [pid: 8|app: 0|req: 796/1588] 10.0.0.107 () {34 vars in 684 bytes} [Fri Jul 17 13:54:41 2026] POST /v2.0/security-groups => generated 1624 bytes in 590 msecs (HTTP/1.1 201) 4 headers in 163 bytes (1 switches on core 0) [pid: 7|app: 0|req: 793/1589] 10.0.0.107 () {32 vars in 717 bytes} [Fri Jul 17 13:54:42 2026] GET /v2.0/ports/951e50e5-c6c7-42e2-907a-89715baf6b8b => generated 943 bytes in 85 msecs (HTTP/1.1 200) 4 headers in 157 bytes (1 switches on core 0) [pid: 7|app: 0|req: 796/1592] 10.0.0.107 () {32 vars in 663 bytes} [Fri Jul 17 13:54:42 2026] GET /v2.0/security-groups => generated 4529 bytes in 42 msecs (HTTP/1.1 200) 4 headers in 158 bytes (1 switches on core 0)
2026-07-17 13:54:42.592 8 INFO neutron.db.segments_db [None req-9c7c269b-d089-4660-8663-93bb2a2cd9ca 5d840e8fd98a4a798956499730e727d2 ff93d863187c4208ad25110d44c2a31e - - default default] Added segment dc6893e1-79bc-4f8a-9cb0-20a8bb890de8 of type geneve for network 873eb9be-0238-4239-94d4-df5ba36d0a5b
2026-07-17 13:54:42.715 8 INFO neutron.db.ovn_revision_numbers_db [None req-9c7c269b-d089-4660-8663-93bb2a2cd9ca 5d840e8fd98a4a798956499730e727d2 ff93d863187c4208ad25110d44c2a31e - - default default] Successfully bumped revision number for resource 873eb9be-0238-4239-94d4-df5ba36d0a5b (type: networks) to 1
2026-07-17 13:54:42.832 7 INFO neutron_taas.services.taas.taas_plugin [None req-22dca8a4-47f0-40d5-acd1-1d147e762486 2f9ff62baff74e278a04c18e6ac3c0ae c3e88bb4c49b41649a3814cac0c3afc1 - - default default] TaaS: Handle Delete Port: 951e50e5-c6c7-42e2-907a-89715baf6b8b
2026-07-17 13:54:42.835 7 INFO neutron_taas.services.taas.tap_mirror_plugin [None req-22dca8a4-47f0-40d5-acd1-1d147e762486 2f9ff62baff74e278a04c18e6ac3c0ae c3e88bb4c49b41649a3814cac0c3afc1 - - default default] Tap Mirror: Handle Delete Port: 951e50e5-c6c7-42e2-907a-89715baf6b8b
2026-07-17 13:54:42.894 8 WARNING neutron.scheduler.dhcp_agent_scheduler [None req-9c7c269b-d089-4660-8663-93bb2a2cd9ca 5d840e8fd98a4a798956499730e727d2 ff93d863187c4208ad25110d44c2a31e - - default default] No more DHCP agents
2026-07-17 13:54:42.896 8 WARNING neutron.api.rpc.agentnotifiers.dhcp_rpc_agent_api [None req-9c7c269b-d089-4660-8663-93bb2a2cd9ca 5d840e8fd98a4a798956499730e727d2 ff93d863187c4208ad25110d44c2a31e - - default default] Unable to schedule network 873eb9be-0238-4239-94d4-df5ba36d0a5b: no agents available; will retry on subsequent port and subnet creation events.
2026-07-17 13:54:43.017 8 INFO neutron.db.ovn_revision_numbers_db [None req-9c7c269b-d089-4660-8663-93bb2a2cd9ca 5d840e8fd98a4a798956499730e727d2 ff93d863187c4208ad25110d44c2a31e - - default default] Successfully bumped revision number for resource 88c00d04-7334-44a2-8de3-4ecc94fc567a (type: ports) to 1 [pid: 8|app: 0|req: 797/1593] 10.0.0.107 () {34 vars in 670 bytes} [Fri Jul 17 13:54:42 2026] POST /v2.0/networks => generated 669 bytes in 563 msecs (HTTP/1.1 201) 4 headers in 162 bytes (1 switches on core 0)
2026-07-17 13:54:43.128 8 INFO neutron.db.ovn_revision_numbers_db [None req-636b0919-4892-4431-9bbe-5a0fc3a044ec 5c64afdd94254167879c27ff59e89bff 1ad5b30b0c0d46fba57c18aa252ec5e6 - - default default] Successfully bumped revision number for resource bd4df899-5c3b-4221-a271-7db1da140878 (type: security_groups) to 2 [pid: 8|app: 0|req: 798/1594] 10.0.0.107 () {34 vars in 758 bytes} [Fri Jul 17 13:54:43 2026] PUT /v2.0/security-groups/bd4df899-5c3b-4221-a271-7db1da140878 => generated 1664 bytes in 108 msecs (HTTP/1.1 200) 4 headers in 158 bytes (1 switches on core 0) [pid: 7|app: 0|req: 797/1595] 10.0.0.107 () {34 vars in 789 bytes} [Fri Jul 17 13:54:42 2026] PUT /v2.0/routers/c2456cd3-ca41-480b-aa50-3ed256512df5/remove_router_interface => generated 310 bytes in 602 msecs (HTTP/1.1 200) 4 headers in 157 bytes (1 switches on core 0) /var/lib/openstack/lib/python3.12/site-packages/pycadf/identifier.py:70: UserWarning: Invalid uuid: neutron. To ensure interoperability, identifiers should be a valid uuid. warnings.warn(('Invalid uuid: %s. To ensure interoperability, ' [pid: 7|app: 0|req: 798/1596] 10.0.0.107 () {32 vars in 737 bytes} [Fri Jul 17 13:54:43 2026] GET /v2.0/security-groups/bd4df899-5c3b-4221-a271-7db1da140878 => generated 1664 bytes in 24 msecs (HTTP/1.1 200) 4 headers in 158 bytes (1 switches on core 0) [pid: 7|app: 0|req: 799/1597] 10.0.0.107 () {32 vars in 736 bytes} [Fri Jul 17 13:54:43 2026] GET /v2.0/ports?device_id=c2456cd3-ca41-480b-aa50-3ed256512df5 => generated 12 bytes in 23 msecs (HTTP/1.1 200) 4 headers in 156 bytes (1 switches on core 0)
2026-07-17 13:54:43.331 8 WARNING neutron.scheduler.dhcp_agent_scheduler [None req-1f3782f0-ddf4-475b-9b14-c08ab40a26b1 5d840e8fd98a4a798956499730e727d2 ff93d863187c4208ad25110d44c2a31e - - default default] No more DHCP agents [pid: 7|app: 0|req: 800/1598] 10.0.0.107 () {32 vars in 740 bytes} [Fri Jul 17 13:54:43 2026] DELETE /v2.0/security-groups/bd4df899-5c3b-4221-a271-7db1da140878 => generated 0 bytes in 116 msecs (HTTP/1.1 204) 2 headers in 112 bytes (1 switches on core 0)
2026-07-17 13:54:43.333 8 WARNING neutron.api.rpc.agentnotifiers.dhcp_rpc_agent_api [None req-1f3782f0-ddf4-475b-9b14-c08ab40a26b1 5d840e8fd98a4a798956499730e727d2 ff93d863187c4208ad25110d44c2a31e - - default default] Unable to schedule network 873eb9be-0238-4239-94d4-df5ba36d0a5b: no agents available; will retry on subsequent port and subnet creation events. [pid: 7|app: 0|req: 801/1599] 10.0.0.107 () {32 vars in 724 bytes} [Fri Jul 17 13:54:43 2026] DELETE /v2.0/routers/c2456cd3-ca41-480b-aa50-3ed256512df5 => generated 0 bytes in 200 msecs (HTTP/1.1 204) 2 headers in 112 bytes (1 switches on core 0) [pid: 7|app: 0|req: 802/1600] 10.0.0.107 () {32 vars in 663 bytes} [Fri Jul 17 13:54:43 2026] GET /v2.0/security-groups => generated 2925 bytes in 35 msecs (HTTP/1.1 200) 4 headers in 158 bytes (1 switches on core 0) [pid: 7|app: 0|req: 803/1601] 10.0.0.107 () {32 vars in 724 bytes} [Fri Jul 17 13:54:43 2026] DELETE /v2.0/subnets/b7de2fa0-bbae-4606-87db-10f8d0bfb254 => generated 0 bytes in 201 msecs (HTTP/1.1 204) 3 headers in 131 bytes (1 switches on core 0)
2026-07-17 13:54:43.792 7 INFO neutron.api.v2.resource [None req-9aad5c5d-2c90-4f75-bf8b-65e8cd3e1123 5c64afdd94254167879c27ff59e89bff 1ad5b30b0c0d46fba57c18aa252ec5e6 - - default default] delete failed (client error): The resource could not be found. [pid: 7|app: 0|req: 804/1602] 10.0.0.107 () {32 vars in 740 bytes} [Fri Jul 17 13:54:43 2026] DELETE /v2.0/security-groups/bd4df899-5c3b-4221-a271-7db1da140878 => generated 146 bytes in 24 msecs (HTTP/1.1 404) 4 headers in 164 bytes (1 switches on core 0)
2026-07-17 13:54:43.815 8 INFO neutron.db.ovn_revision_numbers_db [None req-1f3782f0-ddf4-475b-9b14-c08ab40a26b1 5d840e8fd98a4a798956499730e727d2 ff93d863187c4208ad25110d44c2a31e - - default default] Successfully bumped revision number for resource 88c00d04-7334-44a2-8de3-4ecc94fc567a (type: ports) to 2
2026-07-17 13:54:43.843 8 INFO neutron.db.ovn_revision_numbers_db [None req-1f3782f0-ddf4-475b-9b14-c08ab40a26b1 5d840e8fd98a4a798956499730e727d2 ff93d863187c4208ad25110d44c2a31e - - default default] Successfully bumped revision number for resource ffb05aeb-4578-4fe6-bbfa-129495370aaa (type: subnets) to 0 [pid: 8|app: 0|req: 799/1603] 10.0.0.107 () {34 vars in 669 bytes} [Fri Jul 17 13:54:43 2026] POST /v2.0/subnets => generated 629 bytes in 696 msecs (HTTP/1.1 201) 4 headers in 162 bytes (1 switches on core 0) [pid: 7|app: 0|req: 805/1604] 10.0.0.107 () {32 vars in 724 bytes} [Fri Jul 17 13:54:43 2026] DELETE /v2.0/subnets/55a9b552-e0ab-47a0-9bb9-d9fc1b08c6b7 => generated 0 bytes in 162 msecs (HTTP/1.1 204) 3 headers in 131 bytes (1 switches on core 0)
2026-07-17 13:54:44.003 8 INFO neutron.db.ovn_revision_numbers_db [None req-bf487029-e0c9-4eda-8455-f25f153bd1d5 5c64afdd94254167879c27ff59e89bff 1ad5b30b0c0d46fba57c18aa252ec5e6 - - default default] Successfully bumped revision number for resource 73fa28c8-6ecd-4825-a260-b09c07d8e087 (type: security_groups) to 1
2026-07-17 13:54:44.016 8 INFO neutron.db.ovn_revision_numbers_db [None req-bf487029-e0c9-4eda-8455-f25f153bd1d5 5c64afdd94254167879c27ff59e89bff 1ad5b30b0c0d46fba57c18aa252ec5e6 - - default default] Successfully bumped revision number for resource 192d9e39-791a-4180-a441-51012f2f10ba (type: security_group_rules) to 0
2026-07-17 13:54:44.031 8 INFO neutron.db.ovn_revision_numbers_db [None req-bf487029-e0c9-4eda-8455-f25f153bd1d5 5c64afdd94254167879c27ff59e89bff 1ad5b30b0c0d46fba57c18aa252ec5e6 - - default default] Successfully bumped revision number for resource ccfee9c9-cd9c-4dd2-a206-0633c6ec9467 (type: security_group_rules) to 0
2026-07-17 13:54:44.040 7 INFO neutron.db.segments_db [None req-fa288ad6-59d4-4d6d-b9ad-9d3b791a3e88 5d840e8fd98a4a798956499730e727d2 ff93d863187c4208ad25110d44c2a31e - - default default] Added segment d6d3727f-447a-424d-a39d-39c7ed5e4dc2 of type geneve for network cda1530b-51b4-44e9-bffa-51ab5d370d4e [pid: 8|app: 0|req: 800/1605] 10.0.0.107 () {34 vars in 684 bytes} [Fri Jul 17 13:54:43 2026] POST /v2.0/security-groups => generated 1624 bytes in 211 msecs (HTTP/1.1 201) 4 headers in 163 bytes (1 switches on core 0)
2026-07-17 13:54:44.146 7 INFO neutron.db.ovn_revision_numbers_db [None req-fa288ad6-59d4-4d6d-b9ad-9d3b791a3e88 5d840e8fd98a4a798956499730e727d2 ff93d863187c4208ad25110d44c2a31e - - default default] Successfully bumped revision number for resource cda1530b-51b4-44e9-bffa-51ab5d370d4e (type: networks) to 1
2026-07-17 13:54:44.203 8 WARNING neutron.plugins.ml2.drivers.ovn.mech_driver.ovsdb.ovn_client [None req-33c59707-1db9-42ea-8c0b-e78c02e831f3 - - - - - -] No port found with ID 951e50e5-c6c7-42e2-907a-89715baf6b8b: RuntimeError: No port found with ID 951e50e5-c6c7-42e2-907a-89715baf6b8b
2026-07-17 13:54:44.211 8 INFO neutron_taas.services.taas.taas_plugin [None req-5d074828-899e-48d3-8c2c-63037bc40c55 2f9ff62baff74e278a04c18e6ac3c0ae c3e88bb4c49b41649a3814cac0c3afc1 - - default default] TaaS: Handle Delete Port: f0708026-c153-4c72-a5f6-b31913b70e87
2026-07-17 13:54:44.215 8 INFO neutron_taas.services.taas.tap_mirror_plugin [None req-5d074828-899e-48d3-8c2c-63037bc40c55 2f9ff62baff74e278a04c18e6ac3c0ae c3e88bb4c49b41649a3814cac0c3afc1 - - default default] Tap Mirror: Handle Delete Port: f0708026-c153-4c72-a5f6-b31913b70e87
2026-07-17 13:54:44.242 8 INFO neutron.plugins.ml2.drivers.ovn.mech_driver.mech_driver [None req-33c59707-1db9-42ea-8c0b-e78c02e831f3 - - - - - -] OVN reports status down for port: a44b70c1-00e1-41ff-b370-4d19fe1038dc
2026-07-17 13:54:44.330 7 WARNING neutron.scheduler.dhcp_agent_scheduler [None req-fa288ad6-59d4-4d6d-b9ad-9d3b791a3e88 5d840e8fd98a4a798956499730e727d2 ff93d863187c4208ad25110d44c2a31e - - default default] No more DHCP agents
2026-07-17 13:54:44.332 7 WARNING neutron.api.rpc.agentnotifiers.dhcp_rpc_agent_api [None req-fa288ad6-59d4-4d6d-b9ad-9d3b791a3e88 5d840e8fd98a4a798956499730e727d2 ff93d863187c4208ad25110d44c2a31e - - default default] Unable to schedule network cda1530b-51b4-44e9-bffa-51ab5d370d4e: no agents available; will retry on subsequent port and subnet creation events.
2026-07-17 13:54:44.361 8 INFO neutron.plugins.ml2.drivers.ovn.mech_driver.mech_driver [None req-33c59707-1db9-42ea-8c0b-e78c02e831f3 - - - - - -] OVN reports status down for port: 3f99a4eb-97f6-4ab8-82d6-cc1038339f20
2026-07-17 13:54:44.407 7 INFO neutron.db.ovn_revision_numbers_db [None req-fa288ad6-59d4-4d6d-b9ad-9d3b791a3e88 5d840e8fd98a4a798956499730e727d2 ff93d863187c4208ad25110d44c2a31e - - default default] Successfully bumped revision number for resource 1b545b47-9858-4fb1-89e4-69471ef9ee59 (type: ports) to 1 [pid: 7|app: 0|req: 806/1606] 10.0.0.107 () {34 vars in 670 bytes} [Fri Jul 17 13:54:43 2026] POST /v2.0/networks => generated 669 bytes in 475 msecs (HTTP/1.1 201) 4 headers in 162 bytes (1 switches on core 0)
2026-07-17 13:54:44.501 8 INFO neutron.plugins.ml2.drivers.ovn.mech_driver.mech_driver [None req-33c59707-1db9-42ea-8c0b-e78c02e831f3 - - - - - -] OVN reports status down for port: 88c00d04-7334-44a2-8de3-4ecc94fc567a
2026-07-17 13:54:44.549 7 INFO neutron.db.ovn_revision_numbers_db [None req-b806c998-768f-4f3b-a3a6-cf01bde1ab0f 5c64afdd94254167879c27ff59e89bff 1ad5b30b0c0d46fba57c18aa252ec5e6 - - default default] Successfully bumped revision number for resource f53269fe-2433-4f96-8a19-2f0ef5257998 (type: security_group_rules) to 0 [pid: 7|app: 0|req: 807/1607] 10.0.0.107 () {34 vars in 695 bytes} [Fri Jul 17 13:54:44 2026] POST /v2.0/security-group-rules => generated 601 bytes in 154 msecs (HTTP/1.1 201) 4 headers in 162 bytes (1 switches on core 0)
2026-07-17 13:54:44.591 8 INFO neutron.services.segments.plugin [-] Segment 1780a58d-143a-446e-a97b-2a60ba6efd3f resource provider aggregate not found
2026-07-17 13:54:44.597 8 INFO neutron.services.segments.plugin [-] Segment 1780a58d-143a-446e-a97b-2a60ba6efd3f resource provider aggregate not found
2026-07-17 13:54:44.617 8 INFO neutron.services.segments.plugin [-] Client error retrieving segment 1780a58d-143a-446e-a97b-2a60ba6efd3f resource provider; error: Placement Client Error (4xx): {"errors": [{"status": 404, "title": "Not Found", "detail": "The resource could not be found.\n\n No resource provider with uuid 1780a58d-143a-446e-a97b-2a60ba6efd3f found for delete ", "request_id": "req-6b85f5d6-0b8e-4b38-a82e-ae335807c378"}]}
2026-07-17 13:54:44.621 8 INFO neutron.services.segments.plugin [-] Client error retrieving segment 1780a58d-143a-446e-a97b-2a60ba6efd3f resource provider; error: Placement Client Error (4xx): {"errors": [{"status": 404, "title": "Not Found", "detail": "The resource could not be found.\n\n No resource provider with uuid 1780a58d-143a-446e-a97b-2a60ba6efd3f found for delete ", "request_id": "req-7d66d491-905f-4af1-b30a-467ae609cb95"}]}
2026-07-17 13:54:44.676 8 INFO neutron.plugins.ml2.drivers.ovn.mech_driver.mech_driver [None req-33c59707-1db9-42ea-8c0b-e78c02e831f3 - - - - - -] OVN reports status down for port: 1b545b47-9858-4fb1-89e4-69471ef9ee59 [pid: 8|app: 0|req: 801/1608] 10.0.0.107 () {32 vars in 726 bytes} [Fri Jul 17 13:54:44 2026] DELETE /v2.0/networks/0a5b3648-4eab-49b4-8465-28e09931256e => generated 0 bytes in 605 msecs (HTTP/1.1 204) 3 headers in 131 bytes (1 switches on core 0) [pid: 8|app: 0|req: 802/1609] 10.0.0.107 () {32 vars in 747 bytes} [Fri Jul 17 13:54:44 2026] GET /v2.0/security-group-rules/f53269fe-2433-4f96-8a19-2f0ef5257998 => generated 601 bytes in 54 msecs (HTTP/1.1 200) 4 headers in 157 bytes (1 switches on core 0)
2026-07-17 13:54:44.762 7 WARNING neutron.scheduler.dhcp_agent_scheduler [None req-f91ca83d-4989-4324-b62e-7f4a65997dc8 5d840e8fd98a4a798956499730e727d2 ff93d863187c4208ad25110d44c2a31e - - default default] No more DHCP agents
2026-07-17 13:54:44.763 7 WARNING neutron.api.rpc.agentnotifiers.dhcp_rpc_agent_api [None req-f91ca83d-4989-4324-b62e-7f4a65997dc8 5d840e8fd98a4a798956499730e727d2 ff93d863187c4208ad25110d44c2a31e - - default default] Unable to schedule network cda1530b-51b4-44e9-bffa-51ab5d370d4e: no agents available; will retry on subsequent port and subnet creation events.
2026-07-17 13:54:44.871 8 INFO neutron_taas.services.taas.taas_plugin [None req-e4591f80-6745-4fcb-9b84-68de428f2797 2f9ff62baff74e278a04c18e6ac3c0ae c3e88bb4c49b41649a3814cac0c3afc1 - - default default] TaaS: Handle Delete Port: 78717cf8-b735-49ce-923a-90fbc0831f07
2026-07-17 13:54:44.874 8 INFO neutron_taas.services.taas.tap_mirror_plugin [None req-e4591f80-6745-4fcb-9b84-68de428f2797 2f9ff62baff74e278a04c18e6ac3c0ae c3e88bb4c49b41649a3814cac0c3afc1 - - default default] Tap Mirror: Handle Delete Port: 78717cf8-b735-49ce-923a-90fbc0831f07 [pid: 8|app: 0|req: 803/1610] 10.0.0.107 () {32 vars in 726 bytes} [Fri Jul 17 13:54:44 2026] DELETE /v2.0/networks/2a7f8810-7f37-4405-b725-d71fa19ee3ce => generated 0 bytes in 368 msecs (HTTP/1.1 204) 3 headers in 131 bytes (1 switches on core 0) [pid: 8|app: 0|req: 804/1611] 10.0.0.107 () {32 vars in 673 bytes} [Fri Jul 17 13:54:45 2026] GET /v2.0/security-group-rules => generated 4138 bytes in 82 msecs (HTTP/1.1 200) 4 headers in 158 bytes (1 switches on core 0)
2026-07-17 13:54:45.255 7 INFO neutron.db.ovn_revision_numbers_db [None req-f91ca83d-4989-4324-b62e-7f4a65997dc8 5d840e8fd98a4a798956499730e727d2 ff93d863187c4208ad25110d44c2a31e - - default default] Successfully bumped revision number for resource 1b545b47-9858-4fb1-89e4-69471ef9ee59 (type: ports) to 2
2026-07-17 13:54:45.283 8 INFO neutron.db.segments_db [None req-9bbadf25-2c2b-4c01-a691-58e9ccbc7444 2f9ff62baff74e278a04c18e6ac3c0ae c3e88bb4c49b41649a3814cac0c3afc1 - - default default] Added segment fe65001f-c09c-45e6-b71d-714560247d18 of type geneve for network 5610f105-bfe2-4105-814f-19ca6cbfe2d4
2026-07-17 13:54:45.286 7 INFO neutron.db.ovn_revision_numbers_db [None req-f91ca83d-4989-4324-b62e-7f4a65997dc8 5d840e8fd98a4a798956499730e727d2 ff93d863187c4208ad25110d44c2a31e - - default default] Successfully bumped revision number for resource 07a4c96d-a9b2-4875-a63f-fb46afc75875 (type: subnets) to 0 [pid: 7|app: 0|req: 808/1612] 10.0.0.107 () {34 vars in 669 bytes} [Fri Jul 17 13:54:44 2026] POST /v2.0/subnets => generated 629 bytes in 716 msecs (HTTP/1.1 201) 4 headers in 162 bytes (1 switches on core 0) [pid: 7|app: 0|req: 809/1613] 10.0.0.107 () {32 vars in 750 bytes} [Fri Jul 17 13:54:45 2026] DELETE /v2.0/security-group-rules/f53269fe-2433-4f96-8a19-2f0ef5257998 => generated 0 bytes in 92 msecs (HTTP/1.1 204) 2 headers in 112 bytes (1 switches on core 0)
2026-07-17 13:54:45.434 8 INFO neutron.db.ovn_revision_numbers_db [None req-9bbadf25-2c2b-4c01-a691-58e9ccbc7444 2f9ff62baff74e278a04c18e6ac3c0ae c3e88bb4c49b41649a3814cac0c3afc1 - - default default] Successfully bumped revision number for resource 5610f105-bfe2-4105-814f-19ca6cbfe2d4 (type: networks) to 1
2026-07-17 13:54:45.485 7 INFO neutron.db.segments_db [None req-016f7e44-e404-4d61-a6e1-ba3cf5cac0d0 5d840e8fd98a4a798956499730e727d2 ff93d863187c4208ad25110d44c2a31e - - default default] Added segment 832e29f7-2aa5-44a2-b621-261169695dda of type geneve for network fa371592-2740-49ad-a99f-9f8807ced99d
2026-07-17 13:54:45.603 7 INFO neutron.db.ovn_revision_numbers_db [None req-016f7e44-e404-4d61-a6e1-ba3cf5cac0d0 5d840e8fd98a4a798956499730e727d2 ff93d863187c4208ad25110d44c2a31e - - default default] Successfully bumped revision number for resource fa371592-2740-49ad-a99f-9f8807ced99d (type: networks) to 1
2026-07-17 13:54:45.648 8 WARNING neutron.scheduler.dhcp_agent_scheduler [None req-9bbadf25-2c2b-4c01-a691-58e9ccbc7444 2f9ff62baff74e278a04c18e6ac3c0ae c3e88bb4c49b41649a3814cac0c3afc1 - - default default] No more DHCP agents
2026-07-17 13:54:45.650 8 WARNING neutron.api.rpc.agentnotifiers.dhcp_rpc_agent_api [None req-9bbadf25-2c2b-4c01-a691-58e9ccbc7444 2f9ff62baff74e278a04c18e6ac3c0ae c3e88bb4c49b41649a3814cac0c3afc1 - - default default] Unable to schedule network 5610f105-bfe2-4105-814f-19ca6cbfe2d4: no agents available; will retry on subsequent port and subnet creation events.
2026-07-17 13:54:45.711 8 INFO neutron.plugins.ml2.drivers.ovn.mech_driver.mech_driver [None req-33c59707-1db9-42ea-8c0b-e78c02e831f3 - - - - - -] OVN reports status down for port: d6c9760a-5a88-448f-812d-a8e69aac2956
2026-07-17 13:54:45.779 8 INFO neutron.db.ovn_revision_numbers_db [None req-9bbadf25-2c2b-4c01-a691-58e9ccbc7444 2f9ff62baff74e278a04c18e6ac3c0ae c3e88bb4c49b41649a3814cac0c3afc1 - - default default] Successfully bumped revision number for resource d6c9760a-5a88-448f-812d-a8e69aac2956 (type: ports) to 1
2026-07-17 13:54:45.819 7 WARNING neutron.scheduler.dhcp_agent_scheduler [None req-016f7e44-e404-4d61-a6e1-ba3cf5cac0d0 5d840e8fd98a4a798956499730e727d2 ff93d863187c4208ad25110d44c2a31e - - default default] No more DHCP agents
2026-07-17 13:54:45.821 7 WARNING neutron.api.rpc.agentnotifiers.dhcp_rpc_agent_api [None req-016f7e44-e404-4d61-a6e1-ba3cf5cac0d0 5d840e8fd98a4a798956499730e727d2 ff93d863187c4208ad25110d44c2a31e - - default default] Unable to schedule network fa371592-2740-49ad-a99f-9f8807ced99d: no agents available; will retry on subsequent port and subnet creation events. [pid: 8|app: 0|req: 805/1614] 10.0.0.107 () {34 vars in 670 bytes} [Fri Jul 17 13:54:45 2026] POST /v2.0/networks => generated 668 bytes in 643 msecs (HTTP/1.1 201) 4 headers in 162 bytes (1 switches on core 0)
2026-07-17 13:54:45.829 7 WARNING neutron.plugins.ml2.drivers.ovn.mech_driver.ovsdb.ovn_client [None req-1f6fd410-a401-40af-9766-ca4d588fb06d - - - - - -] No port found with ID 4a71d35a-8182-4e90-b035-cf3667cee00a: RuntimeError: No port found with ID 4a71d35a-8182-4e90-b035-cf3667cee00a
2026-07-17 13:54:45.884 7 INFO neutron.plugins.ml2.drivers.ovn.mech_driver.mech_driver [None req-1f6fd410-a401-40af-9766-ca4d588fb06d - - - - - -] OVN reports status down for port: 4748e605-e552-40c9-8681-a160d918e38b [pid: 8|app: 0|req: 806/1615] 10.0.0.107 () {32 vars in 673 bytes} [Fri Jul 17 13:54:45 2026] GET /v2.0/security-group-rules => generated 3560 bytes in 82 msecs (HTTP/1.1 200) 4 headers in 158 bytes (1 switches on core 0)
2026-07-17 13:54:45.937 7 INFO neutron.db.ovn_revision_numbers_db [None req-016f7e44-e404-4d61-a6e1-ba3cf5cac0d0 5d840e8fd98a4a798956499730e727d2 ff93d863187c4208ad25110d44c2a31e - - default default] Successfully bumped revision number for resource 4748e605-e552-40c9-8681-a160d918e38b (type: ports) to 1 [pid: 7|app: 0|req: 810/1616] 10.0.0.107 () {34 vars in 670 bytes} [Fri Jul 17 13:54:45 2026] POST /v2.0/networks => generated 669 bytes in 568 msecs (HTTP/1.1 201) 4 headers in 162 bytes (1 switches on core 0)
2026-07-17 13:54:46.073 7 INFO neutron.db.ovn_revision_numbers_db [None req-be28a438-fabb-40b5-896e-629081d6b852 5c64afdd94254167879c27ff59e89bff 1ad5b30b0c0d46fba57c18aa252ec5e6 - - default default] Successfully bumped revision number for resource 4bede1ea-eb7d-4a83-8cf6-853b7fec29bc (type: security_group_rules) to 0
2026-07-17 13:54:46.095 8 WARNING neutron.scheduler.dhcp_agent_scheduler [None req-fe246d41-4807-4ebf-a334-520ba723b79e 2f9ff62baff74e278a04c18e6ac3c0ae c3e88bb4c49b41649a3814cac0c3afc1 - - default default] No more DHCP agents
2026-07-17 13:54:46.096 8 WARNING neutron.api.rpc.agentnotifiers.dhcp_rpc_agent_api [None req-fe246d41-4807-4ebf-a334-520ba723b79e 2f9ff62baff74e278a04c18e6ac3c0ae c3e88bb4c49b41649a3814cac0c3afc1 - - default default] Unable to schedule network 5610f105-bfe2-4105-814f-19ca6cbfe2d4: no agents available; will retry on subsequent port and subnet creation events. [pid: 7|app: 0|req: 811/1617] 10.0.0.107 () {34 vars in 695 bytes} [Fri Jul 17 13:54:45 2026] POST /v2.0/security-group-rules => generated 601 bytes in 143 msecs (HTTP/1.1 201) 4 headers in 162 bytes (1 switches on core 0)
2026-07-17 13:54:46.253 7 WARNING neutron.scheduler.dhcp_agent_scheduler [None req-5090974f-8a9a-4375-822a-efb080d5c070 5d840e8fd98a4a798956499730e727d2 ff93d863187c4208ad25110d44c2a31e - - default default] No more DHCP agents
2026-07-17 13:54:46.255 7 WARNING neutron.api.rpc.agentnotifiers.dhcp_rpc_agent_api [None req-5090974f-8a9a-4375-822a-efb080d5c070 5d840e8fd98a4a798956499730e727d2 ff93d863187c4208ad25110d44c2a31e - - default default] Unable to schedule network fa371592-2740-49ad-a99f-9f8807ced99d: no agents available; will retry on subsequent port and subnet creation events.
2026-07-17 13:54:46.528 8 INFO neutron.db.ovn_revision_numbers_db [None req-fe246d41-4807-4ebf-a334-520ba723b79e 2f9ff62baff74e278a04c18e6ac3c0ae c3e88bb4c49b41649a3814cac0c3afc1 - - default default] Successfully bumped revision number for resource d6c9760a-5a88-448f-812d-a8e69aac2956 (type: ports) to 2
2026-07-17 13:54:46.566 8 INFO neutron.db.ovn_revision_numbers_db [None req-fe246d41-4807-4ebf-a334-520ba723b79e 2f9ff62baff74e278a04c18e6ac3c0ae c3e88bb4c49b41649a3814cac0c3afc1 - - default default] Successfully bumped revision number for resource ca96a29f-bf43-4dea-af9d-9cccc29ceae4 (type: subnets) to 0 [pid: 8|app: 0|req: 807/1618] 10.0.0.107 () {34 vars in 669 bytes} [Fri Jul 17 13:54:45 2026] POST /v2.0/subnets => generated 626 bytes in 672 msecs (HTTP/1.1 201) 4 headers in 162 bytes (1 switches on core 0) [pid: 8|app: 0|req: 808/1619] 10.0.0.107 () {32 vars in 747 bytes} [Fri Jul 17 13:54:46 2026] GET /v2.0/security-group-rules/4bede1ea-eb7d-4a83-8cf6-853b7fec29bc => generated 601 bytes in 14 msecs (HTTP/1.1 200) 4 headers in 157 bytes (1 switches on core 0)
2026-07-17 13:54:46.642 8 INFO neutron.services.segments.plugin [-] Segment bfadb3b2-d82a-4329-b905-75410a192f99 resource provider aggregate not found
2026-07-17 13:54:46.645 8 INFO neutron.services.segments.plugin [-] Segment bfadb3b2-d82a-4329-b905-75410a192f99 resource provider aggregate not found
2026-07-17 13:54:46.674 8 INFO neutron.services.segments.plugin [-] Client error retrieving segment bfadb3b2-d82a-4329-b905-75410a192f99 resource provider; error: Placement Client Error (4xx): {"errors": [{"status": 404, "title": "Not Found", "detail": "The resource could not be found.\n\n No resource provider with uuid bfadb3b2-d82a-4329-b905-75410a192f99 found for delete ", "request_id": "req-fd12aca2-a14c-4f91-a8ca-6dd9d817f871"}]}
2026-07-17 13:54:46.676 8 INFO neutron.services.segments.plugin [-] Client error retrieving segment bfadb3b2-d82a-4329-b905-75410a192f99 resource provider; error: Placement Client Error (4xx): {"errors": [{"status": 404, "title": "Not Found", "detail": "The resource could not be found.\n\n No resource provider with uuid bfadb3b2-d82a-4329-b905-75410a192f99 found for delete ", "request_id": "req-f315aa87-2d61-4e1b-81ac-48c2c6561f09"}]}
2026-07-17 13:54:46.733 8 INFO neutron.db.ovn_revision_numbers_db [None req-7aead5d4-c914-4dfa-910c-0f26badc922f 2f9ff62baff74e278a04c18e6ac3c0ae c3e88bb4c49b41649a3814cac0c3afc1 - - default default] Successfully bumped revision number for resource f320d9e2-8d3c-401d-9ff6-38f536df0dd8 (type: routers) to 1
2026-07-17 13:54:46.745 7 INFO neutron.db.ovn_revision_numbers_db [None req-5090974f-8a9a-4375-822a-efb080d5c070 5d840e8fd98a4a798956499730e727d2 ff93d863187c4208ad25110d44c2a31e - - default default] Successfully bumped revision number for resource 4748e605-e552-40c9-8681-a160d918e38b (type: ports) to 2 [pid: 8|app: 0|req: 809/1620] 10.0.0.107 () {34 vars in 669 bytes} [Fri Jul 17 13:54:46 2026] POST /v2.0/routers => generated 623 bytes in 152 msecs (HTTP/1.1 201) 4 headers in 162 bytes (1 switches on core 0)
2026-07-17 13:54:46.777 7 INFO neutron.db.ovn_revision_numbers_db [None req-5090974f-8a9a-4375-822a-efb080d5c070 5d840e8fd98a4a798956499730e727d2 ff93d863187c4208ad25110d44c2a31e - - default default] Successfully bumped revision number for resource 802d4267-66ce-4f8a-ba91-04af4983cec2 (type: subnets) to 0 [pid: 8|app: 0|req: 810/1621] 10.0.0.107 () {32 vars in 673 bytes} [Fri Jul 17 13:54:46 2026] GET /v2.0/security-group-rules => generated 4138 bytes in 44 msecs (HTTP/1.1 200) 4 headers in 158 bytes (1 switches on core 0) [pid: 7|app: 0|req: 812/1622] 10.0.0.107 () {34 vars in 669 bytes} [Fri Jul 17 13:54:46 2026] POST /v2.0/subnets => generated 629 bytes in 685 msecs (HTTP/1.1 201) 4 headers in 162 bytes (1 switches on core 0) [pid: 7|app: 0|req: 813/1623] 10.0.0.107 () {32 vars in 750 bytes} [Fri Jul 17 13:54:46 2026] DELETE /v2.0/security-group-rules/4bede1ea-eb7d-4a83-8cf6-853b7fec29bc => generated 0 bytes in 88 msecs (HTTP/1.1 204) 2 headers in 112 bytes (1 switches on core 0) [pid: 7|app: 0|req: 814/1624] 10.0.0.107 () {34 vars in 751 bytes} [Fri Jul 17 13:54:46 2026] PUT /v2.0/subnets/d183e995-9872-449a-9f9d-07dc27784c01/tags => generated 17 bytes in 58 msecs (HTTP/1.1 200) 4 headers in 156 bytes (1 switches on core 0) [pid: 7|app: 0|req: 815/1625] 10.0.0.107 () {32 vars in 673 bytes} [Fri Jul 17 13:54:46 2026] GET /v2.0/security-group-rules => generated 3560 bytes in 72 msecs (HTTP/1.1 200) 4 headers in 158 bytes (1 switches on core 0)
2026-07-17 13:54:47.053 8 WARNING neutron.scheduler.dhcp_agent_scheduler [None req-da190a6c-355d-434a-82b7-3bb88df87936 2f9ff62baff74e278a04c18e6ac3c0ae c3e88bb4c49b41649a3814cac0c3afc1 - - default default] No more DHCP agents
2026-07-17 13:54:47.055 8 WARNING neutron.api.rpc.agentnotifiers.dhcp_rpc_agent_api [None req-da190a6c-355d-434a-82b7-3bb88df87936 2f9ff62baff74e278a04c18e6ac3c0ae c3e88bb4c49b41649a3814cac0c3afc1 - - default default] Unable to schedule network 5610f105-bfe2-4105-814f-19ca6cbfe2d4: no agents available; will retry on subsequent port and subnet creation events. [pid: 7|app: 0|req: 816/1626] 10.0.0.107 () {34 vars in 751 bytes} [Fri Jul 17 13:54:47 2026] PUT /v2.0/subnets/a923c317-43ee-4d28-91df-a182139fb802/tags => generated 25 bytes in 52 msecs (HTTP/1.1 200) 4 headers in 156 bytes (1 switches on core 0)
2026-07-17 13:54:47.179 7 INFO neutron.db.ovn_revision_numbers_db [None req-4dc75feb-66ba-4d0d-804a-366c366d831a 5c64afdd94254167879c27ff59e89bff 1ad5b30b0c0d46fba57c18aa252ec5e6 - - default default] Successfully bumped revision number for resource 5d369673-5c01-4e9c-81b0-ee613dbbb22f (type: security_group_rules) to 0
2026-07-17 13:54:47.194 7 INFO neutron.plugins.ml2.drivers.ovn.mech_driver.mech_driver [None req-1f6fd410-a401-40af-9766-ca4d588fb06d - - - - - -] OVN reports status down for port: 96b535de-797d-4d66-a446-857ed89c3405
2026-07-17 13:54:47.214 8 INFO neutron.db.ovn_revision_numbers_db [None req-da190a6c-355d-434a-82b7-3bb88df87936 2f9ff62baff74e278a04c18e6ac3c0ae c3e88bb4c49b41649a3814cac0c3afc1 - - default default] Successfully bumped revision number for resource 96b535de-797d-4d66-a446-857ed89c3405 (type: ports) to 1 [pid: 8|app: 0|req: 811/1627] 10.0.0.107 () {34 vars in 665 bytes} [Fri Jul 17 13:54:46 2026] POST /v2.0/ports => generated 951 bytes in 445 msecs (HTTP/1.1 201) 4 headers in 162 bytes (1 switches on core 0) /var/lib/openstack/lib/python3.12/site-packages/pycadf/identifier.py:70: UserWarning: Invalid uuid: neutron. To ensure interoperability, identifiers should be a valid uuid. warnings.warn(('Invalid uuid: %s. To ensure interoperability, ' [pid: 7|app: 0|req: 817/1628] 10.0.0.107 () {34 vars in 695 bytes} [Fri Jul 17 13:54:47 2026] POST /v2.0/security-group-rules => generated 602 bytes in 171 msecs (HTTP/1.1 201) 4 headers in 162 bytes (1 switches on core 0) [pid: 8|app: 0|req: 812/1629] 10.0.0.107 () {34 vars in 751 bytes} [Fri Jul 17 13:54:47 2026] PUT /v2.0/subnets/ffb05aeb-4578-4fe6-bbfa-129495370aaa/tags => generated 34 bytes in 64 msecs (HTTP/1.1 200) 4 headers in 156 bytes (1 switches on core 0) [pid: 8|app: 0|req: 813/1630] 10.0.0.107 () {32 vars in 747 bytes} [Fri Jul 17 13:54:47 2026] GET /v2.0/security-group-rules/5d369673-5c01-4e9c-81b0-ee613dbbb22f => generated 602 bytes in 16 msecs (HTTP/1.1 200) 4 headers in 157 bytes (1 switches on core 0) [pid: 8|app: 0|req: 814/1631] 10.0.0.107 () {34 vars in 751 bytes} [Fri Jul 17 13:54:47 2026] PUT /v2.0/subnets/07a4c96d-a9b2-4875-a63f-fb46afc75875/tags => generated 19 bytes in 60 msecs (HTTP/1.1 200) 4 headers in 156 bytes (1 switches on core 0) [pid: 8|app: 0|req: 815/1632] 10.0.0.107 () {32 vars in 673 bytes} [Fri Jul 17 13:54:47 2026] GET /v2.0/security-group-rules => generated 4139 bytes in 59 msecs (HTTP/1.1 200) 4 headers in 158 bytes (1 switches on core 0) [pid: 8|app: 0|req: 816/1633] 10.0.0.107 () {32 vars in 664 bytes} [Fri Jul 17 13:54:47 2026] GET /v2.0/subnets?tags=red => generated 1904 bytes in 31 msecs (HTTP/1.1 200) 4 headers in 158 bytes (1 switches on core 0) [pid: 8|app: 0|req: 817/1634] 10.0.0.107 () {32 vars in 750 bytes} [Fri Jul 17 13:54:47 2026] DELETE /v2.0/security-group-rules/5d369673-5c01-4e9c-81b0-ee613dbbb22f => generated 0 bytes in 133 msecs (HTTP/1.1 204) 2 headers in 112 bytes (1 switches on core 0) [pid: 8|app: 0|req: 818/1635] 10.0.0.107 () {32 vars in 678 bytes} [Fri Jul 17 13:54:47 2026] GET /v2.0/subnets?tags=red%2Cblue => generated 1283 bytes in 47 msecs (HTTP/1.1 200) 4 headers in 158 bytes (1 switches on core 0) [pid: 8|app: 0|req: 819/1636] 10.0.0.107 () {32 vars in 673 bytes} [Fri Jul 17 13:54:47 2026] GET /v2.0/security-group-rules => generated 3560 bytes in 50 msecs (HTTP/1.1 200) 4 headers in 158 bytes (1 switches on core 0) [pid: 8|app: 0|req: 820/1637] 10.0.0.107 () {32 vars in 674 bytes} [Fri Jul 17 13:54:47 2026] GET /v2.0/subnets?tags-any=blue => generated 1283 bytes in 38 msecs (HTTP/1.1 200) 4 headers in 158 bytes (1 switches on core 0)
2026-07-17 13:54:47.785 7 INFO neutron.plugins.ml2.drivers.ovn.mech_driver.mech_driver [None req-1f6fd410-a401-40af-9766-ca4d588fb06d - - - - - -] OVN reports status up for port: 96b535de-797d-4d66-a446-857ed89c3405
2026-07-17 13:54:47.805 7 INFO neutron.plugins.ml2.plugin [None req-1f6fd410-a401-40af-9766-ca4d588fb06d - - - - - -] Attempt 1 to provision port 96b535de-797d-4d66-a446-857ed89c3405
2026-07-17 13:54:47.821 7 INFO neutron.db.ovn_revision_numbers_db [None req-0697ba18-139f-4b93-b87b-4ab392675e25 2f9ff62baff74e278a04c18e6ac3c0ae c3e88bb4c49b41649a3814cac0c3afc1 - - default default] Successfully bumped revision number for resource 96b535de-797d-4d66-a446-857ed89c3405 (type: ports) to 2 [pid: 8|app: 0|req: 821/1638] 10.0.0.107 () {32 vars in 740 bytes} [Fri Jul 17 13:54:47 2026] DELETE /v2.0/security-groups/73fa28c8-6ecd-4825-a260-b09c07d8e087 => generated 0 bytes in 146 msecs (HTTP/1.1 204) 2 headers in 112 bytes (1 switches on core 0) [pid: 8|app: 0|req: 822/1639] 10.0.0.107 () {32 vars in 686 bytes} [Fri Jul 17 13:54:47 2026] GET /v2.0/subnets?tags-any=red%2Cblue => generated 1904 bytes in 36 msecs (HTTP/1.1 200) 4 headers in 158 bytes (1 switches on core 0) [pid: 8|app: 0|req: 823/1640] 10.0.0.107 () {32 vars in 663 bytes} [Fri Jul 17 13:54:47 2026] GET /v2.0/security-groups => generated 2925 bytes in 33 msecs (HTTP/1.1 200) 4 headers in 158 bytes (1 switches on core 0) [pid: 8|app: 0|req: 824/1641] 10.0.0.107 () {32 vars in 672 bytes} [Fri Jul 17 13:54:47 2026] GET /v2.0/subnets?not-tags=red => generated 1894 bytes in 32 msecs (HTTP/1.1 200) 4 headers in 158 bytes (1 switches on core 0) [pid: 8|app: 0|req: 825/1642] 10.0.0.107 () {32 vars in 663 bytes} [Fri Jul 17 13:54:47 2026] GET /v2.0/security-groups => generated 2925 bytes in 22 msecs (HTTP/1.1 200) 4 headers in 158 bytes (1 switches on core 0) [pid: 8|app: 0|req: 826/1643] 10.0.0.107 () {32 vars in 686 bytes} [Fri Jul 17 13:54:48 2026] GET /v2.0/subnets?not-tags=red%2Cblue => generated 2515 bytes in 41 msecs (HTTP/1.1 200) 4 headers in 158 bytes (1 switches on core 0) [pid: 8|app: 0|req: 827/1644] 10.0.0.107 () {32 vars in 682 bytes} [Fri Jul 17 13:54:48 2026] GET /v2.0/subnets?not-tags-any=blue => generated 2515 bytes in 42 msecs (HTTP/1.1 200) 4 headers in 158 bytes (1 switches on core 0) [pid: 8|app: 0|req: 828/1645] 10.0.0.107 () {32 vars in 694 bytes} [Fri Jul 17 13:54:48 2026] GET /v2.0/subnets?not-tags-any=red%2Cblue => generated 1894 bytes in 28 msecs (HTTP/1.1 200) 4 headers in 158 bytes (1 switches on core 0)
2026-07-17 13:54:48.368 7 INFO neutron.db.ovn_revision_numbers_db [None req-1f6fd410-a401-40af-9766-ca4d588fb06d - - - - - -] Successfully bumped revision number for resource 96b535de-797d-4d66-a446-857ed89c3405 (type: ports) to 3 [pid: 8|app: 0|req: 829/1646] 10.0.0.107 () {32 vars in 724 bytes} [Fri Jul 17 13:54:48 2026] DELETE /v2.0/subnets/d183e995-9872-449a-9f9d-07dc27784c01 => generated 0 bytes in 234 msecs (HTTP/1.1 204) 3 headers in 131 bytes (1 switches on core 0) [pid: 8|app: 0|req: 830/1647] 10.0.0.107 () {32 vars in 724 bytes} [Fri Jul 17 13:54:48 2026] DELETE /v2.0/subnets/a923c317-43ee-4d28-91df-a182139fb802 => generated 0 bytes in 219 msecs (HTTP/1.1 204) 3 headers in 131 bytes (1 switches on core 0)
2026-07-17 13:54:48.762 8 WARNING neutron.db.securitygroups_db [None req-35df4e9d-9de3-4276-b173-47937632e167 0b56078c22b24945b67708de2a20284c 259120fc650b4bb2832d92cc62e3c4fe - - default default] project_id key not found in filters, using tenant_id instead. This support has been deprecated and will be removed in a future release. [pid: 8|app: 0|req: 831/1648] 10.0.0.107 () {32 vars in 774 bytes} [Fri Jul 17 13:54:48 2026] GET /v2.0/security-groups?tenant_id=1ad5b30b0c0d46fba57c18aa252ec5e6&name=default => generated 2925 bytes in 181 msecs (HTTP/1.1 200) 4 headers in 158 bytes (1 switches on core 0)
2026-07-17 13:54:48.837 7 WARNING neutron.scheduler.dhcp_agent_scheduler [None req-0697ba18-139f-4b93-b87b-4ab392675e25 2f9ff62baff74e278a04c18e6ac3c0ae c3e88bb4c49b41649a3814cac0c3afc1 - - default default] No more DHCP agents
2026-07-17 13:54:48.838 7 WARNING neutron.api.rpc.agentnotifiers.dhcp_rpc_agent_api [None req-0697ba18-139f-4b93-b87b-4ab392675e25 2f9ff62baff74e278a04c18e6ac3c0ae c3e88bb4c49b41649a3814cac0c3afc1 - - default default] Unable to schedule network 5610f105-bfe2-4105-814f-19ca6cbfe2d4: no agents available; will retry on subsequent port and subnet creation events. [pid: 8|app: 0|req: 832/1649] 10.0.0.107 () {32 vars in 724 bytes} [Fri Jul 17 13:54:48 2026] DELETE /v2.0/subnets/ffb05aeb-4578-4fe6-bbfa-129495370aaa => generated 0 bytes in 162 msecs (HTTP/1.1 204) 3 headers in 131 bytes (1 switches on core 0)
