2026-07-17 13:54:59.303 7 WARNING neutron.api.rpc.agentnotifiers.dhcp_rpc_agent_api [None req-6cd0a354-5c17-4b75-aa5f-fa92a51c67ff 333c473a949041a49b57ece7f2f85bb3 f0e9a695273e4beaa867182ec4a13c64 - - default default] Unable to schedule network 3465483a-59ff-466b-af17-c03558f0ef2a: no agents available; will retry on subsequent port and subnet creation events. [pid: 7|app: 0|req: 844/1707] 10.0.0.107 () {34 vars in 676 bytes} [Fri Jul 17 13:54:59 2026] POST /v2.0/floatingips => generated 552 bytes in 509 msecs (HTTP/1.1 201) 4 headers in 162 bytes (1 switches on core 0) [pid: 7|app: 0|req: 845/1708] 10.0.0.107 () {34 vars in 759 bytes} [Fri Jul 17 13:54:59 2026] PUT /v2.0/subnetpools/67c93460-c557-4ed7-aba1-58faf98862ae/tags => generated 17 bytes in 48 msecs (HTTP/1.1 200) 4 headers in 156 bytes (1 switches on core 0)
2026-07-17 13:54:59.674 7 WARNING tagging [None req-95cc33a9-e902-4a98-b62c-c3708a6a9be4 333c473a949041a49b57ece7f2f85bb3 f0e9a695273e4beaa867182ec4a13c64 - - default default] project_id key not found in request, using tenant_id instead. This support has been deprecated and will be removed in a future release. [pid: 7|app: 0|req: 846/1709] 10.0.0.107 () {34 vars in 759 bytes} [Fri Jul 17 13:54:59 2026] PUT /v2.0/floatingips/0d46449d-991e-4d50-9d38-4b9fe61c0059/tags => generated 17 bytes in 78 msecs (HTTP/1.1 200) 4 headers in 156 bytes (1 switches on core 0) [pid: 8|app: 0|req: 864/1710] 10.0.0.107 () {32 vars in 724 bytes} [Fri Jul 17 13:54:58 2026] DELETE /v2.0/routers/a36fb88b-d42a-45e8-a9a3-e6da8dc499f8 => generated 0 bytes in 784 msecs (HTTP/1.1 204) 2 headers in 112 bytes (1 switches on core 0) [pid: 7|app: 0|req: 847/1711] 10.0.0.107 () {34 vars in 759 bytes} [Fri Jul 17 13:54:59 2026] PUT /v2.0/subnetpools/da32c39e-c85c-4a8d-9bdc-91ea8813e88b/tags => generated 25 bytes in 52 msecs (HTTP/1.1 200) 4 headers in 156 bytes (1 switches on core 0)
2026-07-17 13:54:59.789 8 WARNING tagging [None req-9ea33e1c-9945-4791-9f58-fe01cf9e4752 333c473a949041a49b57ece7f2f85bb3 f0e9a695273e4beaa867182ec4a13c64 - - default default] project_id key not found in request, using tenant_id instead. This support has been deprecated and will be removed in a future release. [pid: 7|app: 0|req: 848/1712] 10.0.0.107 () {32 vars in 736 bytes} [Fri Jul 17 13:54:59 2026] GET /v2.0/ports?device_id=a36fb88b-d42a-45e8-a9a3-e6da8dc499f8 => generated 12 bytes in 19 msecs (HTTP/1.1 200) 4 headers in 156 bytes (1 switches on core 0) [pid: 7|app: 0|req: 849/1713] 10.0.0.107 () {34 vars in 759 bytes} [Fri Jul 17 13:54:59 2026] PUT /v2.0/subnetpools/de20244b-caa3-4c06-bbd9-5059ec36d121/tags => generated 34 bytes in 38 msecs (HTTP/1.1 200) 4 headers in 156 bytes (1 switches on core 0) [pid: 8|app: 0|req: 865/1714] 10.0.0.107 () {34 vars in 759 bytes} [Fri Jul 17 13:54:59 2026] PUT /v2.0/floatingips/09d72e99-4a1b-4280-affa-d58d7e07bf0f/tags => generated 25 bytes in 120 msecs (HTTP/1.1 200) 4 headers in 156 bytes (1 switches on core 0)
2026-07-17 13:54:59.859 7 INFO neutron.api.v2.resource [None req-eca486bd-e1f3-40fa-83ee-5930824484ca 2f9ff62baff74e278a04c18e6ac3c0ae c3e88bb4c49b41649a3814cac0c3afc1 - - default default] delete failed (client error): The resource could not be found. [pid: 7|app: 0|req: 850/1715] 10.0.0.107 () {32 vars in 724 bytes} [Fri Jul 17 13:54:59 2026] DELETE /v2.0/routers/a36fb88b-d42a-45e8-a9a3-e6da8dc499f8 => generated 135 bytes in 20 msecs (HTTP/1.1 404) 4 headers in 164 bytes (1 switches on core 0)
2026-07-17 13:54:59.878 7 WARNING tagging [None req-060496c3-6ef3-4ccc-b0b3-b0d9bfcb2569 333c473a949041a49b57ece7f2f85bb3 f0e9a695273e4beaa867182ec4a13c64 - - default default] project_id key not found in request, using tenant_id instead. This support has been deprecated and will be removed in a future release. [pid: 7|app: 0|req: 851/1716] 10.0.0.107 () {34 vars in 759 bytes} [Fri Jul 17 13:54:59 2026] PUT /v2.0/floatingips/0b075429-af8c-48fd-839d-f49240363bc8/tags => generated 34 bytes in 45 msecs (HTTP/1.1 200) 4 headers in 156 bytes (1 switches on core 0) [pid: 8|app: 0|req: 866/1717] 10.0.0.107 () {34 vars in 759 bytes} [Fri Jul 17 13:54:59 2026] PUT /v2.0/subnetpools/f448a079-2506-4b3e-aa15-b4a2dcbd7175/tags => generated 19 bytes in 53 msecs (HTTP/1.1 200) 4 headers in 156 bytes (1 switches on core 0) [pid: 7|app: 0|req: 852/1718] 10.0.0.107 () {32 vars in 736 bytes} [Fri Jul 17 13:54:59 2026] GET /v2.0/ports?device_id=f225d992-03fd-4271-9bc2-65f90ab872ed => generated 12 bytes in 18 msecs (HTTP/1.1 200) 4 headers in 156 bytes (1 switches on core 0)
2026-07-17 13:54:59.934 8 WARNING tagging [None req-2623ae94-acdf-4c05-a828-9d91ecbcb556 333c473a949041a49b57ece7f2f85bb3 f0e9a695273e4beaa867182ec4a13c64 - - default default] project_id key not found in request, using tenant_id instead. This support has been deprecated and will be removed in a future release.
2026-07-17 13:54:59.943 7 WARNING neutron.plugins.ml2.drivers.ovn.mech_driver.ovsdb.ovn_client [None req-9e45597b-f098-40fb-9054-86c2f1cc780f - - - - - -] No port found with ID a0a9b766-27ee-456b-88f5-73d459573579: RuntimeError: No port found with ID a0a9b766-27ee-456b-88f5-73d459573579 [pid: 8|app: 0|req: 867/1719] 10.0.0.107 () {34 vars in 759 bytes} [Fri Jul 17 13:54:59 2026] PUT /v2.0/floatingips/8706a38d-a5f3-430c-9fa3-35dd9715d4af/tags => generated 19 bytes in 54 msecs (HTTP/1.1 200) 4 headers in 156 bytes (1 switches on core 0) [pid: 7|app: 0|req: 853/1720] 10.0.0.107 () {32 vars in 672 bytes} [Fri Jul 17 13:54:59 2026] GET /v2.0/subnetpools?tags=red => generated 1563 bytes in 55 msecs (HTTP/1.1 200) 4 headers in 158 bytes (1 switches on core 0)
2026-07-17 13:54:59.992 8 INFO neutron.api.v2.resource [None req-6a6523c8-6143-48c1-b987-53194d452e3f 2f9ff62baff74e278a04c18e6ac3c0ae c3e88bb4c49b41649a3814cac0c3afc1 - - default default] delete failed (client error): The resource could not be found.
2026-07-17 13:54:59.992 7 INFO neutron.plugins.ml2.drivers.ovn.mech_driver.mech_driver [None req-9e45597b-f098-40fb-9054-86c2f1cc780f - - - - - -] OVN reports status down for port: 1b9ffa86-e2f2-48ba-a120-f6dcdc611bd8 [pid: 8|app: 0|req: 868/1721] 10.0.0.107 () {32 vars in 724 bytes} [Fri Jul 17 13:54:59 2026] DELETE /v2.0/routers/f225d992-03fd-4271-9bc2-65f90ab872ed => generated 135 bytes in 26 msecs (HTTP/1.1 404) 4 headers in 164 bytes (1 switches on core 0) [pid: 8|app: 0|req: 869/1722] 10.0.0.107 () {32 vars in 686 bytes} [Fri Jul 17 13:54:59 2026] GET /v2.0/subnetpools?tags=red%2Cblue => generated 1056 bytes in 22 msecs (HTTP/1.1 200) 4 headers in 158 bytes (1 switches on core 0)
2026-07-17 13:55:00.032 8 INFO neutron.pecan_wsgi.hooks.translation [None req-5c56d987-4d40-4ec3-bc87-160fb42e9059 2f9ff62baff74e278a04c18e6ac3c0ae c3e88bb4c49b41649a3814cac0c3afc1 - - default default] DELETE failed (client error): The resource could not be found. [pid: 8|app: 0|req: 870/1723] 10.0.0.107 () {32 vars in 724 bytes} [Fri Jul 17 13:55:00 2026] DELETE /v2.0/subnets/e1f4440c-840c-4ff9-a92c-e78eea313aec => generated 136 bytes in 20 msecs (HTTP/1.1 404) 4 headers in 164 bytes (1 switches on core 0)
2026-07-17 13:55:00.045 7 INFO neutron.plugins.ml2.drivers.ovn.mech_driver.mech_driver [None req-9e45597b-f098-40fb-9054-86c2f1cc780f - - - - - -] OVN reports status up for port: 1b9ffa86-e2f2-48ba-a120-f6dcdc611bd8 [pid: 8|app: 0|req: 871/1724] 10.0.0.107 () {32 vars in 682 bytes} [Fri Jul 17 13:55:00 2026] GET /v2.0/subnetpools?tags-any=blue => generated 1056 bytes in 21 msecs (HTTP/1.1 200) 4 headers in 158 bytes (1 switches on core 0) [pid: 7|app: 0|req: 854/1725] 10.0.0.107 () {32 vars in 672 bytes} [Fri Jul 17 13:54:59 2026] GET /v2.0/floatingips?tags=red => generated 1671 bytes in 83 msecs (HTTP/1.1 200) 4 headers in 158 bytes (1 switches on core 0) [pid: 8|app: 0|req: 872/1726] 10.0.0.107 () {32 vars in 736 bytes} [Fri Jul 17 13:55:00 2026] GET /v2.0/ports?device_id=f320d9e2-8d3c-401d-9ff6-38f536df0dd8 => generated 12 bytes in 16 msecs (HTTP/1.1 200) 4 headers in 156 bytes (1 switches on core 0) [pid: 7|app: 0|req: 855/1727] 10.0.0.107 () {32 vars in 694 bytes} [Fri Jul 17 13:55:00 2026] GET /v2.0/subnetpools?tags-any=red%2Cblue => generated 1563 bytes in 30 msecs (HTTP/1.1 200) 4 headers in 158 bytes (1 switches on core 0)
2026-07-17 13:55:00.113 7 INFO neutron.api.v2.resource [None req-02c056df-2b9b-46a0-886f-07362f7f0278 2f9ff62baff74e278a04c18e6ac3c0ae c3e88bb4c49b41649a3814cac0c3afc1 - - default default] delete failed (client error): The resource could not be found. [pid: 7|app: 0|req: 856/1728] 10.0.0.107 () {32 vars in 724 bytes} [Fri Jul 17 13:55:00 2026] DELETE /v2.0/routers/f320d9e2-8d3c-401d-9ff6-38f536df0dd8 => generated 135 bytes in 19 msecs (HTTP/1.1 404) 4 headers in 164 bytes (1 switches on core 0) [pid: 8|app: 0|req: 873/1729] 10.0.0.107 () {32 vars in 686 bytes} [Fri Jul 17 13:55:00 2026] GET /v2.0/floatingips?tags=red%2Cblue => generated 1128 bytes in 49 msecs (HTTP/1.1 200) 4 headers in 158 bytes (1 switches on core 0) [pid: 7|app: 0|req: 857/1730] 10.0.0.107 () {32 vars in 680 bytes} [Fri Jul 17 13:55:00 2026] GET /v2.0/subnetpools?not-tags=red => generated 1028 bytes in 18 msecs (HTTP/1.1 200) 4 headers in 158 bytes (1 switches on core 0)
2026-07-17 13:55:00.135 8 INFO neutron.pecan_wsgi.hooks.translation [None req-32dd1b8e-6876-49f2-b24f-fe4f34b9a050 2f9ff62baff74e278a04c18e6ac3c0ae c3e88bb4c49b41649a3814cac0c3afc1 - - default default] DELETE failed (client error): The resource could not be found. [pid: 8|app: 0|req: 874/1731] 10.0.0.107 () {32 vars in 724 bytes} [Fri Jul 17 13:55:00 2026] DELETE /v2.0/subnets/ca96a29f-bf43-4dea-af9d-9cccc29ceae4 => generated 136 bytes in 13 msecs (HTTP/1.1 404) 4 headers in 164 bytes (1 switches on core 0) [pid: 8|app: 0|req: 875/1732] 10.0.0.107 () {32 vars in 694 bytes} [Fri Jul 17 13:55:00 2026] GET /v2.0/subnetpools?not-tags=red%2Cblue => generated 1535 bytes in 28 msecs (HTTP/1.1 200) 4 headers in 158 bytes (1 switches on core 0) [pid: 8|app: 0|req: 876/1733] 10.0.0.107 () {32 vars in 736 bytes} [Fri Jul 17 13:55:00 2026] GET /v2.0/ports?device_id=c2456cd3-ca41-480b-aa50-3ed256512df5 => generated 12 bytes in 20 msecs (HTTP/1.1 200) 4 headers in 156 bytes (1 switches on core 0) [pid: 7|app: 0|req: 858/1734] 10.0.0.107 () {32 vars in 682 bytes} [Fri Jul 17 13:55:00 2026] GET /v2.0/floatingips?tags-any=blue => generated 1128 bytes in 62 msecs (HTTP/1.1 200) 4 headers in 158 bytes (1 switches on core 0) [pid: 8|app: 0|req: 877/1735] 10.0.0.107 () {32 vars in 690 bytes} [Fri Jul 17 13:55:00 2026] GET /v2.0/subnetpools?not-tags-any=blue => generated 1535 bytes in 19 msecs (HTTP/1.1 200) 4 headers in 158 bytes (1 switches on core 0)
2026-07-17 13:55:00.217 7 INFO neutron.api.v2.resource [None req-aa00c34a-e0bf-4d0e-9bd3-ff23dcd00f05 2f9ff62baff74e278a04c18e6ac3c0ae c3e88bb4c49b41649a3814cac0c3afc1 - - default default] delete failed (client error): The resource could not be found. [pid: 7|app: 0|req: 859/1736] 10.0.0.107 () {32 vars in 724 bytes} [Fri Jul 17 13:55:00 2026] DELETE /v2.0/routers/c2456cd3-ca41-480b-aa50-3ed256512df5 => generated 135 bytes in 19 msecs (HTTP/1.1 404) 4 headers in 164 bytes (1 switches on core 0) [pid: 7|app: 0|req: 860/1737] 10.0.0.107 () {32 vars in 702 bytes} [Fri Jul 17 13:55:00 2026] GET /v2.0/subnetpools?not-tags-any=red%2Cblue => generated 1028 bytes in 31 msecs (HTTP/1.1 200) 4 headers in 158 bytes (1 switches on core 0) [pid: 8|app: 0|req: 878/1738] 10.0.0.107 () {32 vars in 694 bytes} [Fri Jul 17 13:55:00 2026] GET /v2.0/floatingips?tags-any=red%2Cblue => generated 1671 bytes in 50 msecs (HTTP/1.1 200) 4 headers in 158 bytes (1 switches on core 0)
2026-07-17 13:55:00.260 7 INFO neutron.pecan_wsgi.hooks.translation [None req-abf1ff96-1748-4b53-b258-ab8c96c53b97 2f9ff62baff74e278a04c18e6ac3c0ae c3e88bb4c49b41649a3814cac0c3afc1 - - default default] DELETE failed (client error): The resource could not be found. [pid: 7|app: 0|req: 861/1739] 10.0.0.107 () {32 vars in 724 bytes} [Fri Jul 17 13:55:00 2026] DELETE /v2.0/subnets/b7de2fa0-bbae-4606-87db-10f8d0bfb254 => generated 136 bytes in 13 msecs (HTTP/1.1 404) 4 headers in 164 bytes (1 switches on core 0) [pid: 7|app: 0|req: 862/1740] 10.0.0.107 () {32 vars in 680 bytes} [Fri Jul 17 13:55:00 2026] GET /v2.0/floatingips?not-tags=red => generated 1100 bytes in 55 msecs (HTTP/1.1 200) 4 headers in 158 bytes (1 switches on core 0)
2026-07-17 13:55:00.332 7 INFO neutron.pecan_wsgi.hooks.translation [None req-91028a0e-84d3-4a03-af06-f4c80a31215f 2f9ff62baff74e278a04c18e6ac3c0ae c3e88bb4c49b41649a3814cac0c3afc1 - - default default] DELETE failed (client error): The resource could not be found. [pid: 7|app: 0|req: 863/1741] 10.0.0.107 () {32 vars in 724 bytes} [Fri Jul 17 13:55:00 2026] DELETE /v2.0/subnets/55a9b552-e0ab-47a0-9bb9-d9fc1b08c6b7 => generated 136 bytes in 15 msecs (HTTP/1.1 404) 4 headers in 164 bytes (1 switches on core 0) [pid: 8|app: 0|req: 879/1742] 10.0.0.107 () {32 vars in 732 bytes} [Fri Jul 17 13:55:00 2026] DELETE /v2.0/subnetpools/67c93460-c557-4ed7-aba1-58faf98862ae => generated 0 bytes in 102 msecs (HTTP/1.1 204) 2 headers in 112 bytes (1 switches on core 0) [pid: 7|app: 0|req: 864/1743] 10.0.0.107 () {32 vars in 694 bytes} [Fri Jul 17 13:55:00 2026] GET /v2.0/floatingips?not-tags=red%2Cblue => generated 1643 bytes in 67 msecs (HTTP/1.1 200) 4 headers in 158 bytes (1 switches on core 0) [pid: 8|app: 0|req: 880/1744] 10.0.0.107 () {32 vars in 732 bytes} [Fri Jul 17 13:55:00 2026] DELETE /v2.0/subnetpools/da32c39e-c85c-4a8d-9bdc-91ea8813e88b => generated 0 bytes in 49 msecs (HTTP/1.1 204) 2 headers in 112 bytes (1 switches on core 0) [pid: 7|app: 0|req: 865/1745] 10.0.0.107 () {32 vars in 690 bytes} [Fri Jul 17 13:55:00 2026] GET /v2.0/floatingips?not-tags-any=blue => generated 1643 bytes in 45 msecs (HTTP/1.1 200) 4 headers in 158 bytes (1 switches on core 0) [pid: 8|app: 0|req: 881/1746] 10.0.0.107 () {32 vars in 732 bytes} [Fri Jul 17 13:55:00 2026] DELETE /v2.0/subnetpools/de20244b-caa3-4c06-bbd9-5059ec36d121 => generated 0 bytes in 46 msecs (HTTP/1.1 204) 2 headers in 112 bytes (1 switches on core 0) [pid: 7|app: 0|req: 866/1747] 10.0.0.107 () {32 vars in 702 bytes} [Fri Jul 17 13:55:00 2026] GET /v2.0/floatingips?not-tags-any=red%2Cblue => generated 1100 bytes in 27 msecs (HTTP/1.1 200) 4 headers in 158 bytes (1 switches on core 0) [pid: 8|app: 0|req: 882/1748] 10.0.0.107 () {32 vars in 732 bytes} [Fri Jul 17 13:55:00 2026] DELETE /v2.0/subnetpools/f448a079-2506-4b3e-aa15-b4a2dcbd7175 => generated 0 bytes in 52 msecs (HTTP/1.1 204) 2 headers in 112 bytes (1 switches on core 0) [pid: 8|app: 0|req: 883/1749] 10.0.0.107 () {32 vars in 732 bytes} [Fri Jul 17 13:55:00 2026] DELETE /v2.0/subnetpools/895e9abd-dc60-48ac-a21c-2e2084993804 => generated 0 bytes in 62 msecs (HTTP/1.1 204) 2 headers in 112 bytes (1 switches on core 0)
2026-07-17 13:55:00.684 7 INFO neutron_taas.services.taas.taas_plugin [None req-b185d24c-1502-44c5-9bf8-b01985720ab7 333c473a949041a49b57ece7f2f85bb3 f0e9a695273e4beaa867182ec4a13c64 - - default default] TaaS: Handle Delete Port: 46c5cc90-ac19-4618-afc0-490a9343b3be
2026-07-17 13:55:00.687 7 INFO neutron_taas.services.taas.tap_mirror_plugin [None req-b185d24c-1502-44c5-9bf8-b01985720ab7 333c473a949041a49b57ece7f2f85bb3 f0e9a695273e4beaa867182ec4a13c64 - - default default] Tap Mirror: Handle Delete Port: 46c5cc90-ac19-4618-afc0-490a9343b3be [pid: 7|app: 0|req: 867/1750] 10.0.0.107 () {32 vars in 732 bytes} [Fri Jul 17 13:55:00 2026] DELETE /v2.0/floatingips/0d46449d-991e-4d50-9d38-4b9fe61c0059 => generated 0 bytes in 415 msecs (HTTP/1.1 204) 2 headers in 112 bytes (1 switches on core 0)
2026-07-17 13:55:01.064 8 INFO neutron_taas.services.taas.taas_plugin [None req-73b7fa96-3b1c-43dc-bea4-39b36379b4d6 333c473a949041a49b57ece7f2f85bb3 f0e9a695273e4beaa867182ec4a13c64 - - default default] TaaS: Handle Delete Port: 35c2417c-98ca-44de-857b-1cb86e269a50
2026-07-17 13:55:01.068 8 INFO neutron_taas.services.taas.tap_mirror_plugin [None req-73b7fa96-3b1c-43dc-bea4-39b36379b4d6 333c473a949041a49b57ece7f2f85bb3 f0e9a695273e4beaa867182ec4a13c64 - - default default] Tap Mirror: Handle Delete Port: 35c2417c-98ca-44de-857b-1cb86e269a50
2026-07-17 13:55:01.089 7 WARNING neutron.db.securitygroups_db [None req-917e949b-6a48-4bf8-8425-c8abdc292e02 0b56078c22b24945b67708de2a20284c 259120fc650b4bb2832d92cc62e3c4fe - - default default] project_id key not found in filters, using tenant_id instead. This support has been deprecated and will be removed in a future release. [pid: 7|app: 0|req: 868/1751] 10.0.0.107 () {32 vars in 774 bytes} [Fri Jul 17 13:55:00 2026] GET /v2.0/security-groups?tenant_id=c3e88bb4c49b41649a3814cac0c3afc1&name=default => generated 2925 bytes in 209 msecs (HTTP/1.1 200) 4 headers in 158 bytes (1 switches on core 0) [pid: 8|app: 0|req: 884/1752] 10.0.0.107 () {32 vars in 732 bytes} [Fri Jul 17 13:55:00 2026] DELETE /v2.0/floatingips/09d72e99-4a1b-4280-affa-d58d7e07bf0f => generated 0 bytes in 364 msecs (HTTP/1.1 204) 2 headers in 112 bytes (1 switches on core 0) [pid: 7|app: 0|req: 869/1753] 10.0.0.107 () {32 vars in 740 bytes} [Fri Jul 17 13:55:01 2026] DELETE /v2.0/security-groups/4d5766d0-bcdd-4104-a0e7-00c842808308 => generated 0 bytes in 210 msecs (HTTP/1.1 204) 2 headers in 112 bytes (1 switches on core 0)
2026-07-17 13:55:01.440 8 INFO neutron_taas.services.taas.taas_plugin [None req-6d21cb9c-ee4f-4b9b-9a78-2370a047a8c9 333c473a949041a49b57ece7f2f85bb3 f0e9a695273e4beaa867182ec4a13c64 - - default default] TaaS: Handle Delete Port: d4f974b9-a65d-474f-b849-dda1df6599df
2026-07-17 13:55:01.443 8 INFO neutron_taas.services.taas.tap_mirror_plugin [None req-6d21cb9c-ee4f-4b9b-9a78-2370a047a8c9 333c473a949041a49b57ece7f2f85bb3 f0e9a695273e4beaa867182ec4a13c64 - - default default] Tap Mirror: Handle Delete Port: d4f974b9-a65d-474f-b849-dda1df6599df [pid: 8|app: 0|req: 885/1754] 10.0.0.107 () {32 vars in 732 bytes} [Fri Jul 17 13:55:01 2026] DELETE /v2.0/floatingips/0b075429-af8c-48fd-839d-f49240363bc8 => generated 0 bytes in 327 msecs (HTTP/1.1 204) 2 headers in 112 bytes (1 switches on core 0)
2026-07-17 13:55:01.735 7 WARNING neutron.db.securitygroups_db [None req-d1783e23-bf83-445e-9f06-faceff564617 0b56078c22b24945b67708de2a20284c 259120fc650b4bb2832d92cc62e3c4fe - - default default] project_id key not found in filters, using tenant_id instead. This support has been deprecated and will be removed in a future release.
2026-07-17 13:55:01.764 8 INFO neutron_taas.services.taas.taas_plugin [None req-f3a06b3c-f9f8-4e8d-a6e7-573ae3df6edf 333c473a949041a49b57ece7f2f85bb3 f0e9a695273e4beaa867182ec4a13c64 - - default default] TaaS: Handle Delete Port: c5bdc6d5-411c-4d04-9138-5fe9237afc2a
2026-07-17 13:55:01.768 8 INFO neutron_taas.services.taas.tap_mirror_plugin [None req-f3a06b3c-f9f8-4e8d-a6e7-573ae3df6edf 333c473a949041a49b57ece7f2f85bb3 f0e9a695273e4beaa867182ec4a13c64 - - default default] Tap Mirror: Handle Delete Port: c5bdc6d5-411c-4d04-9138-5fe9237afc2a
2026-07-17 13:55:01.938 7 INFO neutron.db.ovn_revision_numbers_db [None req-d1783e23-bf83-445e-9f06-faceff564617 0b56078c22b24945b67708de2a20284c 259120fc650b4bb2832d92cc62e3c4fe - - default default] Successfully bumped revision number for resource 33f44a84-c05b-4eb4-8e0b-3a42b0bcaf6f (type: security_groups) to 1
2026-07-17 13:55:01.949 7 INFO neutron.db.ovn_revision_numbers_db [None req-d1783e23-bf83-445e-9f06-faceff564617 0b56078c22b24945b67708de2a20284c 259120fc650b4bb2832d92cc62e3c4fe - - default default] Successfully bumped revision number for resource 0cb267d0-f8a7-418f-baeb-a39a429bc26a (type: security_group_rules) to 0 [pid: 8|app: 0|req: 886/1755] 10.0.0.107 () {32 vars in 732 bytes} [Fri Jul 17 13:55:01 2026] DELETE /v2.0/floatingips/8706a38d-a5f3-430c-9fa3-35dd9715d4af => generated 0 bytes in 350 msecs (HTTP/1.1 204) 2 headers in 112 bytes (1 switches on core 0)
2026-07-17 13:55:01.972 7 INFO neutron.db.ovn_revision_numbers_db [None req-d1783e23-bf83-445e-9f06-faceff564617 0b56078c22b24945b67708de2a20284c 259120fc650b4bb2832d92cc62e3c4fe - - default default] Successfully bumped revision number for resource 813b9139-314d-4000-bd49-f78d75db875a (type: security_group_rules) to 0
2026-07-17 13:55:01.993 7 INFO neutron.db.ovn_revision_numbers_db [None req-d1783e23-bf83-445e-9f06-faceff564617 0b56078c22b24945b67708de2a20284c 259120fc650b4bb2832d92cc62e3c4fe - - default default] Successfully bumped revision number for resource 99bef8c7-b191-4399-b22a-e4cfa5f9dab3 (type: security_group_rules) to 0
2026-07-17 13:55:02.009 7 INFO neutron.db.ovn_revision_numbers_db [None req-d1783e23-bf83-445e-9f06-faceff564617 0b56078c22b24945b67708de2a20284c 259120fc650b4bb2832d92cc62e3c4fe - - default default] Successfully bumped revision number for resource cd6691eb-7980-465f-98c3-dc709bc9a1ec (type: security_group_rules) to 0 [pid: 7|app: 0|req: 870/1756] 10.0.0.107 () {32 vars in 774 bytes} [Fri Jul 17 13:55:01 2026] GET /v2.0/security-groups?tenant_id=9b31bbe83f0e43858bddd67fb80025cd&name=default => generated 2925 bytes in 531 msecs (HTTP/1.1 200) 4 headers in 158 bytes (1 switches on core 0)
2026-07-17 13:55:02.145 8 INFO neutron_taas.services.taas.taas_plugin [None req-0f873ce4-1ac6-4812-bf47-5db5f1faa802 333c473a949041a49b57ece7f2f85bb3 f0e9a695273e4beaa867182ec4a13c64 - - default default] TaaS: Handle Delete Port: 7b1abab7-dfe1-43e7-994e-7ade639d3fe7
2026-07-17 13:55:02.148 8 INFO neutron_taas.services.taas.tap_mirror_plugin [None req-0f873ce4-1ac6-4812-bf47-5db5f1faa802 333c473a949041a49b57ece7f2f85bb3 f0e9a695273e4beaa867182ec4a13c64 - - default default] Tap Mirror: Handle Delete Port: 7b1abab7-dfe1-43e7-994e-7ade639d3fe7 [pid: 7|app: 0|req: 871/1757] 10.0.0.107 () {32 vars in 740 bytes} [Fri Jul 17 13:55:02 2026] DELETE /v2.0/security-groups/33f44a84-c05b-4eb4-8e0b-3a42b0bcaf6f => generated 0 bytes in 210 msecs (HTTP/1.1 204) 2 headers in 112 bytes (1 switches on core 0) [pid: 8|app: 0|req: 887/1758] 10.0.0.107 () {32 vars in 732 bytes} [Fri Jul 17 13:55:01 2026] DELETE /v2.0/floatingips/0d07e5c4-0105-4ff2-a972-6fc55ef74da3 => generated 0 bytes in 351 msecs (HTTP/1.1 204) 2 headers in 112 bytes (1 switches on core 0)
2026-07-17 13:55:02.393 7 WARNING neutron.db.securitygroups_db [None req-c3ed0976-44d3-4824-81c5-1547f0735748 0b56078c22b24945b67708de2a20284c 259120fc650b4bb2832d92cc62e3c4fe - - default default] project_id key not found in filters, using tenant_id instead. This support has been deprecated and will be removed in a future release.
2026-07-17 13:55:02.547 7 INFO neutron.db.ovn_revision_numbers_db [None req-c3ed0976-44d3-4824-81c5-1547f0735748 0b56078c22b24945b67708de2a20284c 259120fc650b4bb2832d92cc62e3c4fe - - default default] Successfully bumped revision number for resource 5be31e1e-cf24-4465-a4dd-66eca91380d2 (type: security_groups) to 1
2026-07-17 13:55:02.558 7 INFO neutron.db.ovn_revision_numbers_db [None req-c3ed0976-44d3-4824-81c5-1547f0735748 0b56078c22b24945b67708de2a20284c 259120fc650b4bb2832d92cc62e3c4fe - - default default] Successfully bumped revision number for resource 32eeee2e-3b86-4eed-92c7-9eba803f8890 (type: security_group_rules) to 0
2026-07-17 13:55:02.570 7 INFO neutron.db.ovn_revision_numbers_db [None req-c3ed0976-44d3-4824-81c5-1547f0735748 0b56078c22b24945b67708de2a20284c 259120fc650b4bb2832d92cc62e3c4fe - - default default] Successfully bumped revision number for resource 9168cd29-d33d-40a8-976d-de4b5dfea345 (type: security_group_rules) to 0
2026-07-17 13:55:02.584 7 INFO neutron.db.ovn_revision_numbers_db [None req-c3ed0976-44d3-4824-81c5-1547f0735748 0b56078c22b24945b67708de2a20284c 259120fc650b4bb2832d92cc62e3c4fe - - default default] Successfully bumped revision number for resource 9e9056aa-0f99-4f1b-b904-89f8bd041eaf (type: security_group_rules) to 0
2026-07-17 13:55:02.603 7 INFO neutron.db.ovn_revision_numbers_db [None req-c3ed0976-44d3-4824-81c5-1547f0735748 0b56078c22b24945b67708de2a20284c 259120fc650b4bb2832d92cc62e3c4fe - - default default] Successfully bumped revision number for resource e1f04ce6-99b5-450f-bc72-988e1cc80cbf (type: security_group_rules) to 0 [pid: 7|app: 0|req: 872/1759] 10.0.0.107 () {32 vars in 774 bytes} [Fri Jul 17 13:55:02 2026] GET /v2.0/security-groups?tenant_id=fb1c683c2be048f0ab1c86f67387d703&name=default => generated 2925 bytes in 263 msecs (HTTP/1.1 200) 4 headers in 158 bytes (1 switches on core 0) [pid: 8|app: 0|req: 888/1760] 10.0.0.107 () {32 vars in 740 bytes} [Fri Jul 17 13:55:02 2026] DELETE /v2.0/security-groups/5be31e1e-cf24-4465-a4dd-66eca91380d2 => generated 0 bytes in 168 msecs (HTTP/1.1 204) 2 headers in 112 bytes (1 switches on core 0)
2026-07-17 13:55:02.961 7 WARNING neutron.db.securitygroups_db [None req-f3d5cd4b-3c6a-420e-a375-0be52c363426 0b56078c22b24945b67708de2a20284c 259120fc650b4bb2832d92cc62e3c4fe - - default default] project_id key not found in filters, using tenant_id instead. This support has been deprecated and will be removed in a future release.
2026-07-17 13:55:03.086 7 INFO neutron.db.ovn_revision_numbers_db [None req-f3d5cd4b-3c6a-420e-a375-0be52c363426 0b56078c22b24945b67708de2a20284c 259120fc650b4bb2832d92cc62e3c4fe - - default default] Successfully bumped revision number for resource e520ca9b-f6ab-4fe1-8c2a-45ab2275a2c7 (type: security_groups) to 1
2026-07-17 13:55:03.100 7 INFO neutron.db.ovn_revision_numbers_db [None req-f3d5cd4b-3c6a-420e-a375-0be52c363426 0b56078c22b24945b67708de2a20284c 259120fc650b4bb2832d92cc62e3c4fe - - default default] Successfully bumped revision number for resource 238984b8-061b-4db0-bd9b-95c40da549c1 (type: security_group_rules) to 0
2026-07-17 13:55:03.113 7 INFO neutron.db.ovn_revision_numbers_db [None req-f3d5cd4b-3c6a-420e-a375-0be52c363426 0b56078c22b24945b67708de2a20284c 259120fc650b4bb2832d92cc62e3c4fe - - default default] Successfully bumped revision number for resource 2d259e25-bba7-4439-bed1-497c2c9537df (type: security_group_rules) to 0
2026-07-17 13:55:03.124 7 INFO neutron.db.ovn_revision_numbers_db [None req-f3d5cd4b-3c6a-420e-a375-0be52c363426 0b56078c22b24945b67708de2a20284c 259120fc650b4bb2832d92cc62e3c4fe - - default default] Successfully bumped revision number for resource f303c0c2-b17c-4f4f-b81a-04381832ba40 (type: security_group_rules) to 0
2026-07-17 13:55:03.137 7 INFO neutron.db.ovn_revision_numbers_db [None req-f3d5cd4b-3c6a-420e-a375-0be52c363426 0b56078c22b24945b67708de2a20284c 259120fc650b4bb2832d92cc62e3c4fe - - default default] Successfully bumped revision number for resource f8b1dffc-1c44-4d5b-a5d6-daff617730ff (type: security_group_rules) to 0 [pid: 7|app: 0|req: 873/1761] 10.0.0.107 () {32 vars in 774 bytes} [Fri Jul 17 13:55:02 2026] GET /v2.0/security-groups?tenant_id=1525886075074defb0a13f992c43c863&name=default => generated 2925 bytes in 223 msecs (HTTP/1.1 200) 4 headers in 158 bytes (1 switches on core 0)
2026-07-17 13:55:03.277 8 WARNING neutron.db.securitygroups_db [None req-6d7ec1f9-6d18-44c3-85ba-1f3f424f5a6c 0b56078c22b24945b67708de2a20284c 259120fc650b4bb2832d92cc62e3c4fe - - default default] project_id key not found in filters, using tenant_id instead. This support has been deprecated and will be removed in a future release. [pid: 7|app: 0|req: 874/1762] 10.0.0.107 () {32 vars in 740 bytes} [Fri Jul 17 13:55:03 2026] DELETE /v2.0/security-groups/e520ca9b-f6ab-4fe1-8c2a-45ab2275a2c7 => generated 0 bytes in 188 msecs (HTTP/1.1 204) 2 headers in 112 bytes (1 switches on core 0) [pid: 7|app: 0|req: 875/1763] 10.0.0.107 () {32 vars in 623 bytes} [Fri Jul 17 13:55:03 2026] GET / => generated 151 bytes in 1 msecs (HTTP/1.1 200) 3 headers in 91 bytes (1 switches on core 0)
2026-07-17 13:55:03.425 8 INFO neutron.db.ovn_revision_numbers_db [None req-6d7ec1f9-6d18-44c3-85ba-1f3f424f5a6c 0b56078c22b24945b67708de2a20284c 259120fc650b4bb2832d92cc62e3c4fe - - default default] Successfully bumped revision number for resource 6b724ad4-5f82-498c-b956-10da36254ebc (type: security_groups) to 1 [pid: 7|app: 0|req: 876/1764] 10.0.0.107 () {32 vars in 633 bytes} [Fri Jul 17 13:55:03 2026] GET /v2.0/ => generated 632 bytes in 54 msecs (HTTP/1.1 200) 4 headers in 157 bytes (1 switches on core 0)
2026-07-17 13:55:03.448 8 INFO neutron.db.ovn_revision_numbers_db [None req-6d7ec1f9-6d18-44c3-85ba-1f3f424f5a6c 0b56078c22b24945b67708de2a20284c 259120fc650b4bb2832d92cc62e3c4fe - - default default] Successfully bumped revision number for resource 45a6e704-1916-478a-ace0-35b1bafc3e31 (type: security_group_rules) to 0
2026-07-17 13:55:03.463 8 INFO neutron.db.ovn_revision_numbers_db [None req-6d7ec1f9-6d18-44c3-85ba-1f3f424f5a6c 0b56078c22b24945b67708de2a20284c 259120fc650b4bb2832d92cc62e3c4fe - - default default] Successfully bumped revision number for resource 766a8a49-3c79-474c-929b-2f81bf9d648e (type: security_group_rules) to 0
2026-07-17 13:55:03.476 8 INFO neutron.db.ovn_revision_numbers_db [None req-6d7ec1f9-6d18-44c3-85ba-1f3f424f5a6c 0b56078c22b24945b67708de2a20284c 259120fc650b4bb2832d92cc62e3c4fe - - default default] Successfully bumped revision number for resource cbe05e00-e2aa-4bbe-9d0e-c32a3533ef7a (type: security_group_rules) to 0
2026-07-17 13:55:03.488 8 INFO neutron.db.ovn_revision_numbers_db [None req-6d7ec1f9-6d18-44c3-85ba-1f3f424f5a6c 0b56078c22b24945b67708de2a20284c 259120fc650b4bb2832d92cc62e3c4fe - - default default] Successfully bumped revision number for resource d5735c51-879c-4150-9a51-528c51c6fc2b (type: security_group_rules) to 0 [pid: 8|app: 0|req: 889/1765] 10.0.0.107 () {32 vars in 774 bytes} [Fri Jul 17 13:55:03 2026] GET /v2.0/security-groups?tenant_id=d5d850d46a1e4e65a272d5ae60ec1f07&name=default => generated 2925 bytes in 410 msecs (HTTP/1.1 200) 4 headers in 158 bytes (1 switches on core 0) [pid: 7|app: 0|req: 877/1766] 10.0.0.107 () {32 vars in 740 bytes} [Fri Jul 17 13:55:03 2026] DELETE /v2.0/security-groups/6b724ad4-5f82-498c-b956-10da36254ebc => generated 0 bytes in 194 msecs (HTTP/1.1 204) 2 headers in 112 bytes (1 switches on core 0)
2026-07-17 13:55:03.917 8 WARNING neutron.db.securitygroups_db [None req-11a3b032-e6c7-4f3a-9771-4f6cb562f493 0b56078c22b24945b67708de2a20284c 259120fc650b4bb2832d92cc62e3c4fe - - default default] project_id key not found in filters, using tenant_id instead. This support has been deprecated and will be removed in a future release.
2026-07-17 13:55:04.071 8 INFO neutron.db.ovn_revision_numbers_db [None req-11a3b032-e6c7-4f3a-9771-4f6cb562f493 0b56078c22b24945b67708de2a20284c 259120fc650b4bb2832d92cc62e3c4fe - - default default] Successfully bumped revision number for resource e172438b-5c98-41a5-b92c-e6b6a58e9cfd (type: security_groups) to 1
2026-07-17 13:55:04.089 8 INFO neutron.db.ovn_revision_numbers_db [None req-11a3b032-e6c7-4f3a-9771-4f6cb562f493 0b56078c22b24945b67708de2a20284c 259120fc650b4bb2832d92cc62e3c4fe - - default default] Successfully bumped revision number for resource 474e01df-b7d7-4f13-bc39-2220976c4795 (type: security_group_rules) to 0
2026-07-17 13:55:04.111 8 INFO neutron.db.ovn_revision_numbers_db [None req-11a3b032-e6c7-4f3a-9771-4f6cb562f493 0b56078c22b24945b67708de2a20284c 259120fc650b4bb2832d92cc62e3c4fe - - default default] Successfully bumped revision number for resource b740c40b-8994-4430-af1d-1290565852b4 (type: security_group_rules) to 0
2026-07-17 13:55:04.124 8 INFO neutron.db.ovn_revision_numbers_db [None req-11a3b032-e6c7-4f3a-9771-4f6cb562f493 0b56078c22b24945b67708de2a20284c 259120fc650b4bb2832d92cc62e3c4fe - - default default] Successfully bumped revision number for resource cff8656d-2fe9-4deb-9a8e-a09cb70d0e45 (type: security_group_rules) to 0
2026-07-17 13:55:04.136 8 INFO neutron.db.ovn_revision_numbers_db [None req-11a3b032-e6c7-4f3a-9771-4f6cb562f493 0b56078c22b24945b67708de2a20284c 259120fc650b4bb2832d92cc62e3c4fe - - default default] Successfully bumped revision number for resource d1057636-74a6-4b09-8674-a6d9f341928e (type: security_group_rules) to 0 [pid: 8|app: 0|req: 890/1767] 10.0.0.107 () {32 vars in 774 bytes} [Fri Jul 17 13:55:03 2026] GET /v2.0/security-groups?tenant_id=82135bba711f43a8878dd6ea9cfaf72f&name=default => generated 2925 bytes in 265 msecs (HTTP/1.1 200) 4 headers in 158 bytes (1 switches on core 0)
2026-07-17 13:55:04.178 7 WARNING neutron.db.securitygroups_db [None req-25c71896-0b0e-4870-8450-472eab556efb 0b56078c22b24945b67708de2a20284c 259120fc650b4bb2832d92cc62e3c4fe - - default default] project_id key not found in filters, using tenant_id instead. This support has been deprecated and will be removed in a future release.
2026-07-17 13:55:04.327 7 INFO neutron.db.ovn_revision_numbers_db [None req-25c71896-0b0e-4870-8450-472eab556efb 0b56078c22b24945b67708de2a20284c 259120fc650b4bb2832d92cc62e3c4fe - - default default] Successfully bumped revision number for resource 8e8c1337-311b-4e45-a810-51378de727c2 (type: security_groups) to 1
2026-07-17 13:55:04.342 7 INFO neutron.db.ovn_revision_numbers_db [None req-25c71896-0b0e-4870-8450-472eab556efb 0b56078c22b24945b67708de2a20284c 259120fc650b4bb2832d92cc62e3c4fe - - default default] Successfully bumped revision number for resource 49c738cf-8d10-4bd8-837b-e7161ddc923b (type: security_group_rules) to 0
2026-07-17 13:55:04.357 7 INFO neutron.db.ovn_revision_numbers_db [None req-25c71896-0b0e-4870-8450-472eab556efb 0b56078c22b24945b67708de2a20284c 259120fc650b4bb2832d92cc62e3c4fe - - default default] Successfully bumped revision number for resource 7e33cbf0-283b-42d5-ab28-c45d3cfb645f (type: security_group_rules) to 0
2026-07-17 13:55:04.390 7 INFO neutron.db.ovn_revision_numbers_db [None req-25c71896-0b0e-4870-8450-472eab556efb 0b56078c22b24945b67708de2a20284c 259120fc650b4bb2832d92cc62e3c4fe - - default default] Successfully bumped revision number for resource 819db875-0f49-4b87-beb2-d404cb8dff37 (type: security_group_rules) to 0 [pid: 8|app: 0|req: 891/1768] 10.0.0.107 () {32 vars in 740 bytes} [Fri Jul 17 13:55:04 2026] DELETE /v2.0/security-groups/e172438b-5c98-41a5-b92c-e6b6a58e9cfd => generated 0 bytes in 221 msecs (HTTP/1.1 204) 2 headers in 112 bytes (1 switches on core 0)
2026-07-17 13:55:04.407 7 INFO neutron.db.ovn_revision_numbers_db [None req-25c71896-0b0e-4870-8450-472eab556efb 0b56078c22b24945b67708de2a20284c 259120fc650b4bb2832d92cc62e3c4fe - - default default] Successfully bumped revision number for resource e018a100-e01d-4040-8a36-bcdf680ed526 (type: security_group_rules) to 0 [pid: 7|app: 0|req: 878/1769] 10.0.0.107 () {32 vars in 774 bytes} [Fri Jul 17 13:55:04 2026] GET /v2.0/security-groups?tenant_id=e21f3307444f41ea8a6418a5234d69c0&name=default => generated 2925 bytes in 416 msecs (HTTP/1.1 200) 4 headers in 158 bytes (1 switches on core 0)
2026-07-17 13:55:04.492 7 WARNING neutron.db.securitygroups_db [None req-6af00a1f-74d8-407a-87ab-a782be1728a3 0b56078c22b24945b67708de2a20284c 259120fc650b4bb2832d92cc62e3c4fe - - default default] project_id key not found in filters, using tenant_id instead. This support has been deprecated and will be removed in a future release.
2026-07-17 13:55:04.665 7 INFO neutron.db.ovn_revision_numbers_db [None req-6af00a1f-74d8-407a-87ab-a782be1728a3 0b56078c22b24945b67708de2a20284c 259120fc650b4bb2832d92cc62e3c4fe - - default default] Successfully bumped revision number for resource c1aff784-c51c-4912-a82c-5de9c92c969e (type: security_groups) to 1
2026-07-17 13:55:04.679 7 INFO neutron.db.ovn_revision_numbers_db [None req-6af00a1f-74d8-407a-87ab-a782be1728a3 0b56078c22b24945b67708de2a20284c 259120fc650b4bb2832d92cc62e3c4fe - - default default] Successfully bumped revision number for resource 2714550f-9704-4bf7-bec6-f0edcac67c1b (type: security_group_rules) to 0
2026-07-17 13:55:04.692 7 INFO neutron.db.ovn_revision_numbers_db [None req-6af00a1f-74d8-407a-87ab-a782be1728a3 0b56078c22b24945b67708de2a20284c 259120fc650b4bb2832d92cc62e3c4fe - - default default] Successfully bumped revision number for resource 4e246c7c-ee92-4e17-9841-2a222e60095d (type: security_group_rules) to 0
2026-07-17 13:55:04.705 7 INFO neutron.db.ovn_revision_numbers_db [None req-6af00a1f-74d8-407a-87ab-a782be1728a3 0b56078c22b24945b67708de2a20284c 259120fc650b4bb2832d92cc62e3c4fe - - default default] Successfully bumped revision number for resource 9210c58c-a52a-4de1-b08e-ee3f6831a35f (type: security_group_rules) to 0 [pid: 8|app: 0|req: 892/1770] 10.0.0.107 () {32 vars in 740 bytes} [Fri Jul 17 13:55:04 2026] DELETE /v2.0/security-groups/8e8c1337-311b-4e45-a810-51378de727c2 => generated 0 bytes in 256 msecs (HTTP/1.1 204) 2 headers in 112 bytes (1 switches on core 0)
2026-07-17 13:55:04.721 7 INFO neutron.db.ovn_revision_numbers_db [None req-6af00a1f-74d8-407a-87ab-a782be1728a3 0b56078c22b24945b67708de2a20284c 259120fc650b4bb2832d92cc62e3c4fe - - default default] Successfully bumped revision number for resource c3e84252-2ce2-4a5f-a0f1-0adda28f51e7 (type: security_group_rules) to 0 [pid: 7|app: 0|req: 879/1771] 10.0.0.107 () {32 vars in 774 bytes} [Fri Jul 17 13:55:04 2026] GET /v2.0/security-groups?tenant_id=f0e9a695273e4beaa867182ec4a13c64&name=default => generated 2925 bytes in 289 msecs (HTTP/1.1 200) 4 headers in 158 bytes (1 switches on core 0) [pid: 8|app: 0|req: 893/1772] 10.0.0.107 () {32 vars in 740 bytes} [Fri Jul 17 13:55:04 2026] DELETE /v2.0/security-groups/c1aff784-c51c-4912-a82c-5de9c92c969e => generated 0 bytes in 209 msecs (HTTP/1.1 204) 2 headers in 112 bytes (1 switches on core 0)
2026-07-17 13:55:08.108 7 INFO neutron.db.ovn_revision_numbers_db [None req-26895f6a-7376-4c03-8800-43f96966d3e1 6214818184354233a9ff063601fd1cac b9168264ab3b40e580517cf9cda0f7d4 - - default default] Successfully bumped revision number for resource 7f6bc81e-4245-45e7-b4b6-84ffee9f3a6f (type: security_groups) to 1
2026-07-17 13:55:08.121 7 INFO neutron.db.ovn_revision_numbers_db [None req-26895f6a-7376-4c03-8800-43f96966d3e1 6214818184354233a9ff063601fd1cac b9168264ab3b40e580517cf9cda0f7d4 - - default default] Successfully bumped revision number for resource 263f5d79-53b2-46dd-a9f2-9dd363a51baf (type: security_group_rules) to 0
2026-07-17 13:55:08.133 7 INFO neutron.db.ovn_revision_numbers_db [None req-26895f6a-7376-4c03-8800-43f96966d3e1 6214818184354233a9ff063601fd1cac b9168264ab3b40e580517cf9cda0f7d4 - - default default] Successfully bumped revision number for resource 38f7144f-29f7-449c-b28b-5ccc8bfcf15c (type: security_group_rules) to 0
2026-07-17 13:55:08.143 7 INFO neutron.db.ovn_revision_numbers_db [None req-26895f6a-7376-4c03-8800-43f96966d3e1 6214818184354233a9ff063601fd1cac b9168264ab3b40e580517cf9cda0f7d4 - - default default] Successfully bumped revision number for resource 4629f3c9-c9ed-4ff6-bbc4-8c9f56cb80a9 (type: security_group_rules) to 0
2026-07-17 13:55:08.155 7 INFO neutron.db.ovn_revision_numbers_db [None req-26895f6a-7376-4c03-8800-43f96966d3e1 6214818184354233a9ff063601fd1cac b9168264ab3b40e580517cf9cda0f7d4 - - default default] Successfully bumped revision number for resource e84e3ea0-59fa-44a8-ba53-52b79837bdf8 (type: security_group_rules) to 0
2026-07-17 13:55:08.229 7 INFO neutron.db.segments_db [None req-26895f6a-7376-4c03-8800-43f96966d3e1 6214818184354233a9ff063601fd1cac b9168264ab3b40e580517cf9cda0f7d4 - - default default] Added segment fe821737-30b1-4efe-8075-e471de209aa3 of type geneve for network ba68eced-fef6-4377-ba35-02ce1330dda2
2026-07-17 13:55:08.333 7 INFO neutron.db.ovn_revision_numbers_db [None req-26895f6a-7376-4c03-8800-43f96966d3e1 6214818184354233a9ff063601fd1cac b9168264ab3b40e580517cf9cda0f7d4 - - default default] Successfully bumped revision number for resource ba68eced-fef6-4377-ba35-02ce1330dda2 (type: networks) to 1
2026-07-17 13:55:08.485 7 WARNING neutron.scheduler.dhcp_agent_scheduler [None req-26895f6a-7376-4c03-8800-43f96966d3e1 6214818184354233a9ff063601fd1cac b9168264ab3b40e580517cf9cda0f7d4 - - default default] No more DHCP agents
2026-07-17 13:55:08.487 7 WARNING neutron.api.rpc.agentnotifiers.dhcp_rpc_agent_api [None req-26895f6a-7376-4c03-8800-43f96966d3e1 6214818184354233a9ff063601fd1cac b9168264ab3b40e580517cf9cda0f7d4 - - default default] Unable to schedule network ba68eced-fef6-4377-ba35-02ce1330dda2: no agents available; will retry on subsequent port and subnet creation events.
2026-07-17 13:55:08.557 8 INFO neutron.plugins.ml2.drivers.ovn.mech_driver.mech_driver [None req-33c59707-1db9-42ea-8c0b-e78c02e831f3 - - - - - -] OVN reports status down for port: 9626a0e4-eed1-4b00-aae9-4f1bb49c04a3
2026-07-17 13:55:08.597 7 INFO neutron.db.ovn_revision_numbers_db [None req-26895f6a-7376-4c03-8800-43f96966d3e1 6214818184354233a9ff063601fd1cac b9168264ab3b40e580517cf9cda0f7d4 - - default default] Successfully bumped revision number for resource 9626a0e4-eed1-4b00-aae9-4f1bb49c04a3 (type: ports) to 1 [pid: 7|app: 0|req: 880/1773] 10.0.0.107 () {34 vars in 670 bytes} [Fri Jul 17 13:55:07 2026] POST /v2.0/networks => generated 669 bytes in 874 msecs (HTTP/1.1 201) 4 headers in 162 bytes (1 switches on core 0)
2026-07-17 13:55:08.784 7 WARNING neutron.db.securitygroups_db [None req-ccf97763-5f71-42ef-9fe9-b8ffa56e2414 0b56078c22b24945b67708de2a20284c 259120fc650b4bb2832d92cc62e3c4fe - - default default] project_id key not found in filters, using tenant_id instead. This support has been deprecated and will be removed in a future release.
2026-07-17 13:55:08.896 7 INFO neutron.db.ovn_revision_numbers_db [None req-ccf97763-5f71-42ef-9fe9-b8ffa56e2414 0b56078c22b24945b67708de2a20284c 259120fc650b4bb2832d92cc62e3c4fe - - default default] Successfully bumped revision number for resource 8bfa9f37-6c2e-417d-83d1-c8aefc9a5513 (type: security_groups) to 1
2026-07-17 13:55:08.908 7 INFO neutron.db.ovn_revision_numbers_db [None req-ccf97763-5f71-42ef-9fe9-b8ffa56e2414 0b56078c22b24945b67708de2a20284c 259120fc650b4bb2832d92cc62e3c4fe - - default default] Successfully bumped revision number for resource 02e8ea0a-8ccb-49eb-b41b-040f534cf73d (type: security_group_rules) to 0
2026-07-17 13:55:08.916 8 WARNING neutron.scheduler.dhcp_agent_scheduler [None req-784e15b2-235a-49b0-8eca-3a31c0c1397c e66b2432072549428a8f8e4ab72360e5 302fbe115f694674b0b55549c70c34ce - - default default] No more DHCP agents
2026-07-17 13:55:08.918 8 WARNING neutron.api.rpc.agentnotifiers.dhcp_rpc_agent_api [None req-784e15b2-235a-49b0-8eca-3a31c0c1397c e66b2432072549428a8f8e4ab72360e5 302fbe115f694674b0b55549c70c34ce - - default default] Unable to schedule network 3465483a-59ff-466b-af17-c03558f0ef2a: no agents available; will retry on subsequent port and subnet creation events.
2026-07-17 13:55:08.921 7 INFO neutron.db.ovn_revision_numbers_db [None req-ccf97763-5f71-42ef-9fe9-b8ffa56e2414 0b56078c22b24945b67708de2a20284c 259120fc650b4bb2832d92cc62e3c4fe - - default default] Successfully bumped revision number for resource 153810a3-44fa-4c91-8070-c3481e6adef6 (type: security_group_rules) to 0
2026-07-17 13:55:08.935 7 INFO neutron.db.ovn_revision_numbers_db [None req-ccf97763-5f71-42ef-9fe9-b8ffa56e2414 0b56078c22b24945b67708de2a20284c 259120fc650b4bb2832d92cc62e3c4fe - - default default] Successfully bumped revision number for resource 7b1094bb-9917-4564-90ee-80caaf2fafd4 (type: security_group_rules) to 0
2026-07-17 13:55:08.950 7 INFO neutron.db.ovn_revision_numbers_db [None req-ccf97763-5f71-42ef-9fe9-b8ffa56e2414 0b56078c22b24945b67708de2a20284c 259120fc650b4bb2832d92cc62e3c4fe - - default default] Successfully bumped revision number for resource a61173cd-d05b-4fa4-a48a-4fb470752a22 (type: security_group_rules) to 0 [pid: 7|app: 0|req: 881/1774] 10.0.0.107 () {32 vars in 774 bytes} [Fri Jul 17 13:55:08 2026] GET /v2.0/security-groups?tenant_id=97407b473642465c8c017d9252132293&name=default => generated 2925 bytes in 361 msecs (HTTP/1.1 200) 4 headers in 158 bytes (1 switches on core 0)
2026-07-17 13:55:09.189 7 WARNING neutron.scheduler.dhcp_agent_scheduler [None req-01bab101-599c-47e1-8b9c-18cd7863a6e9 6214818184354233a9ff063601fd1cac b9168264ab3b40e580517cf9cda0f7d4 - - default default] No more DHCP agents
2026-07-17 13:55:09.190 7 WARNING neutron.api.rpc.agentnotifiers.dhcp_rpc_agent_api [None req-01bab101-599c-47e1-8b9c-18cd7863a6e9 6214818184354233a9ff063601fd1cac b9168264ab3b40e580517cf9cda0f7d4 - - default default] Unable to schedule network ba68eced-fef6-4377-ba35-02ce1330dda2: no agents available; will retry on subsequent port and subnet creation events. [pid: 8|app: 0|req: 894/1775] 10.0.0.107 () {34 vars in 676 bytes} [Fri Jul 17 13:55:08 2026] POST /v2.0/floatingips => generated 552 bytes in 743 msecs (HTTP/1.1 201) 4 headers in 162 bytes (1 switches on core 0)
2026-07-17 13:55:09.245 8 WARNING neutron.db.securitygroups_db [None req-459dadde-c287-4d7c-9a92-de8768b91d99 0b56078c22b24945b67708de2a20284c 259120fc650b4bb2832d92cc62e3c4fe - - default default] project_id key not found in filters, using tenant_id instead. This support has been deprecated and will be removed in a future release.
2026-07-17 13:55:09.252 8 INFO neutron.plugins.ml2.drivers.ovn.mech_driver.mech_driver [None req-33c59707-1db9-42ea-8c0b-e78c02e831f3 - - - - - -] OVN reports status down for port: 3b2ca5ea-2416-4140-89a6-2d1e3330bc69
2026-07-17 13:55:09.284 7 INFO neutron.db.ovn_revision_numbers_db [None req-01bab101-599c-47e1-8b9c-18cd7863a6e9 6214818184354233a9ff063601fd1cac b9168264ab3b40e580517cf9cda0f7d4 - - default default] Successfully bumped revision number for resource 3b2ca5ea-2416-4140-89a6-2d1e3330bc69 (type: ports) to 1 [pid: 7|app: 0|req: 882/1776] 10.0.0.107 () {34 vars in 664 bytes} [Fri Jul 17 13:55:08 2026] POST /v2.0/ports => generated 743 bytes in 333 msecs (HTTP/1.1 201) 4 headers in 162 bytes (1 switches on core 0) /var/lib/openstack/lib/python3.12/site-packages/pycadf/identifier.py:70: UserWarning: Invalid uuid: neutron. To ensure interoperability, identifiers should be a valid uuid. warnings.warn(('Invalid uuid: %s. To ensure interoperability, '
2026-07-17 13:55:09.413 8 INFO neutron.db.ovn_revision_numbers_db [None req-459dadde-c287-4d7c-9a92-de8768b91d99 0b56078c22b24945b67708de2a20284c 259120fc650b4bb2832d92cc62e3c4fe - - default default] Successfully bumped revision number for resource 001ff76b-ceed-4596-a39d-e2f29b994380 (type: security_groups) to 1
2026-07-17 13:55:09.425 8 INFO neutron.db.ovn_revision_numbers_db [None req-459dadde-c287-4d7c-9a92-de8768b91d99 0b56078c22b24945b67708de2a20284c 259120fc650b4bb2832d92cc62e3c4fe - - default default] Successfully bumped revision number for resource 519eaa33-75f9-4d46-b942-a249be0cfac3 (type: security_group_rules) to 0
2026-07-17 13:55:09.441 8 INFO neutron.db.ovn_revision_numbers_db [None req-459dadde-c287-4d7c-9a92-de8768b91d99 0b56078c22b24945b67708de2a20284c 259120fc650b4bb2832d92cc62e3c4fe - - default default] Successfully bumped revision number for resource 8dd3e731-78e1-4006-842b-36d40e0e49da (type: security_group_rules) to 0
2026-07-17 13:55:09.455 8 INFO neutron.db.ovn_revision_numbers_db [None req-459dadde-c287-4d7c-9a92-de8768b91d99 0b56078c22b24945b67708de2a20284c 259120fc650b4bb2832d92cc62e3c4fe - - default default] Successfully bumped revision number for resource a6e2033d-0cfa-4279-9ad9-66a1c771548a (type: security_group_rules) to 0
2026-07-17 13:55:09.476 8 INFO neutron.db.ovn_revision_numbers_db [None req-459dadde-c287-4d7c-9a92-de8768b91d99 0b56078c22b24945b67708de2a20284c 259120fc650b4bb2832d92cc62e3c4fe - - default default] Successfully bumped revision number for resource f8be29b2-3c7e-42d7-a756-3324b3156ff2 (type: security_group_rules) to 0 [pid: 7|app: 0|req: 883/1777] 10.0.0.107 () {32 vars in 740 bytes} [Fri Jul 17 13:55:09 2026] DELETE /v2.0/security-groups/8bfa9f37-6c2e-417d-83d1-c8aefc9a5513 => generated 0 bytes in 176 msecs (HTTP/1.1 204) 2 headers in 112 bytes (1 switches on core 0) [pid: 8|app: 0|req: 895/1778] 10.0.0.107 () {32 vars in 774 bytes} [Fri Jul 17 13:55:09 2026] GET /v2.0/security-groups?tenant_id=1b348594383c4f4db3611f7ed38c0fe8&name=default => generated 2925 bytes in 317 msecs (HTTP/1.1 200) 4 headers in 158 bytes (1 switches on core 0)
2026-07-17 13:55:09.529 7 WARNING tagging [None req-ec06eb97-ae33-4229-b90d-89fea4baf597 e66b2432072549428a8f8e4ab72360e5 302fbe115f694674b0b55549c70c34ce - - default default] project_id key not found in request, using tenant_id instead. This support has been deprecated and will be removed in a future release. [pid: 7|app: 0|req: 884/1779] 10.0.0.107 () {34 vars in 759 bytes} [Fri Jul 17 13:55:09 2026] PUT /v2.0/floatingips/7c373cbf-1607-40a7-bef5-cb16c5ba8b78/tags => generated 25 bytes in 52 msecs (HTTP/1.1 200) 4 headers in 156 bytes (1 switches on core 0) [pid: 7|app: 0|req: 885/1780] 10.0.0.107 () {32 vars in 740 bytes} [Fri Jul 17 13:55:09 2026] DELETE /v2.0/security-groups/001ff76b-ceed-4596-a39d-e2f29b994380 => generated 0 bytes in 204 msecs (HTTP/1.1 204) 2 headers in 112 bytes (1 switches on core 0)
2026-07-17 13:55:09.780 7 WARNING tagging [None req-a7ad82e9-2e5f-461a-b1eb-99079a8f58c7 e66b2432072549428a8f8e4ab72360e5 302fbe115f694674b0b55549c70c34ce - - default default] project_id key not found in request, using tenant_id instead. This support has been deprecated and will be removed in a future release. [pid: 7|app: 0|req: 886/1781] 10.0.0.107 () {32 vars in 739 bytes} [Fri Jul 17 13:55:09 2026] GET /v2.0/floatingips/7c373cbf-1607-40a7-bef5-cb16c5ba8b78/tags => generated 25 bytes in 36 msecs (HTTP/1.1 200) 4 headers in 156 bytes (1 switches on core 0)
2026-07-17 13:55:09.823 7 WARNING tagging [None req-9f43d715-61c3-4c05-b555-b3f602e031c2 e66b2432072549428a8f8e4ab72360e5 302fbe115f694674b0b55549c70c34ce - - default default] project_id key not found in request, using tenant_id instead. This support has been deprecated and will be removed in a future release. [pid: 8|app: 0|req: 896/1782] 10.0.0.107 () {34 vars in 666 bytes} [Fri Jul 17 13:55:09 2026] POST /v2.0/trunks => generated 409 bytes in 311 msecs (HTTP/1.1 201) 4 headers in 162 bytes (1 switches on core 0) [pid: 7|app: 0|req: 887/1783] 10.0.0.107 () {34 vars in 770 bytes} [Fri Jul 17 13:55:09 2026] PUT /v2.0/floatingips/7c373cbf-1607-40a7-bef5-cb16c5ba8b78/tags/green => generated 4 bytes in 66 msecs (HTTP/1.1 201) 4 headers in 160 bytes (1 switches on core 0)
