2026-07-17 13:57:19.066 7 INFO neutron.db.ovn_revision_numbers_db [None req-b44b76f0-3ffb-4eb6-9520-1490326d0c00 ff9eb030708f426e817c72bc475ae8ec c612dbf7f88547118ea79303af421d4c - - default default] Successfully bumped revision number for resource 088ed509-76b4-40ee-97c7-fdd295e4d801 (type: security_group_rules) to 0
2026-07-17 13:57:19.079 7 INFO neutron.db.ovn_revision_numbers_db [None req-b44b76f0-3ffb-4eb6-9520-1490326d0c00 ff9eb030708f426e817c72bc475ae8ec c612dbf7f88547118ea79303af421d4c - - default default] Successfully bumped revision number for resource 42f8b488-b5d9-4f46-8769-e415843bf7d9 (type: security_group_rules) to 0
2026-07-17 13:57:19.091 7 INFO neutron.db.ovn_revision_numbers_db [None req-b44b76f0-3ffb-4eb6-9520-1490326d0c00 ff9eb030708f426e817c72bc475ae8ec c612dbf7f88547118ea79303af421d4c - - default default] Successfully bumped revision number for resource 4e0eef5c-e127-4e27-bd71-7df55711ccdc (type: security_group_rules) to 0
2026-07-17 13:57:19.102 7 INFO neutron.db.ovn_revision_numbers_db [None req-b44b76f0-3ffb-4eb6-9520-1490326d0c00 ff9eb030708f426e817c72bc475ae8ec c612dbf7f88547118ea79303af421d4c - - default default] Successfully bumped revision number for resource 9d10d161-5a8b-482b-8f19-5e6b9d0aafe5 (type: security_group_rules) to 0
2026-07-17 13:57:19.175 7 INFO neutron.db.segments_db [None req-b44b76f0-3ffb-4eb6-9520-1490326d0c00 ff9eb030708f426e817c72bc475ae8ec c612dbf7f88547118ea79303af421d4c - - default default] Added segment 221e842c-cb4c-410a-8c84-6eaac97302d8 of type geneve for network deae2da2-64fd-492b-a911-629b9412980d
2026-07-17 13:57:19.278 7 INFO neutron.db.ovn_revision_numbers_db [None req-b44b76f0-3ffb-4eb6-9520-1490326d0c00 ff9eb030708f426e817c72bc475ae8ec c612dbf7f88547118ea79303af421d4c - - default default] Successfully bumped revision number for resource deae2da2-64fd-492b-a911-629b9412980d (type: networks) to 1
2026-07-17 13:57:19.447 7 WARNING neutron.scheduler.dhcp_agent_scheduler [None req-b44b76f0-3ffb-4eb6-9520-1490326d0c00 ff9eb030708f426e817c72bc475ae8ec c612dbf7f88547118ea79303af421d4c - - default default] No more DHCP agents
2026-07-17 13:57:19.448 7 WARNING neutron.api.rpc.agentnotifiers.dhcp_rpc_agent_api [None req-b44b76f0-3ffb-4eb6-9520-1490326d0c00 ff9eb030708f426e817c72bc475ae8ec c612dbf7f88547118ea79303af421d4c - - default default] Unable to schedule network deae2da2-64fd-492b-a911-629b9412980d: no agents available; will retry on subsequent port and subnet creation events.
2026-07-17 13:57:19.500 8 INFO neutron.plugins.ml2.drivers.ovn.mech_driver.mech_driver [None req-96c8a8da-1312-4e8c-9ffc-1836b74bd7d4 - - - - - -] OVN reports status down for port: 047b4e44-a8bc-4bda-8f62-878c221f99e7
2026-07-17 13:57:19.512 7 INFO neutron.db.ovn_revision_numbers_db [None req-b44b76f0-3ffb-4eb6-9520-1490326d0c00 ff9eb030708f426e817c72bc475ae8ec c612dbf7f88547118ea79303af421d4c - - default default] Successfully bumped revision number for resource 047b4e44-a8bc-4bda-8f62-878c221f99e7 (type: ports) to 1 [pid: 7|app: 0|req: 1242/2531] 10.0.0.107 () {34 vars in 670 bytes} [Fri Jul 17 13:57:18 2026] POST /v2.0/networks => generated 668 bytes in 774 msecs (HTTP/1.1 201) 4 headers in 162 bytes (1 switches on core 0)
2026-07-17 13:57:19.659 8 INFO neutron.db.segments_db [None req-c1d10d6a-0142-4a00-98c8-c67882bfdfca ff9eb030708f426e817c72bc475ae8ec c612dbf7f88547118ea79303af421d4c - - default default] Added segment 33737022-9c49-4b26-9ef3-85302dafe562 of type geneve for network 5481e957-78c4-43f9-b75a-e90c170e8068
2026-07-17 13:57:19.780 8 INFO neutron.db.ovn_revision_numbers_db [None req-c1d10d6a-0142-4a00-98c8-c67882bfdfca ff9eb030708f426e817c72bc475ae8ec c612dbf7f88547118ea79303af421d4c - - default default] Successfully bumped revision number for resource 5481e957-78c4-43f9-b75a-e90c170e8068 (type: networks) to 1
2026-07-17 13:57:19.950 8 WARNING neutron.scheduler.dhcp_agent_scheduler [None req-c1d10d6a-0142-4a00-98c8-c67882bfdfca ff9eb030708f426e817c72bc475ae8ec c612dbf7f88547118ea79303af421d4c - - default default] No more DHCP agents
2026-07-17 13:57:19.963 8 WARNING neutron.api.rpc.agentnotifiers.dhcp_rpc_agent_api [None req-c1d10d6a-0142-4a00-98c8-c67882bfdfca ff9eb030708f426e817c72bc475ae8ec c612dbf7f88547118ea79303af421d4c - - default default] Unable to schedule network 5481e957-78c4-43f9-b75a-e90c170e8068: no agents available; will retry on subsequent port and subnet creation events.
2026-07-17 13:57:20.012 7 INFO neutron.plugins.ml2.drivers.ovn.mech_driver.mech_driver [None req-07606fec-e1bc-4786-93bd-2269c003fd4c - - - - - -] OVN reports status down for port: 549fd49a-adee-4f44-b7dd-1804655b7623
2026-07-17 13:57:20.081 8 INFO neutron.db.ovn_revision_numbers_db [None req-c1d10d6a-0142-4a00-98c8-c67882bfdfca ff9eb030708f426e817c72bc475ae8ec c612dbf7f88547118ea79303af421d4c - - default default] Successfully bumped revision number for resource 549fd49a-adee-4f44-b7dd-1804655b7623 (type: ports) to 1 [pid: 8|app: 0|req: 1290/2532] 10.0.0.107 () {34 vars in 670 bytes} [Fri Jul 17 13:57:19 2026] POST /v2.0/networks => generated 669 bytes in 568 msecs (HTTP/1.1 201) 4 headers in 162 bytes (1 switches on core 0)
2026-07-17 13:57:20.205 7 INFO neutron.db.segments_db [None req-497880b9-8a3c-4c18-8921-4724debadf86 ff9eb030708f426e817c72bc475ae8ec c612dbf7f88547118ea79303af421d4c - - default default] Added segment 642140ea-cfb0-4557-a4d6-f32d702b7834 of type geneve for network f9f2cccf-09ae-4763-82c3-64d05d32bb26
2026-07-17 13:57:20.298 7 INFO neutron.db.ovn_revision_numbers_db [None req-497880b9-8a3c-4c18-8921-4724debadf86 ff9eb030708f426e817c72bc475ae8ec c612dbf7f88547118ea79303af421d4c - - default default] Successfully bumped revision number for resource f9f2cccf-09ae-4763-82c3-64d05d32bb26 (type: networks) to 1
2026-07-17 13:57:20.481 7 WARNING neutron.scheduler.dhcp_agent_scheduler [None req-497880b9-8a3c-4c18-8921-4724debadf86 ff9eb030708f426e817c72bc475ae8ec c612dbf7f88547118ea79303af421d4c - - default default] No more DHCP agents
2026-07-17 13:57:20.482 7 WARNING neutron.api.rpc.agentnotifiers.dhcp_rpc_agent_api [None req-497880b9-8a3c-4c18-8921-4724debadf86 ff9eb030708f426e817c72bc475ae8ec c612dbf7f88547118ea79303af421d4c - - default default] Unable to schedule network f9f2cccf-09ae-4763-82c3-64d05d32bb26: no agents available; will retry on subsequent port and subnet creation events.
2026-07-17 13:57:20.544 8 INFO neutron.plugins.ml2.drivers.ovn.mech_driver.mech_driver [None req-96c8a8da-1312-4e8c-9ffc-1836b74bd7d4 - - - - - -] OVN reports status down for port: bbfe8794-b26d-4566-8877-f4362f8825c2
2026-07-17 13:57:20.572 7 INFO neutron.db.ovn_revision_numbers_db [None req-497880b9-8a3c-4c18-8921-4724debadf86 ff9eb030708f426e817c72bc475ae8ec c612dbf7f88547118ea79303af421d4c - - default default] Successfully bumped revision number for resource bbfe8794-b26d-4566-8877-f4362f8825c2 (type: ports) to 1 [pid: 7|app: 0|req: 1243/2533] 10.0.0.107 () {34 vars in 670 bytes} [Fri Jul 17 13:57:20 2026] POST /v2.0/networks => generated 669 bytes in 486 msecs (HTTP/1.1 201) 4 headers in 162 bytes (1 switches on core 0)
2026-07-17 13:57:20.717 8 INFO neutron.db.segments_db [None req-3bc0318a-7c9c-483b-a9fa-69a68b789d69 ff9eb030708f426e817c72bc475ae8ec c612dbf7f88547118ea79303af421d4c - - default default] Added segment 678e8293-09ab-42e1-9677-c08f26a03bbf of type geneve for network 421588a9-fcd2-4ac5-bc17-1ced11a22f13
2026-07-17 13:57:20.840 8 INFO neutron.db.ovn_revision_numbers_db [None req-3bc0318a-7c9c-483b-a9fa-69a68b789d69 ff9eb030708f426e817c72bc475ae8ec c612dbf7f88547118ea79303af421d4c - - default default] Successfully bumped revision number for resource 421588a9-fcd2-4ac5-bc17-1ced11a22f13 (type: networks) to 1
2026-07-17 13:57:21.005 8 WARNING neutron.scheduler.dhcp_agent_scheduler [None req-3bc0318a-7c9c-483b-a9fa-69a68b789d69 ff9eb030708f426e817c72bc475ae8ec c612dbf7f88547118ea79303af421d4c - - default default] No more DHCP agents
2026-07-17 13:57:21.007 8 WARNING neutron.api.rpc.agentnotifiers.dhcp_rpc_agent_api [None req-3bc0318a-7c9c-483b-a9fa-69a68b789d69 ff9eb030708f426e817c72bc475ae8ec c612dbf7f88547118ea79303af421d4c - - default default] Unable to schedule network 421588a9-fcd2-4ac5-bc17-1ced11a22f13: no agents available; will retry on subsequent port and subnet creation events.
2026-07-17 13:57:21.053 8 INFO neutron.plugins.ml2.drivers.ovn.mech_driver.mech_driver [None req-96c8a8da-1312-4e8c-9ffc-1836b74bd7d4 - - - - - -] OVN reports status down for port: dd47cb04-f8c4-4d8c-8f27-cb6fe59804c0
2026-07-17 13:57:21.110 8 INFO neutron.db.ovn_revision_numbers_db [None req-3bc0318a-7c9c-483b-a9fa-69a68b789d69 ff9eb030708f426e817c72bc475ae8ec c612dbf7f88547118ea79303af421d4c - - default default] Successfully bumped revision number for resource dd47cb04-f8c4-4d8c-8f27-cb6fe59804c0 (type: ports) to 1 [pid: 8|app: 0|req: 1291/2534] 10.0.0.107 () {34 vars in 670 bytes} [Fri Jul 17 13:57:20 2026] POST /v2.0/networks => generated 670 bytes in 543 msecs (HTTP/1.1 201) 4 headers in 162 bytes (1 switches on core 0)
2026-07-17 13:57:21.240 7 INFO neutron.db.segments_db [None req-c44fd07e-a0c1-4c5c-82b9-ee82ae6fa9c9 ff9eb030708f426e817c72bc475ae8ec c612dbf7f88547118ea79303af421d4c - - default default] Added segment 4d5d26e7-7277-4b21-8fb7-c49f8546268c of type geneve for network 12fbd199-1f07-4d9e-8deb-9bf12b839ab0
2026-07-17 13:57:21.347 7 INFO neutron.db.ovn_revision_numbers_db [None req-c44fd07e-a0c1-4c5c-82b9-ee82ae6fa9c9 ff9eb030708f426e817c72bc475ae8ec c612dbf7f88547118ea79303af421d4c - - default default] Successfully bumped revision number for resource 12fbd199-1f07-4d9e-8deb-9bf12b839ab0 (type: networks) to 1
2026-07-17 13:57:21.519 7 WARNING neutron.scheduler.dhcp_agent_scheduler [None req-c44fd07e-a0c1-4c5c-82b9-ee82ae6fa9c9 ff9eb030708f426e817c72bc475ae8ec c612dbf7f88547118ea79303af421d4c - - default default] No more DHCP agents
2026-07-17 13:57:21.521 7 WARNING neutron.api.rpc.agentnotifiers.dhcp_rpc_agent_api [None req-c44fd07e-a0c1-4c5c-82b9-ee82ae6fa9c9 ff9eb030708f426e817c72bc475ae8ec c612dbf7f88547118ea79303af421d4c - - default default] Unable to schedule network 12fbd199-1f07-4d9e-8deb-9bf12b839ab0: no agents available; will retry on subsequent port and subnet creation events.
2026-07-17 13:57:21.585 8 INFO neutron.plugins.ml2.drivers.ovn.mech_driver.mech_driver [None req-96c8a8da-1312-4e8c-9ffc-1836b74bd7d4 - - - - - -] OVN reports status down for port: 41089268-0e0f-49dd-8d81-f6120526de76
2026-07-17 13:57:21.611 7 INFO neutron.db.ovn_revision_numbers_db [None req-c44fd07e-a0c1-4c5c-82b9-ee82ae6fa9c9 ff9eb030708f426e817c72bc475ae8ec c612dbf7f88547118ea79303af421d4c - - default default] Successfully bumped revision number for resource 41089268-0e0f-49dd-8d81-f6120526de76 (type: ports) to 1 [pid: 7|app: 0|req: 1244/2535] 10.0.0.107 () {34 vars in 670 bytes} [Fri Jul 17 13:57:21 2026] POST /v2.0/networks => generated 670 bytes in 483 msecs (HTTP/1.1 201) 4 headers in 162 bytes (1 switches on core 0) [pid: 8|app: 0|req: 1292/2536] 10.0.0.107 () {34 vars in 753 bytes} [Fri Jul 17 13:57:21 2026] PUT /v2.0/networks/deae2da2-64fd-492b-a911-629b9412980d/tags => generated 17 bytes in 70 msecs (HTTP/1.1 200) 4 headers in 156 bytes (1 switches on core 0) [pid: 7|app: 0|req: 1245/2537] 10.0.0.107 () {34 vars in 753 bytes} [Fri Jul 17 13:57:21 2026] PUT /v2.0/networks/5481e957-78c4-43f9-b75a-e90c170e8068/tags => generated 25 bytes in 61 msecs (HTTP/1.1 200) 4 headers in 156 bytes (1 switches on core 0) [pid: 8|app: 0|req: 1293/2538] 10.0.0.107 () {34 vars in 753 bytes} [Fri Jul 17 13:57:21 2026] PUT /v2.0/networks/f9f2cccf-09ae-4763-82c3-64d05d32bb26/tags => generated 34 bytes in 69 msecs (HTTP/1.1 200) 4 headers in 156 bytes (1 switches on core 0) [pid: 7|app: 0|req: 1246/2539] 10.0.0.107 () {34 vars in 753 bytes} [Fri Jul 17 13:57:21 2026] PUT /v2.0/networks/421588a9-fcd2-4ac5-bc17-1ced11a22f13/tags => generated 19 bytes in 54 msecs (HTTP/1.1 200) 4 headers in 156 bytes (1 switches on core 0) [pid: 8|app: 0|req: 1294/2540] 10.0.0.107 () {32 vars in 666 bytes} [Fri Jul 17 13:57:21 2026] GET /v2.0/networks?tags=red => generated 1985 bytes in 51 msecs (HTTP/1.1 200) 4 headers in 158 bytes (1 switches on core 0) [pid: 7|app: 0|req: 1247/2541] 10.0.0.107 () {32 vars in 680 bytes} [Fri Jul 17 13:57:21 2026] GET /v2.0/networks?tags=red%2Cblue => generated 1336 bytes in 51 msecs (HTTP/1.1 200) 4 headers in 158 bytes (1 switches on core 0) [pid: 8|app: 0|req: 1295/2542] 10.0.0.107 () {32 vars in 676 bytes} [Fri Jul 17 13:57:22 2026] GET /v2.0/networks?tags-any=blue => generated 1336 bytes in 49 msecs (HTTP/1.1 200) 4 headers in 158 bytes (1 switches on core 0) [pid: 7|app: 0|req: 1248/2543] 10.0.0.107 () {32 vars in 688 bytes} [Fri Jul 17 13:57:22 2026] GET /v2.0/networks?tags-any=red%2Cblue => generated 1985 bytes in 49 msecs (HTTP/1.1 200) 4 headers in 158 bytes (1 switches on core 0) [pid: 8|app: 0|req: 1296/2544] 10.0.0.107 () {32 vars in 674 bytes} [Fri Jul 17 13:57:22 2026] GET /v2.0/networks?not-tags=red => generated 1988 bytes in 63 msecs (HTTP/1.1 200) 4 headers in 158 bytes (1 switches on core 0) [pid: 7|app: 0|req: 1249/2545] 10.0.0.107 () {32 vars in 688 bytes} [Fri Jul 17 13:57:22 2026] GET /v2.0/networks?not-tags=red%2Cblue => generated 2637 bytes in 56 msecs (HTTP/1.1 200) 4 headers in 158 bytes (1 switches on core 0) [pid: 8|app: 0|req: 1297/2546] 10.0.0.107 () {32 vars in 684 bytes} [Fri Jul 17 13:57:22 2026] GET /v2.0/networks?not-tags-any=blue => generated 2637 bytes in 66 msecs (HTTP/1.1 200) 4 headers in 158 bytes (1 switches on core 0) [pid: 7|app: 0|req: 1250/2547] 10.0.0.107 () {32 vars in 696 bytes} [Fri Jul 17 13:57:22 2026] GET /v2.0/networks?not-tags-any=red%2Cblue => generated 1988 bytes in 54 msecs (HTTP/1.1 200) 4 headers in 158 bytes (1 switches on core 0)
2026-07-17 13:57:22.518 8 INFO neutron_taas.services.taas.taas_plugin [None req-872ecab6-3562-414c-b2df-4710b66432d8 ff9eb030708f426e817c72bc475ae8ec c612dbf7f88547118ea79303af421d4c - - default default] TaaS: Handle Delete Port: 047b4e44-a8bc-4bda-8f62-878c221f99e7
2026-07-17 13:57:22.522 8 INFO neutron_taas.services.taas.tap_mirror_plugin [None req-872ecab6-3562-414c-b2df-4710b66432d8 ff9eb030708f426e817c72bc475ae8ec c612dbf7f88547118ea79303af421d4c - - default default] Tap Mirror: Handle Delete Port: 047b4e44-a8bc-4bda-8f62-878c221f99e7
2026-07-17 13:57:22.751 8 INFO neutron.services.segments.plugin [-] Segment 221e842c-cb4c-410a-8c84-6eaac97302d8 resource provider aggregate not found
2026-07-17 13:57:22.753 8 INFO neutron.services.segments.plugin [-] Segment 221e842c-cb4c-410a-8c84-6eaac97302d8 resource provider aggregate not found
2026-07-17 13:57:22.779 8 INFO neutron.services.segments.plugin [-] Client error retrieving segment 221e842c-cb4c-410a-8c84-6eaac97302d8 resource provider; error: Placement Client Error (4xx): {"errors": [{"status": 404, "title": "Not Found", "detail": "The resource could not be found.\n\n No resource provider with uuid 221e842c-cb4c-410a-8c84-6eaac97302d8 found for delete ", "request_id": "req-770ad015-9f31-4098-a693-fbe6cd1b8519"}]}
2026-07-17 13:57:22.781 8 INFO neutron.services.segments.plugin [-] Client error retrieving segment 221e842c-cb4c-410a-8c84-6eaac97302d8 resource provider; error: Placement Client Error (4xx): {"errors": [{"status": 404, "title": "Not Found", "detail": "The resource could not be found.\n\n No resource provider with uuid 221e842c-cb4c-410a-8c84-6eaac97302d8 found for delete ", "request_id": "req-a84ecc24-26c9-4223-8cda-8dd49e0a18fd"}]} [pid: 8|app: 0|req: 1298/2548] 10.0.0.107 () {32 vars in 726 bytes} [Fri Jul 17 13:57:22 2026] DELETE /v2.0/networks/deae2da2-64fd-492b-a911-629b9412980d => generated 0 bytes in 417 msecs (HTTP/1.1 204) 3 headers in 131 bytes (1 switches on core 0)
2026-07-17 13:57:22.941 7 INFO neutron_taas.services.taas.taas_plugin [None req-732bc5a9-6c51-4cdc-9aa3-228fa3b9ab00 ff9eb030708f426e817c72bc475ae8ec c612dbf7f88547118ea79303af421d4c - - default default] TaaS: Handle Delete Port: 549fd49a-adee-4f44-b7dd-1804655b7623
2026-07-17 13:57:22.945 7 INFO neutron_taas.services.taas.tap_mirror_plugin [None req-732bc5a9-6c51-4cdc-9aa3-228fa3b9ab00 ff9eb030708f426e817c72bc475ae8ec c612dbf7f88547118ea79303af421d4c - - default default] Tap Mirror: Handle Delete Port: 549fd49a-adee-4f44-b7dd-1804655b7623
2026-07-17 13:57:23.126 7 INFO neutron.services.segments.plugin [-] Segment 33737022-9c49-4b26-9ef3-85302dafe562 resource provider aggregate not found
2026-07-17 13:57:23.131 7 INFO neutron.services.segments.plugin [-] Segment 33737022-9c49-4b26-9ef3-85302dafe562 resource provider aggregate not found
2026-07-17 13:57:23.145 7 INFO neutron.services.segments.plugin [-] Client error retrieving segment 33737022-9c49-4b26-9ef3-85302dafe562 resource provider; error: Placement Client Error (4xx): {"errors": [{"status": 404, "title": "Not Found", "detail": "The resource could not be found.\n\n No resource provider with uuid 33737022-9c49-4b26-9ef3-85302dafe562 found for delete ", "request_id": "req-fe835938-f482-4f49-94ac-20b0cdd393fe"}]}
2026-07-17 13:57:23.152 7 INFO neutron.services.segments.plugin [-] Client error retrieving segment 33737022-9c49-4b26-9ef3-85302dafe562 resource provider; error: Placement Client Error (4xx): {"errors": [{"status": 404, "title": "Not Found", "detail": "The resource could not be found.\n\n No resource provider with uuid 33737022-9c49-4b26-9ef3-85302dafe562 found for delete ", "request_id": "req-9ce373f6-0718-44b5-aa90-6cccd4f178ce"}]} [pid: 7|app: 0|req: 1251/2549] 10.0.0.107 () {32 vars in 726 bytes} [Fri Jul 17 13:57:22 2026] DELETE /v2.0/networks/5481e957-78c4-43f9-b75a-e90c170e8068 => generated 0 bytes in 346 msecs (HTTP/1.1 204) 3 headers in 131 bytes (1 switches on core 0)
2026-07-17 13:57:23.285 8 INFO neutron_taas.services.taas.taas_plugin [None req-9c741044-f8ce-4d6c-977b-d15ac5973d64 ff9eb030708f426e817c72bc475ae8ec c612dbf7f88547118ea79303af421d4c - - default default] TaaS: Handle Delete Port: bbfe8794-b26d-4566-8877-f4362f8825c2
2026-07-17 13:57:23.288 8 INFO neutron_taas.services.taas.tap_mirror_plugin [None req-9c741044-f8ce-4d6c-977b-d15ac5973d64 ff9eb030708f426e817c72bc475ae8ec c612dbf7f88547118ea79303af421d4c - - default default] Tap Mirror: Handle Delete Port: bbfe8794-b26d-4566-8877-f4362f8825c2 [pid: 8|app: 0|req: 1299/2550] 10.0.0.107 () {32 vars in 726 bytes} [Fri Jul 17 13:57:23 2026] DELETE /v2.0/networks/f9f2cccf-09ae-4763-82c3-64d05d32bb26 => generated 0 bytes in 328 msecs (HTTP/1.1 204) 3 headers in 131 bytes (1 switches on core 0)
2026-07-17 13:57:23.652 7 INFO neutron_taas.services.taas.taas_plugin [None req-0b2f1811-6f1f-4128-b071-125a0768e7b0 ff9eb030708f426e817c72bc475ae8ec c612dbf7f88547118ea79303af421d4c - - default default] TaaS: Handle Delete Port: dd47cb04-f8c4-4d8c-8f27-cb6fe59804c0
2026-07-17 13:57:23.655 7 INFO neutron_taas.services.taas.tap_mirror_plugin [None req-0b2f1811-6f1f-4128-b071-125a0768e7b0 ff9eb030708f426e817c72bc475ae8ec c612dbf7f88547118ea79303af421d4c - - default default] Tap Mirror: Handle Delete Port: dd47cb04-f8c4-4d8c-8f27-cb6fe59804c0 [pid: 7|app: 0|req: 1252/2551] 10.0.0.107 () {32 vars in 726 bytes} [Fri Jul 17 13:57:23 2026] DELETE /v2.0/networks/421588a9-fcd2-4ac5-bc17-1ced11a22f13 => generated 0 bytes in 357 msecs (HTTP/1.1 204) 3 headers in 131 bytes (1 switches on core 0)
2026-07-17 13:57:23.987 8 INFO neutron_taas.services.taas.taas_plugin [None req-87083765-50ca-4358-bd8e-20a2346479a6 ff9eb030708f426e817c72bc475ae8ec c612dbf7f88547118ea79303af421d4c - - default default] TaaS: Handle Delete Port: 41089268-0e0f-49dd-8d81-f6120526de76
2026-07-17 13:57:23.990 8 INFO neutron_taas.services.taas.tap_mirror_plugin [None req-87083765-50ca-4358-bd8e-20a2346479a6 ff9eb030708f426e817c72bc475ae8ec c612dbf7f88547118ea79303af421d4c - - default default] Tap Mirror: Handle Delete Port: 41089268-0e0f-49dd-8d81-f6120526de76 [pid: 8|app: 0|req: 1300/2552] 10.0.0.107 () {32 vars in 726 bytes} [Fri Jul 17 13:57:23 2026] DELETE /v2.0/networks/12fbd199-1f07-4d9e-8deb-9bf12b839ab0 => generated 0 bytes in 358 msecs (HTTP/1.1 204) 3 headers in 131 bytes (1 switches on core 0)
2026-07-17 13:57:24.802 8 INFO neutron.services.segments.plugin [-] Segment 642140ea-cfb0-4557-a4d6-f32d702b7834 resource provider aggregate not found
2026-07-17 13:57:24.804 8 INFO neutron.services.segments.plugin [-] Segment 642140ea-cfb0-4557-a4d6-f32d702b7834 resource provider aggregate not found
2026-07-17 13:57:24.821 8 INFO neutron.services.segments.plugin [-] Client error retrieving segment 642140ea-cfb0-4557-a4d6-f32d702b7834 resource provider; error: Placement Client Error (4xx): {"errors": [{"status": 404, "title": "Not Found", "detail": "The resource could not be found.\n\n No resource provider with uuid 642140ea-cfb0-4557-a4d6-f32d702b7834 found for delete ", "request_id": "req-311af9cd-9d25-4753-9949-cb88e3e76f93"}]}
2026-07-17 13:57:24.829 8 INFO neutron.services.segments.plugin [-] Client error retrieving segment 642140ea-cfb0-4557-a4d6-f32d702b7834 resource provider; error: Placement Client Error (4xx): {"errors": [{"status": 404, "title": "Not Found", "detail": "The resource could not be found.\n\n No resource provider with uuid 642140ea-cfb0-4557-a4d6-f32d702b7834 found for delete ", "request_id": "req-03895f77-3fd7-4096-be36-f798b326c85c"}]}
2026-07-17 13:57:24.838 8 INFO neutron.services.segments.plugin [-] Segment 4d5d26e7-7277-4b21-8fb7-c49f8546268c resource provider aggregate not found
2026-07-17 13:57:24.846 8 INFO neutron.services.segments.plugin [-] Segment 4d5d26e7-7277-4b21-8fb7-c49f8546268c resource provider aggregate not found
2026-07-17 13:57:24.851 8 INFO neutron.services.segments.plugin [-] Client error retrieving segment 4d5d26e7-7277-4b21-8fb7-c49f8546268c resource provider; error: Placement Client Error (4xx): {"errors": [{"status": 404, "title": "Not Found", "detail": "The resource could not be found.\n\n No resource provider with uuid 4d5d26e7-7277-4b21-8fb7-c49f8546268c found for delete ", "request_id": "req-5d334485-cf8d-4094-ac7e-5f61e3a8468d"}]}
2026-07-17 13:57:24.859 8 INFO neutron.services.segments.plugin [-] Client error retrieving segment 4d5d26e7-7277-4b21-8fb7-c49f8546268c resource provider; error: Placement Client Error (4xx): {"errors": [{"status": 404, "title": "Not Found", "detail": "The resource could not be found.\n\n No resource provider with uuid 4d5d26e7-7277-4b21-8fb7-c49f8546268c found for delete ", "request_id": "req-143e1663-8d37-47e5-b01b-0a7059a8eebe"}]}
2026-07-17 13:57:25.160 7 INFO neutron.services.segments.plugin [-] Segment 678e8293-09ab-42e1-9677-c08f26a03bbf resource provider aggregate not found
2026-07-17 13:57:25.173 7 INFO neutron.services.segments.plugin [-] Segment 678e8293-09ab-42e1-9677-c08f26a03bbf resource provider aggregate not found
2026-07-17 13:57:25.178 7 INFO neutron.services.segments.plugin [-] Client error retrieving segment 678e8293-09ab-42e1-9677-c08f26a03bbf resource provider; error: Placement Client Error (4xx): {"errors": [{"status": 404, "title": "Not Found", "detail": "The resource could not be found.\n\n No resource provider with uuid 678e8293-09ab-42e1-9677-c08f26a03bbf found for delete ", "request_id": "req-dc65c315-ddd6-4e79-99ac-a6db04a53006"}]}
2026-07-17 13:57:25.181 7 WARNING neutron.db.securitygroups_db [None req-4da00c9c-c171-428f-ae23-4447e3f0b6c5 0b56078c22b24945b67708de2a20284c 259120fc650b4bb2832d92cc62e3c4fe - - default default] project_id key not found in filters, using tenant_id instead. This support has been deprecated and will be removed in a future release.
2026-07-17 13:57:25.191 7 INFO neutron.services.segments.plugin [-] Client error retrieving segment 678e8293-09ab-42e1-9677-c08f26a03bbf resource provider; error: Placement Client Error (4xx): {"errors": [{"status": 404, "title": "Not Found", "detail": "The resource could not be found.\n\n No resource provider with uuid 678e8293-09ab-42e1-9677-c08f26a03bbf found for delete ", "request_id": "req-52071e84-80c9-461b-b720-1630af68a8f0"}]}
2026-07-17 13:57:25.296 7 INFO neutron.db.ovn_revision_numbers_db [None req-4da00c9c-c171-428f-ae23-4447e3f0b6c5 0b56078c22b24945b67708de2a20284c 259120fc650b4bb2832d92cc62e3c4fe - - default default] Successfully bumped revision number for resource 516699d8-44bf-4b22-81b8-53d7a8dfa6a9 (type: security_groups) to 1
2026-07-17 13:57:25.307 7 INFO neutron.db.ovn_revision_numbers_db [None req-4da00c9c-c171-428f-ae23-4447e3f0b6c5 0b56078c22b24945b67708de2a20284c 259120fc650b4bb2832d92cc62e3c4fe - - default default] Successfully bumped revision number for resource 90f5ab73-4eda-4f0d-9011-7706ae70c3a8 (type: security_group_rules) to 0
2026-07-17 13:57:25.320 7 INFO neutron.db.ovn_revision_numbers_db [None req-4da00c9c-c171-428f-ae23-4447e3f0b6c5 0b56078c22b24945b67708de2a20284c 259120fc650b4bb2832d92cc62e3c4fe - - default default] Successfully bumped revision number for resource 9785b406-1b32-4aff-9ce7-f8f47d999202 (type: security_group_rules) to 0
2026-07-17 13:57:25.332 7 INFO neutron.db.ovn_revision_numbers_db [None req-4da00c9c-c171-428f-ae23-4447e3f0b6c5 0b56078c22b24945b67708de2a20284c 259120fc650b4bb2832d92cc62e3c4fe - - default default] Successfully bumped revision number for resource be60c6f2-228c-4246-8e7e-7b38fef1fe1c (type: security_group_rules) to 0
2026-07-17 13:57:25.345 7 INFO neutron.db.ovn_revision_numbers_db [None req-4da00c9c-c171-428f-ae23-4447e3f0b6c5 0b56078c22b24945b67708de2a20284c 259120fc650b4bb2832d92cc62e3c4fe - - default default] Successfully bumped revision number for resource e7f82349-5e1e-4caf-99f7-6455b62463b5 (type: security_group_rules) to 0 [pid: 7|app: 0|req: 1253/2553] 10.0.0.107 () {32 vars in 774 bytes} [Fri Jul 17 13:57:25 2026] GET /v2.0/security-groups?tenant_id=7e0fa1529c5748d48f7cee75981ed963&name=default => generated 2929 bytes in 371 msecs (HTTP/1.1 200) 4 headers in 158 bytes (1 switches on core 0) [pid: 8|app: 0|req: 1301/2554] 10.0.0.107 () {32 vars in 740 bytes} [Fri Jul 17 13:57:25 2026] DELETE /v2.0/security-groups/516699d8-44bf-4b22-81b8-53d7a8dfa6a9 => generated 0 bytes in 218 msecs (HTTP/1.1 204) 2 headers in 112 bytes (1 switches on core 0)
2026-07-17 13:57:25.702 7 WARNING neutron.db.securitygroups_db [None req-f4fa691a-979e-4496-bc29-08bc521fa0d2 0b56078c22b24945b67708de2a20284c 259120fc650b4bb2832d92cc62e3c4fe - - default default] project_id key not found in filters, using tenant_id instead. This support has been deprecated and will be removed in a future release.
2026-07-17 13:57:25.831 7 INFO neutron.db.ovn_revision_numbers_db [None req-f4fa691a-979e-4496-bc29-08bc521fa0d2 0b56078c22b24945b67708de2a20284c 259120fc650b4bb2832d92cc62e3c4fe - - default default] Successfully bumped revision number for resource 9d3e9140-eacc-4590-ac2d-3a37e1dde70b (type: security_groups) to 1
2026-07-17 13:57:25.842 7 INFO neutron.db.ovn_revision_numbers_db [None req-f4fa691a-979e-4496-bc29-08bc521fa0d2 0b56078c22b24945b67708de2a20284c 259120fc650b4bb2832d92cc62e3c4fe - - default default] Successfully bumped revision number for resource 395fd402-6955-45a0-bdd8-9ced68442545 (type: security_group_rules) to 0
2026-07-17 13:57:25.854 7 INFO neutron.db.ovn_revision_numbers_db [None req-f4fa691a-979e-4496-bc29-08bc521fa0d2 0b56078c22b24945b67708de2a20284c 259120fc650b4bb2832d92cc62e3c4fe - - default default] Successfully bumped revision number for resource 96737e6a-43d7-4a3b-b1a8-ae880dc7d8bf (type: security_group_rules) to 0
2026-07-17 13:57:25.864 7 INFO neutron.db.ovn_revision_numbers_db [None req-f4fa691a-979e-4496-bc29-08bc521fa0d2 0b56078c22b24945b67708de2a20284c 259120fc650b4bb2832d92cc62e3c4fe - - default default] Successfully bumped revision number for resource c14aceff-2292-43d2-be43-3ff399cd1b65 (type: security_group_rules) to 0
2026-07-17 13:57:25.875 7 INFO neutron.db.ovn_revision_numbers_db [None req-f4fa691a-979e-4496-bc29-08bc521fa0d2 0b56078c22b24945b67708de2a20284c 259120fc650b4bb2832d92cc62e3c4fe - - default default] Successfully bumped revision number for resource e2265e21-e467-4754-aba3-6f541469aa5a (type: security_group_rules) to 0 [pid: 7|app: 0|req: 1254/2555] 10.0.0.107 () {32 vars in 774 bytes} [Fri Jul 17 13:57:25 2026] GET /v2.0/security-groups?tenant_id=40b5fe1f968a4b63b81b8f8432444d30&name=default => generated 2929 bytes in 220 msecs (HTTP/1.1 200) 4 headers in 158 bytes (1 switches on core 0) [pid: 8|app: 0|req: 1302/2556] 10.0.0.107 () {32 vars in 740 bytes} [Fri Jul 17 13:57:25 2026] DELETE /v2.0/security-groups/9d3e9140-eacc-4590-ac2d-3a37e1dde70b => generated 0 bytes in 193 msecs (HTTP/1.1 204) 2 headers in 112 bytes (1 switches on core 0)
2026-07-17 13:57:26.262 7 WARNING neutron.db.securitygroups_db [None req-4666ff1c-277b-4fb2-a3aa-4f16df8b4727 0b56078c22b24945b67708de2a20284c 259120fc650b4bb2832d92cc62e3c4fe - - default default] project_id key not found in filters, using tenant_id instead. This support has been deprecated and will be removed in a future release. [pid: 7|app: 0|req: 1255/2557] 10.0.0.107 () {32 vars in 774 bytes} [Fri Jul 17 13:57:26 2026] GET /v2.0/security-groups?tenant_id=c612dbf7f88547118ea79303af421d4c&name=default => generated 2929 bytes in 30 msecs (HTTP/1.1 200) 4 headers in 158 bytes (1 switches on core 0) [pid: 8|app: 0|req: 1303/2558] 10.0.0.107 () {32 vars in 740 bytes} [Fri Jul 17 13:57:26 2026] DELETE /v2.0/security-groups/cf009bab-ea07-4b97-b7e4-b9ab2ac7a7d9 => generated 0 bytes in 237 msecs (HTTP/1.1 204) 2 headers in 112 bytes (1 switches on core 0) [pid: 7|app: 0|req: 1256/2559] 10.0.0.30 () {28 vars in 590 bytes} [Fri Jul 17 13:57:26 2026] GET /v2.0/floatingips => generated 19 bytes in 215 msecs (HTTP/1.1 200) 4 headers in 156 bytes (1 switches on core 0) [pid: 8|app: 0|req: 1304/2560] 10.0.0.30 () {28 vars in 582 bytes} [Fri Jul 17 13:57:26 2026] GET /v2.0/subnets => generated 1308 bytes in 28 msecs (HTTP/1.1 200) 4 headers in 158 bytes (1 switches on core 0) [pid: 7|app: 0|req: 1257/2561] 10.0.0.30 () {28 vars in 580 bytes} [Fri Jul 17 13:57:26 2026] GET /v2.0/agents => generated 1214 bytes in 48 msecs (HTTP/1.1 200) 4 headers in 158 bytes (1 switches on core 0) [pid: 8|app: 0|req: 1305/2562] 10.0.0.30 () {28 vars in 618 bytes} [Fri Jul 17 13:57:26 2026] GET /v2.0/network-ip-availabilities => generated 1867 bytes in 19 msecs (HTTP/1.1 200) 4 headers in 158 bytes (1 switches on core 0) [pid: 7|app: 0|req: 1258/2563] 10.0.0.30 () {28 vars in 582 bytes} [Fri Jul 17 13:57:26 2026] GET /v2.0/subnets => generated 1308 bytes in 34 msecs (HTTP/1.1 200) 4 headers in 158 bytes (1 switches on core 0) [pid: 8|app: 0|req: 1306/2564] 10.0.0.30 () {28 vars in 590 bytes} [Fri Jul 17 13:57:26 2026] GET /v2.0/subnetpools => generated 19 bytes in 13 msecs (HTTP/1.1 200) 4 headers in 156 bytes (1 switches on core 0) [pid: 7|app: 0|req: 1259/2565] 10.0.0.30 () {28 vars in 578 bytes} [Fri Jul 17 13:57:26 2026] GET /v2.0/ports => generated 5219 bytes in 46 msecs (HTTP/1.1 200) 4 headers in 158 bytes (1 switches on core 0) [pid: 8|app: 0|req: 1307/2566] 10.0.0.30 () {28 vars in 582 bytes} [Fri Jul 17 13:57:27 2026] GET /v2.0/routers => generated 15 bytes in 25 msecs (HTTP/1.1 200) 4 headers in 156 bytes (1 switches on core 0) [pid: 7|app: 0|req: 1260/2567] 10.0.0.30 () {28 vars in 623 bytes} [Fri Jul 17 13:57:27 2026] GET /v2.0/agents?binary=ovn-controller => generated 416 bytes in 15 msecs (HTTP/1.1 200) 4 headers in 157 bytes (1 switches on core 0) [pid: 8|app: 0|req: 1308/2568] 10.0.0.30 () {28 vars in 598 bytes} [Fri Jul 17 13:57:27 2026] GET /v2.0/security-groups => generated 17401 bytes in 35 msecs (HTTP/1.1 200) 4 headers in 159 bytes (1 switches on core 0) [pid: 7|app: 0|req: 1261/2569] 10.0.0.30 () {28 vars in 584 bytes} [Fri Jul 17 13:57:27 2026] GET /v2.0/networks => generated 2288 bytes in 58 msecs (HTTP/1.1 200) 4 headers in 158 bytes (1 switches on core 0)
2026-07-17 13:57:30.838 8 INFO neutron.db.ovn_revision_numbers_db [None req-37752b6d-426c-4fab-9881-e55d2bc10537 f1016b3d22a348988eba71ad6213bee1 05af784ebd74492e91bfd687f4c8e64c - - default default] Successfully bumped revision number for resource f8c7ef1c-2360-4cff-bf53-906dd5e3dd84 (type: security_groups) to 1
2026-07-17 13:57:30.852 8 INFO neutron.db.ovn_revision_numbers_db [None req-37752b6d-426c-4fab-9881-e55d2bc10537 f1016b3d22a348988eba71ad6213bee1 05af784ebd74492e91bfd687f4c8e64c - - default default] Successfully bumped revision number for resource bd325782-b83f-45c8-b51c-b848cf2b5185 (type: security_group_rules) to 0
2026-07-17 13:57:30.865 8 INFO neutron.db.ovn_revision_numbers_db [None req-37752b6d-426c-4fab-9881-e55d2bc10537 f1016b3d22a348988eba71ad6213bee1 05af784ebd74492e91bfd687f4c8e64c - - default default] Successfully bumped revision number for resource e505c92b-ac05-439e-bea4-6a652ab341da (type: security_group_rules) to 0
2026-07-17 13:57:30.879 8 INFO neutron.db.ovn_revision_numbers_db [None req-37752b6d-426c-4fab-9881-e55d2bc10537 f1016b3d22a348988eba71ad6213bee1 05af784ebd74492e91bfd687f4c8e64c - - default default] Successfully bumped revision number for resource e9ff4280-6f50-4dc6-a422-f0369222022c (type: security_group_rules) to 0
2026-07-17 13:57:30.891 8 INFO neutron.db.ovn_revision_numbers_db [None req-37752b6d-426c-4fab-9881-e55d2bc10537 f1016b3d22a348988eba71ad6213bee1 05af784ebd74492e91bfd687f4c8e64c - - default default] Successfully bumped revision number for resource f18eb007-66e9-4796-b69f-f806fef351f1 (type: security_group_rules) to 0
2026-07-17 13:57:30.971 8 INFO neutron.db.segments_db [None req-37752b6d-426c-4fab-9881-e55d2bc10537 f1016b3d22a348988eba71ad6213bee1 05af784ebd74492e91bfd687f4c8e64c - - default default] Added segment 585bbc51-1241-416d-ab52-a0d3c778024e of type geneve for network c1884150-2c38-43b1-acc2-dcb0ad9165e8
2026-07-17 13:57:31.082 8 INFO neutron.db.ovn_revision_numbers_db [None req-37752b6d-426c-4fab-9881-e55d2bc10537 f1016b3d22a348988eba71ad6213bee1 05af784ebd74492e91bfd687f4c8e64c - - default default] Successfully bumped revision number for resource c1884150-2c38-43b1-acc2-dcb0ad9165e8 (type: networks) to 1
2026-07-17 13:57:31.261 8 WARNING neutron.scheduler.dhcp_agent_scheduler [None req-37752b6d-426c-4fab-9881-e55d2bc10537 f1016b3d22a348988eba71ad6213bee1 05af784ebd74492e91bfd687f4c8e64c - - default default] No more DHCP agents
2026-07-17 13:57:31.263 8 WARNING neutron.api.rpc.agentnotifiers.dhcp_rpc_agent_api [None req-37752b6d-426c-4fab-9881-e55d2bc10537 f1016b3d22a348988eba71ad6213bee1 05af784ebd74492e91bfd687f4c8e64c - - default default] Unable to schedule network c1884150-2c38-43b1-acc2-dcb0ad9165e8: no agents available; will retry on subsequent port and subnet creation events.
2026-07-17 13:57:31.319 7 INFO neutron.plugins.ml2.drivers.ovn.mech_driver.mech_driver [None req-07606fec-e1bc-4786-93bd-2269c003fd4c - - - - - -] OVN reports status down for port: 3b281637-e276-42ec-8758-308e249b6158
2026-07-17 13:57:31.335 8 INFO neutron.db.ovn_revision_numbers_db [None req-37752b6d-426c-4fab-9881-e55d2bc10537 f1016b3d22a348988eba71ad6213bee1 05af784ebd74492e91bfd687f4c8e64c - - default default] Successfully bumped revision number for resource 3b281637-e276-42ec-8758-308e249b6158 (type: ports) to 1 [pid: 8|app: 0|req: 1310/2572] 10.0.0.107 () {34 vars in 670 bytes} [Fri Jul 17 13:57:30 2026] POST /v2.0/networks => generated 669 bytes in 866 msecs (HTTP/1.1 201) 4 headers in 162 bytes (1 switches on core 0)
2026-07-17 13:57:31.629 7 WARNING neutron.scheduler.dhcp_agent_scheduler [None req-a919d3e4-29e9-4d25-b618-84665733abf6 f1016b3d22a348988eba71ad6213bee1 05af784ebd74492e91bfd687f4c8e64c - - default default] No more DHCP agents
2026-07-17 13:57:31.630 7 WARNING neutron.api.rpc.agentnotifiers.dhcp_rpc_agent_api [None req-a919d3e4-29e9-4d25-b618-84665733abf6 f1016b3d22a348988eba71ad6213bee1 05af784ebd74492e91bfd687f4c8e64c - - default default] Unable to schedule network c1884150-2c38-43b1-acc2-dcb0ad9165e8: no agents available; will retry on subsequent port and subnet creation events.
2026-07-17 13:57:31.682 8 INFO neutron.plugins.ml2.drivers.ovn.mech_driver.mech_driver [None req-96c8a8da-1312-4e8c-9ffc-1836b74bd7d4 - - - - - -] OVN reports status down for port: a79a5ef9-b735-4490-a7e0-6220520b37a1
2026-07-17 13:57:31.724 7 INFO neutron.db.ovn_revision_numbers_db [None req-a919d3e4-29e9-4d25-b618-84665733abf6 f1016b3d22a348988eba71ad6213bee1 05af784ebd74492e91bfd687f4c8e64c - - default default] Successfully bumped revision number for resource a79a5ef9-b735-4490-a7e0-6220520b37a1 (type: ports) to 1 [pid: 7|app: 0|req: 1263/2573] 10.0.0.107 () {34 vars in 664 bytes} [Fri Jul 17 13:57:31 2026] POST /v2.0/ports => generated 743 bytes in 383 msecs (HTTP/1.1 201) 4 headers in 162 bytes (1 switches on core 0)
2026-07-17 13:57:31.847 8 INFO neutron.db.segments_db [None req-525d4811-7d63-4f83-bfa1-135c335a14dd f1016b3d22a348988eba71ad6213bee1 05af784ebd74492e91bfd687f4c8e64c - - default default] Added segment f68e8812-6793-4e98-baeb-bbebb63717c0 of type geneve for network c7269a3e-21ac-45a0-bbd7-cf3c202f1786
2026-07-17 13:57:31.951 8 INFO neutron.db.ovn_revision_numbers_db [None req-525d4811-7d63-4f83-bfa1-135c335a14dd f1016b3d22a348988eba71ad6213bee1 05af784ebd74492e91bfd687f4c8e64c - - default default] Successfully bumped revision number for resource c7269a3e-21ac-45a0-bbd7-cf3c202f1786 (type: networks) to 1
2026-07-17 13:57:32.094 8 WARNING neutron.scheduler.dhcp_agent_scheduler [None req-525d4811-7d63-4f83-bfa1-135c335a14dd f1016b3d22a348988eba71ad6213bee1 05af784ebd74492e91bfd687f4c8e64c - - default default] No more DHCP agents
2026-07-17 13:57:32.095 8 WARNING neutron.api.rpc.agentnotifiers.dhcp_rpc_agent_api [None req-525d4811-7d63-4f83-bfa1-135c335a14dd f1016b3d22a348988eba71ad6213bee1 05af784ebd74492e91bfd687f4c8e64c - - default default] Unable to schedule network c7269a3e-21ac-45a0-bbd7-cf3c202f1786: no agents available; will retry on subsequent port and subnet creation events.
2026-07-17 13:57:32.144 7 INFO neutron.plugins.ml2.drivers.ovn.mech_driver.mech_driver [None req-07606fec-e1bc-4786-93bd-2269c003fd4c - - - - - -] OVN reports status down for port: b95814ce-b41e-4d37-8817-b25ca51b8a28
2026-07-17 13:57:32.158 8 INFO neutron.db.ovn_revision_numbers_db [None req-525d4811-7d63-4f83-bfa1-135c335a14dd f1016b3d22a348988eba71ad6213bee1 05af784ebd74492e91bfd687f4c8e64c - - default default] Successfully bumped revision number for resource b95814ce-b41e-4d37-8817-b25ca51b8a28 (type: ports) to 1 [pid: 8|app: 0|req: 1311/2574] 10.0.0.107 () {34 vars in 670 bytes} [Fri Jul 17 13:57:31 2026] POST /v2.0/networks => generated 669 bytes in 418 msecs (HTTP/1.1 201) 4 headers in 162 bytes (1 switches on core 0) /var/lib/openstack/lib/python3.12/site-packages/pycadf/identifier.py:70: UserWarning: Invalid uuid: neutron. To ensure interoperability, identifiers should be a valid uuid. warnings.warn(('Invalid uuid: %s. To ensure interoperability, '
2026-07-17 13:57:32.424 7 WARNING neutron.scheduler.dhcp_agent_scheduler [None req-081499d7-d6a2-4a14-aa81-892cd148d36f f1016b3d22a348988eba71ad6213bee1 05af784ebd74492e91bfd687f4c8e64c - - default default] No more DHCP agents
2026-07-17 13:57:32.426 7 WARNING neutron.api.rpc.agentnotifiers.dhcp_rpc_agent_api [None req-081499d7-d6a2-4a14-aa81-892cd148d36f f1016b3d22a348988eba71ad6213bee1 05af784ebd74492e91bfd687f4c8e64c - - default default] Unable to schedule network c7269a3e-21ac-45a0-bbd7-cf3c202f1786: no agents available; will retry on subsequent port and subnet creation events.
2026-07-17 13:57:32.486 8 INFO neutron.plugins.ml2.drivers.ovn.mech_driver.mech_driver [None req-96c8a8da-1312-4e8c-9ffc-1836b74bd7d4 - - - - - -] OVN reports status down for port: b3123e0c-d34f-40af-83b9-1d835f65c88c
2026-07-17 13:57:32.536 7 INFO neutron.db.ovn_revision_numbers_db [None req-081499d7-d6a2-4a14-aa81-892cd148d36f f1016b3d22a348988eba71ad6213bee1 05af784ebd74492e91bfd687f4c8e64c - - default default] Successfully bumped revision number for resource b3123e0c-d34f-40af-83b9-1d835f65c88c (type: ports) to 1 [pid: 7|app: 0|req: 1264/2575] 10.0.0.107 () {34 vars in 664 bytes} [Fri Jul 17 13:57:32 2026] POST /v2.0/ports => generated 743 bytes in 381 msecs (HTTP/1.1 201) 4 headers in 162 bytes (1 switches on core 0)
2026-07-17 13:57:32.668 8 INFO neutron.db.segments_db [None req-0fa7bee8-8adf-45c4-953d-709b66495a43 f1016b3d22a348988eba71ad6213bee1 05af784ebd74492e91bfd687f4c8e64c - - default default] Added segment db7a2678-729f-430d-9d85-4b0238ddf34b of type geneve for network 8ddeb693-3c6c-4ad2-8368-c77cd0f86d2d
2026-07-17 13:57:32.760 8 INFO neutron.db.ovn_revision_numbers_db [None req-0fa7bee8-8adf-45c4-953d-709b66495a43 f1016b3d22a348988eba71ad6213bee1 05af784ebd74492e91bfd687f4c8e64c - - default default] Successfully bumped revision number for resource 8ddeb693-3c6c-4ad2-8368-c77cd0f86d2d (type: networks) to 1
2026-07-17 13:57:32.936 8 WARNING neutron.scheduler.dhcp_agent_scheduler [None req-0fa7bee8-8adf-45c4-953d-709b66495a43 f1016b3d22a348988eba71ad6213bee1 05af784ebd74492e91bfd687f4c8e64c - - default default] No more DHCP agents
2026-07-17 13:57:32.938 8 WARNING neutron.api.rpc.agentnotifiers.dhcp_rpc_agent_api [None req-0fa7bee8-8adf-45c4-953d-709b66495a43 f1016b3d22a348988eba71ad6213bee1 05af784ebd74492e91bfd687f4c8e64c - - default default] Unable to schedule network 8ddeb693-3c6c-4ad2-8368-c77cd0f86d2d: no agents available; will retry on subsequent port and subnet creation events.
2026-07-17 13:57:32.979 8 INFO neutron.plugins.ml2.drivers.ovn.mech_driver.mech_driver [None req-96c8a8da-1312-4e8c-9ffc-1836b74bd7d4 - - - - - -] OVN reports status down for port: 9be9819a-6051-432e-9236-ced0436a3ed4
2026-07-17 13:57:33.032 8 INFO neutron.db.ovn_revision_numbers_db [None req-0fa7bee8-8adf-45c4-953d-709b66495a43 f1016b3d22a348988eba71ad6213bee1 05af784ebd74492e91bfd687f4c8e64c - - default default] Successfully bumped revision number for resource 9be9819a-6051-432e-9236-ced0436a3ed4 (type: ports) to 1 [pid: 8|app: 0|req: 1312/2576] 10.0.0.107 () {34 vars in 670 bytes} [Fri Jul 17 13:57:32 2026] POST /v2.0/networks => generated 670 bytes in 506 msecs (HTTP/1.1 201) 4 headers in 162 bytes (1 switches on core 0) /var/lib/openstack/lib/python3.12/site-packages/pycadf/identifier.py:70: UserWarning: Invalid uuid: neutron. To ensure interoperability, identifiers should be a valid uuid. warnings.warn(('Invalid uuid: %s. To ensure interoperability, '
2026-07-17 13:57:33.296 7 WARNING neutron.scheduler.dhcp_agent_scheduler [None req-7e35e7a8-e743-474e-bacd-684939455f8e f1016b3d22a348988eba71ad6213bee1 05af784ebd74492e91bfd687f4c8e64c - - default default] No more DHCP agents
2026-07-17 13:57:33.298 7 WARNING neutron.api.rpc.agentnotifiers.dhcp_rpc_agent_api [None req-7e35e7a8-e743-474e-bacd-684939455f8e f1016b3d22a348988eba71ad6213bee1 05af784ebd74492e91bfd687f4c8e64c - - default default] Unable to schedule network 8ddeb693-3c6c-4ad2-8368-c77cd0f86d2d: no agents available; will retry on subsequent port and subnet creation events.
2026-07-17 13:57:33.349 7 INFO neutron.plugins.ml2.drivers.ovn.mech_driver.mech_driver [None req-07606fec-e1bc-4786-93bd-2269c003fd4c - - - - - -] OVN reports status down for port: c526de3b-c984-4107-abfa-be84cba82940
2026-07-17 13:57:33.411 7 INFO neutron.db.ovn_revision_numbers_db [None req-7e35e7a8-e743-474e-bacd-684939455f8e f1016b3d22a348988eba71ad6213bee1 05af784ebd74492e91bfd687f4c8e64c - - default default] Successfully bumped revision number for resource c526de3b-c984-4107-abfa-be84cba82940 (type: ports) to 1 [pid: 7|app: 0|req: 1265/2577] 10.0.0.107 () {34 vars in 664 bytes} [Fri Jul 17 13:57:33 2026] POST /v2.0/ports => generated 743 bytes in 377 msecs (HTTP/1.1 201) 4 headers in 162 bytes (1 switches on core 0)
2026-07-17 13:57:33.553 8 INFO neutron.db.segments_db [None req-c4781ec4-74e3-4156-bcb7-f714ca51298f f1016b3d22a348988eba71ad6213bee1 05af784ebd74492e91bfd687f4c8e64c - - default default] Added segment 362d8e83-3c69-418d-95fc-fdf2e0e03add of type geneve for network b3dc743d-d791-4d74-8153-b91aea942366
2026-07-17 13:57:33.692 8 INFO neutron.db.ovn_revision_numbers_db [None req-c4781ec4-74e3-4156-bcb7-f714ca51298f f1016b3d22a348988eba71ad6213bee1 05af784ebd74492e91bfd687f4c8e64c - - default default] Successfully bumped revision number for resource b3dc743d-d791-4d74-8153-b91aea942366 (type: networks) to 1
2026-07-17 13:57:33.863 8 WARNING neutron.scheduler.dhcp_agent_scheduler [None req-c4781ec4-74e3-4156-bcb7-f714ca51298f f1016b3d22a348988eba71ad6213bee1 05af784ebd74492e91bfd687f4c8e64c - - default default] No more DHCP agents
2026-07-17 13:57:33.865 8 WARNING neutron.api.rpc.agentnotifiers.dhcp_rpc_agent_api [None req-c4781ec4-74e3-4156-bcb7-f714ca51298f f1016b3d22a348988eba71ad6213bee1 05af784ebd74492e91bfd687f4c8e64c - - default default] Unable to schedule network b3dc743d-d791-4d74-8153-b91aea942366: no agents available; will retry on subsequent port and subnet creation events.
2026-07-17 13:57:33.909 7 INFO neutron.plugins.ml2.drivers.ovn.mech_driver.mech_driver [None req-07606fec-e1bc-4786-93bd-2269c003fd4c - - - - - -] OVN reports status down for port: 568af242-11ec-4d4b-89a0-960e7f232dff
2026-07-17 13:57:33.940 8 INFO neutron.db.ovn_revision_numbers_db [None req-c4781ec4-74e3-4156-bcb7-f714ca51298f f1016b3d22a348988eba71ad6213bee1 05af784ebd74492e91bfd687f4c8e64c - - default default] Successfully bumped revision number for resource 568af242-11ec-4d4b-89a0-960e7f232dff (type: ports) to 1 [pid: 8|app: 0|req: 1313/2578] 10.0.0.107 () {34 vars in 670 bytes} [Fri Jul 17 13:57:33 2026] POST /v2.0/networks => generated 670 bytes in 499 msecs (HTTP/1.1 201) 4 headers in 162 bytes (1 switches on core 0) /var/lib/openstack/lib/python3.12/site-packages/pycadf/identifier.py:70: UserWarning: Invalid uuid: neutron. To ensure interoperability, identifiers should be a valid uuid. warnings.warn(('Invalid uuid: %s. To ensure interoperability, '
2026-07-17 13:57:34.201 7 WARNING neutron.scheduler.dhcp_agent_scheduler [None req-b27c7979-e31b-4a44-b132-08512e1bfe6e f1016b3d22a348988eba71ad6213bee1 05af784ebd74492e91bfd687f4c8e64c - - default default] No more DHCP agents
2026-07-17 13:57:34.202 7 WARNING neutron.api.rpc.agentnotifiers.dhcp_rpc_agent_api [None req-b27c7979-e31b-4a44-b132-08512e1bfe6e f1016b3d22a348988eba71ad6213bee1 05af784ebd74492e91bfd687f4c8e64c - - default default] Unable to schedule network b3dc743d-d791-4d74-8153-b91aea942366: no agents available; will retry on subsequent port and subnet creation events.
2026-07-17 13:57:34.249 7 INFO neutron.plugins.ml2.drivers.ovn.mech_driver.mech_driver [None req-07606fec-e1bc-4786-93bd-2269c003fd4c - - - - - -] OVN reports status down for port: 568454d9-736b-41cd-aa5b-ece6c94272f7
2026-07-17 13:57:34.318 7 INFO neutron.db.ovn_revision_numbers_db [None req-b27c7979-e31b-4a44-b132-08512e1bfe6e f1016b3d22a348988eba71ad6213bee1 05af784ebd74492e91bfd687f4c8e64c - - default default] Successfully bumped revision number for resource 568454d9-736b-41cd-aa5b-ece6c94272f7 (type: ports) to 1 [pid: 7|app: 0|req: 1266/2579] 10.0.0.107 () {34 vars in 664 bytes} [Fri Jul 17 13:57:33 2026] POST /v2.0/ports => generated 743 bytes in 382 msecs (HTTP/1.1 201) 4 headers in 162 bytes (1 switches on core 0)
2026-07-17 13:57:34.441 8 INFO neutron.db.segments_db [None req-d5a35bce-4a03-49ce-b0c3-0675112fac71 f1016b3d22a348988eba71ad6213bee1 05af784ebd74492e91bfd687f4c8e64c - - default default] Added segment d61a4068-7e07-4e33-b792-2db5ac6eae29 of type geneve for network 19c1f74c-7f3b-4eb6-853d-bf5b60ab66dc
2026-07-17 13:57:34.571 8 INFO neutron.db.ovn_revision_numbers_db [None req-d5a35bce-4a03-49ce-b0c3-0675112fac71 f1016b3d22a348988eba71ad6213bee1 05af784ebd74492e91bfd687f4c8e64c - - default default] Successfully bumped revision number for resource 19c1f74c-7f3b-4eb6-853d-bf5b60ab66dc (type: networks) to 1
2026-07-17 13:57:34.755 8 WARNING neutron.scheduler.dhcp_agent_scheduler [None req-d5a35bce-4a03-49ce-b0c3-0675112fac71 f1016b3d22a348988eba71ad6213bee1 05af784ebd74492e91bfd687f4c8e64c - - default default] No more DHCP agents
2026-07-17 13:57:34.757 8 WARNING neutron.api.rpc.agentnotifiers.dhcp_rpc_agent_api [None req-d5a35bce-4a03-49ce-b0c3-0675112fac71 f1016b3d22a348988eba71ad6213bee1 05af784ebd74492e91bfd687f4c8e64c - - default default] Unable to schedule network 19c1f74c-7f3b-4eb6-853d-bf5b60ab66dc: no agents available; will retry on subsequent port and subnet creation events.
2026-07-17 13:57:34.798 8 INFO neutron.plugins.ml2.drivers.ovn.mech_driver.mech_driver [None req-96c8a8da-1312-4e8c-9ffc-1836b74bd7d4 - - - - - -] OVN reports status down for port: ce790e21-d37f-4054-a8eb-6c7c8afe3852
2026-07-17 13:57:34.856 8 INFO neutron.db.ovn_revision_numbers_db [None req-d5a35bce-4a03-49ce-b0c3-0675112fac71 f1016b3d22a348988eba71ad6213bee1 05af784ebd74492e91bfd687f4c8e64c - - default default] Successfully bumped revision number for resource ce790e21-d37f-4054-a8eb-6c7c8afe3852 (type: ports) to 1 [pid: 8|app: 0|req: 1314/2580] 10.0.0.107 () {34 vars in 670 bytes} [Fri Jul 17 13:57:34 2026] POST /v2.0/networks => generated 669 bytes in 551 msecs (HTTP/1.1 201) 4 headers in 162 bytes (1 switches on core 0) /var/lib/openstack/lib/python3.12/site-packages/pycadf/identifier.py:70: UserWarning: Invalid uuid: neutron. To ensure interoperability, identifiers should be a valid uuid. warnings.warn(('Invalid uuid: %s. To ensure interoperability, '
2026-07-17 13:57:35.127 7 WARNING neutron.scheduler.dhcp_agent_scheduler [None req-7d59a378-8e24-4f24-8b6c-ba3353a7f76a f1016b3d22a348988eba71ad6213bee1 05af784ebd74492e91bfd687f4c8e64c - - default default] No more DHCP agents
2026-07-17 13:57:35.128 7 WARNING neutron.api.rpc.agentnotifiers.dhcp_rpc_agent_api [None req-7d59a378-8e24-4f24-8b6c-ba3353a7f76a f1016b3d22a348988eba71ad6213bee1 05af784ebd74492e91bfd687f4c8e64c - - default default] Unable to schedule network 19c1f74c-7f3b-4eb6-853d-bf5b60ab66dc: no agents available; will retry on subsequent port and subnet creation events.
