2026-07-17 13:53:35.725 7 WARNING neutron.notifiers.nova [-] Nova event matching ['req-36eba2b7-ddcd-4833-84d4-87a5306b9ee7']: {'server_uuid': '785052e7-cd8e-4434-95ef-fe5b3a96632d', 'name': 'network-vif-deleted', 'tag': 'b34c20f8-dc07-462f-92fe-3acfb73e21f9', 'status': 'failed', 'code': 422} returned with failed status [pid: 7|app: 0|req: 515/1049] 10.0.0.243 () {34 vars in 1070 bytes} [Fri Jul 17 13:53:36 2026] GET /v2.0/ports?fields=security_groups&fields=device_id&device_id=fd8d1f79-8ef0-4401-a6e7-d9e9bf2b3c56 => generated 123 bytes in 34 msecs (HTTP/1.1 200) 4 headers in 157 bytes (1 switches on core 0) [pid: 8|app: 0|req: 535/1050] 10.0.0.243 () {34 vars in 1040 bytes} [Fri Jul 17 13:53:36 2026] GET /v2.0/security-groups?id=2d73fc39-2500-4e0a-87cb-e0c210c0b5c8&fields=id&fields=name => generated 114 bytes in 32 msecs (HTTP/1.1 200) 4 headers in 157 bytes (1 switches on core 0) [pid: 7|app: 0|req: 516/1051] 10.0.0.123 () {34 vars in 990 bytes} [Fri Jul 17 13:53:36 2026] GET /v2.0/ports?device_id=785052e7-cd8e-4434-95ef-fe5b3a96632d => generated 12 bytes in 27 msecs (HTTP/1.1 200) 4 headers in 156 bytes (1 switches on core 0) [pid: 8|app: 0|req: 536/1052] 10.0.0.243 () {34 vars in 1070 bytes} [Fri Jul 17 13:53:36 2026] GET /v2.0/ports?fields=security_groups&fields=device_id&device_id=785052e7-cd8e-4434-95ef-fe5b3a96632d => generated 12 bytes in 24 msecs (HTTP/1.1 200) 4 headers in 156 bytes (1 switches on core 0) [pid: 7|app: 0|req: 517/1053] 10.0.0.243 () {34 vars in 990 bytes} [Fri Jul 17 13:53:36 2026] GET /v2.0/ports?device_id=785052e7-cd8e-4434-95ef-fe5b3a96632d => generated 12 bytes in 31 msecs (HTTP/1.1 200) 4 headers in 156 bytes (1 switches on core 0) [pid: 8|app: 0|req: 537/1054] 10.0.0.107 () {32 vars in 740 bytes} [Fri Jul 17 13:53:36 2026] DELETE /v2.0/security-groups/672a34f4-b735-46db-99e8-076fd0122c1b => generated 0 bytes in 142 msecs (HTTP/1.1 204) 2 headers in 112 bytes (1 switches on core 0)
2026-07-17 13:53:36.901 7 INFO neutron.api.v2.resource [None req-faa0d829-e78b-4862-83f5-b1ff4787b4b8 d3ba80a38205433f964fed69991dddb0 4eb87d512ce4423ba5f307e3e42c55ae - - default default] show failed (client error): The resource could not be found. [pid: 7|app: 0|req: 518/1055] 10.0.0.107 () {32 vars in 737 bytes} [Fri Jul 17 13:53:36 2026] GET /v2.0/security-groups/672a34f4-b735-46db-99e8-076fd0122c1b => generated 146 bytes in 13 msecs (HTTP/1.1 404) 4 headers in 164 bytes (1 switches on core 0)
2026-07-17 13:53:37.030 8 INFO neutron_taas.services.taas.taas_plugin [None req-1ee1b7ce-8881-46a9-9dd3-fc1abc064f98 d3ba80a38205433f964fed69991dddb0 4eb87d512ce4423ba5f307e3e42c55ae - - default default] TaaS: Handle Delete Port: 76a3e0c9-8056-43a4-9064-a1410fe3592e
2026-07-17 13:53:37.033 8 INFO neutron_taas.services.taas.tap_mirror_plugin [None req-1ee1b7ce-8881-46a9-9dd3-fc1abc064f98 d3ba80a38205433f964fed69991dddb0 4eb87d512ce4423ba5f307e3e42c55ae - - default default] Tap Mirror: Handle Delete Port: 76a3e0c9-8056-43a4-9064-a1410fe3592e [pid: 8|app: 0|req: 538/1056] 10.0.0.107 () {32 vars in 732 bytes} [Fri Jul 17 13:53:36 2026] DELETE /v2.0/floatingips/0936e3b4-e8e4-4c60-8571-63a879515efb => generated 0 bytes in 285 msecs (HTTP/1.1 204) 2 headers in 112 bytes (1 switches on core 0) [pid: 8|app: 0|req: 539/1057] 10.0.0.243 () {34 vars in 1070 bytes} [Fri Jul 17 13:53:37 2026] GET /v2.0/ports?fields=security_groups&fields=device_id&device_id=fd8d1f79-8ef0-4401-a6e7-d9e9bf2b3c56 => generated 123 bytes in 57 msecs (HTTP/1.1 200) 4 headers in 157 bytes (1 switches on core 0) [pid: 8|app: 0|req: 540/1058] 10.0.0.243 () {34 vars in 1040 bytes} [Fri Jul 17 13:53:37 2026] GET /v2.0/security-groups?id=2d73fc39-2500-4e0a-87cb-e0c210c0b5c8&fields=id&fields=name => generated 114 bytes in 31 msecs (HTTP/1.1 200) 4 headers in 157 bytes (1 switches on core 0)
2026-07-17 13:53:37.486 7 INFO neutron_taas.services.taas.taas_plugin [None req-34775725-e2d8-4aa1-b13d-945b891dcd2c 0b56078c22b24945b67708de2a20284c 259120fc650b4bb2832d92cc62e3c4fe - - default default] TaaS: Handle Delete Port: 5bfc727f-17d7-496a-a458-adf586797c97
2026-07-17 13:53:37.489 7 INFO neutron_taas.services.taas.tap_mirror_plugin [None req-34775725-e2d8-4aa1-b13d-945b891dcd2c 0b56078c22b24945b67708de2a20284c 259120fc650b4bb2832d92cc62e3c4fe - - default default] Tap Mirror: Handle Delete Port: 5bfc727f-17d7-496a-a458-adf586797c97 [pid: 7|app: 0|req: 519/1059] 10.0.0.107 () {34 vars in 789 bytes} [Fri Jul 17 13:53:37 2026] PUT /v2.0/routers/7837481e-bec6-4d2a-8191-46be7dafed12/remove_router_interface => generated 310 bytes in 842 msecs (HTTP/1.1 200) 4 headers in 157 bytes (1 switches on core 0) /var/lib/openstack/lib/python3.12/site-packages/pycadf/identifier.py:70: UserWarning: Invalid uuid: neutron. To ensure interoperability, identifiers should be a valid uuid. warnings.warn(('Invalid uuid: %s. To ensure interoperability, '
2026-07-17 13:53:38.182 8 WARNING neutron.db.securitygroups_db [None req-d821cae3-606c-4bf4-862d-80d38809d4c8 0b56078c22b24945b67708de2a20284c 259120fc650b4bb2832d92cc62e3c4fe - - default default] project_id key not found in filters, using tenant_id instead. This support has been deprecated and will be removed in a future release.
2026-07-17 13:53:38.304 8 INFO neutron.db.ovn_revision_numbers_db [None req-d821cae3-606c-4bf4-862d-80d38809d4c8 0b56078c22b24945b67708de2a20284c 259120fc650b4bb2832d92cc62e3c4fe - - default default] Successfully bumped revision number for resource 1334e79a-6fec-466e-87ad-0834b4577889 (type: security_groups) to 1
2026-07-17 13:53:38.316 8 INFO neutron.db.ovn_revision_numbers_db [None req-d821cae3-606c-4bf4-862d-80d38809d4c8 0b56078c22b24945b67708de2a20284c 259120fc650b4bb2832d92cc62e3c4fe - - default default] Successfully bumped revision number for resource 13eabff3-bf59-476a-ad6a-ede81c974d1d (type: security_group_rules) to 0
2026-07-17 13:53:38.329 8 INFO neutron.db.ovn_revision_numbers_db [None req-d821cae3-606c-4bf4-862d-80d38809d4c8 0b56078c22b24945b67708de2a20284c 259120fc650b4bb2832d92cc62e3c4fe - - default default] Successfully bumped revision number for resource 1a63f189-787c-4806-a09d-9955e6c159f1 (type: security_group_rules) to 0
2026-07-17 13:53:38.342 8 INFO neutron.db.ovn_revision_numbers_db [None req-d821cae3-606c-4bf4-862d-80d38809d4c8 0b56078c22b24945b67708de2a20284c 259120fc650b4bb2832d92cc62e3c4fe - - default default] Successfully bumped revision number for resource 3a4cc300-6ff6-4c7c-8256-57bcea2be337 (type: security_group_rules) to 0
2026-07-17 13:53:38.354 7 INFO neutron_taas.services.taas.taas_plugin [None req-e3bded5a-73cb-41f2-88e5-819762082eef 0b56078c22b24945b67708de2a20284c 259120fc650b4bb2832d92cc62e3c4fe - - default default] TaaS: Handle Delete Port: 6ccebcb6-ff5e-4ef3-9d1f-a050b8934226
2026-07-17 13:53:38.357 7 INFO neutron_taas.services.taas.tap_mirror_plugin [None req-e3bded5a-73cb-41f2-88e5-819762082eef 0b56078c22b24945b67708de2a20284c 259120fc650b4bb2832d92cc62e3c4fe - - default default] Tap Mirror: Handle Delete Port: 6ccebcb6-ff5e-4ef3-9d1f-a050b8934226
2026-07-17 13:53:38.358 8 INFO neutron.db.ovn_revision_numbers_db [None req-d821cae3-606c-4bf4-862d-80d38809d4c8 0b56078c22b24945b67708de2a20284c 259120fc650b4bb2832d92cc62e3c4fe - - default default] Successfully bumped revision number for resource 4ac5e54f-711b-446c-ba5c-53307ad25a53 (type: security_group_rules) to 0 [pid: 8|app: 0|req: 541/1060] 10.0.0.107 () {32 vars in 774 bytes} [Fri Jul 17 13:53:38 2026] GET /v2.0/security-groups?tenant_id=b2809ba17d1c425f90de322aaf3ccffe&name=default => generated 2925 bytes in 365 msecs (HTTP/1.1 200) 4 headers in 158 bytes (1 switches on core 0)
2026-07-17 13:53:38.441 8 WARNING neutron.db.securitygroups_db [None req-30d82d60-0415-4fdb-aba3-ce22b0319551 0b56078c22b24945b67708de2a20284c 259120fc650b4bb2832d92cc62e3c4fe - - default default] project_id key not found in filters, using tenant_id instead. This support has been deprecated and will be removed in a future release.
2026-07-17 13:53:38.562 8 INFO neutron.db.ovn_revision_numbers_db [None req-30d82d60-0415-4fdb-aba3-ce22b0319551 0b56078c22b24945b67708de2a20284c 259120fc650b4bb2832d92cc62e3c4fe - - default default] Successfully bumped revision number for resource 8f7e6187-664d-4a72-9460-bc90dc1c41f7 (type: security_groups) to 1
2026-07-17 13:53:38.579 8 INFO neutron.db.ovn_revision_numbers_db [None req-30d82d60-0415-4fdb-aba3-ce22b0319551 0b56078c22b24945b67708de2a20284c 259120fc650b4bb2832d92cc62e3c4fe - - default default] Successfully bumped revision number for resource 19dbca37-72ec-4c5d-be1b-b8a3f39d70f8 (type: security_group_rules) to 0
2026-07-17 13:53:38.592 8 INFO neutron.db.ovn_revision_numbers_db [None req-30d82d60-0415-4fdb-aba3-ce22b0319551 0b56078c22b24945b67708de2a20284c 259120fc650b4bb2832d92cc62e3c4fe - - default default] Successfully bumped revision number for resource 29ea3659-9220-4f0a-ade7-f83d5ea053c0 (type: security_group_rules) to 0
2026-07-17 13:53:38.605 8 INFO neutron.db.ovn_revision_numbers_db [None req-30d82d60-0415-4fdb-aba3-ce22b0319551 0b56078c22b24945b67708de2a20284c 259120fc650b4bb2832d92cc62e3c4fe - - default default] Successfully bumped revision number for resource 9787dfa8-1db5-4b9a-b576-a84f97099828 (type: security_group_rules) to 0
2026-07-17 13:53:38.616 8 INFO neutron.db.ovn_revision_numbers_db [None req-30d82d60-0415-4fdb-aba3-ce22b0319551 0b56078c22b24945b67708de2a20284c 259120fc650b4bb2832d92cc62e3c4fe - - default default] Successfully bumped revision number for resource d3ccd902-bb5e-4d26-ab67-1ce5fbcf3dac (type: security_group_rules) to 0 [pid: 8|app: 0|req: 542/1061] 10.0.0.107 () {32 vars in 774 bytes} [Fri Jul 17 13:53:38 2026] GET /v2.0/security-groups?tenant_id=7e7ea7219bee44e48984b5f652041212&name=default => generated 2925 bytes in 262 msecs (HTTP/1.1 200) 4 headers in 158 bytes (1 switches on core 0) [pid: 8|app: 0|req: 543/1062] 10.0.0.243 () {34 vars in 1070 bytes} [Fri Jul 17 13:53:38 2026] GET /v2.0/ports?fields=security_groups&fields=device_id&device_id=fd8d1f79-8ef0-4401-a6e7-d9e9bf2b3c56 => generated 123 bytes in 69 msecs (HTTP/1.1 200) 4 headers in 157 bytes (1 switches on core 0) [pid: 7|app: 0|req: 520/1063] 10.0.0.107 () {32 vars in 724 bytes} [Fri Jul 17 13:53:38 2026] DELETE /v2.0/routers/7837481e-bec6-4d2a-8191-46be7dafed12 => generated 0 bytes in 712 msecs (HTTP/1.1 204) 2 headers in 112 bytes (1 switches on core 0) [pid: 8|app: 0|req: 544/1064] 10.0.0.107 () {32 vars in 740 bytes} [Fri Jul 17 13:53:38 2026] DELETE /v2.0/security-groups/1334e79a-6fec-466e-87ad-0834b4577889 => generated 0 bytes in 171 msecs (HTTP/1.1 204) 2 headers in 112 bytes (1 switches on core 0) [pid: 7|app: 0|req: 521/1065] 10.0.0.107 () {32 vars in 740 bytes} [Fri Jul 17 13:53:38 2026] DELETE /v2.0/security-groups/8f7e6187-664d-4a72-9460-bc90dc1c41f7 => generated 0 bytes in 154 msecs (HTTP/1.1 204) 2 headers in 112 bytes (1 switches on core 0) [pid: 8|app: 0|req: 545/1066] 10.0.0.243 () {34 vars in 1040 bytes} [Fri Jul 17 13:53:38 2026] GET /v2.0/security-groups?id=2d73fc39-2500-4e0a-87cb-e0c210c0b5c8&fields=id&fields=name => generated 114 bytes in 28 msecs (HTTP/1.1 200) 4 headers in 157 bytes (1 switches on core 0)
2026-07-17 13:53:38.980 8 WARNING neutron.db.securitygroups_db [None req-2f5294a1-59a8-4f91-ab65-66ffdc3c4074 0b56078c22b24945b67708de2a20284c 259120fc650b4bb2832d92cc62e3c4fe - - default default] project_id key not found in filters, using tenant_id instead. This support has been deprecated and will be removed in a future release. [pid: 7|app: 0|req: 522/1067] 10.0.0.107 () {32 vars in 724 bytes} [Fri Jul 17 13:53:38 2026] DELETE /v2.0/subnets/a52932a3-57f3-4f72-9b37-237318b6a7a8 => generated 0 bytes in 143 msecs (HTTP/1.1 204) 3 headers in 131 bytes (1 switches on core 0)
2026-07-17 13:53:39.074 8 INFO neutron.db.ovn_revision_numbers_db [None req-2f5294a1-59a8-4f91-ab65-66ffdc3c4074 0b56078c22b24945b67708de2a20284c 259120fc650b4bb2832d92cc62e3c4fe - - default default] Successfully bumped revision number for resource 7699d7e1-5d0b-430e-912f-871dba0d4421 (type: security_groups) to 1
2026-07-17 13:53:39.082 8 INFO neutron.db.ovn_revision_numbers_db [None req-2f5294a1-59a8-4f91-ab65-66ffdc3c4074 0b56078c22b24945b67708de2a20284c 259120fc650b4bb2832d92cc62e3c4fe - - default default] Successfully bumped revision number for resource 30bab2d4-7d3f-4b27-8358-9d07bba8131b (type: security_group_rules) to 0
2026-07-17 13:53:39.092 8 INFO neutron.db.ovn_revision_numbers_db [None req-2f5294a1-59a8-4f91-ab65-66ffdc3c4074 0b56078c22b24945b67708de2a20284c 259120fc650b4bb2832d92cc62e3c4fe - - default default] Successfully bumped revision number for resource 5cd1408e-d11b-4006-b525-a6cb4b7beaab (type: security_group_rules) to 0
2026-07-17 13:53:39.103 8 INFO neutron.db.ovn_revision_numbers_db [None req-2f5294a1-59a8-4f91-ab65-66ffdc3c4074 0b56078c22b24945b67708de2a20284c 259120fc650b4bb2832d92cc62e3c4fe - - default default] Successfully bumped revision number for resource a11adfbd-ab4e-46f3-b06b-f9d36e5d978a (type: security_group_rules) to 0
2026-07-17 13:53:39.113 8 INFO neutron.db.ovn_revision_numbers_db [None req-2f5294a1-59a8-4f91-ab65-66ffdc3c4074 0b56078c22b24945b67708de2a20284c 259120fc650b4bb2832d92cc62e3c4fe - - default default] Successfully bumped revision number for resource a52663be-9721-45b5-ba53-13507ddfa669 (type: security_group_rules) to 0 [pid: 8|app: 0|req: 546/1068] 10.0.0.107 () {32 vars in 774 bytes} [Fri Jul 17 13:53:38 2026] GET /v2.0/security-groups?tenant_id=bd005a641f85491b8a323917cd9202d3&name=default => generated 2925 bytes in 162 msecs (HTTP/1.1 200) 4 headers in 158 bytes (1 switches on core 0)
2026-07-17 13:53:39.176 7 INFO neutron_taas.services.taas.taas_plugin [None req-772514c3-d0a0-4d37-b5db-a6e63d210328 0b56078c22b24945b67708de2a20284c 259120fc650b4bb2832d92cc62e3c4fe - - default default] TaaS: Handle Delete Port: 7b036ab7-00cf-4b16-9afd-d24686e06400
2026-07-17 13:53:39.179 7 INFO neutron_taas.services.taas.tap_mirror_plugin [None req-772514c3-d0a0-4d37-b5db-a6e63d210328 0b56078c22b24945b67708de2a20284c 259120fc650b4bb2832d92cc62e3c4fe - - default default] Tap Mirror: Handle Delete Port: 7b036ab7-00cf-4b16-9afd-d24686e06400 [pid: 8|app: 0|req: 547/1069] 10.0.0.107 () {32 vars in 740 bytes} [Fri Jul 17 13:53:39 2026] DELETE /v2.0/security-groups/7699d7e1-5d0b-430e-912f-871dba0d4421 => generated 0 bytes in 118 msecs (HTTP/1.1 204) 2 headers in 112 bytes (1 switches on core 0)
2026-07-17 13:53:39.366 7 INFO neutron.services.segments.plugin [-] Segment 92b9c9fc-dd94-421d-9767-dbf668816704 resource provider aggregate not found
2026-07-17 13:53:39.368 7 INFO neutron.services.segments.plugin [-] Segment 92b9c9fc-dd94-421d-9767-dbf668816704 resource provider aggregate not found
2026-07-17 13:53:39.387 7 INFO neutron.services.segments.plugin [-] Client error retrieving segment 92b9c9fc-dd94-421d-9767-dbf668816704 resource provider; error: Placement Client Error (4xx): {"errors": [{"status": 404, "title": "Not Found", "detail": "The resource could not be found.\n\n No resource provider with uuid 92b9c9fc-dd94-421d-9767-dbf668816704 found for delete ", "request_id": "req-c242775b-cda9-4d3d-86a8-a183de01179e"}]}
2026-07-17 13:53:39.392 7 INFO neutron.services.segments.plugin [-] Client error retrieving segment 92b9c9fc-dd94-421d-9767-dbf668816704 resource provider; error: Placement Client Error (4xx): {"errors": [{"status": 404, "title": "Not Found", "detail": "The resource could not be found.\n\n No resource provider with uuid 92b9c9fc-dd94-421d-9767-dbf668816704 found for delete ", "request_id": "req-825a73af-e8ac-4d72-9d16-ee6586c98346"}]} [pid: 7|app: 0|req: 523/1070] 10.0.0.107 () {32 vars in 726 bytes} [Fri Jul 17 13:53:39 2026] DELETE /v2.0/networks/c6ee5aab-9983-4f0e-9dc3-c3a257d34aa5 => generated 0 bytes in 360 msecs (HTTP/1.1 204) 3 headers in 131 bytes (1 switches on core 0)
2026-07-17 13:53:39.606 8 WARNING neutron.db.securitygroups_db [None req-c0094f5c-429f-4b69-96ad-1176947ea6ab 0b56078c22b24945b67708de2a20284c 259120fc650b4bb2832d92cc62e3c4fe - - default default] project_id key not found in filters, using tenant_id instead. This support has been deprecated and will be removed in a future release. [pid: 8|app: 0|req: 548/1071] 10.0.0.107 () {32 vars in 774 bytes} [Fri Jul 17 13:53:39 2026] GET /v2.0/security-groups?tenant_id=4eb87d512ce4423ba5f307e3e42c55ae&name=default => generated 2925 bytes in 61 msecs (HTTP/1.1 200) 4 headers in 158 bytes (1 switches on core 0) [pid: 7|app: 0|req: 524/1072] 10.0.0.107 () {32 vars in 740 bytes} [Fri Jul 17 13:53:39 2026] DELETE /v2.0/security-groups/9aa632b4-38bb-46d0-bdfb-74c1c1a19f81 => generated 0 bytes in 195 msecs (HTTP/1.1 204) 2 headers in 112 bytes (1 switches on core 0) [pid: 8|app: 0|req: 549/1073] 10.0.0.243 () {34 vars in 1070 bytes} [Fri Jul 17 13:53:39 2026] GET /v2.0/ports?fields=security_groups&fields=device_id&device_id=fd8d1f79-8ef0-4401-a6e7-d9e9bf2b3c56 => generated 123 bytes in 40 msecs (HTTP/1.1 200) 4 headers in 157 bytes (1 switches on core 0) [pid: 7|app: 0|req: 525/1074] 10.0.0.243 () {34 vars in 1040 bytes} [Fri Jul 17 13:53:40 2026] GET /v2.0/security-groups?id=2d73fc39-2500-4e0a-87cb-e0c210c0b5c8&fields=id&fields=name => generated 114 bytes in 35 msecs (HTTP/1.1 200) 4 headers in 157 bytes (1 switches on core 0)
2026-07-17 13:53:41.050 8 INFO neutron.db.ovn_revision_numbers_db [None req-7bcbec17-205a-4423-af01-9debb4257aa3 6b5cc995c5e8480894b492a988edb982 e3c680f3289d4d0cb9934e8ea606f0e7 - - default default] Successfully bumped revision number for resource 81aa14a4-8623-4da8-8df0-92f271df0e89 (type: security_groups) to 1
2026-07-17 13:53:41.064 8 INFO neutron.db.ovn_revision_numbers_db [None req-7bcbec17-205a-4423-af01-9debb4257aa3 6b5cc995c5e8480894b492a988edb982 e3c680f3289d4d0cb9934e8ea606f0e7 - - default default] Successfully bumped revision number for resource 35349137-0ca9-4541-9dc9-41787ae5b2fb (type: security_group_rules) to 0
2026-07-17 13:53:41.077 8 INFO neutron.db.ovn_revision_numbers_db [None req-7bcbec17-205a-4423-af01-9debb4257aa3 6b5cc995c5e8480894b492a988edb982 e3c680f3289d4d0cb9934e8ea606f0e7 - - default default] Successfully bumped revision number for resource 4202096c-b73d-4be3-aa9c-cab9d15bd14d (type: security_group_rules) to 0
2026-07-17 13:53:41.092 8 INFO neutron.db.ovn_revision_numbers_db [None req-7bcbec17-205a-4423-af01-9debb4257aa3 6b5cc995c5e8480894b492a988edb982 e3c680f3289d4d0cb9934e8ea606f0e7 - - default default] Successfully bumped revision number for resource 53ab14ea-237d-4cf0-ab35-c07c9c3bd68d (type: security_group_rules) to 0
2026-07-17 13:53:41.107 8 INFO neutron.db.ovn_revision_numbers_db [None req-7bcbec17-205a-4423-af01-9debb4257aa3 6b5cc995c5e8480894b492a988edb982 e3c680f3289d4d0cb9934e8ea606f0e7 - - default default] Successfully bumped revision number for resource 9c4a26a9-b1fc-459f-a149-873dd985702b (type: security_group_rules) to 0
2026-07-17 13:53:41.192 8 INFO neutron.db.segments_db [None req-7bcbec17-205a-4423-af01-9debb4257aa3 6b5cc995c5e8480894b492a988edb982 e3c680f3289d4d0cb9934e8ea606f0e7 - - default default] Added segment b7f131e2-4c30-4ed8-a419-5be05613900c of type geneve for network 2a53fb70-e6c4-475d-a954-2806dc3deb0a
2026-07-17 13:53:41.342 8 INFO neutron.db.ovn_revision_numbers_db [None req-7bcbec17-205a-4423-af01-9debb4257aa3 6b5cc995c5e8480894b492a988edb982 e3c680f3289d4d0cb9934e8ea606f0e7 - - default default] Successfully bumped revision number for resource 2a53fb70-e6c4-475d-a954-2806dc3deb0a (type: networks) to 1
2026-07-17 13:53:41.347 7 INFO neutron.db.ovn_revision_numbers_db [None req-14f00e8b-8ec3-4a19-9c54-af8d86345b5e f1a7643672a142fb87aaff4996b45a7f 28a8a05b474e4df0a34525b3b87c09c2 - - default default] Successfully bumped revision number for resource 0f1a0aca-3cd0-42f0-b4d6-8d348720cfeb (type: security_groups) to 1
2026-07-17 13:53:41.359 7 INFO neutron.db.ovn_revision_numbers_db [None req-14f00e8b-8ec3-4a19-9c54-af8d86345b5e f1a7643672a142fb87aaff4996b45a7f 28a8a05b474e4df0a34525b3b87c09c2 - - default default] Successfully bumped revision number for resource 06754c59-8491-4fee-8eda-d73b95234f8a (type: security_group_rules) to 0
2026-07-17 13:53:41.397 7 INFO neutron.db.ovn_revision_numbers_db [None req-14f00e8b-8ec3-4a19-9c54-af8d86345b5e f1a7643672a142fb87aaff4996b45a7f 28a8a05b474e4df0a34525b3b87c09c2 - - default default] Successfully bumped revision number for resource 0fcccc3a-1fb6-412f-83e4-5628adab3aed (type: security_group_rules) to 0
2026-07-17 13:53:41.409 7 INFO neutron.db.ovn_revision_numbers_db [None req-14f00e8b-8ec3-4a19-9c54-af8d86345b5e f1a7643672a142fb87aaff4996b45a7f 28a8a05b474e4df0a34525b3b87c09c2 - - default default] Successfully bumped revision number for resource e26ac609-a89a-4d12-b84c-8599573b8baa (type: security_group_rules) to 0
2026-07-17 13:53:41.422 7 INFO neutron.db.ovn_revision_numbers_db [None req-14f00e8b-8ec3-4a19-9c54-af8d86345b5e f1a7643672a142fb87aaff4996b45a7f 28a8a05b474e4df0a34525b3b87c09c2 - - default default] Successfully bumped revision number for resource efbd9e60-f0dd-4748-a719-6a309152a723 (type: security_group_rules) to 0
2026-07-17 13:53:41.505 7 INFO neutron.db.segments_db [None req-14f00e8b-8ec3-4a19-9c54-af8d86345b5e f1a7643672a142fb87aaff4996b45a7f 28a8a05b474e4df0a34525b3b87c09c2 - - default default] Added segment 78324a72-f9de-4c3b-8d4c-58b279f34c31 of type geneve for network 1173ad93-a5b2-4adb-8580-94b4ec332a58
2026-07-17 13:53:41.623 8 WARNING neutron.scheduler.dhcp_agent_scheduler [None req-7bcbec17-205a-4423-af01-9debb4257aa3 6b5cc995c5e8480894b492a988edb982 e3c680f3289d4d0cb9934e8ea606f0e7 - - default default] No more DHCP agents
2026-07-17 13:53:41.625 8 WARNING neutron.api.rpc.agentnotifiers.dhcp_rpc_agent_api [None req-7bcbec17-205a-4423-af01-9debb4257aa3 6b5cc995c5e8480894b492a988edb982 e3c680f3289d4d0cb9934e8ea606f0e7 - - default default] Unable to schedule network 2a53fb70-e6c4-475d-a954-2806dc3deb0a: no agents available; will retry on subsequent port and subnet creation events.
2026-07-17 13:53:41.662 7 INFO neutron.db.ovn_revision_numbers_db [None req-14f00e8b-8ec3-4a19-9c54-af8d86345b5e f1a7643672a142fb87aaff4996b45a7f 28a8a05b474e4df0a34525b3b87c09c2 - - default default] Successfully bumped revision number for resource 1173ad93-a5b2-4adb-8580-94b4ec332a58 (type: networks) to 1
2026-07-17 13:53:41.699 8 INFO neutron.plugins.ml2.drivers.ovn.mech_driver.mech_driver [None req-83e5ce8c-9119-41bc-a4e4-613a62578939 - - - - - -] OVN reports status down for port: c304c0a1-87d4-46b3-9ce0-72eef5901085
2026-07-17 13:53:41.775 8 INFO neutron.db.ovn_revision_numbers_db [None req-7bcbec17-205a-4423-af01-9debb4257aa3 6b5cc995c5e8480894b492a988edb982 e3c680f3289d4d0cb9934e8ea606f0e7 - - default default] Successfully bumped revision number for resource c304c0a1-87d4-46b3-9ce0-72eef5901085 (type: ports) to 1 [pid: 8|app: 0|req: 550/1075] 10.0.0.107 () {34 vars in 670 bytes} [Fri Jul 17 13:53:40 2026] POST /v2.0/networks => generated 672 bytes in 1158 msecs (HTTP/1.1 201) 4 headers in 162 bytes (1 switches on core 0) [pid: 8|app: 0|req: 551/1076] 10.0.0.243 () {34 vars in 1070 bytes} [Fri Jul 17 13:53:41 2026] GET /v2.0/ports?fields=security_groups&fields=device_id&device_id=fd8d1f79-8ef0-4401-a6e7-d9e9bf2b3c56 => generated 123 bytes in 42 msecs (HTTP/1.1 200) 4 headers in 157 bytes (1 switches on core 0)
2026-07-17 13:53:41.945 7 WARNING neutron.scheduler.dhcp_agent_scheduler [None req-14f00e8b-8ec3-4a19-9c54-af8d86345b5e f1a7643672a142fb87aaff4996b45a7f 28a8a05b474e4df0a34525b3b87c09c2 - - default default] No more DHCP agents
2026-07-17 13:53:41.946 7 WARNING neutron.api.rpc.agentnotifiers.dhcp_rpc_agent_api [None req-14f00e8b-8ec3-4a19-9c54-af8d86345b5e f1a7643672a142fb87aaff4996b45a7f 28a8a05b474e4df0a34525b3b87c09c2 - - default default] Unable to schedule network 1173ad93-a5b2-4adb-8580-94b4ec332a58: no agents available; will retry on subsequent port and subnet creation events.
2026-07-17 13:53:41.998 8 INFO neutron.db.segments_db [None req-454c398f-46fb-45f5-a7a6-f4eb7452382e 6b5cc995c5e8480894b492a988edb982 e3c680f3289d4d0cb9934e8ea606f0e7 - - default default] Added segment e35d5a14-de04-4f49-9305-6521f6a2b2a5 of type geneve for network 51f7b518-e852-44eb-8e48-59f2f21f6ddf
2026-07-17 13:53:42.001 8 INFO neutron.plugins.ml2.drivers.ovn.mech_driver.mech_driver [None req-83e5ce8c-9119-41bc-a4e4-613a62578939 - - - - - -] OVN reports status down for port: 4aaae869-3916-4c1c-97a4-f6234fed6dfd
2026-07-17 13:53:42.025 7 INFO neutron.db.ovn_revision_numbers_db [None req-14f00e8b-8ec3-4a19-9c54-af8d86345b5e f1a7643672a142fb87aaff4996b45a7f 28a8a05b474e4df0a34525b3b87c09c2 - - default default] Successfully bumped revision number for resource 4aaae869-3916-4c1c-97a4-f6234fed6dfd (type: ports) to 1 [pid: 7|app: 0|req: 526/1077] 10.0.0.107 () {34 vars in 670 bytes} [Fri Jul 17 13:53:41 2026] POST /v2.0/networks => generated 688 bytes in 964 msecs (HTTP/1.1 201) 4 headers in 162 bytes (1 switches on core 0) [pid: 7|app: 0|req: 527/1078] 10.0.0.243 () {34 vars in 1040 bytes} [Fri Jul 17 13:53:42 2026] GET /v2.0/security-groups?id=2d73fc39-2500-4e0a-87cb-e0c210c0b5c8&fields=id&fields=name => generated 114 bytes in 30 msecs (HTTP/1.1 200) 4 headers in 157 bytes (1 switches on core 0)
2026-07-17 13:53:42.159 8 INFO neutron.db.ovn_revision_numbers_db [None req-454c398f-46fb-45f5-a7a6-f4eb7452382e 6b5cc995c5e8480894b492a988edb982 e3c680f3289d4d0cb9934e8ea606f0e7 - - default default] Successfully bumped revision number for resource 51f7b518-e852-44eb-8e48-59f2f21f6ddf (type: networks) to 1
2026-07-17 13:53:42.261 7 WARNING neutron.scheduler.dhcp_agent_scheduler [None req-f8d766f5-0001-4de5-8d71-05d06d1e51c7 f1a7643672a142fb87aaff4996b45a7f 28a8a05b474e4df0a34525b3b87c09c2 - - default default] No more DHCP agents
2026-07-17 13:53:42.262 7 WARNING neutron.api.rpc.agentnotifiers.dhcp_rpc_agent_api [None req-f8d766f5-0001-4de5-8d71-05d06d1e51c7 f1a7643672a142fb87aaff4996b45a7f 28a8a05b474e4df0a34525b3b87c09c2 - - default default] Unable to schedule network 1173ad93-a5b2-4adb-8580-94b4ec332a58: no agents available; will retry on subsequent port and subnet creation events.
2026-07-17 13:53:42.285 7 INFO neutron.db.ovn_revision_numbers_db [None req-f8d766f5-0001-4de5-8d71-05d06d1e51c7 f1a7643672a142fb87aaff4996b45a7f 28a8a05b474e4df0a34525b3b87c09c2 - - default default] Successfully bumped revision number for resource d818825a-c0af-4050-97b6-869e4eedacd9 (type: subnets) to 0 [pid: 7|app: 0|req: 528/1079] 10.0.0.107 () {34 vars in 669 bytes} [Fri Jul 17 13:53:42 2026] POST /v2.0/subnets => generated 627 bytes in 213 msecs (HTTP/1.1 201) 4 headers in 162 bytes (1 switches on core 0)
2026-07-17 13:53:42.328 8 WARNING neutron.scheduler.dhcp_agent_scheduler [None req-454c398f-46fb-45f5-a7a6-f4eb7452382e 6b5cc995c5e8480894b492a988edb982 e3c680f3289d4d0cb9934e8ea606f0e7 - - default default] No more DHCP agents
2026-07-17 13:53:42.330 8 WARNING neutron.api.rpc.agentnotifiers.dhcp_rpc_agent_api [None req-454c398f-46fb-45f5-a7a6-f4eb7452382e 6b5cc995c5e8480894b492a988edb982 e3c680f3289d4d0cb9934e8ea606f0e7 - - default default] Unable to schedule network 51f7b518-e852-44eb-8e48-59f2f21f6ddf: no agents available; will retry on subsequent port and subnet creation events.
2026-07-17 13:53:42.378 7 INFO neutron.plugins.ml2.drivers.ovn.mech_driver.mech_driver [None req-90275ec4-33b6-4c08-b1f1-e972b1d98cca - - - - - -] OVN reports status down for port: 165b8603-5e86-4605-bec7-317b5fb101f7
2026-07-17 13:53:42.400 8 INFO neutron.db.ovn_revision_numbers_db [None req-454c398f-46fb-45f5-a7a6-f4eb7452382e 6b5cc995c5e8480894b492a988edb982 e3c680f3289d4d0cb9934e8ea606f0e7 - - default default] Successfully bumped revision number for resource 165b8603-5e86-4605-bec7-317b5fb101f7 (type: ports) to 1 [pid: 8|app: 0|req: 552/1080] 10.0.0.107 () {34 vars in 670 bytes} [Fri Jul 17 13:53:41 2026] POST /v2.0/networks => generated 672 bytes in 543 msecs (HTTP/1.1 201) 4 headers in 162 bytes (1 switches on core 0)
2026-07-17 13:53:42.643 8 WARNING neutron.scheduler.dhcp_agent_scheduler [None req-8fa53f87-c237-43d8-b1d0-30110f4b103d 6b5cc995c5e8480894b492a988edb982 e3c680f3289d4d0cb9934e8ea606f0e7 - - default default] No more DHCP agents
2026-07-17 13:53:42.646 8 WARNING neutron.api.rpc.agentnotifiers.dhcp_rpc_agent_api [None req-8fa53f87-c237-43d8-b1d0-30110f4b103d 6b5cc995c5e8480894b492a988edb982 e3c680f3289d4d0cb9934e8ea606f0e7 - - default default] Unable to schedule network 2a53fb70-e6c4-475d-a954-2806dc3deb0a: no agents available; will retry on subsequent port and subnet creation events.
2026-07-17 13:53:42.690 8 INFO neutron.db.ovn_revision_numbers_db [None req-8fa53f87-c237-43d8-b1d0-30110f4b103d 6b5cc995c5e8480894b492a988edb982 e3c680f3289d4d0cb9934e8ea606f0e7 - - default default] Successfully bumped revision number for resource 166228d5-2c0e-4f56-908c-4e96e854b665 (type: subnets) to 0 [pid: 8|app: 0|req: 553/1081] 10.0.0.107 () {34 vars in 669 bytes} [Fri Jul 17 13:53:42 2026] POST /v2.0/subnets => generated 646 bytes in 276 msecs (HTTP/1.1 201) 4 headers in 162 bytes (1 switches on core 0)
2026-07-17 13:53:42.842 8 WARNING neutron.scheduler.dhcp_agent_scheduler [None req-5c85d2dc-a7a3-49b1-8e64-49aad9739bea 6b5cc995c5e8480894b492a988edb982 e3c680f3289d4d0cb9934e8ea606f0e7 - - default default] No more DHCP agents
2026-07-17 13:53:42.843 8 WARNING neutron.api.rpc.agentnotifiers.dhcp_rpc_agent_api [None req-5c85d2dc-a7a3-49b1-8e64-49aad9739bea 6b5cc995c5e8480894b492a988edb982 e3c680f3289d4d0cb9934e8ea606f0e7 - - default default] Unable to schedule network 51f7b518-e852-44eb-8e48-59f2f21f6ddf: no agents available; will retry on subsequent port and subnet creation events.
2026-07-17 13:53:42.877 8 INFO neutron.db.ovn_revision_numbers_db [None req-5c85d2dc-a7a3-49b1-8e64-49aad9739bea 6b5cc995c5e8480894b492a988edb982 e3c680f3289d4d0cb9934e8ea606f0e7 - - default default] Successfully bumped revision number for resource 594af433-f552-4f39-911c-a48734abd870 (type: subnets) to 0 [pid: 8|app: 0|req: 556/1084] 10.0.0.107 () {34 vars in 669 bytes} [Fri Jul 17 13:53:42 2026] POST /v2.0/subnets => generated 655 bytes in 187 msecs (HTTP/1.1 201) 4 headers in 162 bytes (1 switches on core 0)
2026-07-17 13:53:43.007 8 INFO neutron.db.ovn_revision_numbers_db [None req-3c2422e0-c069-4069-8c65-a4c89042f843 6b5cc995c5e8480894b492a988edb982 e3c680f3289d4d0cb9934e8ea606f0e7 - - default default] Successfully bumped revision number for resource ccda5217-9067-4cfd-bd65-7d5958cf453d (type: routers) to 1 [pid: 8|app: 0|req: 557/1085] 10.0.0.107 () {34 vars in 669 bytes} [Fri Jul 17 13:53:42 2026] POST /v2.0/routers => generated 628 bytes in 116 msecs (HTTP/1.1 201) 4 headers in 162 bytes (1 switches on core 0)
2026-07-17 13:53:43.279 7 WARNING neutron.scheduler.dhcp_agent_scheduler [None req-8fa09369-daf1-43ff-92d2-9344b2bbdc1f f1a7643672a142fb87aaff4996b45a7f 28a8a05b474e4df0a34525b3b87c09c2 - - default default] No more DHCP agents
2026-07-17 13:53:43.280 7 WARNING neutron.api.rpc.agentnotifiers.dhcp_rpc_agent_api [None req-8fa09369-daf1-43ff-92d2-9344b2bbdc1f f1a7643672a142fb87aaff4996b45a7f 28a8a05b474e4df0a34525b3b87c09c2 - - default default] Unable to schedule network 3465483a-59ff-466b-af17-c03558f0ef2a: no agents available; will retry on subsequent port and subnet creation events.
2026-07-17 13:53:43.391 7 INFO neutron.plugins.ml2.drivers.ovn.mech_driver.mech_driver [None req-90275ec4-33b6-4c08-b1f1-e972b1d98cca - - - - - -] OVN reports status down for port: 3f6a636a-58a2-45ce-9023-fa37ca7738ef
2026-07-17 13:53:43.445 8 WARNING neutron.scheduler.dhcp_agent_scheduler [None req-4dbf04b3-e591-4d02-b94d-84c7f87252b3 6b5cc995c5e8480894b492a988edb982 e3c680f3289d4d0cb9934e8ea606f0e7 - - default default] No more DHCP agents
2026-07-17 13:53:43.446 8 WARNING neutron.api.rpc.agentnotifiers.dhcp_rpc_agent_api [None req-4dbf04b3-e591-4d02-b94d-84c7f87252b3 6b5cc995c5e8480894b492a988edb982 e3c680f3289d4d0cb9934e8ea606f0e7 - - default default] Unable to schedule network 2a53fb70-e6c4-475d-a954-2806dc3deb0a: no agents available; will retry on subsequent port and subnet creation events.
2026-07-17 13:53:43.448 7 INFO neutron.db.ovn_revision_numbers_db [None req-8fa09369-daf1-43ff-92d2-9344b2bbdc1f f1a7643672a142fb87aaff4996b45a7f 28a8a05b474e4df0a34525b3b87c09c2 - - default default] Successfully bumped revision number for resource 3f6a636a-58a2-45ce-9023-fa37ca7738ef (type: ports) to 1
2026-07-17 13:53:43.558 7 INFO neutron.plugins.ml2.drivers.ovn.mech_driver.mech_driver [None req-90275ec4-33b6-4c08-b1f1-e972b1d98cca - - - - - -] OVN reports status down for port: 33d19502-8f62-4475-ad77-8e6fd239898c
2026-07-17 13:53:43.573 8 INFO neutron.db.ovn_revision_numbers_db [None req-4dbf04b3-e591-4d02-b94d-84c7f87252b3 6b5cc995c5e8480894b492a988edb982 e3c680f3289d4d0cb9934e8ea606f0e7 - - default default] Successfully bumped revision number for resource 33d19502-8f62-4475-ad77-8e6fd239898c (type: ports) to 1
2026-07-17 13:53:44.064 7 INFO neutron.plugins.ml2.drivers.ovn.mech_driver.mech_driver [None req-90275ec4-33b6-4c08-b1f1-e972b1d98cca - - - - - -] OVN reports status up for port: 33d19502-8f62-4475-ad77-8e6fd239898c
2026-07-17 13:53:44.083 7 INFO neutron.plugins.ml2.plugin [None req-90275ec4-33b6-4c08-b1f1-e972b1d98cca - - - - - -] Attempt 1 to provision port 33d19502-8f62-4475-ad77-8e6fd239898c
2026-07-17 13:53:44.137 8 WARNING neutron.scheduler.dhcp_agent_scheduler [None req-4dbf04b3-e591-4d02-b94d-84c7f87252b3 6b5cc995c5e8480894b492a988edb982 e3c680f3289d4d0cb9934e8ea606f0e7 - - default default] No more DHCP agents
2026-07-17 13:53:44.138 8 WARNING neutron.api.rpc.agentnotifiers.dhcp_rpc_agent_api [None req-4dbf04b3-e591-4d02-b94d-84c7f87252b3 6b5cc995c5e8480894b492a988edb982 e3c680f3289d4d0cb9934e8ea606f0e7 - - default default] Unable to schedule network 2a53fb70-e6c4-475d-a954-2806dc3deb0a: no agents available; will retry on subsequent port and subnet creation events.
2026-07-17 13:53:44.216 7 INFO neutron.db.ovn_revision_numbers_db [None req-8fa09369-daf1-43ff-92d2-9344b2bbdc1f f1a7643672a142fb87aaff4996b45a7f 28a8a05b474e4df0a34525b3b87c09c2 - - default default] Successfully bumped revision number for resource 3f6a636a-58a2-45ce-9023-fa37ca7738ef (type: router_ports) to 1
2026-07-17 13:53:44.380 7 INFO neutron.db.ovn_revision_numbers_db [None req-8fa09369-daf1-43ff-92d2-9344b2bbdc1f f1a7643672a142fb87aaff4996b45a7f 28a8a05b474e4df0a34525b3b87c09c2 - - default default] Successfully bumped revision number for resource ef998a93-c5fc-4bf6-8b80-dfc051b20044 (type: routers) to 2 [pid: 7|app: 0|req: 529/1086] 10.0.0.107 () {34 vars in 669 bytes} [Fri Jul 17 13:53:42 2026] POST /v2.0/routers => generated 976 bytes in 2120 msecs (HTTP/1.1 201) 4 headers in 162 bytes (1 switches on core 0)
2026-07-17 13:53:44.441 8 INFO neutron.db.ovn_revision_numbers_db [None req-4dbf04b3-e591-4d02-b94d-84c7f87252b3 6b5cc995c5e8480894b492a988edb982 e3c680f3289d4d0cb9934e8ea606f0e7 - - default default] Successfully bumped revision number for resource 33d19502-8f62-4475-ad77-8e6fd239898c (type: router_ports) to 1 [pid: 8|app: 0|req: 558/1087] 10.0.0.107 () {34 vars in 783 bytes} [Fri Jul 17 13:53:43 2026] PUT /v2.0/routers/ccda5217-9067-4cfd-bd65-7d5958cf453d/add_router_interface => generated 310 bytes in 1424 msecs (HTTP/1.1 200) 4 headers in 157 bytes (1 switches on core 0) [pid: 8|app: 0|req: 559/1088] 199.204.45.138 () {34 vars in 994 bytes} [Fri Jul 17 13:53:44 2026] GET /v2.0/ports?device_id=fd8d1f79-8ef0-4401-a6e7-d9e9bf2b3c56 => generated 973 bytes in 72 msecs (HTTP/1.1 200) 4 headers in 157 bytes (1 switches on core 0) [pid: 7|app: 0|req: 530/1089] 10.0.0.243 () {34 vars in 1070 bytes} [Fri Jul 17 13:53:44 2026] GET /v2.0/ports?fields=security_groups&fields=device_id&device_id=fd8d1f79-8ef0-4401-a6e7-d9e9bf2b3c56 => generated 123 bytes in 225 msecs (HTTP/1.1 200) 4 headers in 157 bytes (1 switches on core 0) [pid: 7|app: 0|req: 531/1090] 10.0.0.107 () {32 vars in 717 bytes} [Fri Jul 17 13:53:44 2026] GET /v2.0/ports/33d19502-8f62-4475-ad77-8e6fd239898c => generated 947 bytes in 144 msecs (HTTP/1.1 200) 4 headers in 157 bytes (1 switches on core 0)
2026-07-17 13:53:44.984 7 INFO neutron.db.ovn_revision_numbers_db [None req-90275ec4-33b6-4c08-b1f1-e972b1d98cca - - - - - -] Successfully bumped revision number for resource 33d19502-8f62-4475-ad77-8e6fd239898c (type: ports) to 2
2026-07-17 13:53:45.081 7 INFO neutron_taas.services.taas.taas_plugin [req-4d85d6ed-366a-4c88-adb1-053def1223ca req-5a833e35-6ff1-4a79-bcef-e7d43e67e1a0 724823cc9c3a4f129d5b985231cab9be 1db612ffdf4d4c87952afa29ee3d24fa - - default default] TaaS: Handle Delete Port: fc7edc5d-8bd2-41b6-bc12-434d4611b61a
2026-07-17 13:53:45.085 7 INFO neutron_taas.services.taas.tap_mirror_plugin [req-4d85d6ed-366a-4c88-adb1-053def1223ca req-5a833e35-6ff1-4a79-bcef-e7d43e67e1a0 724823cc9c3a4f129d5b985231cab9be 1db612ffdf4d4c87952afa29ee3d24fa - - default default] Tap Mirror: Handle Delete Port: fc7edc5d-8bd2-41b6-bc12-434d4611b61a
2026-07-17 13:53:45.097 8 WARNING neutron.scheduler.dhcp_agent_scheduler [None req-39d96c9d-3290-44d1-b9c0-32ea1847255f f1a7643672a142fb87aaff4996b45a7f 28a8a05b474e4df0a34525b3b87c09c2 - - default default] No more DHCP agents
2026-07-17 13:53:45.098 8 WARNING neutron.api.rpc.agentnotifiers.dhcp_rpc_agent_api [None req-39d96c9d-3290-44d1-b9c0-32ea1847255f f1a7643672a142fb87aaff4996b45a7f 28a8a05b474e4df0a34525b3b87c09c2 - - default default] Unable to schedule network 1173ad93-a5b2-4adb-8580-94b4ec332a58: no agents available; will retry on subsequent port and subnet creation events.
2026-07-17 13:53:45.258 8 INFO neutron.db.ovn_revision_numbers_db [None req-39d96c9d-3290-44d1-b9c0-32ea1847255f f1a7643672a142fb87aaff4996b45a7f 28a8a05b474e4df0a34525b3b87c09c2 - - default default] Successfully bumped revision number for resource 5a9de677-5737-434f-bd15-9471888b9e08 (type: ports) to 1 [pid: 7|app: 0|req: 532/1091] 199.204.45.138 () {36 vars in 997 bytes} [Fri Jul 17 13:53:44 2026] DELETE /v2.0/ports/fc7edc5d-8bd2-41b6-bc12-434d4611b61a => generated 0 bytes in 506 msecs (HTTP/1.1 204) 3 headers in 131 bytes (1 switches on core 0)
2026-07-17 13:53:45.337 7 WARNING neutron.notifiers.nova [-] Nova event matching ['req-5f4305ab-ea95-492c-ad6b-ef171ac31cad']: {'server_uuid': 'fd8d1f79-8ef0-4401-a6e7-d9e9bf2b3c56', 'name': 'network-vif-deleted', 'tag': 'fc7edc5d-8bd2-41b6-bc12-434d4611b61a', 'status': 'failed', 'code': 422} returned with failed status
2026-07-17 13:53:45.516 7 WARNING neutron.db.securitygroups_db [None req-e392be19-e3ea-4686-89d1-3b8624d031d0 0b56078c22b24945b67708de2a20284c 259120fc650b4bb2832d92cc62e3c4fe - - default default] project_id key not found in filters, using tenant_id instead. This support has been deprecated and will be removed in a future release.
2026-07-17 13:53:45.631 7 INFO neutron.db.ovn_revision_numbers_db [None req-e392be19-e3ea-4686-89d1-3b8624d031d0 0b56078c22b24945b67708de2a20284c 259120fc650b4bb2832d92cc62e3c4fe - - default default] Successfully bumped revision number for resource d83d82da-00d2-4863-b64a-ba80261c6428 (type: security_groups) to 1
2026-07-17 13:53:45.644 7 INFO neutron.db.ovn_revision_numbers_db [None req-e392be19-e3ea-4686-89d1-3b8624d031d0 0b56078c22b24945b67708de2a20284c 259120fc650b4bb2832d92cc62e3c4fe - - default default] Successfully bumped revision number for resource 20963499-0d31-4276-8b1a-eb5899fc9457 (type: security_group_rules) to 0
2026-07-17 13:53:45.654 7 INFO neutron.db.ovn_revision_numbers_db [None req-e392be19-e3ea-4686-89d1-3b8624d031d0 0b56078c22b24945b67708de2a20284c 259120fc650b4bb2832d92cc62e3c4fe - - default default] Successfully bumped revision number for resource 40bcda5e-7439-4dae-b723-b07f8b682404 (type: security_group_rules) to 0
2026-07-17 13:53:45.663 7 INFO neutron.db.ovn_revision_numbers_db [None req-e392be19-e3ea-4686-89d1-3b8624d031d0 0b56078c22b24945b67708de2a20284c 259120fc650b4bb2832d92cc62e3c4fe - - default default] Successfully bumped revision number for resource 45c1ef62-2a62-46f9-b39f-ad7a4a9deaf4 (type: security_group_rules) to 0
2026-07-17 13:53:45.672 7 INFO neutron.db.ovn_revision_numbers_db [None req-e392be19-e3ea-4686-89d1-3b8624d031d0 0b56078c22b24945b67708de2a20284c 259120fc650b4bb2832d92cc62e3c4fe - - default default] Successfully bumped revision number for resource 8a818ea3-a18c-4fa6-8cee-4d053204a88f (type: security_group_rules) to 0 [pid: 7|app: 0|req: 533/1092] 10.0.0.107 () {32 vars in 774 bytes} [Fri Jul 17 13:53:45 2026] GET /v2.0/security-groups?tenant_id=142cedbcbe4e4d4582db4a2b242380da&name=default => generated 2925 bytes in 415 msecs (HTTP/1.1 200) 4 headers in 158 bytes (1 switches on core 0) [pid: 7|app: 0|req: 534/1093] 10.0.0.243 () {34 vars in 1040 bytes} [Fri Jul 17 13:53:45 2026] GET /v2.0/security-groups?id=2d73fc39-2500-4e0a-87cb-e0c210c0b5c8&fields=id&fields=name => generated 114 bytes in 28 msecs (HTTP/1.1 200) 4 headers in 157 bytes (1 switches on core 0)
2026-07-17 13:53:46.050 8 WARNING neutron.scheduler.dhcp_agent_scheduler [None req-39d96c9d-3290-44d1-b9c0-32ea1847255f f1a7643672a142fb87aaff4996b45a7f 28a8a05b474e4df0a34525b3b87c09c2 - - default default] No more DHCP agents
2026-07-17 13:53:46.051 8 WARNING neutron.api.rpc.agentnotifiers.dhcp_rpc_agent_api [None req-39d96c9d-3290-44d1-b9c0-32ea1847255f f1a7643672a142fb87aaff4996b45a7f 28a8a05b474e4df0a34525b3b87c09c2 - - default default] Unable to schedule network 1173ad93-a5b2-4adb-8580-94b4ec332a58: no agents available; will retry on subsequent port and subnet creation events.
2026-07-17 13:53:46.155 7 WARNING neutron.scheduler.dhcp_agent_scheduler [None req-05cc1c55-c2b2-4b5d-b3dd-cb1217ab6fdb 6b5cc995c5e8480894b492a988edb982 e3c680f3289d4d0cb9934e8ea606f0e7 - - default default] No more DHCP agents
2026-07-17 13:53:46.157 7 WARNING neutron.api.rpc.agentnotifiers.dhcp_rpc_agent_api [None req-05cc1c55-c2b2-4b5d-b3dd-cb1217ab6fdb 6b5cc995c5e8480894b492a988edb982 e3c680f3289d4d0cb9934e8ea606f0e7 - - default default] Unable to schedule network 51f7b518-e852-44eb-8e48-59f2f21f6ddf: no agents available; will retry on subsequent port and subnet creation events.
2026-07-17 13:53:46.259 7 INFO neutron.db.ovn_revision_numbers_db [None req-05cc1c55-c2b2-4b5d-b3dd-cb1217ab6fdb 6b5cc995c5e8480894b492a988edb982 e3c680f3289d4d0cb9934e8ea606f0e7 - - default default] Successfully bumped revision number for resource e3ec32f6-1c87-4070-9cc2-4b676bb43d3a (type: ports) to 1
2026-07-17 13:53:46.356 8 INFO neutron.common.ovn.utils [None req-83e5ce8c-9119-41bc-a4e4-613a62578939 - - - - - -] HA Chassis Group neutron-1173ad93-a5b2-4adb-8580-94b4ec332a58 synchronized; highest priority chassis a24a2691-0c66-40a8-ac93-0f0568f3fbd2
2026-07-17 13:53:46.360 8 INFO neutron.db.ovn_revision_numbers_db [None req-39d96c9d-3290-44d1-b9c0-32ea1847255f f1a7643672a142fb87aaff4996b45a7f 28a8a05b474e4df0a34525b3b87c09c2 - - default default] Successfully bumped revision number for resource 5a9de677-5737-434f-bd15-9471888b9e08 (type: router_ports) to 1 [pid: 8|app: 0|req: 560/1094] 10.0.0.107 () {34 vars in 783 bytes} [Fri Jul 17 13:53:44 2026] PUT /v2.0/routers/ef998a93-c5fc-4bf6-8b80-dfc051b20044/add_router_interface => generated 310 bytes in 1844 msecs (HTTP/1.1 200) 4 headers in 157 bytes (1 switches on core 0) [pid: 8|app: 0|req: 561/1095] 10.0.0.107 () {32 vars in 740 bytes} [Fri Jul 17 13:53:46 2026] DELETE /v2.0/security-groups/d83d82da-00d2-4863-b64a-ba80261c6428 => generated 0 bytes in 206 msecs (HTTP/1.1 204) 2 headers in 112 bytes (1 switches on core 0)
2026-07-17 13:53:46.865 8 WARNING neutron.scheduler.dhcp_agent_scheduler [None req-5e490d4f-19b8-4e75-9cae-693a61248fed f1a7643672a142fb87aaff4996b45a7f 28a8a05b474e4df0a34525b3b87c09c2 - - default default] No more DHCP agents
2026-07-17 13:53:46.866 8 WARNING neutron.api.rpc.agentnotifiers.dhcp_rpc_agent_api [None req-5e490d4f-19b8-4e75-9cae-693a61248fed f1a7643672a142fb87aaff4996b45a7f 28a8a05b474e4df0a34525b3b87c09c2 - - default default] Unable to schedule network 1173ad93-a5b2-4adb-8580-94b4ec332a58: no agents available; will retry on subsequent port and subnet creation events.
2026-07-17 13:53:47.014 8 INFO neutron.db.ovn_revision_numbers_db [None req-5e490d4f-19b8-4e75-9cae-693a61248fed f1a7643672a142fb87aaff4996b45a7f 28a8a05b474e4df0a34525b3b87c09c2 - - default default] Successfully bumped revision number for resource 694aa584-2141-47f9-a627-3b03365310c3 (type: ports) to 1
2026-07-17 13:53:47.039 7 WARNING neutron.scheduler.dhcp_agent_scheduler [None req-05cc1c55-c2b2-4b5d-b3dd-cb1217ab6fdb 6b5cc995c5e8480894b492a988edb982 e3c680f3289d4d0cb9934e8ea606f0e7 - - default default] No more DHCP agents
2026-07-17 13:53:47.040 7 WARNING neutron.api.rpc.agentnotifiers.dhcp_rpc_agent_api [None req-05cc1c55-c2b2-4b5d-b3dd-cb1217ab6fdb 6b5cc995c5e8480894b492a988edb982 e3c680f3289d4d0cb9934e8ea606f0e7 - - default default] Unable to schedule network 51f7b518-e852-44eb-8e48-59f2f21f6ddf: no agents available; will retry on subsequent port and subnet creation events. [pid: 8|app: 0|req: 562/1096] 10.0.0.107 () {34 vars in 665 bytes} [Fri Jul 17 13:53:46 2026] POST /v2.0/ports => generated 954 bytes in 464 msecs (HTTP/1.1 201) 4 headers in 162 bytes (1 switches on core 0) /var/lib/openstack/lib/python3.12/site-packages/pycadf/identifier.py:70: UserWarning: Invalid uuid: neutron. To ensure interoperability, identifiers should be a valid uuid. warnings.warn(('Invalid uuid: %s. To ensure interoperability, '
2026-07-17 13:53:47.046 8 WARNING neutron.db.securitygroups_db [None req-c9eac097-23fa-4dca-926f-5d817e9048eb 0b56078c22b24945b67708de2a20284c 259120fc650b4bb2832d92cc62e3c4fe - - default default] project_id key not found in filters, using tenant_id instead. This support has been deprecated and will be removed in a future release.
2026-07-17 13:53:47.168 8 INFO neutron.db.ovn_revision_numbers_db [None req-c9eac097-23fa-4dca-926f-5d817e9048eb 0b56078c22b24945b67708de2a20284c 259120fc650b4bb2832d92cc62e3c4fe - - default default] Successfully bumped revision number for resource a510aef9-95fb-41ce-b992-ffaba51d5d02 (type: security_groups) to 1
2026-07-17 13:53:47.180 8 INFO neutron.db.ovn_revision_numbers_db [None req-c9eac097-23fa-4dca-926f-5d817e9048eb 0b56078c22b24945b67708de2a20284c 259120fc650b4bb2832d92cc62e3c4fe - - default default] Successfully bumped revision number for resource 35d576ae-c81c-4ec1-9ed7-8a82653d95fb (type: security_group_rules) to 0
2026-07-17 13:53:47.192 8 INFO neutron.db.ovn_revision_numbers_db [None req-c9eac097-23fa-4dca-926f-5d817e9048eb 0b56078c22b24945b67708de2a20284c 259120fc650b4bb2832d92cc62e3c4fe - - default default] Successfully bumped revision number for resource 482fb97a-7831-4e43-85b0-21149f46e070 (type: security_group_rules) to 0
2026-07-17 13:53:47.204 8 INFO neutron.db.ovn_revision_numbers_db [None req-c9eac097-23fa-4dca-926f-5d817e9048eb 0b56078c22b24945b67708de2a20284c 259120fc650b4bb2832d92cc62e3c4fe - - default default] Successfully bumped revision number for resource 8be00c76-e2ef-4382-88c6-a190cf67ff0a (type: security_group_rules) to 0
2026-07-17 13:53:47.221 8 INFO neutron.db.ovn_revision_numbers_db [None req-c9eac097-23fa-4dca-926f-5d817e9048eb 0b56078c22b24945b67708de2a20284c 259120fc650b4bb2832d92cc62e3c4fe - - default default] Successfully bumped revision number for resource cd2f3104-ced0-42ed-bbab-584b9fb02acb (type: security_group_rules) to 0 [pid: 8|app: 0|req: 563/1097] 10.0.0.107 () {32 vars in 774 bytes} [Fri Jul 17 13:53:47 2026] GET /v2.0/security-groups?tenant_id=6f7c39e7995b4325b795a93864130bbe&name=default => generated 2925 bytes in 224 msecs (HTTP/1.1 200) 4 headers in 158 bytes (1 switches on core 0) [pid: 8|app: 0|req: 564/1098] 10.0.0.243 () {34 vars in 1070 bytes} [Fri Jul 17 13:53:47 2026] GET /v2.0/ports?fields=security_groups&fields=device_id&device_id=fd8d1f79-8ef0-4401-a6e7-d9e9bf2b3c56 => generated 12 bytes in 17 msecs (HTTP/1.1 200) 4 headers in 156 bytes (1 switches on core 0)
2026-07-17 13:53:47.312 7 INFO neutron.db.ovn_revision_numbers_db [None req-05cc1c55-c2b2-4b5d-b3dd-cb1217ab6fdb 6b5cc995c5e8480894b492a988edb982 e3c680f3289d4d0cb9934e8ea606f0e7 - - default default] Successfully bumped revision number for resource e3ec32f6-1c87-4070-9cc2-4b676bb43d3a (type: router_ports) to 1 [pid: 7|app: 0|req: 535/1099] 10.0.0.107 () {34 vars in 783 bytes} [Fri Jul 17 13:53:45 2026] PUT /v2.0/routers/ccda5217-9067-4cfd-bd65-7d5958cf453d/add_router_interface => generated 310 bytes in 1564 msecs (HTTP/1.1 200) 4 headers in 157 bytes (1 switches on core 0) [pid: 7|app: 0|req: 536/1100] 10.0.0.107 () {32 vars in 740 bytes} [Fri Jul 17 13:53:47 2026] DELETE /v2.0/security-groups/a510aef9-95fb-41ce-b992-ffaba51d5d02 => generated 0 bytes in 181 msecs (HTTP/1.1 204) 2 headers in 112 bytes (1 switches on core 0)
2026-07-17 13:53:47.562 8 WARNING neutron.scheduler.dhcp_agent_scheduler [None req-e3696ea9-32f2-4359-8eee-361c96a7c03b f1a7643672a142fb87aaff4996b45a7f 28a8a05b474e4df0a34525b3b87c09c2 - - default default] No more DHCP agents
