2026-07-17 13:56:35.584 8 INFO neutron.pecan_wsgi.hooks.translation [None req-d609475e-9eed-480d-9d23-6655b4876176 c4dd8651934645e68775a16f19b40056 605260a776b2452598f9279de2f097ac - - default default] GET failed (client error): The resource could not be found. [pid: 8|app: 0|req: 1220/2401] 10.0.0.107 () {32 vars in 721 bytes} [Fri Jul 17 13:56:35 2026] GET /v2.0/subnets/e2e8fd9e-c306-4829-8a29-1fa03130c27c => generated 136 bytes in 15 msecs (HTTP/1.1 404) 4 headers in 164 bytes (1 switches on core 0)
2026-07-17 13:56:35.724 8 INFO neutron_taas.services.taas.taas_plugin [None req-45fb7acc-33ea-4c55-9396-58a660d227e6 c4dd8651934645e68775a16f19b40056 605260a776b2452598f9279de2f097ac - - default default] TaaS: Handle Delete Port: 2da6b7ff-e227-423e-ab2c-70dcb44d4a8e
2026-07-17 13:56:35.727 8 INFO neutron_taas.services.taas.tap_mirror_plugin [None req-45fb7acc-33ea-4c55-9396-58a660d227e6 c4dd8651934645e68775a16f19b40056 605260a776b2452598f9279de2f097ac - - default default] Tap Mirror: Handle Delete Port: 2da6b7ff-e227-423e-ab2c-70dcb44d4a8e
2026-07-17 13:56:35.904 8 INFO neutron.services.segments.plugin [-] Segment 8a45c3fa-62bc-4ad3-8878-9bc11d0e8be9 resource provider aggregate not found
2026-07-17 13:56:35.907 8 INFO neutron.services.segments.plugin [-] Segment 8a45c3fa-62bc-4ad3-8878-9bc11d0e8be9 resource provider aggregate not found
2026-07-17 13:56:35.925 8 INFO neutron.services.segments.plugin [-] Client error retrieving segment 8a45c3fa-62bc-4ad3-8878-9bc11d0e8be9 resource provider; error: Placement Client Error (4xx): {"errors": [{"status": 404, "title": "Not Found", "detail": "The resource could not be found.\n\n No resource provider with uuid 8a45c3fa-62bc-4ad3-8878-9bc11d0e8be9 found for delete ", "request_id": "req-a304feb2-8929-4402-ba25-e126005f23af"}]}
2026-07-17 13:56:35.927 8 INFO neutron.services.segments.plugin [-] Client error retrieving segment 8a45c3fa-62bc-4ad3-8878-9bc11d0e8be9 resource provider; error: Placement Client Error (4xx): {"errors": [{"status": 404, "title": "Not Found", "detail": "The resource could not be found.\n\n No resource provider with uuid 8a45c3fa-62bc-4ad3-8878-9bc11d0e8be9 found for delete ", "request_id": "req-342d0b39-72da-47a0-843e-7a2385fe4e7b"}]} [pid: 8|app: 0|req: 1221/2402] 10.0.0.107 () {32 vars in 726 bytes} [Fri Jul 17 13:56:35 2026] DELETE /v2.0/networks/e69503f9-3443-44e0-9142-dfbc13b71e15 => generated 0 bytes in 360 msecs (HTTP/1.1 204) 3 headers in 131 bytes (1 switches on core 0)
2026-07-17 13:56:35.965 8 INFO neutron.pecan_wsgi.hooks.translation [None req-a0de08ff-e0dd-4c41-913d-462a18a0e934 c4dd8651934645e68775a16f19b40056 605260a776b2452598f9279de2f097ac - - default default] GET failed (client error): The resource could not be found. [pid: 8|app: 0|req: 1222/2403] 10.0.0.107 () {32 vars in 723 bytes} [Fri Jul 17 13:56:35 2026] GET /v2.0/networks/e69503f9-3443-44e0-9142-dfbc13b71e15 => generated 138 bytes in 13 msecs (HTTP/1.1 404) 4 headers in 164 bytes (1 switches on core 0) [pid: 8|app: 0|req: 1223/2404] 10.0.0.107 () {32 vars in 724 bytes} [Fri Jul 17 13:56:35 2026] DELETE /v2.0/subnets/2114bcc8-d7b4-4cf0-b52f-3b4f10f36a5d => generated 0 bytes in 125 msecs (HTTP/1.1 204) 3 headers in 131 bytes (1 switches on core 0)
2026-07-17 13:56:36.114 8 INFO neutron.pecan_wsgi.hooks.translation [None req-59834ce6-b64b-49cd-a375-60d3ee2f107d c4dd8651934645e68775a16f19b40056 605260a776b2452598f9279de2f097ac - - default default] GET failed (client error): The resource could not be found. [pid: 8|app: 0|req: 1224/2405] 10.0.0.107 () {32 vars in 721 bytes} [Fri Jul 17 13:56:36 2026] GET /v2.0/subnets/2114bcc8-d7b4-4cf0-b52f-3b4f10f36a5d => generated 136 bytes in 14 msecs (HTTP/1.1 404) 4 headers in 164 bytes (1 switches on core 0) [pid: 8|app: 0|req: 1225/2406] 10.0.0.107 () {32 vars in 724 bytes} [Fri Jul 17 13:56:36 2026] DELETE /v2.0/subnets/a40170ef-5f8a-464f-81b8-c9b03bd271e4 => generated 0 bytes in 160 msecs (HTTP/1.1 204) 3 headers in 131 bytes (1 switches on core 0)
2026-07-17 13:56:36.298 8 INFO neutron.pecan_wsgi.hooks.translation [None req-f2226edd-5e3f-447e-973f-e5465f3bf92f c4dd8651934645e68775a16f19b40056 605260a776b2452598f9279de2f097ac - - default default] GET failed (client error): The resource could not be found. [pid: 8|app: 0|req: 1226/2407] 10.0.0.107 () {32 vars in 721 bytes} [Fri Jul 17 13:56:36 2026] GET /v2.0/subnets/a40170ef-5f8a-464f-81b8-c9b03bd271e4 => generated 136 bytes in 13 msecs (HTTP/1.1 404) 4 headers in 164 bytes (1 switches on core 0)
2026-07-17 13:56:36.303 7 INFO neutron.db.ovn_revision_numbers_db [None req-5555295f-814e-4dd4-b82b-7724cd1e8cda - - - - - -] Successfully bumped revision number for resource b297dae5-1f18-41e7-80cd-c3c38efe3e92 (type: ports) to 2
2026-07-17 13:56:36.462 8 INFO neutron.common.ovn.utils [None req-96c8a8da-1312-4e8c-9ffc-1836b74bd7d4 - - - - - -] HA Chassis Group neutron-975713d7-a10a-4bd0-bbdb-5cab971e4796 synchronized; highest priority chassis a24a2691-0c66-40a8-ac93-0f0568f3fbd2
2026-07-17 13:56:36.478 8 INFO neutron_taas.services.taas.taas_plugin [None req-f73ced11-9a9e-436d-916d-22e536b11a8f c4dd8651934645e68775a16f19b40056 605260a776b2452598f9279de2f097ac - - default default] TaaS: Handle Delete Port: c6603ff8-694a-48e6-bdf4-29baf22de13e
2026-07-17 13:56:36.481 8 INFO neutron_taas.services.taas.tap_mirror_plugin [None req-f73ced11-9a9e-436d-916d-22e536b11a8f c4dd8651934645e68775a16f19b40056 605260a776b2452598f9279de2f097ac - - default default] Tap Mirror: Handle Delete Port: c6603ff8-694a-48e6-bdf4-29baf22de13e
2026-07-17 13:56:36.518 7 INFO neutron.db.ovn_revision_numbers_db [None req-e6c30523-ae72-4bfe-9836-77f5f0febb5b 0b56078c22b24945b67708de2a20284c 259120fc650b4bb2832d92cc62e3c4fe - - default default] Successfully bumped revision number for resource b297dae5-1f18-41e7-80cd-c3c38efe3e92 (type: router_ports) to 1 [pid: 7|app: 0|req: 1182/2408] 10.0.0.107 () {34 vars in 783 bytes} [Fri Jul 17 13:56:32 2026] PUT /v2.0/routers/c2c20a47-958b-4fbd-8fc2-49f9afeda6cb/add_router_interface => generated 310 bytes in 3927 msecs (HTTP/1.1 200) 4 headers in 157 bytes (1 switches on core 0) [pid: 8|app: 0|req: 1227/2409] 10.0.0.107 () {32 vars in 726 bytes} [Fri Jul 17 13:56:36 2026] DELETE /v2.0/networks/949836e7-648c-4ad5-8f1e-37c27b144528 => generated 0 bytes in 435 msecs (HTTP/1.1 204) 3 headers in 131 bytes (1 switches on core 0)
2026-07-17 13:56:36.756 7 INFO neutron.pecan_wsgi.hooks.translation [None req-38f8aa5e-bbe0-4a89-b115-87dd9934b1fb c4dd8651934645e68775a16f19b40056 605260a776b2452598f9279de2f097ac - - default default] GET failed (client error): The resource could not be found. [pid: 7|app: 0|req: 1183/2410] 10.0.0.107 () {32 vars in 723 bytes} [Fri Jul 17 13:56:36 2026] GET /v2.0/networks/949836e7-648c-4ad5-8f1e-37c27b144528 => generated 138 bytes in 15 msecs (HTTP/1.1 404) 4 headers in 164 bytes (1 switches on core 0) [pid: 8|app: 0|req: 1228/2411] 10.0.0.107 () {32 vars in 724 bytes} [Fri Jul 17 13:56:36 2026] DELETE /v2.0/subnets/7d262a66-95c2-4fb2-884d-add02e2efc92 => generated 0 bytes in 141 msecs (HTTP/1.1 204) 3 headers in 131 bytes (1 switches on core 0)
2026-07-17 13:56:36.922 7 INFO neutron.pecan_wsgi.hooks.translation [None req-ce61796a-cc02-4d35-a615-3715fa3f4934 c4dd8651934645e68775a16f19b40056 605260a776b2452598f9279de2f097ac - - default default] GET failed (client error): The resource could not be found. [pid: 7|app: 0|req: 1184/2412] 10.0.0.107 () {32 vars in 721 bytes} [Fri Jul 17 13:56:36 2026] GET /v2.0/subnets/7d262a66-95c2-4fb2-884d-add02e2efc92 => generated 136 bytes in 14 msecs (HTTP/1.1 404) 4 headers in 164 bytes (1 switches on core 0) [pid: 8|app: 0|req: 1229/2413] 10.0.0.107 () {32 vars in 724 bytes} [Fri Jul 17 13:56:36 2026] DELETE /v2.0/subnets/411dc050-5c58-4935-8539-c95053bb588a => generated 0 bytes in 171 msecs (HTTP/1.1 204) 3 headers in 131 bytes (1 switches on core 0)
2026-07-17 13:56:37.123 7 INFO neutron.pecan_wsgi.hooks.translation [None req-c5fd91a3-3c2a-4f34-a2cf-60e3074cfc3b c4dd8651934645e68775a16f19b40056 605260a776b2452598f9279de2f097ac - - default default] GET failed (client error): The resource could not be found. [pid: 7|app: 0|req: 1185/2414] 10.0.0.107 () {32 vars in 721 bytes} [Fri Jul 17 13:56:37 2026] GET /v2.0/subnets/411dc050-5c58-4935-8539-c95053bb588a => generated 136 bytes in 23 msecs (HTTP/1.1 404) 4 headers in 164 bytes (1 switches on core 0)
2026-07-17 13:56:37.257 8 INFO neutron_taas.services.taas.taas_plugin [None req-0c80d67b-6349-42a2-84dc-230caff6875f c4dd8651934645e68775a16f19b40056 605260a776b2452598f9279de2f097ac - - default default] TaaS: Handle Delete Port: 732ce3d6-a692-494b-b260-f13672ee53f8
2026-07-17 13:56:37.259 8 INFO neutron_taas.services.taas.tap_mirror_plugin [None req-0c80d67b-6349-42a2-84dc-230caff6875f c4dd8651934645e68775a16f19b40056 605260a776b2452598f9279de2f097ac - - default default] Tap Mirror: Handle Delete Port: 732ce3d6-a692-494b-b260-f13672ee53f8
2026-07-17 13:56:37.277 7 INFO neutron.db.ovn_revision_numbers_db [None req-8fb8ee9e-0d04-4b48-a357-6c00633aef06 7d78f3840c4b41d28a79f01c250df18f c318c00ea42c4c91961961da0851a5cb - - default default] Successfully bumped revision number for resource bff35bc9-8dce-4a56-9588-945cbf7b4f69 (type: security_groups) to 1
2026-07-17 13:56:37.289 7 INFO neutron.db.ovn_revision_numbers_db [None req-8fb8ee9e-0d04-4b48-a357-6c00633aef06 7d78f3840c4b41d28a79f01c250df18f c318c00ea42c4c91961961da0851a5cb - - default default] Successfully bumped revision number for resource 21ed3c89-4d50-4d36-83bf-1332653ad140 (type: security_group_rules) to 0
2026-07-17 13:56:37.303 7 INFO neutron.db.ovn_revision_numbers_db [None req-8fb8ee9e-0d04-4b48-a357-6c00633aef06 7d78f3840c4b41d28a79f01c250df18f c318c00ea42c4c91961961da0851a5cb - - default default] Successfully bumped revision number for resource cacfec73-a0bd-4236-9ec1-58b172798976 (type: security_group_rules) to 0 [pid: 7|app: 0|req: 1186/2415] 10.0.0.107 () {34 vars in 685 bytes} [Fri Jul 17 13:56:37 2026] POST /v2.0/security-groups => generated 1677 bytes in 183 msecs (HTTP/1.1 201) 4 headers in 163 bytes (1 switches on core 0)
2026-07-17 13:56:37.461 7 INFO neutron.db.ovn_revision_numbers_db [None req-c8719987-1184-4b09-a3b4-e6a8d8f7bd14 7d78f3840c4b41d28a79f01c250df18f c318c00ea42c4c91961961da0851a5cb - - default default] Successfully bumped revision number for resource 3449e710-af1b-4996-befe-3ed4888fbc2d (type: security_group_rules) to 0 [pid: 8|app: 0|req: 1230/2416] 10.0.0.107 () {32 vars in 726 bytes} [Fri Jul 17 13:56:37 2026] DELETE /v2.0/networks/128a95c5-8f35-49ff-a598-8693143c9015 => generated 0 bytes in 362 msecs (HTTP/1.1 204) 3 headers in 131 bytes (1 switches on core 0) [pid: 7|app: 0|req: 1187/2417] 10.0.0.107 () {34 vars in 695 bytes} [Fri Jul 17 13:56:37 2026] POST /v2.0/security-group-rules => generated 597 bytes in 154 msecs (HTTP/1.1 201) 4 headers in 162 bytes (1 switches on core 0)
2026-07-17 13:56:37.512 8 INFO neutron.pecan_wsgi.hooks.translation [None req-e0582d5c-1d09-49d5-bb9a-b7f594e068c8 c4dd8651934645e68775a16f19b40056 605260a776b2452598f9279de2f097ac - - default default] GET failed (client error): The resource could not be found. [pid: 8|app: 0|req: 1231/2418] 10.0.0.107 () {32 vars in 723 bytes} [Fri Jul 17 13:56:37 2026] GET /v2.0/networks/128a95c5-8f35-49ff-a598-8693143c9015 => generated 138 bytes in 18 msecs (HTTP/1.1 404) 4 headers in 164 bytes (1 switches on core 0)
2026-07-17 13:56:37.622 7 INFO neutron.db.ovn_revision_numbers_db [None req-a78f9d59-1786-496c-b9fe-8dc07f48a4d5 7d78f3840c4b41d28a79f01c250df18f c318c00ea42c4c91961961da0851a5cb - - default default] Successfully bumped revision number for resource 84400f97-cf88-4f52-933a-0cca8f0fa1af (type: security_group_rules) to 0 [pid: 7|app: 0|req: 1188/2419] 10.0.0.107 () {34 vars in 695 bytes} [Fri Jul 17 13:56:37 2026] POST /v2.0/security-group-rules => generated 596 bytes in 155 msecs (HTTP/1.1 201) 4 headers in 162 bytes (1 switches on core 0)
2026-07-17 13:56:37.795 8 INFO neutron.db.ovn_revision_numbers_db [None req-d8cee8a1-c4ba-4f76-a8d9-e84d9697d719 7d78f3840c4b41d28a79f01c250df18f c318c00ea42c4c91961961da0851a5cb - - default default] Successfully bumped revision number for resource de7e54e7-0e54-493e-8ece-04b09ba38ee5 (type: security_group_rules) to 0 [pid: 8|app: 0|req: 1232/2420] 10.0.0.107 () {34 vars in 695 bytes} [Fri Jul 17 13:56:37 2026] POST /v2.0/security-group-rules => generated 602 bytes in 162 msecs (HTTP/1.1 201) 4 headers in 162 bytes (1 switches on core 0)
2026-07-17 13:56:37.944 7 INFO neutron.db.ovn_revision_numbers_db [None req-6fe14a49-b291-42ff-95d7-2325002ff3d0 7d78f3840c4b41d28a79f01c250df18f c318c00ea42c4c91961961da0851a5cb - - default default] Successfully bumped revision number for resource a7399bec-8ab4-4eb8-84ce-b6ffcbdd8994 (type: security_group_rules) to 0
2026-07-17 13:56:37.948 8 INFO neutron.services.segments.plugin [-] Segment 788ddd59-3ede-48ee-97b7-5b4249435d68 resource provider aggregate not found
2026-07-17 13:56:37.955 8 INFO neutron.services.segments.plugin [-] Segment 788ddd59-3ede-48ee-97b7-5b4249435d68 resource provider aggregate not found
2026-07-17 13:56:37.970 8 INFO neutron.services.segments.plugin [-] Client error retrieving segment 788ddd59-3ede-48ee-97b7-5b4249435d68 resource provider; error: Placement Client Error (4xx): {"errors": [{"status": 404, "title": "Not Found", "detail": "The resource could not be found.\n\n No resource provider with uuid 788ddd59-3ede-48ee-97b7-5b4249435d68 found for delete ", "request_id": "req-65792bef-a424-47d2-9828-7538402fdeb3"}]} [pid: 7|app: 0|req: 1189/2421] 10.0.0.107 () {34 vars in 695 bytes} [Fri Jul 17 13:56:37 2026] POST /v2.0/security-group-rules => generated 601 bytes in 145 msecs (HTTP/1.1 201) 4 headers in 162 bytes (1 switches on core 0)
2026-07-17 13:56:37.978 8 INFO neutron.services.segments.plugin [-] Client error retrieving segment 788ddd59-3ede-48ee-97b7-5b4249435d68 resource provider; error: Placement Client Error (4xx): {"errors": [{"status": 404, "title": "Not Found", "detail": "The resource could not be found.\n\n No resource provider with uuid 788ddd59-3ede-48ee-97b7-5b4249435d68 found for delete ", "request_id": "req-a6063c43-a1cf-4e21-9667-96222c3400a6"}]}
2026-07-17 13:56:37.992 8 INFO neutron.services.segments.plugin [-] Segment dec4a54e-8a15-4dbb-b2dc-515627aba926 resource provider aggregate not found
2026-07-17 13:56:37.999 8 INFO neutron.services.segments.plugin [-] Segment dec4a54e-8a15-4dbb-b2dc-515627aba926 resource provider aggregate not found
2026-07-17 13:56:38.016 8 INFO neutron.services.segments.plugin [-] Client error retrieving segment dec4a54e-8a15-4dbb-b2dc-515627aba926 resource provider; error: Placement Client Error (4xx): {"errors": [{"status": 404, "title": "Not Found", "detail": "The resource could not be found.\n\n No resource provider with uuid dec4a54e-8a15-4dbb-b2dc-515627aba926 found for delete ", "request_id": "req-867bc876-283c-4bb5-90dc-3bedb79320b3"}]}
2026-07-17 13:56:38.019 8 INFO neutron.services.segments.plugin [-] Client error retrieving segment dec4a54e-8a15-4dbb-b2dc-515627aba926 resource provider; error: Placement Client Error (4xx): {"errors": [{"status": 404, "title": "Not Found", "detail": "The resource could not be found.\n\n No resource provider with uuid dec4a54e-8a15-4dbb-b2dc-515627aba926 found for delete ", "request_id": "req-395a0f6b-e4a1-4e02-8f35-92b4ba3929b6"}]}
2026-07-17 13:56:38.027 8 INFO neutron.db.securitygroups_db [None req-0a7e16d8-a852-40d8-9fd2-192a078020fa 7d78f3840c4b41d28a79f01c250df18f c318c00ea42c4c91961961da0851a5cb - - default default] Project c318c00ea42c4c91961961da0851a5cb added a security group rule with legacy IPv6 ICMP protocol name icmp, ipv6-icmp should be used instead. It was automatically converted.
2026-07-17 13:56:38.107 8 INFO neutron.db.ovn_revision_numbers_db [None req-0a7e16d8-a852-40d8-9fd2-192a078020fa 7d78f3840c4b41d28a79f01c250df18f c318c00ea42c4c91961961da0851a5cb - - default default] Successfully bumped revision number for resource 222752e5-dc0c-4f70-a78e-bad46ea6f8f8 (type: security_group_rules) to 0 [pid: 8|app: 0|req: 1233/2422] 10.0.0.107 () {34 vars in 695 bytes} [Fri Jul 17 13:56:37 2026] POST /v2.0/security-group-rules => generated 607 bytes in 158 msecs (HTTP/1.1 201) 4 headers in 162 bytes (1 switches on core 0)
2026-07-17 13:56:38.181 7 INFO neutron.db.securitygroups_db [None req-b8568029-efab-4acb-a915-a34e317cd03e 7d78f3840c4b41d28a79f01c250df18f c318c00ea42c4c91961961da0851a5cb - - default default] Project c318c00ea42c4c91961961da0851a5cb added a security group rule with legacy IPv6 ICMP protocol name icmp, ipv6-icmp should be used instead. It was automatically converted.
2026-07-17 13:56:38.268 7 INFO neutron.db.ovn_revision_numbers_db [None req-b8568029-efab-4acb-a915-a34e317cd03e 7d78f3840c4b41d28a79f01c250df18f c318c00ea42c4c91961961da0851a5cb - - default default] Successfully bumped revision number for resource 68805066-770e-452a-9c58-333489e576a7 (type: security_group_rules) to 0 [pid: 7|app: 0|req: 1190/2423] 10.0.0.107 () {34 vars in 695 bytes} [Fri Jul 17 13:56:38 2026] POST /v2.0/security-group-rules => generated 606 bytes in 163 msecs (HTTP/1.1 201) 4 headers in 162 bytes (1 switches on core 0)
2026-07-17 13:56:38.847 8 INFO neutron.db.ovn_revision_numbers_db [None req-729c834d-43e1-4956-a564-8792018275be 7d78f3840c4b41d28a79f01c250df18f c318c00ea42c4c91961961da0851a5cb - - default default] Successfully bumped revision number for resource ec98d570-960e-406b-8455-c994c7dbbd0d (type: security_groups) to 1
2026-07-17 13:56:38.861 8 INFO neutron.db.ovn_revision_numbers_db [None req-729c834d-43e1-4956-a564-8792018275be 7d78f3840c4b41d28a79f01c250df18f c318c00ea42c4c91961961da0851a5cb - - default default] Successfully bumped revision number for resource 9d5fd243-4076-4baf-965f-07b6dc2273f9 (type: security_group_rules) to 0
2026-07-17 13:56:38.875 8 INFO neutron.db.ovn_revision_numbers_db [None req-729c834d-43e1-4956-a564-8792018275be 7d78f3840c4b41d28a79f01c250df18f c318c00ea42c4c91961961da0851a5cb - - default default] Successfully bumped revision number for resource b1ff9e66-6a15-4d5f-aac6-e01a22e4c5cb (type: security_group_rules) to 0 [pid: 8|app: 0|req: 1234/2424] 10.0.0.107 () {34 vars in 685 bytes} [Fri Jul 17 13:56:38 2026] POST /v2.0/security-groups => generated 1662 bytes in 190 msecs (HTTP/1.1 201) 4 headers in 163 bytes (1 switches on core 0)
2026-07-17 13:56:39.030 7 INFO neutron.db.ovn_revision_numbers_db [None req-48308667-d0bb-4a88-a6a5-a9e474cc9ae1 7d78f3840c4b41d28a79f01c250df18f c318c00ea42c4c91961961da0851a5cb - - default default] Successfully bumped revision number for resource 4e59ecce-f5a7-4a46-ade2-11e6ba74c942 (type: security_group_rules) to 0 [pid: 7|app: 0|req: 1191/2425] 10.0.0.107 () {34 vars in 695 bytes} [Fri Jul 17 13:56:38 2026] POST /v2.0/security-group-rules => generated 597 bytes in 144 msecs (HTTP/1.1 201) 4 headers in 162 bytes (1 switches on core 0)
2026-07-17 13:56:39.180 8 INFO neutron.db.ovn_revision_numbers_db [None req-69316268-5b43-4487-9c50-fcb89f0b4f19 7d78f3840c4b41d28a79f01c250df18f c318c00ea42c4c91961961da0851a5cb - - default default] Successfully bumped revision number for resource b74b5001-398c-4089-804a-d6c19e972f9c (type: security_group_rules) to 0 [pid: 8|app: 0|req: 1235/2426] 10.0.0.107 () {34 vars in 695 bytes} [Fri Jul 17 13:56:39 2026] POST /v2.0/security-group-rules => generated 602 bytes in 138 msecs (HTTP/1.1 201) 4 headers in 162 bytes (1 switches on core 0)
2026-07-17 13:56:39.462 7 WARNING neutron.scheduler.dhcp_agent_scheduler [None req-2c70cf26-8052-4e0b-84c7-a0a7af90bb36 7d78f3840c4b41d28a79f01c250df18f c318c00ea42c4c91961961da0851a5cb - - default default] No more DHCP agents
2026-07-17 13:56:39.463 7 WARNING neutron.api.rpc.agentnotifiers.dhcp_rpc_agent_api [None req-2c70cf26-8052-4e0b-84c7-a0a7af90bb36 7d78f3840c4b41d28a79f01c250df18f c318c00ea42c4c91961961da0851a5cb - - default default] Unable to schedule network 3465483a-59ff-466b-af17-c03558f0ef2a: no agents available; will retry on subsequent port and subnet creation events.
2026-07-17 13:56:39.659 8 WARNING neutron.db.securitygroups_db [None req-72f556a7-6865-46b6-895a-f142cb1d04a1 0b56078c22b24945b67708de2a20284c 259120fc650b4bb2832d92cc62e3c4fe - - default default] project_id key not found in filters, using tenant_id instead. This support has been deprecated and will be removed in a future release.
2026-07-17 13:56:39.790 8 INFO neutron.db.ovn_revision_numbers_db [None req-72f556a7-6865-46b6-895a-f142cb1d04a1 0b56078c22b24945b67708de2a20284c 259120fc650b4bb2832d92cc62e3c4fe - - default default] Successfully bumped revision number for resource 6dc6c06d-fc7b-46d7-87e3-64ac9079ad2d (type: security_groups) to 1 [pid: 7|app: 0|req: 1192/2427] 10.0.0.107 () {34 vars in 676 bytes} [Fri Jul 17 13:56:39 2026] POST /v2.0/floatingips => generated 552 bytes in 580 msecs (HTTP/1.1 201) 4 headers in 162 bytes (1 switches on core 0)
2026-07-17 13:56:39.801 8 INFO neutron.db.ovn_revision_numbers_db [None req-72f556a7-6865-46b6-895a-f142cb1d04a1 0b56078c22b24945b67708de2a20284c 259120fc650b4bb2832d92cc62e3c4fe - - default default] Successfully bumped revision number for resource 51e342fc-4ba3-46f1-a368-ac11b4e85e34 (type: security_group_rules) to 0
2026-07-17 13:56:39.815 8 INFO neutron.db.ovn_revision_numbers_db [None req-72f556a7-6865-46b6-895a-f142cb1d04a1 0b56078c22b24945b67708de2a20284c 259120fc650b4bb2832d92cc62e3c4fe - - default default] Successfully bumped revision number for resource d58016a7-ee1b-40ea-9ccc-607f4347cebb (type: security_group_rules) to 0
2026-07-17 13:56:39.826 8 INFO neutron.db.ovn_revision_numbers_db [None req-72f556a7-6865-46b6-895a-f142cb1d04a1 0b56078c22b24945b67708de2a20284c 259120fc650b4bb2832d92cc62e3c4fe - - default default] Successfully bumped revision number for resource e54f7a34-116d-41d0-b629-f147d2bfc355 (type: security_group_rules) to 0
2026-07-17 13:56:39.836 8 INFO neutron.db.ovn_revision_numbers_db [None req-72f556a7-6865-46b6-895a-f142cb1d04a1 0b56078c22b24945b67708de2a20284c 259120fc650b4bb2832d92cc62e3c4fe - - default default] Successfully bumped revision number for resource f06565bf-1f19-42b1-9d2f-4153e79e88de (type: security_group_rules) to 0 [pid: 8|app: 0|req: 1236/2428] 10.0.0.107 () {32 vars in 774 bytes} [Fri Jul 17 13:56:39 2026] GET /v2.0/security-groups?tenant_id=8abe40b66ce7465297e9cb3018a476e5&name=default => generated 2929 bytes in 349 msecs (HTTP/1.1 200) 4 headers in 158 bytes (1 switches on core 0)
2026-07-17 13:56:39.888 8 WARNING neutron.db.securitygroups_db [req-a940e48d-40b9-43de-b242-77555287b923 req-6dee29a7-0459-487a-9ee7-af361139cb74 7d78f3840c4b41d28a79f01c250df18f c318c00ea42c4c91961961da0851a5cb - - default default] project_id key not found in filters, using tenant_id instead. This support has been deprecated and will be removed in a future release. [pid: 8|app: 0|req: 1237/2429] 10.0.0.243 () {34 vars in 1100 bytes} [Fri Jul 17 13:56:39 2026] GET /v2.0/security-groups?name=tempest-secgroup-smoke-1550197151&fields=id&tenant_id=c318c00ea42c4c91961961da0851a5cb => generated 69 bytes in 27 msecs (HTTP/1.1 200) 4 headers in 156 bytes (1 switches on core 0)
2026-07-17 13:56:39.927 8 WARNING neutron.db.securitygroups_db [req-a940e48d-40b9-43de-b242-77555287b923 req-e5662c40-a0b5-4ed5-a37a-161d06d358b8 7d78f3840c4b41d28a79f01c250df18f c318c00ea42c4c91961961da0851a5cb - - default default] project_id key not found in filters, using tenant_id instead. This support has been deprecated and will be removed in a future release. [pid: 8|app: 0|req: 1238/2430] 10.0.0.243 () {34 vars in 1100 bytes} [Fri Jul 17 13:56:39 2026] GET /v2.0/security-groups?name=tempest-securitygroup--1180294909&fields=id&tenant_id=c318c00ea42c4c91961961da0851a5cb => generated 69 bytes in 38 msecs (HTTP/1.1 200) 4 headers in 156 bytes (1 switches on core 0) [pid: 8|app: 0|req: 1239/2431] 10.0.0.243 () {34 vars in 982 bytes} [Fri Jul 17 13:56:39 2026] GET /v2.0/networks?id=2c204fe7-b08c-47df-a9fa-915b915cf126 => generated 711 bytes in 53 msecs (HTTP/1.1 200) 4 headers in 157 bytes (1 switches on core 0) [pid: 8|app: 0|req: 1240/2432] 10.0.0.243 () {34 vars in 965 bytes} [Fri Jul 17 13:56:40 2026] GET /v2.0/quotas/c318c00ea42c4c91961961da0851a5cb => generated 312 bytes in 11 msecs (HTTP/1.1 200) 4 headers in 157 bytes (1 switches on core 0) [pid: 7|app: 0|req: 1193/2433] 10.0.0.107 () {32 vars in 740 bytes} [Fri Jul 17 13:56:39 2026] DELETE /v2.0/security-groups/6dc6c06d-fc7b-46d7-87e3-64ac9079ad2d => generated 0 bytes in 183 msecs (HTTP/1.1 204) 2 headers in 112 bytes (1 switches on core 0)
2026-07-17 13:56:40.149 7 WARNING neutron.db.securitygroups_db [None req-153ddcca-5d1c-45b8-9ad3-7ad1b0c20f2c 0b56078c22b24945b67708de2a20284c 259120fc650b4bb2832d92cc62e3c4fe - - default default] project_id key not found in filters, using tenant_id instead. This support has been deprecated and will be removed in a future release.
2026-07-17 13:56:40.276 7 INFO neutron.db.ovn_revision_numbers_db [None req-153ddcca-5d1c-45b8-9ad3-7ad1b0c20f2c 0b56078c22b24945b67708de2a20284c 259120fc650b4bb2832d92cc62e3c4fe - - default default] Successfully bumped revision number for resource c13f7794-4f3a-4efb-9d34-aa8defa89d09 (type: security_groups) to 1
2026-07-17 13:56:40.287 7 INFO neutron.db.ovn_revision_numbers_db [None req-153ddcca-5d1c-45b8-9ad3-7ad1b0c20f2c 0b56078c22b24945b67708de2a20284c 259120fc650b4bb2832d92cc62e3c4fe - - default default] Successfully bumped revision number for resource 1858a704-f598-4039-bcfe-638b23b974cc (type: security_group_rules) to 0
2026-07-17 13:56:40.299 7 INFO neutron.db.ovn_revision_numbers_db [None req-153ddcca-5d1c-45b8-9ad3-7ad1b0c20f2c 0b56078c22b24945b67708de2a20284c 259120fc650b4bb2832d92cc62e3c4fe - - default default] Successfully bumped revision number for resource 9fa28199-1df3-4660-8f36-b3d6360e2946 (type: security_group_rules) to 0
2026-07-17 13:56:40.309 7 INFO neutron.db.ovn_revision_numbers_db [None req-153ddcca-5d1c-45b8-9ad3-7ad1b0c20f2c 0b56078c22b24945b67708de2a20284c 259120fc650b4bb2832d92cc62e3c4fe - - default default] Successfully bumped revision number for resource df873d0c-9e1c-4246-95de-7a4ec13cabce (type: security_group_rules) to 0
2026-07-17 13:56:40.321 7 INFO neutron.db.ovn_revision_numbers_db [None req-153ddcca-5d1c-45b8-9ad3-7ad1b0c20f2c 0b56078c22b24945b67708de2a20284c 259120fc650b4bb2832d92cc62e3c4fe - - default default] Successfully bumped revision number for resource e643bcb4-e740-4c60-9cd1-d66858375d5c (type: security_group_rules) to 0 [pid: 7|app: 0|req: 1194/2434] 10.0.0.107 () {32 vars in 774 bytes} [Fri Jul 17 13:56:40 2026] GET /v2.0/security-groups?tenant_id=9ae58954db824784a82c1a0f43795281&name=default => generated 2929 bytes in 224 msecs (HTTP/1.1 200) 4 headers in 158 bytes (1 switches on core 0) [pid: 7|app: 0|req: 1195/2435] 10.0.0.107 () {32 vars in 740 bytes} [Fri Jul 17 13:56:40 2026] DELETE /v2.0/security-groups/c13f7794-4f3a-4efb-9d34-aa8defa89d09 => generated 0 bytes in 171 msecs (HTTP/1.1 204) 2 headers in 112 bytes (1 switches on core 0) [pid: 8|app: 0|req: 1241/2436] 10.0.0.243 () {34 vars in 1002 bytes} [Fri Jul 17 13:56:40 2026] GET /v2.0/ports?tenant_id=c318c00ea42c4c91961961da0851a5cb&fields=id => generated 103 bytes in 591 msecs (HTTP/1.1 200) 4 headers in 157 bytes (1 switches on core 0) [pid: 7|app: 0|req: 1196/2437] 10.0.0.243 () {34 vars in 1008 bytes} [Fri Jul 17 13:56:40 2026] GET /v2.0/networks/2c204fe7-b08c-47df-a9fa-915b915cf126?fields=segments => generated 14 bytes in 47 msecs (HTTP/1.1 200) 4 headers in 156 bytes (1 switches on core 0)
2026-07-17 13:56:40.720 8 WARNING neutron.db.securitygroups_db [None req-bdadee2e-acc8-40f5-9c5e-6d3cb5795897 0b56078c22b24945b67708de2a20284c 259120fc650b4bb2832d92cc62e3c4fe - - default default] project_id key not found in filters, using tenant_id instead. This support has been deprecated and will be removed in a future release. [pid: 7|app: 0|req: 1197/2438] 10.0.0.243 () {34 vars in 1108 bytes} [Fri Jul 17 13:56:40 2026] GET /v2.0/networks/2c204fe7-b08c-47df-a9fa-915b915cf126?fields=provider%3Aphysical_network&fields=provider%3Anetwork_type => generated 79 bytes in 37 msecs (HTTP/1.1 200) 4 headers in 156 bytes (1 switches on core 0)
2026-07-17 13:56:40.846 8 INFO neutron.db.ovn_revision_numbers_db [None req-bdadee2e-acc8-40f5-9c5e-6d3cb5795897 0b56078c22b24945b67708de2a20284c 259120fc650b4bb2832d92cc62e3c4fe - - default default] Successfully bumped revision number for resource 081377de-6a2c-46bf-9498-d486f27e3240 (type: security_groups) to 1
2026-07-17 13:56:40.856 8 INFO neutron.db.ovn_revision_numbers_db [None req-bdadee2e-acc8-40f5-9c5e-6d3cb5795897 0b56078c22b24945b67708de2a20284c 259120fc650b4bb2832d92cc62e3c4fe - - default default] Successfully bumped revision number for resource 169a3053-5d74-420e-b299-2731792c29bc (type: security_group_rules) to 0
2026-07-17 13:56:40.868 8 INFO neutron.db.ovn_revision_numbers_db [None req-bdadee2e-acc8-40f5-9c5e-6d3cb5795897 0b56078c22b24945b67708de2a20284c 259120fc650b4bb2832d92cc62e3c4fe - - default default] Successfully bumped revision number for resource 5ba20b45-8a81-4c40-8701-037b159c51a9 (type: security_group_rules) to 0
2026-07-17 13:56:40.879 8 INFO neutron.db.ovn_revision_numbers_db [None req-bdadee2e-acc8-40f5-9c5e-6d3cb5795897 0b56078c22b24945b67708de2a20284c 259120fc650b4bb2832d92cc62e3c4fe - - default default] Successfully bumped revision number for resource 822f3a6c-f3c0-4425-9fbe-069a0976f07b (type: security_group_rules) to 0
2026-07-17 13:56:40.890 8 INFO neutron.db.ovn_revision_numbers_db [None req-bdadee2e-acc8-40f5-9c5e-6d3cb5795897 0b56078c22b24945b67708de2a20284c 259120fc650b4bb2832d92cc62e3c4fe - - default default] Successfully bumped revision number for resource f24cb761-731f-4096-92fa-75195d6c8971 (type: security_group_rules) to 0 [pid: 8|app: 0|req: 1242/2439] 10.0.0.107 () {32 vars in 774 bytes} [Fri Jul 17 13:56:40 2026] GET /v2.0/security-groups?tenant_id=596c7a3fcb0a42acac0f09d79c2bfa85&name=default => generated 2929 bytes in 209 msecs (HTTP/1.1 200) 4 headers in 158 bytes (1 switches on core 0) [pid: 7|app: 0|req: 1198/2440] 10.0.0.243 () {34 vars in 1070 bytes} [Fri Jul 17 13:56:40 2026] GET /v2.0/ports?fields=security_groups&fields=device_id&device_id=724b7dd3-8496-485c-a9a8-c77c07f6f2ad => generated 12 bytes in 28 msecs (HTTP/1.1 200) 4 headers in 156 bytes (1 switches on core 0) [pid: 8|app: 0|req: 1243/2441] 10.0.0.107 () {32 vars in 740 bytes} [Fri Jul 17 13:56:40 2026] DELETE /v2.0/security-groups/081377de-6a2c-46bf-9498-d486f27e3240 => generated 0 bytes in 150 msecs (HTTP/1.1 204) 2 headers in 112 bytes (1 switches on core 0)
2026-07-17 13:56:41.220 7 WARNING neutron.db.securitygroups_db [None req-fbac86a3-ed51-436d-88ec-351017b67b62 0b56078c22b24945b67708de2a20284c 259120fc650b4bb2832d92cc62e3c4fe - - default default] project_id key not found in filters, using tenant_id instead. This support has been deprecated and will be removed in a future release.
2026-07-17 13:56:41.335 7 INFO neutron.db.ovn_revision_numbers_db [None req-fbac86a3-ed51-436d-88ec-351017b67b62 0b56078c22b24945b67708de2a20284c 259120fc650b4bb2832d92cc62e3c4fe - - default default] Successfully bumped revision number for resource d5dfeed8-c51c-4092-a93f-4bcbf7a9adda (type: security_groups) to 1
2026-07-17 13:56:41.346 7 INFO neutron.db.ovn_revision_numbers_db [None req-fbac86a3-ed51-436d-88ec-351017b67b62 0b56078c22b24945b67708de2a20284c 259120fc650b4bb2832d92cc62e3c4fe - - default default] Successfully bumped revision number for resource 045a1186-62f1-43cc-bcbe-8b91fbeab0f0 (type: security_group_rules) to 0
2026-07-17 13:56:41.358 7 INFO neutron.db.ovn_revision_numbers_db [None req-fbac86a3-ed51-436d-88ec-351017b67b62 0b56078c22b24945b67708de2a20284c 259120fc650b4bb2832d92cc62e3c4fe - - default default] Successfully bumped revision number for resource 7505b726-9379-4b46-af54-a9fca44dbac1 (type: security_group_rules) to 0
2026-07-17 13:56:41.370 7 INFO neutron.db.ovn_revision_numbers_db [None req-fbac86a3-ed51-436d-88ec-351017b67b62 0b56078c22b24945b67708de2a20284c 259120fc650b4bb2832d92cc62e3c4fe - - default default] Successfully bumped revision number for resource 9aa9d34f-4335-4901-ac07-f7a272d0cac3 (type: security_group_rules) to 0
2026-07-17 13:56:41.384 7 INFO neutron.db.ovn_revision_numbers_db [None req-fbac86a3-ed51-436d-88ec-351017b67b62 0b56078c22b24945b67708de2a20284c 259120fc650b4bb2832d92cc62e3c4fe - - default default] Successfully bumped revision number for resource f96c0aef-6428-467a-9e24-a0e0faa1b9f4 (type: security_group_rules) to 0 [pid: 7|app: 0|req: 1199/2442] 10.0.0.107 () {32 vars in 774 bytes} [Fri Jul 17 13:56:41 2026] GET /v2.0/security-groups?tenant_id=a17c56b5683c4706a6754f9a58948e3a&name=default => generated 2929 bytes in 224 msecs (HTTP/1.1 200) 4 headers in 158 bytes (1 switches on core 0) [pid: 8|app: 0|req: 1244/2443] 10.0.0.107 () {32 vars in 740 bytes} [Fri Jul 17 13:56:41 2026] DELETE /v2.0/security-groups/d5dfeed8-c51c-4092-a93f-4bcbf7a9adda => generated 0 bytes in 163 msecs (HTTP/1.1 204) 2 headers in 112 bytes (1 switches on core 0)
2026-07-17 13:56:41.649 7 WARNING neutron.plugins.ml2.drivers.ovn.mech_driver.ovsdb.ovn_client [None req-07606fec-e1bc-4786-93bd-2269c003fd4c - - - - - -] No hosting information found for port b297dae5-1f18-41e7-80cd-c3c38efe3e92: RuntimeError: No hosting information found for port b297dae5-1f18-41e7-80cd-c3c38efe3e92
2026-07-17 13:56:41.717 7 INFO neutron.db.ovn_revision_numbers_db [None req-07606fec-e1bc-4786-93bd-2269c003fd4c - - - - - -] Successfully bumped revision number for resource b297dae5-1f18-41e7-80cd-c3c38efe3e92 (type: router_ports) to 2
2026-07-17 13:56:41.742 7 WARNING neutron.db.securitygroups_db [None req-0a8a9115-2a24-4b43-b85f-1fdd40813db8 0b56078c22b24945b67708de2a20284c 259120fc650b4bb2832d92cc62e3c4fe - - default default] project_id key not found in filters, using tenant_id instead. This support has been deprecated and will be removed in a future release. [pid: 7|app: 0|req: 1200/2444] 10.0.0.107 () {32 vars in 774 bytes} [Fri Jul 17 13:56:41 2026] GET /v2.0/security-groups?tenant_id=605260a776b2452598f9279de2f097ac&name=default => generated 2925 bytes in 27 msecs (HTTP/1.1 200) 4 headers in 158 bytes (1 switches on core 0) [pid: 8|app: 0|req: 1245/2445] 10.0.0.107 () {32 vars in 740 bytes} [Fri Jul 17 13:56:41 2026] DELETE /v2.0/security-groups/41b0e4d4-268f-414f-af6a-f7608c89f92c => generated 0 bytes in 162 msecs (HTTP/1.1 204) 2 headers in 112 bytes (1 switches on core 0) [pid: 7|app: 0|req: 1201/2446] 10.0.0.243 () {34 vars in 1070 bytes} [Fri Jul 17 13:56:41 2026] GET /v2.0/ports?fields=security_groups&fields=device_id&device_id=724b7dd3-8496-485c-a9a8-c77c07f6f2ad => generated 12 bytes in 22 msecs (HTTP/1.1 200) 4 headers in 156 bytes (1 switches on core 0)
2026-07-17 13:56:42.082 8 WARNING neutron.db.securitygroups_db [None req-f542edf0-86bd-4352-85ff-c8066c4b12cb 0b56078c22b24945b67708de2a20284c 259120fc650b4bb2832d92cc62e3c4fe - - default default] project_id key not found in filters, using tenant_id instead. This support has been deprecated and will be removed in a future release.
2026-07-17 13:56:42.206 8 INFO neutron.db.ovn_revision_numbers_db [None req-f542edf0-86bd-4352-85ff-c8066c4b12cb 0b56078c22b24945b67708de2a20284c 259120fc650b4bb2832d92cc62e3c4fe - - default default] Successfully bumped revision number for resource 1b96191b-342f-4a03-a9d9-5f48435c4a92 (type: security_groups) to 1
2026-07-17 13:56:42.218 8 INFO neutron.db.ovn_revision_numbers_db [None req-f542edf0-86bd-4352-85ff-c8066c4b12cb 0b56078c22b24945b67708de2a20284c 259120fc650b4bb2832d92cc62e3c4fe - - default default] Successfully bumped revision number for resource 2f54f6cb-b783-43d7-b021-d903fbc14172 (type: security_group_rules) to 0
2026-07-17 13:56:42.230 8 INFO neutron.db.ovn_revision_numbers_db [None req-f542edf0-86bd-4352-85ff-c8066c4b12cb 0b56078c22b24945b67708de2a20284c 259120fc650b4bb2832d92cc62e3c4fe - - default default] Successfully bumped revision number for resource 9119769d-81ab-4a10-900c-fb19d1e956ae (type: security_group_rules) to 0
2026-07-17 13:56:42.241 8 INFO neutron.db.ovn_revision_numbers_db [None req-f542edf0-86bd-4352-85ff-c8066c4b12cb 0b56078c22b24945b67708de2a20284c 259120fc650b4bb2832d92cc62e3c4fe - - default default] Successfully bumped revision number for resource a97e3785-c8f6-4c6a-91c7-47b9cde0a490 (type: security_group_rules) to 0
2026-07-17 13:56:42.252 8 INFO neutron.db.ovn_revision_numbers_db [None req-f542edf0-86bd-4352-85ff-c8066c4b12cb 0b56078c22b24945b67708de2a20284c 259120fc650b4bb2832d92cc62e3c4fe - - default default] Successfully bumped revision number for resource b23e2d94-6280-4e1a-b08f-ec510ad5c4ab (type: security_group_rules) to 0 [pid: 8|app: 0|req: 1246/2447] 10.0.0.107 () {32 vars in 774 bytes} [Fri Jul 17 13:56:42 2026] GET /v2.0/security-groups?tenant_id=66c0063bb5f94560802cd8bb82a014b4&name=default => generated 2929 bytes in 218 msecs (HTTP/1.1 200) 4 headers in 158 bytes (1 switches on core 0) [pid: 7|app: 0|req: 1202/2450] 10.0.0.107 () {32 vars in 740 bytes} [Fri Jul 17 13:56:42 2026] DELETE /v2.0/security-groups/1b96191b-342f-4a03-a9d9-5f48435c4a92 => generated 0 bytes in 164 msecs (HTTP/1.1 204) 2 headers in 112 bytes (1 switches on core 0)
2026-07-17 13:56:42.608 8 WARNING neutron.db.securitygroups_db [None req-661737f2-eca4-40b9-9025-d5264c2f2ad7 0b56078c22b24945b67708de2a20284c 259120fc650b4bb2832d92cc62e3c4fe - - default default] project_id key not found in filters, using tenant_id instead. This support has been deprecated and will be removed in a future release.
2026-07-17 13:56:42.719 8 INFO neutron.db.ovn_revision_numbers_db [None req-661737f2-eca4-40b9-9025-d5264c2f2ad7 0b56078c22b24945b67708de2a20284c 259120fc650b4bb2832d92cc62e3c4fe - - default default] Successfully bumped revision number for resource 934a4f8d-a5ee-405c-a4c4-d23b6d3b8e9b (type: security_groups) to 1
2026-07-17 13:56:42.731 8 INFO neutron.db.ovn_revision_numbers_db [None req-661737f2-eca4-40b9-9025-d5264c2f2ad7 0b56078c22b24945b67708de2a20284c 259120fc650b4bb2832d92cc62e3c4fe - - default default] Successfully bumped revision number for resource 3b916adf-5561-401a-81d5-d638294eeff5 (type: security_group_rules) to 0
2026-07-17 13:56:42.742 8 INFO neutron.db.ovn_revision_numbers_db [None req-661737f2-eca4-40b9-9025-d5264c2f2ad7 0b56078c22b24945b67708de2a20284c 259120fc650b4bb2832d92cc62e3c4fe - - default default] Successfully bumped revision number for resource 4db2ed6d-931d-4f97-9a13-27737379e37d (type: security_group_rules) to 0
2026-07-17 13:56:42.753 8 INFO neutron.db.ovn_revision_numbers_db [None req-661737f2-eca4-40b9-9025-d5264c2f2ad7 0b56078c22b24945b67708de2a20284c 259120fc650b4bb2832d92cc62e3c4fe - - default default] Successfully bumped revision number for resource a8b6bf5b-1633-4691-8879-dcd82340bcec (type: security_group_rules) to 0
2026-07-17 13:56:42.765 8 INFO neutron.db.ovn_revision_numbers_db [None req-661737f2-eca4-40b9-9025-d5264c2f2ad7 0b56078c22b24945b67708de2a20284c 259120fc650b4bb2832d92cc62e3c4fe - - default default] Successfully bumped revision number for resource febbc007-ebc0-4b02-bf70-a6a324b94201 (type: security_group_rules) to 0 [pid: 8|app: 0|req: 1249/2451] 10.0.0.107 () {32 vars in 774 bytes} [Fri Jul 17 13:56:42 2026] GET /v2.0/security-groups?tenant_id=f63b4954a03e47139e17fe518f210025&name=default => generated 2929 bytes in 197 msecs (HTTP/1.1 200) 4 headers in 158 bytes (1 switches on core 0) [pid: 7|app: 0|req: 1203/2452] 10.0.0.107 () {32 vars in 740 bytes} [Fri Jul 17 13:56:42 2026] DELETE /v2.0/security-groups/934a4f8d-a5ee-405c-a4c4-d23b6d3b8e9b => generated 0 bytes in 191 msecs (HTTP/1.1 204) 2 headers in 112 bytes (1 switches on core 0) [pid: 8|app: 0|req: 1250/2453] 10.0.0.243 () {34 vars in 1070 bytes} [Fri Jul 17 13:56:43 2026] GET /v2.0/ports?fields=security_groups&fields=device_id&device_id=724b7dd3-8496-485c-a9a8-c77c07f6f2ad => generated 12 bytes in 17 msecs (HTTP/1.1 200) 4 headers in 156 bytes (1 switches on core 0) [pid: 7|app: 0|req: 1204/2454] 10.0.0.243 () {34 vars in 1070 bytes} [Fri Jul 17 13:56:44 2026] GET /v2.0/ports?fields=security_groups&fields=device_id&device_id=724b7dd3-8496-485c-a9a8-c77c07f6f2ad => generated 12 bytes in 21 msecs (HTTP/1.1 200) 4 headers in 156 bytes (1 switches on core 0) [pid: 8|app: 0|req: 1251/2455] 199.204.45.138 () {34 vars in 986 bytes} [Fri Jul 17 13:56:45 2026] GET /v2.0/networks?id=2c204fe7-b08c-47df-a9fa-915b915cf126 => generated 711 bytes in 74 msecs (HTTP/1.1 200) 4 headers in 157 bytes (1 switches on core 0)
2026-07-17 13:56:45.235 7 WARNING neutron.db.securitygroups_db [req-a940e48d-40b9-43de-b242-77555287b923 req-c56e5812-3be1-454f-97e5-a205cc7ff460 7d78f3840c4b41d28a79f01c250df18f c318c00ea42c4c91961961da0851a5cb - - default default] project_id key not found in filters, using tenant_id instead. This support has been deprecated and will be removed in a future release. [pid: 8|app: 0|req: 1252/2456] 10.0.0.243 () {34 vars in 1070 bytes} [Fri Jul 17 13:56:45 2026] GET /v2.0/ports?fields=security_groups&fields=device_id&device_id=724b7dd3-8496-485c-a9a8-c77c07f6f2ad => generated 12 bytes in 18 msecs (HTTP/1.1 200) 4 headers in 156 bytes (1 switches on core 0) [pid: 7|app: 0|req: 1205/2457] 199.204.45.138 () {34 vars in 1050 bytes} [Fri Jul 17 13:56:45 2026] GET /v2.0/security-groups?fields=id&fields=name&tenant_id=c318c00ea42c4c91961961da0851a5cb => generated 274 bytes in 38 msecs (HTTP/1.1 200) 4 headers in 157 bytes (1 switches on core 0)
2026-07-17 13:56:45.543 8 WARNING neutron.scheduler.dhcp_agent_scheduler [req-a940e48d-40b9-43de-b242-77555287b923 req-c0e979d1-9f62-4ca6-b25b-bb4c16224f25 7d78f3840c4b41d28a79f01c250df18f c318c00ea42c4c91961961da0851a5cb - - default default] No more DHCP agents
2026-07-17 13:56:45.546 8 WARNING neutron.api.rpc.agentnotifiers.dhcp_rpc_agent_api [req-a940e48d-40b9-43de-b242-77555287b923 req-c0e979d1-9f62-4ca6-b25b-bb4c16224f25 7d78f3840c4b41d28a79f01c250df18f c318c00ea42c4c91961961da0851a5cb - - default default] Unable to schedule network 2c204fe7-b08c-47df-a9fa-915b915cf126: no agents available; will retry on subsequent port and subnet creation events.
2026-07-17 13:56:45.739 8 INFO neutron.plugins.ml2.drivers.ovn.mech_driver.mech_driver [None req-96c8a8da-1312-4e8c-9ffc-1836b74bd7d4 - - - - - -] OVN reports status down for port: c94bb3b3-4afa-4abd-a373-99f240c49cc0
2026-07-17 13:56:45.802 8 INFO neutron.db.ovn_revision_numbers_db [req-a940e48d-40b9-43de-b242-77555287b923 req-c0e979d1-9f62-4ca6-b25b-bb4c16224f25 7d78f3840c4b41d28a79f01c250df18f c318c00ea42c4c91961961da0851a5cb - - default default] Successfully bumped revision number for resource c94bb3b3-4afa-4abd-a373-99f240c49cc0 (type: ports) to 1 [pid: 8|app: 0|req: 1253/2458] 199.204.45.138 () {38 vars in 955 bytes} [Fri Jul 17 13:56:45 2026] POST /v2.0/ports => generated 993 bytes in 623 msecs (HTTP/1.1 201) 4 headers in 162 bytes (1 switches on core 0)
2026-07-17 13:56:46.220 7 INFO neutron.db.ovn_revision_numbers_db [req-a940e48d-40b9-43de-b242-77555287b923 req-3c1e27ef-56da-468a-92a9-2ce29c9099cb 4863d107de704d358f55ef55d7cdefbc 37453797846d4d5796e69981bb3bfa42 - - 9d1efb3a0f3c48d3af433e7999725f3e 9d1efb3a0f3c48d3af433e7999725f3e] Successfully bumped revision number for resource c94bb3b3-4afa-4abd-a373-99f240c49cc0 (type: ports) to 2 /var/lib/openstack/lib/python3.12/site-packages/pycadf/identifier.py:70: UserWarning: Invalid uuid: neutron. To ensure interoperability, identifiers should be a valid uuid. warnings.warn(('Invalid uuid: %s. To ensure interoperability, ' [pid: 8|app: 0|req: 1254/2459] 10.0.0.243 () {34 vars in 1070 bytes} [Fri Jul 17 13:56:46 2026] GET /v2.0/ports?fields=security_groups&fields=device_id&device_id=724b7dd3-8496-485c-a9a8-c77c07f6f2ad => generated 162 bytes in 36 msecs (HTTP/1.1 200) 4 headers in 157 bytes (1 switches on core 0) [pid: 8|app: 0|req: 1255/2460] 10.0.0.243 () {34 vars in 1120 bytes} [Fri Jul 17 13:56:46 2026] GET /v2.0/security-groups?id=bff35bc9-8dce-4a56-9588-945cbf7b4f69&id=ec98d570-960e-406b-8455-c994c7dbbd0d&fields=id&fields=name => generated 207 bytes in 33 msecs (HTTP/1.1 200) 4 headers in 157 bytes (1 switches on core 0)
2026-07-17 13:56:46.436 7 INFO neutron.db.ovn_revision_numbers_db [req-a940e48d-40b9-43de-b242-77555287b923 req-3c1e27ef-56da-468a-92a9-2ce29c9099cb 4863d107de704d358f55ef55d7cdefbc 37453797846d4d5796e69981bb3bfa42 - - 9d1efb3a0f3c48d3af433e7999725f3e 9d1efb3a0f3c48d3af433e7999725f3e] Successfully bumped revision number for resource c94bb3b3-4afa-4abd-a373-99f240c49cc0 (type: ports) to 4 [pid: 7|app: 0|req: 1206/2461] 199.204.45.138 () {38 vars in 1028 bytes} [Fri Jul 17 13:56:45 2026] PUT /v2.0/ports/c94bb3b3-4afa-4abd-a373-99f240c49cc0 => generated 1265 bytes in 570 msecs (HTTP/1.1 200) 4 headers in 158 bytes (1 switches on core 0)
