2026-07-17 13:55:41.330 8 WARNING neutron.api.rpc.agentnotifiers.dhcp_rpc_agent_api [None req-01b471b6-139b-468a-bd68-855df516e5ac 8a0576d19c4e4ee9aae32331b3f5124b c9e71005774e41618eeb83134dd3cd83 - - default default] Unable to schedule network 0d5fb335-e9ba-4251-876a-2320618c768c: no agents available; will retry on subsequent port and subnet creation events.
2026-07-17 13:55:41.377 8 INFO neutron.plugins.ml2.drivers.ovn.mech_driver.mech_driver [None req-33c59707-1db9-42ea-8c0b-e78c02e831f3 - - - - - -] OVN reports status down for port: 7d226220-b7fe-4bf5-995f-6cb1a6ac79c4
2026-07-17 13:55:41.434 8 INFO neutron.db.ovn_revision_numbers_db [None req-01b471b6-139b-468a-bd68-855df516e5ac 8a0576d19c4e4ee9aae32331b3f5124b c9e71005774e41618eeb83134dd3cd83 - - default default] Successfully bumped revision number for resource 7d226220-b7fe-4bf5-995f-6cb1a6ac79c4 (type: ports) to 1 [pid: 8|app: 0|req: 1051/2099] 10.0.0.107 () {34 vars in 670 bytes} [Fri Jul 17 13:55:40 2026] POST /v2.0/networks => generated 669 bytes in 815 msecs (HTTP/1.1 201) 4 headers in 162 bytes (1 switches on core 0) [pid: 8|app: 0|req: 1052/2100] 10.0.0.107 () {32 vars in 694 bytes} [Fri Jul 17 13:55:41 2026] GET /v2.0/security-groups?tags=red%2Cblue => generated 3218 bytes in 38 msecs (HTTP/1.1 200) 4 headers in 158 bytes (1 switches on core 0) [pid: 7|app: 0|req: 1049/2101] 10.0.0.107 () {34 vars in 789 bytes} [Fri Jul 17 13:55:40 2026] PUT /v2.0/routers/e402271d-5831-41b6-ad9d-4fde7c3b467c/remove_router_interface => generated 310 bytes in 858 msecs (HTTP/1.1 200) 4 headers in 157 bytes (1 switches on core 0) /var/lib/openstack/lib/python3.12/site-packages/pycadf/identifier.py:70: UserWarning: Invalid uuid: neutron. To ensure interoperability, identifiers should be a valid uuid. warnings.warn(('Invalid uuid: %s. To ensure interoperability, ' [pid: 7|app: 0|req: 1050/2102] 10.0.0.107 () {32 vars in 690 bytes} [Fri Jul 17 13:55:41 2026] GET /v2.0/security-groups?tags-any=blue => generated 3218 bytes in 44 msecs (HTTP/1.1 200) 4 headers in 158 bytes (1 switches on core 0)
2026-07-17 13:55:41.772 8 WARNING neutron.scheduler.dhcp_agent_scheduler [None req-13f791d5-df86-47a7-b11e-5d277583808a 8a0576d19c4e4ee9aae32331b3f5124b c9e71005774e41618eeb83134dd3cd83 - - default default] No more DHCP agents
2026-07-17 13:55:41.780 8 WARNING neutron.api.rpc.agentnotifiers.dhcp_rpc_agent_api [None req-13f791d5-df86-47a7-b11e-5d277583808a 8a0576d19c4e4ee9aae32331b3f5124b c9e71005774e41618eeb83134dd3cd83 - - default default] Unable to schedule network 0d5fb335-e9ba-4251-876a-2320618c768c: no agents available; will retry on subsequent port and subnet creation events.
2026-07-17 13:55:41.821 8 INFO neutron.plugins.ml2.drivers.ovn.mech_driver.mech_driver [None req-33c59707-1db9-42ea-8c0b-e78c02e831f3 - - - - - -] OVN reports status down for port: b1f0318d-1e8e-4c7b-89aa-8fbab6cda213
2026-07-17 13:55:41.875 8 INFO neutron.db.ovn_revision_numbers_db [None req-13f791d5-df86-47a7-b11e-5d277583808a 8a0576d19c4e4ee9aae32331b3f5124b c9e71005774e41618eeb83134dd3cd83 - - default default] Successfully bumped revision number for resource b1f0318d-1e8e-4c7b-89aa-8fbab6cda213 (type: ports) to 1 [pid: 8|app: 0|req: 1053/2103] 10.0.0.107 () {34 vars in 664 bytes} [Fri Jul 17 13:55:41 2026] POST /v2.0/ports => generated 743 bytes in 417 msecs (HTTP/1.1 201) 4 headers in 162 bytes (1 switches on core 0) /var/lib/openstack/lib/python3.12/site-packages/pycadf/identifier.py:70: UserWarning: Invalid uuid: neutron. To ensure interoperability, identifiers should be a valid uuid. warnings.warn(('Invalid uuid: %s. To ensure interoperability, ' [pid: 8|app: 0|req: 1054/2104] 10.0.0.107 () {32 vars in 702 bytes} [Fri Jul 17 13:55:41 2026] GET /v2.0/security-groups?tags-any=red%2Cblue => generated 4804 bytes in 43 msecs (HTTP/1.1 200) 4 headers in 158 bytes (1 switches on core 0)
2026-07-17 13:55:42.048 7 INFO neutron_taas.services.taas.taas_plugin [None req-c9ad3b5e-55e9-4271-ba32-1f527afbb785 0b56078c22b24945b67708de2a20284c 259120fc650b4bb2832d92cc62e3c4fe - - default default] TaaS: Handle Delete Port: 84daf4ae-c5e0-4b7c-853c-cec85c1a9b76
2026-07-17 13:55:42.051 7 INFO neutron_taas.services.taas.tap_mirror_plugin [None req-c9ad3b5e-55e9-4271-ba32-1f527afbb785 0b56078c22b24945b67708de2a20284c 259120fc650b4bb2832d92cc62e3c4fe - - default default] Tap Mirror: Handle Delete Port: 84daf4ae-c5e0-4b7c-853c-cec85c1a9b76 [pid: 8|app: 0|req: 1055/2105] 10.0.0.107 () {34 vars in 666 bytes} [Fri Jul 17 13:55:41 2026] POST /v2.0/trunks => generated 409 bytes in 171 msecs (HTTP/1.1 201) 4 headers in 162 bytes (1 switches on core 0) [pid: 8|app: 0|req: 1056/2106] 10.0.0.107 () {32 vars in 688 bytes} [Fri Jul 17 13:55:42 2026] GET /v2.0/security-groups?not-tags=red => generated 6094 bytes in 50 msecs (HTTP/1.1 200) 4 headers in 158 bytes (1 switches on core 0)
2026-07-17 13:55:42.221 8 WARNING tagging [None req-9210ae8d-2956-49ce-9cf9-27397d872f92 8a0576d19c4e4ee9aae32331b3f5124b c9e71005774e41618eeb83134dd3cd83 - - default default] project_id key not found in request, using tenant_id instead. This support has been deprecated and will be removed in a future release. [pid: 8|app: 0|req: 1057/2107] 10.0.0.107 () {34 vars in 749 bytes} [Fri Jul 17 13:55:42 2026] PUT /v2.0/trunks/d466acbb-55b7-4b41-b263-b8d38c77250a/tags => generated 25 bytes in 31 msecs (HTTP/1.1 200) 4 headers in 156 bytes (1 switches on core 0) [pid: 8|app: 0|req: 1058/2108] 10.0.0.107 () {32 vars in 702 bytes} [Fri Jul 17 13:55:42 2026] GET /v2.0/security-groups?not-tags=red%2Cblue => generated 7680 bytes in 40 msecs (HTTP/1.1 200) 4 headers in 158 bytes (1 switches on core 0)
2026-07-17 13:55:42.289 8 WARNING tagging [None req-171aa452-54e4-4f82-b958-8f42d3cf059e 8a0576d19c4e4ee9aae32331b3f5124b c9e71005774e41618eeb83134dd3cd83 - - default default] project_id key not found in request, using tenant_id instead. This support has been deprecated and will be removed in a future release. [pid: 8|app: 0|req: 1059/2109] 10.0.0.107 () {32 vars in 729 bytes} [Fri Jul 17 13:55:42 2026] GET /v2.0/trunks/d466acbb-55b7-4b41-b263-b8d38c77250a/tags => generated 25 bytes in 17 msecs (HTTP/1.1 200) 4 headers in 156 bytes (1 switches on core 0) [pid: 8|app: 0|req: 1060/2110] 10.0.0.107 () {32 vars in 698 bytes} [Fri Jul 17 13:55:42 2026] GET /v2.0/security-groups?not-tags-any=blue => generated 7680 bytes in 43 msecs (HTTP/1.1 200) 4 headers in 158 bytes (1 switches on core 0)
2026-07-17 13:55:42.351 8 WARNING tagging [None req-c9c82e25-0a45-4837-80c2-b169e531d186 8a0576d19c4e4ee9aae32331b3f5124b c9e71005774e41618eeb83134dd3cd83 - - default default] project_id key not found in request, using tenant_id instead. This support has been deprecated and will be removed in a future release. [pid: 7|app: 0|req: 1051/2111] 10.0.0.107 () {32 vars in 724 bytes} [Fri Jul 17 13:55:41 2026] DELETE /v2.0/routers/e402271d-5831-41b6-ad9d-4fde7c3b467c => generated 0 bytes in 650 msecs (HTTP/1.1 204) 2 headers in 112 bytes (1 switches on core 0) [pid: 8|app: 0|req: 1061/2112] 10.0.0.107 () {34 vars in 760 bytes} [Fri Jul 17 13:55:42 2026] PUT /v2.0/trunks/d466acbb-55b7-4b41-b263-b8d38c77250a/tags/green => generated 4 bytes in 45 msecs (HTTP/1.1 201) 4 headers in 160 bytes (1 switches on core 0) [pid: 7|app: 0|req: 1052/2113] 10.0.0.107 () {32 vars in 710 bytes} [Fri Jul 17 13:55:42 2026] GET /v2.0/security-groups?not-tags-any=red%2Cblue => generated 6094 bytes in 41 msecs (HTTP/1.1 200) 4 headers in 158 bytes (1 switches on core 0)
2026-07-17 13:55:42.424 7 WARNING tagging [None req-679492e2-1bab-450a-803a-a94655adc819 8a0576d19c4e4ee9aae32331b3f5124b c9e71005774e41618eeb83134dd3cd83 - - default default] project_id key not found in request, using tenant_id instead. This support has been deprecated and will be removed in a future release. [pid: 7|app: 0|req: 1053/2114] 10.0.0.107 () {32 vars in 729 bytes} [Fri Jul 17 13:55:42 2026] GET /v2.0/trunks/d466acbb-55b7-4b41-b263-b8d38c77250a/tags => generated 34 bytes in 16 msecs (HTTP/1.1 200) 4 headers in 156 bytes (1 switches on core 0) [pid: 7|app: 0|req: 1054/2115] 10.0.0.107 () {32 vars in 740 bytes} [Fri Jul 17 13:55:42 2026] DELETE /v2.0/security-groups/189f1ec2-3352-4a3e-8b5a-aaafa1ab501e => generated 0 bytes in 117 msecs (HTTP/1.1 204) 2 headers in 112 bytes (1 switches on core 0)
2026-07-17 13:55:42.562 7 WARNING tagging [None req-6d419677-a394-429c-a218-46aff9a78d6d 8a0576d19c4e4ee9aae32331b3f5124b c9e71005774e41618eeb83134dd3cd83 - - default default] project_id key not found in request, using tenant_id instead. This support has been deprecated and will be removed in a future release. [pid: 8|app: 0|req: 1062/2116] 10.0.0.107 () {32 vars in 724 bytes} [Fri Jul 17 13:55:42 2026] DELETE /v2.0/subnets/78fef041-cdea-40c6-a62d-aee852b65d42 => generated 0 bytes in 178 msecs (HTTP/1.1 204) 3 headers in 131 bytes (1 switches on core 0) [pid: 7|app: 0|req: 1055/2119] 10.0.0.107 () {34 vars in 756 bytes} [Fri Jul 17 13:55:42 2026] PUT /v2.0/trunks/d466acbb-55b7-4b41-b263-b8d38c77250a/tags/red => generated 4 bytes in 35 msecs (HTTP/1.1 201) 4 headers in 160 bytes (1 switches on core 0) [pid: 8|app: 0|req: 1065/2120] 10.0.0.107 () {32 vars in 740 bytes} [Fri Jul 17 13:55:42 2026] DELETE /v2.0/security-groups/397c8452-f587-4ad9-b50c-f61ee715da67 => generated 0 bytes in 118 msecs (HTTP/1.1 204) 2 headers in 112 bytes (1 switches on core 0)
2026-07-17 13:55:42.700 8 WARNING tagging [None req-8b3aede7-6f0f-4e7c-8d67-600abff6efaf 8a0576d19c4e4ee9aae32331b3f5124b c9e71005774e41618eeb83134dd3cd83 - - default default] project_id key not found in request, using tenant_id instead. This support has been deprecated and will be removed in a future release.
2026-07-17 13:55:42.705 7 INFO neutron_taas.services.taas.taas_plugin [None req-1b423ed8-d3a5-4330-a080-19b502b16810 0b56078c22b24945b67708de2a20284c 259120fc650b4bb2832d92cc62e3c4fe - - default default] TaaS: Handle Delete Port: 3047cbc9-147f-4ef0-8fcb-3d4ab5e7b093 [pid: 8|app: 0|req: 1066/2121] 10.0.0.107 () {32 vars in 729 bytes} [Fri Jul 17 13:55:42 2026] GET /v2.0/trunks/d466acbb-55b7-4b41-b263-b8d38c77250a/tags => generated 34 bytes in 17 msecs (HTTP/1.1 200) 4 headers in 156 bytes (1 switches on core 0)
2026-07-17 13:55:42.708 7 INFO neutron_taas.services.taas.tap_mirror_plugin [None req-1b423ed8-d3a5-4330-a080-19b502b16810 0b56078c22b24945b67708de2a20284c 259120fc650b4bb2832d92cc62e3c4fe - - default default] Tap Mirror: Handle Delete Port: 3047cbc9-147f-4ef0-8fcb-3d4ab5e7b093 [pid: 8|app: 0|req: 1067/2122] 10.0.0.107 () {32 vars in 740 bytes} [Fri Jul 17 13:55:42 2026] DELETE /v2.0/security-groups/3e36cb80-83d0-43e1-bbbb-ede1965789be => generated 0 bytes in 116 msecs (HTTP/1.1 204) 2 headers in 112 bytes (1 switches on core 0)
2026-07-17 13:55:42.833 8 WARNING tagging [None req-964f08ce-691e-4ccf-9589-f0c217a4b9b0 8a0576d19c4e4ee9aae32331b3f5124b c9e71005774e41618eeb83134dd3cd83 - - default default] project_id key not found in request, using tenant_id instead. This support has been deprecated and will be removed in a future release. [pid: 8|app: 0|req: 1068/2123] 10.0.0.107 () {34 vars in 778 bytes} [Fri Jul 17 13:55:42 2026] PUT /v2.0/trunks/d466acbb-55b7-4b41-b263-b8d38c77250a/tags/black.or.white => generated 4 bytes in 30 msecs (HTTP/1.1 201) 4 headers in 160 bytes (1 switches on core 0)
2026-07-17 13:55:42.894 7 INFO neutron.services.segments.plugin [-] Segment c8415cd3-6d58-49f1-8451-6ac80fbfc834 resource provider aggregate not found
2026-07-17 13:55:42.903 7 INFO neutron.services.segments.plugin [-] Segment c8415cd3-6d58-49f1-8451-6ac80fbfc834 resource provider aggregate not found
2026-07-17 13:55:42.905 7 INFO neutron.services.segments.plugin [-] Client error retrieving segment c8415cd3-6d58-49f1-8451-6ac80fbfc834 resource provider; error: Placement Client Error (4xx): {"errors": [{"status": 404, "title": "Not Found", "detail": "The resource could not be found.\n\n No resource provider with uuid c8415cd3-6d58-49f1-8451-6ac80fbfc834 found for delete ", "request_id": "req-d74f2111-7659-4998-a7f8-36e150dc3a6b"}]}
2026-07-17 13:55:42.917 7 INFO neutron.services.segments.plugin [-] Client error retrieving segment c8415cd3-6d58-49f1-8451-6ac80fbfc834 resource provider; error: Placement Client Error (4xx): {"errors": [{"status": 404, "title": "Not Found", "detail": "The resource could not be found.\n\n No resource provider with uuid c8415cd3-6d58-49f1-8451-6ac80fbfc834 found for delete ", "request_id": "req-2bc4b508-bd22-4602-ad6f-540de81db283"}]} [pid: 7|app: 0|req: 1056/2124] 10.0.0.107 () {32 vars in 726 bytes} [Fri Jul 17 13:55:42 2026] DELETE /v2.0/networks/36307535-378e-4bde-a425-dbd8316d0661 => generated 0 bytes in 351 msecs (HTTP/1.1 204) 3 headers in 131 bytes (1 switches on core 0)
2026-07-17 13:55:42.948 7 WARNING tagging [None req-2dd0e5ed-962a-4f89-9624-c9a730cc320a 8a0576d19c4e4ee9aae32331b3f5124b c9e71005774e41618eeb83134dd3cd83 - - default default] project_id key not found in request, using tenant_id instead. This support has been deprecated and will be removed in a future release. [pid: 7|app: 0|req: 1057/2125] 10.0.0.107 () {32 vars in 729 bytes} [Fri Jul 17 13:55:42 2026] GET /v2.0/trunks/d466acbb-55b7-4b41-b263-b8d38c77250a/tags => generated 52 bytes in 20 msecs (HTTP/1.1 200) 4 headers in 156 bytes (1 switches on core 0)
2026-07-17 13:55:42.970 7 WARNING tagging [None req-b1f98c43-781f-4eb2-bdcf-61d820cb7228 8a0576d19c4e4ee9aae32331b3f5124b c9e71005774e41618eeb83134dd3cd83 - - default default] project_id key not found in request, using tenant_id instead. This support has been deprecated and will be removed in a future release. [pid: 8|app: 0|req: 1069/2126] 10.0.0.107 () {32 vars in 740 bytes} [Fri Jul 17 13:55:42 2026] DELETE /v2.0/security-groups/201ada0f-def2-4a10-a6e0-6346b4dfe4ed => generated 0 bytes in 130 msecs (HTTP/1.1 204) 2 headers in 112 bytes (1 switches on core 0) [pid: 7|app: 0|req: 1058/2127] 10.0.0.107 () {34 vars in 749 bytes} [Fri Jul 17 13:55:42 2026] PUT /v2.0/trunks/d466acbb-55b7-4b41-b263-b8d38c77250a/tags => generated 37 bytes in 31 msecs (HTTP/1.1 200) 4 headers in 156 bytes (1 switches on core 0)
2026-07-17 13:55:43.008 7 WARNING tagging [None req-984c6f54-4f92-41c2-b43a-a9ebb4f75f36 8a0576d19c4e4ee9aae32331b3f5124b c9e71005774e41618eeb83134dd3cd83 - - default default] project_id key not found in request, using tenant_id instead. This support has been deprecated and will be removed in a future release. [pid: 7|app: 0|req: 1059/2128] 10.0.0.107 () {32 vars in 729 bytes} [Fri Jul 17 13:55:42 2026] GET /v2.0/trunks/d466acbb-55b7-4b41-b263-b8d38c77250a/tags => generated 37 bytes in 19 msecs (HTTP/1.1 200) 4 headers in 156 bytes (1 switches on core 0)
2026-07-17 13:55:43.038 7 WARNING tagging [None req-8adf4905-10a1-4185-8f6e-05d4d8ad3378 8a0576d19c4e4ee9aae32331b3f5124b c9e71005774e41618eeb83134dd3cd83 - - default default] project_id key not found in request, using tenant_id instead. This support has been deprecated and will be removed in a future release. [pid: 7|app: 0|req: 1060/2129] 10.0.0.107 () {32 vars in 737 bytes} [Fri Jul 17 13:55:43 2026] GET /v2.0/trunks/d466acbb-55b7-4b41-b263-b8d38c77250a/tags/red => generated 0 bytes in 23 msecs (HTTP/1.1 204) 2 headers in 112 bytes (1 switches on core 0)
2026-07-17 13:55:43.051 7 WARNING neutron.db.securitygroups_db [None req-6600b336-22b7-4f75-9b15-5dba5e2019c9 0b56078c22b24945b67708de2a20284c 259120fc650b4bb2832d92cc62e3c4fe - - default default] project_id key not found in filters, using tenant_id instead. This support has been deprecated and will be removed in a future release. [pid: 7|app: 0|req: 1061/2130] 10.0.0.107 () {32 vars in 774 bytes} [Fri Jul 17 13:55:43 2026] GET /v2.0/security-groups?tenant_id=fde65b5c67684166bdc799952b0bd3cb&name=default => generated 2925 bytes in 28 msecs (HTTP/1.1 200) 4 headers in 158 bytes (1 switches on core 0)
2026-07-17 13:55:43.093 7 WARNING tagging [None req-ed80db45-894d-4344-9d11-b47f5431d16e 8a0576d19c4e4ee9aae32331b3f5124b c9e71005774e41618eeb83134dd3cd83 - - default default] project_id key not found in request, using tenant_id instead. This support has been deprecated and will be removed in a future release.
2026-07-17 13:55:43.099 7 INFO neutron.api.v2.resource [None req-ed80db45-894d-4344-9d11-b47f5431d16e 8a0576d19c4e4ee9aae32331b3f5124b c9e71005774e41618eeb83134dd3cd83 - - default default] show failed (client error): The resource could not be found. [pid: 7|app: 0|req: 1062/2131] 10.0.0.107 () {32 vars in 741 bytes} [Fri Jul 17 13:55:43 2026] GET /v2.0/trunks/d466acbb-55b7-4b41-b263-b8d38c77250a/tags/green => generated 99 bytes in 24 msecs (HTTP/1.1 404) 4 headers in 163 bytes (1 switches on core 0) [pid: 8|app: 0|req: 1070/2132] 10.0.0.107 () {32 vars in 740 bytes} [Fri Jul 17 13:55:42 2026] DELETE /v2.0/security-groups/58093b6f-0324-46da-9fbb-61054cc03419 => generated 0 bytes in 127 msecs (HTTP/1.1 204) 2 headers in 112 bytes (1 switches on core 0)
2026-07-17 13:55:43.128 8 WARNING tagging [None req-339e888a-20d1-420e-bbc3-f25e02a76009 8a0576d19c4e4ee9aae32331b3f5124b c9e71005774e41618eeb83134dd3cd83 - - default default] project_id key not found in request, using tenant_id instead. This support has been deprecated and will be removed in a future release. [pid: 8|app: 0|req: 1071/2133] 10.0.0.107 () {32 vars in 740 bytes} [Fri Jul 17 13:55:43 2026] DELETE /v2.0/trunks/d466acbb-55b7-4b41-b263-b8d38c77250a/tags/red => generated 0 bytes in 36 msecs (HTTP/1.1 204) 2 headers in 112 bytes (1 switches on core 0)
2026-07-17 13:55:43.169 8 WARNING tagging [None req-fcf9cb74-7b1c-4782-b5f2-6ffbaf2c2171 8a0576d19c4e4ee9aae32331b3f5124b c9e71005774e41618eeb83134dd3cd83 - - default default] project_id key not found in request, using tenant_id instead. This support has been deprecated and will be removed in a future release. [pid: 8|app: 0|req: 1072/2134] 10.0.0.107 () {32 vars in 729 bytes} [Fri Jul 17 13:55:43 2026] GET /v2.0/trunks/d466acbb-55b7-4b41-b263-b8d38c77250a/tags => generated 30 bytes in 19 msecs (HTTP/1.1 200) 4 headers in 156 bytes (1 switches on core 0)
2026-07-17 13:55:43.199 8 WARNING tagging [None req-79a443db-76bc-4963-91a9-007d9350a982 8a0576d19c4e4ee9aae32331b3f5124b c9e71005774e41618eeb83134dd3cd83 - - default default] project_id key not found in request, using tenant_id instead. This support has been deprecated and will be removed in a future release.
2026-07-17 13:55:43.211 8 INFO neutron.api.v2.resource [None req-79a443db-76bc-4963-91a9-007d9350a982 8a0576d19c4e4ee9aae32331b3f5124b c9e71005774e41618eeb83134dd3cd83 - - default default] delete failed (client error): The resource could not be found. [pid: 8|app: 0|req: 1073/2135] 10.0.0.107 () {32 vars in 744 bytes} [Fri Jul 17 13:55:43 2026] DELETE /v2.0/trunks/d466acbb-55b7-4b41-b263-b8d38c77250a/tags/green => generated 99 bytes in 31 msecs (HTTP/1.1 404) 4 headers in 163 bytes (1 switches on core 0)
2026-07-17 13:55:43.237 8 WARNING tagging [None req-8a5d77cf-aa46-4d1b-a15a-5a8c3018edcc 8a0576d19c4e4ee9aae32331b3f5124b c9e71005774e41618eeb83134dd3cd83 - - default default] project_id key not found in request, using tenant_id instead. This support has been deprecated and will be removed in a future release. [pid: 7|app: 0|req: 1063/2136] 10.0.0.107 () {32 vars in 740 bytes} [Fri Jul 17 13:55:43 2026] DELETE /v2.0/security-groups/01e1eb67-533c-4540-9e13-d2cf3c39d673 => generated 0 bytes in 154 msecs (HTTP/1.1 204) 2 headers in 112 bytes (1 switches on core 0) [pid: 8|app: 0|req: 1074/2137] 10.0.0.107 () {32 vars in 732 bytes} [Fri Jul 17 13:55:43 2026] DELETE /v2.0/trunks/d466acbb-55b7-4b41-b263-b8d38c77250a/tags => generated 0 bytes in 47 msecs (HTTP/1.1 204) 2 headers in 112 bytes (1 switches on core 0)
2026-07-17 13:55:43.283 7 WARNING tagging [None req-40d5c0f0-a8bd-4354-bdf9-0c5d8b26a6b7 8a0576d19c4e4ee9aae32331b3f5124b c9e71005774e41618eeb83134dd3cd83 - - default default] project_id key not found in request, using tenant_id instead. This support has been deprecated and will be removed in a future release. [pid: 7|app: 0|req: 1064/2138] 10.0.0.107 () {32 vars in 729 bytes} [Fri Jul 17 13:55:43 2026] GET /v2.0/trunks/d466acbb-55b7-4b41-b263-b8d38c77250a/tags => generated 12 bytes in 23 msecs (HTTP/1.1 200) 4 headers in 156 bytes (1 switches on core 0) [pid: 8|app: 0|req: 1075/2139] 10.0.0.107 () {32 vars in 719 bytes} [Fri Jul 17 13:55:43 2026] GET /v2.0/trunks/d466acbb-55b7-4b41-b263-b8d38c77250a => generated 409 bytes in 15 msecs (HTTP/1.1 200) 4 headers in 157 bytes (1 switches on core 0) [pid: 7|app: 0|req: 1065/2140] 10.0.0.107 () {32 vars in 717 bytes} [Fri Jul 17 13:55:43 2026] GET /v2.0/ports/b1f0318d-1e8e-4c7b-89aa-8fbab6cda213 => generated 826 bytes in 81 msecs (HTTP/1.1 200) 4 headers in 157 bytes (1 switches on core 0) [pid: 8|app: 0|req: 1076/2141] 10.0.0.107 () {32 vars in 722 bytes} [Fri Jul 17 13:55:43 2026] DELETE /v2.0/trunks/d466acbb-55b7-4b41-b263-b8d38c77250a => generated 0 bytes in 73 msecs (HTTP/1.1 204) 2 headers in 112 bytes (1 switches on core 0)
2026-07-17 13:55:43.642 7 INFO neutron_taas.services.taas.taas_plugin [None req-636dc226-7fa5-4dc4-b5ee-40bb4181ca42 8a0576d19c4e4ee9aae32331b3f5124b c9e71005774e41618eeb83134dd3cd83 - - default default] TaaS: Handle Delete Port: b1f0318d-1e8e-4c7b-89aa-8fbab6cda213
2026-07-17 13:55:43.647 7 INFO neutron_taas.services.taas.tap_mirror_plugin [None req-636dc226-7fa5-4dc4-b5ee-40bb4181ca42 8a0576d19c4e4ee9aae32331b3f5124b c9e71005774e41618eeb83134dd3cd83 - - default default] Tap Mirror: Handle Delete Port: b1f0318d-1e8e-4c7b-89aa-8fbab6cda213 [pid: 7|app: 0|req: 1066/2142] 10.0.0.107 () {32 vars in 720 bytes} [Fri Jul 17 13:55:43 2026] DELETE /v2.0/ports/b1f0318d-1e8e-4c7b-89aa-8fbab6cda213 => generated 0 bytes in 259 msecs (HTTP/1.1 204) 3 headers in 131 bytes (1 switches on core 0)
2026-07-17 13:55:43.897 8 INFO neutron_taas.services.taas.taas_plugin [None req-40253f8e-5da6-4bab-81c3-739b6e0de05b 8a0576d19c4e4ee9aae32331b3f5124b c9e71005774e41618eeb83134dd3cd83 - - default default] TaaS: Handle Delete Port: 7d226220-b7fe-4bf5-995f-6cb1a6ac79c4
2026-07-17 13:55:43.899 8 INFO neutron_taas.services.taas.tap_mirror_plugin [None req-40253f8e-5da6-4bab-81c3-739b6e0de05b 8a0576d19c4e4ee9aae32331b3f5124b c9e71005774e41618eeb83134dd3cd83 - - default default] Tap Mirror: Handle Delete Port: 7d226220-b7fe-4bf5-995f-6cb1a6ac79c4
2026-07-17 13:55:44.065 7 WARNING neutron.db.securitygroups_db [None req-e2c5c3f7-3d60-490c-812b-d8a8f3ab009d 0b56078c22b24945b67708de2a20284c 259120fc650b4bb2832d92cc62e3c4fe - - default default] project_id key not found in filters, using tenant_id instead. This support has been deprecated and will be removed in a future release.
2026-07-17 13:55:44.071 8 INFO neutron.services.segments.plugin [-] Segment 8f14d3e0-1fda-47cd-9de5-5ec178c461f3 resource provider aggregate not found
2026-07-17 13:55:44.076 8 INFO neutron.services.segments.plugin [-] Segment 8f14d3e0-1fda-47cd-9de5-5ec178c461f3 resource provider aggregate not found
2026-07-17 13:55:44.090 8 INFO neutron.services.segments.plugin [-] Client error retrieving segment 8f14d3e0-1fda-47cd-9de5-5ec178c461f3 resource provider; error: Placement Client Error (4xx): {"errors": [{"status": 404, "title": "Not Found", "detail": "The resource could not be found.\n\n No resource provider with uuid 8f14d3e0-1fda-47cd-9de5-5ec178c461f3 found for delete ", "request_id": "req-38ce5d61-9de4-4345-9bfc-6292e856b728"}]}
2026-07-17 13:55:44.096 8 INFO neutron.services.segments.plugin [-] Client error retrieving segment 8f14d3e0-1fda-47cd-9de5-5ec178c461f3 resource provider; error: Placement Client Error (4xx): {"errors": [{"status": 404, "title": "Not Found", "detail": "The resource could not be found.\n\n No resource provider with uuid 8f14d3e0-1fda-47cd-9de5-5ec178c461f3 found for delete ", "request_id": "req-6d1e9a3c-ca0a-4756-9232-71570247f288"}]} [pid: 8|app: 0|req: 1077/2143] 10.0.0.107 () {32 vars in 726 bytes} [Fri Jul 17 13:55:43 2026] DELETE /v2.0/networks/0d5fb335-e9ba-4251-876a-2320618c768c => generated 0 bytes in 368 msecs (HTTP/1.1 204) 3 headers in 131 bytes (1 switches on core 0)
2026-07-17 13:55:44.179 7 INFO neutron.db.ovn_revision_numbers_db [None req-e2c5c3f7-3d60-490c-812b-d8a8f3ab009d 0b56078c22b24945b67708de2a20284c 259120fc650b4bb2832d92cc62e3c4fe - - default default] Successfully bumped revision number for resource 6479006f-2b11-4106-963b-02715a22c9ef (type: security_groups) to 1
2026-07-17 13:55:44.192 7 INFO neutron.db.ovn_revision_numbers_db [None req-e2c5c3f7-3d60-490c-812b-d8a8f3ab009d 0b56078c22b24945b67708de2a20284c 259120fc650b4bb2832d92cc62e3c4fe - - default default] Successfully bumped revision number for resource 525108a2-df95-4b8f-bb35-0fcaee691ef6 (type: security_group_rules) to 0
2026-07-17 13:55:44.202 7 INFO neutron.db.ovn_revision_numbers_db [None req-e2c5c3f7-3d60-490c-812b-d8a8f3ab009d 0b56078c22b24945b67708de2a20284c 259120fc650b4bb2832d92cc62e3c4fe - - default default] Successfully bumped revision number for resource 5871fc5b-b4bd-4b73-8fc4-5f35ebabcbb6 (type: security_group_rules) to 0
2026-07-17 13:55:44.215 7 INFO neutron.db.ovn_revision_numbers_db [None req-e2c5c3f7-3d60-490c-812b-d8a8f3ab009d 0b56078c22b24945b67708de2a20284c 259120fc650b4bb2832d92cc62e3c4fe - - default default] Successfully bumped revision number for resource 60f82030-dbee-408b-a01c-9a6a0a2101cf (type: security_group_rules) to 0
2026-07-17 13:55:44.228 7 INFO neutron.db.ovn_revision_numbers_db [None req-e2c5c3f7-3d60-490c-812b-d8a8f3ab009d 0b56078c22b24945b67708de2a20284c 259120fc650b4bb2832d92cc62e3c4fe - - default default] Successfully bumped revision number for resource 68ef6f42-58de-4aa2-8d2c-976413980c9b (type: security_group_rules) to 0 [pid: 7|app: 0|req: 1067/2144] 10.0.0.107 () {32 vars in 774 bytes} [Fri Jul 17 13:55:43 2026] GET /v2.0/security-groups?tenant_id=7105e0a882144bbcab71fbb6287792c3&name=default => generated 2925 bytes in 310 msecs (HTTP/1.1 200) 4 headers in 158 bytes (1 switches on core 0)
2026-07-17 13:55:44.377 8 INFO neutron.db.ovn_revision_numbers_db [None req-3bab9ff1-9e3f-49a2-8c4f-c809323d7e9b 43de91c48c4748baa122494f5f8ded1f 55ed4c490d2c469599d963a89eac3f2c - - default default] Successfully bumped revision number for resource ce943c33-fef9-467c-907f-88c8f45fe428 (type: security_groups) to 1
2026-07-17 13:55:44.397 8 INFO neutron.db.ovn_revision_numbers_db [None req-3bab9ff1-9e3f-49a2-8c4f-c809323d7e9b 43de91c48c4748baa122494f5f8ded1f 55ed4c490d2c469599d963a89eac3f2c - - default default] Successfully bumped revision number for resource 3e9499f1-e1c4-46dd-9479-af606ec828c8 (type: security_group_rules) to 0
2026-07-17 13:55:44.414 8 INFO neutron.db.ovn_revision_numbers_db [None req-3bab9ff1-9e3f-49a2-8c4f-c809323d7e9b 43de91c48c4748baa122494f5f8ded1f 55ed4c490d2c469599d963a89eac3f2c - - default default] Successfully bumped revision number for resource 3f6bc6dc-06a2-46c3-9749-ab70bfe47445 (type: security_group_rules) to 0
2026-07-17 13:55:44.430 8 INFO neutron.db.ovn_revision_numbers_db [None req-3bab9ff1-9e3f-49a2-8c4f-c809323d7e9b 43de91c48c4748baa122494f5f8ded1f 55ed4c490d2c469599d963a89eac3f2c - - default default] Successfully bumped revision number for resource 7e4757e9-3447-40f0-ad83-b984083c9d5e (type: security_group_rules) to 0
2026-07-17 13:55:44.443 8 INFO neutron.db.ovn_revision_numbers_db [None req-3bab9ff1-9e3f-49a2-8c4f-c809323d7e9b 43de91c48c4748baa122494f5f8ded1f 55ed4c490d2c469599d963a89eac3f2c - - default default] Successfully bumped revision number for resource d4e02d64-2653-4f04-8141-a1789f4b089a (type: security_group_rules) to 0 [pid: 7|app: 0|req: 1068/2145] 10.0.0.107 () {32 vars in 740 bytes} [Fri Jul 17 13:55:44 2026] DELETE /v2.0/security-groups/6479006f-2b11-4106-963b-02715a22c9ef => generated 0 bytes in 173 msecs (HTTP/1.1 204) 2 headers in 112 bytes (1 switches on core 0)
2026-07-17 13:55:44.522 8 INFO neutron.db.segments_db [None req-3bab9ff1-9e3f-49a2-8c4f-c809323d7e9b 43de91c48c4748baa122494f5f8ded1f 55ed4c490d2c469599d963a89eac3f2c - - default default] Added segment a8b164b9-bd6c-441c-9b06-ff9570de3ace of type geneve for network 1c859756-6532-4f31-900e-5ab9e5614a88
2026-07-17 13:55:44.629 7 WARNING neutron.db.securitygroups_db [None req-3de2a787-4a0c-4a08-8df7-5482731dbb03 0b56078c22b24945b67708de2a20284c 259120fc650b4bb2832d92cc62e3c4fe - - default default] project_id key not found in filters, using tenant_id instead. This support has been deprecated and will be removed in a future release. [pid: 7|app: 0|req: 1069/2146] 10.0.0.107 () {32 vars in 774 bytes} [Fri Jul 17 13:55:44 2026] GET /v2.0/security-groups?tenant_id=823ba582fb154394b10b46e302d9ff19&name=default => generated 2925 bytes in 44 msecs (HTTP/1.1 200) 4 headers in 158 bytes (1 switches on core 0)
2026-07-17 13:55:44.669 8 INFO neutron.db.ovn_revision_numbers_db [None req-3bab9ff1-9e3f-49a2-8c4f-c809323d7e9b 43de91c48c4748baa122494f5f8ded1f 55ed4c490d2c469599d963a89eac3f2c - - default default] Successfully bumped revision number for resource 1c859756-6532-4f31-900e-5ab9e5614a88 (type: networks) to 1 [pid: 7|app: 0|req: 1070/2147] 10.0.0.107 () {32 vars in 740 bytes} [Fri Jul 17 13:55:44 2026] DELETE /v2.0/security-groups/3f8dfcbb-a584-441f-88f3-665f346a9ac4 => generated 0 bytes in 163 msecs (HTTP/1.1 204) 2 headers in 112 bytes (1 switches on core 0)
2026-07-17 13:55:44.857 8 WARNING neutron.scheduler.dhcp_agent_scheduler [None req-3bab9ff1-9e3f-49a2-8c4f-c809323d7e9b 43de91c48c4748baa122494f5f8ded1f 55ed4c490d2c469599d963a89eac3f2c - - default default] No more DHCP agents
2026-07-17 13:55:44.858 8 WARNING neutron.api.rpc.agentnotifiers.dhcp_rpc_agent_api [None req-3bab9ff1-9e3f-49a2-8c4f-c809323d7e9b 43de91c48c4748baa122494f5f8ded1f 55ed4c490d2c469599d963a89eac3f2c - - default default] Unable to schedule network 1c859756-6532-4f31-900e-5ab9e5614a88: no agents available; will retry on subsequent port and subnet creation events.
2026-07-17 13:55:44.916 8 INFO neutron.plugins.ml2.drivers.ovn.mech_driver.mech_driver [None req-33c59707-1db9-42ea-8c0b-e78c02e831f3 - - - - - -] OVN reports status down for port: 5e1a3679-9c70-4a3e-9b13-de69f0893d96
2026-07-17 13:55:44.972 8 INFO neutron.db.ovn_revision_numbers_db [None req-3bab9ff1-9e3f-49a2-8c4f-c809323d7e9b 43de91c48c4748baa122494f5f8ded1f 55ed4c490d2c469599d963a89eac3f2c - - default default] Successfully bumped revision number for resource 5e1a3679-9c70-4a3e-9b13-de69f0893d96 (type: ports) to 1 [pid: 8|app: 0|req: 1078/2148] 10.0.0.107 () {34 vars in 670 bytes} [Fri Jul 17 13:55:44 2026] POST /v2.0/networks => generated 665 bytes in 888 msecs (HTTP/1.1 201) 4 headers in 162 bytes (1 switches on core 0)
2026-07-17 13:55:45.022 7 WARNING neutron.db.securitygroups_db [None req-d87f6e50-f7c9-4869-b2b9-3390d8ddd8f3 0b56078c22b24945b67708de2a20284c 259120fc650b4bb2832d92cc62e3c4fe - - default default] project_id key not found in filters, using tenant_id instead. This support has been deprecated and will be removed in a future release.
2026-07-17 13:55:45.023 8 WARNING neutron.db.securitygroups_db [None req-f919f868-4790-4363-931f-97fa2d4f24b6 0b56078c22b24945b67708de2a20284c 259120fc650b4bb2832d92cc62e3c4fe - - default default] project_id key not found in filters, using tenant_id instead. This support has been deprecated and will be removed in a future release. [pid: 7|app: 0|req: 1071/2149] 10.0.0.107 () {32 vars in 774 bytes} [Fri Jul 17 13:55:44 2026] GET /v2.0/security-groups?tenant_id=c9e71005774e41618eeb83134dd3cd83&name=default => generated 2925 bytes in 220 msecs (HTTP/1.1 200) 4 headers in 158 bytes (1 switches on core 0)
2026-07-17 13:55:45.151 8 INFO neutron.db.ovn_revision_numbers_db [None req-f919f868-4790-4363-931f-97fa2d4f24b6 0b56078c22b24945b67708de2a20284c 259120fc650b4bb2832d92cc62e3c4fe - - default default] Successfully bumped revision number for resource 5d6c14e2-ae0d-4918-81f6-923208f96743 (type: security_groups) to 1
2026-07-17 13:55:45.163 8 INFO neutron.db.ovn_revision_numbers_db [None req-f919f868-4790-4363-931f-97fa2d4f24b6 0b56078c22b24945b67708de2a20284c 259120fc650b4bb2832d92cc62e3c4fe - - default default] Successfully bumped revision number for resource 354145e9-ac5c-40db-ad61-22c13287c2f5 (type: security_group_rules) to 0
2026-07-17 13:55:45.175 8 INFO neutron.db.ovn_revision_numbers_db [None req-f919f868-4790-4363-931f-97fa2d4f24b6 0b56078c22b24945b67708de2a20284c 259120fc650b4bb2832d92cc62e3c4fe - - default default] Successfully bumped revision number for resource 72db4070-7713-4419-8072-1a7386512f4f (type: security_group_rules) to 0
2026-07-17 13:55:45.191 8 INFO neutron.db.ovn_revision_numbers_db [None req-f919f868-4790-4363-931f-97fa2d4f24b6 0b56078c22b24945b67708de2a20284c 259120fc650b4bb2832d92cc62e3c4fe - - default default] Successfully bumped revision number for resource 9cfcb168-9e14-415d-a6f0-b7d691db55f6 (type: security_group_rules) to 0
2026-07-17 13:55:45.203 8 INFO neutron.db.ovn_revision_numbers_db [None req-f919f868-4790-4363-931f-97fa2d4f24b6 0b56078c22b24945b67708de2a20284c 259120fc650b4bb2832d92cc62e3c4fe - - default default] Successfully bumped revision number for resource cfbf29b6-aa1c-4ae0-97a7-86b4fd760e2a (type: security_group_rules) to 0
2026-07-17 13:55:45.214 7 WARNING neutron.scheduler.dhcp_agent_scheduler [None req-0bd786d2-c8ef-4ab0-981a-22df9d09498d 43de91c48c4748baa122494f5f8ded1f 55ed4c490d2c469599d963a89eac3f2c - - default default] No more DHCP agents
2026-07-17 13:55:45.216 7 WARNING neutron.api.rpc.agentnotifiers.dhcp_rpc_agent_api [None req-0bd786d2-c8ef-4ab0-981a-22df9d09498d 43de91c48c4748baa122494f5f8ded1f 55ed4c490d2c469599d963a89eac3f2c - - default default] Unable to schedule network 1c859756-6532-4f31-900e-5ab9e5614a88: no agents available; will retry on subsequent port and subnet creation events. [pid: 8|app: 0|req: 1079/2150] 10.0.0.107 () {32 vars in 774 bytes} [Fri Jul 17 13:55:45 2026] GET /v2.0/security-groups?tenant_id=cbea24ef96e049c185f810d852e85312&name=default => generated 2925 bytes in 228 msecs (HTTP/1.1 200) 4 headers in 158 bytes (1 switches on core 0) [pid: 8|app: 0|req: 1080/2151] 10.0.0.107 () {32 vars in 740 bytes} [Fri Jul 17 13:55:45 2026] DELETE /v2.0/security-groups/04b8627e-346b-4695-b6f7-c4ddc2602a0d => generated 0 bytes in 211 msecs (HTTP/1.1 204) 2 headers in 112 bytes (1 switches on core 0) [pid: 8|app: 0|req: 1081/2152] 10.0.0.107 () {32 vars in 740 bytes} [Fri Jul 17 13:55:45 2026] DELETE /v2.0/security-groups/5d6c14e2-ae0d-4918-81f6-923208f96743 => generated 0 bytes in 228 msecs (HTTP/1.1 204) 2 headers in 112 bytes (1 switches on core 0)
2026-07-17 13:55:45.690 8 WARNING neutron.db.securitygroups_db [None req-b23125ea-2e2d-47b1-842d-c74d9d1ac9fa 0b56078c22b24945b67708de2a20284c 259120fc650b4bb2832d92cc62e3c4fe - - default default] project_id key not found in filters, using tenant_id instead. This support has been deprecated and will be removed in a future release.
2026-07-17 13:55:45.700 7 INFO neutron.db.ovn_revision_numbers_db [None req-0bd786d2-c8ef-4ab0-981a-22df9d09498d 43de91c48c4748baa122494f5f8ded1f 55ed4c490d2c469599d963a89eac3f2c - - default default] Successfully bumped revision number for resource 5e1a3679-9c70-4a3e-9b13-de69f0893d96 (type: ports) to 2
2026-07-17 13:55:45.726 7 INFO neutron.db.ovn_revision_numbers_db [None req-0bd786d2-c8ef-4ab0-981a-22df9d09498d 43de91c48c4748baa122494f5f8ded1f 55ed4c490d2c469599d963a89eac3f2c - - default default] Successfully bumped revision number for resource fb94f563-6842-4f55-b46a-59eedb4efd6a (type: subnets) to 0 [pid: 7|app: 0|req: 1072/2153] 10.0.0.107 () {34 vars in 669 bytes} [Fri Jul 17 13:55:45 2026] POST /v2.0/subnets => generated 626 bytes in 687 msecs (HTTP/1.1 201) 4 headers in 162 bytes (1 switches on core 0)
2026-07-17 13:55:45.811 8 INFO neutron.db.ovn_revision_numbers_db [None req-b23125ea-2e2d-47b1-842d-c74d9d1ac9fa 0b56078c22b24945b67708de2a20284c 259120fc650b4bb2832d92cc62e3c4fe - - default default] Successfully bumped revision number for resource 74bef77a-8674-4f2a-9e08-ba4f96a61884 (type: security_groups) to 1
2026-07-17 13:55:45.823 8 INFO neutron.db.ovn_revision_numbers_db [None req-b23125ea-2e2d-47b1-842d-c74d9d1ac9fa 0b56078c22b24945b67708de2a20284c 259120fc650b4bb2832d92cc62e3c4fe - - default default] Successfully bumped revision number for resource 04a58cab-2f59-4d5b-811b-ef975151aade (type: security_group_rules) to 0
2026-07-17 13:55:45.835 8 INFO neutron.db.ovn_revision_numbers_db [None req-b23125ea-2e2d-47b1-842d-c74d9d1ac9fa 0b56078c22b24945b67708de2a20284c 259120fc650b4bb2832d92cc62e3c4fe - - default default] Successfully bumped revision number for resource 4560beb3-00f1-49b5-92cd-9c457eac850a (type: security_group_rules) to 0
2026-07-17 13:55:45.847 8 INFO neutron.db.ovn_revision_numbers_db [None req-b23125ea-2e2d-47b1-842d-c74d9d1ac9fa 0b56078c22b24945b67708de2a20284c 259120fc650b4bb2832d92cc62e3c4fe - - default default] Successfully bumped revision number for resource f04e5a53-82e7-47d5-b0ed-b6f831b3102b (type: security_group_rules) to 0
2026-07-17 13:55:45.860 8 INFO neutron.db.ovn_revision_numbers_db [None req-b23125ea-2e2d-47b1-842d-c74d9d1ac9fa 0b56078c22b24945b67708de2a20284c 259120fc650b4bb2832d92cc62e3c4fe - - default default] Successfully bumped revision number for resource fede75a2-a212-47df-a433-7080d8da2ab1 (type: security_group_rules) to 0 [pid: 8|app: 0|req: 1082/2154] 10.0.0.107 () {32 vars in 774 bytes} [Fri Jul 17 13:55:45 2026] GET /v2.0/security-groups?tenant_id=7cac87a68b8c4d95804d6885f843357c&name=default => generated 2925 bytes in 212 msecs (HTTP/1.1 200) 4 headers in 158 bytes (1 switches on core 0) [pid: 8|app: 0|req: 1083/2155] 10.0.0.107 () {32 vars in 740 bytes} [Fri Jul 17 13:55:45 2026] DELETE /v2.0/security-groups/74bef77a-8674-4f2a-9e08-ba4f96a61884 => generated 0 bytes in 170 msecs (HTTP/1.1 204) 2 headers in 112 bytes (1 switches on core 0)
2026-07-17 13:55:46.139 7 WARNING neutron.scheduler.dhcp_agent_scheduler [None req-8fc8c80e-2a23-49ac-9097-8f45a9861a52 43de91c48c4748baa122494f5f8ded1f 55ed4c490d2c469599d963a89eac3f2c - - default default] No more DHCP agents
2026-07-17 13:55:46.141 7 WARNING neutron.api.rpc.agentnotifiers.dhcp_rpc_agent_api [None req-8fc8c80e-2a23-49ac-9097-8f45a9861a52 43de91c48c4748baa122494f5f8ded1f 55ed4c490d2c469599d963a89eac3f2c - - default default] Unable to schedule network 3465483a-59ff-466b-af17-c03558f0ef2a: no agents available; will retry on subsequent port and subnet creation events.
2026-07-17 13:55:46.283 8 INFO neutron.plugins.ml2.drivers.ovn.mech_driver.mech_driver [None req-33c59707-1db9-42ea-8c0b-e78c02e831f3 - - - - - -] OVN reports status down for port: 7101bfa6-4683-4c6e-9c04-aa8f8e6750b6
2026-07-17 13:55:46.290 7 INFO neutron.db.ovn_revision_numbers_db [None req-8fc8c80e-2a23-49ac-9097-8f45a9861a52 43de91c48c4748baa122494f5f8ded1f 55ed4c490d2c469599d963a89eac3f2c - - default default] Successfully bumped revision number for resource 7101bfa6-4683-4c6e-9c04-aa8f8e6750b6 (type: ports) to 1
2026-07-17 13:55:46.520 8 INFO neutron.db.ovn_revision_numbers_db [None req-9987c294-827c-488e-9945-c12c85e85860 20cb9c76a6804859a7c62fa3e659bb82 c5014cf2450d4373b82a199029d792ba - - default default] Successfully bumped revision number for resource 301271fb-4a92-4ce2-b5b0-9cf4664ea754 (type: security_groups) to 1
2026-07-17 13:55:46.536 8 INFO neutron.db.ovn_revision_numbers_db [None req-9987c294-827c-488e-9945-c12c85e85860 20cb9c76a6804859a7c62fa3e659bb82 c5014cf2450d4373b82a199029d792ba - - default default] Successfully bumped revision number for resource 03ff660d-fdad-4385-83de-ae078845f1ba (type: security_group_rules) to 0
2026-07-17 13:55:46.555 8 INFO neutron.db.ovn_revision_numbers_db [None req-9987c294-827c-488e-9945-c12c85e85860 20cb9c76a6804859a7c62fa3e659bb82 c5014cf2450d4373b82a199029d792ba - - default default] Successfully bumped revision number for resource 06084f40-44f8-44c4-86e5-11e7df3aba9a (type: security_group_rules) to 0
2026-07-17 13:55:46.570 8 INFO neutron.db.ovn_revision_numbers_db [None req-9987c294-827c-488e-9945-c12c85e85860 20cb9c76a6804859a7c62fa3e659bb82 c5014cf2450d4373b82a199029d792ba - - default default] Successfully bumped revision number for resource 2334b435-1c2e-400f-9a1d-e11a25012092 (type: security_group_rules) to 0
2026-07-17 13:55:46.585 8 INFO neutron.db.ovn_revision_numbers_db [None req-9987c294-827c-488e-9945-c12c85e85860 20cb9c76a6804859a7c62fa3e659bb82 c5014cf2450d4373b82a199029d792ba - - default default] Successfully bumped revision number for resource cc0ff1d8-e202-4abf-97b4-63cf844ff7bb (type: security_group_rules) to 0
2026-07-17 13:55:46.672 8 INFO neutron.db.segments_db [None req-9987c294-827c-488e-9945-c12c85e85860 20cb9c76a6804859a7c62fa3e659bb82 c5014cf2450d4373b82a199029d792ba - - default default] Added segment ad4bd6a6-7d09-4566-b31b-58ebc422fc20 of type geneve for network 9e120554-9042-4da4-aa89-b6edc4a957e0
2026-07-17 13:55:46.785 8 INFO neutron.db.ovn_revision_numbers_db [None req-9987c294-827c-488e-9945-c12c85e85860 20cb9c76a6804859a7c62fa3e659bb82 c5014cf2450d4373b82a199029d792ba - - default default] Successfully bumped revision number for resource 9e120554-9042-4da4-aa89-b6edc4a957e0 (type: networks) to 1
2026-07-17 13:55:46.906 7 INFO neutron.db.ovn_revision_numbers_db [None req-8fc8c80e-2a23-49ac-9097-8f45a9861a52 43de91c48c4748baa122494f5f8ded1f 55ed4c490d2c469599d963a89eac3f2c - - default default] Successfully bumped revision number for resource 7101bfa6-4683-4c6e-9c04-aa8f8e6750b6 (type: router_ports) to 1
2026-07-17 13:55:46.936 8 INFO neutron.plugins.ml2.drivers.ovn.mech_driver.mech_driver [None req-33c59707-1db9-42ea-8c0b-e78c02e831f3 - - - - - -] OVN reports status up for port: 7101bfa6-4683-4c6e-9c04-aa8f8e6750b6
2026-07-17 13:55:46.969 7 INFO neutron.db.ovn_revision_numbers_db [None req-8fc8c80e-2a23-49ac-9097-8f45a9861a52 43de91c48c4748baa122494f5f8ded1f 55ed4c490d2c469599d963a89eac3f2c - - default default] Successfully bumped revision number for resource 149fd17d-a69e-4f7c-88ac-b80c006041b7 (type: routers) to 2
2026-07-17 13:55:46.970 8 INFO neutron.plugins.ml2.plugin [None req-33c59707-1db9-42ea-8c0b-e78c02e831f3 - - - - - -] Attempt 1 to provision port 7101bfa6-4683-4c6e-9c04-aa8f8e6750b6 [pid: 7|app: 0|req: 1073/2156] 10.0.0.107 () {34 vars in 669 bytes} [Fri Jul 17 13:55:45 2026] POST /v2.0/routers => generated 957 bytes in 1241 msecs (HTTP/1.1 201) 4 headers in 162 bytes (1 switches on core 0)
2026-07-17 13:55:47.077 8 WARNING neutron.scheduler.dhcp_agent_scheduler [None req-9987c294-827c-488e-9945-c12c85e85860 20cb9c76a6804859a7c62fa3e659bb82 c5014cf2450d4373b82a199029d792ba - - default default] No more DHCP agents
2026-07-17 13:55:47.079 8 WARNING neutron.api.rpc.agentnotifiers.dhcp_rpc_agent_api [None req-9987c294-827c-488e-9945-c12c85e85860 20cb9c76a6804859a7c62fa3e659bb82 c5014cf2450d4373b82a199029d792ba - - default default] Unable to schedule network 9e120554-9042-4da4-aa89-b6edc4a957e0: no agents available; will retry on subsequent port and subnet creation events.
2026-07-17 13:55:47.157 8 INFO neutron.db.ovn_revision_numbers_db [None req-9987c294-827c-488e-9945-c12c85e85860 20cb9c76a6804859a7c62fa3e659bb82 c5014cf2450d4373b82a199029d792ba - - default default] Successfully bumped revision number for resource bce8f09e-547a-4fbf-aed6-3b866e737847 (type: ports) to 1
2026-07-17 13:55:47.158 7 INFO neutron.plugins.ml2.drivers.ovn.mech_driver.mech_driver [None req-bcbe096d-ef56-4f83-8f8e-32ffdc27ac46 - - - - - -] OVN reports status down for port: bce8f09e-547a-4fbf-aed6-3b866e737847 [pid: 8|app: 0|req: 1084/2157] 10.0.0.107 () {34 vars in 671 bytes} [Fri Jul 17 13:55:46 2026] POST /v2.0/networks => generated 671 bytes in 954 msecs (HTTP/1.1 201) 4 headers in 162 bytes (1 switches on core 0)
2026-07-17 13:55:47.557 7 WARNING neutron.scheduler.dhcp_agent_scheduler [None req-0748ddf5-c723-4075-b927-23553e238e05 43de91c48c4748baa122494f5f8ded1f 55ed4c490d2c469599d963a89eac3f2c - - default default] No more DHCP agents
2026-07-17 13:55:47.558 7 WARNING neutron.api.rpc.agentnotifiers.dhcp_rpc_agent_api [None req-0748ddf5-c723-4075-b927-23553e238e05 43de91c48c4748baa122494f5f8ded1f 55ed4c490d2c469599d963a89eac3f2c - - default default] Unable to schedule network 1c859756-6532-4f31-900e-5ab9e5614a88: no agents available; will retry on subsequent port and subnet creation events.
2026-07-17 13:55:47.661 8 WARNING neutron.scheduler.dhcp_agent_scheduler [None req-614f4c7b-7121-4a6f-85b2-eff5aaff640a 20cb9c76a6804859a7c62fa3e659bb82 c5014cf2450d4373b82a199029d792ba - - default default] No more DHCP agents
2026-07-17 13:55:47.663 8 WARNING neutron.api.rpc.agentnotifiers.dhcp_rpc_agent_api [None req-614f4c7b-7121-4a6f-85b2-eff5aaff640a 20cb9c76a6804859a7c62fa3e659bb82 c5014cf2450d4373b82a199029d792ba - - default default] Unable to schedule network 3465483a-59ff-466b-af17-c03558f0ef2a: no agents available; will retry on subsequent port and subnet creation events.
2026-07-17 13:55:47.718 7 INFO neutron.plugins.ml2.drivers.ovn.mech_driver.mech_driver [None req-bcbe096d-ef56-4f83-8f8e-32ffdc27ac46 - - - - - -] OVN reports status down for port: 8af05d6b-6e5c-45a6-b36a-b182597848d4
2026-07-17 13:55:47.780 7 INFO neutron.db.ovn_revision_numbers_db [None req-0748ddf5-c723-4075-b927-23553e238e05 43de91c48c4748baa122494f5f8ded1f 55ed4c490d2c469599d963a89eac3f2c - - default default] Successfully bumped revision number for resource 8af05d6b-6e5c-45a6-b36a-b182597848d4 (type: ports) to 1
2026-07-17 13:55:47.839 8 INFO neutron.db.ovn_revision_numbers_db [None req-614f4c7b-7121-4a6f-85b2-eff5aaff640a 20cb9c76a6804859a7c62fa3e659bb82 c5014cf2450d4373b82a199029d792ba - - default default] Successfully bumped revision number for resource 1addcad9-651f-4999-9af4-e5ec00925d2c (type: ports) to 1
2026-07-17 13:55:47.873 7 INFO neutron.plugins.ml2.drivers.ovn.mech_driver.mech_driver [None req-bcbe096d-ef56-4f83-8f8e-32ffdc27ac46 - - - - - -] OVN reports status down for port: 1addcad9-651f-4999-9af4-e5ec00925d2c
2026-07-17 13:55:48.368 7 INFO neutron.plugins.ml2.drivers.ovn.mech_driver.ovsdb.ovsdb_monitor [None req-3c490f6d-239b-4724-b49e-724b7e6fe7b4 - - - - - -] Router 860b6440-b358-4eb7-abb7-08a518436086 is bound to host instance
2026-07-17 13:55:48.429 8 INFO neutron.db.ovn_revision_numbers_db [None req-614f4c7b-7121-4a6f-85b2-eff5aaff640a 20cb9c76a6804859a7c62fa3e659bb82 c5014cf2450d4373b82a199029d792ba - - default default] Successfully bumped revision number for resource 1addcad9-651f-4999-9af4-e5ec00925d2c (type: router_ports) to 1
2026-07-17 13:55:48.495 7 INFO neutron.plugins.ml2.drivers.ovn.mech_driver.mech_driver [None req-bcbe096d-ef56-4f83-8f8e-32ffdc27ac46 - - - - - -] OVN reports status up for port: 1addcad9-651f-4999-9af4-e5ec00925d2c
2026-07-17 13:55:48.504 8 INFO neutron.db.ovn_revision_numbers_db [None req-614f4c7b-7121-4a6f-85b2-eff5aaff640a 20cb9c76a6804859a7c62fa3e659bb82 c5014cf2450d4373b82a199029d792ba - - default default] Successfully bumped revision number for resource 860b6440-b358-4eb7-abb7-08a518436086 (type: routers) to 2 [pid: 8|app: 0|req: 1085/2158] 10.0.0.107 () {34 vars in 669 bytes} [Fri Jul 17 13:55:47 2026] POST /v2.0/routers => generated 975 bytes in 1337 msecs (HTTP/1.1 201) 4 headers in 162 bytes (1 switches on core 0)
2026-07-17 13:55:48.538 7 INFO neutron.plugins.ml2.plugin [None req-bcbe096d-ef56-4f83-8f8e-32ffdc27ac46 - - - - - -] Attempt 1 to provision port 1addcad9-651f-4999-9af4-e5ec00925d2c [pid: 8|app: 0|req: 1086/2159] 10.0.0.107 () {32 vars in 776 bytes} [Fri Jul 17 13:55:48 2026] GET /v2.0/subnets?project_id=c5014cf2450d4373b82a199029d792ba&cidr=10.100.0.0%2F28 => generated 14 bytes in 250 msecs (HTTP/1.1 200) 4 headers in 156 bytes (1 switches on core 0) [pid: 8|app: 0|req: 1087/2160] 10.0.0.107 () {32 vars in 694 bytes} [Fri Jul 17 13:55:48 2026] GET /v2.0/networks?router%3Aexternal=True => generated 791 bytes in 56 msecs (HTTP/1.1 200) 4 headers in 157 bytes (1 switches on core 0) [pid: 8|app: 0|req: 1088/2161] 10.0.0.107 () {32 vars in 784 bytes} [Fri Jul 17 13:55:48 2026] GET /v2.0/subnets?network_id=3465483a-59ff-466b-af17-c03558f0ef2a&cidr=10.100.0.0%2F28 => generated 14 bytes in 22 msecs (HTTP/1.1 200) 4 headers in 156 bytes (1 switches on core 0)
2026-07-17 13:55:48.996 7 WARNING neutron.scheduler.dhcp_agent_scheduler [None req-0748ddf5-c723-4075-b927-23553e238e05 43de91c48c4748baa122494f5f8ded1f 55ed4c490d2c469599d963a89eac3f2c - - default default] No more DHCP agents
2026-07-17 13:55:48.999 7 WARNING neutron.api.rpc.agentnotifiers.dhcp_rpc_agent_api [None req-0748ddf5-c723-4075-b927-23553e238e05 43de91c48c4748baa122494f5f8ded1f 55ed4c490d2c469599d963a89eac3f2c - - default default] Unable to schedule network 1c859756-6532-4f31-900e-5ab9e5614a88: no agents available; will retry on subsequent port and subnet creation events.
2026-07-17 13:55:49.015 8 WARNING neutron.scheduler.dhcp_agent_scheduler [None req-786dcc6c-bff4-49e9-bd51-f8cbef3b8944 20cb9c76a6804859a7c62fa3e659bb82 c5014cf2450d4373b82a199029d792ba - - default default] No more DHCP agents
2026-07-17 13:55:49.017 8 WARNING neutron.api.rpc.agentnotifiers.dhcp_rpc_agent_api [None req-786dcc6c-bff4-49e9-bd51-f8cbef3b8944 20cb9c76a6804859a7c62fa3e659bb82 c5014cf2450d4373b82a199029d792ba - - default default] Unable to schedule network 9e120554-9042-4da4-aa89-b6edc4a957e0: no agents available; will retry on subsequent port and subnet creation events.
2026-07-17 13:55:49.503 8 INFO neutron.db.ovn_revision_numbers_db [None req-786dcc6c-bff4-49e9-bd51-f8cbef3b8944 20cb9c76a6804859a7c62fa3e659bb82 c5014cf2450d4373b82a199029d792ba - - default default] Successfully bumped revision number for resource bce8f09e-547a-4fbf-aed6-3b866e737847 (type: ports) to 2
