2026-07-17 13:56:20.508 7 INFO neutron.services.segments.plugin [-] Client error retrieving segment ad4bd6a6-7d09-4566-b31b-58ebc422fc20 resource provider; error: Placement Client Error (4xx): {"errors": [{"status": 404, "title": "Not Found", "detail": "The resource could not be found.\n\n No resource provider with uuid ad4bd6a6-7d09-4566-b31b-58ebc422fc20 found for delete ", "request_id": "req-eb8d115f-4f5a-4f7f-b6a8-b6426f3ac461"}]} [pid: 7|app: 0|req: 1166/2326] 10.0.0.107 () {32 vars in 726 bytes} [Fri Jul 17 13:56:20 2026] DELETE /v2.0/networks/9e120554-9042-4da4-aa89-b6edc4a957e0 => generated 0 bytes in 387 msecs (HTTP/1.1 204) 3 headers in 131 bytes (1 switches on core 0) [pid: 8|app: 0|req: 1161/2327] 199.204.45.138 () {34 vars in 1080 bytes} [Fri Jul 17 13:56:20 2026] GET /v2.0/ports?tenant_id=605260a776b2452598f9279de2f097ac&device_id=b6017119-b263-4d61-ba9b-6a3c79ea8191 => generated 1454 bytes in 34 msecs (HTTP/1.1 200) 4 headers in 158 bytes (1 switches on core 0) [pid: 7|app: 0|req: 1167/2328] 199.204.45.138 () {34 vars in 1056 bytes} [Fri Jul 17 13:56:20 2026] GET /v2.0/floatingips?fixed_ip_address=10.2.1.47&port_id=ab948cda-c5ac-422b-84d5-fba35a3c0903 => generated 19 bytes in 20 msecs (HTTP/1.1 200) 4 headers in 156 bytes (1 switches on core 0) [pid: 8|app: 0|req: 1162/2329] 199.204.45.138 () {34 vars in 1104 bytes} [Fri Jul 17 13:56:20 2026] GET /v2.0/floatingips?fixed_ip_address=fd7b%3Af9f7%3Afff%3A4eca%3A%3A38b&port_id=ab948cda-c5ac-422b-84d5-fba35a3c0903 => generated 19 bytes in 20 msecs (HTTP/1.1 200) 4 headers in 156 bytes (1 switches on core 0) [pid: 7|app: 0|req: 1168/2330] 199.204.45.138 () {34 vars in 1064 bytes} [Fri Jul 17 13:56:20 2026] GET /v2.0/subnets?id=a40170ef-5f8a-464f-81b8-c9b03bd271e4&id=2114bcc8-d7b4-4cf0-b52f-3b4f10f36a5d => generated 1409 bytes in 30 msecs (HTTP/1.1 200) 4 headers in 158 bytes (1 switches on core 0) [pid: 8|app: 0|req: 1163/2331] 199.204.45.138 () {34 vars in 1052 bytes} [Fri Jul 17 13:56:20 2026] GET /v2.0/ports?network_id=949836e7-648c-4ad5-8f1e-37c27b144528&device_owner=network%3Adhcp => generated 12 bytes in 21 msecs (HTTP/1.1 200) 4 headers in 156 bytes (1 switches on core 0) [pid: 7|app: 0|req: 1169/2332] 199.204.45.138 () {34 vars in 1052 bytes} [Fri Jul 17 13:56:20 2026] GET /v2.0/ports?network_id=949836e7-648c-4ad5-8f1e-37c27b144528&device_owner=network%3Adhcp => generated 12 bytes in 23 msecs (HTTP/1.1 200) 4 headers in 156 bytes (1 switches on core 0) [pid: 8|app: 0|req: 1164/2333] 199.204.45.138 () {34 vars in 1012 bytes} [Fri Jul 17 13:56:20 2026] GET /v2.0/networks/949836e7-648c-4ad5-8f1e-37c27b144528?fields=segments => generated 14 bytes in 45 msecs (HTTP/1.1 200) 4 headers in 156 bytes (1 switches on core 0) [pid: 7|app: 0|req: 1170/2334] 199.204.45.138 () {34 vars in 1112 bytes} [Fri Jul 17 13:56:20 2026] GET /v2.0/networks/949836e7-648c-4ad5-8f1e-37c27b144528?fields=provider%3Aphysical_network&fields=provider%3Anetwork_type => generated 79 bytes in 51 msecs (HTTP/1.1 200) 4 headers in 156 bytes (1 switches on core 0)
2026-07-17 13:56:21.365 8 WARNING neutron.db.securitygroups_db [None req-46302732-0b8d-4dba-9abd-84326df35190 0b56078c22b24945b67708de2a20284c 259120fc650b4bb2832d92cc62e3c4fe - - default default] project_id key not found in filters, using tenant_id instead. This support has been deprecated and will be removed in a future release. [pid: 8|app: 0|req: 1165/2335] 10.0.0.107 () {32 vars in 774 bytes} [Fri Jul 17 13:56:21 2026] GET /v2.0/security-groups?tenant_id=c5014cf2450d4373b82a199029d792ba&name=default => generated 2925 bytes in 156 msecs (HTTP/1.1 200) 4 headers in 158 bytes (1 switches on core 0) [pid: 7|app: 0|req: 1171/2336] 10.0.0.107 () {32 vars in 740 bytes} [Fri Jul 17 13:56:21 2026] DELETE /v2.0/security-groups/301271fb-4a92-4ce2-b5b0-9cf4664ea754 => generated 0 bytes in 182 msecs (HTTP/1.1 204) 2 headers in 112 bytes (1 switches on core 0)
2026-07-17 13:56:21.667 8 WARNING neutron.db.securitygroups_db [None req-29d3a3b4-3ad6-4bad-b8dd-f1d84b1655fa 0b56078c22b24945b67708de2a20284c 259120fc650b4bb2832d92cc62e3c4fe - - default default] project_id key not found in filters, using tenant_id instead. This support has been deprecated and will be removed in a future release.
2026-07-17 13:56:21.788 8 INFO neutron.db.ovn_revision_numbers_db [None req-29d3a3b4-3ad6-4bad-b8dd-f1d84b1655fa 0b56078c22b24945b67708de2a20284c 259120fc650b4bb2832d92cc62e3c4fe - - default default] Successfully bumped revision number for resource 394fe14d-7c7a-4448-9114-f93575be00b2 (type: security_groups) to 1
2026-07-17 13:56:21.801 8 INFO neutron.db.ovn_revision_numbers_db [None req-29d3a3b4-3ad6-4bad-b8dd-f1d84b1655fa 0b56078c22b24945b67708de2a20284c 259120fc650b4bb2832d92cc62e3c4fe - - default default] Successfully bumped revision number for resource 008bfcb4-2a22-4d06-9424-23d88ccc5d0d (type: security_group_rules) to 0
2026-07-17 13:56:21.816 8 INFO neutron.db.ovn_revision_numbers_db [None req-29d3a3b4-3ad6-4bad-b8dd-f1d84b1655fa 0b56078c22b24945b67708de2a20284c 259120fc650b4bb2832d92cc62e3c4fe - - default default] Successfully bumped revision number for resource 071a13d7-6c6d-48d4-98f7-4edde24dc206 (type: security_group_rules) to 0
2026-07-17 13:56:21.826 8 INFO neutron.db.ovn_revision_numbers_db [None req-29d3a3b4-3ad6-4bad-b8dd-f1d84b1655fa 0b56078c22b24945b67708de2a20284c 259120fc650b4bb2832d92cc62e3c4fe - - default default] Successfully bumped revision number for resource a9903d73-05bf-4e23-a9b0-ee5021fd28b3 (type: security_group_rules) to 0
2026-07-17 13:56:21.837 8 INFO neutron.db.ovn_revision_numbers_db [None req-29d3a3b4-3ad6-4bad-b8dd-f1d84b1655fa 0b56078c22b24945b67708de2a20284c 259120fc650b4bb2832d92cc62e3c4fe - - default default] Successfully bumped revision number for resource f8231796-de02-4251-bd59-a8f8fe4e18d4 (type: security_group_rules) to 0 [pid: 8|app: 0|req: 1166/2337] 10.0.0.107 () {32 vars in 774 bytes} [Fri Jul 17 13:56:21 2026] GET /v2.0/security-groups?tenant_id=3864b011f7af441e9024b1f7e2b8e2a1&name=default => generated 2929 bytes in 214 msecs (HTTP/1.1 200) 4 headers in 158 bytes (1 switches on core 0) [pid: 7|app: 0|req: 1172/2338] 10.0.0.107 () {32 vars in 740 bytes} [Fri Jul 17 13:56:21 2026] DELETE /v2.0/security-groups/394fe14d-7c7a-4448-9114-f93575be00b2 => generated 0 bytes in 176 msecs (HTTP/1.1 204) 2 headers in 112 bytes (1 switches on core 0)
2026-07-17 13:56:24.084 8 INFO neutron.db.ovn_revision_numbers_db [None req-302b522d-d38f-40a4-b9c3-1d846b09b4f3 0b56078c22b24945b67708de2a20284c 259120fc650b4bb2832d92cc62e3c4fe - - default default] Successfully bumped revision number for resource 4fc5e76a-0cf2-43ff-997b-4d8caae9f272 (type: security_groups) to 1
2026-07-17 13:56:24.096 8 INFO neutron.db.ovn_revision_numbers_db [None req-302b522d-d38f-40a4-b9c3-1d846b09b4f3 0b56078c22b24945b67708de2a20284c 259120fc650b4bb2832d92cc62e3c4fe - - default default] Successfully bumped revision number for resource a449a353-e6c1-4996-825f-f9e14f3dbfd9 (type: security_group_rules) to 0
2026-07-17 13:56:24.110 8 INFO neutron.db.ovn_revision_numbers_db [None req-302b522d-d38f-40a4-b9c3-1d846b09b4f3 0b56078c22b24945b67708de2a20284c 259120fc650b4bb2832d92cc62e3c4fe - - default default] Successfully bumped revision number for resource aa70befa-a2e4-4097-9de8-fda33fc35937 (type: security_group_rules) to 0
2026-07-17 13:56:24.124 8 INFO neutron.db.ovn_revision_numbers_db [None req-302b522d-d38f-40a4-b9c3-1d846b09b4f3 0b56078c22b24945b67708de2a20284c 259120fc650b4bb2832d92cc62e3c4fe - - default default] Successfully bumped revision number for resource e44536a4-3a49-49c0-b80b-b618c39410a5 (type: security_group_rules) to 0
2026-07-17 13:56:24.138 8 INFO neutron.db.ovn_revision_numbers_db [None req-302b522d-d38f-40a4-b9c3-1d846b09b4f3 0b56078c22b24945b67708de2a20284c 259120fc650b4bb2832d92cc62e3c4fe - - default default] Successfully bumped revision number for resource fb12d06c-3632-4389-b41e-16698f339d27 (type: security_group_rules) to 0
2026-07-17 13:56:24.222 8 INFO neutron.db.segments_db [None req-302b522d-d38f-40a4-b9c3-1d846b09b4f3 0b56078c22b24945b67708de2a20284c 259120fc650b4bb2832d92cc62e3c4fe - - default default] Added segment 2060e710-c5a1-444f-96ff-d1613987fc9a of type geneve for network 2c204fe7-b08c-47df-a9fa-915b915cf126 [pid: 7|app: 0|req: 1173/2339] 10.0.0.243 () {34 vars in 1070 bytes} [Fri Jul 17 13:56:24 2026] GET /v2.0/ports?fields=security_groups&fields=device_id&device_id=b6017119-b263-4d61-ba9b-6a3c79ea8191 => generated 123 bytes in 74 msecs (HTTP/1.1 200) 4 headers in 157 bytes (1 switches on core 0) [pid: 7|app: 0|req: 1174/2340] 10.0.0.243 () {34 vars in 1040 bytes} [Fri Jul 17 13:56:24 2026] GET /v2.0/security-groups?id=89c9ca2a-9ba5-4674-b909-06aa8968ec83&fields=id&fields=name => generated 111 bytes in 47 msecs (HTTP/1.1 200) 4 headers in 157 bytes (1 switches on core 0)
2026-07-17 13:56:24.351 8 INFO neutron.db.ovn_revision_numbers_db [None req-302b522d-d38f-40a4-b9c3-1d846b09b4f3 0b56078c22b24945b67708de2a20284c 259120fc650b4bb2832d92cc62e3c4fe - - default default] Successfully bumped revision number for resource 2c204fe7-b08c-47df-a9fa-915b915cf126 (type: networks) to 1
2026-07-17 13:56:24.506 8 WARNING neutron.scheduler.dhcp_agent_scheduler [None req-302b522d-d38f-40a4-b9c3-1d846b09b4f3 0b56078c22b24945b67708de2a20284c 259120fc650b4bb2832d92cc62e3c4fe - - default default] No more DHCP agents
2026-07-17 13:56:24.509 8 WARNING neutron.api.rpc.agentnotifiers.dhcp_rpc_agent_api [None req-302b522d-d38f-40a4-b9c3-1d846b09b4f3 0b56078c22b24945b67708de2a20284c 259120fc650b4bb2832d92cc62e3c4fe - - default default] Unable to schedule network 2c204fe7-b08c-47df-a9fa-915b915cf126: no agents available; will retry on subsequent port and subnet creation events.
2026-07-17 13:56:24.584 8 INFO neutron.plugins.ml2.drivers.ovn.mech_driver.mech_driver [None req-96c8a8da-1312-4e8c-9ffc-1836b74bd7d4 - - - - - -] OVN reports status down for port: a4ef7107-66ca-4cc4-a71c-ddf80ff76532
2026-07-17 13:56:24.653 8 INFO neutron.db.ovn_revision_numbers_db [None req-302b522d-d38f-40a4-b9c3-1d846b09b4f3 0b56078c22b24945b67708de2a20284c 259120fc650b4bb2832d92cc62e3c4fe - - default default] Successfully bumped revision number for resource a4ef7107-66ca-4cc4-a71c-ddf80ff76532 (type: ports) to 1 [pid: 8|app: 0|req: 1167/2341] 10.0.0.107 () {34 vars in 671 bytes} [Fri Jul 17 13:56:23 2026] POST /v2.0/networks => generated 782 bytes in 944 msecs (HTTP/1.1 201) 4 headers in 162 bytes (1 switches on core 0)
2026-07-17 13:56:24.842 7 WARNING neutron.scheduler.dhcp_agent_scheduler [None req-6bc4ccdd-f3bd-4ab1-907f-34c66deecc83 0b56078c22b24945b67708de2a20284c 259120fc650b4bb2832d92cc62e3c4fe - - default default] No more DHCP agents
2026-07-17 13:56:24.843 7 WARNING neutron.api.rpc.agentnotifiers.dhcp_rpc_agent_api [None req-6bc4ccdd-f3bd-4ab1-907f-34c66deecc83 0b56078c22b24945b67708de2a20284c 259120fc650b4bb2832d92cc62e3c4fe - - default default] Unable to schedule network 2c204fe7-b08c-47df-a9fa-915b915cf126: no agents available; will retry on subsequent port and subnet creation events. [pid: 8|app: 0|req: 1168/2342] 199.204.45.138 () {34 vars in 994 bytes} [Fri Jul 17 13:56:25 2026] GET /v2.0/ports?device_id=b6017119-b263-4d61-ba9b-6a3c79ea8191 => generated 1194 bytes in 70 msecs (HTTP/1.1 200) 4 headers in 158 bytes (1 switches on core 0)
2026-07-17 13:56:25.310 7 INFO neutron.db.ovn_revision_numbers_db [None req-6bc4ccdd-f3bd-4ab1-907f-34c66deecc83 0b56078c22b24945b67708de2a20284c 259120fc650b4bb2832d92cc62e3c4fe - - default default] Successfully bumped revision number for resource a4ef7107-66ca-4cc4-a71c-ddf80ff76532 (type: ports) to 2
2026-07-17 13:56:25.343 7 INFO neutron.db.ovn_revision_numbers_db [None req-6bc4ccdd-f3bd-4ab1-907f-34c66deecc83 0b56078c22b24945b67708de2a20284c 259120fc650b4bb2832d92cc62e3c4fe - - default default] Successfully bumped revision number for resource 9d0fb7b3-ae0f-4f9e-b631-6bfadddb4a4a (type: subnets) to 0 [pid: 7|app: 0|req: 1175/2343] 10.0.0.107 () {34 vars in 669 bytes} [Fri Jul 17 13:56:24 2026] POST /v2.0/subnets => generated 688 bytes in 645 msecs (HTTP/1.1 201) 4 headers in 162 bytes (1 switches on core 0)
2026-07-17 13:56:25.427 8 INFO neutron_taas.services.taas.taas_plugin [req-4514600a-3d23-451d-a609-1465d472b9bf req-74d773cc-958e-4fa0-9eaa-a0cbec75945a c4dd8651934645e68775a16f19b40056 605260a776b2452598f9279de2f097ac - - default default] TaaS: Handle Delete Port: ab948cda-c5ac-422b-84d5-fba35a3c0903
2026-07-17 13:56:25.430 8 INFO neutron_taas.services.taas.tap_mirror_plugin [req-4514600a-3d23-451d-a609-1465d472b9bf req-74d773cc-958e-4fa0-9eaa-a0cbec75945a c4dd8651934645e68775a16f19b40056 605260a776b2452598f9279de2f097ac - - default default] Tap Mirror: Handle Delete Port: ab948cda-c5ac-422b-84d5-fba35a3c0903 [pid: 8|app: 0|req: 1169/2344] 199.204.45.138 () {36 vars in 997 bytes} [Fri Jul 17 13:56:25 2026] DELETE /v2.0/ports/ab948cda-c5ac-422b-84d5-fba35a3c0903 => generated 0 bytes in 343 msecs (HTTP/1.1 204) 3 headers in 131 bytes (1 switches on core 0)
2026-07-17 13:56:25.638 8 WARNING neutron.notifiers.nova [-] Nova event matching ['req-5d9bf04d-52f9-41c0-a225-b8b914ea255f']: {'server_uuid': 'b6017119-b263-4d61-ba9b-6a3c79ea8191', 'name': 'network-vif-deleted', 'tag': 'ab948cda-c5ac-422b-84d5-fba35a3c0903', 'status': 'failed', 'code': 422} returned with failed status
2026-07-17 13:56:25.787 7 WARNING neutron.scheduler.dhcp_agent_scheduler [None req-dc0afe3d-03aa-4575-b1bf-13eb2ee06cd8 0b56078c22b24945b67708de2a20284c 259120fc650b4bb2832d92cc62e3c4fe - - default default] No more DHCP agents
2026-07-17 13:56:25.789 7 WARNING neutron.api.rpc.agentnotifiers.dhcp_rpc_agent_api [None req-dc0afe3d-03aa-4575-b1bf-13eb2ee06cd8 0b56078c22b24945b67708de2a20284c 259120fc650b4bb2832d92cc62e3c4fe - - default default] Unable to schedule network 3465483a-59ff-466b-af17-c03558f0ef2a: no agents available; will retry on subsequent port and subnet creation events.
2026-07-17 13:56:25.914 8 INFO neutron.plugins.ml2.drivers.ovn.mech_driver.mech_driver [None req-96c8a8da-1312-4e8c-9ffc-1836b74bd7d4 - - - - - -] OVN reports status down for port: 6abcde9a-1ef4-4577-aab5-f3af54a297dd
2026-07-17 13:56:25.931 7 INFO neutron.db.ovn_revision_numbers_db [None req-dc0afe3d-03aa-4575-b1bf-13eb2ee06cd8 0b56078c22b24945b67708de2a20284c 259120fc650b4bb2832d92cc62e3c4fe - - default default] Successfully bumped revision number for resource 6abcde9a-1ef4-4577-aab5-f3af54a297dd (type: ports) to 1
2026-07-17 13:56:26.484 7 INFO neutron.db.ovn_revision_numbers_db [None req-dc0afe3d-03aa-4575-b1bf-13eb2ee06cd8 0b56078c22b24945b67708de2a20284c 259120fc650b4bb2832d92cc62e3c4fe - - default default] Successfully bumped revision number for resource 6abcde9a-1ef4-4577-aab5-f3af54a297dd (type: router_ports) to 1
2026-07-17 13:56:26.553 8 INFO neutron.plugins.ml2.drivers.ovn.mech_driver.ovsdb.ovsdb_monitor [None req-d12b573f-9a7f-4fbe-b845-8508ed6fde4d - - - - - -] Router bc5c6dd1-3d7d-446f-b2c5-931de020f9ad is bound to host instance
2026-07-17 13:56:26.559 7 INFO neutron.db.ovn_revision_numbers_db [None req-dc0afe3d-03aa-4575-b1bf-13eb2ee06cd8 0b56078c22b24945b67708de2a20284c 259120fc650b4bb2832d92cc62e3c4fe - - default default] Successfully bumped revision number for resource bc5c6dd1-3d7d-446f-b2c5-931de020f9ad (type: routers) to 2 [pid: 7|app: 0|req: 1176/2345] 10.0.0.107 () {34 vars in 669 bytes} [Fri Jul 17 13:56:25 2026] POST /v2.0/routers => generated 987 bytes in 1220 msecs (HTTP/1.1 201) 4 headers in 162 bytes (1 switches on core 0)
2026-07-17 13:56:26.587 8 INFO neutron.plugins.ml2.drivers.ovn.mech_driver.mech_driver [None req-96c8a8da-1312-4e8c-9ffc-1836b74bd7d4 - - - - - -] OVN reports status up for port: 6abcde9a-1ef4-4577-aab5-f3af54a297dd
2026-07-17 13:56:26.635 8 INFO neutron.plugins.ml2.plugin [None req-96c8a8da-1312-4e8c-9ffc-1836b74bd7d4 - - - - - -] Attempt 1 to provision port 6abcde9a-1ef4-4577-aab5-f3af54a297dd [pid: 8|app: 0|req: 1170/2346] 10.0.0.30 () {28 vars in 584 bytes} [Fri Jul 17 13:56:26 2026] GET /v2.0/networks => generated 5568 bytes in 232 msecs (HTTP/1.1 200) 4 headers in 158 bytes (1 switches on core 0) [pid: 8|app: 0|req: 1171/2347] 10.0.0.30 () {28 vars in 580 bytes} [Fri Jul 17 13:56:26 2026] GET /v2.0/agents => generated 1214 bytes in 72 msecs (HTTP/1.1 200) 4 headers in 158 bytes (1 switches on core 0) [pid: 8|app: 0|req: 1172/2348] 10.0.0.30 () {28 vars in 618 bytes} [Fri Jul 17 13:56:26 2026] GET /v2.0/network-ip-availabilities => generated 6303 bytes in 97 msecs (HTTP/1.1 200) 4 headers in 158 bytes (1 switches on core 0) [pid: 8|app: 0|req: 1173/2349] 10.0.0.30 () {28 vars in 582 bytes} [Fri Jul 17 13:56:26 2026] GET /v2.0/subnets => generated 6188 bytes in 104 msecs (HTTP/1.1 200) 4 headers in 158 bytes (1 switches on core 0)
2026-07-17 13:56:27.061 7 WARNING neutron.scheduler.dhcp_agent_scheduler [None req-b46eed3d-5fef-41dd-adab-fc6ee7e5a223 0b56078c22b24945b67708de2a20284c 259120fc650b4bb2832d92cc62e3c4fe - - default default] No more DHCP agents
2026-07-17 13:56:27.062 7 WARNING neutron.api.rpc.agentnotifiers.dhcp_rpc_agent_api [None req-b46eed3d-5fef-41dd-adab-fc6ee7e5a223 0b56078c22b24945b67708de2a20284c 259120fc650b4bb2832d92cc62e3c4fe - - default default] Unable to schedule network 2c204fe7-b08c-47df-a9fa-915b915cf126: no agents available; will retry on subsequent port and subnet creation events. [pid: 8|app: 0|req: 1174/2350] 10.0.0.30 () {28 vars in 578 bytes} [Fri Jul 17 13:56:26 2026] GET /v2.0/ports => generated 14680 bytes in 120 msecs (HTTP/1.1 200) 4 headers in 159 bytes (1 switches on core 0)
2026-07-17 13:56:27.164 7 INFO neutron.plugins.ml2.drivers.ovn.mech_driver.mech_driver [None req-007a9f3d-8203-46d1-a419-79f28e93685b - - - - - -] OVN reports status down for port: c23f26ae-fa9e-4a55-9401-ab2b55549998 [pid: 8|app: 0|req: 1175/2351] 10.0.0.30 () {28 vars in 582 bytes} [Fri Jul 17 13:56:27 2026] GET /v2.0/routers => generated 1970 bytes in 155 msecs (HTTP/1.1 200) 4 headers in 158 bytes (1 switches on core 0)
2026-07-17 13:56:27.231 7 INFO neutron.db.ovn_revision_numbers_db [None req-b46eed3d-5fef-41dd-adab-fc6ee7e5a223 0b56078c22b24945b67708de2a20284c 259120fc650b4bb2832d92cc62e3c4fe - - default default] Successfully bumped revision number for resource c23f26ae-fa9e-4a55-9401-ab2b55549998 (type: ports) to 1 [pid: 8|app: 0|req: 1176/2352] 10.0.0.30 () {28 vars in 623 bytes} [Fri Jul 17 13:56:27 2026] GET /v2.0/agents?binary=ovn-controller => generated 416 bytes in 28 msecs (HTTP/1.1 200) 4 headers in 157 bytes (1 switches on core 0) [pid: 8|app: 0|req: 1177/2353] 10.0.0.30 () {28 vars in 590 bytes} [Fri Jul 17 13:56:27 2026] GET /v2.0/floatingips => generated 19 bytes in 46 msecs (HTTP/1.1 200) 4 headers in 156 bytes (1 switches on core 0) [pid: 8|app: 0|req: 1178/2354] 10.0.0.30 () {28 vars in 598 bytes} [Fri Jul 17 13:56:27 2026] GET /v2.0/security-groups => generated 31560 bytes in 77 msecs (HTTP/1.1 200) 4 headers in 159 bytes (1 switches on core 0) [pid: 8|app: 0|req: 1179/2355] 10.0.0.30 () {28 vars in 582 bytes} [Fri Jul 17 13:56:27 2026] GET /v2.0/subnets => generated 6188 bytes in 84 msecs (HTTP/1.1 200) 4 headers in 158 bytes (1 switches on core 0) [pid: 8|app: 0|req: 1182/2358] 10.0.0.30 () {28 vars in 590 bytes} [Fri Jul 17 13:56:27 2026] GET /v2.0/subnetpools => generated 19 bytes in 14 msecs (HTTP/1.1 200) 4 headers in 156 bytes (1 switches on core 0) [pid: 8|app: 0|req: 1183/2359] 10.0.0.123 () {34 vars in 990 bytes} [Fri Jul 17 13:56:27 2026] GET /v2.0/ports?device_id=b6017119-b263-4d61-ba9b-6a3c79ea8191 => generated 12 bytes in 34 msecs (HTTP/1.1 200) 4 headers in 156 bytes (1 switches on core 0)
2026-07-17 13:56:27.873 7 INFO neutron.plugins.ml2.drivers.ovn.mech_driver.mech_driver [None req-007a9f3d-8203-46d1-a419-79f28e93685b - - - - - -] OVN reports status up for port: c23f26ae-fa9e-4a55-9401-ab2b55549998
2026-07-17 13:56:27.902 7 INFO neutron.plugins.ml2.plugin [None req-007a9f3d-8203-46d1-a419-79f28e93685b - - - - - -] Attempt 1 to provision port c23f26ae-fa9e-4a55-9401-ab2b55549998
2026-07-17 13:56:27.960 8 INFO neutron.db.ovn_revision_numbers_db [None req-d42e9984-d005-4696-8a74-5744adb509bf - - - - - -] Successfully bumped revision number for resource 6abcde9a-1ef4-4577-aab5-f3af54a297dd (type: ports) to 4
2026-07-17 13:56:28.023 7 WARNING neutron.scheduler.dhcp_agent_scheduler [None req-b46eed3d-5fef-41dd-adab-fc6ee7e5a223 0b56078c22b24945b67708de2a20284c 259120fc650b4bb2832d92cc62e3c4fe - - default default] No more DHCP agents
2026-07-17 13:56:28.026 7 WARNING neutron.api.rpc.agentnotifiers.dhcp_rpc_agent_api [None req-b46eed3d-5fef-41dd-adab-fc6ee7e5a223 0b56078c22b24945b67708de2a20284c 259120fc650b4bb2832d92cc62e3c4fe - - default default] Unable to schedule network 2c204fe7-b08c-47df-a9fa-915b915cf126: no agents available; will retry on subsequent port and subnet creation events.
2026-07-17 13:56:28.271 8 INFO neutron.db.ovn_revision_numbers_db [None req-d42e9984-d005-4696-8a74-5744adb509bf - - - - - -] Successfully bumped revision number for resource 6abcde9a-1ef4-4577-aab5-f3af54a297dd (type: ports) to 5
2026-07-17 13:56:28.618 7 INFO neutron.db.ovn_revision_numbers_db [None req-007a9f3d-8203-46d1-a419-79f28e93685b - - - - - -] Successfully bumped revision number for resource c23f26ae-fa9e-4a55-9401-ab2b55549998 (type: ports) to 2
2026-07-17 13:56:28.851 7 INFO neutron.db.ovn_revision_numbers_db [None req-b46eed3d-5fef-41dd-adab-fc6ee7e5a223 0b56078c22b24945b67708de2a20284c 259120fc650b4bb2832d92cc62e3c4fe - - default default] Successfully bumped revision number for resource c23f26ae-fa9e-4a55-9401-ab2b55549998 (type: router_ports) to 1 [pid: 7|app: 0|req: 1177/2360] 10.0.0.107 () {34 vars in 783 bytes} [Fri Jul 17 13:56:26 2026] PUT /v2.0/routers/bc5c6dd1-3d7d-446f-b2c5-931de020f9ad/add_router_interface => generated 310 bytes in 2267 msecs (HTTP/1.1 200) 4 headers in 157 bytes (1 switches on core 0) [pid: 8|app: 0|req: 1184/2361] 10.0.0.243 () {34 vars in 1070 bytes} [Fri Jul 17 13:56:29 2026] GET /v2.0/ports?fields=security_groups&fields=device_id&device_id=b6017119-b263-4d61-ba9b-6a3c79ea8191 => generated 12 bytes in 25 msecs (HTTP/1.1 200) 4 headers in 156 bytes (1 switches on core 0) [pid: 7|app: 0|req: 1178/2362] 10.0.0.243 () {34 vars in 990 bytes} [Fri Jul 17 13:56:29 2026] GET /v2.0/ports?device_id=b6017119-b263-4d61-ba9b-6a3c79ea8191 => generated 12 bytes in 17 msecs (HTTP/1.1 200) 4 headers in 156 bytes (1 switches on core 0) [pid: 8|app: 0|req: 1185/2363] 10.0.0.107 () {32 vars in 750 bytes} [Fri Jul 17 13:56:29 2026] DELETE /v2.0/security-group-rules/5f9a06c7-017a-4c14-a6e4-f16f2124546e => generated 0 bytes in 152 msecs (HTTP/1.1 204) 2 headers in 112 bytes (1 switches on core 0)
2026-07-17 13:56:29.900 8 INFO neutron.api.v2.resource [None req-8e2467ae-5b02-4014-bda4-491a00c2e6b0 c4dd8651934645e68775a16f19b40056 605260a776b2452598f9279de2f097ac - - default default] show failed (client error): The resource could not be found. [pid: 8|app: 0|req: 1186/2364] 10.0.0.107 () {32 vars in 747 bytes} [Fri Jul 17 13:56:29 2026] GET /v2.0/security-group-rules/5f9a06c7-017a-4c14-a6e4-f16f2124546e => generated 155 bytes in 11 msecs (HTTP/1.1 404) 4 headers in 164 bytes (1 switches on core 0)
2026-07-17 13:56:29.995 7 INFO neutron.db.ovn_revision_numbers_db [None req-a3619afa-4f96-4a88-9a8a-a1567f9a70cc 0b56078c22b24945b67708de2a20284c 259120fc650b4bb2832d92cc62e3c4fe - - default default] Successfully bumped revision number for resource 04aaa39a-5bf4-48f4-a78f-c55a1ae3e5cf (type: security_groups) to 1
2026-07-17 13:56:30.007 7 INFO neutron.db.ovn_revision_numbers_db [None req-a3619afa-4f96-4a88-9a8a-a1567f9a70cc 0b56078c22b24945b67708de2a20284c 259120fc650b4bb2832d92cc62e3c4fe - - default default] Successfully bumped revision number for resource 09d20c69-029a-40bc-8857-786ad23bfc4a (type: security_group_rules) to 0
2026-07-17 13:56:30.018 7 INFO neutron.db.ovn_revision_numbers_db [None req-a3619afa-4f96-4a88-9a8a-a1567f9a70cc 0b56078c22b24945b67708de2a20284c 259120fc650b4bb2832d92cc62e3c4fe - - default default] Successfully bumped revision number for resource 119cce44-2a16-4ded-aaff-261b8110cf16 (type: security_group_rules) to 0
2026-07-17 13:56:30.032 7 INFO neutron.db.ovn_revision_numbers_db [None req-a3619afa-4f96-4a88-9a8a-a1567f9a70cc 0b56078c22b24945b67708de2a20284c 259120fc650b4bb2832d92cc62e3c4fe - - default default] Successfully bumped revision number for resource 726761f1-d4b1-40d4-beda-ca80c419a10f (type: security_group_rules) to 0 [pid: 8|app: 0|req: 1187/2365] 10.0.0.107 () {32 vars in 750 bytes} [Fri Jul 17 13:56:29 2026] DELETE /v2.0/security-group-rules/3f843e19-5eb0-493f-a280-0cdc9887b9da => generated 0 bytes in 133 msecs (HTTP/1.1 204) 2 headers in 112 bytes (1 switches on core 0)
2026-07-17 13:56:30.043 7 INFO neutron.db.ovn_revision_numbers_db [None req-a3619afa-4f96-4a88-9a8a-a1567f9a70cc 0b56078c22b24945b67708de2a20284c 259120fc650b4bb2832d92cc62e3c4fe - - default default] Successfully bumped revision number for resource 9e4c0249-d204-43d4-8e20-73dfa2bcca3f (type: security_group_rules) to 0
2026-07-17 13:56:30.052 8 INFO neutron.api.v2.resource [None req-9f5cbf37-72e4-4aea-b3cd-048c3f7fa5c0 c4dd8651934645e68775a16f19b40056 605260a776b2452598f9279de2f097ac - - default default] show failed (client error): The resource could not be found. [pid: 8|app: 0|req: 1188/2366] 10.0.0.107 () {32 vars in 747 bytes} [Fri Jul 17 13:56:30 2026] GET /v2.0/security-group-rules/3f843e19-5eb0-493f-a280-0cdc9887b9da => generated 155 bytes in 11 msecs (HTTP/1.1 404) 4 headers in 164 bytes (1 switches on core 0)
2026-07-17 13:56:30.125 7 INFO neutron.db.segments_db [None req-a3619afa-4f96-4a88-9a8a-a1567f9a70cc 0b56078c22b24945b67708de2a20284c 259120fc650b4bb2832d92cc62e3c4fe - - default default] Added segment 9c06344c-7773-4f22-8aa7-d10abdd2fb13 of type geneve for network 975713d7-a10a-4bd0-bbdb-5cab971e4796 [pid: 8|app: 0|req: 1189/2367] 10.0.0.107 () {32 vars in 750 bytes} [Fri Jul 17 13:56:30 2026] DELETE /v2.0/security-group-rules/a0c40302-b8eb-4a45-93f3-b26d593041ed => generated 0 bytes in 116 msecs (HTTP/1.1 204) 2 headers in 112 bytes (1 switches on core 0)
2026-07-17 13:56:30.194 8 INFO neutron.api.v2.resource [None req-e4728802-7366-4d1a-853c-dca734401781 c4dd8651934645e68775a16f19b40056 605260a776b2452598f9279de2f097ac - - default default] show failed (client error): The resource could not be found. [pid: 8|app: 0|req: 1190/2368] 10.0.0.107 () {32 vars in 747 bytes} [Fri Jul 17 13:56:30 2026] GET /v2.0/security-group-rules/a0c40302-b8eb-4a45-93f3-b26d593041ed => generated 155 bytes in 10 msecs (HTTP/1.1 404) 4 headers in 164 bytes (1 switches on core 0)
2026-07-17 13:56:30.237 7 INFO neutron.db.ovn_revision_numbers_db [None req-a3619afa-4f96-4a88-9a8a-a1567f9a70cc 0b56078c22b24945b67708de2a20284c 259120fc650b4bb2832d92cc62e3c4fe - - default default] Successfully bumped revision number for resource 975713d7-a10a-4bd0-bbdb-5cab971e4796 (type: networks) to 1 [pid: 8|app: 0|req: 1191/2369] 10.0.0.107 () {32 vars in 750 bytes} [Fri Jul 17 13:56:30 2026] DELETE /v2.0/security-group-rules/02b5b8ff-5c95-4580-a2c8-e20842d2efe9 => generated 0 bytes in 101 msecs (HTTP/1.1 204) 2 headers in 112 bytes (1 switches on core 0)
2026-07-17 13:56:30.313 8 INFO neutron.api.v2.resource [None req-730f3d04-6a58-435d-b270-4529df640766 c4dd8651934645e68775a16f19b40056 605260a776b2452598f9279de2f097ac - - default default] show failed (client error): The resource could not be found. [pid: 8|app: 0|req: 1192/2370] 10.0.0.107 () {32 vars in 747 bytes} [Fri Jul 17 13:56:30 2026] GET /v2.0/security-group-rules/02b5b8ff-5c95-4580-a2c8-e20842d2efe9 => generated 155 bytes in 11 msecs (HTTP/1.1 404) 4 headers in 164 bytes (1 switches on core 0)
2026-07-17 13:56:30.405 7 WARNING neutron.scheduler.dhcp_agent_scheduler [None req-a3619afa-4f96-4a88-9a8a-a1567f9a70cc 0b56078c22b24945b67708de2a20284c 259120fc650b4bb2832d92cc62e3c4fe - - default default] No more DHCP agents
2026-07-17 13:56:30.407 7 WARNING neutron.api.rpc.agentnotifiers.dhcp_rpc_agent_api [None req-a3619afa-4f96-4a88-9a8a-a1567f9a70cc 0b56078c22b24945b67708de2a20284c 259120fc650b4bb2832d92cc62e3c4fe - - default default] Unable to schedule network 975713d7-a10a-4bd0-bbdb-5cab971e4796: no agents available; will retry on subsequent port and subnet creation events. [pid: 8|app: 0|req: 1193/2371] 10.0.0.107 () {32 vars in 750 bytes} [Fri Jul 17 13:56:30 2026] DELETE /v2.0/security-group-rules/6f9d11c1-f854-4a5e-99aa-4e34d14b4a90 => generated 0 bytes in 126 msecs (HTTP/1.1 204) 2 headers in 112 bytes (1 switches on core 0)
2026-07-17 13:56:30.455 8 INFO neutron.api.v2.resource [None req-58bb328d-9e78-4eb5-a752-1acc5af9f35f c4dd8651934645e68775a16f19b40056 605260a776b2452598f9279de2f097ac - - default default] show failed (client error): The resource could not be found. [pid: 8|app: 0|req: 1194/2372] 10.0.0.107 () {32 vars in 747 bytes} [Fri Jul 17 13:56:30 2026] GET /v2.0/security-group-rules/6f9d11c1-f854-4a5e-99aa-4e34d14b4a90 => generated 155 bytes in 10 msecs (HTTP/1.1 404) 4 headers in 164 bytes (1 switches on core 0)
2026-07-17 13:56:30.548 7 INFO neutron.db.ovn_revision_numbers_db [None req-a3619afa-4f96-4a88-9a8a-a1567f9a70cc 0b56078c22b24945b67708de2a20284c 259120fc650b4bb2832d92cc62e3c4fe - - default default] Successfully bumped revision number for resource 1bce52cb-a1fc-41e2-979a-035a9100c6e0 (type: ports) to 1 [pid: 7|app: 0|req: 1179/2373] 10.0.0.107 () {34 vars in 671 bytes} [Fri Jul 17 13:56:29 2026] POST /v2.0/networks => generated 782 bytes in 732 msecs (HTTP/1.1 201) 4 headers in 162 bytes (1 switches on core 0) [pid: 8|app: 0|req: 1195/2374] 10.0.0.107 () {32 vars in 750 bytes} [Fri Jul 17 13:56:30 2026] DELETE /v2.0/security-group-rules/b0b41bd3-200f-45eb-83bb-6127396ce644 => generated 0 bytes in 120 msecs (HTTP/1.1 204) 2 headers in 112 bytes (1 switches on core 0)
2026-07-17 13:56:30.604 8 INFO neutron.api.v2.resource [None req-7e8051d3-4a6e-4ecd-9335-7d8e72dc799f c4dd8651934645e68775a16f19b40056 605260a776b2452598f9279de2f097ac - - default default] show failed (client error): The resource could not be found. [pid: 8|app: 0|req: 1196/2375] 10.0.0.107 () {32 vars in 747 bytes} [Fri Jul 17 13:56:30 2026] GET /v2.0/security-group-rules/b0b41bd3-200f-45eb-83bb-6127396ce644 => generated 155 bytes in 15 msecs (HTTP/1.1 404) 4 headers in 164 bytes (1 switches on core 0) [pid: 8|app: 0|req: 1197/2376] 10.0.0.107 () {32 vars in 750 bytes} [Fri Jul 17 13:56:30 2026] DELETE /v2.0/security-group-rules/d016f98f-cf70-45ff-955e-c2b114784057 => generated 0 bytes in 112 msecs (HTTP/1.1 204) 2 headers in 112 bytes (1 switches on core 0)
2026-07-17 13:56:30.734 7 WARNING neutron.scheduler.dhcp_agent_scheduler [None req-fc115718-5e8b-4c5a-955e-d7ef8aca76ba 0b56078c22b24945b67708de2a20284c 259120fc650b4bb2832d92cc62e3c4fe - - default default] No more DHCP agents
2026-07-17 13:56:30.736 7 WARNING neutron.api.rpc.agentnotifiers.dhcp_rpc_agent_api [None req-fc115718-5e8b-4c5a-955e-d7ef8aca76ba 0b56078c22b24945b67708de2a20284c 259120fc650b4bb2832d92cc62e3c4fe - - default default] Unable to schedule network 975713d7-a10a-4bd0-bbdb-5cab971e4796: no agents available; will retry on subsequent port and subnet creation events.
2026-07-17 13:56:30.737 8 INFO neutron.api.v2.resource [None req-ff172901-fb3d-451f-aeda-630609a2562b c4dd8651934645e68775a16f19b40056 605260a776b2452598f9279de2f097ac - - default default] show failed (client error): The resource could not be found. [pid: 8|app: 0|req: 1198/2377] 10.0.0.107 () {32 vars in 747 bytes} [Fri Jul 17 13:56:30 2026] GET /v2.0/security-group-rules/d016f98f-cf70-45ff-955e-c2b114784057 => generated 155 bytes in 10 msecs (HTTP/1.1 404) 4 headers in 164 bytes (1 switches on core 0) [pid: 8|app: 0|req: 1199/2378] 10.0.0.107 () {32 vars in 750 bytes} [Fri Jul 17 13:56:30 2026] DELETE /v2.0/security-group-rules/e4ebd938-b20f-467d-a0c6-bd23501bfe34 => generated 0 bytes in 81 msecs (HTTP/1.1 204) 2 headers in 112 bytes (1 switches on core 0)
2026-07-17 13:56:30.837 8 INFO neutron.api.v2.resource [None req-340e2a4b-26d1-4c09-85e5-428680f580c3 c4dd8651934645e68775a16f19b40056 605260a776b2452598f9279de2f097ac - - default default] show failed (client error): The resource could not be found. [pid: 8|app: 0|req: 1200/2379] 10.0.0.107 () {32 vars in 747 bytes} [Fri Jul 17 13:56:30 2026] GET /v2.0/security-group-rules/e4ebd938-b20f-467d-a0c6-bd23501bfe34 => generated 155 bytes in 12 msecs (HTTP/1.1 404) 4 headers in 164 bytes (1 switches on core 0) [pid: 8|app: 0|req: 1201/2380] 10.0.0.107 () {32 vars in 750 bytes} [Fri Jul 17 13:56:30 2026] DELETE /v2.0/security-group-rules/0f6fbea3-1ae5-44fb-a23d-6cd138404dda => generated 0 bytes in 119 msecs (HTTP/1.1 204) 2 headers in 112 bytes (1 switches on core 0)
2026-07-17 13:56:30.975 8 INFO neutron.api.v2.resource [None req-20cf8e02-318e-46c1-abd7-683a5be59363 c4dd8651934645e68775a16f19b40056 605260a776b2452598f9279de2f097ac - - default default] show failed (client error): The resource could not be found. [pid: 8|app: 0|req: 1202/2381] 10.0.0.107 () {32 vars in 747 bytes} [Fri Jul 17 13:56:30 2026] GET /v2.0/security-group-rules/0f6fbea3-1ae5-44fb-a23d-6cd138404dda => generated 155 bytes in 10 msecs (HTTP/1.1 404) 4 headers in 164 bytes (1 switches on core 0) [pid: 8|app: 0|req: 1203/2382] 10.0.0.107 () {32 vars in 750 bytes} [Fri Jul 17 13:56:30 2026] DELETE /v2.0/security-group-rules/67ac07d7-0d6e-44f3-85db-0f1af755e49b => generated 0 bytes in 136 msecs (HTTP/1.1 204) 2 headers in 112 bytes (1 switches on core 0)
2026-07-17 13:56:31.127 8 INFO neutron.api.v2.resource [None req-fefb5f8f-8679-4381-89f5-9c6ad379875d c4dd8651934645e68775a16f19b40056 605260a776b2452598f9279de2f097ac - - default default] show failed (client error): The resource could not be found. [pid: 8|app: 0|req: 1204/2383] 10.0.0.107 () {32 vars in 747 bytes} [Fri Jul 17 13:56:31 2026] GET /v2.0/security-group-rules/67ac07d7-0d6e-44f3-85db-0f1af755e49b => generated 155 bytes in 9 msecs (HTTP/1.1 404) 4 headers in 164 bytes (1 switches on core 0)
2026-07-17 13:56:31.200 7 INFO neutron.db.ovn_revision_numbers_db [None req-fc115718-5e8b-4c5a-955e-d7ef8aca76ba 0b56078c22b24945b67708de2a20284c 259120fc650b4bb2832d92cc62e3c4fe - - default default] Successfully bumped revision number for resource 1bce52cb-a1fc-41e2-979a-035a9100c6e0 (type: ports) to 2
2026-07-17 13:56:31.226 7 INFO neutron.db.ovn_revision_numbers_db [None req-fc115718-5e8b-4c5a-955e-d7ef8aca76ba 0b56078c22b24945b67708de2a20284c 259120fc650b4bb2832d92cc62e3c4fe - - default default] Successfully bumped revision number for resource 81299076-04dd-4583-9757-e7802fd0b1d5 (type: subnets) to 0 [pid: 8|app: 0|req: 1205/2384] 10.0.0.107 () {32 vars in 750 bytes} [Fri Jul 17 13:56:31 2026] DELETE /v2.0/security-group-rules/62b0d05b-7902-47a8-b9a3-84a66828b2ec => generated 0 bytes in 106 msecs (HTTP/1.1 204) 2 headers in 112 bytes (1 switches on core 0) [pid: 7|app: 0|req: 1180/2385] 10.0.0.107 () {34 vars in 669 bytes} [Fri Jul 17 13:56:30 2026] POST /v2.0/subnets => generated 688 bytes in 668 msecs (HTTP/1.1 201) 4 headers in 162 bytes (1 switches on core 0)
2026-07-17 13:56:31.251 8 INFO neutron.api.v2.resource [None req-80fdf6a4-27f5-43b0-98fb-1f5146ef0866 c4dd8651934645e68775a16f19b40056 605260a776b2452598f9279de2f097ac - - default default] show failed (client error): The resource could not be found. [pid: 8|app: 0|req: 1206/2386] 10.0.0.107 () {32 vars in 747 bytes} [Fri Jul 17 13:56:31 2026] GET /v2.0/security-group-rules/62b0d05b-7902-47a8-b9a3-84a66828b2ec => generated 155 bytes in 10 msecs (HTTP/1.1 404) 4 headers in 164 bytes (1 switches on core 0) [pid: 8|app: 0|req: 1207/2387] 10.0.0.107 () {32 vars in 740 bytes} [Fri Jul 17 13:56:31 2026] DELETE /v2.0/security-groups/89c9ca2a-9ba5-4674-b909-06aa8968ec83 => generated 0 bytes in 118 msecs (HTTP/1.1 204) 2 headers in 112 bytes (1 switches on core 0)
2026-07-17 13:56:31.389 8 INFO neutron.api.v2.resource [None req-5d77297b-ce90-42ff-ba12-ada741daa9bf c4dd8651934645e68775a16f19b40056 605260a776b2452598f9279de2f097ac - - default default] show failed (client error): The resource could not be found. [pid: 8|app: 0|req: 1208/2388] 10.0.0.107 () {32 vars in 737 bytes} [Fri Jul 17 13:56:31 2026] GET /v2.0/security-groups/89c9ca2a-9ba5-4674-b909-06aa8968ec83 => generated 146 bytes in 11 msecs (HTTP/1.1 404) 4 headers in 164 bytes (1 switches on core 0)
2026-07-17 13:56:31.690 7 WARNING neutron.scheduler.dhcp_agent_scheduler [None req-89cca886-50af-4324-91ac-c5f4f68ba47d 0b56078c22b24945b67708de2a20284c 259120fc650b4bb2832d92cc62e3c4fe - - default default] No more DHCP agents
2026-07-17 13:56:31.692 7 WARNING neutron.api.rpc.agentnotifiers.dhcp_rpc_agent_api [None req-89cca886-50af-4324-91ac-c5f4f68ba47d 0b56078c22b24945b67708de2a20284c 259120fc650b4bb2832d92cc62e3c4fe - - default default] Unable to schedule network 3465483a-59ff-466b-af17-c03558f0ef2a: no agents available; will retry on subsequent port and subnet creation events.
2026-07-17 13:56:31.761 8 INFO neutron_taas.services.taas.taas_plugin [None req-05bc4779-b64f-4584-a13b-1fcd171189f2 c4dd8651934645e68775a16f19b40056 605260a776b2452598f9279de2f097ac - - default default] TaaS: Handle Delete Port: 03268a27-3590-43da-a095-62d35df51848
2026-07-17 13:56:31.765 8 INFO neutron_taas.services.taas.tap_mirror_plugin [None req-05bc4779-b64f-4584-a13b-1fcd171189f2 c4dd8651934645e68775a16f19b40056 605260a776b2452598f9279de2f097ac - - default default] Tap Mirror: Handle Delete Port: 03268a27-3590-43da-a095-62d35df51848
2026-07-17 13:56:31.812 8 INFO neutron.plugins.ml2.drivers.ovn.mech_driver.mech_driver [None req-96c8a8da-1312-4e8c-9ffc-1836b74bd7d4 - - - - - -] OVN reports status down for port: 21b0a2f8-0f80-4d14-bd23-40bb27855b82
2026-07-17 13:56:31.838 7 INFO neutron.db.ovn_revision_numbers_db [None req-89cca886-50af-4324-91ac-c5f4f68ba47d 0b56078c22b24945b67708de2a20284c 259120fc650b4bb2832d92cc62e3c4fe - - default default] Successfully bumped revision number for resource 21b0a2f8-0f80-4d14-bd23-40bb27855b82 (type: ports) to 1 [pid: 8|app: 0|req: 1209/2389] 10.0.0.107 () {34 vars in 789 bytes} [Fri Jul 17 13:56:31 2026] PUT /v2.0/routers/6e5c7091-06c6-4f29-848a-535f149712da/remove_router_interface => generated 310 bytes in 851 msecs (HTTP/1.1 200) 4 headers in 157 bytes (1 switches on core 0) /var/lib/openstack/lib/python3.12/site-packages/pycadf/identifier.py:70: UserWarning: Invalid uuid: neutron. To ensure interoperability, identifiers should be a valid uuid. warnings.warn(('Invalid uuid: %s. To ensure interoperability, '
2026-07-17 13:56:32.363 8 INFO neutron.plugins.ml2.drivers.ovn.mech_driver.mech_driver [None req-96c8a8da-1312-4e8c-9ffc-1836b74bd7d4 - - - - - -] OVN reports status up for port: 21b0a2f8-0f80-4d14-bd23-40bb27855b82
2026-07-17 13:56:32.376 7 INFO neutron.plugins.ml2.drivers.ovn.mech_driver.ovsdb.ovsdb_monitor [None req-ea39e8ba-c62d-4b73-88d4-3ef2a433f7ee - - - - - -] Router c2c20a47-958b-4fbd-8fc2-49f9afeda6cb is bound to host instance
2026-07-17 13:56:32.396 8 INFO neutron.plugins.ml2.plugin [None req-96c8a8da-1312-4e8c-9ffc-1836b74bd7d4 - - - - - -] Attempt 1 to provision port 21b0a2f8-0f80-4d14-bd23-40bb27855b82
2026-07-17 13:56:32.408 7 INFO neutron.db.ovn_revision_numbers_db [None req-89cca886-50af-4324-91ac-c5f4f68ba47d 0b56078c22b24945b67708de2a20284c 259120fc650b4bb2832d92cc62e3c4fe - - default default] Successfully bumped revision number for resource 21b0a2f8-0f80-4d14-bd23-40bb27855b82 (type: router_ports) to 1
2026-07-17 13:56:32.509 8 INFO neutron.api.v2.resource [None req-a30011ff-571b-4b1b-8255-46ece9572569 c4dd8651934645e68775a16f19b40056 605260a776b2452598f9279de2f097ac - - default default] remove_router_interface failed (client error): The resource could not be found. [pid: 8|app: 0|req: 1210/2390] 10.0.0.107 () {34 vars in 789 bytes} [Fri Jul 17 13:56:32 2026] PUT /v2.0/routers/6e5c7091-06c6-4f29-848a-535f149712da/remove_router_interface => generated 198 bytes in 221 msecs (HTTP/1.1 404) 4 headers in 164 bytes (1 switches on core 0)
2026-07-17 13:56:32.558 7 INFO neutron.db.ovn_revision_numbers_db [None req-89cca886-50af-4324-91ac-c5f4f68ba47d 0b56078c22b24945b67708de2a20284c 259120fc650b4bb2832d92cc62e3c4fe - - default default] Successfully bumped revision number for resource c2c20a47-958b-4fbd-8fc2-49f9afeda6cb (type: routers) to 2 [pid: 7|app: 0|req: 1181/2391] 10.0.0.107 () {34 vars in 669 bytes} [Fri Jul 17 13:56:31 2026] POST /v2.0/routers => generated 987 bytes in 1343 msecs (HTTP/1.1 201) 4 headers in 162 bytes (1 switches on core 0)
2026-07-17 13:56:32.834 8 INFO neutron_taas.services.taas.taas_plugin [None req-e207e473-760e-4a14-be8b-734b4efaecb2 c4dd8651934645e68775a16f19b40056 605260a776b2452598f9279de2f097ac - - default default] TaaS: Handle Delete Port: 65218d48-f40e-4e14-81ec-b4667e4d2387
2026-07-17 13:56:32.837 8 INFO neutron_taas.services.taas.tap_mirror_plugin [None req-e207e473-760e-4a14-be8b-734b4efaecb2 c4dd8651934645e68775a16f19b40056 605260a776b2452598f9279de2f097ac - - default default] Tap Mirror: Handle Delete Port: 65218d48-f40e-4e14-81ec-b4667e4d2387 [pid: 8|app: 0|req: 1211/2392] 10.0.0.107 () {34 vars in 789 bytes} [Fri Jul 17 13:56:32 2026] PUT /v2.0/routers/6e5c7091-06c6-4f29-848a-535f149712da/remove_router_interface => generated 310 bytes in 791 msecs (HTTP/1.1 200) 4 headers in 157 bytes (1 switches on core 0)
2026-07-17 13:56:33.313 7 WARNING neutron.scheduler.dhcp_agent_scheduler [None req-e6c30523-ae72-4bfe-9836-77f5f0febb5b 0b56078c22b24945b67708de2a20284c 259120fc650b4bb2832d92cc62e3c4fe - - default default] No more DHCP agents /var/lib/openstack/lib/python3.12/site-packages/pycadf/identifier.py:70: UserWarning: Invalid uuid: neutron. To ensure interoperability, identifiers should be a valid uuid. warnings.warn(('Invalid uuid: %s. To ensure interoperability, '
2026-07-17 13:56:33.317 7 WARNING neutron.api.rpc.agentnotifiers.dhcp_rpc_agent_api [None req-e6c30523-ae72-4bfe-9836-77f5f0febb5b 0b56078c22b24945b67708de2a20284c 259120fc650b4bb2832d92cc62e3c4fe - - default default] Unable to schedule network 975713d7-a10a-4bd0-bbdb-5cab971e4796: no agents available; will retry on subsequent port and subnet creation events.
2026-07-17 13:56:33.424 8 INFO neutron.api.v2.resource [None req-be30377b-3a22-4e29-b0e6-ef7538905abb c4dd8651934645e68775a16f19b40056 605260a776b2452598f9279de2f097ac - - default default] remove_router_interface failed (client error): The resource could not be found. [pid: 8|app: 0|req: 1212/2393] 10.0.0.107 () {34 vars in 789 bytes} [Fri Jul 17 13:56:33 2026] PUT /v2.0/routers/6e5c7091-06c6-4f29-848a-535f149712da/remove_router_interface => generated 198 bytes in 115 msecs (HTTP/1.1 404) 4 headers in 164 bytes (1 switches on core 0)
2026-07-17 13:56:33.577 7 INFO neutron.db.ovn_revision_numbers_db [None req-e6c30523-ae72-4bfe-9836-77f5f0febb5b 0b56078c22b24945b67708de2a20284c 259120fc650b4bb2832d92cc62e3c4fe - - default default] Successfully bumped revision number for resource b297dae5-1f18-41e7-80cd-c3c38efe3e92 (type: ports) to 1
2026-07-17 13:56:33.776 8 INFO neutron_taas.services.taas.taas_plugin [None req-0876626a-0ace-4b91-9367-7d489c98f59a c4dd8651934645e68775a16f19b40056 605260a776b2452598f9279de2f097ac - - default default] TaaS: Handle Delete Port: 04b5b385-24ee-4c78-9efb-002bf04dea98
2026-07-17 13:56:33.778 8 INFO neutron_taas.services.taas.tap_mirror_plugin [None req-0876626a-0ace-4b91-9367-7d489c98f59a c4dd8651934645e68775a16f19b40056 605260a776b2452598f9279de2f097ac - - default default] Tap Mirror: Handle Delete Port: 04b5b385-24ee-4c78-9efb-002bf04dea98
2026-07-17 13:56:33.856 7 WARNING neutron.plugins.ml2.drivers.ovn.mech_driver.ovsdb.ovn_client [None req-5555295f-814e-4dd4-b82b-7724cd1e8cda - - - - - -] No hosting information found for port c23f26ae-fa9e-4a55-9401-ab2b55549998: RuntimeError: No hosting information found for port c23f26ae-fa9e-4a55-9401-ab2b55549998
2026-07-17 13:56:33.883 7 INFO neutron.db.ovn_revision_numbers_db [None req-a95fcbc5-c6c2-4334-8d4d-004311bf37c5 - - - - - -] Successfully bumped revision number for resource 21b0a2f8-0f80-4d14-bd23-40bb27855b82 (type: ports) to 4
2026-07-17 13:56:33.949 7 INFO neutron.common.ovn.utils [None req-5555295f-814e-4dd4-b82b-7724cd1e8cda - - - - - -] HA Chassis Group neutron-2c204fe7-b08c-47df-a9fa-915b915cf126 synchronized; highest priority chassis a24a2691-0c66-40a8-ac93-0f0568f3fbd2
2026-07-17 13:56:34.229 7 INFO neutron.db.ovn_revision_numbers_db [None req-5555295f-814e-4dd4-b82b-7724cd1e8cda - - - - - -] Successfully bumped revision number for resource c23f26ae-fa9e-4a55-9401-ab2b55549998 (type: router_ports) to 2
2026-07-17 13:56:34.234 7 INFO neutron.plugins.ml2.drivers.ovn.mech_driver.mech_driver [None req-5555295f-814e-4dd4-b82b-7724cd1e8cda - - - - - -] OVN reports status down for port: 1bce52cb-a1fc-41e2-979a-035a9100c6e0 [pid: 8|app: 0|req: 1213/2394] 10.0.0.107 () {34 vars in 789 bytes} [Fri Jul 17 13:56:33 2026] PUT /v2.0/routers/6e5c7091-06c6-4f29-848a-535f149712da/remove_router_interface => generated 310 bytes in 872 msecs (HTTP/1.1 200) 4 headers in 157 bytes (1 switches on core 0) /var/lib/openstack/lib/python3.12/site-packages/pycadf/identifier.py:70: UserWarning: Invalid uuid: neutron. To ensure interoperability, identifiers should be a valid uuid. warnings.warn(('Invalid uuid: %s. To ensure interoperability, '
2026-07-17 13:56:34.398 8 INFO neutron.api.v2.resource [None req-c02d1b12-e380-4787-8f7a-f113b24f21fc c4dd8651934645e68775a16f19b40056 605260a776b2452598f9279de2f097ac - - default default] remove_router_interface failed (client error): The resource could not be found. [pid: 8|app: 0|req: 1214/2395] 10.0.0.107 () {34 vars in 789 bytes} [Fri Jul 17 13:56:34 2026] PUT /v2.0/routers/6e5c7091-06c6-4f29-848a-535f149712da/remove_router_interface => generated 198 bytes in 92 msecs (HTTP/1.1 404) 4 headers in 164 bytes (1 switches on core 0)
2026-07-17 13:56:34.439 7 INFO neutron.plugins.ml2.drivers.ovn.mech_driver.mech_driver [None req-5555295f-814e-4dd4-b82b-7724cd1e8cda - - - - - -] OVN reports status down for port: b297dae5-1f18-41e7-80cd-c3c38efe3e92
2026-07-17 13:56:34.747 8 INFO neutron_taas.services.taas.taas_plugin [None req-a24abe54-fbe2-4c01-8bb1-d47a1caa09ee c4dd8651934645e68775a16f19b40056 605260a776b2452598f9279de2f097ac - - default default] TaaS: Handle Delete Port: 4061e86f-4faa-42eb-ab08-485cd314e55a
2026-07-17 13:56:34.750 8 INFO neutron_taas.services.taas.tap_mirror_plugin [None req-a24abe54-fbe2-4c01-8bb1-d47a1caa09ee c4dd8651934645e68775a16f19b40056 605260a776b2452598f9279de2f097ac - - default default] Tap Mirror: Handle Delete Port: 4061e86f-4faa-42eb-ab08-485cd314e55a
2026-07-17 13:56:34.845 7 INFO neutron.db.ovn_revision_numbers_db [None req-a95fcbc5-c6c2-4334-8d4d-004311bf37c5 - - - - - -] Successfully bumped revision number for resource 21b0a2f8-0f80-4d14-bd23-40bb27855b82 (type: ports) to 5
2026-07-17 13:56:35.012 7 INFO neutron.plugins.ml2.drivers.ovn.mech_driver.mech_driver [None req-5555295f-814e-4dd4-b82b-7724cd1e8cda - - - - - -] OVN reports status up for port: b297dae5-1f18-41e7-80cd-c3c38efe3e92
2026-07-17 13:56:35.085 7 INFO neutron.plugins.ml2.plugin [None req-5555295f-814e-4dd4-b82b-7724cd1e8cda - - - - - -] Attempt 1 to provision port b297dae5-1f18-41e7-80cd-c3c38efe3e92 [pid: 8|app: 0|req: 1215/2396] 10.0.0.107 () {32 vars in 724 bytes} [Fri Jul 17 13:56:34 2026] DELETE /v2.0/routers/6e5c7091-06c6-4f29-848a-535f149712da => generated 0 bytes in 749 msecs (HTTP/1.1 204) 2 headers in 112 bytes (1 switches on core 0)
2026-07-17 13:56:35.174 8 INFO neutron.api.v2.resource [None req-7851b5d6-69cf-4c30-88ab-c558da75d157 c4dd8651934645e68775a16f19b40056 605260a776b2452598f9279de2f097ac - - default default] show failed (client error): The resource could not be found. [pid: 8|app: 0|req: 1216/2397] 10.0.0.107 () {32 vars in 721 bytes} [Fri Jul 17 13:56:35 2026] GET /v2.0/routers/6e5c7091-06c6-4f29-848a-535f149712da => generated 135 bytes in 18 msecs (HTTP/1.1 404) 4 headers in 164 bytes (1 switches on core 0)
2026-07-17 13:56:35.204 7 WARNING neutron.scheduler.dhcp_agent_scheduler [None req-e6c30523-ae72-4bfe-9836-77f5f0febb5b 0b56078c22b24945b67708de2a20284c 259120fc650b4bb2832d92cc62e3c4fe - - default default] No more DHCP agents
2026-07-17 13:56:35.207 7 WARNING neutron.api.rpc.agentnotifiers.dhcp_rpc_agent_api [None req-e6c30523-ae72-4bfe-9836-77f5f0febb5b 0b56078c22b24945b67708de2a20284c 259120fc650b4bb2832d92cc62e3c4fe - - default default] Unable to schedule network 975713d7-a10a-4bd0-bbdb-5cab971e4796: no agents available; will retry on subsequent port and subnet creation events. [pid: 8|app: 0|req: 1217/2398] 10.0.0.107 () {32 vars in 724 bytes} [Fri Jul 17 13:56:35 2026] DELETE /v2.0/subnets/d98009c6-238c-4e38-95e4-b5d0cd1d7f1a => generated 0 bytes in 132 msecs (HTTP/1.1 204) 3 headers in 131 bytes (1 switches on core 0)
2026-07-17 13:56:35.334 8 INFO neutron.pecan_wsgi.hooks.translation [None req-c39f4b71-6cda-46ed-b6be-fb8f5cc98e6d c4dd8651934645e68775a16f19b40056 605260a776b2452598f9279de2f097ac - - default default] GET failed (client error): The resource could not be found. [pid: 8|app: 0|req: 1218/2399] 10.0.0.107 () {32 vars in 721 bytes} [Fri Jul 17 13:56:35 2026] GET /v2.0/subnets/d98009c6-238c-4e38-95e4-b5d0cd1d7f1a => generated 136 bytes in 21 msecs (HTTP/1.1 404) 4 headers in 164 bytes (1 switches on core 0) [pid: 8|app: 0|req: 1219/2400] 10.0.0.107 () {32 vars in 724 bytes} [Fri Jul 17 13:56:35 2026] DELETE /v2.0/subnets/e2e8fd9e-c306-4829-8a29-1fa03130c27c => generated 0 bytes in 226 msecs (HTTP/1.1 204) 3 headers in 131 bytes (1 switches on core 0)
