File "/var/lib/openstack/lib/python3.12/site-packages/sqlalchemy/orm/unitofwork.py", line 465, in execute
2026-07-17 13:55:56.470 7 ERROR neutron.api.v2.resource rec.execute(self)
2026-07-17 13:55:56.470 7 ERROR neutron.api.v2.resource
File "/var/lib/openstack/lib/python3.12/site-packages/sqlalchemy/orm/unitofwork.py", line 641, in execute
2026-07-17 13:55:56.470 7 ERROR neutron.api.v2.resource util.preloaded.orm_persistence.save_obj(
2026-07-17 13:55:56.470 7 ERROR neutron.api.v2.resource
File "/var/lib/openstack/lib/python3.12/site-packages/sqlalchemy/orm/persistence.py", line 94, in save_obj
2026-07-17 13:55:56.470 7 ERROR neutron.api.v2.resource _emit_insert_statements(
2026-07-17 13:55:56.470 7 ERROR neutron.api.v2.resource
File "/var/lib/openstack/lib/python3.12/site-packages/sqlalchemy/orm/persistence.py", line 1049, in _emit_insert_statements
2026-07-17 13:55:56.470 7 ERROR neutron.api.v2.resource result = connection.execute(
2026-07-17 13:55:56.470 7 ERROR neutron.api.v2.resource ^^^^^^^^^^^^^^^^^^^
2026-07-17 13:55:56.470 7 ERROR neutron.api.v2.resource
File "/var/lib/openstack/lib/python3.12/site-packages/sqlalchemy/engine/base.py", line 1421, in execute
2026-07-17 13:55:56.470 7 ERROR neutron.api.v2.resource return meth(
2026-07-17 13:55:56.470 7 ERROR neutron.api.v2.resource ^^^^^
2026-07-17 13:55:56.470 7 ERROR neutron.api.v2.resource
File "/var/lib/openstack/lib/python3.12/site-packages/sqlalchemy/sql/elements.py", line 526, in _execute_on_connection
2026-07-17 13:55:56.470 7 ERROR neutron.api.v2.resource return connection._execute_clauseelement(
2026-07-17 13:55:56.470 7 ERROR neutron.api.v2.resource ^^^^^^^^^^^^^^^^^^^^^^^^^^^^^^^^^^
2026-07-17 13:55:56.470 7 ERROR neutron.api.v2.resource
File "/var/lib/openstack/lib/python3.12/site-packages/sqlalchemy/engine/base.py", line 1643, in _execute_clauseelement
2026-07-17 13:55:56.470 7 ERROR neutron.api.v2.resource ret = self._execute_context(
2026-07-17 13:55:56.470 7 ERROR neutron.api.v2.resource ^^^^^^^^^^^^^^^^^^^^^^
2026-07-17 13:55:56.470 7 ERROR neutron.api.v2.resource
File "/var/lib/openstack/lib/python3.12/site-packages/sqlalchemy/engine/base.py", line 1848, in _execute_context
2026-07-17 13:55:56.470 7 ERROR neutron.api.v2.resource return self._exec_single_context(
2026-07-17 13:55:56.470 7 ERROR neutron.api.v2.resource ^^^^^^^^^^^^^^^^^^^^^^^^^^
2026-07-17 13:55:56.470 7 ERROR neutron.api.v2.resource
File "/var/lib/openstack/lib/python3.12/site-packages/sqlalchemy/engine/base.py", line 1988, in _exec_single_context
2026-07-17 13:55:56.470 7 ERROR neutron.api.v2.resource self._handle_dbapi_exception(
2026-07-17 13:55:56.470 7 ERROR neutron.api.v2.resource
File "/var/lib/openstack/lib/python3.12/site-packages/sqlalchemy/engine/base.py", line 2362, in _handle_dbapi_exception
2026-07-17 13:55:56.470 7 ERROR neutron.api.v2.resource raise newraise.with_traceback(exc_info[2]) from e
2026-07-17 13:55:56.470 7 ERROR neutron.api.v2.resource
File "/var/lib/openstack/lib/python3.12/site-packages/sqlalchemy/engine/base.py", line 1969, in _exec_single_context
2026-07-17 13:55:56.470 7 ERROR neutron.api.v2.resource self.dialect.do_execute(
2026-07-17 13:55:56.470 7 ERROR neutron.api.v2.resource
File "/var/lib/openstack/lib/python3.12/site-packages/sqlalchemy/engine/default.py", line 952, in do_execute
2026-07-17 13:55:56.470 7 ERROR neutron.api.v2.resource cursor.execute(statement, parameters)
2026-07-17 13:55:56.470 7 ERROR neutron.api.v2.resource
File "/var/lib/openstack/lib/python3.12/site-packages/pymysql/cursors.py", line 159, in execute
2026-07-17 13:55:56.470 7 ERROR neutron.api.v2.resource result = self._query(query)
2026-07-17 13:55:56.470 7 ERROR neutron.api.v2.resource ^^^^^^^^^^^^^^^^^^
2026-07-17 13:55:56.470 7 ERROR neutron.api.v2.resource
File "/var/lib/openstack/lib/python3.12/site-packages/pymysql/cursors.py", line 330, in _query
2026-07-17 13:55:56.470 7 ERROR neutron.api.v2.resource conn.query(q)
2026-07-17 13:55:56.470 7 ERROR neutron.api.v2.resource
File "/var/lib/openstack/lib/python3.12/site-packages/pymysql/connections.py", line 582, in query
2026-07-17 13:55:56.470 7 ERROR neutron.api.v2.resource self._affected_rows = self._read_query_result(unbuffered=unbuffered)
2026-07-17 13:55:56.470 7 ERROR neutron.api.v2.resource ^^^^^^^^^^^^^^^^^^^^^^^^^^^^^^^^^^^^^^^^^^^^^^
2026-07-17 13:55:56.470 7 ERROR neutron.api.v2.resource
File "/var/lib/openstack/lib/python3.12/site-packages/pymysql/connections.py", line 847, in _read_query_result
2026-07-17 13:55:56.470 7 ERROR neutron.api.v2.resource result.read()
2026-07-17 13:55:56.470 7 ERROR neutron.api.v2.resource
File "/var/lib/openstack/lib/python3.12/site-packages/pymysql/connections.py", line 1245, in read
2026-07-17 13:55:56.470 7 ERROR neutron.api.v2.resource first_packet = self.connection._read_packet()
2026-07-17 13:55:56.470 7 ERROR neutron.api.v2.resource ^^^^^^^^^^^^^^^^^^^^^^^^^^^^^^
2026-07-17 13:55:56.470 7 ERROR neutron.api.v2.resource
File "/var/lib/openstack/lib/python3.12/site-packages/pymysql/connections.py", line 803, in _read_packet
2026-07-17 13:55:56.470 7 ERROR neutron.api.v2.resource packet.raise_for_error()
2026-07-17 13:55:56.470 7 ERROR neutron.api.v2.resource
File "/var/lib/openstack/lib/python3.12/site-packages/pymysql/protocol.py", line 219, in raise_for_error
2026-07-17 13:55:56.470 7 ERROR neutron.api.v2.resource err.raise_mysql_exception(self._data)
2026-07-17 13:55:56.470 7 ERROR neutron.api.v2.resource
File "/var/lib/openstack/lib/python3.12/site-packages/pymysql/err.py", line 154, in raise_mysql_exception
2026-07-17 13:55:56.470 7 ERROR neutron.api.v2.resource raise errorclass(errno, errval, sqlstate=sqlstate)
2026-07-17 13:55:56.470 7 ERROR neutron.api.v2.resource oslo_db.exception.DBDataError: (pymysql.err.DataError) (1265, "Data truncated for column 'auth_algorithm' at row 1")
2026-07-17 13:55:56.470 7 ERROR neutron.api.v2.resource [SQL: INSERT INTO ikepolicies (name, description, auth_algorithm, encryption_algorithm, phase1_negotiation_mode, lifetime_units, lifetime_value, ike_version, pfs, id, project_id) VALUES (%(name)s, %(description)s, %(auth_algorithm)s, %(encryption_algorithm)s, %(phase1_negotiation_mode)s, %(lifetime_units)s, %(lifetime_value)s, %(ike_version)s, %(pfs)s, %(id)s, %(project_id)s)]
2026-07-17 13:55:56.470 7 ERROR neutron.api.v2.resource [parameters: {'name': 'tempest-ike-policy--1204077220', 'description': '', 'auth_algorithm': 'sha1', 'encryption_algorithm': 'aes-128', 'phase1_negotiation_mode': 'main', 'lifetime_units': 'seconds', 'lifetime_value': 3600, 'ike_version': 'v1', 'pfs': 'group5', 'id': '23362d1e-2b4c-4b98-a4f6-3c1aa163e4fb', 'project_id': '55ed4c490d2c469599d963a89eac3f2c'}]
2026-07-17 13:55:56.470 7 ERROR neutron.api.v2.resource (Background on this error at: https://sqlalche.me/e/20/9h9h)
2026-07-17 13:55:56.470 7 ERROR neutron.api.v2.resource [pid: 7|app: 0|req: 1110/2203] 10.0.0.107 () {34 vars in 684 bytes} [Fri Jul 17 13:55:56 2026] POST /v2.0/vpn/ikepolicies => generated 150 bytes in 38 msecs (HTTP/1.1 500) 4 headers in 176 bytes (1 switches on core 0)
2026-07-17 13:55:56.657 7 WARNING neutron.plugins.ml2.drivers.ovn.mech_driver.ovsdb.ovn_client [None req-480ac0ce-518b-4022-b057-9b64cc14098b - - - - - -] No hosting information found for port 8af05d6b-6e5c-45a6-b36a-b182597848d4: RuntimeError: No hosting information found for port 8af05d6b-6e5c-45a6-b36a-b182597848d4 [pid: 7|app: 0|req: 1111/2204] 10.0.0.107 () {32 vars in 740 bytes} [Fri Jul 17 13:55:56 2026] DELETE /v2.0/security-groups/bb3d58d1-9e35-4c41-9426-551beb4d88a8 => generated 0 bytes in 183 msecs (HTTP/1.1 204) 2 headers in 112 bytes (1 switches on core 0) [pid: 7|app: 0|req: 1112/2205] 10.0.0.243 () {34 vars in 1008 bytes} [Fri Jul 17 13:55:56 2026] GET /v2.0/networks/9e120554-9042-4da4-aa89-b6edc4a957e0?fields=segments => generated 14 bytes in 69 msecs (HTTP/1.1 200) 4 headers in 156 bytes (1 switches on core 0)
2026-07-17 13:55:56.790 8 INFO neutron.db.ovn_revision_numbers_db [None req-f5063707-96b4-4a11-acf6-c9c6687098f6 c4dd8651934645e68775a16f19b40056 605260a776b2452598f9279de2f097ac - - default default] Successfully bumped revision number for resource 732ce3d6-a692-494b-b260-f13672ee53f8 (type: ports) to 2
2026-07-17 13:55:56.809 7 INFO neutron.db.ovn_revision_numbers_db [None req-480ac0ce-518b-4022-b057-9b64cc14098b - - - - - -] Successfully bumped revision number for resource 8af05d6b-6e5c-45a6-b36a-b182597848d4 (type: router_ports) to 2
2026-07-17 13:55:56.809 7 INFO neutron.plugins.ml2.drivers.ovn.mech_driver.mech_driver [None req-480ac0ce-518b-4022-b057-9b64cc14098b - - - - - -] OVN reports status down for port: d1522da9-877d-4c3f-99c8-c40ad3f4efe4
2026-07-17 13:55:56.816 8 INFO neutron.db.ovn_revision_numbers_db [None req-f5063707-96b4-4a11-acf6-c9c6687098f6 c4dd8651934645e68775a16f19b40056 605260a776b2452598f9279de2f097ac - - default default] Successfully bumped revision number for resource 411dc050-5c58-4935-8539-c95053bb588a (type: subnets) to 0 [pid: 8|app: 0|req: 1094/2206] 10.0.0.107 () {34 vars in 669 bytes} [Fri Jul 17 13:55:56 2026] POST /v2.0/subnets => generated 658 bytes in 659 msecs (HTTP/1.1 201) 4 headers in 162 bytes (1 switches on core 0) [pid: 7|app: 0|req: 1113/2207] 10.0.0.107 () {32 vars in 740 bytes} [Fri Jul 17 13:55:56 2026] DELETE /v2.0/vpn/vpnservices/799934f2-b8d0-4715-936f-5d3921bff8ad => generated 0 bytes in 116 msecs (HTTP/1.1 204) 2 headers in 112 bytes (1 switches on core 0)
2026-07-17 13:55:56.859 7 WARNING neutron.db.securitygroups_db [None req-0eefe0b5-c374-41eb-9ebe-23f595d78c04 0b56078c22b24945b67708de2a20284c 259120fc650b4bb2832d92cc62e3c4fe - - default default] project_id key not found in filters, using tenant_id instead. This support has been deprecated and will be removed in a future release. [pid: 8|app: 0|req: 1095/2208] 10.0.0.243 () {34 vars in 1108 bytes} [Fri Jul 17 13:55:56 2026] GET /v2.0/networks/9e120554-9042-4da4-aa89-b6edc4a957e0?fields=provider%3Aphysical_network&fields=provider%3Anetwork_type => generated 79 bytes in 40 msecs (HTTP/1.1 200) 4 headers in 156 bytes (1 switches on core 0)
2026-07-17 13:55:56.895 7 INFO neutron.plugins.ml2.drivers.ovn.mech_driver.mech_driver [None req-480ac0ce-518b-4022-b057-9b64cc14098b - - - - - -] OVN reports status down for port: 07379f56-c175-48a2-afb0-cf029fd0ade0 [pid: 7|app: 0|req: 1114/2209] 10.0.0.107 () {32 vars in 774 bytes} [Fri Jul 17 13:55:56 2026] GET /v2.0/security-groups?tenant_id=249b3b15fc334cb1b25ce4e05532dbd2&name=default => generated 2925 bytes in 51 msecs (HTTP/1.1 200) 4 headers in 158 bytes (1 switches on core 0) [pid: 8|app: 0|req: 1096/2210] 10.0.0.107 () {32 vars in 722 bytes} [Fri Jul 17 13:55:56 2026] GET /v2.0/subnetpools?name=shared-default-subnetpool-v6 => generated 19 bytes in 166 msecs (HTTP/1.1 200) 4 headers in 156 bytes (1 switches on core 0)
2026-07-17 13:55:57.099 7 INFO neutron.common.ovn.utils [None req-480ac0ce-518b-4022-b057-9b64cc14098b - - - - - -] HA Chassis Group neutron-9e120554-9042-4da4-aa89-b6edc4a957e0 synchronized; highest priority chassis a24a2691-0c66-40a8-ac93-0f0568f3fbd2 [pid: 8|app: 0|req: 1097/2211] 10.0.0.107 () {32 vars in 740 bytes} [Fri Jul 17 13:55:57 2026] DELETE /v2.0/security-groups/f4235acf-4d43-4843-b1ec-324c1c517a57 => generated 0 bytes in 160 msecs (HTTP/1.1 204) 2 headers in 112 bytes (1 switches on core 0)
2026-07-17 13:55:57.212 7 INFO neutron.plugins.ml2.drivers.ovn.mech_driver.mech_driver [None req-480ac0ce-518b-4022-b057-9b64cc14098b - - - - - -] OVN reports status down for port: 12d78d2a-72f6-46f7-8971-4b2834ad98a0 [pid: 8|app: 0|req: 1098/2212] 10.0.0.243 () {34 vars in 1070 bytes} [Fri Jul 17 13:55:57 2026] GET /v2.0/ports?fields=security_groups&fields=device_id&device_id=08b44888-044d-4b03-9eee-b94e68b48087 => generated 12 bytes in 15 msecs (HTTP/1.1 200) 4 headers in 156 bytes (1 switches on core 0)
2026-07-17 13:55:57.298 7 INFO neutron.plugins.ml2.drivers.ovn.mech_driver.mech_driver [None req-480ac0ce-518b-4022-b057-9b64cc14098b - - - - - -] OVN reports status down for port: 732ce3d6-a692-494b-b260-f13672ee53f8
2026-07-17 13:55:57.371 7 INFO neutron_taas.services.taas.taas_plugin [None req-c3b0c0b9-17c7-47bf-8c21-fe6e64bcbc4d 43de91c48c4748baa122494f5f8ded1f 55ed4c490d2c469599d963a89eac3f2c - - default default] TaaS: Handle Delete Port: 3c481114-3c3f-41d5-ba08-4a0766f710f5
2026-07-17 13:55:57.380 8 WARNING neutron.scheduler.dhcp_agent_scheduler [None req-4d917167-7379-49c6-9837-4c54011c8056 c4dd8651934645e68775a16f19b40056 605260a776b2452598f9279de2f097ac - - default default] No more DHCP agents
2026-07-17 13:55:57.381 7 INFO neutron_taas.services.taas.tap_mirror_plugin [None req-c3b0c0b9-17c7-47bf-8c21-fe6e64bcbc4d 43de91c48c4748baa122494f5f8ded1f 55ed4c490d2c469599d963a89eac3f2c - - default default] Tap Mirror: Handle Delete Port: 3c481114-3c3f-41d5-ba08-4a0766f710f5
2026-07-17 13:55:57.382 8 WARNING neutron.api.rpc.agentnotifiers.dhcp_rpc_agent_api [None req-4d917167-7379-49c6-9837-4c54011c8056 c4dd8651934645e68775a16f19b40056 605260a776b2452598f9279de2f097ac - - default default] Unable to schedule network 128a95c5-8f35-49ff-a598-8693143c9015: no agents available; will retry on subsequent port and subnet creation events.
2026-07-17 13:55:57.408 8 INFO neutron.db.ovn_revision_numbers_db [None req-4d917167-7379-49c6-9837-4c54011c8056 c4dd8651934645e68775a16f19b40056 605260a776b2452598f9279de2f097ac - - default default] Successfully bumped revision number for resource 7d262a66-95c2-4fb2-884d-add02e2efc92 (type: subnets) to 0 [pid: 8|app: 0|req: 1099/2213] 10.0.0.107 () {34 vars in 669 bytes} [Fri Jul 17 13:55:57 2026] POST /v2.0/subnets => generated 731 bytes in 210 msecs (HTTP/1.1 201) 4 headers in 162 bytes (1 switches on core 0)
2026-07-17 13:55:57.561 8 INFO neutron.db.segments_db [None req-b1e70f5e-a8ed-4e66-ba18-40d8e92eeac7 c4dd8651934645e68775a16f19b40056 605260a776b2452598f9279de2f097ac - - default default] Added segment 788ddd59-3ede-48ee-97b7-5b4249435d68 of type geneve for network 949836e7-648c-4ad5-8f1e-37c27b144528
2026-07-17 13:55:57.731 8 INFO neutron.db.ovn_revision_numbers_db [None req-b1e70f5e-a8ed-4e66-ba18-40d8e92eeac7 c4dd8651934645e68775a16f19b40056 605260a776b2452598f9279de2f097ac - - default default] Successfully bumped revision number for resource 949836e7-648c-4ad5-8f1e-37c27b144528 (type: networks) to 1
2026-07-17 13:55:57.916 8 WARNING neutron.scheduler.dhcp_agent_scheduler [None req-b1e70f5e-a8ed-4e66-ba18-40d8e92eeac7 c4dd8651934645e68775a16f19b40056 605260a776b2452598f9279de2f097ac - - default default] No more DHCP agents
2026-07-17 13:55:57.919 8 WARNING neutron.api.rpc.agentnotifiers.dhcp_rpc_agent_api [None req-b1e70f5e-a8ed-4e66-ba18-40d8e92eeac7 c4dd8651934645e68775a16f19b40056 605260a776b2452598f9279de2f097ac - - default default] Unable to schedule network 949836e7-648c-4ad5-8f1e-37c27b144528: no agents available; will retry on subsequent port and subnet creation events.
2026-07-17 13:55:58.012 8 INFO neutron.db.ovn_revision_numbers_db [None req-b1e70f5e-a8ed-4e66-ba18-40d8e92eeac7 c4dd8651934645e68775a16f19b40056 605260a776b2452598f9279de2f097ac - - default default] Successfully bumped revision number for resource c6603ff8-694a-48e6-bdf4-29baf22de13e (type: ports) to 1 [pid: 8|app: 0|req: 1100/2214] 10.0.0.107 () {34 vars in 670 bytes} [Fri Jul 17 13:55:57 2026] POST /v2.0/networks => generated 675 bytes in 606 msecs (HTTP/1.1 201) 4 headers in 162 bytes (1 switches on core 0)
2026-07-17 13:55:58.213 8 WARNING neutron.scheduler.dhcp_agent_scheduler [None req-73e9c4e8-7617-443f-adfb-aa5c38f0ac94 c4dd8651934645e68775a16f19b40056 605260a776b2452598f9279de2f097ac - - default default] No more DHCP agents
2026-07-17 13:55:58.214 8 WARNING neutron.api.rpc.agentnotifiers.dhcp_rpc_agent_api [None req-73e9c4e8-7617-443f-adfb-aa5c38f0ac94 c4dd8651934645e68775a16f19b40056 605260a776b2452598f9279de2f097ac - - default default] Unable to schedule network 949836e7-648c-4ad5-8f1e-37c27b144528: no agents available; will retry on subsequent port and subnet creation events.
2026-07-17 13:55:58.237 7 INFO neutron.plugins.ml2.drivers.ovn.mech_driver.mech_driver [None req-480ac0ce-518b-4022-b057-9b64cc14098b - - - - - -] OVN reports status down for port: c6603ff8-694a-48e6-bdf4-29baf22de13e
2026-07-17 13:55:58.277 7 INFO neutron_taas.services.taas.taas_plugin [None req-503723d3-a3a7-421e-9c3b-5838dff147f8 - - - - - -] TaaS: Handle Delete Port: 12d78d2a-72f6-46f7-8971-4b2834ad98a0
2026-07-17 13:55:58.282 7 INFO neutron_taas.services.taas.tap_mirror_plugin [None req-503723d3-a3a7-421e-9c3b-5838dff147f8 - - - - - -] Tap Mirror: Handle Delete Port: 12d78d2a-72f6-46f7-8971-4b2834ad98a0
2026-07-17 13:55:58.722 8 INFO neutron.db.ovn_revision_numbers_db [None req-73e9c4e8-7617-443f-adfb-aa5c38f0ac94 c4dd8651934645e68775a16f19b40056 605260a776b2452598f9279de2f097ac - - default default] Successfully bumped revision number for resource c6603ff8-694a-48e6-bdf4-29baf22de13e (type: ports) to 2
2026-07-17 13:55:58.756 8 INFO neutron.db.ovn_revision_numbers_db [None req-73e9c4e8-7617-443f-adfb-aa5c38f0ac94 c4dd8651934645e68775a16f19b40056 605260a776b2452598f9279de2f097ac - - default default] Successfully bumped revision number for resource a40170ef-5f8a-464f-81b8-c9b03bd271e4 (type: subnets) to 0 [pid: 8|app: 0|req: 1103/2217] 10.0.0.107 () {34 vars in 669 bytes} [Fri Jul 17 13:55:58 2026] POST /v2.0/subnets => generated 655 bytes in 739 msecs (HTTP/1.1 201) 4 headers in 162 bytes (1 switches on core 0)
2026-07-17 13:55:58.797 7 INFO neutron_taas.services.taas.taas_plugin [None req-b2c9d926-04e5-4450-8584-030a8deed96f - - - - - -] TaaS: Handle Delete Port: 0f931c07-bcf8-4c07-a598-6e9008269464
2026-07-17 13:55:58.800 7 INFO neutron_taas.services.taas.tap_mirror_plugin [None req-b2c9d926-04e5-4450-8584-030a8deed96f - - - - - -] Tap Mirror: Handle Delete Port: 0f931c07-bcf8-4c07-a598-6e9008269464 [pid: 8|app: 0|req: 1104/2218] 10.0.0.243 () {34 vars in 1070 bytes} [Fri Jul 17 13:55:58 2026] GET /v2.0/ports?fields=security_groups&fields=device_id&device_id=08b44888-044d-4b03-9eee-b94e68b48087 => generated 12 bytes in 18 msecs (HTTP/1.1 200) 4 headers in 156 bytes (1 switches on core 0)
2026-07-17 13:55:59.002 8 WARNING neutron.plugins.ml2.drivers.ovn.mech_driver.ovsdb.ovn_client [None req-98087762-f4ca-436d-ac88-2c27c17342cc - - - - - -] No hosting information found for port 35cd31f4-468a-4fe4-9c40-0b5cff826434: RuntimeError: No hosting information found for port 35cd31f4-468a-4fe4-9c40-0b5cff826434
2026-07-17 13:55:59.026 8 WARNING neutron.scheduler.dhcp_agent_scheduler [None req-4c4f15e4-df4d-494c-88b2-225444f475a0 c4dd8651934645e68775a16f19b40056 605260a776b2452598f9279de2f097ac - - default default] No more DHCP agents
2026-07-17 13:55:59.031 8 WARNING neutron.api.rpc.agentnotifiers.dhcp_rpc_agent_api [None req-4c4f15e4-df4d-494c-88b2-225444f475a0 c4dd8651934645e68775a16f19b40056 605260a776b2452598f9279de2f097ac - - default default] Unable to schedule network 949836e7-648c-4ad5-8f1e-37c27b144528: no agents available; will retry on subsequent port and subnet creation events.
2026-07-17 13:55:59.077 8 INFO neutron.db.ovn_revision_numbers_db [None req-4c4f15e4-df4d-494c-88b2-225444f475a0 c4dd8651934645e68775a16f19b40056 605260a776b2452598f9279de2f097ac - - default default] Successfully bumped revision number for resource 2114bcc8-d7b4-4cf0-b52f-3b4f10f36a5d (type: subnets) to 0 [pid: 8|app: 0|req: 1105/2219] 10.0.0.107 () {34 vars in 669 bytes} [Fri Jul 17 13:55:58 2026] POST /v2.0/subnets => generated 725 bytes in 319 msecs (HTTP/1.1 201) 4 headers in 162 bytes (1 switches on core 0)
2026-07-17 13:55:59.137 8 INFO neutron.db.ovn_revision_numbers_db [None req-98087762-f4ca-436d-ac88-2c27c17342cc - - - - - -] Successfully bumped revision number for resource 35cd31f4-468a-4fe4-9c40-0b5cff826434 (type: router_ports) to 2
2026-07-17 13:55:59.622 7 INFO neutron_taas.services.taas.taas_plugin [None req-b2c9d926-04e5-4450-8584-030a8deed96f - - - - - -] TaaS: Handle Delete Port: 07379f56-c175-48a2-afb0-cf029fd0ade0
2026-07-17 13:55:59.625 7 INFO neutron_taas.services.taas.tap_mirror_plugin [None req-b2c9d926-04e5-4450-8584-030a8deed96f - - - - - -] Tap Mirror: Handle Delete Port: 07379f56-c175-48a2-afb0-cf029fd0ade0
2026-07-17 13:55:59.692 8 INFO neutron.plugins.ml2.drivers.ovn.mech_driver.mech_driver [None req-98087762-f4ca-436d-ac88-2c27c17342cc - - - - - -] OVN reports status down for port: 0f931c07-bcf8-4c07-a598-6e9008269464
2026-07-17 13:55:59.701 8 INFO neutron.plugins.ml2.drivers.ovn.mech_driver.mech_driver [None req-98087762-f4ca-436d-ac88-2c27c17342cc - - - - - -] OVN reports status up for port: 0f931c07-bcf8-4c07-a598-6e9008269464
2026-07-17 13:55:59.741 8 INFO neutron.db.segments_db [None req-57112473-80f8-4cab-a611-60dc80084284 c4dd8651934645e68775a16f19b40056 605260a776b2452598f9279de2f097ac - - default default] Added segment 8a45c3fa-62bc-4ad3-8878-9bc11d0e8be9 of type geneve for network e69503f9-3443-44e0-9142-dfbc13b71e15
2026-07-17 13:55:59.775 8 INFO neutron.common.ovn.utils [None req-98087762-f4ca-436d-ac88-2c27c17342cc - - - - - -] HA Chassis Group neutron-d4164af1-f614-4759-8b69-0f76d77c2b1d synchronized; highest priority chassis a24a2691-0c66-40a8-ac93-0f0568f3fbd2
2026-07-17 13:55:59.875 7 INFO neutron.services.segments.plugin [-] Segment abe5ab8d-f1e4-4df6-a4be-f11757773f67 resource provider aggregate not found
2026-07-17 13:55:59.877 8 INFO neutron.db.ovn_revision_numbers_db [None req-57112473-80f8-4cab-a611-60dc80084284 c4dd8651934645e68775a16f19b40056 605260a776b2452598f9279de2f097ac - - default default] Successfully bumped revision number for resource e69503f9-3443-44e0-9142-dfbc13b71e15 (type: networks) to 1
2026-07-17 13:55:59.878 7 INFO neutron.services.segments.plugin [-] Segment abe5ab8d-f1e4-4df6-a4be-f11757773f67 resource provider aggregate not found
2026-07-17 13:55:59.897 7 INFO neutron.services.segments.plugin [-] Client error retrieving segment abe5ab8d-f1e4-4df6-a4be-f11757773f67 resource provider; error: Placement Client Error (4xx): {"errors": [{"status": 404, "title": "Not Found", "detail": "The resource could not be found.\n\n No resource provider with uuid abe5ab8d-f1e4-4df6-a4be-f11757773f67 found for delete ", "request_id": "req-84c82e76-245d-4d54-b89c-1e4c497b236b"}]}
2026-07-17 13:55:59.898 7 INFO neutron.services.segments.plugin [-] Client error retrieving segment abe5ab8d-f1e4-4df6-a4be-f11757773f67 resource provider; error: Placement Client Error (4xx): {"errors": [{"status": 404, "title": "Not Found", "detail": "The resource could not be found.\n\n No resource provider with uuid abe5ab8d-f1e4-4df6-a4be-f11757773f67 found for delete ", "request_id": "req-b7b4d4cc-fff8-47a9-95d2-30c7bd59fe86"}]} [pid: 7|app: 0|req: 1115/2220] 10.0.0.107 () {32 vars in 740 bytes} [Fri Jul 17 13:55:56 2026] DELETE /v2.0/vpn/vpnservices/f2127bc3-9e18-4cb4-8cfa-1e7416c75317 => generated 0 bytes in 3043 msecs (HTTP/1.1 204) 2 headers in 112 bytes (1 switches on core 0) /var/lib/openstack/lib/python3.12/site-packages/pycadf/identifier.py:70: UserWarning: Invalid uuid: neutron. To ensure interoperability, identifiers should be a valid uuid. warnings.warn(('Invalid uuid: %s. To ensure interoperability, ' [pid: 7|app: 0|req: 1116/2221] 10.0.0.243 () {34 vars in 1070 bytes} [Fri Jul 17 13:55:59 2026] GET /v2.0/ports?fields=security_groups&fields=device_id&device_id=08b44888-044d-4b03-9eee-b94e68b48087 => generated 12 bytes in 19 msecs (HTTP/1.1 200) 4 headers in 156 bytes (1 switches on core 0) [pid: 7|app: 0|req: 1117/2222] 10.0.0.107 () {32 vars in 721 bytes} [Fri Jul 17 13:55:59 2026] GET /v2.0/routers/149fd17d-a69e-4f7c-88ac-b80c006041b7 => generated 963 bytes in 87 msecs (HTTP/1.1 200) 4 headers in 157 bytes (1 switches on core 0)
2026-07-17 13:56:00.056 8 WARNING neutron.scheduler.dhcp_agent_scheduler [None req-57112473-80f8-4cab-a611-60dc80084284 c4dd8651934645e68775a16f19b40056 605260a776b2452598f9279de2f097ac - - default default] No more DHCP agents
2026-07-17 13:56:00.057 8 WARNING neutron.api.rpc.agentnotifiers.dhcp_rpc_agent_api [None req-57112473-80f8-4cab-a611-60dc80084284 c4dd8651934645e68775a16f19b40056 605260a776b2452598f9279de2f097ac - - default default] Unable to schedule network e69503f9-3443-44e0-9142-dfbc13b71e15: no agents available; will retry on subsequent port and subnet creation events.
2026-07-17 13:56:00.139 8 INFO neutron.db.ovn_revision_numbers_db [None req-57112473-80f8-4cab-a611-60dc80084284 c4dd8651934645e68775a16f19b40056 605260a776b2452598f9279de2f097ac - - default default] Successfully bumped revision number for resource 2da6b7ff-e227-423e-ab2c-70dcb44d4a8e (type: ports) to 1
2026-07-17 13:56:00.140 7 INFO neutron.plugins.ml2.drivers.ovn.mech_driver.mech_driver [None req-480ac0ce-518b-4022-b057-9b64cc14098b - - - - - -] OVN reports status down for port: 2da6b7ff-e227-423e-ab2c-70dcb44d4a8e [pid: 8|app: 0|req: 1106/2223] 10.0.0.107 () {34 vars in 670 bytes} [Fri Jul 17 13:55:59 2026] POST /v2.0/networks => generated 675 bytes in 1037 msecs (HTTP/1.1 201) 4 headers in 162 bytes (1 switches on core 0)
2026-07-17 13:56:00.343 8 WARNING neutron.scheduler.dhcp_agent_scheduler [None req-58af5921-0e3f-4ab8-908a-2aa3b1f76c6c c4dd8651934645e68775a16f19b40056 605260a776b2452598f9279de2f097ac - - default default] No more DHCP agents
2026-07-17 13:56:00.344 8 WARNING neutron.api.rpc.agentnotifiers.dhcp_rpc_agent_api [None req-58af5921-0e3f-4ab8-908a-2aa3b1f76c6c c4dd8651934645e68775a16f19b40056 605260a776b2452598f9279de2f097ac - - default default] Unable to schedule network e69503f9-3443-44e0-9142-dfbc13b71e15: no agents available; will retry on subsequent port and subnet creation events.
2026-07-17 13:56:00.867 8 INFO neutron.db.ovn_revision_numbers_db [None req-58af5921-0e3f-4ab8-908a-2aa3b1f76c6c c4dd8651934645e68775a16f19b40056 605260a776b2452598f9279de2f097ac - - default default] Successfully bumped revision number for resource 2da6b7ff-e227-423e-ab2c-70dcb44d4a8e (type: ports) to 2
2026-07-17 13:56:00.883 7 INFO neutron.db.ovn_revision_numbers_db [None req-2bd40257-4c62-4a08-8986-38d8db9da4d8 43de91c48c4748baa122494f5f8ded1f 55ed4c490d2c469599d963a89eac3f2c - - default default] Successfully bumped revision number for resource 149fd17d-a69e-4f7c-88ac-b80c006041b7 (type: routers) to 5 [pid: 7|app: 0|req: 1118/2224] 10.0.0.107 () {34 vars in 742 bytes} [Fri Jul 17 13:56:00 2026] PUT /v2.0/routers/149fd17d-a69e-4f7c-88ac-b80c006041b7 => generated 963 bytes in 833 msecs (HTTP/1.1 200) 4 headers in 157 bytes (1 switches on core 0)
2026-07-17 13:56:00.916 8 INFO neutron.db.ovn_revision_numbers_db [None req-58af5921-0e3f-4ab8-908a-2aa3b1f76c6c c4dd8651934645e68775a16f19b40056 605260a776b2452598f9279de2f097ac - - default default] Successfully bumped revision number for resource e2e8fd9e-c306-4829-8a29-1fa03130c27c (type: subnets) to 0 [pid: 8|app: 0|req: 1107/2225] 10.0.0.107 () {34 vars in 669 bytes} [Fri Jul 17 13:56:00 2026] POST /v2.0/subnets => generated 656 bytes in 770 msecs (HTTP/1.1 201) 4 headers in 162 bytes (1 switches on core 0) [pid: 8|app: 0|req: 1108/2226] 10.0.0.107 () {32 vars in 736 bytes} [Fri Jul 17 13:56:00 2026] GET /v2.0/ports?device_id=149fd17d-a69e-4f7c-88ac-b80c006041b7 => generated 946 bytes in 76 msecs (HTTP/1.1 200) 4 headers in 157 bytes (1 switches on core 0)
2026-07-17 13:56:01.164 8 WARNING neutron.scheduler.dhcp_agent_scheduler [None req-7343e1a6-10bf-4fb1-b61c-c87cd4f104b2 c4dd8651934645e68775a16f19b40056 605260a776b2452598f9279de2f097ac - - default default] No more DHCP agents
2026-07-17 13:56:01.165 8 WARNING neutron.api.rpc.agentnotifiers.dhcp_rpc_agent_api [None req-7343e1a6-10bf-4fb1-b61c-c87cd4f104b2 c4dd8651934645e68775a16f19b40056 605260a776b2452598f9279de2f097ac - - default default] Unable to schedule network e69503f9-3443-44e0-9142-dfbc13b71e15: no agents available; will retry on subsequent port and subnet creation events.
2026-07-17 13:56:01.189 8 INFO neutron.db.ovn_revision_numbers_db [None req-7343e1a6-10bf-4fb1-b61c-c87cd4f104b2 c4dd8651934645e68775a16f19b40056 605260a776b2452598f9279de2f097ac - - default default] Successfully bumped revision number for resource d98009c6-238c-4e38-95e4-b5d0cd1d7f1a (type: subnets) to 0 [pid: 8|app: 0|req: 1109/2227] 10.0.0.107 () {34 vars in 669 bytes} [Fri Jul 17 13:56:01 2026] POST /v2.0/subnets => generated 729 bytes in 191 msecs (HTTP/1.1 201) 4 headers in 162 bytes (1 switches on core 0)
2026-07-17 13:56:01.290 7 INFO neutron.db.ovn_revision_numbers_db [None req-c44b90f8-140b-402a-8413-3462a5f959f3 e029d42e092a4a2cb19c912439d23656 a05ada63104a4779b9ce3185b8891a2d - - default default] Successfully bumped revision number for resource d7a12a35-4d5e-4844-9290-022344f5f01f (type: security_groups) to 1
2026-07-17 13:56:01.303 7 INFO neutron.db.ovn_revision_numbers_db [None req-c44b90f8-140b-402a-8413-3462a5f959f3 e029d42e092a4a2cb19c912439d23656 a05ada63104a4779b9ce3185b8891a2d - - default default] Successfully bumped revision number for resource 1c983bd4-e369-4206-8147-e3897a8b1df1 (type: security_group_rules) to 0
2026-07-17 13:56:01.318 7 INFO neutron.db.ovn_revision_numbers_db [None req-c44b90f8-140b-402a-8413-3462a5f959f3 e029d42e092a4a2cb19c912439d23656 a05ada63104a4779b9ce3185b8891a2d - - default default] Successfully bumped revision number for resource 2529e77a-64e3-4956-af3c-26b718c882aa (type: security_group_rules) to 0
2026-07-17 13:56:01.334 7 INFO neutron.db.ovn_revision_numbers_db [None req-c44b90f8-140b-402a-8413-3462a5f959f3 e029d42e092a4a2cb19c912439d23656 a05ada63104a4779b9ce3185b8891a2d - - default default] Successfully bumped revision number for resource b13576e3-a0f3-4251-9613-f41dc9fbd05d (type: security_group_rules) to 0
2026-07-17 13:56:01.348 7 INFO neutron.db.ovn_revision_numbers_db [None req-c44b90f8-140b-402a-8413-3462a5f959f3 e029d42e092a4a2cb19c912439d23656 a05ada63104a4779b9ce3185b8891a2d - - default default] Successfully bumped revision number for resource e3f16762-fbd5-4c69-a4ad-0d1946ecc384 (type: security_group_rules) to 0
2026-07-17 13:56:01.417 7 INFO neutron.db.segments_db [None req-c44b90f8-140b-402a-8413-3462a5f959f3 e029d42e092a4a2cb19c912439d23656 a05ada63104a4779b9ce3185b8891a2d - - default default] Added segment aeb947a3-9467-49e1-a2c3-f2bc3325ef84 of type geneve for network 65b32a34-01ac-4435-8694-6cccf7bf08f7
2026-07-17 13:56:01.553 8 INFO neutron_taas.services.taas.taas_plugin [None req-ef873185-b3fc-4e92-834a-ff8935bf8f38 43de91c48c4748baa122494f5f8ded1f 55ed4c490d2c469599d963a89eac3f2c - - default default] TaaS: Handle Delete Port: 8af05d6b-6e5c-45a6-b36a-b182597848d4
2026-07-17 13:56:01.613 8 INFO neutron_taas.services.taas.tap_mirror_plugin [None req-ef873185-b3fc-4e92-834a-ff8935bf8f38 43de91c48c4748baa122494f5f8ded1f 55ed4c490d2c469599d963a89eac3f2c - - default default] Tap Mirror: Handle Delete Port: 8af05d6b-6e5c-45a6-b36a-b182597848d4
2026-07-17 13:56:01.661 7 INFO neutron.db.ovn_revision_numbers_db [None req-c44b90f8-140b-402a-8413-3462a5f959f3 e029d42e092a4a2cb19c912439d23656 a05ada63104a4779b9ce3185b8891a2d - - default default] Successfully bumped revision number for resource 65b32a34-01ac-4435-8694-6cccf7bf08f7 (type: networks) to 1
2026-07-17 13:56:01.856 7 WARNING neutron.scheduler.dhcp_agent_scheduler [None req-c44b90f8-140b-402a-8413-3462a5f959f3 e029d42e092a4a2cb19c912439d23656 a05ada63104a4779b9ce3185b8891a2d - - default default] No more DHCP agents
2026-07-17 13:56:01.857 7 WARNING neutron.api.rpc.agentnotifiers.dhcp_rpc_agent_api [None req-c44b90f8-140b-402a-8413-3462a5f959f3 e029d42e092a4a2cb19c912439d23656 a05ada63104a4779b9ce3185b8891a2d - - default default] Unable to schedule network 65b32a34-01ac-4435-8694-6cccf7bf08f7: no agents available; will retry on subsequent port and subnet creation events.
2026-07-17 13:56:01.934 8 INFO neutron.plugins.ml2.drivers.ovn.mech_driver.mech_driver [None req-98087762-f4ca-436d-ac88-2c27c17342cc - - - - - -] OVN reports status down for port: 1f511607-2aa5-4c78-b3f5-765fdeba1ab6
2026-07-17 13:56:01.948 7 INFO neutron.db.ovn_revision_numbers_db [None req-c44b90f8-140b-402a-8413-3462a5f959f3 e029d42e092a4a2cb19c912439d23656 a05ada63104a4779b9ce3185b8891a2d - - default default] Successfully bumped revision number for resource 1f511607-2aa5-4c78-b3f5-765fdeba1ab6 (type: ports) to 1 [pid: 7|app: 0|req: 1119/2228] 10.0.0.107 () {34 vars in 670 bytes} [Fri Jul 17 13:56:00 2026] POST /v2.0/networks => generated 670 bytes in 1078 msecs (HTTP/1.1 201) 4 headers in 162 bytes (1 switches on core 0) [pid: 7|app: 0|req: 1120/2229] 10.0.0.243 () {34 vars in 1070 bytes} [Fri Jul 17 13:56:01 2026] GET /v2.0/ports?fields=security_groups&fields=device_id&device_id=08b44888-044d-4b03-9eee-b94e68b48087 => generated 12 bytes in 18 msecs (HTTP/1.1 200) 4 headers in 156 bytes (1 switches on core 0) [pid: 8|app: 0|req: 1110/2230] 10.0.0.107 () {34 vars in 789 bytes} [Fri Jul 17 13:56:01 2026] PUT /v2.0/routers/149fd17d-a69e-4f7c-88ac-b80c006041b7/remove_router_interface => generated 310 bytes in 969 msecs (HTTP/1.1 200) 4 headers in 157 bytes (1 switches on core 0) /var/lib/openstack/lib/python3.12/site-packages/pycadf/identifier.py:70: UserWarning: Invalid uuid: neutron. To ensure interoperability, identifiers should be a valid uuid. warnings.warn(('Invalid uuid: %s. To ensure interoperability, '
2026-07-17 13:56:02.278 8 INFO neutron.db.segments_db [None req-583fd092-337c-4509-a4df-f0daba7f9d11 e029d42e092a4a2cb19c912439d23656 a05ada63104a4779b9ce3185b8891a2d - - default default] Added segment 3a833c34-f198-464f-918c-c2f2f7842742 of type geneve for network 2f19ad38-d9c9-4185-81fa-113f310e11cd
2026-07-17 13:56:02.398 7 WARNING neutron.scheduler.dhcp_agent_scheduler [None req-ab1c0f81-e09f-4bf0-9a99-296177901cd5 c4dd8651934645e68775a16f19b40056 605260a776b2452598f9279de2f097ac - - default default] No more DHCP agents
2026-07-17 13:56:02.400 7 WARNING neutron.api.rpc.agentnotifiers.dhcp_rpc_agent_api [None req-ab1c0f81-e09f-4bf0-9a99-296177901cd5 c4dd8651934645e68775a16f19b40056 605260a776b2452598f9279de2f097ac - - default default] Unable to schedule network 3465483a-59ff-466b-af17-c03558f0ef2a: no agents available; will retry on subsequent port and subnet creation events.
2026-07-17 13:56:02.402 8 INFO neutron.db.ovn_revision_numbers_db [None req-583fd092-337c-4509-a4df-f0daba7f9d11 e029d42e092a4a2cb19c912439d23656 a05ada63104a4779b9ce3185b8891a2d - - default default] Successfully bumped revision number for resource 2f19ad38-d9c9-4185-81fa-113f310e11cd (type: networks) to 1
2026-07-17 13:56:02.585 7 INFO neutron.db.ovn_revision_numbers_db [None req-ab1c0f81-e09f-4bf0-9a99-296177901cd5 c4dd8651934645e68775a16f19b40056 605260a776b2452598f9279de2f097ac - - default default] Successfully bumped revision number for resource 4061e86f-4faa-42eb-ab08-485cd314e55a (type: ports) to 1
2026-07-17 13:56:02.586 8 INFO neutron.plugins.ml2.drivers.ovn.mech_driver.mech_driver [None req-98087762-f4ca-436d-ac88-2c27c17342cc - - - - - -] OVN reports status down for port: 4061e86f-4faa-42eb-ab08-485cd314e55a
2026-07-17 13:56:02.667 8 WARNING neutron.scheduler.dhcp_agent_scheduler [None req-583fd092-337c-4509-a4df-f0daba7f9d11 e029d42e092a4a2cb19c912439d23656 a05ada63104a4779b9ce3185b8891a2d - - default default] No more DHCP agents
2026-07-17 13:56:02.669 8 WARNING neutron.api.rpc.agentnotifiers.dhcp_rpc_agent_api [None req-583fd092-337c-4509-a4df-f0daba7f9d11 e029d42e092a4a2cb19c912439d23656 a05ada63104a4779b9ce3185b8891a2d - - default default] Unable to schedule network 2f19ad38-d9c9-4185-81fa-113f310e11cd: no agents available; will retry on subsequent port and subnet creation events.
2026-07-17 13:56:02.741 8 INFO neutron.plugins.ml2.drivers.ovn.mech_driver.mech_driver [None req-98087762-f4ca-436d-ac88-2c27c17342cc - - - - - -] OVN reports status down for port: e15be94e-7195-4026-b620-3ca18058c287
2026-07-17 13:56:02.802 8 INFO neutron.db.ovn_revision_numbers_db [None req-583fd092-337c-4509-a4df-f0daba7f9d11 e029d42e092a4a2cb19c912439d23656 a05ada63104a4779b9ce3185b8891a2d - - default default] Successfully bumped revision number for resource e15be94e-7195-4026-b620-3ca18058c287 (type: ports) to 1 [pid: 8|app: 0|req: 1111/2231] 10.0.0.107 () {34 vars in 670 bytes} [Fri Jul 17 13:56:02 2026] POST /v2.0/networks => generated 669 bytes in 659 msecs (HTTP/1.1 201) 4 headers in 162 bytes (1 switches on core 0)
2026-07-17 13:56:03.159 7 INFO neutron.db.ovn_revision_numbers_db [None req-ab1c0f81-e09f-4bf0-9a99-296177901cd5 c4dd8651934645e68775a16f19b40056 605260a776b2452598f9279de2f097ac - - default default] Successfully bumped revision number for resource 4061e86f-4faa-42eb-ab08-485cd314e55a (type: router_ports) to 1
2026-07-17 13:56:03.172 8 INFO neutron.plugins.ml2.drivers.ovn.mech_driver.ovsdb.ovsdb_monitor [None req-b5a2c0dd-8d0a-400a-98b1-d3ce78d3a2c1 - - - - - -] Router 6e5c7091-06c6-4f29-848a-535f149712da is bound to host instance
2026-07-17 13:56:03.214 8 INFO neutron.plugins.ml2.drivers.ovn.mech_driver.mech_driver [None req-98087762-f4ca-436d-ac88-2c27c17342cc - - - - - -] OVN reports status up for port: 4061e86f-4faa-42eb-ab08-485cd314e55a
2026-07-17 13:56:03.226 7 INFO neutron.db.ovn_revision_numbers_db [None req-ab1c0f81-e09f-4bf0-9a99-296177901cd5 c4dd8651934645e68775a16f19b40056 605260a776b2452598f9279de2f097ac - - default default] Successfully bumped revision number for resource 6e5c7091-06c6-4f29-848a-535f149712da (type: routers) to 2 [pid: 7|app: 0|req: 1121/2232] 10.0.0.107 () {34 vars in 669 bytes} [Fri Jul 17 13:56:01 2026] POST /v2.0/routers => generated 966 bytes in 1255 msecs (HTTP/1.1 201) 4 headers in 162 bytes (1 switches on core 0)
2026-07-17 13:56:03.253 8 INFO neutron.plugins.ml2.plugin [None req-98087762-f4ca-436d-ac88-2c27c17342cc - - - - - -] Attempt 1 to provision port 4061e86f-4faa-42eb-ab08-485cd314e55a
2026-07-17 13:56:03.290 8 INFO neutron_taas.services.taas.taas_plugin [None req-3e483910-f99d-40e6-bd20-66d9f30ae74e 43de91c48c4748baa122494f5f8ded1f 55ed4c490d2c469599d963a89eac3f2c - - default default] TaaS: Handle Delete Port: 7101bfa6-4683-4c6e-9c04-aa8f8e6750b6 [pid: 7|app: 0|req: 1122/2233] 10.0.0.107 () {34 vars in 753 bytes} [Fri Jul 17 13:56:03 2026] PUT /v2.0/networks/65b32a34-01ac-4435-8694-6cccf7bf08f7/tags => generated 25 bytes in 47 msecs (HTTP/1.1 200) 4 headers in 156 bytes (1 switches on core 0)
2026-07-17 13:56:03.298 8 INFO neutron_taas.services.taas.tap_mirror_plugin [None req-3e483910-f99d-40e6-bd20-66d9f30ae74e 43de91c48c4748baa122494f5f8ded1f 55ed4c490d2c469599d963a89eac3f2c - - default default] Tap Mirror: Handle Delete Port: 7101bfa6-4683-4c6e-9c04-aa8f8e6750b6 [pid: 7|app: 0|req: 1123/2234] 10.0.0.243 () {34 vars in 1070 bytes} [Fri Jul 17 13:56:03 2026] GET /v2.0/ports?fields=security_groups&fields=device_id&device_id=08b44888-044d-4b03-9eee-b94e68b48087 => generated 12 bytes in 19 msecs (HTTP/1.1 200) 4 headers in 156 bytes (1 switches on core 0)
2026-07-17 13:56:03.784 7 WARNING neutron.scheduler.dhcp_agent_scheduler [None req-f82be0f2-2715-41b9-a599-f9f310327ba5 c4dd8651934645e68775a16f19b40056 605260a776b2452598f9279de2f097ac - - default default] No more DHCP agents
2026-07-17 13:56:03.785 7 WARNING neutron.api.rpc.agentnotifiers.dhcp_rpc_agent_api [None req-f82be0f2-2715-41b9-a599-f9f310327ba5 c4dd8651934645e68775a16f19b40056 605260a776b2452598f9279de2f097ac - - default default] Unable to schedule network 128a95c5-8f35-49ff-a598-8693143c9015: no agents available; will retry on subsequent port and subnet creation events.
2026-07-17 13:56:03.899 7 INFO neutron.plugins.ml2.drivers.ovn.mech_driver.mech_driver [None req-480ac0ce-518b-4022-b057-9b64cc14098b - - - - - -] OVN reports status down for port: 04b5b385-24ee-4c78-9efb-002bf04dea98
2026-07-17 13:56:03.954 7 INFO neutron.db.ovn_revision_numbers_db [None req-f82be0f2-2715-41b9-a599-f9f310327ba5 c4dd8651934645e68775a16f19b40056 605260a776b2452598f9279de2f097ac - - default default] Successfully bumped revision number for resource 04b5b385-24ee-4c78-9efb-002bf04dea98 (type: ports) to 1 [pid: 8|app: 0|req: 1112/2235] 10.0.0.107 () {32 vars in 724 bytes} [Fri Jul 17 13:56:02 2026] DELETE /v2.0/routers/149fd17d-a69e-4f7c-88ac-b80c006041b7 => generated 0 bytes in 1254 msecs (HTTP/1.1 204) 2 headers in 112 bytes (1 switches on core 0) [pid: 8|app: 0|req: 1113/2236] 10.0.0.107 () {32 vars in 733 bytes} [Fri Jul 17 13:56:04 2026] GET /v2.0/networks/65b32a34-01ac-4435-8694-6cccf7bf08f7/tags => generated 25 bytes in 76 msecs (HTTP/1.1 200) 4 headers in 156 bytes (1 switches on core 0) [pid: 8|app: 0|req: 1114/2237] 199.204.45.138 () {34 vars in 986 bytes} [Fri Jul 17 13:56:04 2026] GET /v2.0/networks?id=9e120554-9042-4da4-aa89-b6edc4a957e0 => generated 699 bytes in 87 msecs (HTTP/1.1 200) 4 headers in 157 bytes (1 switches on core 0) [pid: 8|app: 0|req: 1115/2238] 10.0.0.107 () {32 vars in 724 bytes} [Fri Jul 17 13:56:04 2026] DELETE /v2.0/subnets/fb94f563-6842-4f55-b46a-59eedb4efd6a => generated 0 bytes in 339 msecs (HTTP/1.1 204) 3 headers in 131 bytes (1 switches on core 0)
2026-07-17 13:56:04.669 7 INFO neutron.plugins.ml2.drivers.ovn.mech_driver.mech_driver [None req-480ac0ce-518b-4022-b057-9b64cc14098b - - - - - -] OVN reports status up for port: 04b5b385-24ee-4c78-9efb-002bf04dea98
2026-07-17 13:56:04.699 7 INFO neutron.plugins.ml2.plugin [None req-480ac0ce-518b-4022-b057-9b64cc14098b - - - - - -] Attempt 1 to provision port 04b5b385-24ee-4c78-9efb-002bf04dea98 [pid: 8|app: 0|req: 1116/2239] 10.0.0.107 () {34 vars in 753 bytes} [Fri Jul 17 13:56:04 2026] PUT /v2.0/networks/2f19ad38-d9c9-4185-81fa-113f310e11cd/tags => generated 17 bytes in 138 msecs (HTTP/1.1 200) 4 headers in 156 bytes (1 switches on core 0)
2026-07-17 13:56:04.750 8 WARNING neutron.db.securitygroups_db [req-620b750e-ac53-4f9f-9953-c7389ed32413 req-1bfccbe4-4f92-4ece-bf0c-7aa7c664fd38 20cb9c76a6804859a7c62fa3e659bb82 c5014cf2450d4373b82a199029d792ba - - default default] project_id key not found in filters, using tenant_id instead. This support has been deprecated and will be removed in a future release. [pid: 8|app: 0|req: 1117/2240] 199.204.45.138 () {34 vars in 1050 bytes} [Fri Jul 17 13:56:04 2026] GET /v2.0/security-groups?fields=id&fields=name&tenant_id=c5014cf2450d4373b82a199029d792ba => generated 180 bytes in 75 msecs (HTTP/1.1 200) 4 headers in 157 bytes (1 switches on core 0)
2026-07-17 13:56:04.814 7 WARNING neutron.scheduler.dhcp_agent_scheduler [None req-f82be0f2-2715-41b9-a599-f9f310327ba5 c4dd8651934645e68775a16f19b40056 605260a776b2452598f9279de2f097ac - - default default] No more DHCP agents
2026-07-17 13:56:04.816 7 WARNING neutron.api.rpc.agentnotifiers.dhcp_rpc_agent_api [None req-f82be0f2-2715-41b9-a599-f9f310327ba5 c4dd8651934645e68775a16f19b40056 605260a776b2452598f9279de2f097ac - - default default] Unable to schedule network 128a95c5-8f35-49ff-a598-8693143c9015: no agents available; will retry on subsequent port and subnet creation events. [pid: 8|app: 0|req: 1118/2241] 10.0.0.243 () {34 vars in 1070 bytes} [Fri Jul 17 13:56:04 2026] GET /v2.0/ports?fields=security_groups&fields=device_id&device_id=08b44888-044d-4b03-9eee-b94e68b48087 => generated 12 bytes in 37 msecs (HTTP/1.1 200) 4 headers in 156 bytes (1 switches on core 0)
2026-07-17 13:56:04.957 8 INFO neutron.db.ovn_revision_numbers_db [None req-d12b573f-9a7f-4fbe-b845-8508ed6fde4d - - - - - -] Successfully bumped revision number for resource 4061e86f-4faa-42eb-ab08-485cd314e55a (type: ports) to 4
2026-07-17 13:56:05.081 8 INFO neutron_taas.services.taas.taas_plugin [None req-bf06f032-3fb8-46cd-8b22-216cef39368c 43de91c48c4748baa122494f5f8ded1f 55ed4c490d2c469599d963a89eac3f2c - - default default] TaaS: Handle Delete Port: 5e1a3679-9c70-4a3e-9b13-de69f0893d96
2026-07-17 13:56:05.087 8 INFO neutron_taas.services.taas.tap_mirror_plugin [None req-bf06f032-3fb8-46cd-8b22-216cef39368c 43de91c48c4748baa122494f5f8ded1f 55ed4c490d2c469599d963a89eac3f2c - - default default] Tap Mirror: Handle Delete Port: 5e1a3679-9c70-4a3e-9b13-de69f0893d96
2026-07-17 13:56:05.352 7 INFO neutron.db.ovn_revision_numbers_db [None req-f82be0f2-2715-41b9-a599-f9f310327ba5 c4dd8651934645e68775a16f19b40056 605260a776b2452598f9279de2f097ac - - default default] Successfully bumped revision number for resource 04b5b385-24ee-4c78-9efb-002bf04dea98 (type: router_ports) to 1 [pid: 7|app: 0|req: 1124/2242] 10.0.0.107 () {34 vars in 783 bytes} [Fri Jul 17 13:56:03 2026] PUT /v2.0/routers/6e5c7091-06c6-4f29-848a-535f149712da/add_router_interface => generated 310 bytes in 2050 msecs (HTTP/1.1 200) 4 headers in 157 bytes (1 switches on core 0) [pid: 7|app: 0|req: 1125/2243] 10.0.0.107 () {32 vars in 733 bytes} [Fri Jul 17 13:56:05 2026] GET /v2.0/networks/2f19ad38-d9c9-4185-81fa-113f310e11cd/tags => generated 17 bytes in 88 msecs (HTTP/1.1 200) 4 headers in 156 bytes (1 switches on core 0)
2026-07-17 13:56:05.467 8 INFO neutron.services.segments.plugin [-] Segment a8b164b9-bd6c-441c-9b06-ff9570de3ace resource provider aggregate not found
2026-07-17 13:56:05.475 8 INFO neutron.services.segments.plugin [-] Segment a8b164b9-bd6c-441c-9b06-ff9570de3ace resource provider aggregate not found
2026-07-17 13:56:05.492 8 INFO neutron.services.segments.plugin [-] Client error retrieving segment a8b164b9-bd6c-441c-9b06-ff9570de3ace resource provider; error: Placement Client Error (4xx): {"errors": [{"status": 404, "title": "Not Found", "detail": "The resource could not be found.\n\n No resource provider with uuid a8b164b9-bd6c-441c-9b06-ff9570de3ace found for delete ", "request_id": "req-6e274d21-5ba9-42a3-98ac-657c41a5d2e6"}]}
2026-07-17 13:56:05.507 8 INFO neutron.services.segments.plugin [-] Client error retrieving segment a8b164b9-bd6c-441c-9b06-ff9570de3ace resource provider; error: Placement Client Error (4xx): {"errors": [{"status": 404, "title": "Not Found", "detail": "The resource could not be found.\n\n No resource provider with uuid a8b164b9-bd6c-441c-9b06-ff9570de3ace found for delete ", "request_id": "req-382b82b4-2adb-48de-abd5-4d0a0c714972"}]} [pid: 8|app: 0|req: 1119/2244] 10.0.0.107 () {32 vars in 726 bytes} [Fri Jul 17 13:56:04 2026] DELETE /v2.0/networks/1c859756-6532-4f31-900e-5ab9e5614a88 => generated 0 bytes in 751 msecs (HTTP/1.1 204) 3 headers in 131 bytes (1 switches on core 0)
2026-07-17 13:56:05.638 8 INFO neutron.db.ovn_revision_numbers_db [None req-d12b573f-9a7f-4fbe-b845-8508ed6fde4d - - - - - -] Successfully bumped revision number for resource 4061e86f-4faa-42eb-ab08-485cd314e55a (type: ports) to 5
2026-07-17 13:56:05.644 7 INFO neutron.db.ovn_revision_numbers_db [None req-480ac0ce-518b-4022-b057-9b64cc14098b - - - - - -] Successfully bumped revision number for resource 04b5b385-24ee-4c78-9efb-002bf04dea98 (type: ports) to 2
2026-07-17 13:56:05.929 7 WARNING neutron.scheduler.dhcp_agent_scheduler [req-620b750e-ac53-4f9f-9953-c7389ed32413 req-55f4ca76-75ba-4389-a08c-1070f4daca3d 20cb9c76a6804859a7c62fa3e659bb82 c5014cf2450d4373b82a199029d792ba - - default default] No more DHCP agents
2026-07-17 13:56:05.931 7 WARNING neutron.api.rpc.agentnotifiers.dhcp_rpc_agent_api [req-620b750e-ac53-4f9f-9953-c7389ed32413 req-55f4ca76-75ba-4389-a08c-1070f4daca3d 20cb9c76a6804859a7c62fa3e659bb82 c5014cf2450d4373b82a199029d792ba - - default default] Unable to schedule network 9e120554-9042-4da4-aa89-b6edc4a957e0: no agents available; will retry on subsequent port and subnet creation events.
2026-07-17 13:56:06.087 7 INFO neutron.db.ovn_revision_numbers_db [req-620b750e-ac53-4f9f-9953-c7389ed32413 req-55f4ca76-75ba-4389-a08c-1070f4daca3d 20cb9c76a6804859a7c62fa3e659bb82 c5014cf2450d4373b82a199029d792ba - - default default] Successfully bumped revision number for resource fcd7c8b0-bbf5-4193-8288-8a999d84b609 (type: ports) to 1 [pid: 7|app: 0|req: 1126/2245] 199.204.45.138 () {38 vars in 955 bytes} [Fri Jul 17 13:56:05 2026] POST /v2.0/ports => generated 954 bytes in 658 msecs (HTTP/1.1 201) 4 headers in 162 bytes (1 switches on core 0) /var/lib/openstack/lib/python3.12/site-packages/pycadf/identifier.py:70: UserWarning: Invalid uuid: neutron. To ensure interoperability, identifiers should be a valid uuid. warnings.warn(('Invalid uuid: %s. To ensure interoperability, ' [pid: 7|app: 0|req: 1127/2246] 10.0.0.107 () {34 vars in 753 bytes} [Fri Jul 17 13:56:06 2026] PUT /v2.0/networks/2f19ad38-d9c9-4185-81fa-113f310e11cd/tags => generated 12 bytes in 64 msecs (HTTP/1.1 200) 4 headers in 156 bytes (1 switches on core 0) [pid: 7|app: 0|req: 1128/2247] 10.0.0.243 () {34 vars in 1070 bytes} [Fri Jul 17 13:56:06 2026] GET /v2.0/ports?fields=security_groups&fields=device_id&device_id=08b44888-044d-4b03-9eee-b94e68b48087 => generated 123 bytes in 37 msecs (HTTP/1.1 200) 4 headers in 157 bytes (1 switches on core 0)
2026-07-17 13:56:06.221 8 INFO neutron.common.ovn.utils [None req-98087762-f4ca-436d-ac88-2c27c17342cc - - - - - -] HA Chassis Group neutron-128a95c5-8f35-49ff-a598-8693143c9015 synchronized; highest priority chassis a24a2691-0c66-40a8-ac93-0f0568f3fbd2
2026-07-17 13:56:06.243 8 INFO neutron.plugins.ml2.drivers.ovn.mech_driver.mech_driver [None req-98087762-f4ca-436d-ac88-2c27c17342cc - - - - - -] OVN reports status down for port: fcd7c8b0-bbf5-4193-8288-8a999d84b609
2026-07-17 13:56:06.388 8 WARNING neutron.scheduler.dhcp_agent_scheduler [None req-6ce44e8d-4ed0-4f90-98fc-216a71864691 c4dd8651934645e68775a16f19b40056 605260a776b2452598f9279de2f097ac - - default default] No more DHCP agents
2026-07-17 13:56:06.390 8 WARNING neutron.api.rpc.agentnotifiers.dhcp_rpc_agent_api [None req-6ce44e8d-4ed0-4f90-98fc-216a71864691 c4dd8651934645e68775a16f19b40056 605260a776b2452598f9279de2f097ac - - default default] Unable to schedule network 949836e7-648c-4ad5-8f1e-37c27b144528: no agents available; will retry on subsequent port and subnet creation events.
