2026-07-17 13:54:49.078 7 INFO neutron.db.ovn_revision_numbers_db [None req-0697ba18-139f-4b93-b87b-4ab392675e25 2f9ff62baff74e278a04c18e6ac3c0ae c3e88bb4c49b41649a3814cac0c3afc1 - - default default] Successfully bumped revision number for resource 96b535de-797d-4d66-a446-857ed89c3405 (type: router_ports) to 3 [pid: 7|app: 0|req: 818/1650] 10.0.0.107 () {34 vars in 783 bytes} [Fri Jul 17 13:54:47 2026] PUT /v2.0/routers/f320d9e2-8d3c-401d-9ff6-38f536df0dd8/add_router_interface => generated 310 bytes in 1841 msecs (HTTP/1.1 200) 4 headers in 157 bytes (1 switches on core 0) /var/lib/openstack/lib/python3.12/site-packages/pycadf/identifier.py:70: UserWarning: Invalid uuid: neutron. To ensure interoperability, identifiers should be a valid uuid. warnings.warn(('Invalid uuid: %s. To ensure interoperability, ' [pid: 8|app: 0|req: 833/1651] 10.0.0.107 () {32 vars in 740 bytes} [Fri Jul 17 13:54:48 2026] DELETE /v2.0/security-groups/8450bab2-8b14-4cab-be0c-208616de5cff => generated 0 bytes in 196 msecs (HTTP/1.1 204) 2 headers in 112 bytes (1 switches on core 0) [pid: 8|app: 0|req: 834/1652] 10.0.0.107 () {32 vars in 717 bytes} [Fri Jul 17 13:54:49 2026] GET /v2.0/ports/96b535de-797d-4d66-a446-857ed89c3405 => generated 1013 bytes in 30 msecs (HTTP/1.1 200) 4 headers in 158 bytes (1 switches on core 0) [pid: 7|app: 0|req: 819/1653] 10.0.0.107 () {32 vars in 724 bytes} [Fri Jul 17 13:54:49 2026] DELETE /v2.0/subnets/07a4c96d-a9b2-4875-a63f-fb46afc75875 => generated 0 bytes in 147 msecs (HTTP/1.1 204) 3 headers in 131 bytes (1 switches on core 0) [pid: 7|app: 0|req: 820/1654] 10.0.0.107 () {32 vars in 724 bytes} [Fri Jul 17 13:54:49 2026] DELETE /v2.0/subnets/802d4267-66ce-4f8a-ba91-04af4983cec2 => generated 0 bytes in 165 msecs (HTTP/1.1 204) 3 headers in 131 bytes (1 switches on core 0)
2026-07-17 13:54:49.440 8 INFO neutron_taas.services.taas.taas_plugin [None req-21662628-9636-4e40-8497-598fd7544eeb 2f9ff62baff74e278a04c18e6ac3c0ae c3e88bb4c49b41649a3814cac0c3afc1 - - default default] TaaS: Handle Delete Port: 96b535de-797d-4d66-a446-857ed89c3405
2026-07-17 13:54:49.445 8 INFO neutron_taas.services.taas.tap_mirror_plugin [None req-21662628-9636-4e40-8497-598fd7544eeb 2f9ff62baff74e278a04c18e6ac3c0ae c3e88bb4c49b41649a3814cac0c3afc1 - - default default] Tap Mirror: Handle Delete Port: 96b535de-797d-4d66-a446-857ed89c3405
2026-07-17 13:54:49.519 7 INFO neutron_taas.services.taas.taas_plugin [None req-891be0c0-dbac-4a8e-8b3d-570f660f3fb5 5d840e8fd98a4a798956499730e727d2 ff93d863187c4208ad25110d44c2a31e - - default default] TaaS: Handle Delete Port: a44b70c1-00e1-41ff-b370-4d19fe1038dc
2026-07-17 13:54:49.523 7 INFO neutron_taas.services.taas.tap_mirror_plugin [None req-891be0c0-dbac-4a8e-8b3d-570f660f3fb5 5d840e8fd98a4a798956499730e727d2 ff93d863187c4208ad25110d44c2a31e - - default default] Tap Mirror: Handle Delete Port: a44b70c1-00e1-41ff-b370-4d19fe1038dc
2026-07-17 13:54:49.763 7 INFO neutron.services.segments.plugin [-] Segment 6f9714b7-6d63-49a2-b9c5-306fbde26acf resource provider aggregate not found
2026-07-17 13:54:49.768 7 INFO neutron.services.segments.plugin [-] Segment 6f9714b7-6d63-49a2-b9c5-306fbde26acf resource provider aggregate not found
2026-07-17 13:54:49.781 7 INFO neutron.services.segments.plugin [-] Client error retrieving segment 6f9714b7-6d63-49a2-b9c5-306fbde26acf resource provider; error: Placement Client Error (4xx): {"errors": [{"status": 404, "title": "Not Found", "detail": "The resource could not be found.\n\n No resource provider with uuid 6f9714b7-6d63-49a2-b9c5-306fbde26acf found for delete ", "request_id": "req-c6ccb230-f42e-4cc3-93a8-e947c80c9361"}]}
2026-07-17 13:54:49.785 7 INFO neutron.services.segments.plugin [-] Client error retrieving segment 6f9714b7-6d63-49a2-b9c5-306fbde26acf resource provider; error: Placement Client Error (4xx): {"errors": [{"status": 404, "title": "Not Found", "detail": "The resource could not be found.\n\n No resource provider with uuid 6f9714b7-6d63-49a2-b9c5-306fbde26acf found for delete ", "request_id": "req-ae84dd15-3e0c-422c-9bd4-55085bdffb2c"}]} [pid: 8|app: 0|req: 835/1655] 10.0.0.107 () {34 vars in 789 bytes} [Fri Jul 17 13:54:49 2026] PUT /v2.0/routers/f320d9e2-8d3c-401d-9ff6-38f536df0dd8/remove_router_interface => generated 310 bytes in 639 msecs (HTTP/1.1 200) 4 headers in 157 bytes (1 switches on core 0) [pid: 7|app: 0|req: 821/1656] 10.0.0.107 () {32 vars in 726 bytes} [Fri Jul 17 13:54:49 2026] DELETE /v2.0/networks/73b57e40-7239-47fa-9b10-858586362728 => generated 0 bytes in 415 msecs (HTTP/1.1 204) 3 headers in 131 bytes (1 switches on core 0) /var/lib/openstack/lib/python3.12/site-packages/pycadf/identifier.py:70: UserWarning: Invalid uuid: neutron. To ensure interoperability, identifiers should be a valid uuid. warnings.warn(('Invalid uuid: %s. To ensure interoperability, '
2026-07-17 13:54:49.887 7 INFO neutron.api.v2.resource [None req-27929a24-8236-41e7-8472-782b7feb97dd 2f9ff62baff74e278a04c18e6ac3c0ae c3e88bb4c49b41649a3814cac0c3afc1 - - default default] remove_router_interface failed (client error): The resource could not be found. [pid: 7|app: 0|req: 822/1657] 10.0.0.107 () {34 vars in 789 bytes} [Fri Jul 17 13:54:49 2026] PUT /v2.0/routers/f320d9e2-8d3c-401d-9ff6-38f536df0dd8/remove_router_interface => generated 197 bytes in 62 msecs (HTTP/1.1 404) 4 headers in 164 bytes (1 switches on core 0) [pid: 7|app: 0|req: 823/1658] 10.0.0.107 () {32 vars in 736 bytes} [Fri Jul 17 13:54:49 2026] GET /v2.0/ports?device_id=f320d9e2-8d3c-401d-9ff6-38f536df0dd8 => generated 12 bytes in 19 msecs (HTTP/1.1 200) 4 headers in 156 bytes (1 switches on core 0)
2026-07-17 13:54:49.932 8 INFO neutron_taas.services.taas.taas_plugin [None req-81c8ecb3-1b42-49f1-ab3f-98c815800af0 5d840e8fd98a4a798956499730e727d2 ff93d863187c4208ad25110d44c2a31e - - default default] TaaS: Handle Delete Port: 3f99a4eb-97f6-4ab8-82d6-cc1038339f20
2026-07-17 13:54:49.936 8 INFO neutron_taas.services.taas.tap_mirror_plugin [None req-81c8ecb3-1b42-49f1-ab3f-98c815800af0 5d840e8fd98a4a798956499730e727d2 ff93d863187c4208ad25110d44c2a31e - - default default] Tap Mirror: Handle Delete Port: 3f99a4eb-97f6-4ab8-82d6-cc1038339f20
2026-07-17 13:54:50.139 8 INFO neutron.services.segments.plugin [-] Segment 36b1ab62-0a3e-4a3a-a74e-0a1b893cf776 resource provider aggregate not found
2026-07-17 13:54:50.148 8 INFO neutron.services.segments.plugin [-] Segment 36b1ab62-0a3e-4a3a-a74e-0a1b893cf776 resource provider aggregate not found
2026-07-17 13:54:50.155 8 INFO neutron.services.segments.plugin [-] Client error retrieving segment 36b1ab62-0a3e-4a3a-a74e-0a1b893cf776 resource provider; error: Placement Client Error (4xx): {"errors": [{"status": 404, "title": "Not Found", "detail": "The resource could not be found.\n\n No resource provider with uuid 36b1ab62-0a3e-4a3a-a74e-0a1b893cf776 found for delete ", "request_id": "req-255f74af-0751-4a3e-b1fa-1c8ad971cbb2"}]}
2026-07-17 13:54:50.164 8 INFO neutron.services.segments.plugin [-] Client error retrieving segment 36b1ab62-0a3e-4a3a-a74e-0a1b893cf776 resource provider; error: Placement Client Error (4xx): {"errors": [{"status": 404, "title": "Not Found", "detail": "The resource could not be found.\n\n No resource provider with uuid 36b1ab62-0a3e-4a3a-a74e-0a1b893cf776 found for delete ", "request_id": "req-094cbb3e-46cb-40d2-9610-959b21565947"}]} [pid: 7|app: 0|req: 824/1659] 10.0.0.107 () {32 vars in 724 bytes} [Fri Jul 17 13:54:49 2026] DELETE /v2.0/routers/f320d9e2-8d3c-401d-9ff6-38f536df0dd8 => generated 0 bytes in 249 msecs (HTTP/1.1 204) 2 headers in 112 bytes (1 switches on core 0) [pid: 8|app: 0|req: 836/1660] 10.0.0.107 () {32 vars in 726 bytes} [Fri Jul 17 13:54:49 2026] DELETE /v2.0/networks/f38da87c-7c71-499a-8a6d-0dad769dcdbb => generated 0 bytes in 368 msecs (HTTP/1.1 204) 3 headers in 131 bytes (1 switches on core 0)
2026-07-17 13:54:50.355 8 INFO neutron_taas.services.taas.taas_plugin [None req-50b3fd90-32d7-423d-a388-89f7aeacd700 5d840e8fd98a4a798956499730e727d2 ff93d863187c4208ad25110d44c2a31e - - default default] TaaS: Handle Delete Port: 88c00d04-7334-44a2-8de3-4ecc94fc567a
2026-07-17 13:54:50.365 8 INFO neutron_taas.services.taas.tap_mirror_plugin [None req-50b3fd90-32d7-423d-a388-89f7aeacd700 5d840e8fd98a4a798956499730e727d2 ff93d863187c4208ad25110d44c2a31e - - default default] Tap Mirror: Handle Delete Port: 88c00d04-7334-44a2-8de3-4ecc94fc567a [pid: 7|app: 0|req: 825/1661] 10.0.0.107 () {32 vars in 724 bytes} [Fri Jul 17 13:54:50 2026] DELETE /v2.0/subnets/ca96a29f-bf43-4dea-af9d-9cccc29ceae4 => generated 0 bytes in 217 msecs (HTTP/1.1 204) 3 headers in 131 bytes (1 switches on core 0)
2026-07-17 13:54:50.564 7 INFO neutron_taas.services.taas.taas_plugin [None req-213b0943-c5e2-450b-befe-7a82befcae3e 2f9ff62baff74e278a04c18e6ac3c0ae c3e88bb4c49b41649a3814cac0c3afc1 - - default default] TaaS: Handle Delete Port: d6c9760a-5a88-448f-812d-a8e69aac2956
2026-07-17 13:54:50.570 7 INFO neutron_taas.services.taas.tap_mirror_plugin [None req-213b0943-c5e2-450b-befe-7a82befcae3e 2f9ff62baff74e278a04c18e6ac3c0ae c3e88bb4c49b41649a3814cac0c3afc1 - - default default] Tap Mirror: Handle Delete Port: d6c9760a-5a88-448f-812d-a8e69aac2956 [pid: 8|app: 0|req: 837/1662] 10.0.0.107 () {32 vars in 726 bytes} [Fri Jul 17 13:54:50 2026] DELETE /v2.0/networks/873eb9be-0238-4239-94d4-df5ba36d0a5b => generated 0 bytes in 417 msecs (HTTP/1.1 204) 3 headers in 131 bytes (1 switches on core 0)
2026-07-17 13:54:50.754 8 INFO neutron_taas.services.taas.taas_plugin [None req-c20a9e9a-0a61-49b9-b996-c17137f85c24 5d840e8fd98a4a798956499730e727d2 ff93d863187c4208ad25110d44c2a31e - - default default] TaaS: Handle Delete Port: 1b545b47-9858-4fb1-89e4-69471ef9ee59
2026-07-17 13:54:50.757 8 INFO neutron_taas.services.taas.tap_mirror_plugin [None req-c20a9e9a-0a61-49b9-b996-c17137f85c24 5d840e8fd98a4a798956499730e727d2 ff93d863187c4208ad25110d44c2a31e - - default default] Tap Mirror: Handle Delete Port: 1b545b47-9858-4fb1-89e4-69471ef9ee59 [pid: 7|app: 0|req: 826/1663] 10.0.0.107 () {32 vars in 726 bytes} [Fri Jul 17 13:54:50 2026] DELETE /v2.0/networks/5610f105-bfe2-4105-814f-19ca6cbfe2d4 => generated 0 bytes in 410 msecs (HTTP/1.1 204) 3 headers in 131 bytes (1 switches on core 0)
2026-07-17 13:54:50.919 7 INFO neutron.db.segments_db [None req-3d4f8a26-4f9e-4086-87f2-f152ea80afcc 2f9ff62baff74e278a04c18e6ac3c0ae c3e88bb4c49b41649a3814cac0c3afc1 - - default default] Added segment 7a8e7215-faf5-4266-b7d9-a25adf426773 of type geneve for network 666bd302-3335-4262-a9d8-5c720beb3a7e [pid: 8|app: 0|req: 838/1664] 10.0.0.107 () {32 vars in 726 bytes} [Fri Jul 17 13:54:50 2026] DELETE /v2.0/networks/cda1530b-51b4-44e9-bffa-51ab5d370d4e => generated 0 bytes in 331 msecs (HTTP/1.1 204) 3 headers in 131 bytes (1 switches on core 0)
2026-07-17 13:54:51.051 8 INFO neutron_taas.services.taas.taas_plugin [None req-d769b3dd-8357-451e-a30c-692ea0d40793 5d840e8fd98a4a798956499730e727d2 ff93d863187c4208ad25110d44c2a31e - - default default] TaaS: Handle Delete Port: 4748e605-e552-40c9-8681-a160d918e38b
2026-07-17 13:54:51.051 7 INFO neutron.db.ovn_revision_numbers_db [None req-3d4f8a26-4f9e-4086-87f2-f152ea80afcc 2f9ff62baff74e278a04c18e6ac3c0ae c3e88bb4c49b41649a3814cac0c3afc1 - - default default] Successfully bumped revision number for resource 666bd302-3335-4262-a9d8-5c720beb3a7e (type: networks) to 1
2026-07-17 13:54:51.054 8 INFO neutron_taas.services.taas.tap_mirror_plugin [None req-d769b3dd-8357-451e-a30c-692ea0d40793 5d840e8fd98a4a798956499730e727d2 ff93d863187c4208ad25110d44c2a31e - - default default] Tap Mirror: Handle Delete Port: 4748e605-e552-40c9-8681-a160d918e38b
2026-07-17 13:54:51.247 7 WARNING neutron.scheduler.dhcp_agent_scheduler [None req-3d4f8a26-4f9e-4086-87f2-f152ea80afcc 2f9ff62baff74e278a04c18e6ac3c0ae c3e88bb4c49b41649a3814cac0c3afc1 - - default default] No more DHCP agents
2026-07-17 13:54:51.248 7 WARNING neutron.api.rpc.agentnotifiers.dhcp_rpc_agent_api [None req-3d4f8a26-4f9e-4086-87f2-f152ea80afcc 2f9ff62baff74e278a04c18e6ac3c0ae c3e88bb4c49b41649a3814cac0c3afc1 - - default default] Unable to schedule network 666bd302-3335-4262-a9d8-5c720beb3a7e: no agents available; will retry on subsequent port and subnet creation events. [pid: 8|app: 0|req: 839/1665] 10.0.0.107 () {32 vars in 726 bytes} [Fri Jul 17 13:54:50 2026] DELETE /v2.0/networks/fa371592-2740-49ad-a99f-9f8807ced99d => generated 0 bytes in 306 msecs (HTTP/1.1 204) 3 headers in 131 bytes (1 switches on core 0)
2026-07-17 13:54:51.303 8 INFO neutron.plugins.ml2.drivers.ovn.mech_driver.mech_driver [None req-33c59707-1db9-42ea-8c0b-e78c02e831f3 - - - - - -] OVN reports status down for port: 80b3df8b-036f-4c29-a28e-b0a0818c9cfd
2026-07-17 13:54:51.336 7 INFO neutron.db.ovn_revision_numbers_db [None req-3d4f8a26-4f9e-4086-87f2-f152ea80afcc 2f9ff62baff74e278a04c18e6ac3c0ae c3e88bb4c49b41649a3814cac0c3afc1 - - default default] Successfully bumped revision number for resource 80b3df8b-036f-4c29-a28e-b0a0818c9cfd (type: ports) to 1 [pid: 7|app: 0|req: 827/1666] 10.0.0.107 () {34 vars in 670 bytes} [Fri Jul 17 13:54:50 2026] POST /v2.0/networks => generated 667 bytes in 546 msecs (HTTP/1.1 201) 4 headers in 162 bytes (1 switches on core 0)
2026-07-17 13:54:51.494 8 WARNING neutron.db.securitygroups_db [None req-5d57850f-84a1-4da4-99cd-2d78ddaac24b 0b56078c22b24945b67708de2a20284c 259120fc650b4bb2832d92cc62e3c4fe - - default default] project_id key not found in filters, using tenant_id instead. This support has been deprecated and will be removed in a future release.
2026-07-17 13:54:51.532 7 WARNING neutron.scheduler.dhcp_agent_scheduler [None req-410c9664-fd87-4d38-8bed-eb7a33fb41ae 2f9ff62baff74e278a04c18e6ac3c0ae c3e88bb4c49b41649a3814cac0c3afc1 - - default default] No more DHCP agents
2026-07-17 13:54:51.533 7 WARNING neutron.api.rpc.agentnotifiers.dhcp_rpc_agent_api [None req-410c9664-fd87-4d38-8bed-eb7a33fb41ae 2f9ff62baff74e278a04c18e6ac3c0ae c3e88bb4c49b41649a3814cac0c3afc1 - - default default] Unable to schedule network 666bd302-3335-4262-a9d8-5c720beb3a7e: no agents available; will retry on subsequent port and subnet creation events.
2026-07-17 13:54:51.652 8 INFO neutron.db.ovn_revision_numbers_db [None req-5d57850f-84a1-4da4-99cd-2d78ddaac24b 0b56078c22b24945b67708de2a20284c 259120fc650b4bb2832d92cc62e3c4fe - - default default] Successfully bumped revision number for resource a5296ed8-58d3-4f17-9202-6c2ee9dca21e (type: security_groups) to 1
2026-07-17 13:54:51.666 8 INFO neutron.db.ovn_revision_numbers_db [None req-5d57850f-84a1-4da4-99cd-2d78ddaac24b 0b56078c22b24945b67708de2a20284c 259120fc650b4bb2832d92cc62e3c4fe - - default default] Successfully bumped revision number for resource 56bd5719-22ea-4833-b97e-1890564ed897 (type: security_group_rules) to 0
2026-07-17 13:54:51.678 8 INFO neutron.db.ovn_revision_numbers_db [None req-5d57850f-84a1-4da4-99cd-2d78ddaac24b 0b56078c22b24945b67708de2a20284c 259120fc650b4bb2832d92cc62e3c4fe - - default default] Successfully bumped revision number for resource 6aa1ddf5-5ecd-49d3-8b9d-629133058296 (type: security_group_rules) to 0
2026-07-17 13:54:51.689 8 INFO neutron.db.ovn_revision_numbers_db [None req-5d57850f-84a1-4da4-99cd-2d78ddaac24b 0b56078c22b24945b67708de2a20284c 259120fc650b4bb2832d92cc62e3c4fe - - default default] Successfully bumped revision number for resource 79c25b04-3a59-46d9-89ba-192cd2121346 (type: security_group_rules) to 0
2026-07-17 13:54:51.702 8 INFO neutron.db.ovn_revision_numbers_db [None req-5d57850f-84a1-4da4-99cd-2d78ddaac24b 0b56078c22b24945b67708de2a20284c 259120fc650b4bb2832d92cc62e3c4fe - - default default] Successfully bumped revision number for resource 8fa0612d-7817-4616-b2a5-296515bcc0f6 (type: security_group_rules) to 0 [pid: 8|app: 0|req: 840/1667] 10.0.0.107 () {32 vars in 774 bytes} [Fri Jul 17 13:54:51 2026] GET /v2.0/security-groups?tenant_id=5ae2d33d6f6341c8931e7e0c53edd91b&name=default => generated 2925 bytes in 475 msecs (HTTP/1.1 200) 4 headers in 158 bytes (1 switches on core 0)
2026-07-17 13:54:51.806 7 INFO neutron.services.segments.plugin [-] Segment fe65001f-c09c-45e6-b71d-714560247d18 resource provider aggregate not found
2026-07-17 13:54:51.816 7 INFO neutron.services.segments.plugin [-] Segment fe65001f-c09c-45e6-b71d-714560247d18 resource provider aggregate not found
2026-07-17 13:54:51.832 7 INFO neutron.services.segments.plugin [-] Client error retrieving segment fe65001f-c09c-45e6-b71d-714560247d18 resource provider; error: Placement Client Error (4xx): {"errors": [{"status": 404, "title": "Not Found", "detail": "The resource could not be found.\n\n No resource provider with uuid fe65001f-c09c-45e6-b71d-714560247d18 found for delete ", "request_id": "req-826926a1-a3f6-4c12-9a2f-cf44408a7462"}]}
2026-07-17 13:54:51.843 7 INFO neutron.services.segments.plugin [-] Client error retrieving segment fe65001f-c09c-45e6-b71d-714560247d18 resource provider; error: Placement Client Error (4xx): {"errors": [{"status": 404, "title": "Not Found", "detail": "The resource could not be found.\n\n No resource provider with uuid fe65001f-c09c-45e6-b71d-714560247d18 found for delete ", "request_id": "req-c850ee17-1d7a-45db-8292-7ebb08e11a4f"}]} [pid: 8|app: 0|req: 841/1668] 10.0.0.107 () {32 vars in 740 bytes} [Fri Jul 17 13:54:51 2026] DELETE /v2.0/security-groups/a5296ed8-58d3-4f17-9202-6c2ee9dca21e => generated 0 bytes in 188 msecs (HTTP/1.1 204) 2 headers in 112 bytes (1 switches on core 0)
2026-07-17 13:54:52.054 7 INFO neutron.db.ovn_revision_numbers_db [None req-410c9664-fd87-4d38-8bed-eb7a33fb41ae 2f9ff62baff74e278a04c18e6ac3c0ae c3e88bb4c49b41649a3814cac0c3afc1 - - default default] Successfully bumped revision number for resource 80b3df8b-036f-4c29-a28e-b0a0818c9cfd (type: ports) to 2
2026-07-17 13:54:52.092 7 INFO neutron.db.ovn_revision_numbers_db [None req-410c9664-fd87-4d38-8bed-eb7a33fb41ae 2f9ff62baff74e278a04c18e6ac3c0ae c3e88bb4c49b41649a3814cac0c3afc1 - - default default] Successfully bumped revision number for resource e1f4440c-840c-4ff9-a92c-e78eea313aec (type: subnets) to 0 [pid: 7|app: 0|req: 828/1669] 10.0.0.107 () {34 vars in 669 bytes} [Fri Jul 17 13:54:51 2026] POST /v2.0/subnets => generated 626 bytes in 747 msecs (HTTP/1.1 201) 4 headers in 162 bytes (1 switches on core 0)
2026-07-17 13:54:52.173 8 INFO neutron.services.segments.plugin [-] Segment dc6893e1-79bc-4f8a-9cb0-20a8bb890de8 resource provider aggregate not found
2026-07-17 13:54:52.180 8 INFO neutron.services.segments.plugin [-] Segment dc6893e1-79bc-4f8a-9cb0-20a8bb890de8 resource provider aggregate not found
2026-07-17 13:54:52.187 8 INFO neutron.services.segments.plugin [-] Client error retrieving segment dc6893e1-79bc-4f8a-9cb0-20a8bb890de8 resource provider; error: Placement Client Error (4xx): {"errors": [{"status": 404, "title": "Not Found", "detail": "The resource could not be found.\n\n No resource provider with uuid dc6893e1-79bc-4f8a-9cb0-20a8bb890de8 found for delete ", "request_id": "req-89f04b06-0c21-4df0-a111-0b10f821e5ac"}]}
2026-07-17 13:54:52.199 8 INFO neutron.services.segments.plugin [-] Client error retrieving segment dc6893e1-79bc-4f8a-9cb0-20a8bb890de8 resource provider; error: Placement Client Error (4xx): {"errors": [{"status": 404, "title": "Not Found", "detail": "The resource could not be found.\n\n No resource provider with uuid dc6893e1-79bc-4f8a-9cb0-20a8bb890de8 found for delete ", "request_id": "req-e5e1d1a8-aad3-42ca-ae1b-754ecff5c16c"}]}
2026-07-17 13:54:52.203 8 INFO neutron.services.segments.plugin [-] Segment d6d3727f-447a-424d-a39d-39c7ed5e4dc2 resource provider aggregate not found
2026-07-17 13:54:52.227 8 INFO neutron.services.segments.plugin [-] Segment d6d3727f-447a-424d-a39d-39c7ed5e4dc2 resource provider aggregate not found
2026-07-17 13:54:52.230 8 INFO neutron.services.segments.plugin [-] Client error retrieving segment d6d3727f-447a-424d-a39d-39c7ed5e4dc2 resource provider; error: Placement Client Error (4xx): {"errors": [{"status": 404, "title": "Not Found", "detail": "The resource could not be found.\n\n No resource provider with uuid d6d3727f-447a-424d-a39d-39c7ed5e4dc2 found for delete ", "request_id": "req-655c5f87-ddbc-463d-8bb7-dfa7a2a3f7bb"}]}
2026-07-17 13:54:52.245 8 INFO neutron.services.segments.plugin [-] Segment 832e29f7-2aa5-44a2-b621-261169695dda resource provider aggregate not found
2026-07-17 13:54:52.249 7 INFO neutron.db.ovn_revision_numbers_db [None req-c07f8412-bb44-44e8-a6f3-114068ac8fed 2f9ff62baff74e278a04c18e6ac3c0ae c3e88bb4c49b41649a3814cac0c3afc1 - - default default] Successfully bumped revision number for resource f225d992-03fd-4271-9bc2-65f90ab872ed (type: routers) to 1
2026-07-17 13:54:52.248 8 INFO neutron.services.segments.plugin [-] Client error retrieving segment d6d3727f-447a-424d-a39d-39c7ed5e4dc2 resource provider; error: Placement Client Error (4xx): {"errors": [{"status": 404, "title": "Not Found", "detail": "The resource could not be found.\n\n No resource provider with uuid d6d3727f-447a-424d-a39d-39c7ed5e4dc2 found for delete ", "request_id": "req-9502b3b8-17d1-4c4a-abd4-79559821f5bc"}]}
2026-07-17 13:54:52.262 8 INFO neutron.services.segments.plugin [-] Client error retrieving segment 832e29f7-2aa5-44a2-b621-261169695dda resource provider; error: Placement Client Error (4xx): {"errors": [{"status": 404, "title": "Not Found", "detail": "The resource could not be found.\n\n No resource provider with uuid 832e29f7-2aa5-44a2-b621-261169695dda found for delete ", "request_id": "req-080d94e2-4f6a-470d-9f76-9e78758378af"}]} [pid: 7|app: 0|req: 829/1670] 10.0.0.107 () {34 vars in 669 bytes} [Fri Jul 17 13:54:52 2026] POST /v2.0/routers => generated 623 bytes in 151 msecs (HTTP/1.1 201) 4 headers in 162 bytes (1 switches on core 0)
2026-07-17 13:54:52.272 8 INFO neutron.services.segments.plugin [-] Segment 832e29f7-2aa5-44a2-b621-261169695dda resource provider aggregate not found
2026-07-17 13:54:52.279 8 WARNING neutron.db.securitygroups_db [None req-318582ab-5ce2-4244-bfba-c2e515628231 0b56078c22b24945b67708de2a20284c 259120fc650b4bb2832d92cc62e3c4fe - - default default] project_id key not found in filters, using tenant_id instead. This support has been deprecated and will be removed in a future release.
2026-07-17 13:54:52.291 8 INFO neutron.services.segments.plugin [-] Client error retrieving segment 832e29f7-2aa5-44a2-b621-261169695dda resource provider; error: Placement Client Error (4xx): {"errors": [{"status": 404, "title": "Not Found", "detail": "The resource could not be found.\n\n No resource provider with uuid 832e29f7-2aa5-44a2-b621-261169695dda found for delete ", "request_id": "req-791e6c58-f4ca-45dc-bffc-322c672a0a31"}]}
2026-07-17 13:54:52.410 8 INFO neutron.db.ovn_revision_numbers_db [None req-318582ab-5ce2-4244-bfba-c2e515628231 0b56078c22b24945b67708de2a20284c 259120fc650b4bb2832d92cc62e3c4fe - - default default] Successfully bumped revision number for resource 4785967e-580f-4689-bd4e-6e1cce8945b3 (type: security_groups) to 1
2026-07-17 13:54:52.422 8 INFO neutron.db.ovn_revision_numbers_db [None req-318582ab-5ce2-4244-bfba-c2e515628231 0b56078c22b24945b67708de2a20284c 259120fc650b4bb2832d92cc62e3c4fe - - default default] Successfully bumped revision number for resource 234210b0-f461-4bd5-8955-97885a062058 (type: security_group_rules) to 0
2026-07-17 13:54:52.434 8 INFO neutron.db.ovn_revision_numbers_db [None req-318582ab-5ce2-4244-bfba-c2e515628231 0b56078c22b24945b67708de2a20284c 259120fc650b4bb2832d92cc62e3c4fe - - default default] Successfully bumped revision number for resource 385083cf-c031-407d-b5e3-635538fd3551 (type: security_group_rules) to 0
2026-07-17 13:54:52.446 8 INFO neutron.db.ovn_revision_numbers_db [None req-318582ab-5ce2-4244-bfba-c2e515628231 0b56078c22b24945b67708de2a20284c 259120fc650b4bb2832d92cc62e3c4fe - - default default] Successfully bumped revision number for resource e8d680d6-2e2e-4ed1-bf5b-73246a8dfd31 (type: security_group_rules) to 0
2026-07-17 13:54:52.456 8 INFO neutron.db.ovn_revision_numbers_db [None req-318582ab-5ce2-4244-bfba-c2e515628231 0b56078c22b24945b67708de2a20284c 259120fc650b4bb2832d92cc62e3c4fe - - default default] Successfully bumped revision number for resource fadadbfc-4f48-41d1-a0d1-aec0bc904f26 (type: security_group_rules) to 0 [pid: 8|app: 0|req: 842/1671] 10.0.0.107 () {32 vars in 774 bytes} [Fri Jul 17 13:54:52 2026] GET /v2.0/security-groups?tenant_id=4344e4159b854466a803131e866dcfbe&name=default => generated 2925 bytes in 438 msecs (HTTP/1.1 200) 4 headers in 158 bytes (1 switches on core 0)
2026-07-17 13:54:52.685 7 WARNING neutron.scheduler.dhcp_agent_scheduler [None req-be6a48be-a404-41a1-9cf4-c90b111ec1eb 2f9ff62baff74e278a04c18e6ac3c0ae c3e88bb4c49b41649a3814cac0c3afc1 - - default default] No more DHCP agents
2026-07-17 13:54:52.686 7 WARNING neutron.api.rpc.agentnotifiers.dhcp_rpc_agent_api [None req-be6a48be-a404-41a1-9cf4-c90b111ec1eb 2f9ff62baff74e278a04c18e6ac3c0ae c3e88bb4c49b41649a3814cac0c3afc1 - - default default] Unable to schedule network 666bd302-3335-4262-a9d8-5c720beb3a7e: no agents available; will retry on subsequent port and subnet creation events. [pid: 8|app: 0|req: 843/1672] 10.0.0.107 () {32 vars in 740 bytes} [Fri Jul 17 13:54:52 2026] DELETE /v2.0/security-groups/4785967e-580f-4689-bd4e-6e1cce8945b3 => generated 0 bytes in 201 msecs (HTTP/1.1 204) 2 headers in 112 bytes (1 switches on core 0)
2026-07-17 13:54:52.808 8 WARNING neutron.db.securitygroups_db [None req-7de1f946-a485-4471-8d18-1ac4e9c915a6 0b56078c22b24945b67708de2a20284c 259120fc650b4bb2832d92cc62e3c4fe - - default default] project_id key not found in filters, using tenant_id instead. This support has been deprecated and will be removed in a future release. [pid: 8|app: 0|req: 844/1673] 10.0.0.107 () {32 vars in 774 bytes} [Fri Jul 17 13:54:52 2026] GET /v2.0/security-groups?tenant_id=ff93d863187c4208ad25110d44c2a31e&name=default => generated 2925 bytes in 46 msecs (HTTP/1.1 200) 4 headers in 158 bytes (1 switches on core 0)
2026-07-17 13:54:52.898 7 INFO neutron.db.ovn_revision_numbers_db [None req-be6a48be-a404-41a1-9cf4-c90b111ec1eb 2f9ff62baff74e278a04c18e6ac3c0ae c3e88bb4c49b41649a3814cac0c3afc1 - - default default] Successfully bumped revision number for resource a0a9b766-27ee-456b-88f5-73d459573579 (type: ports) to 1 [pid: 8|app: 0|req: 845/1674] 10.0.0.107 () {32 vars in 740 bytes} [Fri Jul 17 13:54:52 2026] DELETE /v2.0/security-groups/1e6460e0-c345-4fbc-8c97-c4b6d46490f7 => generated 0 bytes in 214 msecs (HTTP/1.1 204) 2 headers in 112 bytes (1 switches on core 0)
2026-07-17 13:54:53.207 8 WARNING neutron.db.securitygroups_db [None req-a3ea878b-061b-4f3a-bc5e-3d6f559abdd4 0b56078c22b24945b67708de2a20284c 259120fc650b4bb2832d92cc62e3c4fe - - default default] project_id key not found in filters, using tenant_id instead. This support has been deprecated and will be removed in a future release.
2026-07-17 13:54:53.378 8 INFO neutron.db.ovn_revision_numbers_db [None req-a3ea878b-061b-4f3a-bc5e-3d6f559abdd4 0b56078c22b24945b67708de2a20284c 259120fc650b4bb2832d92cc62e3c4fe - - default default] Successfully bumped revision number for resource 7d38f7b6-0932-49d8-bc95-1fe609130e2d (type: security_groups) to 1
2026-07-17 13:54:53.391 8 INFO neutron.db.ovn_revision_numbers_db [None req-a3ea878b-061b-4f3a-bc5e-3d6f559abdd4 0b56078c22b24945b67708de2a20284c 259120fc650b4bb2832d92cc62e3c4fe - - default default] Successfully bumped revision number for resource 31fdabeb-b30e-49df-8c11-5f313a394b3c (type: security_group_rules) to 0
2026-07-17 13:54:53.405 8 INFO neutron.db.ovn_revision_numbers_db [None req-a3ea878b-061b-4f3a-bc5e-3d6f559abdd4 0b56078c22b24945b67708de2a20284c 259120fc650b4bb2832d92cc62e3c4fe - - default default] Successfully bumped revision number for resource 610989a7-ca88-4492-9da8-59c113e54865 (type: security_group_rules) to 0
2026-07-17 13:54:53.417 8 INFO neutron.db.ovn_revision_numbers_db [None req-a3ea878b-061b-4f3a-bc5e-3d6f559abdd4 0b56078c22b24945b67708de2a20284c 259120fc650b4bb2832d92cc62e3c4fe - - default default] Successfully bumped revision number for resource 684b122d-a9cb-40d1-85fc-16305f978976 (type: security_group_rules) to 0
2026-07-17 13:54:53.430 8 INFO neutron.db.ovn_revision_numbers_db [None req-a3ea878b-061b-4f3a-bc5e-3d6f559abdd4 0b56078c22b24945b67708de2a20284c 259120fc650b4bb2832d92cc62e3c4fe - - default default] Successfully bumped revision number for resource f541d735-6f49-4970-8730-3da3195bdc06 (type: security_group_rules) to 0 [pid: 8|app: 0|req: 846/1675] 10.0.0.107 () {32 vars in 774 bytes} [Fri Jul 17 13:54:53 2026] GET /v2.0/security-groups?tenant_id=08352476689245da8d238952c418c358&name=default => generated 2925 bytes in 276 msecs (HTTP/1.1 200) 4 headers in 158 bytes (1 switches on core 0)
2026-07-17 13:54:53.638 7 WARNING neutron.scheduler.dhcp_agent_scheduler [None req-be6a48be-a404-41a1-9cf4-c90b111ec1eb 2f9ff62baff74e278a04c18e6ac3c0ae c3e88bb4c49b41649a3814cac0c3afc1 - - default default] No more DHCP agents
2026-07-17 13:54:53.640 7 WARNING neutron.api.rpc.agentnotifiers.dhcp_rpc_agent_api [None req-be6a48be-a404-41a1-9cf4-c90b111ec1eb 2f9ff62baff74e278a04c18e6ac3c0ae c3e88bb4c49b41649a3814cac0c3afc1 - - default default] Unable to schedule network 666bd302-3335-4262-a9d8-5c720beb3a7e: no agents available; will retry on subsequent port and subnet creation events. [pid: 8|app: 0|req: 847/1676] 10.0.0.107 () {32 vars in 740 bytes} [Fri Jul 17 13:54:53 2026] DELETE /v2.0/security-groups/7d38f7b6-0932-49d8-bc95-1fe609130e2d => generated 0 bytes in 254 msecs (HTTP/1.1 204) 2 headers in 112 bytes (1 switches on core 0)
2026-07-17 13:54:53.873 7 INFO neutron.db.ovn_revision_numbers_db [None req-be6a48be-a404-41a1-9cf4-c90b111ec1eb 2f9ff62baff74e278a04c18e6ac3c0ae c3e88bb4c49b41649a3814cac0c3afc1 - - default default] Successfully bumped revision number for resource a0a9b766-27ee-456b-88f5-73d459573579 (type: router_ports) to 1 [pid: 7|app: 0|req: 830/1677] 10.0.0.107 () {34 vars in 783 bytes} [Fri Jul 17 13:54:52 2026] PUT /v2.0/routers/f225d992-03fd-4271-9bc2-65f90ab872ed/add_router_interface => generated 310 bytes in 1610 msecs (HTTP/1.1 200) 4 headers in 157 bytes (1 switches on core 0) [pid: 8|app: 0|req: 848/1678] 10.0.0.107 () {32 vars in 717 bytes} [Fri Jul 17 13:54:53 2026] GET /v2.0/ports/a0a9b766-27ee-456b-88f5-73d459573579 => generated 941 bytes in 69 msecs (HTTP/1.1 200) 4 headers in 157 bytes (1 switches on core 0) [pid: 7|app: 0|req: 831/1679] 10.0.0.107 () {32 vars in 717 bytes} [Fri Jul 17 13:54:53 2026] GET /v2.0/ports/a0a9b766-27ee-456b-88f5-73d459573579 => generated 941 bytes in 36 msecs (HTTP/1.1 200) 4 headers in 157 bytes (1 switches on core 0)
2026-07-17 13:54:54.368 7 WARNING neutron.plugins.ml2.drivers.ovn.mech_driver.ovsdb.ovn_client [None req-193f24cb-44d9-405d-8bec-95e02f32a1fd - - - - - -] No port found with ID 96b535de-797d-4d66-a446-857ed89c3405: RuntimeError: No port found with ID 96b535de-797d-4d66-a446-857ed89c3405
2026-07-17 13:54:54.386 7 INFO neutron.plugins.ml2.drivers.ovn.mech_driver.mech_driver [None req-193f24cb-44d9-405d-8bec-95e02f32a1fd - - - - - -] OVN reports status down for port: a0a9b766-27ee-456b-88f5-73d459573579
2026-07-17 13:54:54.459 7 WARNING neutron.plugins.ml2.drivers.ovn.mech_driver.ovsdb.ovn_client [None req-193f24cb-44d9-405d-8bec-95e02f32a1fd - - - - - -] Logical_Switch_Port a0a9b766-27ee-456b-88f5-73d459573579 host information not removed, the port state is up
2026-07-17 13:54:54.459 7 INFO neutron.plugins.ml2.drivers.ovn.mech_driver.mech_driver [None req-193f24cb-44d9-405d-8bec-95e02f32a1fd - - - - - -] OVN reports status up for port: a0a9b766-27ee-456b-88f5-73d459573579
2026-07-17 13:54:54.472 7 INFO neutron.plugins.ml2.plugin [None req-193f24cb-44d9-405d-8bec-95e02f32a1fd - - - - - -] Attempt 1 to provision port a0a9b766-27ee-456b-88f5-73d459573579
2026-07-17 13:54:54.575 8 WARNING neutron.db.securitygroups_db [None req-13ac4c0c-7383-4831-8550-e8964eb55c32 0b56078c22b24945b67708de2a20284c 259120fc650b4bb2832d92cc62e3c4fe - - default default] project_id key not found in filters, using tenant_id instead. This support has been deprecated and will be removed in a future release.
2026-07-17 13:54:54.742 8 INFO neutron.db.ovn_revision_numbers_db [None req-13ac4c0c-7383-4831-8550-e8964eb55c32 0b56078c22b24945b67708de2a20284c 259120fc650b4bb2832d92cc62e3c4fe - - default default] Successfully bumped revision number for resource fd2a3b41-40d4-4d32-a64d-0ce5899c9267 (type: security_groups) to 1
2026-07-17 13:54:54.757 8 INFO neutron.db.ovn_revision_numbers_db [None req-13ac4c0c-7383-4831-8550-e8964eb55c32 0b56078c22b24945b67708de2a20284c 259120fc650b4bb2832d92cc62e3c4fe - - default default] Successfully bumped revision number for resource 34a28b56-b349-4b3c-9963-fb5f58ab143b (type: security_group_rules) to 0
2026-07-17 13:54:54.773 8 INFO neutron.db.ovn_revision_numbers_db [None req-13ac4c0c-7383-4831-8550-e8964eb55c32 0b56078c22b24945b67708de2a20284c 259120fc650b4bb2832d92cc62e3c4fe - - default default] Successfully bumped revision number for resource 81a7cf0a-ff4f-4a94-9ed5-cd010803d511 (type: security_group_rules) to 0
2026-07-17 13:54:54.786 8 INFO neutron.db.ovn_revision_numbers_db [None req-13ac4c0c-7383-4831-8550-e8964eb55c32 0b56078c22b24945b67708de2a20284c 259120fc650b4bb2832d92cc62e3c4fe - - default default] Successfully bumped revision number for resource ae6dadbd-672f-40dc-aeee-cca25926d372 (type: security_group_rules) to 0
2026-07-17 13:54:54.798 8 INFO neutron.db.ovn_revision_numbers_db [None req-13ac4c0c-7383-4831-8550-e8964eb55c32 0b56078c22b24945b67708de2a20284c 259120fc650b4bb2832d92cc62e3c4fe - - default default] Successfully bumped revision number for resource e7c524b9-0662-4ac2-b040-18b196ba5e22 (type: security_group_rules) to 0 [pid: 8|app: 0|req: 849/1680] 10.0.0.107 () {32 vars in 774 bytes} [Fri Jul 17 13:54:54 2026] GET /v2.0/security-groups?tenant_id=4e4320d77c1f46a19f68d6a36a0a00bc&name=default => generated 2925 bytes in 543 msecs (HTTP/1.1 200) 4 headers in 158 bytes (1 switches on core 0)
2026-07-17 13:54:54.956 7 INFO neutron.db.ovn_revision_numbers_db [None req-193f24cb-44d9-405d-8bec-95e02f32a1fd - - - - - -] Successfully bumped revision number for resource a0a9b766-27ee-456b-88f5-73d459573579 (type: ports) to 2 [pid: 8|app: 0|req: 850/1681] 10.0.0.107 () {32 vars in 717 bytes} [Fri Jul 17 13:54:55 2026] GET /v2.0/ports/a0a9b766-27ee-456b-88f5-73d459573579 => generated 943 bytes in 44 msecs (HTTP/1.1 200) 4 headers in 157 bytes (1 switches on core 0) [pid: 7|app: 0|req: 832/1682] 10.0.0.107 () {32 vars in 740 bytes} [Fri Jul 17 13:54:54 2026] DELETE /v2.0/security-groups/fd2a3b41-40d4-4d32-a64d-0ce5899c9267 => generated 0 bytes in 306 msecs (HTTP/1.1 204) 2 headers in 112 bytes (1 switches on core 0)
2026-07-17 13:54:55.316 7 WARNING neutron.db.securitygroups_db [None req-fc9e959d-437b-49df-b6ed-b2995668fb5e 0b56078c22b24945b67708de2a20284c 259120fc650b4bb2832d92cc62e3c4fe - - default default] project_id key not found in filters, using tenant_id instead. This support has been deprecated and will be removed in a future release.
2026-07-17 13:54:55.342 8 INFO neutron_taas.services.taas.taas_plugin [None req-31a764e2-440f-4c39-a710-58ee6ec191fe 2f9ff62baff74e278a04c18e6ac3c0ae c3e88bb4c49b41649a3814cac0c3afc1 - - default default] TaaS: Handle Delete Port: a0a9b766-27ee-456b-88f5-73d459573579
2026-07-17 13:54:55.345 8 INFO neutron_taas.services.taas.tap_mirror_plugin [None req-31a764e2-440f-4c39-a710-58ee6ec191fe 2f9ff62baff74e278a04c18e6ac3c0ae c3e88bb4c49b41649a3814cac0c3afc1 - - default default] Tap Mirror: Handle Delete Port: a0a9b766-27ee-456b-88f5-73d459573579
2026-07-17 13:54:55.446 7 INFO neutron.db.ovn_revision_numbers_db [None req-fc9e959d-437b-49df-b6ed-b2995668fb5e 0b56078c22b24945b67708de2a20284c 259120fc650b4bb2832d92cc62e3c4fe - - default default] Successfully bumped revision number for resource dd95f654-db74-4dfa-8741-6247519760bf (type: security_groups) to 1
2026-07-17 13:54:55.459 7 INFO neutron.db.ovn_revision_numbers_db [None req-fc9e959d-437b-49df-b6ed-b2995668fb5e 0b56078c22b24945b67708de2a20284c 259120fc650b4bb2832d92cc62e3c4fe - - default default] Successfully bumped revision number for resource 02a6dc23-a382-4f2a-8d68-eea4a5007a6b (type: security_group_rules) to 0
2026-07-17 13:54:55.470 7 INFO neutron.db.ovn_revision_numbers_db [None req-fc9e959d-437b-49df-b6ed-b2995668fb5e 0b56078c22b24945b67708de2a20284c 259120fc650b4bb2832d92cc62e3c4fe - - default default] Successfully bumped revision number for resource 0f4b7078-7a93-4d2f-a47a-af68310a3327 (type: security_group_rules) to 0
2026-07-17 13:54:55.481 7 INFO neutron.db.ovn_revision_numbers_db [None req-fc9e959d-437b-49df-b6ed-b2995668fb5e 0b56078c22b24945b67708de2a20284c 259120fc650b4bb2832d92cc62e3c4fe - - default default] Successfully bumped revision number for resource 34bbcc7e-02c3-4dce-a9f5-b5da087c526e (type: security_group_rules) to 0
2026-07-17 13:54:55.492 7 INFO neutron.db.ovn_revision_numbers_db [None req-fc9e959d-437b-49df-b6ed-b2995668fb5e 0b56078c22b24945b67708de2a20284c 259120fc650b4bb2832d92cc62e3c4fe - - default default] Successfully bumped revision number for resource a1241c43-2d6a-4ac3-b93e-e9eabb9327f5 (type: security_group_rules) to 0 [pid: 7|app: 0|req: 833/1683] 10.0.0.107 () {32 vars in 774 bytes} [Fri Jul 17 13:54:55 2026] GET /v2.0/security-groups?tenant_id=f4addfd879534ecaa1ab50e9e4e76cfe&name=default => generated 2925 bytes in 239 msecs (HTTP/1.1 200) 4 headers in 158 bytes (1 switches on core 0) [pid: 8|app: 0|req: 851/1684] 10.0.0.107 () {34 vars in 789 bytes} [Fri Jul 17 13:54:55 2026] PUT /v2.0/routers/f225d992-03fd-4271-9bc2-65f90ab872ed/remove_router_interface => generated 310 bytes in 615 msecs (HTTP/1.1 200) 4 headers in 157 bytes (1 switches on core 0) /var/lib/openstack/lib/python3.12/site-packages/pycadf/identifier.py:70: UserWarning: Invalid uuid: neutron. To ensure interoperability, identifiers should be a valid uuid. warnings.warn(('Invalid uuid: %s. To ensure interoperability, ' [pid: 8|app: 0|req: 852/1685] 10.0.0.107 () {32 vars in 736 bytes} [Fri Jul 17 13:54:55 2026] GET /v2.0/ports?device_id=f225d992-03fd-4271-9bc2-65f90ab872ed => generated 12 bytes in 24 msecs (HTTP/1.1 200) 4 headers in 156 bytes (1 switches on core 0) [pid: 7|app: 0|req: 834/1686] 10.0.0.107 () {32 vars in 740 bytes} [Fri Jul 17 13:54:55 2026] DELETE /v2.0/security-groups/dd95f654-db74-4dfa-8741-6247519760bf => generated 0 bytes in 210 msecs (HTTP/1.1 204) 2 headers in 112 bytes (1 switches on core 0) [pid: 8|app: 0|req: 853/1687] 10.0.0.107 () {32 vars in 724 bytes} [Fri Jul 17 13:54:55 2026] DELETE /v2.0/routers/f225d992-03fd-4271-9bc2-65f90ab872ed => generated 0 bytes in 179 msecs (HTTP/1.1 204) 2 headers in 112 bytes (1 switches on core 0) [pid: 7|app: 0|req: 835/1688] 10.0.0.107 () {32 vars in 724 bytes} [Fri Jul 17 13:54:55 2026] DELETE /v2.0/subnets/e1f4440c-840c-4ff9-a92c-e78eea313aec => generated 0 bytes in 159 msecs (HTTP/1.1 204) 3 headers in 131 bytes (1 switches on core 0)
2026-07-17 13:54:56.167 8 INFO neutron_taas.services.taas.taas_plugin [None req-66913c6e-59e2-4505-8f63-aa109c9e61fa 2f9ff62baff74e278a04c18e6ac3c0ae c3e88bb4c49b41649a3814cac0c3afc1 - - default default] TaaS: Handle Delete Port: 80b3df8b-036f-4c29-a28e-b0a0818c9cfd
2026-07-17 13:54:56.170 8 INFO neutron_taas.services.taas.tap_mirror_plugin [None req-66913c6e-59e2-4505-8f63-aa109c9e61fa 2f9ff62baff74e278a04c18e6ac3c0ae c3e88bb4c49b41649a3814cac0c3afc1 - - default default] Tap Mirror: Handle Delete Port: 80b3df8b-036f-4c29-a28e-b0a0818c9cfd
2026-07-17 13:54:56.380 8 INFO neutron.services.segments.plugin [-] Segment 7a8e7215-faf5-4266-b7d9-a25adf426773 resource provider aggregate not found
2026-07-17 13:54:56.383 8 INFO neutron.services.segments.plugin [-] Segment 7a8e7215-faf5-4266-b7d9-a25adf426773 resource provider aggregate not found
2026-07-17 13:54:56.401 8 INFO neutron.services.segments.plugin [-] Client error retrieving segment 7a8e7215-faf5-4266-b7d9-a25adf426773 resource provider; error: Placement Client Error (4xx): {"errors": [{"status": 404, "title": "Not Found", "detail": "The resource could not be found.\n\n No resource provider with uuid 7a8e7215-faf5-4266-b7d9-a25adf426773 found for delete ", "request_id": "req-f9363ca1-88e6-4db2-a1b7-3470395c583f"}]}
2026-07-17 13:54:56.401 8 INFO neutron.services.segments.plugin [-] Client error retrieving segment 7a8e7215-faf5-4266-b7d9-a25adf426773 resource provider; error: Placement Client Error (4xx): {"errors": [{"status": 404, "title": "Not Found", "detail": "The resource could not be found.\n\n No resource provider with uuid 7a8e7215-faf5-4266-b7d9-a25adf426773 found for delete ", "request_id": "req-420b0cbb-0d10-4989-a716-9c435902c3ea"}]} [pid: 8|app: 0|req: 854/1689] 10.0.0.107 () {32 vars in 726 bytes} [Fri Jul 17 13:54:56 2026] DELETE /v2.0/networks/666bd302-3335-4262-a9d8-5c720beb3a7e => generated 0 bytes in 368 msecs (HTTP/1.1 204) 3 headers in 131 bytes (1 switches on core 0)
2026-07-17 13:54:56.678 7 WARNING neutron.scheduler.dhcp_agent_scheduler [None req-1e9ae5a0-290a-40a4-b74d-93c94ae09686 333c473a949041a49b57ece7f2f85bb3 f0e9a695273e4beaa867182ec4a13c64 - - default default] No more DHCP agents
2026-07-17 13:54:56.679 7 WARNING neutron.api.rpc.agentnotifiers.dhcp_rpc_agent_api [None req-1e9ae5a0-290a-40a4-b74d-93c94ae09686 333c473a949041a49b57ece7f2f85bb3 f0e9a695273e4beaa867182ec4a13c64 - - default default] Unable to schedule network 3465483a-59ff-466b-af17-c03558f0ef2a: no agents available; will retry on subsequent port and subnet creation events.
2026-07-17 13:54:56.842 8 WARNING neutron.scheduler.dhcp_agent_scheduler [None req-aa6e7913-e4ee-458c-839a-a2db3d7ee8be 2f9ff62baff74e278a04c18e6ac3c0ae c3e88bb4c49b41649a3814cac0c3afc1 - - default default] No more DHCP agents
2026-07-17 13:54:56.844 8 WARNING neutron.api.rpc.agentnotifiers.dhcp_rpc_agent_api [None req-aa6e7913-e4ee-458c-839a-a2db3d7ee8be 2f9ff62baff74e278a04c18e6ac3c0ae c3e88bb4c49b41649a3814cac0c3afc1 - - default default] Unable to schedule network 3465483a-59ff-466b-af17-c03558f0ef2a: no agents available; will retry on subsequent port and subnet creation events.
2026-07-17 13:54:56.995 8 INFO neutron.db.ovn_revision_numbers_db [None req-aa6e7913-e4ee-458c-839a-a2db3d7ee8be 2f9ff62baff74e278a04c18e6ac3c0ae c3e88bb4c49b41649a3814cac0c3afc1 - - default default] Successfully bumped revision number for resource 1b9ffa86-e2f2-48ba-a120-f6dcdc611bd8 (type: ports) to 1 [pid: 7|app: 0|req: 836/1690] 10.0.0.107 () {34 vars in 676 bytes} [Fri Jul 17 13:54:56 2026] POST /v2.0/floatingips => generated 552 bytes in 702 msecs (HTTP/1.1 201) 4 headers in 162 bytes (1 switches on core 0)
2026-07-17 13:54:57.333 7 WARNING neutron.scheduler.dhcp_agent_scheduler [None req-09a70d10-61a4-4abd-b827-22cb2ce1b632 333c473a949041a49b57ece7f2f85bb3 f0e9a695273e4beaa867182ec4a13c64 - - default default] No more DHCP agents
2026-07-17 13:54:57.334 7 WARNING neutron.api.rpc.agentnotifiers.dhcp_rpc_agent_api [None req-09a70d10-61a4-4abd-b827-22cb2ce1b632 333c473a949041a49b57ece7f2f85bb3 f0e9a695273e4beaa867182ec4a13c64 - - default default] Unable to schedule network 3465483a-59ff-466b-af17-c03558f0ef2a: no agents available; will retry on subsequent port and subnet creation events.
2026-07-17 13:54:57.675 8 INFO neutron.db.ovn_revision_numbers_db [None req-aa6e7913-e4ee-458c-839a-a2db3d7ee8be 2f9ff62baff74e278a04c18e6ac3c0ae c3e88bb4c49b41649a3814cac0c3afc1 - - default default] Successfully bumped revision number for resource 1b9ffa86-e2f2-48ba-a120-f6dcdc611bd8 (type: router_ports) to 1 [pid: 7|app: 0|req: 837/1691] 10.0.0.107 () {34 vars in 676 bytes} [Fri Jul 17 13:54:57 2026] POST /v2.0/floatingips => generated 552 bytes in 660 msecs (HTTP/1.1 201) 4 headers in 162 bytes (1 switches on core 0)
2026-07-17 13:54:57.760 8 INFO neutron.db.ovn_revision_numbers_db [None req-aa6e7913-e4ee-458c-839a-a2db3d7ee8be 2f9ff62baff74e278a04c18e6ac3c0ae c3e88bb4c49b41649a3814cac0c3afc1 - - default default] Successfully bumped revision number for resource a36fb88b-d42a-45e8-a9a3-e6da8dc499f8 (type: routers) to 2 [pid: 8|app: 0|req: 855/1694] 10.0.0.107 () {34 vars in 669 bytes} [Fri Jul 17 13:54:56 2026] POST /v2.0/routers => generated 969 bytes in 1358 msecs (HTTP/1.1 201) 4 headers in 162 bytes (1 switches on core 0) [pid: 8|app: 0|req: 856/1695] 10.0.0.107 () {32 vars in 721 bytes} [Fri Jul 17 13:54:57 2026] GET /v2.0/routers/a36fb88b-d42a-45e8-a9a3-e6da8dc499f8 => generated 975 bytes in 59 msecs (HTTP/1.1 200) 4 headers in 157 bytes (1 switches on core 0) [pid: 8|app: 0|req: 857/1696] 10.0.0.107 () {32 vars in 647 bytes} [Fri Jul 17 13:54:57 2026] GET /v2.0/routers => generated 978 bytes in 95 msecs (HTTP/1.1 200) 4 headers in 157 bytes (1 switches on core 0)
2026-07-17 13:54:58.022 7 WARNING neutron.scheduler.dhcp_agent_scheduler [None req-04af1ba8-aa64-4fcc-b2b2-f361b3a8f9d1 333c473a949041a49b57ece7f2f85bb3 f0e9a695273e4beaa867182ec4a13c64 - - default default] No more DHCP agents
2026-07-17 13:54:58.024 7 WARNING neutron.api.rpc.agentnotifiers.dhcp_rpc_agent_api [None req-04af1ba8-aa64-4fcc-b2b2-f361b3a8f9d1 333c473a949041a49b57ece7f2f85bb3 f0e9a695273e4beaa867182ec4a13c64 - - default default] Unable to schedule network 3465483a-59ff-466b-af17-c03558f0ef2a: no agents available; will retry on subsequent port and subnet creation events. [pid: 7|app: 0|req: 840/1697] 10.0.0.107 () {34 vars in 676 bytes} [Fri Jul 17 13:54:57 2026] POST /v2.0/floatingips => generated 552 bytes in 670 msecs (HTTP/1.1 201) 4 headers in 162 bytes (1 switches on core 0) [pid: 7|app: 0|req: 841/1698] 10.0.0.107 () {34 vars in 676 bytes} [Fri Jul 17 13:54:58 2026] POST /v2.0/subnetpools => generated 516 bytes in 162 msecs (HTTP/1.1 201) 4 headers in 162 bytes (1 switches on core 0)
2026-07-17 13:54:58.716 8 INFO neutron.db.ovn_revision_numbers_db [None req-c2cef46f-6c61-4ce0-8e8d-add16ee2dd56 2f9ff62baff74e278a04c18e6ac3c0ae c3e88bb4c49b41649a3814cac0c3afc1 - - default default] Successfully bumped revision number for resource a36fb88b-d42a-45e8-a9a3-e6da8dc499f8 (type: routers) to 3 [pid: 8|app: 0|req: 858/1699] 10.0.0.107 () {34 vars in 741 bytes} [Fri Jul 17 13:54:57 2026] PUT /v2.0/routers/a36fb88b-d42a-45e8-a9a3-e6da8dc499f8 => generated 982 bytes in 764 msecs (HTTP/1.1 200) 4 headers in 157 bytes (1 switches on core 0)
2026-07-17 13:54:58.768 7 WARNING neutron.scheduler.dhcp_agent_scheduler [None req-a149d96a-0a59-4550-8240-58a9d5c6f538 333c473a949041a49b57ece7f2f85bb3 f0e9a695273e4beaa867182ec4a13c64 - - default default] No more DHCP agents
2026-07-17 13:54:58.770 7 WARNING neutron.api.rpc.agentnotifiers.dhcp_rpc_agent_api [None req-a149d96a-0a59-4550-8240-58a9d5c6f538 333c473a949041a49b57ece7f2f85bb3 f0e9a695273e4beaa867182ec4a13c64 - - default default] Unable to schedule network 3465483a-59ff-466b-af17-c03558f0ef2a: no agents available; will retry on subsequent port and subnet creation events. [pid: 8|app: 0|req: 859/1700] 10.0.0.107 () {34 vars in 676 bytes} [Fri Jul 17 13:54:58 2026] POST /v2.0/subnetpools => generated 516 bytes in 50 msecs (HTTP/1.1 201) 4 headers in 162 bytes (1 switches on core 0) [pid: 8|app: 0|req: 860/1701] 10.0.0.107 () {32 vars in 721 bytes} [Fri Jul 17 13:54:58 2026] GET /v2.0/routers/a36fb88b-d42a-45e8-a9a3-e6da8dc499f8 => generated 982 bytes in 54 msecs (HTTP/1.1 200) 4 headers in 157 bytes (1 switches on core 0) [pid: 8|app: 0|req: 861/1702] 10.0.0.107 () {34 vars in 676 bytes} [Fri Jul 17 13:54:58 2026] POST /v2.0/subnetpools => generated 516 bytes in 49 msecs (HTTP/1.1 201) 4 headers in 162 bytes (1 switches on core 0) [pid: 8|app: 0|req: 862/1703] 10.0.0.107 () {32 vars in 736 bytes} [Fri Jul 17 13:54:58 2026] GET /v2.0/ports?device_id=a36fb88b-d42a-45e8-a9a3-e6da8dc499f8 => generated 12 bytes in 17 msecs (HTTP/1.1 200) 4 headers in 156 bytes (1 switches on core 0) [pid: 8|app: 0|req: 863/1704] 10.0.0.107 () {34 vars in 676 bytes} [Fri Jul 17 13:54:58 2026] POST /v2.0/subnetpools => generated 516 bytes in 52 msecs (HTTP/1.1 201) 4 headers in 162 bytes (1 switches on core 0) [pid: 7|app: 0|req: 842/1705] 10.0.0.107 () {34 vars in 676 bytes} [Fri Jul 17 13:54:58 2026] POST /v2.0/floatingips => generated 552 bytes in 520 msecs (HTTP/1.1 201) 4 headers in 162 bytes (1 switches on core 0) [pid: 7|app: 0|req: 843/1706] 10.0.0.107 () {34 vars in 676 bytes} [Fri Jul 17 13:54:59 2026] POST /v2.0/subnetpools => generated 516 bytes in 47 msecs (HTTP/1.1 201) 4 headers in 162 bytes (1 switches on core 0)
2026-07-17 13:54:59.263 8 INFO neutron_taas.services.taas.taas_plugin [None req-2a7df901-098c-4ff8-84eb-a51a2750515e 2f9ff62baff74e278a04c18e6ac3c0ae c3e88bb4c49b41649a3814cac0c3afc1 - - default default] TaaS: Handle Delete Port: 1b9ffa86-e2f2-48ba-a120-f6dcdc611bd8
2026-07-17 13:54:59.266 8 INFO neutron_taas.services.taas.tap_mirror_plugin [None req-2a7df901-098c-4ff8-84eb-a51a2750515e 2f9ff62baff74e278a04c18e6ac3c0ae c3e88bb4c49b41649a3814cac0c3afc1 - - default default] Tap Mirror: Handle Delete Port: 1b9ffa86-e2f2-48ba-a120-f6dcdc611bd8
2026-07-17 13:54:59.302 7 WARNING neutron.scheduler.dhcp_agent_scheduler [None req-6cd0a354-5c17-4b75-aa5f-fa92a51c67ff 333c473a949041a49b57ece7f2f85bb3 f0e9a695273e4beaa867182ec4a13c64 - - default default] No more DHCP agents
