2026-07-17 13:55:09.893 7 WARNING tagging [None req-c4f044d8-087e-4168-9cc1-05950f6a9c3f e66b2432072549428a8f8e4ab72360e5 302fbe115f694674b0b55549c70c34ce - - default default] project_id key not found in request, using tenant_id instead. This support has been deprecated and will be removed in a future release. [pid: 7|app: 0|req: 888/1784] 10.0.0.107 () {32 vars in 739 bytes} [Fri Jul 17 13:55:09 2026] GET /v2.0/floatingips/7c373cbf-1607-40a7-bef5-cb16c5ba8b78/tags => generated 34 bytes in 39 msecs (HTTP/1.1 200) 4 headers in 156 bytes (1 switches on core 0)
2026-07-17 13:55:09.927 8 INFO neutron.db.segments_db [None req-c73e9670-af1e-48ca-9d0e-346ba04e6702 6214818184354233a9ff063601fd1cac b9168264ab3b40e580517cf9cda0f7d4 - - default default] Added segment 377a79c5-145e-40cc-ba83-b307fa753656 of type geneve for network 1a63828d-c1e8-4422-8a17-bc40cb98a87c
2026-07-17 13:55:09.936 7 WARNING tagging [None req-9e6d3abb-875b-481b-8224-bfc63ced09f3 e66b2432072549428a8f8e4ab72360e5 302fbe115f694674b0b55549c70c34ce - - default default] project_id key not found in request, using tenant_id instead. This support has been deprecated and will be removed in a future release. [pid: 7|app: 0|req: 889/1785] 10.0.0.107 () {34 vars in 766 bytes} [Fri Jul 17 13:55:09 2026] PUT /v2.0/floatingips/7c373cbf-1607-40a7-bef5-cb16c5ba8b78/tags/red => generated 4 bytes in 58 msecs (HTTP/1.1 201) 4 headers in 160 bytes (1 switches on core 0)
2026-07-17 13:55:10.011 7 WARNING tagging [None req-062d9865-34fe-4bd6-8223-9a8200efc8ae e66b2432072549428a8f8e4ab72360e5 302fbe115f694674b0b55549c70c34ce - - default default] project_id key not found in request, using tenant_id instead. This support has been deprecated and will be removed in a future release. [pid: 7|app: 0|req: 890/1786] 10.0.0.107 () {32 vars in 739 bytes} [Fri Jul 17 13:55:09 2026] GET /v2.0/floatingips/7c373cbf-1607-40a7-bef5-cb16c5ba8b78/tags => generated 34 bytes in 55 msecs (HTTP/1.1 200) 4 headers in 156 bytes (1 switches on core 0)
2026-07-17 13:55:10.077 8 INFO neutron.db.ovn_revision_numbers_db [None req-c73e9670-af1e-48ca-9d0e-346ba04e6702 6214818184354233a9ff063601fd1cac b9168264ab3b40e580517cf9cda0f7d4 - - default default] Successfully bumped revision number for resource 1a63828d-c1e8-4422-8a17-bc40cb98a87c (type: networks) to 1
2026-07-17 13:55:10.089 7 WARNING tagging [None req-d0f4ff5b-d271-4486-9fc5-35bdc40124c7 e66b2432072549428a8f8e4ab72360e5 302fbe115f694674b0b55549c70c34ce - - default default] project_id key not found in request, using tenant_id instead. This support has been deprecated and will be removed in a future release.
2026-07-17 13:55:10.308 8 WARNING neutron.scheduler.dhcp_agent_scheduler [None req-c73e9670-af1e-48ca-9d0e-346ba04e6702 6214818184354233a9ff063601fd1cac b9168264ab3b40e580517cf9cda0f7d4 - - default default] No more DHCP agents
2026-07-17 13:55:10.309 8 WARNING neutron.api.rpc.agentnotifiers.dhcp_rpc_agent_api [None req-c73e9670-af1e-48ca-9d0e-346ba04e6702 6214818184354233a9ff063601fd1cac b9168264ab3b40e580517cf9cda0f7d4 - - default default] Unable to schedule network 1a63828d-c1e8-4422-8a17-bc40cb98a87c: no agents available; will retry on subsequent port and subnet creation events.
2026-07-17 13:55:10.400 8 INFO neutron.db.ovn_revision_numbers_db [None req-c73e9670-af1e-48ca-9d0e-346ba04e6702 6214818184354233a9ff063601fd1cac b9168264ab3b40e580517cf9cda0f7d4 - - default default] Successfully bumped revision number for resource 28a56a9f-dbfe-4a1c-9767-49fb9c43d354 (type: ports) to 1 [pid: 8|app: 0|req: 897/1787] 10.0.0.107 () {34 vars in 670 bytes} [Fri Jul 17 13:55:09 2026] POST /v2.0/networks => generated 670 bytes in 588 msecs (HTTP/1.1 201) 4 headers in 162 bytes (1 switches on core 0)
2026-07-17 13:55:10.605 7 INFO neutron.plugins.ml2.drivers.ovn.mech_driver.mech_driver [None req-9e45597b-f098-40fb-9054-86c2f1cc780f - - - - - -] OVN reports status down for port: 28a56a9f-dbfe-4a1c-9767-49fb9c43d354 [pid: 7|app: 0|req: 891/1788] 10.0.0.107 () {34 vars in 788 bytes} [Fri Jul 17 13:55:10 2026] PUT /v2.0/floatingips/7c373cbf-1607-40a7-bef5-cb16c5ba8b78/tags/black.or.white => generated 4 bytes in 572 msecs (HTTP/1.1 201) 4 headers in 160 bytes (1 switches on core 0)
2026-07-17 13:55:10.654 7 WARNING tagging [None req-e52b67fd-dd9e-4d48-baeb-fa8487370a64 e66b2432072549428a8f8e4ab72360e5 302fbe115f694674b0b55549c70c34ce - - default default] project_id key not found in request, using tenant_id instead. This support has been deprecated and will be removed in a future release.
2026-07-17 13:55:10.662 8 WARNING neutron.scheduler.dhcp_agent_scheduler [None req-37255877-0bd5-47c1-9e5b-768c96c365b4 6214818184354233a9ff063601fd1cac b9168264ab3b40e580517cf9cda0f7d4 - - default default] No more DHCP agents
2026-07-17 13:55:10.665 8 WARNING neutron.api.rpc.agentnotifiers.dhcp_rpc_agent_api [None req-37255877-0bd5-47c1-9e5b-768c96c365b4 6214818184354233a9ff063601fd1cac b9168264ab3b40e580517cf9cda0f7d4 - - default default] Unable to schedule network 1a63828d-c1e8-4422-8a17-bc40cb98a87c: no agents available; will retry on subsequent port and subnet creation events. [pid: 7|app: 0|req: 892/1789] 10.0.0.107 () {32 vars in 739 bytes} [Fri Jul 17 13:55:10 2026] GET /v2.0/floatingips/7c373cbf-1607-40a7-bef5-cb16c5ba8b78/tags => generated 52 bytes in 53 msecs (HTTP/1.1 200) 4 headers in 156 bytes (1 switches on core 0)
2026-07-17 13:55:10.736 7 WARNING tagging [None req-4b13dafa-16fb-49b7-87d7-d160345ddbb3 e66b2432072549428a8f8e4ab72360e5 302fbe115f694674b0b55549c70c34ce - - default default] project_id key not found in request, using tenant_id instead. This support has been deprecated and will be removed in a future release.
2026-07-17 13:55:10.768 8 INFO neutron.db.ovn_revision_numbers_db [None req-37255877-0bd5-47c1-9e5b-768c96c365b4 6214818184354233a9ff063601fd1cac b9168264ab3b40e580517cf9cda0f7d4 - - default default] Successfully bumped revision number for resource 2750e2aa-5012-4e97-bfc1-5f60043641f9 (type: ports) to 1
2026-07-17 13:55:10.783 7 INFO neutron.plugins.ml2.drivers.ovn.mech_driver.mech_driver [None req-9e45597b-f098-40fb-9054-86c2f1cc780f - - - - - -] OVN reports status down for port: 2750e2aa-5012-4e97-bfc1-5f60043641f9 [pid: 8|app: 0|req: 898/1790] 10.0.0.107 () {34 vars in 664 bytes} [Fri Jul 17 13:55:10 2026] POST /v2.0/ports => generated 743 bytes in 362 msecs (HTTP/1.1 201) 4 headers in 162 bytes (1 switches on core 0) /var/lib/openstack/lib/python3.12/site-packages/pycadf/identifier.py:70: UserWarning: Invalid uuid: neutron. To ensure interoperability, identifiers should be a valid uuid. warnings.warn(('Invalid uuid: %s. To ensure interoperability, ' [pid: 7|app: 0|req: 893/1791] 10.0.0.107 () {34 vars in 759 bytes} [Fri Jul 17 13:55:10 2026] PUT /v2.0/floatingips/7c373cbf-1607-40a7-bef5-cb16c5ba8b78/tags => generated 37 bytes in 117 msecs (HTTP/1.1 200) 4 headers in 156 bytes (1 switches on core 0)
2026-07-17 13:55:10.829 7 WARNING tagging [None req-2bffcfe8-a235-49ca-8577-0aef31b01a7f e66b2432072549428a8f8e4ab72360e5 302fbe115f694674b0b55549c70c34ce - - default default] project_id key not found in request, using tenant_id instead. This support has been deprecated and will be removed in a future release. [pid: 7|app: 0|req: 894/1792] 10.0.0.107 () {32 vars in 739 bytes} [Fri Jul 17 13:55:10 2026] GET /v2.0/floatingips/7c373cbf-1607-40a7-bef5-cb16c5ba8b78/tags => generated 37 bytes in 44 msecs (HTTP/1.1 200) 4 headers in 156 bytes (1 switches on core 0)
2026-07-17 13:55:10.885 7 WARNING tagging [None req-216213cb-d6be-435e-92b2-a986807ca0d4 e66b2432072549428a8f8e4ab72360e5 302fbe115f694674b0b55549c70c34ce - - default default] project_id key not found in request, using tenant_id instead. This support has been deprecated and will be removed in a future release. [pid: 7|app: 0|req: 895/1793] 10.0.0.107 () {32 vars in 747 bytes} [Fri Jul 17 13:55:10 2026] GET /v2.0/floatingips/7c373cbf-1607-40a7-bef5-cb16c5ba8b78/tags/red => generated 0 bytes in 50 msecs (HTTP/1.1 204) 2 headers in 112 bytes (1 switches on core 0)
2026-07-17 13:55:10.929 7 WARNING tagging [None req-dae09135-07b0-4603-81d2-1509f864812b e66b2432072549428a8f8e4ab72360e5 302fbe115f694674b0b55549c70c34ce - - default default] project_id key not found in request, using tenant_id instead. This support has been deprecated and will be removed in a future release. [pid: 8|app: 0|req: 899/1794] 10.0.0.107 () {34 vars in 666 bytes} [Fri Jul 17 13:55:10 2026] POST /v2.0/trunks => generated 409 bytes in 155 msecs (HTTP/1.1 201) 4 headers in 162 bytes (1 switches on core 0)
2026-07-17 13:55:10.948 7 INFO neutron.api.v2.resource [None req-dae09135-07b0-4603-81d2-1509f864812b e66b2432072549428a8f8e4ab72360e5 302fbe115f694674b0b55549c70c34ce - - default default] show failed (client error): The resource could not be found. [pid: 7|app: 0|req: 896/1795] 10.0.0.107 () {32 vars in 751 bytes} [Fri Jul 17 13:55:10 2026] GET /v2.0/floatingips/7c373cbf-1607-40a7-bef5-cb16c5ba8b78/tags/green => generated 99 bytes in 41 msecs (HTTP/1.1 404) 4 headers in 163 bytes (1 switches on core 0)
2026-07-17 13:55:10.999 7 WARNING tagging [None req-c609585f-53e6-4d8f-a8a4-b69048301070 e66b2432072549428a8f8e4ab72360e5 302fbe115f694674b0b55549c70c34ce - - default default] project_id key not found in request, using tenant_id instead. This support has been deprecated and will be removed in a future release. [pid: 7|app: 0|req: 897/1796] 10.0.0.107 () {32 vars in 750 bytes} [Fri Jul 17 13:55:10 2026] DELETE /v2.0/floatingips/7c373cbf-1607-40a7-bef5-cb16c5ba8b78/tags/red => generated 0 bytes in 91 msecs (HTTP/1.1 204) 2 headers in 112 bytes (1 switches on core 0)
2026-07-17 13:55:11.064 8 INFO neutron.db.segments_db [None req-27567557-9dae-4dec-9c96-13fe7a470632 6214818184354233a9ff063601fd1cac b9168264ab3b40e580517cf9cda0f7d4 - - default default] Added segment e3191c30-90a4-4999-80b1-0ffc22db5b84 of type geneve for network c5eb2a2a-1c78-4492-b6c3-475500902a25
2026-07-17 13:55:11.079 7 WARNING tagging [None req-ace3303c-4af9-4cc0-aec6-dadba399b942 e66b2432072549428a8f8e4ab72360e5 302fbe115f694674b0b55549c70c34ce - - default default] project_id key not found in request, using tenant_id instead. This support has been deprecated and will be removed in a future release. [pid: 7|app: 0|req: 898/1797] 10.0.0.107 () {32 vars in 739 bytes} [Fri Jul 17 13:55:11 2026] GET /v2.0/floatingips/7c373cbf-1607-40a7-bef5-cb16c5ba8b78/tags => generated 30 bytes in 47 msecs (HTTP/1.1 200) 4 headers in 156 bytes (1 switches on core 0)
2026-07-17 13:55:11.130 7 WARNING tagging [None req-4e93b314-3603-42de-a993-a249724cd07a e66b2432072549428a8f8e4ab72360e5 302fbe115f694674b0b55549c70c34ce - - default default] project_id key not found in request, using tenant_id instead. This support has been deprecated and will be removed in a future release.
2026-07-17 13:55:11.161 7 INFO neutron.api.v2.resource [None req-4e93b314-3603-42de-a993-a249724cd07a e66b2432072549428a8f8e4ab72360e5 302fbe115f694674b0b55549c70c34ce - - default default] delete failed (client error): The resource could not be found. [pid: 7|app: 0|req: 899/1798] 10.0.0.107 () {32 vars in 754 bytes} [Fri Jul 17 13:55:11 2026] DELETE /v2.0/floatingips/7c373cbf-1607-40a7-bef5-cb16c5ba8b78/tags/green => generated 99 bytes in 57 msecs (HTTP/1.1 404) 4 headers in 163 bytes (1 switches on core 0)
2026-07-17 13:55:11.167 8 INFO neutron.db.ovn_revision_numbers_db [None req-27567557-9dae-4dec-9c96-13fe7a470632 6214818184354233a9ff063601fd1cac b9168264ab3b40e580517cf9cda0f7d4 - - default default] Successfully bumped revision number for resource c5eb2a2a-1c78-4492-b6c3-475500902a25 (type: networks) to 1
2026-07-17 13:55:11.191 7 WARNING tagging [None req-943ed393-7b03-49d2-852b-33fcae60605c e66b2432072549428a8f8e4ab72360e5 302fbe115f694674b0b55549c70c34ce - - default default] project_id key not found in request, using tenant_id instead. This support has been deprecated and will be removed in a future release. [pid: 7|app: 0|req: 900/1799] 10.0.0.107 () {32 vars in 742 bytes} [Fri Jul 17 13:55:11 2026] DELETE /v2.0/floatingips/7c373cbf-1607-40a7-bef5-cb16c5ba8b78/tags => generated 0 bytes in 54 msecs (HTTP/1.1 204) 2 headers in 112 bytes (1 switches on core 0)
2026-07-17 13:55:11.248 7 WARNING tagging [None req-a7cd5465-9afc-4983-a0f4-85f15bab635a e66b2432072549428a8f8e4ab72360e5 302fbe115f694674b0b55549c70c34ce - - default default] project_id key not found in request, using tenant_id instead. This support has been deprecated and will be removed in a future release. [pid: 7|app: 0|req: 901/1800] 10.0.0.107 () {32 vars in 739 bytes} [Fri Jul 17 13:55:11 2026] GET /v2.0/floatingips/7c373cbf-1607-40a7-bef5-cb16c5ba8b78/tags => generated 12 bytes in 42 msecs (HTTP/1.1 200) 4 headers in 156 bytes (1 switches on core 0)
2026-07-17 13:55:11.291 8 WARNING neutron.scheduler.dhcp_agent_scheduler [None req-27567557-9dae-4dec-9c96-13fe7a470632 6214818184354233a9ff063601fd1cac b9168264ab3b40e580517cf9cda0f7d4 - - default default] No more DHCP agents
2026-07-17 13:55:11.293 8 WARNING neutron.api.rpc.agentnotifiers.dhcp_rpc_agent_api [None req-27567557-9dae-4dec-9c96-13fe7a470632 6214818184354233a9ff063601fd1cac b9168264ab3b40e580517cf9cda0f7d4 - - default default] Unable to schedule network c5eb2a2a-1c78-4492-b6c3-475500902a25: no agents available; will retry on subsequent port and subnet creation events.
2026-07-17 13:55:11.351 8 INFO neutron.plugins.ml2.drivers.ovn.mech_driver.mech_driver [None req-33c59707-1db9-42ea-8c0b-e78c02e831f3 - - - - - -] OVN reports status down for port: 544a9f78-ed9a-4ef5-a89e-b385fe254d23
2026-07-17 13:55:11.415 7 INFO neutron_taas.services.taas.taas_plugin [None req-ac56c332-fafa-4754-8c44-28c13b105510 e66b2432072549428a8f8e4ab72360e5 302fbe115f694674b0b55549c70c34ce - - default default] TaaS: Handle Delete Port: f24f3fb1-2fc1-4101-8c62-07304f9f17ef
2026-07-17 13:55:11.415 8 INFO neutron.db.ovn_revision_numbers_db [None req-27567557-9dae-4dec-9c96-13fe7a470632 6214818184354233a9ff063601fd1cac b9168264ab3b40e580517cf9cda0f7d4 - - default default] Successfully bumped revision number for resource 544a9f78-ed9a-4ef5-a89e-b385fe254d23 (type: ports) to 1
2026-07-17 13:55:11.417 7 INFO neutron_taas.services.taas.tap_mirror_plugin [None req-ac56c332-fafa-4754-8c44-28c13b105510 e66b2432072549428a8f8e4ab72360e5 302fbe115f694674b0b55549c70c34ce - - default default] Tap Mirror: Handle Delete Port: f24f3fb1-2fc1-4101-8c62-07304f9f17ef [pid: 8|app: 0|req: 900/1801] 10.0.0.107 () {34 vars in 670 bytes} [Fri Jul 17 13:55:10 2026] POST /v2.0/networks => generated 669 bytes in 498 msecs (HTTP/1.1 201) 4 headers in 162 bytes (1 switches on core 0) [pid: 7|app: 0|req: 902/1802] 10.0.0.107 () {32 vars in 732 bytes} [Fri Jul 17 13:55:11 2026] DELETE /v2.0/floatingips/7c373cbf-1607-40a7-bef5-cb16c5ba8b78 => generated 0 bytes in 326 msecs (HTTP/1.1 204) 2 headers in 112 bytes (1 switches on core 0)
2026-07-17 13:55:11.695 8 WARNING neutron.scheduler.dhcp_agent_scheduler [None req-b66bbb31-e2dd-4ced-b259-72be0b846746 6214818184354233a9ff063601fd1cac b9168264ab3b40e580517cf9cda0f7d4 - - default default] No more DHCP agents
2026-07-17 13:55:11.697 8 WARNING neutron.api.rpc.agentnotifiers.dhcp_rpc_agent_api [None req-b66bbb31-e2dd-4ced-b259-72be0b846746 6214818184354233a9ff063601fd1cac b9168264ab3b40e580517cf9cda0f7d4 - - default default] Unable to schedule network c5eb2a2a-1c78-4492-b6c3-475500902a25: no agents available; will retry on subsequent port and subnet creation events.
2026-07-17 13:55:11.757 7 INFO neutron.plugins.ml2.drivers.ovn.mech_driver.mech_driver [None req-9e45597b-f098-40fb-9054-86c2f1cc780f - - - - - -] OVN reports status down for port: 62235983-d1ee-4b4d-80b9-c82ca7ba5140
2026-07-17 13:55:11.782 8 INFO neutron.db.ovn_revision_numbers_db [None req-b66bbb31-e2dd-4ced-b259-72be0b846746 6214818184354233a9ff063601fd1cac b9168264ab3b40e580517cf9cda0f7d4 - - default default] Successfully bumped revision number for resource 62235983-d1ee-4b4d-80b9-c82ca7ba5140 (type: ports) to 1 [pid: 8|app: 0|req: 901/1803] 10.0.0.107 () {34 vars in 664 bytes} [Fri Jul 17 13:55:11 2026] POST /v2.0/ports => generated 743 bytes in 350 msecs (HTTP/1.1 201) 4 headers in 162 bytes (1 switches on core 0) [pid: 7|app: 0|req: 903/1804] 10.0.0.107 () {34 vars in 666 bytes} [Fri Jul 17 13:55:11 2026] POST /v2.0/trunks => generated 409 bytes in 293 msecs (HTTP/1.1 201) 4 headers in 162 bytes (1 switches on core 0) /var/lib/openstack/lib/python3.12/site-packages/pycadf/identifier.py:70: UserWarning: Invalid uuid: neutron. To ensure interoperability, identifiers should be a valid uuid. warnings.warn(('Invalid uuid: %s. To ensure interoperability, '
2026-07-17 13:55:12.184 8 INFO neutron.db.segments_db [None req-08b1ad56-6ae7-44d9-8cbf-44b596988e5f 6214818184354233a9ff063601fd1cac b9168264ab3b40e580517cf9cda0f7d4 - - default default] Added segment a4bcb6bf-7c27-40f7-bd1d-30f03674a6f1 of type geneve for network 4222a62d-204c-4e29-b21f-3733c22e1ea8
2026-07-17 13:55:12.298 8 INFO neutron.db.ovn_revision_numbers_db [None req-08b1ad56-6ae7-44d9-8cbf-44b596988e5f 6214818184354233a9ff063601fd1cac b9168264ab3b40e580517cf9cda0f7d4 - - default default] Successfully bumped revision number for resource 4222a62d-204c-4e29-b21f-3733c22e1ea8 (type: networks) to 1
2026-07-17 13:55:12.460 7 WARNING neutron.db.securitygroups_db [None req-98cde8cc-9870-4d68-9a93-e03986f579e9 0b56078c22b24945b67708de2a20284c 259120fc650b4bb2832d92cc62e3c4fe - - default default] project_id key not found in filters, using tenant_id instead. This support has been deprecated and will be removed in a future release.
2026-07-17 13:55:12.477 8 WARNING neutron.scheduler.dhcp_agent_scheduler [None req-08b1ad56-6ae7-44d9-8cbf-44b596988e5f 6214818184354233a9ff063601fd1cac b9168264ab3b40e580517cf9cda0f7d4 - - default default] No more DHCP agents
2026-07-17 13:55:12.479 8 WARNING neutron.api.rpc.agentnotifiers.dhcp_rpc_agent_api [None req-08b1ad56-6ae7-44d9-8cbf-44b596988e5f 6214818184354233a9ff063601fd1cac b9168264ab3b40e580517cf9cda0f7d4 - - default default] Unable to schedule network 4222a62d-204c-4e29-b21f-3733c22e1ea8: no agents available; will retry on subsequent port and subnet creation events.
2026-07-17 13:55:12.559 8 INFO neutron.plugins.ml2.drivers.ovn.mech_driver.mech_driver [None req-33c59707-1db9-42ea-8c0b-e78c02e831f3 - - - - - -] OVN reports status down for port: 607017ec-23d7-4f6b-b8a4-559052872c1b
2026-07-17 13:55:12.634 7 INFO neutron.db.ovn_revision_numbers_db [None req-98cde8cc-9870-4d68-9a93-e03986f579e9 0b56078c22b24945b67708de2a20284c 259120fc650b4bb2832d92cc62e3c4fe - - default default] Successfully bumped revision number for resource cee37936-45f8-4140-ade9-366171d17ea7 (type: security_groups) to 1
2026-07-17 13:55:12.645 8 INFO neutron.db.ovn_revision_numbers_db [None req-08b1ad56-6ae7-44d9-8cbf-44b596988e5f 6214818184354233a9ff063601fd1cac b9168264ab3b40e580517cf9cda0f7d4 - - default default] Successfully bumped revision number for resource 607017ec-23d7-4f6b-b8a4-559052872c1b (type: ports) to 1
2026-07-17 13:55:12.650 7 INFO neutron.db.ovn_revision_numbers_db [None req-98cde8cc-9870-4d68-9a93-e03986f579e9 0b56078c22b24945b67708de2a20284c 259120fc650b4bb2832d92cc62e3c4fe - - default default] Successfully bumped revision number for resource 4d9ecd61-a49a-4dd2-b021-434964a0d123 (type: security_group_rules) to 0
2026-07-17 13:55:12.667 7 INFO neutron.db.ovn_revision_numbers_db [None req-98cde8cc-9870-4d68-9a93-e03986f579e9 0b56078c22b24945b67708de2a20284c 259120fc650b4bb2832d92cc62e3c4fe - - default default] Successfully bumped revision number for resource ac3ce647-290d-4f84-af3e-073f5b86b666 (type: security_group_rules) to 0
2026-07-17 13:55:12.682 7 INFO neutron.db.ovn_revision_numbers_db [None req-98cde8cc-9870-4d68-9a93-e03986f579e9 0b56078c22b24945b67708de2a20284c 259120fc650b4bb2832d92cc62e3c4fe - - default default] Successfully bumped revision number for resource d6f0f7e6-e9f6-4d7a-8f7a-21bcc0132986 (type: security_group_rules) to 0
2026-07-17 13:55:12.696 7 INFO neutron.db.ovn_revision_numbers_db [None req-98cde8cc-9870-4d68-9a93-e03986f579e9 0b56078c22b24945b67708de2a20284c 259120fc650b4bb2832d92cc62e3c4fe - - default default] Successfully bumped revision number for resource e027e5a5-7860-4514-96d6-338ad0c3b85b (type: security_group_rules) to 0 [pid: 8|app: 0|req: 902/1805] 10.0.0.107 () {34 vars in 670 bytes} [Fri Jul 17 13:55:12 2026] POST /v2.0/networks => generated 670 bytes in 595 msecs (HTTP/1.1 201) 4 headers in 162 bytes (1 switches on core 0) [pid: 7|app: 0|req: 904/1808] 10.0.0.107 () {32 vars in 774 bytes} [Fri Jul 17 13:55:12 2026] GET /v2.0/security-groups?tenant_id=302fbe115f694674b0b55549c70c34ce&name=default => generated 2925 bytes in 470 msecs (HTTP/1.1 200) 4 headers in 158 bytes (1 switches on core 0) [pid: 7|app: 0|req: 905/1809] 10.0.0.107 () {32 vars in 740 bytes} [Fri Jul 17 13:55:12 2026] DELETE /v2.0/security-groups/cee37936-45f8-4140-ade9-366171d17ea7 => generated 0 bytes in 200 msecs (HTTP/1.1 204) 2 headers in 112 bytes (1 switches on core 0)
2026-07-17 13:55:12.938 8 WARNING neutron.scheduler.dhcp_agent_scheduler [None req-68966d99-0dac-4eb0-bdd1-b0426700a437 6214818184354233a9ff063601fd1cac b9168264ab3b40e580517cf9cda0f7d4 - - default default] No more DHCP agents
2026-07-17 13:55:12.939 8 WARNING neutron.api.rpc.agentnotifiers.dhcp_rpc_agent_api [None req-68966d99-0dac-4eb0-bdd1-b0426700a437 6214818184354233a9ff063601fd1cac b9168264ab3b40e580517cf9cda0f7d4 - - default default] Unable to schedule network 4222a62d-204c-4e29-b21f-3733c22e1ea8: no agents available; will retry on subsequent port and subnet creation events.
2026-07-17 13:55:13.002 7 INFO neutron.plugins.ml2.drivers.ovn.mech_driver.mech_driver [None req-9e45597b-f098-40fb-9054-86c2f1cc780f - - - - - -] OVN reports status down for port: d8482c30-dabf-4c61-8b68-0ec2a4a3a1b6
2026-07-17 13:55:13.040 8 INFO neutron.db.ovn_revision_numbers_db [None req-68966d99-0dac-4eb0-bdd1-b0426700a437 6214818184354233a9ff063601fd1cac b9168264ab3b40e580517cf9cda0f7d4 - - default default] Successfully bumped revision number for resource d8482c30-dabf-4c61-8b68-0ec2a4a3a1b6 (type: ports) to 1 [pid: 8|app: 0|req: 905/1810] 10.0.0.107 () {34 vars in 664 bytes} [Fri Jul 17 13:55:12 2026] POST /v2.0/ports => generated 743 bytes in 359 msecs (HTTP/1.1 201) 4 headers in 162 bytes (1 switches on core 0) /var/lib/openstack/lib/python3.12/site-packages/pycadf/identifier.py:70: UserWarning: Invalid uuid: neutron. To ensure interoperability, identifiers should be a valid uuid. warnings.warn(('Invalid uuid: %s. To ensure interoperability, '
2026-07-17 13:55:13.070 8 WARNING neutron.db.securitygroups_db [None req-6b5fe5f7-48b6-4b9d-98db-ff027c624e8a 0b56078c22b24945b67708de2a20284c 259120fc650b4bb2832d92cc62e3c4fe - - default default] project_id key not found in filters, using tenant_id instead. This support has been deprecated and will be removed in a future release.
2026-07-17 13:55:13.162 7 WARNING neutron.db.securitygroups_db [None req-27c228d0-1cb4-4dd3-a24f-252c95e7d252 0b56078c22b24945b67708de2a20284c 259120fc650b4bb2832d92cc62e3c4fe - - default default] project_id key not found in filters, using tenant_id instead. This support has been deprecated and will be removed in a future release.
2026-07-17 13:55:13.186 8 INFO neutron.db.ovn_revision_numbers_db [None req-6b5fe5f7-48b6-4b9d-98db-ff027c624e8a 0b56078c22b24945b67708de2a20284c 259120fc650b4bb2832d92cc62e3c4fe - - default default] Successfully bumped revision number for resource 8b0595f3-6bae-4075-8526-84ef5b80341d (type: security_groups) to 1
2026-07-17 13:55:13.201 8 INFO neutron.db.ovn_revision_numbers_db [None req-6b5fe5f7-48b6-4b9d-98db-ff027c624e8a 0b56078c22b24945b67708de2a20284c 259120fc650b4bb2832d92cc62e3c4fe - - default default] Successfully bumped revision number for resource 0c51a6f9-5fef-4270-bc08-16840f1207fb (type: security_group_rules) to 0
2026-07-17 13:55:13.215 8 INFO neutron.db.ovn_revision_numbers_db [None req-6b5fe5f7-48b6-4b9d-98db-ff027c624e8a 0b56078c22b24945b67708de2a20284c 259120fc650b4bb2832d92cc62e3c4fe - - default default] Successfully bumped revision number for resource 3ca75c92-d370-42a9-92d8-bd84234cd2b2 (type: security_group_rules) to 0
2026-07-17 13:55:13.227 8 INFO neutron.db.ovn_revision_numbers_db [None req-6b5fe5f7-48b6-4b9d-98db-ff027c624e8a 0b56078c22b24945b67708de2a20284c 259120fc650b4bb2832d92cc62e3c4fe - - default default] Successfully bumped revision number for resource 55b7ed93-200d-4de1-bf1e-8facf702dc14 (type: security_group_rules) to 0
2026-07-17 13:55:13.239 8 INFO neutron.db.ovn_revision_numbers_db [None req-6b5fe5f7-48b6-4b9d-98db-ff027c624e8a 0b56078c22b24945b67708de2a20284c 259120fc650b4bb2832d92cc62e3c4fe - - default default] Successfully bumped revision number for resource 673f5e2b-e5f0-4282-828a-cb36baecfa25 (type: security_group_rules) to 0 [pid: 8|app: 0|req: 906/1811] 10.0.0.107 () {32 vars in 774 bytes} [Fri Jul 17 13:55:13 2026] GET /v2.0/security-groups?tenant_id=132df7422d9a43f4b845477a977e8d7f&name=default => generated 2925 bytes in 223 msecs (HTTP/1.1 200) 4 headers in 158 bytes (1 switches on core 0)
2026-07-17 13:55:13.308 7 INFO neutron.db.ovn_revision_numbers_db [None req-27c228d0-1cb4-4dd3-a24f-252c95e7d252 0b56078c22b24945b67708de2a20284c 259120fc650b4bb2832d92cc62e3c4fe - - default default] Successfully bumped revision number for resource f3db8b3a-1968-4104-8a00-6396a140067a (type: security_groups) to 1
2026-07-17 13:55:13.321 7 INFO neutron.db.ovn_revision_numbers_db [None req-27c228d0-1cb4-4dd3-a24f-252c95e7d252 0b56078c22b24945b67708de2a20284c 259120fc650b4bb2832d92cc62e3c4fe - - default default] Successfully bumped revision number for resource 1e6daea4-d581-41c8-a442-12f6d9e2c988 (type: security_group_rules) to 0
2026-07-17 13:55:13.337 7 INFO neutron.db.ovn_revision_numbers_db [None req-27c228d0-1cb4-4dd3-a24f-252c95e7d252 0b56078c22b24945b67708de2a20284c 259120fc650b4bb2832d92cc62e3c4fe - - default default] Successfully bumped revision number for resource 6e75df67-5042-445e-8451-923c392e99f2 (type: security_group_rules) to 0
2026-07-17 13:55:13.347 7 INFO neutron.db.ovn_revision_numbers_db [None req-27c228d0-1cb4-4dd3-a24f-252c95e7d252 0b56078c22b24945b67708de2a20284c 259120fc650b4bb2832d92cc62e3c4fe - - default default] Successfully bumped revision number for resource e11c2699-174a-4ea6-97d0-28603d895b5f (type: security_group_rules) to 0
2026-07-17 13:55:13.359 7 INFO neutron.db.ovn_revision_numbers_db [None req-27c228d0-1cb4-4dd3-a24f-252c95e7d252 0b56078c22b24945b67708de2a20284c 259120fc650b4bb2832d92cc62e3c4fe - - default default] Successfully bumped revision number for resource f3ef5a11-6695-454b-bbe5-7b3dd369345e (type: security_group_rules) to 0 [pid: 7|app: 0|req: 906/1812] 10.0.0.107 () {32 vars in 774 bytes} [Fri Jul 17 13:55:12 2026] GET /v2.0/security-groups?tenant_id=87dacbb7dcdf4c8db1713abcb61bafe0&name=default => generated 2925 bytes in 460 msecs (HTTP/1.1 200) 4 headers in 158 bytes (1 switches on core 0) [pid: 7|app: 0|req: 907/1813] 10.0.0.188 () {32 vars in 802 bytes} [Fri Jul 17 13:55:13 2026] GET /v2.0/extensions => generated 22668 bytes in 34 msecs (HTTP/1.1 200) 4 headers in 159 bytes (1 switches on core 0) [pid: 8|app: 0|req: 907/1814] 10.0.0.107 () {34 vars in 666 bytes} [Fri Jul 17 13:55:13 2026] POST /v2.0/trunks => generated 409 bytes in 164 msecs (HTTP/1.1 201) 4 headers in 162 bytes (1 switches on core 0) [pid: 8|app: 0|req: 908/1815] 10.0.0.107 () {32 vars in 740 bytes} [Fri Jul 17 13:55:13 2026] DELETE /v2.0/security-groups/f3db8b3a-1968-4104-8a00-6396a140067a => generated 0 bytes in 201 msecs (HTTP/1.1 204) 2 headers in 112 bytes (1 switches on core 0) [pid: 7|app: 0|req: 908/1816] 10.0.0.107 () {32 vars in 740 bytes} [Fri Jul 17 13:55:13 2026] DELETE /v2.0/security-groups/8b0595f3-6bae-4075-8526-84ef5b80341d => generated 0 bytes in 235 msecs (HTTP/1.1 204) 2 headers in 112 bytes (1 switches on core 0)
2026-07-17 13:55:13.761 8 INFO neutron.db.segments_db [None req-d945bd00-8a3e-4df6-b4f2-4fb13107fbfd 6214818184354233a9ff063601fd1cac b9168264ab3b40e580517cf9cda0f7d4 - - default default] Added segment c15cb023-a5f2-40c7-8c3e-bac6367b5a8d of type geneve for network b3717e60-81ce-4af4-9888-b9225ea5fcb2 [pid: 7|app: 0|req: 909/1817] 10.0.0.188 () {32 vars in 863 bytes} [Fri Jul 17 13:55:13 2026] GET /v2.0/quotas/03190a365f4b40b5a5bffdd71aa48a3d/details => generated 904 bytes in 114 msecs (HTTP/1.1 200) 4 headers in 157 bytes (1 switches on core 0)
2026-07-17 13:55:13.896 8 INFO neutron.db.ovn_revision_numbers_db [None req-d945bd00-8a3e-4df6-b4f2-4fb13107fbfd 6214818184354233a9ff063601fd1cac b9168264ab3b40e580517cf9cda0f7d4 - - default default] Successfully bumped revision number for resource b3717e60-81ce-4af4-9888-b9225ea5fcb2 (type: networks) to 1
2026-07-17 13:55:14.100 8 WARNING neutron.scheduler.dhcp_agent_scheduler [None req-d945bd00-8a3e-4df6-b4f2-4fb13107fbfd 6214818184354233a9ff063601fd1cac b9168264ab3b40e580517cf9cda0f7d4 - - default default] No more DHCP agents
2026-07-17 13:55:14.101 8 WARNING neutron.api.rpc.agentnotifiers.dhcp_rpc_agent_api [None req-d945bd00-8a3e-4df6-b4f2-4fb13107fbfd 6214818184354233a9ff063601fd1cac b9168264ab3b40e580517cf9cda0f7d4 - - default default] Unable to schedule network b3717e60-81ce-4af4-9888-b9225ea5fcb2: no agents available; will retry on subsequent port and subnet creation events.
2026-07-17 13:55:14.169 8 INFO neutron.plugins.ml2.drivers.ovn.mech_driver.mech_driver [None req-33c59707-1db9-42ea-8c0b-e78c02e831f3 - - - - - -] OVN reports status down for port: 8d6e0884-f39f-4169-b2ad-92d50a586a0a
2026-07-17 13:55:14.236 8 INFO neutron.db.ovn_revision_numbers_db [None req-d945bd00-8a3e-4df6-b4f2-4fb13107fbfd 6214818184354233a9ff063601fd1cac b9168264ab3b40e580517cf9cda0f7d4 - - default default] Successfully bumped revision number for resource 8d6e0884-f39f-4169-b2ad-92d50a586a0a (type: ports) to 1 [pid: 8|app: 0|req: 909/1818] 10.0.0.107 () {34 vars in 670 bytes} [Fri Jul 17 13:55:13 2026] POST /v2.0/networks => generated 670 bytes in 628 msecs (HTTP/1.1 201) 4 headers in 162 bytes (1 switches on core 0)
2026-07-17 13:55:14.562 7 WARNING neutron.scheduler.dhcp_agent_scheduler [None req-49c66032-0bf1-4b4d-b111-d0f052d1c5ce 6214818184354233a9ff063601fd1cac b9168264ab3b40e580517cf9cda0f7d4 - - default default] No more DHCP agents
2026-07-17 13:55:14.563 7 WARNING neutron.api.rpc.agentnotifiers.dhcp_rpc_agent_api [None req-49c66032-0bf1-4b4d-b111-d0f052d1c5ce 6214818184354233a9ff063601fd1cac b9168264ab3b40e580517cf9cda0f7d4 - - default default] Unable to schedule network b3717e60-81ce-4af4-9888-b9225ea5fcb2: no agents available; will retry on subsequent port and subnet creation events.
2026-07-17 13:55:14.635 8 INFO neutron.plugins.ml2.drivers.ovn.mech_driver.mech_driver [None req-33c59707-1db9-42ea-8c0b-e78c02e831f3 - - - - - -] OVN reports status down for port: 49164885-0abf-4548-af36-ec2389fe4e77
2026-07-17 13:55:14.656 7 INFO neutron.db.ovn_revision_numbers_db [None req-49c66032-0bf1-4b4d-b111-d0f052d1c5ce 6214818184354233a9ff063601fd1cac b9168264ab3b40e580517cf9cda0f7d4 - - default default] Successfully bumped revision number for resource 49164885-0abf-4548-af36-ec2389fe4e77 (type: ports) to 1 [pid: 7|app: 0|req: 910/1819] 10.0.0.107 () {34 vars in 664 bytes} [Fri Jul 17 13:55:14 2026] POST /v2.0/ports => generated 743 bytes in 392 msecs (HTTP/1.1 201) 4 headers in 162 bytes (1 switches on core 0) [pid: 8|app: 0|req: 910/1820] 10.0.0.107 () {34 vars in 666 bytes} [Fri Jul 17 13:55:14 2026] POST /v2.0/trunks => generated 409 bytes in 200 msecs (HTTP/1.1 201) 4 headers in 162 bytes (1 switches on core 0) /var/lib/openstack/lib/python3.12/site-packages/pycadf/identifier.py:70: UserWarning: Invalid uuid: neutron. To ensure interoperability, identifiers should be a valid uuid. warnings.warn(('Invalid uuid: %s. To ensure interoperability, '
2026-07-17 13:55:14.929 7 WARNING tagging [None req-48f86058-eba1-42f9-a802-2124f890e7d6 6214818184354233a9ff063601fd1cac b9168264ab3b40e580517cf9cda0f7d4 - - default default] project_id key not found in request, using tenant_id instead. This support has been deprecated and will be removed in a future release. [pid: 7|app: 0|req: 911/1821] 10.0.0.107 () {34 vars in 749 bytes} [Fri Jul 17 13:55:14 2026] PUT /v2.0/trunks/65c58bcd-c04c-4f4f-83bf-04c09bc311d6/tags => generated 17 bytes in 54 msecs (HTTP/1.1 200) 4 headers in 156 bytes (1 switches on core 0)
2026-07-17 13:55:14.967 8 WARNING tagging [None req-e06cf15d-8c55-471a-a7ae-adda72b4c37b 6214818184354233a9ff063601fd1cac b9168264ab3b40e580517cf9cda0f7d4 - - default default] project_id key not found in request, using tenant_id instead. This support has been deprecated and will be removed in a future release. [pid: 8|app: 0|req: 911/1822] 10.0.0.107 () {34 vars in 749 bytes} [Fri Jul 17 13:55:14 2026] PUT /v2.0/trunks/6726f6f9-2abd-4979-97fe-aa0ca4ec9624/tags => generated 25 bytes in 34 msecs (HTTP/1.1 200) 4 headers in 156 bytes (1 switches on core 0)
2026-07-17 13:55:15.004 7 WARNING tagging [None req-271bce72-24fc-44b0-a78f-4e7989a966be 6214818184354233a9ff063601fd1cac b9168264ab3b40e580517cf9cda0f7d4 - - default default] project_id key not found in request, using tenant_id instead. This support has been deprecated and will be removed in a future release. [pid: 7|app: 0|req: 912/1823] 10.0.0.107 () {34 vars in 749 bytes} [Fri Jul 17 13:55:14 2026] PUT /v2.0/trunks/030d60ac-5432-4f88-8047-11269db7c3f7/tags => generated 34 bytes in 53 msecs (HTTP/1.1 200) 4 headers in 156 bytes (1 switches on core 0)
2026-07-17 13:55:15.059 8 WARNING tagging [None req-08df0a3c-5fd6-4282-82a1-413909f4b32b 6214818184354233a9ff063601fd1cac b9168264ab3b40e580517cf9cda0f7d4 - - default default] project_id key not found in request, using tenant_id instead. This support has been deprecated and will be removed in a future release. [pid: 8|app: 0|req: 912/1824] 10.0.0.107 () {34 vars in 749 bytes} [Fri Jul 17 13:55:15 2026] PUT /v2.0/trunks/a016da61-36f3-4a13-b7ea-95cc2528f385/tags => generated 19 bytes in 29 msecs (HTTP/1.1 200) 4 headers in 156 bytes (1 switches on core 0) [pid: 7|app: 0|req: 913/1825] 10.0.0.107 () {32 vars in 662 bytes} [Fri Jul 17 13:55:15 2026] GET /v2.0/trunks?tags=red => generated 1252 bytes in 22 msecs (HTTP/1.1 200) 4 headers in 158 bytes (1 switches on core 0) [pid: 8|app: 0|req: 913/1826] 10.0.0.107 () {32 vars in 676 bytes} [Fri Jul 17 13:55:15 2026] GET /v2.0/trunks?tags=red%2Cblue => generated 847 bytes in 23 msecs (HTTP/1.1 200) 4 headers in 157 bytes (1 switches on core 0) [pid: 7|app: 0|req: 914/1827] 10.0.0.107 () {32 vars in 672 bytes} [Fri Jul 17 13:55:15 2026] GET /v2.0/trunks?tags-any=blue => generated 847 bytes in 45 msecs (HTTP/1.1 200) 4 headers in 157 bytes (1 switches on core 0) [pid: 8|app: 0|req: 914/1828] 10.0.0.107 () {32 vars in 684 bytes} [Fri Jul 17 13:55:15 2026] GET /v2.0/trunks?tags-any=red%2Cblue => generated 1252 bytes in 34 msecs (HTTP/1.1 200) 4 headers in 158 bytes (1 switches on core 0) [pid: 7|app: 0|req: 915/1829] 10.0.0.107 () {32 vars in 670 bytes} [Fri Jul 17 13:55:15 2026] GET /v2.0/trunks?not-tags=red => generated 819 bytes in 30 msecs (HTTP/1.1 200) 4 headers in 157 bytes (1 switches on core 0) [pid: 8|app: 0|req: 915/1830] 10.0.0.107 () {32 vars in 684 bytes} [Fri Jul 17 13:55:15 2026] GET /v2.0/trunks?not-tags=red%2Cblue => generated 1224 bytes in 22 msecs (HTTP/1.1 200) 4 headers in 158 bytes (1 switches on core 0) [pid: 7|app: 0|req: 916/1831] 10.0.0.107 () {32 vars in 680 bytes} [Fri Jul 17 13:55:15 2026] GET /v2.0/trunks?not-tags-any=blue => generated 1224 bytes in 29 msecs (HTTP/1.1 200) 4 headers in 158 bytes (1 switches on core 0) [pid: 8|app: 0|req: 916/1832] 10.0.0.107 () {32 vars in 692 bytes} [Fri Jul 17 13:55:15 2026] GET /v2.0/trunks?not-tags-any=red%2Cblue => generated 819 bytes in 30 msecs (HTTP/1.1 200) 4 headers in 157 bytes (1 switches on core 0) [pid: 7|app: 0|req: 917/1833] 10.0.0.107 () {32 vars in 719 bytes} [Fri Jul 17 13:55:15 2026] GET /v2.0/trunks/65c58bcd-c04c-4f4f-83bf-04c09bc311d6 => generated 414 bytes in 16 msecs (HTTP/1.1 200) 4 headers in 157 bytes (1 switches on core 0) [pid: 8|app: 0|req: 917/1834] 10.0.0.107 () {32 vars in 717 bytes} [Fri Jul 17 13:55:15 2026] GET /v2.0/ports/3b2ca5ea-2416-4140-89a6-2d1e3330bc69 => generated 826 bytes in 90 msecs (HTTP/1.1 200) 4 headers in 157 bytes (1 switches on core 0) [pid: 7|app: 0|req: 918/1835] 10.0.0.107 () {32 vars in 722 bytes} [Fri Jul 17 13:55:15 2026] DELETE /v2.0/trunks/65c58bcd-c04c-4f4f-83bf-04c09bc311d6 => generated 0 bytes in 110 msecs (HTTP/1.1 204) 2 headers in 112 bytes (1 switches on core 0) [pid: 7|app: 0|req: 919/1836] 10.0.0.107 () {32 vars in 719 bytes} [Fri Jul 17 13:55:15 2026] GET /v2.0/trunks/6726f6f9-2abd-4979-97fe-aa0ca4ec9624 => generated 422 bytes in 26 msecs (HTTP/1.1 200) 4 headers in 157 bytes (1 switches on core 0) [pid: 7|app: 0|req: 920/1837] 10.0.0.107 () {32 vars in 717 bytes} [Fri Jul 17 13:55:15 2026] GET /v2.0/ports/2750e2aa-5012-4e97-bfc1-5f60043641f9 => generated 826 bytes in 70 msecs (HTTP/1.1 200) 4 headers in 157 bytes (1 switches on core 0) [pid: 7|app: 0|req: 921/1838] 10.0.0.107 () {32 vars in 722 bytes} [Fri Jul 17 13:55:15 2026] DELETE /v2.0/trunks/6726f6f9-2abd-4979-97fe-aa0ca4ec9624 => generated 0 bytes in 81 msecs (HTTP/1.1 204) 2 headers in 112 bytes (1 switches on core 0)
2026-07-17 13:55:15.812 8 INFO neutron.db.ovn_revision_numbers_db [None req-e9d656af-aeb2-4a29-847e-3f26e6541711 0b56078c22b24945b67708de2a20284c 259120fc650b4bb2832d92cc62e3c4fe - - default default] Successfully bumped revision number for resource 01e1eb67-533c-4540-9e13-d2cf3c39d673 (type: security_groups) to 1 [pid: 7|app: 0|req: 922/1839] 10.0.0.107 () {32 vars in 719 bytes} [Fri Jul 17 13:55:15 2026] GET /v2.0/trunks/030d60ac-5432-4f88-8047-11269db7c3f7 => generated 431 bytes in 16 msecs (HTTP/1.1 200) 4 headers in 157 bytes (1 switches on core 0)
2026-07-17 13:55:15.822 8 INFO neutron.db.ovn_revision_numbers_db [None req-e9d656af-aeb2-4a29-847e-3f26e6541711 0b56078c22b24945b67708de2a20284c 259120fc650b4bb2832d92cc62e3c4fe - - default default] Successfully bumped revision number for resource 2edb3b83-ae66-4136-b2e0-4029f701bb2c (type: security_group_rules) to 0
2026-07-17 13:55:15.834 8 INFO neutron.db.ovn_revision_numbers_db [None req-e9d656af-aeb2-4a29-847e-3f26e6541711 0b56078c22b24945b67708de2a20284c 259120fc650b4bb2832d92cc62e3c4fe - - default default] Successfully bumped revision number for resource 3a54ec23-e9ab-451c-9763-007cb5ea95c8 (type: security_group_rules) to 0
2026-07-17 13:55:15.843 8 INFO neutron.db.ovn_revision_numbers_db [None req-e9d656af-aeb2-4a29-847e-3f26e6541711 0b56078c22b24945b67708de2a20284c 259120fc650b4bb2832d92cc62e3c4fe - - default default] Successfully bumped revision number for resource 59128b0d-119b-4cb9-8bb6-f7df912ed72e (type: security_group_rules) to 0
2026-07-17 13:55:15.852 8 INFO neutron.db.ovn_revision_numbers_db [None req-e9d656af-aeb2-4a29-847e-3f26e6541711 0b56078c22b24945b67708de2a20284c 259120fc650b4bb2832d92cc62e3c4fe - - default default] Successfully bumped revision number for resource c1119529-193e-4ef1-ba0d-3a23c4d5df59 (type: security_group_rules) to 0 [pid: 7|app: 0|req: 923/1840] 10.0.0.107 () {32 vars in 717 bytes} [Fri Jul 17 13:55:15 2026] GET /v2.0/ports/62235983-d1ee-4b4d-80b9-c82ca7ba5140 => generated 826 bytes in 77 msecs (HTTP/1.1 200) 4 headers in 157 bytes (1 switches on core 0)
2026-07-17 13:55:15.926 8 INFO neutron.db.segments_db [None req-e9d656af-aeb2-4a29-847e-3f26e6541711 0b56078c22b24945b67708de2a20284c 259120fc650b4bb2832d92cc62e3c4fe - - default default] Added segment c8415cd3-6d58-49f1-8451-6ac80fbfc834 of type geneve for network 36307535-378e-4bde-a425-dbd8316d0661 [pid: 7|app: 0|req: 924/1841] 10.0.0.107 () {32 vars in 722 bytes} [Fri Jul 17 13:55:15 2026] DELETE /v2.0/trunks/030d60ac-5432-4f88-8047-11269db7c3f7 => generated 0 bytes in 69 msecs (HTTP/1.1 204) 2 headers in 112 bytes (1 switches on core 0) [pid: 7|app: 0|req: 925/1842] 10.0.0.107 () {32 vars in 719 bytes} [Fri Jul 17 13:55:15 2026] GET /v2.0/trunks/a016da61-36f3-4a13-b7ea-95cc2528f385 => generated 416 bytes in 14 msecs (HTTP/1.1 200) 4 headers in 157 bytes (1 switches on core 0)
2026-07-17 13:55:16.040 8 INFO neutron.db.ovn_revision_numbers_db [None req-e9d656af-aeb2-4a29-847e-3f26e6541711 0b56078c22b24945b67708de2a20284c 259120fc650b4bb2832d92cc62e3c4fe - - default default] Successfully bumped revision number for resource 36307535-378e-4bde-a425-dbd8316d0661 (type: networks) to 1 [pid: 7|app: 0|req: 926/1843] 10.0.0.107 () {32 vars in 717 bytes} [Fri Jul 17 13:55:15 2026] GET /v2.0/ports/d8482c30-dabf-4c61-8b68-0ec2a4a3a1b6 => generated 826 bytes in 78 msecs (HTTP/1.1 200) 4 headers in 157 bytes (1 switches on core 0) [pid: 7|app: 0|req: 927/1844] 10.0.0.107 () {32 vars in 722 bytes} [Fri Jul 17 13:55:16 2026] DELETE /v2.0/trunks/a016da61-36f3-4a13-b7ea-95cc2528f385 => generated 0 bytes in 69 msecs (HTTP/1.1 204) 2 headers in 112 bytes (1 switches on core 0) [pid: 7|app: 0|req: 928/1845] 10.0.0.107 () {32 vars in 719 bytes} [Fri Jul 17 13:55:16 2026] GET /v2.0/trunks/c374f912-76dc-4dbc-bc57-0fdd3905952c => generated 409 bytes in 17 msecs (HTTP/1.1 200) 4 headers in 157 bytes (1 switches on core 0)
2026-07-17 13:55:16.211 8 WARNING neutron.scheduler.dhcp_agent_scheduler [None req-e9d656af-aeb2-4a29-847e-3f26e6541711 0b56078c22b24945b67708de2a20284c 259120fc650b4bb2832d92cc62e3c4fe - - default default] No more DHCP agents
2026-07-17 13:55:16.213 8 WARNING neutron.api.rpc.agentnotifiers.dhcp_rpc_agent_api [None req-e9d656af-aeb2-4a29-847e-3f26e6541711 0b56078c22b24945b67708de2a20284c 259120fc650b4bb2832d92cc62e3c4fe - - default default] Unable to schedule network 36307535-378e-4bde-a425-dbd8316d0661: no agents available; will retry on subsequent port and subnet creation events. [pid: 7|app: 0|req: 929/1846] 10.0.0.107 () {32 vars in 717 bytes} [Fri Jul 17 13:55:16 2026] GET /v2.0/ports/49164885-0abf-4548-af36-ec2389fe4e77 => generated 826 bytes in 51 msecs (HTTP/1.1 200) 4 headers in 157 bytes (1 switches on core 0)
2026-07-17 13:55:16.283 7 INFO neutron.plugins.ml2.drivers.ovn.mech_driver.mech_driver [None req-9e45597b-f098-40fb-9054-86c2f1cc780f - - - - - -] OVN reports status down for port: 3047cbc9-147f-4ef0-8fcb-3d4ab5e7b093
2026-07-17 13:55:16.309 8 INFO neutron.db.ovn_revision_numbers_db [None req-e9d656af-aeb2-4a29-847e-3f26e6541711 0b56078c22b24945b67708de2a20284c 259120fc650b4bb2832d92cc62e3c4fe - - default default] Successfully bumped revision number for resource 3047cbc9-147f-4ef0-8fcb-3d4ab5e7b093 (type: ports) to 1 [pid: 8|app: 0|req: 918/1847] 10.0.0.107 () {34 vars in 671 bytes} [Fri Jul 17 13:55:15 2026] POST /v2.0/networks => generated 782 bytes in 797 msecs (HTTP/1.1 201) 4 headers in 162 bytes (1 switches on core 0) [pid: 7|app: 0|req: 930/1848] 10.0.0.107 () {32 vars in 722 bytes} [Fri Jul 17 13:55:16 2026] DELETE /v2.0/trunks/c374f912-76dc-4dbc-bc57-0fdd3905952c => generated 0 bytes in 120 msecs (HTTP/1.1 204) 2 headers in 112 bytes (1 switches on core 0)
2026-07-17 13:55:16.519 8 WARNING neutron.scheduler.dhcp_agent_scheduler [None req-660364e3-162e-4af2-b77e-c86ae2a6a84e 0b56078c22b24945b67708de2a20284c 259120fc650b4bb2832d92cc62e3c4fe - - default default] No more DHCP agents
2026-07-17 13:55:16.520 8 WARNING neutron.api.rpc.agentnotifiers.dhcp_rpc_agent_api [None req-660364e3-162e-4af2-b77e-c86ae2a6a84e 0b56078c22b24945b67708de2a20284c 259120fc650b4bb2832d92cc62e3c4fe - - default default] Unable to schedule network 36307535-378e-4bde-a425-dbd8316d0661: no agents available; will retry on subsequent port and subnet creation events.
2026-07-17 13:55:16.536 7 INFO neutron_taas.services.taas.taas_plugin [None req-34ed7c52-eb8f-40af-b898-a235c6f972af 6214818184354233a9ff063601fd1cac b9168264ab3b40e580517cf9cda0f7d4 - - default default] TaaS: Handle Delete Port: 3b2ca5ea-2416-4140-89a6-2d1e3330bc69
2026-07-17 13:55:16.538 7 INFO neutron_taas.services.taas.tap_mirror_plugin [None req-34ed7c52-eb8f-40af-b898-a235c6f972af 6214818184354233a9ff063601fd1cac b9168264ab3b40e580517cf9cda0f7d4 - - default default] Tap Mirror: Handle Delete Port: 3b2ca5ea-2416-4140-89a6-2d1e3330bc69 [pid: 7|app: 0|req: 931/1849] 10.0.0.107 () {32 vars in 720 bytes} [Fri Jul 17 13:55:16 2026] DELETE /v2.0/ports/3b2ca5ea-2416-4140-89a6-2d1e3330bc69 => generated 0 bytes in 313 msecs (HTTP/1.1 204) 3 headers in 131 bytes (1 switches on core 0)
2026-07-17 13:55:16.789 7 INFO neutron_taas.services.taas.taas_plugin [None req-41d4f2cf-0a1b-403d-9785-eaa94cdb915e 6214818184354233a9ff063601fd1cac b9168264ab3b40e580517cf9cda0f7d4 - - default default] TaaS: Handle Delete Port: 2750e2aa-5012-4e97-bfc1-5f60043641f9
2026-07-17 13:55:16.793 7 INFO neutron_taas.services.taas.tap_mirror_plugin [None req-41d4f2cf-0a1b-403d-9785-eaa94cdb915e 6214818184354233a9ff063601fd1cac b9168264ab3b40e580517cf9cda0f7d4 - - default default] Tap Mirror: Handle Delete Port: 2750e2aa-5012-4e97-bfc1-5f60043641f9 [pid: 7|app: 0|req: 932/1850] 10.0.0.107 () {32 vars in 720 bytes} [Fri Jul 17 13:55:16 2026] DELETE /v2.0/ports/2750e2aa-5012-4e97-bfc1-5f60043641f9 => generated 0 bytes in 235 msecs (HTTP/1.1 204) 3 headers in 131 bytes (1 switches on core 0)
2026-07-17 13:55:17.025 8 INFO neutron.db.ovn_revision_numbers_db [None req-660364e3-162e-4af2-b77e-c86ae2a6a84e 0b56078c22b24945b67708de2a20284c 259120fc650b4bb2832d92cc62e3c4fe - - default default] Successfully bumped revision number for resource 3047cbc9-147f-4ef0-8fcb-3d4ab5e7b093 (type: ports) to 2
2026-07-17 13:55:17.033 7 INFO neutron_taas.services.taas.taas_plugin [None req-1d510f8f-5cd4-44b5-9d70-71fd4d89325d 6214818184354233a9ff063601fd1cac b9168264ab3b40e580517cf9cda0f7d4 - - default default] TaaS: Handle Delete Port: 62235983-d1ee-4b4d-80b9-c82ca7ba5140
2026-07-17 13:55:17.039 7 INFO neutron_taas.services.taas.tap_mirror_plugin [None req-1d510f8f-5cd4-44b5-9d70-71fd4d89325d 6214818184354233a9ff063601fd1cac b9168264ab3b40e580517cf9cda0f7d4 - - default default] Tap Mirror: Handle Delete Port: 62235983-d1ee-4b4d-80b9-c82ca7ba5140
2026-07-17 13:55:17.059 8 INFO neutron.db.ovn_revision_numbers_db [None req-660364e3-162e-4af2-b77e-c86ae2a6a84e 0b56078c22b24945b67708de2a20284c 259120fc650b4bb2832d92cc62e3c4fe - - default default] Successfully bumped revision number for resource 78fef041-cdea-40c6-a62d-aee852b65d42 (type: subnets) to 0 [pid: 8|app: 0|req: 919/1851] 10.0.0.107 () {34 vars in 669 bytes} [Fri Jul 17 13:55:16 2026] POST /v2.0/subnets => generated 688 bytes in 734 msecs (HTTP/1.1 201) 4 headers in 162 bytes (1 switches on core 0) [pid: 8|app: 0|req: 920/1852] 10.0.0.188 () {32 vars in 802 bytes} [Fri Jul 17 13:55:17 2026] GET /v2.0/extensions => generated 22668 bytes in 6 msecs (HTTP/1.1 200) 4 headers in 159 bytes (1 switches on core 0) [pid: 7|app: 0|req: 933/1853] 10.0.0.107 () {32 vars in 720 bytes} [Fri Jul 17 13:55:16 2026] DELETE /v2.0/ports/62235983-d1ee-4b4d-80b9-c82ca7ba5140 => generated 0 bytes in 250 msecs (HTTP/1.1 204) 3 headers in 131 bytes (1 switches on core 0)
2026-07-17 13:55:17.264 7 INFO neutron_taas.services.taas.taas_plugin [None req-c3a0802e-b0f1-4540-89b4-5bb9847ba847 6214818184354233a9ff063601fd1cac b9168264ab3b40e580517cf9cda0f7d4 - - default default] TaaS: Handle Delete Port: d8482c30-dabf-4c61-8b68-0ec2a4a3a1b6
2026-07-17 13:55:17.268 7 INFO neutron_taas.services.taas.tap_mirror_plugin [None req-c3a0802e-b0f1-4540-89b4-5bb9847ba847 6214818184354233a9ff063601fd1cac b9168264ab3b40e580517cf9cda0f7d4 - - default default] Tap Mirror: Handle Delete Port: d8482c30-dabf-4c61-8b68-0ec2a4a3a1b6 [pid: 7|app: 0|req: 934/1854] 10.0.0.107 () {32 vars in 720 bytes} [Fri Jul 17 13:55:17 2026] DELETE /v2.0/ports/d8482c30-dabf-4c61-8b68-0ec2a4a3a1b6 => generated 0 bytes in 220 msecs (HTTP/1.1 204) 3 headers in 131 bytes (1 switches on core 0) [pid: 7|app: 0|req: 935/1855] 10.0.0.188 () {32 vars in 863 bytes} [Fri Jul 17 13:55:17 2026] GET /v2.0/quotas/03190a365f4b40b5a5bffdd71aa48a3d/details => generated 904 bytes in 65 msecs (HTTP/1.1 200) 4 headers in 157 bytes (1 switches on core 0)
2026-07-17 13:55:17.501 8 WARNING neutron.scheduler.dhcp_agent_scheduler [None req-ef9ff92a-9a39-42b8-8d2f-594c3c5bdae4 0b56078c22b24945b67708de2a20284c 259120fc650b4bb2832d92cc62e3c4fe - - default default] No more DHCP agents
2026-07-17 13:55:17.503 8 WARNING neutron.api.rpc.agentnotifiers.dhcp_rpc_agent_api [None req-ef9ff92a-9a39-42b8-8d2f-594c3c5bdae4 0b56078c22b24945b67708de2a20284c 259120fc650b4bb2832d92cc62e3c4fe - - default default] Unable to schedule network 3465483a-59ff-466b-af17-c03558f0ef2a: no agents available; will retry on subsequent port and subnet creation events.
2026-07-17 13:55:17.674 8 INFO neutron.plugins.ml2.drivers.ovn.mech_driver.mech_driver [None req-33c59707-1db9-42ea-8c0b-e78c02e831f3 - - - - - -] OVN reports status down for port: 84daf4ae-c5e0-4b7c-853c-cec85c1a9b76
2026-07-17 13:55:17.694 7 INFO neutron.db.ovn_revision_numbers_db [None req-a47eec66-c5ee-463e-ab0d-009a83906781 ccab42d8896b4188bf6b83b9db10d75f 5fa9c0b4c3d64ccbbaffc03a95163a31 - - default default] Successfully bumped revision number for resource b3bdee91-2792-4d14-a7e4-68bd57d68ff0 (type: routers) to 1 [pid: 7|app: 0|req: 936/1856] 10.0.0.107 () {34 vars in 668 bytes} [Fri Jul 17 13:55:17 2026] POST /v2.0/routers => generated 591 bytes in 259 msecs (HTTP/1.1 201) 4 headers in 162 bytes (1 switches on core 0)
2026-07-17 13:55:17.732 8 INFO neutron.db.ovn_revision_numbers_db [None req-ef9ff92a-9a39-42b8-8d2f-594c3c5bdae4 0b56078c22b24945b67708de2a20284c 259120fc650b4bb2832d92cc62e3c4fe - - default default] Successfully bumped revision number for resource 84daf4ae-c5e0-4b7c-853c-cec85c1a9b76 (type: ports) to 1
