2026-07-17 13:53:59.412 7 WARNING neutron.scheduler.dhcp_agent_scheduler [None req-2c560045-af6b-4147-8e55-eb6792b564c8 7f49c623b6bd4161b28cf31f4b043af2 a5eaac0073bc425393a2f80b977815a6 - - default default] No more DHCP agents
2026-07-17 13:53:59.414 7 WARNING neutron.api.rpc.agentnotifiers.dhcp_rpc_agent_api [None req-2c560045-af6b-4147-8e55-eb6792b564c8 7f49c623b6bd4161b28cf31f4b043af2 a5eaac0073bc425393a2f80b977815a6 - - default default] Unable to schedule network 40dfce0e-f10c-418e-ba8a-d6bbaa972247: no agents available; will retry on subsequent port and subnet creation events.
2026-07-17 13:53:59.525 7 INFO neutron.db.ovn_revision_numbers_db [None req-2c560045-af6b-4147-8e55-eb6792b564c8 7f49c623b6bd4161b28cf31f4b043af2 a5eaac0073bc425393a2f80b977815a6 - - default default] Successfully bumped revision number for resource eb91da60-93cf-4678-9d17-6f1166526de1 (type: ports) to 1
2026-07-17 13:53:59.607 7 INFO neutron.db.ovn_revision_numbers_db [None req-2c560045-af6b-4147-8e55-eb6792b564c8 7f49c623b6bd4161b28cf31f4b043af2 a5eaac0073bc425393a2f80b977815a6 - - default default] Successfully bumped revision number for resource 82aa9052-3798-4392-8822-bfa249694fe4 (type: networks) to 1 [pid: 8|app: 0|req: 598/1162] 10.0.0.107 () {32 vars in 740 bytes} [Fri Jul 17 13:53:59 2026] DELETE /v2.0/security-groups/4b15b8d3-0202-4c5c-b0ec-1d54f6de5117 => generated 0 bytes in 269 msecs (HTTP/1.1 204) 2 headers in 112 bytes (1 switches on core 0)
2026-07-17 13:53:59.775 8 INFO neutron.db.segments_db [None req-5bd8756a-29e2-431b-9cda-8f58086d8413 6b5cc995c5e8480894b492a988edb982 e3c680f3289d4d0cb9934e8ea606f0e7 - - default default] Added segment ec570a72-50c8-48b3-9413-b472b31ed3dc of type geneve for network 20d2a60c-840f-403a-92cb-fabb547ed5c2
2026-07-17 13:53:59.783 7 WARNING neutron.scheduler.dhcp_agent_scheduler [None req-2c560045-af6b-4147-8e55-eb6792b564c8 7f49c623b6bd4161b28cf31f4b043af2 a5eaac0073bc425393a2f80b977815a6 - - default default] No more DHCP agents
2026-07-17 13:53:59.785 7 WARNING neutron.api.rpc.agentnotifiers.dhcp_rpc_agent_api [None req-2c560045-af6b-4147-8e55-eb6792b564c8 7f49c623b6bd4161b28cf31f4b043af2 a5eaac0073bc425393a2f80b977815a6 - - default default] Unable to schedule network 82aa9052-3798-4392-8822-bfa249694fe4: no agents available; will retry on subsequent port and subnet creation events.
2026-07-17 13:53:59.884 7 INFO neutron.db.ovn_revision_numbers_db [None req-2c560045-af6b-4147-8e55-eb6792b564c8 7f49c623b6bd4161b28cf31f4b043af2 a5eaac0073bc425393a2f80b977815a6 - - default default] Successfully bumped revision number for resource 35604ee1-6d7c-4bea-8033-bde8d5f38f0e (type: ports) to 1
2026-07-17 13:53:59.923 8 INFO neutron.db.ovn_revision_numbers_db [None req-5bd8756a-29e2-431b-9cda-8f58086d8413 6b5cc995c5e8480894b492a988edb982 e3c680f3289d4d0cb9934e8ea606f0e7 - - default default] Successfully bumped revision number for resource 20d2a60c-840f-403a-92cb-fabb547ed5c2 (type: networks) to 1 [pid: 7|app: 0|req: 565/1163] 10.0.0.107 () {34 vars in 670 bytes} [Fri Jul 17 13:53:58 2026] POST /v2.0/networks => generated 1321 bytes in 1222 msecs (HTTP/1.1 201) 4 headers in 163 bytes (1 switches on core 0)
2026-07-17 13:53:59.933 7 WARNING neutron.db.securitygroups_db [None req-3575a0cf-5bdf-43ea-82eb-91897e73b2af 0b56078c22b24945b67708de2a20284c 259120fc650b4bb2832d92cc62e3c4fe - - default default] project_id key not found in filters, using tenant_id instead. This support has been deprecated and will be removed in a future release.
2026-07-17 13:54:00.078 7 INFO neutron.db.ovn_revision_numbers_db [None req-3575a0cf-5bdf-43ea-82eb-91897e73b2af 0b56078c22b24945b67708de2a20284c 259120fc650b4bb2832d92cc62e3c4fe - - default default] Successfully bumped revision number for resource eb395038-2f71-4682-bdeb-ced4a627b0de (type: security_groups) to 1
2026-07-17 13:54:00.090 7 INFO neutron.db.ovn_revision_numbers_db [None req-3575a0cf-5bdf-43ea-82eb-91897e73b2af 0b56078c22b24945b67708de2a20284c 259120fc650b4bb2832d92cc62e3c4fe - - default default] Successfully bumped revision number for resource 96874755-1f17-4631-beeb-b590b341b6c5 (type: security_group_rules) to 0
2026-07-17 13:54:00.102 7 INFO neutron.db.ovn_revision_numbers_db [None req-3575a0cf-5bdf-43ea-82eb-91897e73b2af 0b56078c22b24945b67708de2a20284c 259120fc650b4bb2832d92cc62e3c4fe - - default default] Successfully bumped revision number for resource a4af0683-7314-433b-8e66-cb7e6bfbe5e4 (type: security_group_rules) to 0
2026-07-17 13:54:00.114 7 INFO neutron.db.ovn_revision_numbers_db [None req-3575a0cf-5bdf-43ea-82eb-91897e73b2af 0b56078c22b24945b67708de2a20284c 259120fc650b4bb2832d92cc62e3c4fe - - default default] Successfully bumped revision number for resource c5461ab0-d28d-4d84-8953-bedeab823c48 (type: security_group_rules) to 0
2026-07-17 13:54:00.125 7 INFO neutron.db.ovn_revision_numbers_db [None req-3575a0cf-5bdf-43ea-82eb-91897e73b2af 0b56078c22b24945b67708de2a20284c 259120fc650b4bb2832d92cc62e3c4fe - - default default] Successfully bumped revision number for resource d2526834-1765-459c-b0b3-ba89bf2f58d4 (type: security_group_rules) to 0
2026-07-17 13:54:00.128 8 WARNING neutron.scheduler.dhcp_agent_scheduler [None req-5bd8756a-29e2-431b-9cda-8f58086d8413 6b5cc995c5e8480894b492a988edb982 e3c680f3289d4d0cb9934e8ea606f0e7 - - default default] No more DHCP agents
2026-07-17 13:54:00.137 8 WARNING neutron.api.rpc.agentnotifiers.dhcp_rpc_agent_api [None req-5bd8756a-29e2-431b-9cda-8f58086d8413 6b5cc995c5e8480894b492a988edb982 e3c680f3289d4d0cb9934e8ea606f0e7 - - default default] Unable to schedule network 20d2a60c-840f-403a-92cb-fabb547ed5c2: no agents available; will retry on subsequent port and subnet creation events. [pid: 7|app: 0|req: 566/1164] 10.0.0.107 () {32 vars in 774 bytes} [Fri Jul 17 13:53:59 2026] GET /v2.0/security-groups?tenant_id=bd0f18b3385f436bbeb92bb0f6906255&name=default => generated 2925 bytes in 247 msecs (HTTP/1.1 200) 4 headers in 158 bytes (1 switches on core 0)
2026-07-17 13:54:00.196 8 INFO neutron.plugins.ml2.drivers.ovn.mech_driver.mech_driver [None req-83e5ce8c-9119-41bc-a4e4-613a62578939 - - - - - -] OVN reports status down for port: 68f8c173-bb4c-49bc-9a83-7d3f5e31caa6
2026-07-17 13:54:00.245 8 INFO neutron.db.ovn_revision_numbers_db [None req-5bd8756a-29e2-431b-9cda-8f58086d8413 6b5cc995c5e8480894b492a988edb982 e3c680f3289d4d0cb9934e8ea606f0e7 - - default default] Successfully bumped revision number for resource 68f8c173-bb4c-49bc-9a83-7d3f5e31caa6 (type: ports) to 1 [pid: 7|app: 0|req: 567/1165] 10.0.0.107 () {32 vars in 649 bytes} [Fri Jul 17 13:54:00 2026] GET /v2.0/networks => generated 1970 bytes in 80 msecs (HTTP/1.1 200) 4 headers in 158 bytes (1 switches on core 0) [pid: 8|app: 0|req: 599/1166] 10.0.0.107 () {34 vars in 670 bytes} [Fri Jul 17 13:53:59 2026] POST /v2.0/networks => generated 671 bytes in 605 msecs (HTTP/1.1 201) 4 headers in 162 bytes (1 switches on core 0) [pid: 7|app: 0|req: 568/1167] 10.0.0.107 () {32 vars in 740 bytes} [Fri Jul 17 13:54:00 2026] DELETE /v2.0/security-groups/eb395038-2f71-4682-bdeb-ced4a627b0de => generated 0 bytes in 203 msecs (HTTP/1.1 204) 2 headers in 112 bytes (1 switches on core 0)
2026-07-17 13:54:00.466 8 INFO neutron_taas.services.taas.taas_plugin [None req-6dfc44c6-b1b2-4e89-8588-c2ca80bc9e59 7f49c623b6bd4161b28cf31f4b043af2 a5eaac0073bc425393a2f80b977815a6 - - default default] TaaS: Handle Delete Port: eb91da60-93cf-4678-9d17-6f1166526de1
2026-07-17 13:54:00.468 8 INFO neutron_taas.services.taas.tap_mirror_plugin [None req-6dfc44c6-b1b2-4e89-8588-c2ca80bc9e59 7f49c623b6bd4161b28cf31f4b043af2 a5eaac0073bc425393a2f80b977815a6 - - default default] Tap Mirror: Handle Delete Port: eb91da60-93cf-4678-9d17-6f1166526de1
2026-07-17 13:54:00.648 7 WARNING neutron.scheduler.dhcp_agent_scheduler [None req-3ca2f3b1-2315-47f2-8e9e-2f04bc87668b 6b5cc995c5e8480894b492a988edb982 e3c680f3289d4d0cb9934e8ea606f0e7 - - default default] No more DHCP agents
2026-07-17 13:54:00.650 7 WARNING neutron.api.rpc.agentnotifiers.dhcp_rpc_agent_api [None req-3ca2f3b1-2315-47f2-8e9e-2f04bc87668b 6b5cc995c5e8480894b492a988edb982 e3c680f3289d4d0cb9934e8ea606f0e7 - - default default] Unable to schedule network 20d2a60c-840f-403a-92cb-fabb547ed5c2: no agents available; will retry on subsequent port and subnet creation events.
2026-07-17 13:54:00.682 7 INFO neutron.db.ovn_revision_numbers_db [None req-3ca2f3b1-2315-47f2-8e9e-2f04bc87668b 6b5cc995c5e8480894b492a988edb982 e3c680f3289d4d0cb9934e8ea606f0e7 - - default default] Successfully bumped revision number for resource efd21f2f-937e-449f-86d9-a74a762ac61a (type: subnets) to 0 [pid: 7|app: 0|req: 569/1168] 10.0.0.107 () {34 vars in 669 bytes} [Fri Jul 17 13:54:00 2026] POST /v2.0/subnets => generated 646 bytes in 247 msecs (HTTP/1.1 201) 4 headers in 162 bytes (1 switches on core 0) [pid: 8|app: 0|req: 600/1169] 10.0.0.107 () {32 vars in 726 bytes} [Fri Jul 17 13:54:00 2026] DELETE /v2.0/networks/40dfce0e-f10c-418e-ba8a-d6bbaa972247 => generated 0 bytes in 440 msecs (HTTP/1.1 204) 3 headers in 131 bytes (1 switches on core 0)
2026-07-17 13:54:00.847 8 INFO neutron.db.ovn_revision_numbers_db [None req-75ca4ddc-4296-4a92-b626-e1ba5f4afda3 6b5cc995c5e8480894b492a988edb982 e3c680f3289d4d0cb9934e8ea606f0e7 - - default default] Successfully bumped revision number for resource e6ed6c7b-95b0-4dc5-b269-7d4ac29942d9 (type: routers) to 1 [pid: 8|app: 0|req: 601/1170] 10.0.0.107 () {34 vars in 669 bytes} [Fri Jul 17 13:54:00 2026] POST /v2.0/routers => generated 628 bytes in 148 msecs (HTTP/1.1 201) 4 headers in 162 bytes (1 switches on core 0)
2026-07-17 13:54:00.944 7 WARNING neutron.db.securitygroups_db [None req-43d05055-cca4-4eea-a2e3-a4aa01ddbea6 0b56078c22b24945b67708de2a20284c 259120fc650b4bb2832d92cc62e3c4fe - - default default] project_id key not found in filters, using tenant_id instead. This support has been deprecated and will be removed in a future release.
2026-07-17 13:54:00.987 8 INFO neutron_taas.services.taas.taas_plugin [None req-6bf951f0-1ea8-478f-a6bb-d904393ca3bf 7f49c623b6bd4161b28cf31f4b043af2 a5eaac0073bc425393a2f80b977815a6 - - default default] TaaS: Handle Delete Port: 35604ee1-6d7c-4bea-8033-bde8d5f38f0e
2026-07-17 13:54:00.990 8 INFO neutron_taas.services.taas.tap_mirror_plugin [None req-6bf951f0-1ea8-478f-a6bb-d904393ca3bf 7f49c623b6bd4161b28cf31f4b043af2 a5eaac0073bc425393a2f80b977815a6 - - default default] Tap Mirror: Handle Delete Port: 35604ee1-6d7c-4bea-8033-bde8d5f38f0e
2026-07-17 13:54:01.058 7 WARNING neutron.plugins.ml2.drivers.ovn.mech_driver.ovsdb.ovn_client [None req-ced15590-4b18-4368-a189-0dd3e0c40ff9 - - - - - -] No port found with ID e3ec32f6-1c87-4070-9cc2-4b676bb43d3a: RuntimeError: No port found with ID e3ec32f6-1c87-4070-9cc2-4b676bb43d3a
2026-07-17 13:54:01.059 7 INFO neutron.plugins.ml2.drivers.ovn.mech_driver.mech_driver [None req-ced15590-4b18-4368-a189-0dd3e0c40ff9 - - - - - -] OVN reports status down for port: 694aa584-2141-47f9-a627-3b03365310c3
2026-07-17 13:54:01.096 7 INFO neutron.db.ovn_revision_numbers_db [None req-43d05055-cca4-4eea-a2e3-a4aa01ddbea6 0b56078c22b24945b67708de2a20284c 259120fc650b4bb2832d92cc62e3c4fe - - default default] Successfully bumped revision number for resource 7fc32680-2835-46a2-ac3a-6108988bbd5f (type: security_groups) to 1
2026-07-17 13:54:01.123 7 INFO neutron.plugins.ml2.drivers.ovn.mech_driver.mech_driver [None req-ced15590-4b18-4368-a189-0dd3e0c40ff9 - - - - - -] OVN reports status down for port: 569e9601-8a8a-491c-b8be-97389a15aa77
2026-07-17 13:54:01.131 7 INFO neutron.db.ovn_revision_numbers_db [None req-43d05055-cca4-4eea-a2e3-a4aa01ddbea6 0b56078c22b24945b67708de2a20284c 259120fc650b4bb2832d92cc62e3c4fe - - default default] Successfully bumped revision number for resource 8f854bf4-0ad2-4205-8834-4cb039d2fea2 (type: security_group_rules) to 0
2026-07-17 13:54:01.151 7 INFO neutron.db.ovn_revision_numbers_db [None req-43d05055-cca4-4eea-a2e3-a4aa01ddbea6 0b56078c22b24945b67708de2a20284c 259120fc650b4bb2832d92cc62e3c4fe - - default default] Successfully bumped revision number for resource b0092063-19f9-46dd-93e1-4ce247ac4e15 (type: security_group_rules) to 0
2026-07-17 13:54:01.192 7 INFO neutron.db.ovn_revision_numbers_db [None req-43d05055-cca4-4eea-a2e3-a4aa01ddbea6 0b56078c22b24945b67708de2a20284c 259120fc650b4bb2832d92cc62e3c4fe - - default default] Successfully bumped revision number for resource e3fdd2f0-4eb4-4867-88cb-f92255748df1 (type: security_group_rules) to 0
2026-07-17 13:54:01.218 7 INFO neutron.db.ovn_revision_numbers_db [None req-43d05055-cca4-4eea-a2e3-a4aa01ddbea6 0b56078c22b24945b67708de2a20284c 259120fc650b4bb2832d92cc62e3c4fe - - default default] Successfully bumped revision number for resource e7be4553-0d90-46bb-9895-6c6bcf7141ef (type: security_group_rules) to 0 [pid: 8|app: 0|req: 602/1171] 10.0.0.107 () {32 vars in 726 bytes} [Fri Jul 17 13:54:00 2026] DELETE /v2.0/networks/82aa9052-3798-4392-8822-bfa249694fe4 => generated 0 bytes in 382 msecs (HTTP/1.1 204) 3 headers in 131 bytes (1 switches on core 0)
2026-07-17 13:54:01.284 7 INFO neutron.plugins.ml2.drivers.ovn.mech_driver.mech_driver [None req-ced15590-4b18-4368-a189-0dd3e0c40ff9 - - - - - -] OVN reports status down for port: eb91da60-93cf-4678-9d17-6f1166526de1
2026-07-17 13:54:01.303 7 INFO neutron.plugins.ml2.drivers.ovn.mech_driver.mech_driver [None req-ced15590-4b18-4368-a189-0dd3e0c40ff9 - - - - - -] OVN reports status down for port: 35604ee1-6d7c-4bea-8033-bde8d5f38f0e [pid: 7|app: 0|req: 570/1172] 10.0.0.107 () {32 vars in 774 bytes} [Fri Jul 17 13:54:00 2026] GET /v2.0/security-groups?tenant_id=5886c986074f46d7b7e27c01d79d4117&name=default => generated 2925 bytes in 619 msecs (HTTP/1.1 200) 4 headers in 158 bytes (1 switches on core 0) /var/lib/openstack/lib/python3.12/site-packages/pycadf/identifier.py:70: UserWarning: Invalid uuid: neutron. To ensure interoperability, identifiers should be a valid uuid. warnings.warn(('Invalid uuid: %s. To ensure interoperability, ' [pid: 7|app: 0|req: 571/1173] 10.0.0.107 () {32 vars in 649 bytes} [Fri Jul 17 13:54:01 2026] GET /v2.0/networks => generated 689 bytes in 49 msecs (HTTP/1.1 200) 4 headers in 157 bytes (1 switches on core 0)
2026-07-17 13:54:01.388 8 INFO neutron.services.segments.plugin [-] Segment 5da1b06f-b9cd-4675-b14f-d8f6c4fc5778 resource provider aggregate not found
2026-07-17 13:54:01.395 8 INFO neutron.services.segments.plugin [-] Segment 5da1b06f-b9cd-4675-b14f-d8f6c4fc5778 resource provider aggregate not found
2026-07-17 13:54:01.408 8 INFO neutron.services.segments.plugin [-] Client error retrieving segment 5da1b06f-b9cd-4675-b14f-d8f6c4fc5778 resource provider; error: Placement Client Error (4xx): {"errors": [{"status": 404, "title": "Not Found", "detail": "The resource could not be found.\n\n No resource provider with uuid 5da1b06f-b9cd-4675-b14f-d8f6c4fc5778 found for delete ", "request_id": "req-5b09daa5-a9b8-44c5-b5b7-01c17e71f67d"}]}
2026-07-17 13:54:01.415 8 INFO neutron.services.segments.plugin [-] Client error retrieving segment 5da1b06f-b9cd-4675-b14f-d8f6c4fc5778 resource provider; error: Placement Client Error (4xx): {"errors": [{"status": 404, "title": "Not Found", "detail": "The resource could not be found.\n\n No resource provider with uuid 5da1b06f-b9cd-4675-b14f-d8f6c4fc5778 found for delete ", "request_id": "req-acd40f0a-fa95-4111-9453-1f8df4d475d3"}]}
2026-07-17 13:54:01.426 8 INFO neutron.services.segments.plugin [-] Segment 12828c28-1198-4f8a-b365-2dc5a1dad4a1 resource provider aggregate not found
2026-07-17 13:54:01.433 8 INFO neutron.services.segments.plugin [-] Segment 12828c28-1198-4f8a-b365-2dc5a1dad4a1 resource provider aggregate not found
2026-07-17 13:54:01.447 8 INFO neutron.services.segments.plugin [-] Client error retrieving segment 12828c28-1198-4f8a-b365-2dc5a1dad4a1 resource provider; error: Placement Client Error (4xx): {"errors": [{"status": 404, "title": "Not Found", "detail": "The resource could not be found.\n\n No resource provider with uuid 12828c28-1198-4f8a-b365-2dc5a1dad4a1 found for delete ", "request_id": "req-ccda0ba7-165b-443d-a6b6-5e2fed5ca57f"}]}
2026-07-17 13:54:01.452 8 INFO neutron.services.segments.plugin [-] Client error retrieving segment 12828c28-1198-4f8a-b365-2dc5a1dad4a1 resource provider; error: Placement Client Error (4xx): {"errors": [{"status": 404, "title": "Not Found", "detail": "The resource could not be found.\n\n No resource provider with uuid 12828c28-1198-4f8a-b365-2dc5a1dad4a1 found for delete ", "request_id": "req-ce90e7c0-142e-459d-9d46-8c8d5857e7bf"}]} [pid: 7|app: 0|req: 572/1174] 10.0.0.107 () {32 vars in 740 bytes} [Fri Jul 17 13:54:01 2026] DELETE /v2.0/security-groups/7fc32680-2835-46a2-ac3a-6108988bbd5f => generated 0 bytes in 187 msecs (HTTP/1.1 204) 2 headers in 112 bytes (1 switches on core 0)
2026-07-17 13:54:01.584 8 WARNING neutron.scheduler.dhcp_agent_scheduler [None req-6f3edec8-d1e7-4848-a5c1-cf4305668bdf 6b5cc995c5e8480894b492a988edb982 e3c680f3289d4d0cb9934e8ea606f0e7 - - default default] No more DHCP agents
2026-07-17 13:54:01.585 8 WARNING neutron.api.rpc.agentnotifiers.dhcp_rpc_agent_api [None req-6f3edec8-d1e7-4848-a5c1-cf4305668bdf 6b5cc995c5e8480894b492a988edb982 e3c680f3289d4d0cb9934e8ea606f0e7 - - default default] Unable to schedule network 20d2a60c-840f-403a-92cb-fabb547ed5c2: no agents available; will retry on subsequent port and subnet creation events.
2026-07-17 13:54:01.687 7 INFO neutron.db.segments_db [None req-6f36b3fc-57dc-4b01-8983-bdfdd286586c 7f49c623b6bd4161b28cf31f4b043af2 a5eaac0073bc425393a2f80b977815a6 - - default default] Added segment 8d42cabf-299c-49e1-8623-40b260c802c8 of type geneve for network f0ff8340-cc05-4d90-9986-46f9556acd2f
2026-07-17 13:54:01.697 8 INFO neutron.plugins.ml2.drivers.ovn.mech_driver.mech_driver [None req-83e5ce8c-9119-41bc-a4e4-613a62578939 - - - - - -] OVN reports status down for port: 5760691a-c807-47f1-94f5-f2cc65aea13e
2026-07-17 13:54:01.759 8 INFO neutron.db.ovn_revision_numbers_db [None req-6f3edec8-d1e7-4848-a5c1-cf4305668bdf 6b5cc995c5e8480894b492a988edb982 e3c680f3289d4d0cb9934e8ea606f0e7 - - default default] Successfully bumped revision number for resource 5760691a-c807-47f1-94f5-f2cc65aea13e (type: ports) to 1
2026-07-17 13:54:01.810 7 INFO neutron.db.ovn_revision_numbers_db [None req-6f36b3fc-57dc-4b01-8983-bdfdd286586c 7f49c623b6bd4161b28cf31f4b043af2 a5eaac0073bc425393a2f80b977815a6 - - default default] Successfully bumped revision number for resource f0ff8340-cc05-4d90-9986-46f9556acd2f (type: networks) to 1 [pid: 8|app: 0|req: 603/1175] 10.0.0.107 () {34 vars in 665 bytes} [Fri Jul 17 13:54:01 2026] POST /v2.0/ports => generated 959 bytes in 561 msecs (HTTP/1.1 201) 4 headers in 162 bytes (1 switches on core 0) /var/lib/openstack/lib/python3.12/site-packages/pycadf/identifier.py:70: UserWarning: Invalid uuid: neutron. To ensure interoperability, identifiers should be a valid uuid. warnings.warn(('Invalid uuid: %s. To ensure interoperability, '
2026-07-17 13:54:01.974 7 WARNING neutron.scheduler.dhcp_agent_scheduler [None req-6f36b3fc-57dc-4b01-8983-bdfdd286586c 7f49c623b6bd4161b28cf31f4b043af2 a5eaac0073bc425393a2f80b977815a6 - - default default] No more DHCP agents
2026-07-17 13:54:01.975 7 WARNING neutron.api.rpc.agentnotifiers.dhcp_rpc_agent_api [None req-6f36b3fc-57dc-4b01-8983-bdfdd286586c 7f49c623b6bd4161b28cf31f4b043af2 a5eaac0073bc425393a2f80b977815a6 - - default default] Unable to schedule network f0ff8340-cc05-4d90-9986-46f9556acd2f: no agents available; will retry on subsequent port and subnet creation events.
2026-07-17 13:54:02.040 8 INFO neutron.plugins.ml2.drivers.ovn.mech_driver.mech_driver [None req-83e5ce8c-9119-41bc-a4e4-613a62578939 - - - - - -] OVN reports status down for port: a7c2628d-e51a-430c-992d-1eba2a0c376e
2026-07-17 13:54:02.063 7 INFO neutron.db.ovn_revision_numbers_db [None req-6f36b3fc-57dc-4b01-8983-bdfdd286586c 7f49c623b6bd4161b28cf31f4b043af2 a5eaac0073bc425393a2f80b977815a6 - - default default] Successfully bumped revision number for resource a7c2628d-e51a-430c-992d-1eba2a0c376e (type: ports) to 1 [pid: 7|app: 0|req: 573/1176] 10.0.0.107 () {34 vars in 670 bytes} [Fri Jul 17 13:54:01 2026] POST /v2.0/networks => generated 688 bytes in 520 msecs (HTTP/1.1 201) 4 headers in 162 bytes (1 switches on core 0)
2026-07-17 13:54:02.190 7 INFO neutron.db.segments_db [None req-35b57b55-0c76-4bf9-a590-7dfeb98ba2ea 7f49c623b6bd4161b28cf31f4b043af2 a5eaac0073bc425393a2f80b977815a6 - - default default] Added segment cc249771-7f46-4c45-8f9e-597bc32c76d3 of type geneve for network 005d5aa5-960f-497f-929d-f86ef61e190d
2026-07-17 13:54:02.314 7 INFO neutron.db.ovn_revision_numbers_db [None req-35b57b55-0c76-4bf9-a590-7dfeb98ba2ea 7f49c623b6bd4161b28cf31f4b043af2 a5eaac0073bc425393a2f80b977815a6 - - default default] Successfully bumped revision number for resource 005d5aa5-960f-497f-929d-f86ef61e190d (type: networks) to 1
2026-07-17 13:54:02.373 8 INFO neutron.plugins.ml2.drivers.ovn.mech_driver.mech_driver [None req-83e5ce8c-9119-41bc-a4e4-613a62578939 - - - - - -] OVN reports status up for port: 5760691a-c807-47f1-94f5-f2cc65aea13e
2026-07-17 13:54:02.408 8 INFO neutron.plugins.ml2.plugin [None req-83e5ce8c-9119-41bc-a4e4-613a62578939 - - - - - -] Attempt 1 to provision port 5760691a-c807-47f1-94f5-f2cc65aea13e
2026-07-17 13:54:02.423 8 INFO neutron.db.ovn_revision_numbers_db [None req-44b6cd21-74c8-4185-9c6f-a3856572874d 6b5cc995c5e8480894b492a988edb982 e3c680f3289d4d0cb9934e8ea606f0e7 - - default default] Successfully bumped revision number for resource 5760691a-c807-47f1-94f5-f2cc65aea13e (type: ports) to 2
2026-07-17 13:54:02.540 7 WARNING neutron.scheduler.dhcp_agent_scheduler [None req-35b57b55-0c76-4bf9-a590-7dfeb98ba2ea 7f49c623b6bd4161b28cf31f4b043af2 a5eaac0073bc425393a2f80b977815a6 - - default default] No more DHCP agents
2026-07-17 13:54:02.542 7 WARNING neutron.api.rpc.agentnotifiers.dhcp_rpc_agent_api [None req-35b57b55-0c76-4bf9-a590-7dfeb98ba2ea 7f49c623b6bd4161b28cf31f4b043af2 a5eaac0073bc425393a2f80b977815a6 - - default default] Unable to schedule network 005d5aa5-960f-497f-929d-f86ef61e190d: no agents available; will retry on subsequent port and subnet creation events.
2026-07-17 13:54:02.618 7 INFO neutron.plugins.ml2.drivers.ovn.mech_driver.mech_driver [None req-ced15590-4b18-4368-a189-0dd3e0c40ff9 - - - - - -] OVN reports status down for port: c353ad9e-76ac-443d-9485-fce8ea9cd342
2026-07-17 13:54:02.674 7 INFO neutron.db.ovn_revision_numbers_db [None req-35b57b55-0c76-4bf9-a590-7dfeb98ba2ea 7f49c623b6bd4161b28cf31f4b043af2 a5eaac0073bc425393a2f80b977815a6 - - default default] Successfully bumped revision number for resource c353ad9e-76ac-443d-9485-fce8ea9cd342 (type: ports) to 1 [pid: 7|app: 0|req: 574/1177] 10.0.0.107 () {34 vars in 670 bytes} [Fri Jul 17 13:54:02 2026] POST /v2.0/networks => generated 688 bytes in 611 msecs (HTTP/1.1 201) 4 headers in 162 bytes (1 switches on core 0)
2026-07-17 13:54:03.157 8 INFO neutron.db.ovn_revision_numbers_db [None req-83e5ce8c-9119-41bc-a4e4-613a62578939 - - - - - -] Successfully bumped revision number for resource 5760691a-c807-47f1-94f5-f2cc65aea13e (type: ports) to 3
2026-07-17 13:54:03.165 7 WARNING neutron.scheduler.dhcp_agent_scheduler [None req-d76ee04e-5b65-407d-b8e2-d0822c6a7f33 7f49c623b6bd4161b28cf31f4b043af2 a5eaac0073bc425393a2f80b977815a6 - - default default] No more DHCP agents
2026-07-17 13:54:03.167 7 WARNING neutron.api.rpc.agentnotifiers.dhcp_rpc_agent_api [None req-d76ee04e-5b65-407d-b8e2-d0822c6a7f33 7f49c623b6bd4161b28cf31f4b043af2 a5eaac0073bc425393a2f80b977815a6 - - default default] Unable to schedule network f0ff8340-cc05-4d90-9986-46f9556acd2f: no agents available; will retry on subsequent port and subnet creation events.
2026-07-17 13:54:03.229 7 INFO neutron.plugins.ml2.drivers.ovn.mech_driver.mech_driver [None req-ced15590-4b18-4368-a189-0dd3e0c40ff9 - - - - - -] OVN reports status down for port: e6ef229d-7c45-4379-ac4d-147dd99bd32c
2026-07-17 13:54:03.272 7 INFO neutron.db.ovn_revision_numbers_db [None req-d76ee04e-5b65-407d-b8e2-d0822c6a7f33 7f49c623b6bd4161b28cf31f4b043af2 a5eaac0073bc425393a2f80b977815a6 - - default default] Successfully bumped revision number for resource e6ef229d-7c45-4379-ac4d-147dd99bd32c (type: ports) to 1
2026-07-17 13:54:03.342 7 WARNING neutron.scheduler.dhcp_agent_scheduler [None req-d76ee04e-5b65-407d-b8e2-d0822c6a7f33 7f49c623b6bd4161b28cf31f4b043af2 a5eaac0073bc425393a2f80b977815a6 - - default default] No more DHCP agents
2026-07-17 13:54:03.344 7 WARNING neutron.api.rpc.agentnotifiers.dhcp_rpc_agent_api [None req-d76ee04e-5b65-407d-b8e2-d0822c6a7f33 7f49c623b6bd4161b28cf31f4b043af2 a5eaac0073bc425393a2f80b977815a6 - - default default] Unable to schedule network 005d5aa5-960f-497f-929d-f86ef61e190d: no agents available; will retry on subsequent port and subnet creation events.
2026-07-17 13:54:03.431 7 INFO neutron.db.ovn_revision_numbers_db [None req-d76ee04e-5b65-407d-b8e2-d0822c6a7f33 7f49c623b6bd4161b28cf31f4b043af2 a5eaac0073bc425393a2f80b977815a6 - - default default] Successfully bumped revision number for resource 00e8d458-97da-4711-88f9-a713fefa5ce9 (type: ports) to 1
2026-07-17 13:54:03.449 8 WARNING neutron.scheduler.dhcp_agent_scheduler [None req-44b6cd21-74c8-4185-9c6f-a3856572874d 6b5cc995c5e8480894b492a988edb982 e3c680f3289d4d0cb9934e8ea606f0e7 - - default default] No more DHCP agents
2026-07-17 13:54:03.450 8 WARNING neutron.api.rpc.agentnotifiers.dhcp_rpc_agent_api [None req-44b6cd21-74c8-4185-9c6f-a3856572874d 6b5cc995c5e8480894b492a988edb982 e3c680f3289d4d0cb9934e8ea606f0e7 - - default default] Unable to schedule network 20d2a60c-840f-403a-92cb-fabb547ed5c2: no agents available; will retry on subsequent port and subnet creation events. [pid: 7|app: 0|req: 575/1178] 10.0.0.107 () {34 vars in 665 bytes} [Fri Jul 17 13:54:02 2026] POST /v2.0/ports => generated 1505 bytes in 747 msecs (HTTP/1.1 201) 4 headers in 163 bytes (1 switches on core 0) /var/lib/openstack/lib/python3.12/site-packages/pycadf/identifier.py:70: UserWarning: Invalid uuid: neutron. To ensure interoperability, identifiers should be a valid uuid. warnings.warn(('Invalid uuid: %s. To ensure interoperability, ' [pid: 7|app: 0|req: 576/1179] 10.0.0.107 () {32 vars in 643 bytes} [Fri Jul 17 13:54:03 2026] GET /v2.0/ports => generated 3017 bytes in 67 msecs (HTTP/1.1 200) 4 headers in 158 bytes (1 switches on core 0)
2026-07-17 13:54:03.713 8 INFO neutron.db.ovn_revision_numbers_db [None req-44b6cd21-74c8-4185-9c6f-a3856572874d 6b5cc995c5e8480894b492a988edb982 e3c680f3289d4d0cb9934e8ea606f0e7 - - default default] Successfully bumped revision number for resource 5760691a-c807-47f1-94f5-f2cc65aea13e (type: router_ports) to 3
2026-07-17 13:54:03.714 7 INFO neutron_taas.services.taas.taas_plugin [None req-0458ad75-2fde-477a-bbb9-1de06157961b 7f49c623b6bd4161b28cf31f4b043af2 a5eaac0073bc425393a2f80b977815a6 - - default default] TaaS: Handle Delete Port: e6ef229d-7c45-4379-ac4d-147dd99bd32c
2026-07-17 13:54:03.717 7 INFO neutron_taas.services.taas.tap_mirror_plugin [None req-0458ad75-2fde-477a-bbb9-1de06157961b 7f49c623b6bd4161b28cf31f4b043af2 a5eaac0073bc425393a2f80b977815a6 - - default default] Tap Mirror: Handle Delete Port: e6ef229d-7c45-4379-ac4d-147dd99bd32c [pid: 8|app: 0|req: 604/1180] 10.0.0.107 () {34 vars in 783 bytes} [Fri Jul 17 13:54:01 2026] PUT /v2.0/routers/e6ed6c7b-95b0-4dc5-b269-7d4ac29942d9/add_router_interface => generated 310 bytes in 1902 msecs (HTTP/1.1 200) 4 headers in 157 bytes (1 switches on core 0) /var/lib/openstack/lib/python3.12/site-packages/pycadf/identifier.py:70: UserWarning: Invalid uuid: neutron. To ensure interoperability, identifiers should be a valid uuid. warnings.warn(('Invalid uuid: %s. To ensure interoperability, ' [pid: 8|app: 0|req: 605/1181] 10.0.0.107 () {32 vars in 717 bytes} [Fri Jul 17 13:54:03 2026] GET /v2.0/ports/5760691a-c807-47f1-94f5-f2cc65aea13e => generated 1021 bytes in 36 msecs (HTTP/1.1 200) 4 headers in 158 bytes (1 switches on core 0) [pid: 7|app: 0|req: 577/1182] 10.0.0.107 () {32 vars in 720 bytes} [Fri Jul 17 13:54:03 2026] DELETE /v2.0/ports/e6ef229d-7c45-4379-ac4d-147dd99bd32c => generated 0 bytes in 293 msecs (HTTP/1.1 204) 3 headers in 131 bytes (1 switches on core 0)
2026-07-17 13:54:03.936 7 INFO neutron_taas.services.taas.taas_plugin [None req-898def39-ce13-4821-b68d-d37587e1e6b4 7f49c623b6bd4161b28cf31f4b043af2 a5eaac0073bc425393a2f80b977815a6 - - default default] TaaS: Handle Delete Port: 00e8d458-97da-4711-88f9-a713fefa5ce9
2026-07-17 13:54:03.939 7 INFO neutron_taas.services.taas.tap_mirror_plugin [None req-898def39-ce13-4821-b68d-d37587e1e6b4 7f49c623b6bd4161b28cf31f4b043af2 a5eaac0073bc425393a2f80b977815a6 - - default default] Tap Mirror: Handle Delete Port: 00e8d458-97da-4711-88f9-a713fefa5ce9 [pid: 7|app: 0|req: 578/1183] 10.0.0.107 () {32 vars in 720 bytes} [Fri Jul 17 13:54:03 2026] DELETE /v2.0/ports/00e8d458-97da-4711-88f9-a713fefa5ce9 => generated 0 bytes in 223 msecs (HTTP/1.1 204) 3 headers in 131 bytes (1 switches on core 0)
2026-07-17 13:54:04.095 8 INFO neutron_taas.services.taas.taas_plugin [None req-abae7953-789b-4a41-95de-242eee1eb9a1 6b5cc995c5e8480894b492a988edb982 e3c680f3289d4d0cb9934e8ea606f0e7 - - default default] TaaS: Handle Delete Port: 5760691a-c807-47f1-94f5-f2cc65aea13e
2026-07-17 13:54:04.099 8 INFO neutron_taas.services.taas.tap_mirror_plugin [None req-abae7953-789b-4a41-95de-242eee1eb9a1 6b5cc995c5e8480894b492a988edb982 e3c680f3289d4d0cb9934e8ea606f0e7 - - default default] Tap Mirror: Handle Delete Port: 5760691a-c807-47f1-94f5-f2cc65aea13e
2026-07-17 13:54:04.256 7 WARNING neutron.db.securitygroups_db [None req-2a60b125-59c9-4b34-b5d5-2c8069368bb2 0b56078c22b24945b67708de2a20284c 259120fc650b4bb2832d92cc62e3c4fe - - default default] project_id key not found in filters, using tenant_id instead. This support has been deprecated and will be removed in a future release.
2026-07-17 13:54:04.384 7 INFO neutron.db.ovn_revision_numbers_db [None req-2a60b125-59c9-4b34-b5d5-2c8069368bb2 0b56078c22b24945b67708de2a20284c 259120fc650b4bb2832d92cc62e3c4fe - - default default] Successfully bumped revision number for resource 7f7dbc38-75b5-4748-a047-18945c472e43 (type: security_groups) to 1
2026-07-17 13:54:04.397 7 INFO neutron.db.ovn_revision_numbers_db [None req-2a60b125-59c9-4b34-b5d5-2c8069368bb2 0b56078c22b24945b67708de2a20284c 259120fc650b4bb2832d92cc62e3c4fe - - default default] Successfully bumped revision number for resource 36414e90-4ff1-4c36-bd0d-e97a15d4c455 (type: security_group_rules) to 0 [pid: 8|app: 0|req: 606/1184] 10.0.0.107 () {34 vars in 789 bytes} [Fri Jul 17 13:54:03 2026] PUT /v2.0/routers/e6ed6c7b-95b0-4dc5-b269-7d4ac29942d9/remove_router_interface => generated 310 bytes in 650 msecs (HTTP/1.1 200) 4 headers in 157 bytes (1 switches on core 0)
2026-07-17 13:54:04.421 7 INFO neutron.db.ovn_revision_numbers_db [None req-2a60b125-59c9-4b34-b5d5-2c8069368bb2 0b56078c22b24945b67708de2a20284c 259120fc650b4bb2832d92cc62e3c4fe - - default default] Successfully bumped revision number for resource 70eb1fed-ac37-48ed-9c74-5096a2a5e439 (type: security_group_rules) to 0 /var/lib/openstack/lib/python3.12/site-packages/pycadf/identifier.py:70: UserWarning: Invalid uuid: neutron. To ensure interoperability, identifiers should be a valid uuid. warnings.warn(('Invalid uuid: %s. To ensure interoperability, '
2026-07-17 13:54:04.433 7 INFO neutron.db.ovn_revision_numbers_db [None req-2a60b125-59c9-4b34-b5d5-2c8069368bb2 0b56078c22b24945b67708de2a20284c 259120fc650b4bb2832d92cc62e3c4fe - - default default] Successfully bumped revision number for resource ade46d25-4da8-4c92-bede-6686c4f1eee7 (type: security_group_rules) to 0
2026-07-17 13:54:04.444 7 INFO neutron.db.ovn_revision_numbers_db [None req-2a60b125-59c9-4b34-b5d5-2c8069368bb2 0b56078c22b24945b67708de2a20284c 259120fc650b4bb2832d92cc62e3c4fe - - default default] Successfully bumped revision number for resource e5927aaa-4c99-498f-8786-e89780c8779b (type: security_group_rules) to 0 [pid: 7|app: 0|req: 579/1185] 10.0.0.107 () {32 vars in 774 bytes} [Fri Jul 17 13:54:04 2026] GET /v2.0/security-groups?tenant_id=31fbae1fb25647c8909ae789ac944629&name=default => generated 2925 bytes in 431 msecs (HTTP/1.1 200) 4 headers in 158 bytes (1 switches on core 0) [pid: 8|app: 0|req: 607/1186] 10.0.0.107 () {32 vars in 643 bytes} [Fri Jul 17 13:54:04 2026] GET /v2.0/ports => generated 1523 bytes in 116 msecs (HTTP/1.1 200) 4 headers in 158 bytes (1 switches on core 0)
2026-07-17 13:54:04.576 7 INFO neutron.api.v2.resource [None req-a928bdf6-653d-473b-83d1-116bf7b0ddb8 6b5cc995c5e8480894b492a988edb982 e3c680f3289d4d0cb9934e8ea606f0e7 - - default default] remove_router_interface failed (client error): The resource could not be found. [pid: 7|app: 0|req: 580/1187] 10.0.0.107 () {34 vars in 789 bytes} [Fri Jul 17 13:54:04 2026] PUT /v2.0/routers/e6ed6c7b-95b0-4dc5-b269-7d4ac29942d9/remove_router_interface => generated 197 bytes in 95 msecs (HTTP/1.1 404) 4 headers in 164 bytes (1 switches on core 0)
2026-07-17 13:54:04.658 7 INFO neutron.db.segments_db [None req-856f1d78-9cf5-4a2a-ab91-0114fceeb936 7f49c623b6bd4161b28cf31f4b043af2 a5eaac0073bc425393a2f80b977815a6 - - default default] Added segment 2de1ed82-01b4-4967-8561-62b3f1ce4642 of type geneve for network 8d026ece-0506-4e57-84f2-22cece293783 [pid: 8|app: 0|req: 608/1188] 10.0.0.107 () {32 vars in 740 bytes} [Fri Jul 17 13:54:04 2026] DELETE /v2.0/security-groups/7f7dbc38-75b5-4748-a047-18945c472e43 => generated 0 bytes in 213 msecs (HTTP/1.1 204) 2 headers in 112 bytes (1 switches on core 0) [pid: 8|app: 0|req: 609/1189] 10.0.0.107 () {32 vars in 736 bytes} [Fri Jul 17 13:54:04 2026] GET /v2.0/ports?device_id=e6ed6c7b-95b0-4dc5-b269-7d4ac29942d9 => generated 12 bytes in 28 msecs (HTTP/1.1 200) 4 headers in 156 bytes (1 switches on core 0)
2026-07-17 13:54:04.780 7 INFO neutron.db.ovn_revision_numbers_db [None req-856f1d78-9cf5-4a2a-ab91-0114fceeb936 7f49c623b6bd4161b28cf31f4b043af2 a5eaac0073bc425393a2f80b977815a6 - - default default] Successfully bumped revision number for resource 8d026ece-0506-4e57-84f2-22cece293783 (type: networks) to 1
2026-07-17 13:54:04.943 7 WARNING neutron.scheduler.dhcp_agent_scheduler [None req-856f1d78-9cf5-4a2a-ab91-0114fceeb936 7f49c623b6bd4161b28cf31f4b043af2 a5eaac0073bc425393a2f80b977815a6 - - default default] No more DHCP agents
2026-07-17 13:54:04.945 7 WARNING neutron.api.rpc.agentnotifiers.dhcp_rpc_agent_api [None req-856f1d78-9cf5-4a2a-ab91-0114fceeb936 7f49c623b6bd4161b28cf31f4b043af2 a5eaac0073bc425393a2f80b977815a6 - - default default] Unable to schedule network 8d026ece-0506-4e57-84f2-22cece293783: no agents available; will retry on subsequent port and subnet creation events. [pid: 8|app: 0|req: 610/1190] 10.0.0.107 () {32 vars in 724 bytes} [Fri Jul 17 13:54:04 2026] DELETE /v2.0/routers/e6ed6c7b-95b0-4dc5-b269-7d4ac29942d9 => generated 0 bytes in 191 msecs (HTTP/1.1 204) 2 headers in 112 bytes (1 switches on core 0)
2026-07-17 13:54:05.001 7 INFO neutron.plugins.ml2.drivers.ovn.mech_driver.mech_driver [None req-ced15590-4b18-4368-a189-0dd3e0c40ff9 - - - - - -] OVN reports status down for port: 2e24deb7-9f17-4b02-91d0-3325296f0835
2026-07-17 13:54:05.057 7 INFO neutron.db.ovn_revision_numbers_db [None req-856f1d78-9cf5-4a2a-ab91-0114fceeb936 7f49c623b6bd4161b28cf31f4b043af2 a5eaac0073bc425393a2f80b977815a6 - - default default] Successfully bumped revision number for resource 2e24deb7-9f17-4b02-91d0-3325296f0835 (type: ports) to 1 [pid: 7|app: 0|req: 581/1191] 10.0.0.107 () {34 vars in 670 bytes} [Fri Jul 17 13:54:04 2026] POST /v2.0/networks => generated 688 bytes in 510 msecs (HTTP/1.1 201) 4 headers in 162 bytes (1 switches on core 0) [pid: 8|app: 0|req: 611/1192] 10.0.0.107 () {32 vars in 724 bytes} [Fri Jul 17 13:54:04 2026] DELETE /v2.0/subnets/efd21f2f-937e-449f-86d9-a74a762ac61a => generated 0 bytes in 179 msecs (HTTP/1.1 204) 3 headers in 131 bytes (1 switches on core 0)
2026-07-17 13:54:05.198 7 INFO neutron.db.segments_db [None req-44b6590d-600b-4aaa-9359-13cab3e371df 7f49c623b6bd4161b28cf31f4b043af2 a5eaac0073bc425393a2f80b977815a6 - - default default] Added segment 5289dd47-38c6-4dba-b292-7995de0b66c6 of type geneve for network af1ee678-ac8d-42b6-a02f-736d01ecb82e
2026-07-17 13:54:05.264 8 INFO neutron_taas.services.taas.taas_plugin [None req-d4e1f58b-c729-43d3-a13d-c19aca6ea078 6b5cc995c5e8480894b492a988edb982 e3c680f3289d4d0cb9934e8ea606f0e7 - - default default] TaaS: Handle Delete Port: 68f8c173-bb4c-49bc-9a83-7d3f5e31caa6
2026-07-17 13:54:05.267 8 INFO neutron_taas.services.taas.tap_mirror_plugin [None req-d4e1f58b-c729-43d3-a13d-c19aca6ea078 6b5cc995c5e8480894b492a988edb982 e3c680f3289d4d0cb9934e8ea606f0e7 - - default default] Tap Mirror: Handle Delete Port: 68f8c173-bb4c-49bc-9a83-7d3f5e31caa6
2026-07-17 13:54:05.316 7 INFO neutron.db.ovn_revision_numbers_db [None req-44b6590d-600b-4aaa-9359-13cab3e371df 7f49c623b6bd4161b28cf31f4b043af2 a5eaac0073bc425393a2f80b977815a6 - - default default] Successfully bumped revision number for resource af1ee678-ac8d-42b6-a02f-736d01ecb82e (type: networks) to 1
2026-07-17 13:54:05.482 8 INFO neutron.services.segments.plugin [-] Segment ec570a72-50c8-48b3-9413-b472b31ed3dc resource provider aggregate not found
2026-07-17 13:54:05.486 7 WARNING neutron.scheduler.dhcp_agent_scheduler [None req-44b6590d-600b-4aaa-9359-13cab3e371df 7f49c623b6bd4161b28cf31f4b043af2 a5eaac0073bc425393a2f80b977815a6 - - default default] No more DHCP agents
2026-07-17 13:54:05.488 7 WARNING neutron.api.rpc.agentnotifiers.dhcp_rpc_agent_api [None req-44b6590d-600b-4aaa-9359-13cab3e371df 7f49c623b6bd4161b28cf31f4b043af2 a5eaac0073bc425393a2f80b977815a6 - - default default] Unable to schedule network af1ee678-ac8d-42b6-a02f-736d01ecb82e: no agents available; will retry on subsequent port and subnet creation events.
2026-07-17 13:54:05.490 8 INFO neutron.services.segments.plugin [-] Segment ec570a72-50c8-48b3-9413-b472b31ed3dc resource provider aggregate not found
2026-07-17 13:54:05.501 8 INFO neutron.services.segments.plugin [-] Client error retrieving segment ec570a72-50c8-48b3-9413-b472b31ed3dc resource provider; error: Placement Client Error (4xx): {"errors": [{"status": 404, "title": "Not Found", "detail": "The resource could not be found.\n\n No resource provider with uuid ec570a72-50c8-48b3-9413-b472b31ed3dc found for delete ", "request_id": "req-a42d7356-6f7e-49da-9afb-9d6645594e0f"}]}
2026-07-17 13:54:05.513 8 INFO neutron.services.segments.plugin [-] Client error retrieving segment ec570a72-50c8-48b3-9413-b472b31ed3dc resource provider; error: Placement Client Error (4xx): {"errors": [{"status": 404, "title": "Not Found", "detail": "The resource could not be found.\n\n No resource provider with uuid ec570a72-50c8-48b3-9413-b472b31ed3dc found for delete ", "request_id": "req-98ca5e79-3e63-44d1-935a-7d1c4f03aebc"}]} [pid: 8|app: 0|req: 612/1193] 10.0.0.107 () {32 vars in 726 bytes} [Fri Jul 17 13:54:05 2026] DELETE /v2.0/networks/20d2a60c-840f-403a-92cb-fabb547ed5c2 => generated 0 bytes in 405 msecs (HTTP/1.1 204) 3 headers in 131 bytes (1 switches on core 0)
2026-07-17 13:54:05.588 7 INFO neutron.db.ovn_revision_numbers_db [None req-44b6590d-600b-4aaa-9359-13cab3e371df 7f49c623b6bd4161b28cf31f4b043af2 a5eaac0073bc425393a2f80b977815a6 - - default default] Successfully bumped revision number for resource 40a59d88-bc6e-49c2-b1af-cd7c5528d87b (type: ports) to 1 [pid: 7|app: 0|req: 582/1194] 10.0.0.107 () {34 vars in 670 bytes} [Fri Jul 17 13:54:05 2026] POST /v2.0/networks => generated 688 bytes in 516 msecs (HTTP/1.1 201) 4 headers in 162 bytes (1 switches on core 0)
2026-07-17 13:54:05.684 8 INFO neutron.db.segments_db [None req-a6ac85cc-9b0f-47e2-bacd-cfd5d267dcd9 6b5cc995c5e8480894b492a988edb982 e3c680f3289d4d0cb9934e8ea606f0e7 - - default default] Added segment f8b5460d-9255-4ccc-b5ef-de353c123d1f of type geneve for network 7d01f4ad-6c87-4c53-bc38-270cfab6270a
2026-07-17 13:54:05.800 8 INFO neutron.db.ovn_revision_numbers_db [None req-a6ac85cc-9b0f-47e2-bacd-cfd5d267dcd9 6b5cc995c5e8480894b492a988edb982 e3c680f3289d4d0cb9934e8ea606f0e7 - - default default] Successfully bumped revision number for resource 7d01f4ad-6c87-4c53-bc38-270cfab6270a (type: networks) to 1
2026-07-17 13:54:05.882 7 WARNING neutron.scheduler.dhcp_agent_scheduler [None req-2e2b2380-1e65-4782-931e-4a53b7539da3 7f49c623b6bd4161b28cf31f4b043af2 a5eaac0073bc425393a2f80b977815a6 - - default default] No more DHCP agents
2026-07-17 13:54:05.884 7 WARNING neutron.api.rpc.agentnotifiers.dhcp_rpc_agent_api [None req-2e2b2380-1e65-4782-931e-4a53b7539da3 7f49c623b6bd4161b28cf31f4b043af2 a5eaac0073bc425393a2f80b977815a6 - - default default] Unable to schedule network 8d026ece-0506-4e57-84f2-22cece293783: no agents available; will retry on subsequent port and subnet creation events.
2026-07-17 13:54:05.958 8 WARNING neutron.scheduler.dhcp_agent_scheduler [None req-a6ac85cc-9b0f-47e2-bacd-cfd5d267dcd9 6b5cc995c5e8480894b492a988edb982 e3c680f3289d4d0cb9934e8ea606f0e7 - - default default] No more DHCP agents
2026-07-17 13:54:05.959 8 WARNING neutron.api.rpc.agentnotifiers.dhcp_rpc_agent_api [None req-a6ac85cc-9b0f-47e2-bacd-cfd5d267dcd9 6b5cc995c5e8480894b492a988edb982 e3c680f3289d4d0cb9934e8ea606f0e7 - - default default] Unable to schedule network 7d01f4ad-6c87-4c53-bc38-270cfab6270a: no agents available; will retry on subsequent port and subnet creation events.
2026-07-17 13:54:06.065 8 INFO neutron.db.ovn_revision_numbers_db [None req-a6ac85cc-9b0f-47e2-bacd-cfd5d267dcd9 6b5cc995c5e8480894b492a988edb982 e3c680f3289d4d0cb9934e8ea606f0e7 - - default default] Successfully bumped revision number for resource e392b37e-e803-4000-8cb6-9c4bad142282 (type: ports) to 1 [pid: 8|app: 0|req: 613/1195] 10.0.0.107 () {34 vars in 670 bytes} [Fri Jul 17 13:54:05 2026] POST /v2.0/networks => generated 670 bytes in 511 msecs (HTTP/1.1 201) 4 headers in 162 bytes (1 switches on core 0)
2026-07-17 13:54:06.266 8 WARNING neutron.db.securitygroups_db [None req-4929fc2f-c895-4bf1-a884-9035ab59db26 0b56078c22b24945b67708de2a20284c 259120fc650b4bb2832d92cc62e3c4fe - - default default] project_id key not found in filters, using tenant_id instead. This support has been deprecated and will be removed in a future release.
2026-07-17 13:54:06.342 7 INFO neutron.db.ovn_revision_numbers_db [None req-2e2b2380-1e65-4782-931e-4a53b7539da3 7f49c623b6bd4161b28cf31f4b043af2 a5eaac0073bc425393a2f80b977815a6 - - default default] Successfully bumped revision number for resource 2e24deb7-9f17-4b02-91d0-3325296f0835 (type: ports) to 2
2026-07-17 13:54:06.379 7 INFO neutron.db.ovn_revision_numbers_db [None req-2e2b2380-1e65-4782-931e-4a53b7539da3 7f49c623b6bd4161b28cf31f4b043af2 a5eaac0073bc425393a2f80b977815a6 - - default default] Successfully bumped revision number for resource 5206130b-6118-4e18-8a4f-7bb8a2b15a06 (type: subnets) to 0
2026-07-17 13:54:06.404 8 INFO neutron.db.ovn_revision_numbers_db [None req-4929fc2f-c895-4bf1-a884-9035ab59db26 0b56078c22b24945b67708de2a20284c 259120fc650b4bb2832d92cc62e3c4fe - - default default] Successfully bumped revision number for resource 1a93d07b-4567-4662-acbe-c004201ca469 (type: security_groups) to 1
2026-07-17 13:54:06.412 7 WARNING neutron.scheduler.dhcp_agent_scheduler [None req-2e2b2380-1e65-4782-931e-4a53b7539da3 7f49c623b6bd4161b28cf31f4b043af2 a5eaac0073bc425393a2f80b977815a6 - - default default] No more DHCP agents
2026-07-17 13:54:06.414 7 WARNING neutron.api.rpc.agentnotifiers.dhcp_rpc_agent_api [None req-2e2b2380-1e65-4782-931e-4a53b7539da3 7f49c623b6bd4161b28cf31f4b043af2 a5eaac0073bc425393a2f80b977815a6 - - default default] Unable to schedule network af1ee678-ac8d-42b6-a02f-736d01ecb82e: no agents available; will retry on subsequent port and subnet creation events.
2026-07-17 13:54:06.422 8 INFO neutron.db.ovn_revision_numbers_db [None req-4929fc2f-c895-4bf1-a884-9035ab59db26 0b56078c22b24945b67708de2a20284c 259120fc650b4bb2832d92cc62e3c4fe - - default default] Successfully bumped revision number for resource 1649ff58-3b29-40dd-ba31-8e79fc805319 (type: security_group_rules) to 0
2026-07-17 13:54:06.436 8 INFO neutron.db.ovn_revision_numbers_db [None req-4929fc2f-c895-4bf1-a884-9035ab59db26 0b56078c22b24945b67708de2a20284c 259120fc650b4bb2832d92cc62e3c4fe - - default default] Successfully bumped revision number for resource 50d99cc7-ae71-418c-a247-87db6add7b3d (type: security_group_rules) to 0
2026-07-17 13:54:06.453 8 INFO neutron.db.ovn_revision_numbers_db [None req-4929fc2f-c895-4bf1-a884-9035ab59db26 0b56078c22b24945b67708de2a20284c 259120fc650b4bb2832d92cc62e3c4fe - - default default] Successfully bumped revision number for resource a4d9bf0b-d606-4c4e-9cd5-1773270d52f2 (type: security_group_rules) to 0
2026-07-17 13:54:06.469 8 INFO neutron.db.ovn_revision_numbers_db [None req-4929fc2f-c895-4bf1-a884-9035ab59db26 0b56078c22b24945b67708de2a20284c 259120fc650b4bb2832d92cc62e3c4fe - - default default] Successfully bumped revision number for resource b1a2a9f9-877f-4d2e-b15f-e3459caac1a2 (type: security_group_rules) to 0 [pid: 8|app: 0|req: 614/1196] 10.0.0.107 () {32 vars in 774 bytes} [Fri Jul 17 13:54:06 2026] GET /v2.0/security-groups?tenant_id=d96b0fbd4f01455d8dfa006ed1ddb567&name=default => generated 2925 bytes in 426 msecs (HTTP/1.1 200) 4 headers in 158 bytes (1 switches on core 0)
2026-07-17 13:54:06.698 8 WARNING neutron.scheduler.dhcp_agent_scheduler [None req-6a6f2bc1-f250-458f-a72a-557b8476ce87 6b5cc995c5e8480894b492a988edb982 e3c680f3289d4d0cb9934e8ea606f0e7 - - default default] No more DHCP agents
2026-07-17 13:54:06.699 8 WARNING neutron.api.rpc.agentnotifiers.dhcp_rpc_agent_api [None req-6a6f2bc1-f250-458f-a72a-557b8476ce87 6b5cc995c5e8480894b492a988edb982 e3c680f3289d4d0cb9934e8ea606f0e7 - - default default] Unable to schedule network 7d01f4ad-6c87-4c53-bc38-270cfab6270a: no agents available; will retry on subsequent port and subnet creation events.
2026-07-17 13:54:06.733 8 INFO neutron.db.ovn_revision_numbers_db [None req-6a6f2bc1-f250-458f-a72a-557b8476ce87 6b5cc995c5e8480894b492a988edb982 e3c680f3289d4d0cb9934e8ea606f0e7 - - default default] Successfully bumped revision number for resource 26993ec1-e89d-4010-aa0a-87bf4522df43 (type: subnets) to 0 [pid: 8|app: 0|req: 615/1197] 10.0.0.107 () {34 vars in 669 bytes} [Fri Jul 17 13:54:06 2026] POST /v2.0/subnets => generated 646 bytes in 235 msecs (HTTP/1.1 201) 4 headers in 162 bytes (1 switches on core 0)
2026-07-17 13:54:06.894 7 INFO neutron.db.ovn_revision_numbers_db [None req-2e2b2380-1e65-4782-931e-4a53b7539da3 7f49c623b6bd4161b28cf31f4b043af2 a5eaac0073bc425393a2f80b977815a6 - - default default] Successfully bumped revision number for resource 40a59d88-bc6e-49c2-b1af-cd7c5528d87b (type: ports) to 2
2026-07-17 13:54:06.928 7 INFO neutron.db.ovn_revision_numbers_db [None req-2e2b2380-1e65-4782-931e-4a53b7539da3 7f49c623b6bd4161b28cf31f4b043af2 a5eaac0073bc425393a2f80b977815a6 - - default default] Successfully bumped revision number for resource 9344f1f1-b51a-4e07-b586-94adbe9b54ac (type: subnets) to 0 [pid: 8|app: 0|req: 616/1198] 10.0.0.107 () {32 vars in 740 bytes} [Fri Jul 17 13:54:06 2026] DELETE /v2.0/security-groups/1a93d07b-4567-4662-acbe-c004201ca469 => generated 0 bytes in 191 msecs (HTTP/1.1 204) 2 headers in 112 bytes (1 switches on core 0) [pid: 7|app: 0|req: 583/1199] 10.0.0.107 () {34 vars in 669 bytes} [Fri Jul 17 13:54:05 2026] POST /v2.0/subnets => generated 1273 bytes in 1302 msecs (HTTP/1.1 201) 4 headers in 163 bytes (1 switches on core 0)
2026-07-17 13:54:07.083 7 INFO neutron.db.ovn_revision_numbers_db [None req-d8afc1f8-7922-4dd8-bdc9-0499da43e230 6b5cc995c5e8480894b492a988edb982 e3c680f3289d4d0cb9934e8ea606f0e7 - - default default] Successfully bumped revision number for resource 135316b4-4421-4b92-9897-3c1d17135f1a (type: routers) to 1 [pid: 7|app: 0|req: 584/1200] 10.0.0.107 () {34 vars in 669 bytes} [Fri Jul 17 13:54:06 2026] POST /v2.0/routers => generated 627 bytes in 153 msecs (HTTP/1.1 201) 4 headers in 162 bytes (1 switches on core 0) [pid: 7|app: 0|req: 585/1201] 10.0.0.107 () {32 vars in 647 bytes} [Fri Jul 17 13:54:07 2026] GET /v2.0/subnets => generated 1909 bytes in 41 msecs (HTTP/1.1 200) 4 headers in 158 bytes (1 switches on core 0)
2026-07-17 13:54:07.157 7 WARNING neutron.db.securitygroups_db [None req-90fdba13-ae95-4555-92d9-fb73e34d447b 0b56078c22b24945b67708de2a20284c 259120fc650b4bb2832d92cc62e3c4fe - - default default] project_id key not found in filters, using tenant_id instead. This support has been deprecated and will be removed in a future release.
2026-07-17 13:54:07.179 8 INFO neutron.db.ovn_revision_numbers_db [None req-cdac4ba1-e2c9-42e6-8206-9f8b9d6958af 3e416bf4031c4a2d8da0e21675989313 3a790e6deeec43e7a86c1282b07a3bd0 - - default default] Successfully bumped revision number for resource 0bc36990-dfb4-45d2-8729-370c1fa67451 (type: security_groups) to 1
2026-07-17 13:54:07.190 8 INFO neutron.db.ovn_revision_numbers_db [None req-cdac4ba1-e2c9-42e6-8206-9f8b9d6958af 3e416bf4031c4a2d8da0e21675989313 3a790e6deeec43e7a86c1282b07a3bd0 - - default default] Successfully bumped revision number for resource 040425e1-e6c3-4eed-979f-bbc3d83d18c1 (type: security_group_rules) to 0
2026-07-17 13:54:07.199 8 INFO neutron.db.ovn_revision_numbers_db [None req-cdac4ba1-e2c9-42e6-8206-9f8b9d6958af 3e416bf4031c4a2d8da0e21675989313 3a790e6deeec43e7a86c1282b07a3bd0 - - default default] Successfully bumped revision number for resource 13bf07e7-490d-4540-a947-3d7e99785348 (type: security_group_rules) to 0
2026-07-17 13:54:07.207 8 INFO neutron.db.ovn_revision_numbers_db [None req-cdac4ba1-e2c9-42e6-8206-9f8b9d6958af 3e416bf4031c4a2d8da0e21675989313 3a790e6deeec43e7a86c1282b07a3bd0 - - default default] Successfully bumped revision number for resource 24e4ed88-a1cc-4431-bbc3-b6f9b9bc7fc1 (type: security_group_rules) to 0
