Jul 24 00:49:00.379267 np0000186475 devstack@neutron-api.service[101622]: DEBUG neutron.api.extensions [None req-93e13b44-bca3-4a71-9be0-50245901fa30 None None] Ext name="Router Service Type" alias="router-service-type" description="Provides router service type" updated="2013-01-29T00:00:00-00:00" {{(pid=101622) _check_extension /opt/stack/neutron/neutron/api/extensions.py:415}}
Jul 24 00:49:00.379400 np0000186475 devstack@neutron-api.service[101621]: DEBUG neutron.api.extensions [None req-ba5e5a0a-1c83-45e6-be0d-2c276cb9e853 None None] Ext name="Resource timestamps" alias="standard-attr-timestamp" description="Adds created_at and updated_at fields to all Neutron resources that have Neutron standard attributes." updated="2016-09-12T10:00:00-00:00" {{(pid=101621) _check_extension /opt/stack/neutron/neutron/api/extensions.py:415}}
Jul 24 00:49:00.379523 np0000186475 devstack@neutron-api.service[101622]: INFO neutron.api.extensions [None req-93e13b44-bca3-4a71-9be0-50245901fa30 None None] Extension router-service-type not supported by any of loaded plugins
Jul 24 00:49:00.379523 np0000186475 devstack@neutron-api.service[101622]: DEBUG neutron.api.extensions [None req-93e13b44-bca3-4a71-9be0-50245901fa30 None None] Loading extension file: security_groups_default_rules.py {{(pid=101622) _load_all_extensions_from_path /opt/stack/neutron/neutron/api/extensions.py:449}}
Jul 24 00:49:00.379666 np0000186475 devstack@neutron-api.service[101621]: INFO neutron.api.extensions [None req-ba5e5a0a-1c83-45e6-be0d-2c276cb9e853 None None] Loaded extension: standard-attr-timestamp
Jul 24 00:49:00.379666 np0000186475 devstack@neutron-api.service[101621]: DEBUG neutron.api.extensions [None req-ba5e5a0a-1c83-45e6-be0d-2c276cb9e853 None None] Loading extension file: trunk.py {{(pid=101621) _load_all_extensions_from_path /opt/stack/neutron/neutron/api/extensions.py:449}}
Jul 24 00:49:00.379797 np0000186475 devstack@neutron-api.service[101624]: INFO neutron.quota.resource_registry [None req-eaefd49d-dbfd-47b4-a54f-abb63e342504 None None] Creating instance of TrackedResource for resource:security_group
Jul 24 00:49:00.379897 np0000186475 devstack@neutron-api.service[101621]: DEBUG neutron.api.extensions [None req-ba5e5a0a-1c83-45e6-be0d-2c276cb9e853 None None] Ext name="Trunk Extension" alias="trunk" description="Provides support for trunk ports" updated="2016-01-01T10:00:00-00:00" {{(pid=101621) _check_extension /opt/stack/neutron/neutron/api/extensions.py:415}}
Jul 24 00:49:00.379992 np0000186475 devstack@neutron-api.service[101622]: DEBUG neutron.api.extensions [None req-93e13b44-bca3-4a71-9be0-50245901fa30 None None] Ext name="Default rules for security groups" alias="security-groups-default-rules" description="Configure set of security group rules used as default rules for every new security group" updated="2022-12-19T10:00:00-00:00" {{(pid=101622) _check_extension /opt/stack/neutron/neutron/api/extensions.py:415}}
Jul 24 00:49:00.380092 np0000186475 devstack@neutron-api.service[101624]: WARNING neutron.quota.resource_registry [None req-eaefd49d-dbfd-47b4-a54f-abb63e342504 None None] security_group is already registered
Jul 24 00:49:00.380212 np0000186475 devstack@neutron-api.service[101621]: INFO neutron.api.extensions [None req-ba5e5a0a-1c83-45e6-be0d-2c276cb9e853 None None] Extension trunk not supported by any of loaded plugins
Jul 24 00:49:00.380406 np0000186475 devstack@neutron-api.service[101622]: INFO neutron.api.extensions [None req-93e13b44-bca3-4a71-9be0-50245901fa30 None None] Loaded extension: security-groups-default-rules
Jul 24 00:49:00.380406 np0000186475 devstack@neutron-api.service[101622]: DEBUG neutron.api.extensions [None req-93e13b44-bca3-4a71-9be0-50245901fa30 None None] Loading extension file: security_groups_default_statefulness.py {{(pid=101622) _load_all_extensions_from_path /opt/stack/neutron/neutron/api/extensions.py:449}}
Jul 24 00:49:00.380568 np0000186475 devstack@neutron-api.service[101621]: DEBUG neutron.api.extensions [None req-ba5e5a0a-1c83-45e6-be0d-2c276cb9e853 None None] Loading extension file: trunk_details.py {{(pid=101621) _load_all_extensions_from_path /opt/stack/neutron/neutron/api/extensions.py:449}}
Jul 24 00:49:00.380685 np0000186475 devstack@neutron-api.service[101624]: INFO neutron.quota.resource_registry [None req-eaefd49d-dbfd-47b4-a54f-abb63e342504 None None] Creating instance of TrackedResource for resource:security_group_rule
Jul 24 00:49:00.380685 np0000186475 devstack@neutron-api.service[101624]: WARNING neutron.quota.resource_registry [None req-eaefd49d-dbfd-47b4-a54f-abb63e342504 None None] security_group_rule is already registered
Jul 24 00:49:00.380828 np0000186475 devstack@neutron-api.service[101622]: DEBUG neutron.api.extensions [None req-93e13b44-bca3-4a71-9be0-50245901fa30 None None] Ext name="Security Groups Default Statefulness" alias="security-groups-default-statefulness" description="Allows configuring the default value of the 'stateful' attribute for new security groups, on a per-project or system-wide basis" updated="2026-04-13T00:00:00-00:00" {{(pid=101622) _check_extension /opt/stack/neutron/neutron/api/extensions.py:415}}
Jul 24 00:49:00.380973 np0000186475 devstack@neutron-api.service[101621]: DEBUG neutron.api.extensions [None req-ba5e5a0a-1c83-45e6-be0d-2c276cb9e853 None None] Ext name="Trunk port details" alias="trunk-details" description="Expose trunk port details" updated="2016-01-01T10:00:00-00:00" {{(pid=101621) _check_extension /opt/stack/neutron/neutron/api/extensions.py:415}}
Jul 24 00:49:00.381082 np0000186475 devstack@neutron-api.service[101622]: INFO neutron.api.extensions [None req-93e13b44-bca3-4a71-9be0-50245901fa30 None None] Loaded extension: security-groups-default-statefulness
Jul 24 00:49:00.381193 np0000186475 devstack@neutron-api.service[101621]: INFO neutron.api.extensions [None req-ba5e5a0a-1c83-45e6-be0d-2c276cb9e853 None None] Extension trunk-details not supported by any of loaded plugins
Jul 24 00:49:00.381319 np0000186475 devstack@neutron-api.service[101622]: DEBUG neutron.api.extensions [None req-93e13b44-bca3-4a71-9be0-50245901fa30 None None] Loading extension file: security_groups_normalized_cidr.py {{(pid=101622) _load_all_extensions_from_path /opt/stack/neutron/neutron/api/extensions.py:449}}
Jul 24 00:49:00.381457 np0000186475 devstack@neutron-api.service[101621]: DEBUG neutron.api.extensions [None req-ba5e5a0a-1c83-45e6-be0d-2c276cb9e853 None None] Loading extension file: uplink_status_propagation.py {{(pid=101621) _load_all_extensions_from_path /opt/stack/neutron/neutron/api/extensions.py:449}}
Jul 24 00:49:00.381584 np0000186475 devstack@neutron-api.service[101622]: DEBUG neutron.api.extensions [None req-93e13b44-bca3-4a71-9be0-50245901fa30 None None] Ext name="Normalized CIDR field for security group rules" alias="security-groups-normalized-cidr" description="Add new field with normalized remote_ip_prefix cidr in SG rule" updated="2020-07-28T10:00:00-00:00" {{(pid=101622) _check_extension /opt/stack/neutron/neutron/api/extensions.py:415}}
Jul 24 00:49:00.381765 np0000186475 devstack@neutron-api.service[101624]: DEBUG neutron.api.v2.resource_helper [None req-eaefd49d-dbfd-47b4-a54f-abb63e342504 None None] Service CORE assigned prefix: {{(pid=101624) build_resource_info /opt/stack/neutron/neutron/api/v2/resource_helper.py:77}}
Jul 24 00:49:00.381872 np0000186475 devstack@neutron-api.service[101621]: DEBUG neutron.api.extensions [None req-ba5e5a0a-1c83-45e6-be0d-2c276cb9e853 None None] Ext name="Uplink status propagation extension" alias="uplink-status-propagation" description="Provides ability to propagate port uplink status." updated="2018-05-31T18:00:00-00:00" {{(pid=101621) _check_extension /opt/stack/neutron/neutron/api/extensions.py:415}}
Jul 24 00:49:00.381972 np0000186475 devstack@neutron-api.service[101624]: INFO neutron.quota.resource_registry [None req-eaefd49d-dbfd-47b4-a54f-abb63e342504 None None] Creating instance of TrackedResource for resource:subnetpool
Jul 24 00:49:00.382067 np0000186475 devstack@neutron-api.service[101622]: INFO neutron.api.extensions [None req-93e13b44-bca3-4a71-9be0-50245901fa30 None None] Loaded extension: security-groups-normalized-cidr
Jul 24 00:49:00.382149 np0000186475 devstack@neutron-api.service[101624]: WARNING neutron.quota.resource_registry [None req-eaefd49d-dbfd-47b4-a54f-abb63e342504 None None] subnetpool is already registered
Jul 24 00:49:00.382266 np0000186475 devstack@neutron-api.service[101622]: DEBUG neutron.api.extensions [None req-93e13b44-bca3-4a71-9be0-50245901fa30 None None] Loading extension file: security_groups_port_filtering.py {{(pid=101622) _load_all_extensions_from_path /opt/stack/neutron/neutron/api/extensions.py:449}}
Jul 24 00:49:00.382445 np0000186475 devstack@neutron-api.service[101621]: INFO neutron.api.extensions [None req-ba5e5a0a-1c83-45e6-be0d-2c276cb9e853 None None] Extension uplink-status-propagation not supported by any of loaded plugins
Jul 24 00:49:00.382445 np0000186475 devstack@neutron-api.service[101621]: DEBUG neutron.api.extensions [None req-ba5e5a0a-1c83-45e6-be0d-2c276cb9e853 None None] Loading extension file: uplink_status_propagation_updatable.py {{(pid=101621) _load_all_extensions_from_path /opt/stack/neutron/neutron/api/extensions.py:449}}
Jul 24 00:49:00.382612 np0000186475 devstack@neutron-api.service[101622]: DEBUG neutron.api.extensions [None req-93e13b44-bca3-4a71-9be0-50245901fa30 None None] Ext name="Port filtering on security groups" alias="port-security-groups-filtering" description="Provides security groups filtering when listing ports" updated="2018-01-09T09:00:00-00:00" {{(pid=101622) _check_extension /opt/stack/neutron/neutron/api/extensions.py:415}}
Jul 24 00:49:00.382741 np0000186475 devstack@neutron-api.service[101624]: DEBUG neutron.api.v2.resource_helper [None req-eaefd49d-dbfd-47b4-a54f-abb63e342504 None None] Service CORE assigned prefix: {{(pid=101624) build_resource_info /opt/stack/neutron/neutron/api/v2/resource_helper.py:77}}
Jul 24 00:49:00.382956 np0000186475 devstack@neutron-api.service[101621]: DEBUG neutron.api.extensions [None req-ba5e5a0a-1c83-45e6-be0d-2c276cb9e853 None None] Ext name="Uplink status propagation updatable extension" alias="uplink-status-propagation-updatable" description="Provides ability to update the port uplink status." updated="2024-09-03T18:00:00-00:00" {{(pid=101621) _check_extension /opt/stack/neutron/neutron/api/extensions.py:415}}
Jul 24 00:49:00.383101 np0000186475 devstack@neutron-api.service[101622]: INFO neutron.api.extensions [None req-93e13b44-bca3-4a71-9be0-50245901fa30 None None] Extension port-security-groups-filtering not supported by any of loaded plugins
Jul 24 00:49:00.383276 np0000186475 devstack@neutron-api.service[101624]: INFO neutron.quota.resource_registry [None req-eaefd49d-dbfd-47b4-a54f-abb63e342504 None None] Creating instance of TrackedResource for resource:subnetpool
Jul 24 00:49:00.383432 np0000186475 devstack@neutron-api.service[101622]: DEBUG neutron.api.extensions [None req-93e13b44-bca3-4a71-9be0-50245901fa30 None None] Loading extension file: security_groups_remote_address_group.py {{(pid=101622) _load_all_extensions_from_path /opt/stack/neutron/neutron/api/extensions.py:449}}
Jul 24 00:49:00.383551 np0000186475 devstack@neutron-api.service[101624]: WARNING neutron.quota.resource_registry [None req-eaefd49d-dbfd-47b4-a54f-abb63e342504 None None] subnetpool is already registered
Jul 24 00:49:00.383667 np0000186475 devstack@neutron-api.service[101621]: INFO neutron.api.extensions [None req-ba5e5a0a-1c83-45e6-be0d-2c276cb9e853 None None] Extension uplink-status-propagation-updatable not supported by any of loaded plugins
Jul 24 00:49:00.383667 np0000186475 devstack@neutron-api.service[101621]: DEBUG neutron.api.extensions [None req-ba5e5a0a-1c83-45e6-be0d-2c276cb9e853 None None] Loading extension file: vlantransparent.py {{(pid=101621) _load_all_extensions_from_path /opt/stack/neutron/neutron/api/extensions.py:449}}
Jul 24 00:49:00.383805 np0000186475 devstack@neutron-api.service[101622]: DEBUG neutron.api.extensions [None req-93e13b44-bca3-4a71-9be0-50245901fa30 None None] Ext name="Remote address group id field for security group rules" alias="security-groups-remote-address-group" description="Add new field of remote address group id in SG rules" updated="2020-08-25T10:00:00-00:00" {{(pid=101622) _check_extension /opt/stack/neutron/neutron/api/extensions.py:415}}
Jul 24 00:49:00.383805 np0000186475 devstack@neutron-api.service[101622]: INFO neutron.api.extensions [None req-93e13b44-bca3-4a71-9be0-50245901fa30 None None] Loaded extension: security-groups-remote-address-group
Jul 24 00:49:00.383946 np0000186475 devstack@neutron-api.service[101624]: DEBUG neutron.api.extensions [None req-eaefd49d-dbfd-47b4-a54f-abb63e342504 None None] Extended resource: extensions {{(pid=101624) __init__ /opt/stack/neutron/neutron/api/extensions.py:156}}
Jul 24 00:49:00.384064 np0000186475 devstack@neutron-api.service[101621]: DEBUG neutron.api.extensions [None req-ba5e5a0a-1c83-45e6-be0d-2c276cb9e853 None None] Ext name="Vlantransparent" alias="vlan-transparent" description="Provides Vlan Transparent Networks" updated="2015-03-23T09:00:00-00:00" {{(pid=101621) _check_extension /opt/stack/neutron/neutron/api/extensions.py:415}}
Jul 24 00:49:00.384208 np0000186475 devstack@neutron-api.service[101622]: DEBUG neutron.api.extensions [None req-93e13b44-bca3-4a71-9be0-50245901fa30 None None] Loading extension file: security_groups_rules_belongs_to_default_sg.py {{(pid=101622) _load_all_extensions_from_path /opt/stack/neutron/neutron/api/extensions.py:449}}
Jul 24 00:49:00.384361 np0000186475 devstack@neutron-api.service[101621]: INFO neutron.api.extensions [None req-ba5e5a0a-1c83-45e6-be0d-2c276cb9e853 None None] Loaded extension: vlan-transparent
Jul 24 00:49:00.384485 np0000186475 devstack@neutron-api.service[101622]: DEBUG neutron.api.extensions [None req-93e13b44-bca3-4a71-9be0-50245901fa30 None None] Ext name="Security group rule belongs to the project's default security group" alias="security-groups-rules-belongs-to-default-sg" description="Flag to determine if the security group rule belongs to the project's default security group" updated="2023-05-23T10:00:00-00:00" {{(pid=101622) _check_extension /opt/stack/neutron/neutron/api/extensions.py:415}}
Jul 24 00:49:00.384485 np0000186475 devstack@neutron-api.service[101622]: INFO neutron.api.extensions [None req-93e13b44-bca3-4a71-9be0-50245901fa30 None None] Loaded extension: security-groups-rules-belongs-to-default-sg
Jul 24 00:49:00.384485 np0000186475 devstack@neutron-api.service[101622]: DEBUG neutron.api.extensions [None req-93e13b44-bca3-4a71-9be0-50245901fa30 None None] Loading extension file: security_groups_shared_filtering.py {{(pid=101622) _load_all_extensions_from_path /opt/stack/neutron/neutron/api/extensions.py:449}}
Jul 24 00:49:00.384684 np0000186475 devstack@neutron-api.service[101624]: DEBUG neutron.api.extensions [None req-eaefd49d-dbfd-47b4-a54f-abb63e342504 None None] Extended resource: address-groups {{(pid=101624) __init__ /opt/stack/neutron/neutron/api/extensions.py:156}}
Jul 24 00:49:00.384785 np0000186475 devstack@neutron-api.service[101622]: DEBUG neutron.api.extensions [None req-93e13b44-bca3-4a71-9be0-50245901fa30 None None] Ext name="Security group filtering on the shared field" alias="security-groups-shared-filtering" description="Support filtering security groups on the shared field" updated="2021-10-05T09:00:00-00:00" {{(pid=101622) _check_extension /opt/stack/neutron/neutron/api/extensions.py:415}}
Jul 24 00:49:00.384785 np0000186475 devstack@neutron-api.service[101622]: INFO neutron.api.extensions [None req-93e13b44-bca3-4a71-9be0-50245901fa30 None None] Loaded extension: security-groups-shared-filtering
Jul 24 00:49:00.384785 np0000186475 devstack@neutron-api.service[101622]: DEBUG neutron.api.extensions [None req-93e13b44-bca3-4a71-9be0-50245901fa30 None None] Loading extension file: securitygroup.py {{(pid=101622) _load_all_extensions_from_path /opt/stack/neutron/neutron/api/extensions.py:449}}
Jul 24 00:49:00.384929 np0000186475 devstack@neutron-api.service[101624]: DEBUG neutron.api.extensions [None req-eaefd49d-dbfd-47b4-a54f-abb63e342504 None None] Extended resource: address-scopes {{(pid=101624) __init__ /opt/stack/neutron/neutron/api/extensions.py:156}}
Jul 24 00:49:00.384929 np0000186475 devstack@neutron-api.service[101624]: DEBUG neutron.api.extensions [None req-eaefd49d-dbfd-47b4-a54f-abb63e342504 None None] Extended resource: agents {{(pid=101624) __init__ /opt/stack/neutron/neutron/api/extensions.py:156}}
Jul 24 00:49:00.385051 np0000186475 devstack@neutron-api.service[101621]: INFO neutron.quota.resource_registry [None req-ba5e5a0a-1c83-45e6-be0d-2c276cb9e853 None None] Creating instance of TrackedResource for resource:network
Jul 24 00:49:00.385051 np0000186475 devstack@neutron-api.service[101621]: INFO neutron.quota.resource_registry [None req-ba5e5a0a-1c83-45e6-be0d-2c276cb9e853 None None] Creating instance of TrackedResource for resource:subnet
Jul 24 00:49:00.385158 np0000186475 devstack@neutron-api.service[101624]: DEBUG neutron.api.extensions [None req-eaefd49d-dbfd-47b4-a54f-abb63e342504 None None] Extended resource: auto-allocated-topology {{(pid=101624) __init__ /opt/stack/neutron/neutron/api/extensions.py:156}}
Jul 24 00:49:00.385254 np0000186475 devstack@neutron-api.service[101621]: INFO neutron.quota.resource_registry [None req-ba5e5a0a-1c83-45e6-be0d-2c276cb9e853 None None] Creating instance of TrackedResource for resource:subnetpool
Jul 24 00:49:00.385254 np0000186475 devstack@neutron-api.service[101621]: INFO neutron.quota.resource_registry [None req-ba5e5a0a-1c83-45e6-be0d-2c276cb9e853 None None] Creating instance of TrackedResource for resource:port
Jul 24 00:49:00.385400 np0000186475 devstack@neutron-api.service[101622]: DEBUG neutron.api.extensions [None req-93e13b44-bca3-4a71-9be0-50245901fa30 None None] Ext name="security-group" alias="security-group" description="The security groups extension." updated="2012-10-05T10:00:00-00:00" {{(pid=101622) _check_extension /opt/stack/neutron/neutron/api/extensions.py:415}}
Jul 24 00:49:00.385504 np0000186475 devstack@neutron-api.service[101624]: DEBUG neutron.api.extensions [None req-eaefd49d-dbfd-47b4-a54f-abb63e342504 None None] Extended resource: availability_zones {{(pid=101624) __init__ /opt/stack/neutron/neutron/api/extensions.py:156}}
Jul 24 00:49:00.385597 np0000186475 devstack@neutron-api.service[101622]: INFO neutron.api.extensions [None req-93e13b44-bca3-4a71-9be0-50245901fa30 None None] Loaded extension: security-group
Jul 24 00:49:00.385597 np0000186475 devstack@neutron-api.service[101622]: DEBUG neutron.api.extensions [None req-93e13b44-bca3-4a71-9be0-50245901fa30 None None] Loading extension file: segment.py {{(pid=101622) _load_all_extensions_from_path /opt/stack/neutron/neutron/api/extensions.py:449}}
Jul 24 00:49:00.385597 np0000186475 devstack@neutron-api.service[101622]: DEBUG neutron.api.extensions [None req-93e13b44-bca3-4a71-9be0-50245901fa30 None None] Ext name="Segment" alias="segment" description="Segments extension." updated="2016-02-24T17:00:00-00:00" {{(pid=101622) _check_extension /opt/stack/neutron/neutron/api/extensions.py:415}}
Jul 24 00:49:00.385794 np0000186475 devstack@neutron-api.service[101624]: DEBUG neutron.api.extensions [None req-eaefd49d-dbfd-47b4-a54f-abb63e342504 None None] Extended resource: dhcp-networks {{(pid=101624) __init__ /opt/stack/neutron/neutron/api/extensions.py:156}}
Jul 24 00:49:00.385916 np0000186475 devstack@neutron-api.service[101622]: INFO neutron.api.extensions [None req-93e13b44-bca3-4a71-9be0-50245901fa30 None None] Extension segment not supported by any of loaded plugins
Jul 24 00:49:00.385916 np0000186475 devstack@neutron-api.service[101622]: DEBUG neutron.api.extensions [None req-93e13b44-bca3-4a71-9be0-50245901fa30 None None] Loading extension file: segments_peer_subnet_host_routes.py {{(pid=101622) _load_all_extensions_from_path /opt/stack/neutron/neutron/api/extensions.py:449}}
Jul 24 00:49:00.385916 np0000186475 devstack@neutron-api.service[101622]: DEBUG neutron.api.extensions [None req-93e13b44-bca3-4a71-9be0-50245901fa30 None None] Ext name="Segments peer-subnet host routes" alias="segments-peer-subnet-host-routes" description="Add host routes to subnets on a routed network (segments)" updated="2018-06-12T10:00:00-00:00" {{(pid=101622) _check_extension /opt/stack/neutron/neutron/api/extensions.py:415}}
Jul 24 00:49:00.385916 np0000186475 devstack@neutron-api.service[101622]: INFO neutron.api.extensions [None req-93e13b44-bca3-4a71-9be0-50245901fa30 None None] Extension segments-peer-subnet-host-routes not supported by any of loaded plugins
Jul 24 00:49:00.386147 np0000186475 devstack@neutron-api.service[101624]: DEBUG neutron.api.extensions [None req-eaefd49d-dbfd-47b4-a54f-abb63e342504 None None] Extended resource: dhcp-agents {{(pid=101624) __init__ /opt/stack/neutron/neutron/api/extensions.py:156}}
Jul 24 00:49:00.386323 np0000186475 devstack@neutron-api.service[101621]: INFO neutron.quota.resource_registry [None req-ba5e5a0a-1c83-45e6-be0d-2c276cb9e853 None None] Creating instance of CountableResource for resource:router_route
Jul 24 00:49:00.386476 np0000186475 devstack@neutron-api.service[101622]: DEBUG neutron.api.extensions [None req-93e13b44-bca3-4a71-9be0-50245901fa30 None None] Loading extension file: servicetype.py {{(pid=101622) _load_all_extensions_from_path /opt/stack/neutron/neutron/api/extensions.py:449}}
Jul 24 00:49:00.386583 np0000186475 devstack@neutron-api.service[101621]: DEBUG neutron.api.v2.resource_helper [None req-ba5e5a0a-1c83-45e6-be0d-2c276cb9e853 None None] Service L3_ROUTER_NAT assigned prefix: {{(pid=101621) build_resource_info /opt/stack/neutron/neutron/api/v2/resource_helper.py:77}}
Jul 24 00:49:00.386699 np0000186475 devstack@neutron-api.service[101622]: DEBUG neutron.api.extensions [None req-93e13b44-bca3-4a71-9be0-50245901fa30 None None] Ext name="Neutron Service Type Management" alias="service-type" description="API for retrieving service providers for Neutron advanced services" updated="2013-01-20T00:00:00-00:00" {{(pid=101622) _check_extension /opt/stack/neutron/neutron/api/extensions.py:415}}
Jul 24 00:49:00.386814 np0000186475 devstack@neutron-api.service[101621]: DEBUG neutron.api.v2.resource_helper [None req-ba5e5a0a-1c83-45e6-be0d-2c276cb9e853 None None] Service FLAVORS assigned prefix: {{(pid=101621) build_resource_info /opt/stack/neutron/neutron/api/v2/resource_helper.py:77}}
Jul 24 00:49:00.386928 np0000186475 devstack@neutron-api.service[101624]: DEBUG neutron.api.extensions [None req-eaefd49d-dbfd-47b4-a54f-abb63e342504 None None] Extended resource: routers {{(pid=101624) __init__ /opt/stack/neutron/neutron/api/extensions.py:156}}
Jul 24 00:49:00.387055 np0000186475 devstack@neutron-api.service[101622]: INFO neutron.api.extensions [None req-93e13b44-bca3-4a71-9be0-50245901fa30 None None] Loaded extension: service-type
Jul 24 00:49:00.387055 np0000186475 devstack@neutron-api.service[101622]: DEBUG neutron.api.extensions [None req-93e13b44-bca3-4a71-9be0-50245901fa30 None None] Loading extension file: sorting.py {{(pid=101622) _load_all_extensions_from_path /opt/stack/neutron/neutron/api/extensions.py:449}}
Jul 24 00:49:00.387055 np0000186475 devstack@neutron-api.service[101622]: DEBUG neutron.api.extensions [None req-93e13b44-bca3-4a71-9be0-50245901fa30 None None] Ext name="Sorting support" alias="sorting" description="Extension that indicates that sorting is enabled." updated="2016-06-12T00:00:00-00:00" {{(pid=101622) _check_extension /opt/stack/neutron/neutron/api/extensions.py:415}}
Jul 24 00:49:00.387055 np0000186475 devstack@neutron-api.service[101622]: INFO neutron.api.extensions [None req-93e13b44-bca3-4a71-9be0-50245901fa30 None None] Loaded extension: sorting
Jul 24 00:49:00.387055 np0000186475 devstack@neutron-api.service[101622]: DEBUG neutron.api.extensions [None req-93e13b44-bca3-4a71-9be0-50245901fa30 None None] Loading extension file: standard_attr_segment.py {{(pid=101622) _load_all_extensions_from_path /opt/stack/neutron/neutron/api/extensions.py:449}}
Jul 24 00:49:00.387305 np0000186475 devstack@neutron-api.service[101624]: DEBUG neutron.api.extensions [None req-eaefd49d-dbfd-47b4-a54f-abb63e342504 None None] Extended resource: flavors {{(pid=101624) __init__ /opt/stack/neutron/neutron/api/extensions.py:156}}
Jul 24 00:49:00.387482 np0000186475 devstack@neutron-api.service[101621]: DEBUG neutron.api.v2.resource_helper [None req-ba5e5a0a-1c83-45e6-be0d-2c276cb9e853 None None] Service L3_ROUTER_NAT assigned prefix: {{(pid=101621) build_resource_info /opt/stack/neutron/neutron/api/v2/resource_helper.py:77}}
Jul 24 00:49:00.387620 np0000186475 devstack@neutron-api.service[101622]: DEBUG neutron.api.extensions [None req-93e13b44-bca3-4a71-9be0-50245901fa30 None None] Ext name="Standard Attribute Segment Extension" alias="standard-attr-segment" description="Add standard attributes to Segment resource" updated="2018-04-09T10:00:00-00:00" {{(pid=101622) _check_extension /opt/stack/neutron/neutron/api/extensions.py:415}}
Jul 24 00:49:00.387762 np0000186475 devstack@neutron-api.service[101621]: DEBUG neutron.api.v2.resource_helper [None req-ba5e5a0a-1c83-45e6-be0d-2c276cb9e853 None None] Service L3_ROUTER_NAT assigned prefix: {{(pid=101621) build_resource_info /opt/stack/neutron/neutron/api/v2/resource_helper.py:77}}
Jul 24 00:49:00.387889 np0000186475 devstack@neutron-api.service[101624]: DEBUG neutron.api.extensions [None req-eaefd49d-dbfd-47b4-a54f-abb63e342504 None None] Extended resource: service_profiles {{(pid=101624) __init__ /opt/stack/neutron/neutron/api/extensions.py:156}}
Jul 24 00:49:00.388031 np0000186475 devstack@neutron-api.service[101622]: INFO neutron.api.extensions [None req-93e13b44-bca3-4a71-9be0-50245901fa30 None None] Extension standard-attr-segment not supported by any of loaded plugins
Jul 24 00:49:00.388394 np0000186475 devstack@neutron-api.service[101621]: INFO neutron.quota.resource_registry [None req-ba5e5a0a-1c83-45e6-be0d-2c276cb9e853 None None] Creating instance of TrackedResource for resource:router
Jul 24 00:49:00.388646 np0000186475 devstack@neutron-api.service[101622]: DEBUG neutron.api.extensions [None req-93e13b44-bca3-4a71-9be0-50245901fa30 None None] Loading extension file: standardattrdescription.py {{(pid=101622) _load_all_extensions_from_path /opt/stack/neutron/neutron/api/extensions.py:449}}
Jul 24 00:49:00.388825 np0000186475 devstack@neutron-api.service[101621]: INFO neutron.quota.resource_registry [None req-ba5e5a0a-1c83-45e6-be0d-2c276cb9e853 None None] Creating instance of TrackedResource for resource:floatingip
Jul 24 00:49:00.389008 np0000186475 devstack@neutron-api.service[101624]: DEBUG neutron.api.extensions [None req-eaefd49d-dbfd-47b4-a54f-abb63e342504 None None] Extended resource: next_providers {{(pid=101624) __init__ /opt/stack/neutron/neutron/api/extensions.py:156}}
Jul 24 00:49:00.389180 np0000186475 devstack@neutron-api.service[101622]: DEBUG neutron.api.extensions [None req-93e13b44-bca3-4a71-9be0-50245901fa30 None None] Ext name="standard-attr-description" alias="standard-attr-description" description="Extension to add descriptions to standard attributes" updated="2016-02-10T10:00:00-00:00" {{(pid=101622) _check_extension /opt/stack/neutron/neutron/api/extensions.py:415}}
Jul 24 00:49:00.389180 np0000186475 devstack@neutron-api.service[101622]: INFO neutron.api.extensions [None req-93e13b44-bca3-4a71-9be0-50245901fa30 None None] Loaded extension: standard-attr-description
Jul 24 00:49:00.389180 np0000186475 devstack@neutron-api.service[101622]: DEBUG neutron.api.extensions [None req-93e13b44-bca3-4a71-9be0-50245901fa30 None None] Loading extension file: stateful_security_group.py {{(pid=101622) _load_all_extensions_from_path /opt/stack/neutron/neutron/api/extensions.py:449}}
Jul 24 00:49:00.389180 np0000186475 devstack@neutron-api.service[101622]: DEBUG neutron.api.extensions [None req-93e13b44-bca3-4a71-9be0-50245901fa30 None None] Ext name="Stateful security group" alias="stateful-security-group" description="Indicates if the security group is stateful or not" updated="2019-11-26T09:00:00-00:00" {{(pid=101622) _check_extension /opt/stack/neutron/neutron/api/extensions.py:415}}
Jul 24 00:49:00.389520 np0000186475 devstack@neutron-api.service[101624]: DEBUG neutron.api.extensions [None req-eaefd49d-dbfd-47b4-a54f-abb63e342504 None None] Extended resource: service_profiles {{(pid=101624) __init__ /opt/stack/neutron/neutron/api/extensions.py:156}}
Jul 24 00:49:00.389686 np0000186475 devstack@neutron-api.service[101622]: INFO neutron.api.extensions [None req-93e13b44-bca3-4a71-9be0-50245901fa30 None None] Loaded extension: stateful-security-group
Jul 24 00:49:00.389686 np0000186475 devstack@neutron-api.service[101622]: DEBUG neutron.api.extensions [None req-93e13b44-bca3-4a71-9be0-50245901fa30 None None] Loading extension file: stdattrs_common.py {{(pid=101622) _load_all_extensions_from_path /opt/stack/neutron/neutron/api/extensions.py:449}}
Jul 24 00:49:00.389686 np0000186475 devstack@neutron-api.service[101622]: WARNING neutron.api.extensions [None req-93e13b44-bca3-4a71-9be0-50245901fa30 None None] Did not find expected name "Stdattrs_common" in /opt/stack/neutron/neutron/extensions/stdattrs_common.py
Jul 24 00:49:00.390176 np0000186475 devstack@neutron-api.service[101621]: INFO neutron.quota.resource_registry [None req-ba5e5a0a-1c83-45e6-be0d-2c276cb9e853 None None] Creating instance of CountableResource for resource:rbac_policy
Jul 24 00:49:00.390517 np0000186475 devstack@neutron-api.service[101622]: DEBUG neutron.api.extensions [None req-93e13b44-bca3-4a71-9be0-50245901fa30 None None] Loading extension file: subnet_dns_publish_fixed_ip.py {{(pid=101622) _load_all_extensions_from_path /opt/stack/neutron/neutron/api/extensions.py:449}}
Jul 24 00:49:00.390674 np0000186475 devstack@neutron-api.service[101624]: DEBUG neutron.api.extensions [None req-eaefd49d-dbfd-47b4-a54f-abb63e342504 None None] Extended resource: floatingip-pools {{(pid=101624) __init__ /opt/stack/neutron/neutron/api/extensions.py:156}}
Jul 24 00:49:00.391241 np0000186475 devstack@neutron-api.service[101622]: DEBUG neutron.api.extensions [None req-93e13b44-bca3-4a71-9be0-50245901fa30 None None] Ext name="Subnet DNS publish fixed IP" alias="subnet-dns-publish-fixed-ip" description="Support choosing to publish DNS records for IPs from a subnet" updated="2019-05-24T10:00:00-00:00" {{(pid=101622) _check_extension /opt/stack/neutron/neutron/api/extensions.py:415}}
Jul 24 00:49:00.391241 np0000186475 devstack@neutron-api.service[101622]: INFO neutron.api.extensions [None req-93e13b44-bca3-4a71-9be0-50245901fa30 None None] Loaded extension: subnet-dns-publish-fixed-ip
Jul 24 00:49:00.391241 np0000186475 devstack@neutron-api.service[101622]: DEBUG neutron.api.extensions [None req-93e13b44-bca3-4a71-9be0-50245901fa30 None None] Loading extension file: subnet_external_network.py {{(pid=101622) _load_all_extensions_from_path /opt/stack/neutron/neutron/api/extensions.py:449}}
Jul 24 00:49:00.391711 np0000186475 devstack@neutron-api.service[101624]: DEBUG neutron.api.extensions [None req-eaefd49d-dbfd-47b4-a54f-abb63e342504 None None] Extended resource: routers {{(pid=101624) __init__ /opt/stack/neutron/neutron/api/extensions.py:156}}
Jul 24 00:49:00.392041 np0000186475 devstack@neutron-api.service[101622]: DEBUG neutron.api.extensions [None req-93e13b44-bca3-4a71-9be0-50245901fa30 None None] Ext name="Subnet belongs to an external network" alias="subnet-external-network" description="Informs if the subnet belongs to an external network" updated="2024-02-05T18:00:00-00:00" {{(pid=101622) _check_extension /opt/stack/neutron/neutron/api/extensions.py:415}}
Jul 24 00:49:00.392191 np0000186475 devstack@neutron-api.service[101621]: INFO neutron.quota.resource_registry [None req-ba5e5a0a-1c83-45e6-be0d-2c276cb9e853 None None] Creating instance of TrackedResource for resource:security_group
Jul 24 00:49:00.392644 np0000186475 devstack@neutron-api.service[101622]: INFO neutron.api.extensions [None req-93e13b44-bca3-4a71-9be0-50245901fa30 None None] Loaded extension: subnet-external-network
Jul 24 00:49:00.392644 np0000186475 devstack@neutron-api.service[101622]: DEBUG neutron.api.extensions [None req-93e13b44-bca3-4a71-9be0-50245901fa30 None None] Loading extension file: subnet_onboard.py {{(pid=101622) _load_all_extensions_from_path /opt/stack/neutron/neutron/api/extensions.py:449}}
Jul 24 00:49:00.393103 np0000186475 devstack@neutron-api.service[101621]: INFO neutron.quota.resource_registry [None req-ba5e5a0a-1c83-45e6-be0d-2c276cb9e853 None None] Creating instance of TrackedResource for resource:security_group_rule
Jul 24 00:49:00.393265 np0000186475 devstack@neutron-api.service[101622]: DEBUG neutron.api.extensions [None req-93e13b44-bca3-4a71-9be0-50245901fa30 None None] Ext name="Subnet Onboard" alias="subnet_onboard" description="Provides support for onboarding subnets into subnet pools" updated="2018-12-18T09:00:00-00:00" {{(pid=101622) _check_extension /opt/stack/neutron/neutron/api/extensions.py:415}}
Jul 24 00:49:00.393265 np0000186475 devstack@neutron-api.service[101622]: INFO neutron.api.extensions [None req-93e13b44-bca3-4a71-9be0-50245901fa30 None None] Loaded extension: subnet_onboard
Jul 24 00:49:00.393265 np0000186475 devstack@neutron-api.service[101622]: DEBUG neutron.api.extensions [None req-93e13b44-bca3-4a71-9be0-50245901fa30 None None] Loading extension file: subnet_segmentid_writable.py {{(pid=101622) _load_all_extensions_from_path /opt/stack/neutron/neutron/api/extensions.py:449}}
Jul 24 00:49:00.393748 np0000186475 devstack@neutron-api.service[101624]: DEBUG neutron.api.extensions [None req-eaefd49d-dbfd-47b4-a54f-abb63e342504 None None] Extended resource: floatingips {{(pid=101624) __init__ /opt/stack/neutron/neutron/api/extensions.py:156}}
Jul 24 00:49:00.394165 np0000186475 devstack@neutron-api.service[101622]: DEBUG neutron.api.extensions [None req-93e13b44-bca3-4a71-9be0-50245901fa30 None None] Ext name="Subnet SegmentID (writable)" alias="subnet-segmentid-writable" description="Provides a writable segment_id attribute for a subnet resource." updated="2018-03-12T00:00:00-00:00" {{(pid=101622) _check_extension /opt/stack/neutron/neutron/api/extensions.py:415}}
Jul 24 00:49:00.394504 np0000186475 devstack@neutron-api.service[101621]: DEBUG neutron.api.v2.resource_helper [None req-ba5e5a0a-1c83-45e6-be0d-2c276cb9e853 None None] Service CORE assigned prefix: {{(pid=101621) build_resource_info /opt/stack/neutron/neutron/api/v2/resource_helper.py:77}}
Jul 24 00:49:00.394504 np0000186475 devstack@neutron-api.service[101621]: INFO neutron.quota.resource_registry [None req-ba5e5a0a-1c83-45e6-be0d-2c276cb9e853 None None] Creating instance of TrackedResource for resource:subnetpool
Jul 24 00:49:00.394795 np0000186475 devstack@neutron-api.service[101622]: INFO neutron.api.extensions [None req-93e13b44-bca3-4a71-9be0-50245901fa30 None None] Extension subnet-segmentid-writable not supported by any of loaded plugins
Jul 24 00:49:00.394795 np0000186475 devstack@neutron-api.service[101622]: DEBUG neutron.api.extensions [None req-93e13b44-bca3-4a71-9be0-50245901fa30 None None] Loading extension file: subnet_service_types.py {{(pid=101622) _load_all_extensions_from_path /opt/stack/neutron/neutron/api/extensions.py:449}}
Jul 24 00:49:00.394924 np0000186475 devstack@neutron-api.service[101621]: WARNING neutron.quota.resource_registry [None req-ba5e5a0a-1c83-45e6-be0d-2c276cb9e853 None None] subnetpool is already registered
Jul 24 00:49:00.395357 np0000186475 devstack@neutron-api.service[101624]: DEBUG neutron.api.extensions [None req-eaefd49d-dbfd-47b4-a54f-abb63e342504 None None] Extended resource: l3-routers {{(pid=101624) __init__ /opt/stack/neutron/neutron/api/extensions.py:156}}
Jul 24 00:49:00.395752 np0000186475 devstack@neutron-api.service[101622]: DEBUG neutron.api.extensions [None req-93e13b44-bca3-4a71-9be0-50245901fa30 None None] Ext name="Subnet service types" alias="subnet-service-types" description="Provides ability to set the subnet service_types field" updated="2016-03-15T18:00:00-00:00" {{(pid=101622) _check_extension /opt/stack/neutron/neutron/api/extensions.py:415}}
Jul 24 00:49:00.395752 np0000186475 devstack@neutron-api.service[101622]: INFO neutron.api.extensions [None req-93e13b44-bca3-4a71-9be0-50245901fa30 None None] Loaded extension: subnet-service-types
Jul 24 00:49:00.396156 np0000186475 devstack@neutron-api.service[101621]: DEBUG neutron.api.v2.resource_helper [None req-ba5e5a0a-1c83-45e6-be0d-2c276cb9e853 None None] Service CORE assigned prefix: {{(pid=101621) build_resource_info /opt/stack/neutron/neutron/api/v2/resource_helper.py:77}}
Jul 24 00:49:00.396533 np0000186475 devstack@neutron-api.service[101622]: DEBUG neutron.api.extensions [None req-93e13b44-bca3-4a71-9be0-50245901fa30 None None] Loading extension file: subnetallocation.py {{(pid=101622) _load_all_extensions_from_path /opt/stack/neutron/neutron/api/extensions.py:449}}
Jul 24 00:49:00.396854 np0000186475 devstack@neutron-api.service[101621]: INFO neutron.quota.resource_registry [None req-ba5e5a0a-1c83-45e6-be0d-2c276cb9e853 None None] Creating instance of TrackedResource for resource:subnetpool
Jul 24 00:49:00.396854 np0000186475 devstack@neutron-api.service[101621]: WARNING neutron.quota.resource_registry [None req-ba5e5a0a-1c83-45e6-be0d-2c276cb9e853 None None] subnetpool is already registered
Jul 24 00:49:00.397169 np0000186475 devstack@neutron-api.service[101624]: DEBUG neutron.api.extensions [None req-eaefd49d-dbfd-47b4-a54f-abb63e342504 None None] Extended resource: l3-agents {{(pid=101624) __init__ /opt/stack/neutron/neutron/api/extensions.py:156}}
Jul 24 00:49:00.397289 np0000186475 devstack@neutron-api.service[101622]: DEBUG neutron.api.extensions [None req-93e13b44-bca3-4a71-9be0-50245901fa30 None None] Ext name="Subnet Allocation" alias="subnet_allocation" description="Enables allocation of subnets from a subnet pool" updated="2015-03-30T10:00:00-00:00" {{(pid=101622) _check_extension /opt/stack/neutron/neutron/api/extensions.py:415}}
Jul 24 00:49:00.397289 np0000186475 devstack@neutron-api.service[101622]: INFO neutron.api.extensions [None req-93e13b44-bca3-4a71-9be0-50245901fa30 None None] Loaded extension: subnet_allocation
Jul 24 00:49:00.397289 np0000186475 devstack@neutron-api.service[101622]: DEBUG neutron.api.extensions [None req-93e13b44-bca3-4a71-9be0-50245901fa30 None None] Loading extension file: subnetpool_prefix_ops.py {{(pid=101622) _load_all_extensions_from_path /opt/stack/neutron/neutron/api/extensions.py:449}}
Jul 24 00:49:00.397289 np0000186475 devstack@neutron-api.service[101622]: DEBUG neutron.api.extensions [None req-93e13b44-bca3-4a71-9be0-50245901fa30 None None] Ext name="Subnet Pool Prefix Operations" alias="subnetpool-prefix-ops" description="Provides support for adjusting the prefix list of subnet pools" updated="2019-02-08T10:00:00-00:00" {{(pid=101622) _check_extension /opt/stack/neutron/neutron/api/extensions.py:415}}
Jul 24 00:49:00.397637 np0000186475 devstack@neutron-api.service[101624]: DEBUG neutron.api.extensions [None req-eaefd49d-dbfd-47b4-a54f-abb63e342504 None None] Extended resource: network-ip-availabilities {{(pid=101624) __init__ /opt/stack/neutron/neutron/api/extensions.py:156}}
Jul 24 00:49:00.397805 np0000186475 devstack@neutron-api.service[101622]: INFO neutron.api.extensions [None req-93e13b44-bca3-4a71-9be0-50245901fa30 None None] Loaded extension: subnetpool-prefix-ops
Jul 24 00:49:00.397805 np0000186475 devstack@neutron-api.service[101622]: DEBUG neutron.api.extensions [None req-93e13b44-bca3-4a71-9be0-50245901fa30 None None] Loading extension file: tag_creation.py {{(pid=101622) _load_all_extensions_from_path /opt/stack/neutron/neutron/api/extensions.py:449}}
Jul 24 00:49:00.397805 np0000186475 devstack@neutron-api.service[101622]: DEBUG neutron.api.extensions [None req-93e13b44-bca3-4a71-9be0-50245901fa30 None None] Ext name="Tag creation extension" alias="tag-creation" description="Allow to create multiple tags for a resource" updated="2024-23-07T10:00:00-00:00" {{(pid=101622) _check_extension /opt/stack/neutron/neutron/api/extensions.py:415}}
Jul 24 00:49:00.398013 np0000186475 devstack@neutron-api.service[101624]: DEBUG neutron.api.extensions [None req-eaefd49d-dbfd-47b4-a54f-abb63e342504 None None] Extended resource: network-ip-availabilities {{(pid=101624) __init__ /opt/stack/neutron/neutron/api/extensions.py:156}}
Jul 24 00:49:00.398146 np0000186475 devstack@neutron-api.service[101622]: INFO neutron.api.extensions [None req-93e13b44-bca3-4a71-9be0-50245901fa30 None None] Loaded extension: tag-creation
Jul 24 00:49:00.398146 np0000186475 devstack@neutron-api.service[101622]: DEBUG neutron.api.extensions [None req-93e13b44-bca3-4a71-9be0-50245901fa30 None None] Loading extension file: tag_ports_during_bulk_creation.py {{(pid=101622) _load_all_extensions_from_path /opt/stack/neutron/neutron/api/extensions.py:449}}
Jul 24 00:49:00.398146 np0000186475 devstack@neutron-api.service[101622]: DEBUG neutron.api.extensions [None req-93e13b44-bca3-4a71-9be0-50245901fa30 None None] Ext name="Tag Ports During Bulk Creation" alias="tag-ports-during-bulk-creation" description="Allow to tag ports during bulk creation" updated="2019-12-29T19:00:00-00:00" {{(pid=101622) _check_extension /opt/stack/neutron/neutron/api/extensions.py:415}}
Jul 24 00:49:00.398146 np0000186475 devstack@neutron-api.service[101622]: INFO neutron.api.extensions [None req-93e13b44-bca3-4a71-9be0-50245901fa30 None None] Extension tag-ports-during-bulk-creation not supported by any of loaded plugins
Jul 24 00:49:00.398387 np0000186475 devstack@neutron-api.service[101624]: DEBUG neutron.api.extensions [None req-eaefd49d-dbfd-47b4-a54f-abb63e342504 None None] Extended resource: bindings {{(pid=101624) __init__ /opt/stack/neutron/neutron/api/extensions.py:156}}
Jul 24 00:49:00.398544 np0000186475 devstack@neutron-api.service[101622]: DEBUG neutron.api.extensions [None req-93e13b44-bca3-4a71-9be0-50245901fa30 None None] Loading extension file: tagging.py {{(pid=101622) _load_all_extensions_from_path /opt/stack/neutron/neutron/api/extensions.py:449}}
Jul 24 00:49:00.398656 np0000186475 devstack@neutron-api.service[101624]: DEBUG neutron.api.extensions [None req-eaefd49d-dbfd-47b4-a54f-abb63e342504 None None] Extended resource: quotas {{(pid=101624) __init__ /opt/stack/neutron/neutron/api/extensions.py:156}}
Jul 24 00:49:00.398792 np0000186475 devstack@neutron-api.service[101621]: INFO neutron.quota.resource_registry [None req-ba5e5a0a-1c83-45e6-be0d-2c276cb9e853 None None] Creating instance of CountableResource for resource:router_route
Jul 24 00:49:00.398792 np0000186475 devstack@neutron-api.service[101621]: WARNING neutron.quota.resource_registry [None req-ba5e5a0a-1c83-45e6-be0d-2c276cb9e853 None None] router_route is already registered
Jul 24 00:49:00.398936 np0000186475 devstack@neutron-api.service[101622]: DEBUG neutron.api.extensions [None req-93e13b44-bca3-4a71-9be0-50245901fa30 None None] Ext name="Tag support for resources with standard attribute: port, subnet, subnetpool, network, security_group, router, floatingip, policy, trunk, network_segment_range" alias="standard-attr-tag" description="Enables to set tag on resources with standard attribute." updated="2017-01-01T00:00:00-00:00" {{(pid=101622) _check_extension /opt/stack/neutron/neutron/api/extensions.py:415}}
Jul 24 00:49:00.399089 np0000186475 devstack@neutron-api.service[101621]: DEBUG neutron.api.v2.resource_helper [None req-ba5e5a0a-1c83-45e6-be0d-2c276cb9e853 None None] Service L3_ROUTER_NAT assigned prefix: {{(pid=101621) build_resource_info /opt/stack/neutron/neutron/api/v2/resource_helper.py:77}}
Jul 24 00:49:00.399257 np0000186475 devstack@neutron-api.service[101622]: INFO neutron.api.extensions [None req-93e13b44-bca3-4a71-9be0-50245901fa30 None None] Loaded extension: standard-attr-tag
Jul 24 00:49:00.399257 np0000186475 devstack@neutron-api.service[101622]: DEBUG neutron.api.extensions [None req-93e13b44-bca3-4a71-9be0-50245901fa30 None None] Loading extension file: timestamp.py {{(pid=101622) _load_all_extensions_from_path /opt/stack/neutron/neutron/api/extensions.py:449}}
Jul 24 00:49:00.399455 np0000186475 devstack@neutron-api.service[101624]: DEBUG neutron.api.extensions [None req-eaefd49d-dbfd-47b4-a54f-abb63e342504 None None] Extended resource: quotas {{(pid=101624) __init__ /opt/stack/neutron/neutron/api/extensions.py:156}}
Jul 24 00:49:00.399586 np0000186475 devstack@neutron-api.service[101621]: DEBUG neutron.api.v2.resource_helper [None req-ba5e5a0a-1c83-45e6-be0d-2c276cb9e853 None None] Service FLAVORS assigned prefix: {{(pid=101621) build_resource_info /opt/stack/neutron/neutron/api/v2/resource_helper.py:77}}
Jul 24 00:49:00.399751 np0000186475 devstack@neutron-api.service[101622]: DEBUG neutron.api.extensions [None req-93e13b44-bca3-4a71-9be0-50245901fa30 None None] Ext name="Resource timestamps" alias="standard-attr-timestamp" description="Adds created_at and updated_at fields to all Neutron resources that have Neutron standard attributes." updated="2016-09-12T10:00:00-00:00" {{(pid=101622) _check_extension /opt/stack/neutron/neutron/api/extensions.py:415}}
Jul 24 00:49:00.399751 np0000186475 devstack@neutron-api.service[101622]: INFO neutron.api.extensions [None req-93e13b44-bca3-4a71-9be0-50245901fa30 None None] Loaded extension: standard-attr-timestamp
Jul 24 00:49:00.399751 np0000186475 devstack@neutron-api.service[101622]: DEBUG neutron.api.extensions [None req-93e13b44-bca3-4a71-9be0-50245901fa30 None None] Loading extension file: trunk.py {{(pid=101622) _load_all_extensions_from_path /opt/stack/neutron/neutron/api/extensions.py:449}}
Jul 24 00:49:00.399751 np0000186475 devstack@neutron-api.service[101622]: DEBUG neutron.api.extensions [None req-93e13b44-bca3-4a71-9be0-50245901fa30 None None] Ext name="Trunk Extension" alias="trunk" description="Provides support for trunk ports" updated="2016-01-01T10:00:00-00:00" {{(pid=101622) _check_extension /opt/stack/neutron/neutron/api/extensions.py:415}}
Jul 24 00:49:00.399751 np0000186475 devstack@neutron-api.service[101622]: INFO neutron.api.extensions [None req-93e13b44-bca3-4a71-9be0-50245901fa30 None None] Extension trunk not supported by any of loaded plugins
Jul 24 00:49:00.399751 np0000186475 devstack@neutron-api.service[101622]: DEBUG neutron.api.extensions [None req-93e13b44-bca3-4a71-9be0-50245901fa30 None None] Loading extension file: trunk_details.py {{(pid=101622) _load_all_extensions_from_path /opt/stack/neutron/neutron/api/extensions.py:449}}
Jul 24 00:49:00.399751 np0000186475 devstack@neutron-api.service[101622]: DEBUG neutron.api.extensions [None req-93e13b44-bca3-4a71-9be0-50245901fa30 None None] Ext name="Trunk port details" alias="trunk-details" description="Expose trunk port details" updated="2016-01-01T10:00:00-00:00" {{(pid=101622) _check_extension /opt/stack/neutron/neutron/api/extensions.py:415}}
Jul 24 00:49:00.400110 np0000186475 devstack@neutron-api.service[101624]: DEBUG neutron.api.extensions [None req-eaefd49d-dbfd-47b4-a54f-abb63e342504 None None] Extended resource: rbac-policies {{(pid=101624) __init__ /opt/stack/neutron/neutron/api/extensions.py:156}}
Jul 24 00:49:00.400279 np0000186475 devstack@neutron-api.service[101621]: DEBUG neutron.api.v2.resource_helper [None req-ba5e5a0a-1c83-45e6-be0d-2c276cb9e853 None None] Service L3_ROUTER_NAT assigned prefix: {{(pid=101621) build_resource_info /opt/stack/neutron/neutron/api/v2/resource_helper.py:77}}
Jul 24 00:49:00.400433 np0000186475 devstack@neutron-api.service[101622]: INFO neutron.api.extensions [None req-93e13b44-bca3-4a71-9be0-50245901fa30 None None] Extension trunk-details not supported by any of loaded plugins
Jul 24 00:49:00.400433 np0000186475 devstack@neutron-api.service[101622]: DEBUG neutron.api.extensions [None req-93e13b44-bca3-4a71-9be0-50245901fa30 None None] Loading extension file: uplink_status_propagation.py {{(pid=101622) _load_all_extensions_from_path /opt/stack/neutron/neutron/api/extensions.py:449}}
Jul 24 00:49:00.400433 np0000186475 devstack@neutron-api.service[101622]: DEBUG neutron.api.extensions [None req-93e13b44-bca3-4a71-9be0-50245901fa30 None None] Ext name="Uplink status propagation extension" alias="uplink-status-propagation" description="Provides ability to propagate port uplink status." updated="2018-05-31T18:00:00-00:00" {{(pid=101622) _check_extension /opt/stack/neutron/neutron/api/extensions.py:415}}
Jul 24 00:49:00.400650 np0000186475 devstack@neutron-api.service[101621]: DEBUG neutron.api.v2.resource_helper [None req-ba5e5a0a-1c83-45e6-be0d-2c276cb9e853 None None] Service L3_ROUTER_NAT assigned prefix: {{(pid=101621) build_resource_info /opt/stack/neutron/neutron/api/v2/resource_helper.py:77}}
Jul 24 00:49:00.400782 np0000186475 devstack@neutron-api.service[101624]: DEBUG neutron.api.extensions [None req-eaefd49d-dbfd-47b4-a54f-abb63e342504 None None] Extended resource: default-security-group-rules {{(pid=101624) __init__ /opt/stack/neutron/neutron/api/extensions.py:156}}
Jul 24 00:49:00.400955 np0000186475 devstack@neutron-api.service[101622]: INFO neutron.api.extensions [None req-93e13b44-bca3-4a71-9be0-50245901fa30 None None] Extension uplink-status-propagation not supported by any of loaded plugins
Jul 24 00:49:00.401140 np0000186475 devstack@neutron-api.service[101621]: INFO neutron.quota.resource_registry [None req-ba5e5a0a-1c83-45e6-be0d-2c276cb9e853 None None] Creating instance of TrackedResource for resource:router
