Jul 26 00:56:06.780793 np0000186912 systemd[1]: Starting devstack@n-api-meta.service - Devstack devstack@n-api-meta.service...
Jul 26 00:56:06.791631 np0000186912 devstack@n-api-meta.service[106873]: [uWSGI] getting INI configuration from /etc/nova/nova-metadata-uwsgi.ini
Jul 26 00:56:06.795174 np0000186912 devstack@n-api-meta.service[106873]: *** Starting uWSGI 2.0.24-debian (64bit) on [Sun Jul 26 00:56:06 2026] ***
Jul 26 00:56:06.795174 np0000186912 devstack@n-api-meta.service[106873]: compiled with version: 13.2.0 on 17 April 2024 16:23:48
Jul 26 00:56:06.795174 np0000186912 devstack@n-api-meta.service[106873]: os: Linux-6.8.0-136-generic #136-Ubuntu SMP PREEMPT_DYNAMIC Wed Jul 1 21:53:05 UTC 2026
Jul 26 00:56:06.795174 np0000186912 devstack@n-api-meta.service[106873]: nodename: np0000186912
Jul 26 00:56:06.795174 np0000186912 devstack@n-api-meta.service[106873]: machine: x86_64
Jul 26 00:56:06.795174 np0000186912 devstack@n-api-meta.service[106873]: clock source: unix
Jul 26 00:56:06.795174 np0000186912 devstack@n-api-meta.service[106873]: pcre jit disabled
Jul 26 00:56:06.795174 np0000186912 devstack@n-api-meta.service[106873]: detected number of CPU cores: 16
Jul 26 00:56:06.795174 np0000186912 devstack@n-api-meta.service[106873]: current working directory: /
Jul 26 00:56:06.795174 np0000186912 devstack@n-api-meta.service[106873]: detected binary path: /usr/bin/uwsgi-core
Jul 26 00:56:06.795174 np0000186912 devstack@n-api-meta.service[106873]: your processes number limit is 256916
Jul 26 00:56:06.795174 np0000186912 devstack@n-api-meta.service[106873]: your memory page size is 4096 bytes
Jul 26 00:56:06.795174 np0000186912 devstack@n-api-meta.service[106873]: detected max file descriptor number: 2048
Jul 26 00:56:06.795174 np0000186912 devstack@n-api-meta.service[106873]: lock engine: pthread robust mutexes
Jul 26 00:56:06.795772 np0000186912 devstack@n-api-meta.service[106873]: thunder lock: enabled
Jul 26 00:56:06.795808 np0000186912 devstack@n-api-meta.service[106873]: uWSGI http bound on 0.0.0.0:8775 fd 5
Jul 26 00:56:06.795849 np0000186912 devstack@n-api-meta.service[106873]: uwsgi socket 0 bound to TCP address 127.0.0.1:40279 (port auto-assigned) fd 4
Jul 26 00:56:06.795891 np0000186912 devstack@n-api-meta.service[106873]: Python version: 3.12.3 (main, Jun 19 2026, 12:46:00) [GCC 13.3.0]
Jul 26 00:56:06.795952 np0000186912 devstack@n-api-meta.service[106873]: PEP 405 virtualenv detected: /opt/stack/data/venv
Jul 26 00:56:06.795952 np0000186912 devstack@n-api-meta.service[106873]: Set PythonHome to /opt/stack/data/venv
Jul 26 00:56:06.837660 np0000186912 devstack@n-api-meta.service[106873]: Python main interpreter initialized at 0x79f393aa4668
Jul 26 00:56:06.837660 np0000186912 devstack@n-api-meta.service[106873]: python threads support enabled
Jul 26 00:56:06.837660 np0000186912 devstack@n-api-meta.service[106873]: your server socket listen backlog is limited to 100 connections
Jul 26 00:56:06.837660 np0000186912 devstack@n-api-meta.service[106873]: your mercy for graceful operations on workers is 80 seconds
Jul 26 00:56:06.839007 np0000186912 devstack@n-api-meta.service[106873]: mapped 671795 bytes (656 KB) for 4 cores
Jul 26 00:56:06.839007 np0000186912 devstack@n-api-meta.service[106873]: *** Operational MODE: preforking ***
Jul 26 00:56:06.839007 np0000186912 devstack@n-api-meta.service[106873]: *** uWSGI is running in multiple interpreter mode ***
Jul 26 00:56:06.839007 np0000186912 devstack@n-api-meta.service[106873]: spawned uWSGI master process (pid: 106873)
Jul 26 00:56:06.838964 np0000186912 systemd[1]: Started devstack@n-api-meta.service - Devstack devstack@n-api-meta.service.
Jul 26 00:56:06.839768 np0000186912 devstack@n-api-meta.service[106873]: spawned uWSGI worker 1 (pid: 106874, cores: 1)
Jul 26 00:56:06.840783 np0000186912 devstack@n-api-meta.service[106873]: spawned uWSGI worker 2 (pid: 106875, cores: 1)
Jul 26 00:56:06.841460 np0000186912 devstack@n-api-meta.service[106873]: spawned uWSGI worker 3 (pid: 106876, cores: 1)
Jul 26 00:56:06.842089 np0000186912 devstack@n-api-meta.service[106873]: spawned uWSGI worker 4 (pid: 106877, cores: 1)
Jul 26 00:56:06.842801 np0000186912 devstack@n-api-meta.service[106873]: spawned uWSGI http 1 (pid: 106878)
Jul 26 00:56:06.842801 np0000186912 devstack@n-api-meta.service[106873]: running "unix_signal:15 gracefully_kill_them_all" (master-start)...
Jul 26 00:56:08.593992 np0000186912 devstack@n-api-meta.service[106875]: INFO dbcounter [None req-479e0c43-60aa-4483-bc7f-862d421dcd59 None None] Registered counter for database nova_api
Jul 26 00:56:08.623412 np0000186912 devstack@n-api-meta.service[106874]: INFO dbcounter [None req-65e518bd-d309-4876-aaa7-da01b5d1bcbd None None] Registered counter for database nova_api
Jul 26 00:56:08.648422 np0000186912 devstack@n-api-meta.service[106875]: DEBUG oslo_db.sqlalchemy.engines [None req-479e0c43-60aa-4483-bc7f-862d421dcd59 None None] MySQL server mode set to STRICT_TRANS_TABLES,STRICT_ALL_TABLES,NO_ZERO_IN_DATE,NO_ZERO_DATE,ERROR_FOR_DIVISION_BY_ZERO,TRADITIONAL,NO_ENGINE_SUBSTITUTION {{(pid=106875) _check_effective_sql_mode /opt/stack/data/venv/lib/python3.12/site-packages/oslo_db/sqlalchemy/engines.py:325}}
Jul 26 00:56:08.670785 np0000186912 devstack@n-api-meta.service[106874]: DEBUG oslo_db.sqlalchemy.engines [None req-65e518bd-d309-4876-aaa7-da01b5d1bcbd None None] MySQL server mode set to STRICT_TRANS_TABLES,STRICT_ALL_TABLES,NO_ZERO_IN_DATE,NO_ZERO_DATE,ERROR_FOR_DIVISION_BY_ZERO,TRADITIONAL,NO_ENGINE_SUBSTITUTION {{(pid=106874) _check_effective_sql_mode /opt/stack/data/venv/lib/python3.12/site-packages/oslo_db/sqlalchemy/engines.py:325}}
Jul 26 00:56:08.689728 np0000186912 devstack@n-api-meta.service[106875]: DEBUG dbcounter [-] [106875] Writer thread running {{(pid=106875) stat_writer /opt/stack/data/venv/lib/python3.12/site-packages/dbcounter.py:102}}
Jul 26 00:56:08.693341 np0000186912 devstack@n-api-meta.service[106875]: DEBUG nova.context [None req-479e0c43-60aa-4483-bc7f-862d421dcd59 None None] Found 2 cells: 00000000-0000-0000-0000-000000000000(cell0),15a0b087-cc76-49d7-b5ee-255ef35ba797(cell1) {{(pid=106875) load_cells /opt/stack/nova/nova/context.py:509}}
Jul 26 00:56:08.693680 np0000186912 devstack@n-api-meta.service[106875]: INFO nova.utils [None req-479e0c43-60aa-4483-bc7f-862d421dcd59 None None] The cell worker thread pool MainProcess.cell_worker is initialized
Jul 26 00:56:08.696380 np0000186912 devstack@n-api-meta.service[106875]: DEBUG oslo_concurrency.lockutils [None req-479e0c43-60aa-4483-bc7f-862d421dcd59 None None] Acquiring lock "00000000-0000-0000-0000-000000000000" by "nova.context.set_target_cell..get_or_set_cached_cell_and_set_connections" {{(pid=106875) inner /opt/stack/data/venv/lib/python3.12/site-packages/oslo_concurrency/lockutils.py:512}}
Jul 26 00:56:08.698201 np0000186912 devstack@n-api-meta.service[106875]: DEBUG oslo_concurrency.lockutils [None req-479e0c43-60aa-4483-bc7f-862d421dcd59 None None] Lock "00000000-0000-0000-0000-000000000000" acquired by "nova.context.set_target_cell..get_or_set_cached_cell_and_set_connections" :: waited 0.000s {{(pid=106875) inner /opt/stack/data/venv/lib/python3.12/site-packages/oslo_concurrency/lockutils.py:525}}
Jul 26 00:56:08.698201 np0000186912 devstack@n-api-meta.service[106875]: DEBUG oslo_concurrency.lockutils [None req-479e0c43-60aa-4483-bc7f-862d421dcd59 None None] Lock "00000000-0000-0000-0000-000000000000" "released" by "nova.context.set_target_cell..get_or_set_cached_cell_and_set_connections" :: held 0.001s {{(pid=106875) inner /opt/stack/data/venv/lib/python3.12/site-packages/oslo_concurrency/lockutils.py:544}}
Jul 26 00:56:08.698571 np0000186912 devstack@n-api-meta.service[106875]: DEBUG oslo_concurrency.lockutils [None req-479e0c43-60aa-4483-bc7f-862d421dcd59 None None] Acquiring lock "15a0b087-cc76-49d7-b5ee-255ef35ba797" by "nova.context.set_target_cell..get_or_set_cached_cell_and_set_connections" {{(pid=106875) inner /opt/stack/data/venv/lib/python3.12/site-packages/oslo_concurrency/lockutils.py:512}}
Jul 26 00:56:08.698778 np0000186912 devstack@n-api-meta.service[106875]: DEBUG oslo_concurrency.lockutils [None req-479e0c43-60aa-4483-bc7f-862d421dcd59 None None] Lock "15a0b087-cc76-49d7-b5ee-255ef35ba797" acquired by "nova.context.set_target_cell..get_or_set_cached_cell_and_set_connections" :: waited 0.000s {{(pid=106875) inner /opt/stack/data/venv/lib/python3.12/site-packages/oslo_concurrency/lockutils.py:525}}
Jul 26 00:56:08.700074 np0000186912 devstack@n-api-meta.service[106875]: DEBUG oslo_concurrency.lockutils [None req-479e0c43-60aa-4483-bc7f-862d421dcd59 None None] Lock "15a0b087-cc76-49d7-b5ee-255ef35ba797" "released" by "nova.context.set_target_cell..get_or_set_cached_cell_and_set_connections" :: held 0.001s {{(pid=106875) inner /opt/stack/data/venv/lib/python3.12/site-packages/oslo_concurrency/lockutils.py:544}}
Jul 26 00:56:08.704281 np0000186912 devstack@n-api-meta.service[106875]: INFO dbcounter [None req-479e0c43-60aa-4483-bc7f-862d421dcd59 None None] Registered counter for database nova_cell0
Jul 26 00:56:08.705504 np0000186912 devstack@n-api-meta.service[106874]: DEBUG dbcounter [-] [106874] Writer thread running {{(pid=106874) stat_writer /opt/stack/data/venv/lib/python3.12/site-packages/dbcounter.py:102}}
Jul 26 00:56:08.709840 np0000186912 devstack@n-api-meta.service[106875]: INFO dbcounter [None req-479e0c43-60aa-4483-bc7f-862d421dcd59 None None] Registered counter for database nova_cell1
Jul 26 00:56:08.710655 np0000186912 devstack@n-api-meta.service[106874]: DEBUG nova.context [None req-65e518bd-d309-4876-aaa7-da01b5d1bcbd None None] Found 2 cells: 00000000-0000-0000-0000-000000000000(cell0),15a0b087-cc76-49d7-b5ee-255ef35ba797(cell1) {{(pid=106874) load_cells /opt/stack/nova/nova/context.py:509}}
Jul 26 00:56:08.711199 np0000186912 devstack@n-api-meta.service[106874]: INFO nova.utils [None req-65e518bd-d309-4876-aaa7-da01b5d1bcbd None None] The cell worker thread pool MainProcess.cell_worker is initialized
Jul 26 00:56:08.715521 np0000186912 devstack@n-api-meta.service[106874]: DEBUG oslo_concurrency.lockutils [None req-65e518bd-d309-4876-aaa7-da01b5d1bcbd None None] Acquiring lock "00000000-0000-0000-0000-000000000000" by "nova.context.set_target_cell..get_or_set_cached_cell_and_set_connections" {{(pid=106874) inner /opt/stack/data/venv/lib/python3.12/site-packages/oslo_concurrency/lockutils.py:512}}
Jul 26 00:56:08.715897 np0000186912 devstack@n-api-meta.service[106874]: DEBUG oslo_concurrency.lockutils [None req-65e518bd-d309-4876-aaa7-da01b5d1bcbd None None] Lock "00000000-0000-0000-0000-000000000000" acquired by "nova.context.set_target_cell..get_or_set_cached_cell_and_set_connections" :: waited 0.000s {{(pid=106874) inner /opt/stack/data/venv/lib/python3.12/site-packages/oslo_concurrency/lockutils.py:525}}
Jul 26 00:56:08.716778 np0000186912 devstack@n-api-meta.service[106874]: DEBUG oslo_concurrency.lockutils [None req-65e518bd-d309-4876-aaa7-da01b5d1bcbd None None] Lock "00000000-0000-0000-0000-000000000000" "released" by "nova.context.set_target_cell..get_or_set_cached_cell_and_set_connections" :: held 0.001s {{(pid=106874) inner /opt/stack/data/venv/lib/python3.12/site-packages/oslo_concurrency/lockutils.py:544}}
Jul 26 00:56:08.717907 np0000186912 devstack@n-api-meta.service[106874]: DEBUG oslo_concurrency.lockutils [None req-65e518bd-d309-4876-aaa7-da01b5d1bcbd None None] Acquiring lock "15a0b087-cc76-49d7-b5ee-255ef35ba797" by "nova.context.set_target_cell..get_or_set_cached_cell_and_set_connections" {{(pid=106874) inner /opt/stack/data/venv/lib/python3.12/site-packages/oslo_concurrency/lockutils.py:512}}
Jul 26 00:56:08.718013 np0000186912 devstack@n-api-meta.service[106874]: DEBUG oslo_concurrency.lockutils [None req-65e518bd-d309-4876-aaa7-da01b5d1bcbd None None] Lock "15a0b087-cc76-49d7-b5ee-255ef35ba797" acquired by "nova.context.set_target_cell..get_or_set_cached_cell_and_set_connections" :: waited 0.000s {{(pid=106874) inner /opt/stack/data/venv/lib/python3.12/site-packages/oslo_concurrency/lockutils.py:525}}
Jul 26 00:56:08.720388 np0000186912 devstack@n-api-meta.service[106874]: DEBUG oslo_concurrency.lockutils [None req-65e518bd-d309-4876-aaa7-da01b5d1bcbd None None] Lock "15a0b087-cc76-49d7-b5ee-255ef35ba797" "released" by "nova.context.set_target_cell..get_or_set_cached_cell_and_set_connections" :: held 0.001s {{(pid=106874) inner /opt/stack/data/venv/lib/python3.12/site-packages/oslo_concurrency/lockutils.py:544}}
Jul 26 00:56:08.721620 np0000186912 devstack@n-api-meta.service[106874]: INFO dbcounter [None req-65e518bd-d309-4876-aaa7-da01b5d1bcbd None None] Registered counter for database nova_cell0
Jul 26 00:56:08.728197 np0000186912 devstack@n-api-meta.service[106874]: INFO dbcounter [None req-65e518bd-d309-4876-aaa7-da01b5d1bcbd None None] Registered counter for database nova_cell1
Jul 26 00:56:08.762895 np0000186912 devstack@n-api-meta.service[106875]: DEBUG oslo_db.sqlalchemy.engines [None req-479e0c43-60aa-4483-bc7f-862d421dcd59 None None] MySQL server mode set to STRICT_TRANS_TABLES,STRICT_ALL_TABLES,NO_ZERO_IN_DATE,NO_ZERO_DATE,ERROR_FOR_DIVISION_BY_ZERO,TRADITIONAL,NO_ENGINE_SUBSTITUTION {{(pid=106875) _check_effective_sql_mode /opt/stack/data/venv/lib/python3.12/site-packages/oslo_db/sqlalchemy/engines.py:325}}
Jul 26 00:56:08.767950 np0000186912 devstack@n-api-meta.service[106875]: DEBUG oslo_db.sqlalchemy.engines [None req-479e0c43-60aa-4483-bc7f-862d421dcd59 None None] MySQL server mode set to STRICT_TRANS_TABLES,STRICT_ALL_TABLES,NO_ZERO_IN_DATE,NO_ZERO_DATE,ERROR_FOR_DIVISION_BY_ZERO,TRADITIONAL,NO_ENGINE_SUBSTITUTION {{(pid=106875) _check_effective_sql_mode /opt/stack/data/venv/lib/python3.12/site-packages/oslo_db/sqlalchemy/engines.py:325}}
Jul 26 00:56:08.784800 np0000186912 devstack@n-api-meta.service[106877]: INFO dbcounter [None req-46bed2ac-dd26-4ab4-a896-e48cef138990 None None] Registered counter for database nova_api
Jul 26 00:56:08.786321 np0000186912 devstack@n-api-meta.service[106876]: INFO dbcounter [None req-602d3b40-d609-4825-bb8d-6b1f746995bd None None] Registered counter for database nova_api
Jul 26 00:56:08.807234 np0000186912 devstack@n-api-meta.service[106874]: DEBUG oslo_db.sqlalchemy.engines [None req-65e518bd-d309-4876-aaa7-da01b5d1bcbd None None] MySQL server mode set to STRICT_TRANS_TABLES,STRICT_ALL_TABLES,NO_ZERO_IN_DATE,NO_ZERO_DATE,ERROR_FOR_DIVISION_BY_ZERO,TRADITIONAL,NO_ENGINE_SUBSTITUTION {{(pid=106874) _check_effective_sql_mode /opt/stack/data/venv/lib/python3.12/site-packages/oslo_db/sqlalchemy/engines.py:325}}
Jul 26 00:56:08.809250 np0000186912 devstack@n-api-meta.service[106874]: DEBUG oslo_db.sqlalchemy.engines [None req-65e518bd-d309-4876-aaa7-da01b5d1bcbd None None] MySQL server mode set to STRICT_TRANS_TABLES,STRICT_ALL_TABLES,NO_ZERO_IN_DATE,NO_ZERO_DATE,ERROR_FOR_DIVISION_BY_ZERO,TRADITIONAL,NO_ENGINE_SUBSTITUTION {{(pid=106874) _check_effective_sql_mode /opt/stack/data/venv/lib/python3.12/site-packages/oslo_db/sqlalchemy/engines.py:325}}
Jul 26 00:56:08.841837 np0000186912 devstack@n-api-meta.service[106877]: DEBUG oslo_db.sqlalchemy.engines [None req-46bed2ac-dd26-4ab4-a896-e48cef138990 None None] MySQL server mode set to STRICT_TRANS_TABLES,STRICT_ALL_TABLES,NO_ZERO_IN_DATE,NO_ZERO_DATE,ERROR_FOR_DIVISION_BY_ZERO,TRADITIONAL,NO_ENGINE_SUBSTITUTION {{(pid=106877) _check_effective_sql_mode /opt/stack/data/venv/lib/python3.12/site-packages/oslo_db/sqlalchemy/engines.py:325}}
Jul 26 00:56:08.847696 np0000186912 devstack@n-api-meta.service[106876]: DEBUG oslo_db.sqlalchemy.engines [None req-602d3b40-d609-4825-bb8d-6b1f746995bd None None] MySQL server mode set to STRICT_TRANS_TABLES,STRICT_ALL_TABLES,NO_ZERO_IN_DATE,NO_ZERO_DATE,ERROR_FOR_DIVISION_BY_ZERO,TRADITIONAL,NO_ENGINE_SUBSTITUTION {{(pid=106876) _check_effective_sql_mode /opt/stack/data/venv/lib/python3.12/site-packages/oslo_db/sqlalchemy/engines.py:325}}
Jul 26 00:56:08.883539 np0000186912 devstack@n-api-meta.service[106875]: DEBUG dbcounter [-] [106875] Writer thread running {{(pid=106875) stat_writer /opt/stack/data/venv/lib/python3.12/site-packages/dbcounter.py:102}}
Jul 26 00:56:08.884481 np0000186912 devstack@n-api-meta.service[106876]: DEBUG dbcounter [-] [106876] Writer thread running {{(pid=106876) stat_writer /opt/stack/data/venv/lib/python3.12/site-packages/dbcounter.py:102}}
Jul 26 00:56:08.886367 np0000186912 devstack@n-api-meta.service[106877]: DEBUG dbcounter [-] [106877] Writer thread running {{(pid=106877) stat_writer /opt/stack/data/venv/lib/python3.12/site-packages/dbcounter.py:102}}
Jul 26 00:56:08.887871 np0000186912 devstack@n-api-meta.service[106876]: DEBUG nova.context [None req-602d3b40-d609-4825-bb8d-6b1f746995bd None None] Found 2 cells: 00000000-0000-0000-0000-000000000000(cell0),15a0b087-cc76-49d7-b5ee-255ef35ba797(cell1) {{(pid=106876) load_cells /opt/stack/nova/nova/context.py:509}}
Jul 26 00:56:08.888169 np0000186912 devstack@n-api-meta.service[106876]: INFO nova.utils [None req-602d3b40-d609-4825-bb8d-6b1f746995bd None None] The cell worker thread pool MainProcess.cell_worker is initialized
Jul 26 00:56:08.888527 np0000186912 devstack@n-api-meta.service[106875]: DEBUG dbcounter [-] [106875] Writer thread running {{(pid=106875) stat_writer /opt/stack/data/venv/lib/python3.12/site-packages/dbcounter.py:102}}
Jul 26 00:56:08.889717 np0000186912 devstack@n-api-meta.service[106877]: DEBUG nova.context [None req-46bed2ac-dd26-4ab4-a896-e48cef138990 None None] Found 2 cells: 00000000-0000-0000-0000-000000000000(cell0),15a0b087-cc76-49d7-b5ee-255ef35ba797(cell1) {{(pid=106877) load_cells /opt/stack/nova/nova/context.py:509}}
Jul 26 00:56:08.889967 np0000186912 devstack@n-api-meta.service[106877]: INFO nova.utils [None req-46bed2ac-dd26-4ab4-a896-e48cef138990 None None] The cell worker thread pool MainProcess.cell_worker is initialized
Jul 26 00:56:08.890329 np0000186912 devstack@n-api-meta.service[106876]: DEBUG oslo_concurrency.lockutils [None req-602d3b40-d609-4825-bb8d-6b1f746995bd None None] Acquiring lock "00000000-0000-0000-0000-000000000000" by "nova.context.set_target_cell..get_or_set_cached_cell_and_set_connections" {{(pid=106876) inner /opt/stack/data/venv/lib/python3.12/site-packages/oslo_concurrency/lockutils.py:512}}
Jul 26 00:56:08.890515 np0000186912 devstack@n-api-meta.service[106876]: DEBUG oslo_concurrency.lockutils [None req-602d3b40-d609-4825-bb8d-6b1f746995bd None None] Lock "00000000-0000-0000-0000-000000000000" acquired by "nova.context.set_target_cell..get_or_set_cached_cell_and_set_connections" :: waited 0.000s {{(pid=106876) inner /opt/stack/data/venv/lib/python3.12/site-packages/oslo_concurrency/lockutils.py:525}}
Jul 26 00:56:08.890891 np0000186912 devstack@n-api-meta.service[106876]: DEBUG oslo_concurrency.lockutils [None req-602d3b40-d609-4825-bb8d-6b1f746995bd None None] Lock "00000000-0000-0000-0000-000000000000" "released" by "nova.context.set_target_cell..get_or_set_cached_cell_and_set_connections" :: held 0.000s {{(pid=106876) inner /opt/stack/data/venv/lib/python3.12/site-packages/oslo_concurrency/lockutils.py:544}}
Jul 26 00:56:08.891533 np0000186912 devstack@n-api-meta.service[106876]: DEBUG oslo_concurrency.lockutils [None req-602d3b40-d609-4825-bb8d-6b1f746995bd None None] Acquiring lock "15a0b087-cc76-49d7-b5ee-255ef35ba797" by "nova.context.set_target_cell..get_or_set_cached_cell_and_set_connections" {{(pid=106876) inner /opt/stack/data/venv/lib/python3.12/site-packages/oslo_concurrency/lockutils.py:512}}
Jul 26 00:56:08.891722 np0000186912 devstack@n-api-meta.service[106876]: DEBUG oslo_concurrency.lockutils [None req-602d3b40-d609-4825-bb8d-6b1f746995bd None None] Lock "15a0b087-cc76-49d7-b5ee-255ef35ba797" acquired by "nova.context.set_target_cell..get_or_set_cached_cell_and_set_connections" :: waited 0.000s {{(pid=106876) inner /opt/stack/data/venv/lib/python3.12/site-packages/oslo_concurrency/lockutils.py:525}}
Jul 26 00:56:08.892141 np0000186912 devstack@n-api-meta.service[106877]: DEBUG oslo_concurrency.lockutils [None req-46bed2ac-dd26-4ab4-a896-e48cef138990 None None] Acquiring lock "00000000-0000-0000-0000-000000000000" by "nova.context.set_target_cell..get_or_set_cached_cell_and_set_connections" {{(pid=106877) inner /opt/stack/data/venv/lib/python3.12/site-packages/oslo_concurrency/lockutils.py:512}}
Jul 26 00:56:08.892349 np0000186912 devstack@n-api-meta.service[106877]: DEBUG oslo_concurrency.lockutils [None req-46bed2ac-dd26-4ab4-a896-e48cef138990 None None] Lock "00000000-0000-0000-0000-000000000000" acquired by "nova.context.set_target_cell..get_or_set_cached_cell_and_set_connections" :: waited 0.000s {{(pid=106877) inner /opt/stack/data/venv/lib/python3.12/site-packages/oslo_concurrency/lockutils.py:525}}
Jul 26 00:56:08.892637 np0000186912 devstack@n-api-meta.service[106875]: INFO dbcounter [None req-479e0c43-60aa-4483-bc7f-862d421dcd59 None None] Registered counter for database nova_cell0
Jul 26 00:56:08.892752 np0000186912 devstack@n-api-meta.service[106877]: DEBUG oslo_concurrency.lockutils [None req-46bed2ac-dd26-4ab4-a896-e48cef138990 None None] Lock "00000000-0000-0000-0000-000000000000" "released" by "nova.context.set_target_cell..get_or_set_cached_cell_and_set_connections" :: held 0.000s {{(pid=106877) inner /opt/stack/data/venv/lib/python3.12/site-packages/oslo_concurrency/lockutils.py:544}}
Jul 26 00:56:08.892970 np0000186912 devstack@n-api-meta.service[106876]: DEBUG oslo_concurrency.lockutils [None req-602d3b40-d609-4825-bb8d-6b1f746995bd None None] Lock "15a0b087-cc76-49d7-b5ee-255ef35ba797" "released" by "nova.context.set_target_cell..get_or_set_cached_cell_and_set_connections" :: held 0.001s {{(pid=106876) inner /opt/stack/data/venv/lib/python3.12/site-packages/oslo_concurrency/lockutils.py:544}}
Jul 26 00:56:08.896071 np0000186912 devstack@n-api-meta.service[106877]: DEBUG oslo_concurrency.lockutils [None req-46bed2ac-dd26-4ab4-a896-e48cef138990 None None] Acquiring lock "15a0b087-cc76-49d7-b5ee-255ef35ba797" by "nova.context.set_target_cell..get_or_set_cached_cell_and_set_connections" {{(pid=106877) inner /opt/stack/data/venv/lib/python3.12/site-packages/oslo_concurrency/lockutils.py:512}}
Jul 26 00:56:08.896071 np0000186912 devstack@n-api-meta.service[106877]: DEBUG oslo_concurrency.lockutils [None req-46bed2ac-dd26-4ab4-a896-e48cef138990 None None] Lock "15a0b087-cc76-49d7-b5ee-255ef35ba797" acquired by "nova.context.set_target_cell..get_or_set_cached_cell_and_set_connections" :: waited 0.000s {{(pid=106877) inner /opt/stack/data/venv/lib/python3.12/site-packages/oslo_concurrency/lockutils.py:525}}
Jul 26 00:56:08.896071 np0000186912 devstack@n-api-meta.service[106877]: DEBUG oslo_concurrency.lockutils [None req-46bed2ac-dd26-4ab4-a896-e48cef138990 None None] Lock "15a0b087-cc76-49d7-b5ee-255ef35ba797" "released" by "nova.context.set_target_cell..get_or_set_cached_cell_and_set_connections" :: held 0.001s {{(pid=106877) inner /opt/stack/data/venv/lib/python3.12/site-packages/oslo_concurrency/lockutils.py:544}}
Jul 26 00:56:08.896309 np0000186912 devstack@n-api-meta.service[106876]: INFO dbcounter [None req-602d3b40-d609-4825-bb8d-6b1f746995bd None None] Registered counter for database nova_cell0
Jul 26 00:56:08.898389 np0000186912 devstack@n-api-meta.service[106877]: INFO dbcounter [None req-46bed2ac-dd26-4ab4-a896-e48cef138990 None None] Registered counter for database nova_cell0
Jul 26 00:56:08.900234 np0000186912 devstack@n-api-meta.service[106876]: INFO dbcounter [None req-602d3b40-d609-4825-bb8d-6b1f746995bd None None] Registered counter for database nova_cell1
Jul 26 00:56:08.904829 np0000186912 devstack@n-api-meta.service[106877]: INFO dbcounter [None req-46bed2ac-dd26-4ab4-a896-e48cef138990 None None] Registered counter for database nova_cell1
Jul 26 00:56:08.922551 np0000186912 devstack@n-api-meta.service[106874]: DEBUG dbcounter [-] [106874] Writer thread running {{(pid=106874) stat_writer /opt/stack/data/venv/lib/python3.12/site-packages/dbcounter.py:102}}
Jul 26 00:56:08.923748 np0000186912 devstack@n-api-meta.service[106874]: DEBUG dbcounter [-] [106874] Writer thread running {{(pid=106874) stat_writer /opt/stack/data/venv/lib/python3.12/site-packages/dbcounter.py:102}}
Jul 26 00:56:08.929213 np0000186912 devstack@n-api-meta.service[106874]: INFO dbcounter [None req-65e518bd-d309-4876-aaa7-da01b5d1bcbd None None] Registered counter for database nova_cell0
Jul 26 00:56:08.942742 np0000186912 devstack@n-api-meta.service[106875]: DEBUG oslo_db.sqlalchemy.engines [None req-479e0c43-60aa-4483-bc7f-862d421dcd59 None None] MySQL server mode set to STRICT_TRANS_TABLES,STRICT_ALL_TABLES,NO_ZERO_IN_DATE,NO_ZERO_DATE,ERROR_FOR_DIVISION_BY_ZERO,TRADITIONAL,NO_ENGINE_SUBSTITUTION {{(pid=106875) _check_effective_sql_mode /opt/stack/data/venv/lib/python3.12/site-packages/oslo_db/sqlalchemy/engines.py:325}}
Jul 26 00:56:08.949796 np0000186912 devstack@n-api-meta.service[106875]: DEBUG dbcounter [-] [106875] Writer thread running {{(pid=106875) stat_writer /opt/stack/data/venv/lib/python3.12/site-packages/dbcounter.py:102}}
Jul 26 00:56:08.970908 np0000186912 devstack@n-api-meta.service[106876]: DEBUG oslo_db.sqlalchemy.engines [None req-602d3b40-d609-4825-bb8d-6b1f746995bd None None] MySQL server mode set to STRICT_TRANS_TABLES,STRICT_ALL_TABLES,NO_ZERO_IN_DATE,NO_ZERO_DATE,ERROR_FOR_DIVISION_BY_ZERO,TRADITIONAL,NO_ENGINE_SUBSTITUTION {{(pid=106876) _check_effective_sql_mode /opt/stack/data/venv/lib/python3.12/site-packages/oslo_db/sqlalchemy/engines.py:325}}
Jul 26 00:56:08.978028 np0000186912 devstack@n-api-meta.service[106876]: DEBUG oslo_db.sqlalchemy.engines [None req-602d3b40-d609-4825-bb8d-6b1f746995bd None None] MySQL server mode set to STRICT_TRANS_TABLES,STRICT_ALL_TABLES,NO_ZERO_IN_DATE,NO_ZERO_DATE,ERROR_FOR_DIVISION_BY_ZERO,TRADITIONAL,NO_ENGINE_SUBSTITUTION {{(pid=106876) _check_effective_sql_mode /opt/stack/data/venv/lib/python3.12/site-packages/oslo_db/sqlalchemy/engines.py:325}}
Jul 26 00:56:08.979967 np0000186912 devstack@n-api-meta.service[106874]: DEBUG oslo_db.sqlalchemy.engines [None req-65e518bd-d309-4876-aaa7-da01b5d1bcbd None None] MySQL server mode set to STRICT_TRANS_TABLES,STRICT_ALL_TABLES,NO_ZERO_IN_DATE,NO_ZERO_DATE,ERROR_FOR_DIVISION_BY_ZERO,TRADITIONAL,NO_ENGINE_SUBSTITUTION {{(pid=106874) _check_effective_sql_mode /opt/stack/data/venv/lib/python3.12/site-packages/oslo_db/sqlalchemy/engines.py:325}}
Jul 26 00:56:08.988876 np0000186912 devstack@n-api-meta.service[106874]: DEBUG dbcounter [-] [106874] Writer thread running {{(pid=106874) stat_writer /opt/stack/data/venv/lib/python3.12/site-packages/dbcounter.py:102}}
Jul 26 00:56:08.996796 np0000186912 devstack@n-api-meta.service[106875]: WARNING nova.api.metadata.handler [None req-479e0c43-60aa-4483-bc7f-862d421dcd59 None None] metadata_proxy_shared_secret is not configured, the metadata information returned by the proxy cannot be trusted
Jul 26 00:56:08.997573 np0000186912 devstack@n-api-meta.service[106877]: DEBUG oslo_db.sqlalchemy.engines [None req-46bed2ac-dd26-4ab4-a896-e48cef138990 None None] MySQL server mode set to STRICT_TRANS_TABLES,STRICT_ALL_TABLES,NO_ZERO_IN_DATE,NO_ZERO_DATE,ERROR_FOR_DIVISION_BY_ZERO,TRADITIONAL,NO_ENGINE_SUBSTITUTION {{(pid=106877) _check_effective_sql_mode /opt/stack/data/venv/lib/python3.12/site-packages/oslo_db/sqlalchemy/engines.py:325}}
Jul 26 00:56:08.999290 np0000186912 devstack@n-api-meta.service[106875]: DEBUG nova.api.openstack.wsgi_app [None req-479e0c43-60aa-4483-bc7f-862d421dcd59 None None] ******************************************************************************** {{(pid=106875) log_opt_values /opt/stack/data/venv/lib/python3.12/site-packages/oslo_config/cfg.py:3226}}
Jul 26 00:56:08.999443 np0000186912 devstack@n-api-meta.service[106875]: DEBUG nova.api.openstack.wsgi_app [None req-479e0c43-60aa-4483-bc7f-862d421dcd59 None None] Configuration options gathered from: {{(pid=106875) log_opt_values /opt/stack/data/venv/lib/python3.12/site-packages/oslo_config/cfg.py:3227}}
Jul 26 00:56:08.999693 np0000186912 devstack@n-api-meta.service[106875]: DEBUG nova.api.openstack.wsgi_app [None req-479e0c43-60aa-4483-bc7f-862d421dcd59 None None] command line args: [] {{(pid=106875) log_opt_values /opt/stack/data/venv/lib/python3.12/site-packages/oslo_config/cfg.py:3228}}
Jul 26 00:56:08.999693 np0000186912 devstack@n-api-meta.service[106875]: DEBUG nova.api.openstack.wsgi_app [None req-479e0c43-60aa-4483-bc7f-862d421dcd59 None None] config files: ['/etc/nova/api-paste.ini', '/etc/nova/nova.conf'] {{(pid=106875) log_opt_values /opt/stack/data/venv/lib/python3.12/site-packages/oslo_config/cfg.py:3229}}
Jul 26 00:56:08.999930 np0000186912 devstack@n-api-meta.service[106875]: DEBUG nova.api.openstack.wsgi_app [None req-479e0c43-60aa-4483-bc7f-862d421dcd59 None None] ================================================================================ {{(pid=106875) log_opt_values /opt/stack/data/venv/lib/python3.12/site-packages/oslo_config/cfg.py:3234}}
Jul 26 00:56:08.999930 np0000186912 devstack@n-api-meta.service[106875]: DEBUG nova.api.openstack.wsgi_app [None req-479e0c43-60aa-4483-bc7f-862d421dcd59 None None] allow_resize_to_same_host = True {{(pid=106875) log_opt_values /opt/stack/data/venv/lib/python3.12/site-packages/oslo_config/cfg.py:3242}}
Jul 26 00:56:09.000204 np0000186912 devstack@n-api-meta.service[106875]: DEBUG nova.api.openstack.wsgi_app [None req-479e0c43-60aa-4483-bc7f-862d421dcd59 None None] arq_binding_timeout = 300 {{(pid=106875) log_opt_values /opt/stack/data/venv/lib/python3.12/site-packages/oslo_config/cfg.py:3242}}
Jul 26 00:56:09.000308 np0000186912 devstack@n-api-meta.service[106875]: DEBUG nova.api.openstack.wsgi_app [None req-479e0c43-60aa-4483-bc7f-862d421dcd59 None None] block_device_allocate_retries = 60 {{(pid=106875) log_opt_values /opt/stack/data/venv/lib/python3.12/site-packages/oslo_config/cfg.py:3242}}
Jul 26 00:56:09.000410 np0000186912 devstack@n-api-meta.service[106875]: DEBUG nova.api.openstack.wsgi_app [None req-479e0c43-60aa-4483-bc7f-862d421dcd59 None None] block_device_allocate_retries_interval = 3 {{(pid=106875) log_opt_values /opt/stack/data/venv/lib/python3.12/site-packages/oslo_config/cfg.py:3242}}
Jul 26 00:56:09.000516 np0000186912 devstack@n-api-meta.service[106875]: DEBUG nova.api.openstack.wsgi_app [None req-479e0c43-60aa-4483-bc7f-862d421dcd59 None None] cell_worker_thread_pool_size = 5 {{(pid=106875) log_opt_values /opt/stack/data/venv/lib/python3.12/site-packages/oslo_config/cfg.py:3242}}
Jul 26 00:56:09.000636 np0000186912 devstack@n-api-meta.service[106875]: DEBUG nova.api.openstack.wsgi_app [None req-479e0c43-60aa-4483-bc7f-862d421dcd59 None None] cert = self.pem {{(pid=106875) log_opt_values /opt/stack/data/venv/lib/python3.12/site-packages/oslo_config/cfg.py:3242}}
Jul 26 00:56:09.000742 np0000186912 devstack@n-api-meta.service[106875]: DEBUG nova.api.openstack.wsgi_app [None req-479e0c43-60aa-4483-bc7f-862d421dcd59 None None] compute_driver = libvirt.LibvirtDriver {{(pid=106875) log_opt_values /opt/stack/data/venv/lib/python3.12/site-packages/oslo_config/cfg.py:3242}}
Jul 26 00:56:09.000904 np0000186912 devstack@n-api-meta.service[106875]: DEBUG nova.api.openstack.wsgi_app [None req-479e0c43-60aa-4483-bc7f-862d421dcd59 None None] compute_monitors = [] {{(pid=106875) log_opt_values /opt/stack/data/venv/lib/python3.12/site-packages/oslo_config/cfg.py:3242}}
Jul 26 00:56:09.001035 np0000186912 devstack@n-api-meta.service[106875]: DEBUG nova.api.openstack.wsgi_app [None req-479e0c43-60aa-4483-bc7f-862d421dcd59 None None] concurrency_backend = auto {{(pid=106875) log_opt_values /opt/stack/data/venv/lib/python3.12/site-packages/oslo_config/cfg.py:3242}}
Jul 26 00:56:09.001197 np0000186912 devstack@n-api-meta.service[106875]: DEBUG nova.api.openstack.wsgi_app [None req-479e0c43-60aa-4483-bc7f-862d421dcd59 None None] config_dir = [] {{(pid=106875) log_opt_values /opt/stack/data/venv/lib/python3.12/site-packages/oslo_config/cfg.py:3242}}
Jul 26 00:56:09.001317 np0000186912 devstack@n-api-meta.service[106875]: DEBUG nova.api.openstack.wsgi_app [None req-479e0c43-60aa-4483-bc7f-862d421dcd59 None None] config_drive_format = iso9660 {{(pid=106875) log_opt_values /opt/stack/data/venv/lib/python3.12/site-packages/oslo_config/cfg.py:3242}}
Jul 26 00:56:09.001408 np0000186912 devstack@n-api-meta.service[106875]: DEBUG nova.api.openstack.wsgi_app [None req-479e0c43-60aa-4483-bc7f-862d421dcd59 None None] config_file = ['/etc/nova/api-paste.ini', '/etc/nova/nova.conf'] {{(pid=106875) log_opt_values /opt/stack/data/venv/lib/python3.12/site-packages/oslo_config/cfg.py:3242}}
Jul 26 00:56:09.001556 np0000186912 devstack@n-api-meta.service[106875]: DEBUG nova.api.openstack.wsgi_app [None req-479e0c43-60aa-4483-bc7f-862d421dcd59 None None] config_source = [] {{(pid=106875) log_opt_values /opt/stack/data/venv/lib/python3.12/site-packages/oslo_config/cfg.py:3242}}
Jul 26 00:56:09.001686 np0000186912 devstack@n-api-meta.service[106875]: DEBUG nova.api.openstack.wsgi_app [None req-479e0c43-60aa-4483-bc7f-862d421dcd59 None None] console_host = np0000186912 {{(pid=106875) log_opt_values /opt/stack/data/venv/lib/python3.12/site-packages/oslo_config/cfg.py:3242}}
Jul 26 00:56:09.001795 np0000186912 devstack@n-api-meta.service[106877]: DEBUG oslo_db.sqlalchemy.engines [None req-46bed2ac-dd26-4ab4-a896-e48cef138990 None None] MySQL server mode set to STRICT_TRANS_TABLES,STRICT_ALL_TABLES,NO_ZERO_IN_DATE,NO_ZERO_DATE,ERROR_FOR_DIVISION_BY_ZERO,TRADITIONAL,NO_ENGINE_SUBSTITUTION {{(pid=106877) _check_effective_sql_mode /opt/stack/data/venv/lib/python3.12/site-packages/oslo_db/sqlalchemy/engines.py:325}}
Jul 26 00:56:09.001892 np0000186912 devstack@n-api-meta.service[106875]: DEBUG nova.api.openstack.wsgi_app [None req-479e0c43-60aa-4483-bc7f-862d421dcd59 None None] control_exchange = nova {{(pid=106875) log_opt_values /opt/stack/data/venv/lib/python3.12/site-packages/oslo_config/cfg.py:3242}}
Jul 26 00:56:09.001983 np0000186912 devstack@n-api-meta.service[106875]: DEBUG nova.api.openstack.wsgi_app [None req-479e0c43-60aa-4483-bc7f-862d421dcd59 None None] cpu_allocation_ratio = None {{(pid=106875) log_opt_values /opt/stack/data/venv/lib/python3.12/site-packages/oslo_config/cfg.py:3242}}
Jul 26 00:56:09.002117 np0000186912 devstack@n-api-meta.service[106875]: DEBUG nova.api.openstack.wsgi_app [None req-479e0c43-60aa-4483-bc7f-862d421dcd59 None None] daemon = False {{(pid=106875) log_opt_values /opt/stack/data/venv/lib/python3.12/site-packages/oslo_config/cfg.py:3242}}
Jul 26 00:56:09.002255 np0000186912 devstack@n-api-meta.service[106875]: DEBUG nova.api.openstack.wsgi_app [None req-479e0c43-60aa-4483-bc7f-862d421dcd59 None None] debug = True {{(pid=106875) log_opt_values /opt/stack/data/venv/lib/python3.12/site-packages/oslo_config/cfg.py:3242}}
Jul 26 00:56:09.002383 np0000186912 devstack@n-api-meta.service[106875]: DEBUG nova.api.openstack.wsgi_app [None req-479e0c43-60aa-4483-bc7f-862d421dcd59 None None] default_access_ip_network_name = None {{(pid=106875) log_opt_values /opt/stack/data/venv/lib/python3.12/site-packages/oslo_config/cfg.py:3242}}
Jul 26 00:56:09.002534 np0000186912 devstack@n-api-meta.service[106875]: DEBUG nova.api.openstack.wsgi_app [None req-479e0c43-60aa-4483-bc7f-862d421dcd59 None None] default_availability_zone = nova {{(pid=106875) log_opt_values /opt/stack/data/venv/lib/python3.12/site-packages/oslo_config/cfg.py:3242}}
Jul 26 00:56:09.002657 np0000186912 devstack@n-api-meta.service[106875]: DEBUG nova.api.openstack.wsgi_app [None req-479e0c43-60aa-4483-bc7f-862d421dcd59 None None] default_ephemeral_format = ext4 {{(pid=106875) log_opt_values /opt/stack/data/venv/lib/python3.12/site-packages/oslo_config/cfg.py:3242}}
Jul 26 00:56:09.002774 np0000186912 devstack@n-api-meta.service[106875]: DEBUG nova.api.openstack.wsgi_app [None req-479e0c43-60aa-4483-bc7f-862d421dcd59 None None] default_green_pool_size = 1000 {{(pid=106875) log_opt_values /opt/stack/data/venv/lib/python3.12/site-packages/oslo_config/cfg.py:3242}}
Jul 26 00:56:09.003006 np0000186912 devstack@n-api-meta.service[106875]: DEBUG nova.api.openstack.wsgi_app [None req-479e0c43-60aa-4483-bc7f-862d421dcd59 None None] default_log_levels = ['amqp=WARN', 'boto=WARN', 'sqlalchemy=WARN', 'suds=INFO', 'oslo.messaging=INFO', 'oslo_messaging=INFO', 'iso8601=WARN', 'requests.packages.urllib3.connectionpool=WARN', 'urllib3.connectionpool=WARN', 'websocket=WARN', 'requests.packages.urllib3.util.retry=WARN', 'urllib3.util.retry=WARN', 'keystonemiddleware=WARN', 'routes.middleware=WARN', 'stevedore=WARN', 'taskflow=WARN', 'keystoneauth=WARN', 'oslo.cache=INFO', 'oslo_policy=INFO', 'dogpile.core.dogpile=INFO', 'glanceclient=WARN', 'oslo.privsep.daemon=INFO'] {{(pid=106875) log_opt_values /opt/stack/data/venv/lib/python3.12/site-packages/oslo_config/cfg.py:3242}}
Jul 26 00:56:09.003217 np0000186912 devstack@n-api-meta.service[106875]: DEBUG nova.api.openstack.wsgi_app [None req-479e0c43-60aa-4483-bc7f-862d421dcd59 None None] default_schedule_zone = None {{(pid=106875) log_opt_values /opt/stack/data/venv/lib/python3.12/site-packages/oslo_config/cfg.py:3242}}
Jul 26 00:56:09.003338 np0000186912 devstack@n-api-meta.service[106875]: DEBUG nova.api.openstack.wsgi_app [None req-479e0c43-60aa-4483-bc7f-862d421dcd59 None None] default_thread_pool_size = 10 {{(pid=106875) log_opt_values /opt/stack/data/venv/lib/python3.12/site-packages/oslo_config/cfg.py:3242}}
Jul 26 00:56:09.003440 np0000186912 devstack@n-api-meta.service[106875]: DEBUG nova.api.openstack.wsgi_app [None req-479e0c43-60aa-4483-bc7f-862d421dcd59 None None] disk_allocation_ratio = None {{(pid=106875) log_opt_values /opt/stack/data/venv/lib/python3.12/site-packages/oslo_config/cfg.py:3242}}
Jul 26 00:56:09.003542 np0000186912 devstack@n-api-meta.service[106875]: DEBUG nova.api.openstack.wsgi_app [None req-479e0c43-60aa-4483-bc7f-862d421dcd59 None None] enable_new_services = True {{(pid=106875) log_opt_values /opt/stack/data/venv/lib/python3.12/site-packages/oslo_config/cfg.py:3242}}
Jul 26 00:56:09.003664 np0000186912 devstack@n-api-meta.service[106875]: DEBUG nova.api.openstack.wsgi_app [None req-479e0c43-60aa-4483-bc7f-862d421dcd59 None None] flat_injected = False {{(pid=106875) log_opt_values /opt/stack/data/venv/lib/python3.12/site-packages/oslo_config/cfg.py:3242}}
Jul 26 00:56:09.003802 np0000186912 devstack@n-api-meta.service[106875]: DEBUG nova.api.openstack.wsgi_app [None req-479e0c43-60aa-4483-bc7f-862d421dcd59 None None] force_config_drive = False {{(pid=106875) log_opt_values /opt/stack/data/venv/lib/python3.12/site-packages/oslo_config/cfg.py:3242}}
Jul 26 00:56:09.003916 np0000186912 devstack@n-api-meta.service[106875]: DEBUG nova.api.openstack.wsgi_app [None req-479e0c43-60aa-4483-bc7f-862d421dcd59 None None] force_raw_images = True {{(pid=106875) log_opt_values /opt/stack/data/venv/lib/python3.12/site-packages/oslo_config/cfg.py:3242}}
Jul 26 00:56:09.004125 np0000186912 devstack@n-api-meta.service[106875]: DEBUG nova.api.openstack.wsgi_app [None req-479e0c43-60aa-4483-bc7f-862d421dcd59 None None] graceful_shutdown_timeout = 5 {{(pid=106875) log_opt_values /opt/stack/data/venv/lib/python3.12/site-packages/oslo_config/cfg.py:3242}}
Jul 26 00:56:09.004267 np0000186912 devstack@n-api-meta.service[106875]: DEBUG nova.api.openstack.wsgi_app [None req-479e0c43-60aa-4483-bc7f-862d421dcd59 None None] heal_instance_info_cache_interval = -1 {{(pid=106875) log_opt_values /opt/stack/data/venv/lib/python3.12/site-packages/oslo_config/cfg.py:3242}}
Jul 26 00:56:09.004450 np0000186912 devstack@n-api-meta.service[106875]: DEBUG nova.api.openstack.wsgi_app [None req-479e0c43-60aa-4483-bc7f-862d421dcd59 None None] host = np0000186912 {{(pid=106875) log_opt_values /opt/stack/data/venv/lib/python3.12/site-packages/oslo_config/cfg.py:3242}}
Jul 26 00:56:09.004589 np0000186912 devstack@n-api-meta.service[106875]: DEBUG nova.api.openstack.wsgi_app [None req-479e0c43-60aa-4483-bc7f-862d421dcd59 None None] initial_cpu_allocation_ratio = 4.0 {{(pid=106875) log_opt_values /opt/stack/data/venv/lib/python3.12/site-packages/oslo_config/cfg.py:3242}}
Jul 26 00:56:09.004713 np0000186912 devstack@n-api-meta.service[106875]: DEBUG nova.api.openstack.wsgi_app [None req-479e0c43-60aa-4483-bc7f-862d421dcd59 None None] initial_disk_allocation_ratio = 1.0 {{(pid=106875) log_opt_values /opt/stack/data/venv/lib/python3.12/site-packages/oslo_config/cfg.py:3242}}
Jul 26 00:56:09.004838 np0000186912 devstack@n-api-meta.service[106875]: DEBUG nova.api.openstack.wsgi_app [None req-479e0c43-60aa-4483-bc7f-862d421dcd59 None None] initial_ram_allocation_ratio = 1.0 {{(pid=106875) log_opt_values /opt/stack/data/venv/lib/python3.12/site-packages/oslo_config/cfg.py:3242}}
Jul 26 00:56:09.005023 np0000186912 devstack@n-api-meta.service[106875]: DEBUG nova.api.openstack.wsgi_app [None req-479e0c43-60aa-4483-bc7f-862d421dcd59 None None] injected_network_template = /opt/stack/nova/nova/virt/interfaces.template {{(pid=106875) log_opt_values /opt/stack/data/venv/lib/python3.12/site-packages/oslo_config/cfg.py:3242}}
Jul 26 00:56:09.005178 np0000186912 devstack@n-api-meta.service[106875]: DEBUG nova.api.openstack.wsgi_app [None req-479e0c43-60aa-4483-bc7f-862d421dcd59 None None] instance_build_timeout = 0 {{(pid=106875) log_opt_values /opt/stack/data/venv/lib/python3.12/site-packages/oslo_config/cfg.py:3242}}
Jul 26 00:56:09.005286 np0000186912 devstack@n-api-meta.service[106875]: DEBUG nova.api.openstack.wsgi_app [None req-479e0c43-60aa-4483-bc7f-862d421dcd59 None None] instance_delete_interval = 300 {{(pid=106875) log_opt_values /opt/stack/data/venv/lib/python3.12/site-packages/oslo_config/cfg.py:3242}}
Jul 26 00:56:09.005430 np0000186912 devstack@n-api-meta.service[106875]: DEBUG nova.api.openstack.wsgi_app [None req-479e0c43-60aa-4483-bc7f-862d421dcd59 None None] instance_format = [instance: %(uuid)s] {{(pid=106875) log_opt_values /opt/stack/data/venv/lib/python3.12/site-packages/oslo_config/cfg.py:3242}}
Jul 26 00:56:09.005563 np0000186912 devstack@n-api-meta.service[106875]: DEBUG nova.api.openstack.wsgi_app [None req-479e0c43-60aa-4483-bc7f-862d421dcd59 None None] instance_name_template = instance-%08x {{(pid=106875) log_opt_values /opt/stack/data/venv/lib/python3.12/site-packages/oslo_config/cfg.py:3242}}
Jul 26 00:56:09.005696 np0000186912 devstack@n-api-meta.service[106875]: DEBUG nova.api.openstack.wsgi_app [None req-479e0c43-60aa-4483-bc7f-862d421dcd59 None None] instance_usage_audit = False {{(pid=106875) log_opt_values /opt/stack/data/venv/lib/python3.12/site-packages/oslo_config/cfg.py:3242}}
Jul 26 00:56:09.005816 np0000186912 devstack@n-api-meta.service[106875]: DEBUG nova.api.openstack.wsgi_app [None req-479e0c43-60aa-4483-bc7f-862d421dcd59 None None] instance_usage_audit_period = month {{(pid=106875) log_opt_values /opt/stack/data/venv/lib/python3.12/site-packages/oslo_config/cfg.py:3242}}
Jul 26 00:56:09.005964 np0000186912 devstack@n-api-meta.service[106875]: DEBUG nova.api.openstack.wsgi_app [None req-479e0c43-60aa-4483-bc7f-862d421dcd59 None None] instance_uuid_format = [instance: %(uuid)s] {{(pid=106875) log_opt_values /opt/stack/data/venv/lib/python3.12/site-packages/oslo_config/cfg.py:3242}}
Jul 26 00:56:09.006102 np0000186912 devstack@n-api-meta.service[106875]: DEBUG nova.api.openstack.wsgi_app [None req-479e0c43-60aa-4483-bc7f-862d421dcd59 None None] instances_path = /opt/stack/data/nova/instances {{(pid=106875) log_opt_values /opt/stack/data/venv/lib/python3.12/site-packages/oslo_config/cfg.py:3242}}
Jul 26 00:56:09.006308 np0000186912 devstack@n-api-meta.service[106875]: DEBUG nova.api.openstack.wsgi_app [None req-479e0c43-60aa-4483-bc7f-862d421dcd59 None None] internal_service_availability_zone = internal {{(pid=106875) log_opt_values /opt/stack/data/venv/lib/python3.12/site-packages/oslo_config/cfg.py:3242}}
Jul 26 00:56:09.006423 np0000186912 devstack@n-api-meta.service[106875]: DEBUG nova.api.openstack.wsgi_app [None req-479e0c43-60aa-4483-bc7f-862d421dcd59 None None] key = None {{(pid=106875) log_opt_values /opt/stack/data/venv/lib/python3.12/site-packages/oslo_config/cfg.py:3242}}
Jul 26 00:56:09.006524 np0000186912 devstack@n-api-meta.service[106875]: DEBUG nova.api.openstack.wsgi_app [None req-479e0c43-60aa-4483-bc7f-862d421dcd59 None None] live_migration_retry_count = 30 {{(pid=106875) log_opt_values /opt/stack/data/venv/lib/python3.12/site-packages/oslo_config/cfg.py:3242}}
Jul 26 00:56:09.006624 np0000186912 devstack@n-api-meta.service[106875]: DEBUG nova.api.openstack.wsgi_app [None req-479e0c43-60aa-4483-bc7f-862d421dcd59 None None] log_color = False {{(pid=106875) log_opt_values /opt/stack/data/venv/lib/python3.12/site-packages/oslo_config/cfg.py:3242}}
Jul 26 00:56:09.006783 np0000186912 devstack@n-api-meta.service[106875]: DEBUG nova.api.openstack.wsgi_app [None req-479e0c43-60aa-4483-bc7f-862d421dcd59 None None] log_config_append = None {{(pid=106875) log_opt_values /opt/stack/data/venv/lib/python3.12/site-packages/oslo_config/cfg.py:3242}}
Jul 26 00:56:09.006885 np0000186912 devstack@n-api-meta.service[106875]: DEBUG nova.api.openstack.wsgi_app [None req-479e0c43-60aa-4483-bc7f-862d421dcd59 None None] log_date_format = %Y-%m-%d %H:%M:%S {{(pid=106875) log_opt_values /opt/stack/data/venv/lib/python3.12/site-packages/oslo_config/cfg.py:3242}}
Jul 26 00:56:09.006986 np0000186912 devstack@n-api-meta.service[106875]: DEBUG nova.api.openstack.wsgi_app [None req-479e0c43-60aa-4483-bc7f-862d421dcd59 None None] log_dir = None {{(pid=106875) log_opt_values /opt/stack/data/venv/lib/python3.12/site-packages/oslo_config/cfg.py:3242}}
Jul 26 00:56:09.007170 np0000186912 devstack@n-api-meta.service[106875]: DEBUG nova.api.openstack.wsgi_app [None req-479e0c43-60aa-4483-bc7f-862d421dcd59 None None] log_file = None {{(pid=106875) log_opt_values /opt/stack/data/venv/lib/python3.12/site-packages/oslo_config/cfg.py:3242}}
Jul 26 00:56:09.007296 np0000186912 devstack@n-api-meta.service[106875]: DEBUG nova.api.openstack.wsgi_app [None req-479e0c43-60aa-4483-bc7f-862d421dcd59 None None] log_options = True {{(pid=106875) log_opt_values /opt/stack/data/venv/lib/python3.12/site-packages/oslo_config/cfg.py:3242}}
Jul 26 00:56:09.007401 np0000186912 devstack@n-api-meta.service[106875]: DEBUG nova.api.openstack.wsgi_app [None req-479e0c43-60aa-4483-bc7f-862d421dcd59 None None] log_rotate_interval = 1 {{(pid=106875) log_opt_values /opt/stack/data/venv/lib/python3.12/site-packages/oslo_config/cfg.py:3242}}
Jul 26 00:56:09.007514 np0000186912 devstack@n-api-meta.service[106875]: DEBUG nova.api.openstack.wsgi_app [None req-479e0c43-60aa-4483-bc7f-862d421dcd59 None None] log_rotate_interval_type = days {{(pid=106875) log_opt_values /opt/stack/data/venv/lib/python3.12/site-packages/oslo_config/cfg.py:3242}}
Jul 26 00:56:09.007631 np0000186912 devstack@n-api-meta.service[106875]: DEBUG nova.api.openstack.wsgi_app [None req-479e0c43-60aa-4483-bc7f-862d421dcd59 None None] log_rotation_type = none {{(pid=106875) log_opt_values /opt/stack/data/venv/lib/python3.12/site-packages/oslo_config/cfg.py:3242}}
Jul 26 00:56:09.007863 np0000186912 devstack@n-api-meta.service[106875]: DEBUG nova.api.openstack.wsgi_app [None req-479e0c43-60aa-4483-bc7f-862d421dcd59 None None] logging_context_format_string = %(color)s%(levelname)s %(name)s [%(global_request_id)s %(request_id)s %(project_name)s %(user_name)s%(color)s] %(instance)s%(color)s%(message)s {{(pid=106875) log_opt_values /opt/stack/data/venv/lib/python3.12/site-packages/oslo_config/cfg.py:3242}}
Jul 26 00:56:09.007863 np0000186912 devstack@n-api-meta.service[106875]: DEBUG nova.api.openstack.wsgi_app [None req-479e0c43-60aa-4483-bc7f-862d421dcd59 None None] logging_debug_format_suffix = {{(pid=%(process)d) %(funcName)s %(pathname)s:%(lineno)d}} {{(pid=106875) log_opt_values /opt/stack/data/venv/lib/python3.12/site-packages/oslo_config/cfg.py:3242}}
Jul 26 00:56:09.008078 np0000186912 devstack@n-api-meta.service[106875]: DEBUG nova.api.openstack.wsgi_app [None req-479e0c43-60aa-4483-bc7f-862d421dcd59 None None] logging_default_format_string = %(color)s%(levelname)s %(name)s [-%(color)s] %(instance)s%(color)s%(message)s {{(pid=106875) log_opt_values /opt/stack/data/venv/lib/python3.12/site-packages/oslo_config/cfg.py:3242}}
Jul 26 00:56:09.008194 np0000186912 devstack@n-api-meta.service[106875]: DEBUG nova.api.openstack.wsgi_app [None req-479e0c43-60aa-4483-bc7f-862d421dcd59 None None] logging_exception_prefix = ERROR %(name)s %(instance)s {{(pid=106875) log_opt_values /opt/stack/data/venv/lib/python3.12/site-packages/oslo_config/cfg.py:3242}}
Jul 26 00:56:09.008288 np0000186912 devstack@n-api-meta.service[106875]: DEBUG nova.api.openstack.wsgi_app [None req-479e0c43-60aa-4483-bc7f-862d421dcd59 None None] logging_user_identity_format = %(user)s %(project)s %(domain)s %(system_scope)s %(user_domain)s %(project_domain)s {{(pid=106875) log_opt_values /opt/stack/data/venv/lib/python3.12/site-packages/oslo_config/cfg.py:3242}}
Jul 26 00:56:09.008390 np0000186912 devstack@n-api-meta.service[106875]: DEBUG nova.api.openstack.wsgi_app [None req-479e0c43-60aa-4483-bc7f-862d421dcd59 None None] long_rpc_timeout = 1800 {{(pid=106875) log_opt_values /opt/stack/data/venv/lib/python3.12/site-packages/oslo_config/cfg.py:3242}}
Jul 26 00:56:09.008496 np0000186912 devstack@n-api-meta.service[106875]: DEBUG nova.api.openstack.wsgi_app [None req-479e0c43-60aa-4483-bc7f-862d421dcd59 None None] manager_shutdown_timeout = 160 {{(pid=106875) log_opt_values /opt/stack/data/venv/lib/python3.12/site-packages/oslo_config/cfg.py:3242}}
Jul 26 00:56:09.008625 np0000186912 devstack@n-api-meta.service[106875]: DEBUG nova.api.openstack.wsgi_app [None req-479e0c43-60aa-4483-bc7f-862d421dcd59 None None] max_concurrent_builds = 10 {{(pid=106875) log_opt_values /opt/stack/data/venv/lib/python3.12/site-packages/oslo_config/cfg.py:3242}}
