Jul 18 22:24:44.100147 np0000185859 devstack@n-api-meta.service[106951]: DEBUG nova.api.openstack.wsgi_app [None req-06e144b4-e227-43df-b4cd-0a370e77df50 None None] oslo_limit.connect_retries = None {{(pid=106951) log_opt_values /opt/stack/data/venv/lib/python3.12/site-packages/oslo_config/cfg.py:3253}}
Jul 18 22:24:44.100326 np0000185859 devstack@n-api-meta.service[106951]: DEBUG nova.api.openstack.wsgi_app [None req-06e144b4-e227-43df-b4cd-0a370e77df50 None None] oslo_limit.connect_retry_delay = None {{(pid=106951) log_opt_values /opt/stack/data/venv/lib/python3.12/site-packages/oslo_config/cfg.py:3253}}
Jul 18 22:24:44.100525 np0000185859 devstack@n-api-meta.service[106951]: DEBUG nova.api.openstack.wsgi_app [None req-06e144b4-e227-43df-b4cd-0a370e77df50 None None] oslo_limit.endpoint_id = None {{(pid=106951) log_opt_values /opt/stack/data/venv/lib/python3.12/site-packages/oslo_config/cfg.py:3253}}
Jul 18 22:24:44.100717 np0000185859 devstack@n-api-meta.service[106951]: DEBUG nova.api.openstack.wsgi_app [None req-06e144b4-e227-43df-b4cd-0a370e77df50 None None] oslo_limit.endpoint_interface = public {{(pid=106951) log_opt_values /opt/stack/data/venv/lib/python3.12/site-packages/oslo_config/cfg.py:3253}}
Jul 18 22:24:44.100897 np0000185859 devstack@n-api-meta.service[106951]: DEBUG nova.api.openstack.wsgi_app [None req-06e144b4-e227-43df-b4cd-0a370e77df50 None None] oslo_limit.endpoint_override = None {{(pid=106951) log_opt_values /opt/stack/data/venv/lib/python3.12/site-packages/oslo_config/cfg.py:3253}}
Jul 18 22:24:44.101074 np0000185859 devstack@n-api-meta.service[106951]: DEBUG nova.api.openstack.wsgi_app [None req-06e144b4-e227-43df-b4cd-0a370e77df50 None None] oslo_limit.endpoint_region_name = None {{(pid=106951) log_opt_values /opt/stack/data/venv/lib/python3.12/site-packages/oslo_config/cfg.py:3253}}
Jul 18 22:24:44.101248 np0000185859 devstack@n-api-meta.service[106951]: DEBUG nova.api.openstack.wsgi_app [None req-06e144b4-e227-43df-b4cd-0a370e77df50 None None] oslo_limit.endpoint_service_name = None {{(pid=106951) log_opt_values /opt/stack/data/venv/lib/python3.12/site-packages/oslo_config/cfg.py:3253}}
Jul 18 22:24:44.101427 np0000185859 devstack@n-api-meta.service[106951]: DEBUG nova.api.openstack.wsgi_app [None req-06e144b4-e227-43df-b4cd-0a370e77df50 None None] oslo_limit.endpoint_service_type = None {{(pid=106951) log_opt_values /opt/stack/data/venv/lib/python3.12/site-packages/oslo_config/cfg.py:3253}}
Jul 18 22:24:44.101631 np0000185859 devstack@n-api-meta.service[106951]: DEBUG nova.api.openstack.wsgi_app [None req-06e144b4-e227-43df-b4cd-0a370e77df50 None None] oslo_limit.insecure = False {{(pid=106951) log_opt_values /opt/stack/data/venv/lib/python3.12/site-packages/oslo_config/cfg.py:3253}}
Jul 18 22:24:44.101813 np0000185859 devstack@n-api-meta.service[106951]: DEBUG nova.api.openstack.wsgi_app [None req-06e144b4-e227-43df-b4cd-0a370e77df50 None None] oslo_limit.keyfile = None {{(pid=106951) log_opt_values /opt/stack/data/venv/lib/python3.12/site-packages/oslo_config/cfg.py:3253}}
Jul 18 22:24:44.101990 np0000185859 devstack@n-api-meta.service[106951]: DEBUG nova.api.openstack.wsgi_app [None req-06e144b4-e227-43df-b4cd-0a370e77df50 None None] oslo_limit.max_version = None {{(pid=106951) log_opt_values /opt/stack/data/venv/lib/python3.12/site-packages/oslo_config/cfg.py:3253}}
Jul 18 22:24:44.102166 np0000185859 devstack@n-api-meta.service[106951]: DEBUG nova.api.openstack.wsgi_app [None req-06e144b4-e227-43df-b4cd-0a370e77df50 None None] oslo_limit.min_version = None {{(pid=106951) log_opt_values /opt/stack/data/venv/lib/python3.12/site-packages/oslo_config/cfg.py:3253}}
Jul 18 22:24:44.102411 np0000185859 devstack@n-api-meta.service[106951]: DEBUG nova.api.openstack.wsgi_app [None req-06e144b4-e227-43df-b4cd-0a370e77df50 None None] oslo_limit.region_name = None {{(pid=106951) log_opt_values /opt/stack/data/venv/lib/python3.12/site-packages/oslo_config/cfg.py:3253}}
Jul 18 22:24:44.102618 np0000185859 devstack@n-api-meta.service[106951]: DEBUG nova.api.openstack.wsgi_app [None req-06e144b4-e227-43df-b4cd-0a370e77df50 None None] oslo_limit.retriable_status_codes = None {{(pid=106951) log_opt_values /opt/stack/data/venv/lib/python3.12/site-packages/oslo_config/cfg.py:3253}}
Jul 18 22:24:44.102798 np0000185859 devstack@n-api-meta.service[106951]: DEBUG nova.api.openstack.wsgi_app [None req-06e144b4-e227-43df-b4cd-0a370e77df50 None None] oslo_limit.service_name = None {{(pid=106951) log_opt_values /opt/stack/data/venv/lib/python3.12/site-packages/oslo_config/cfg.py:3253}}
Jul 18 22:24:44.102975 np0000185859 devstack@n-api-meta.service[106951]: DEBUG nova.api.openstack.wsgi_app [None req-06e144b4-e227-43df-b4cd-0a370e77df50 None None] oslo_limit.service_type = None {{(pid=106951) log_opt_values /opt/stack/data/venv/lib/python3.12/site-packages/oslo_config/cfg.py:3253}}
Jul 18 22:24:44.103155 np0000185859 devstack@n-api-meta.service[106951]: DEBUG nova.api.openstack.wsgi_app [None req-06e144b4-e227-43df-b4cd-0a370e77df50 None None] oslo_limit.split_loggers = False {{(pid=106951) log_opt_values /opt/stack/data/venv/lib/python3.12/site-packages/oslo_config/cfg.py:3253}}
Jul 18 22:24:44.103333 np0000185859 devstack@n-api-meta.service[106951]: DEBUG nova.api.openstack.wsgi_app [None req-06e144b4-e227-43df-b4cd-0a370e77df50 None None] oslo_limit.status_code_retries = None {{(pid=106951) log_opt_values /opt/stack/data/venv/lib/python3.12/site-packages/oslo_config/cfg.py:3253}}
Jul 18 22:24:44.103607 np0000185859 devstack@n-api-meta.service[106951]: DEBUG nova.api.openstack.wsgi_app [None req-06e144b4-e227-43df-b4cd-0a370e77df50 None None] oslo_limit.status_code_retry_delay = None {{(pid=106951) log_opt_values /opt/stack/data/venv/lib/python3.12/site-packages/oslo_config/cfg.py:3253}}
Jul 18 22:24:44.103823 np0000185859 devstack@n-api-meta.service[106951]: DEBUG nova.api.openstack.wsgi_app [None req-06e144b4-e227-43df-b4cd-0a370e77df50 None None] oslo_limit.timeout = None {{(pid=106951) log_opt_values /opt/stack/data/venv/lib/python3.12/site-packages/oslo_config/cfg.py:3253}}
Jul 18 22:24:44.104048 np0000185859 devstack@n-api-meta.service[106951]: DEBUG nova.api.openstack.wsgi_app [None req-06e144b4-e227-43df-b4cd-0a370e77df50 None None] oslo_limit.valid_interfaces = None {{(pid=106951) log_opt_values /opt/stack/data/venv/lib/python3.12/site-packages/oslo_config/cfg.py:3253}}
Jul 18 22:24:44.104227 np0000185859 devstack@n-api-meta.service[106951]: DEBUG nova.api.openstack.wsgi_app [None req-06e144b4-e227-43df-b4cd-0a370e77df50 None None] oslo_limit.version = None {{(pid=106951) log_opt_values /opt/stack/data/venv/lib/python3.12/site-packages/oslo_config/cfg.py:3253}}
Jul 18 22:24:44.104424 np0000185859 devstack@n-api-meta.service[106951]: DEBUG nova.api.openstack.wsgi_app [None req-06e144b4-e227-43df-b4cd-0a370e77df50 None None] oslo_messaging_rabbit.amqp_auto_delete = False {{(pid=106951) log_opt_values /opt/stack/data/venv/lib/python3.12/site-packages/oslo_config/cfg.py:3253}}
Jul 18 22:24:44.104630 np0000185859 devstack@n-api-meta.service[106951]: DEBUG nova.api.openstack.wsgi_app [None req-06e144b4-e227-43df-b4cd-0a370e77df50 None None] oslo_messaging_rabbit.amqp_durable_queues = False {{(pid=106951) log_opt_values /opt/stack/data/venv/lib/python3.12/site-packages/oslo_config/cfg.py:3253}}
Jul 18 22:24:44.104818 np0000185859 devstack@n-api-meta.service[106951]: DEBUG nova.api.openstack.wsgi_app [None req-06e144b4-e227-43df-b4cd-0a370e77df50 None None] oslo_messaging_rabbit.conn_pool_min_size = 2 {{(pid=106951) log_opt_values /opt/stack/data/venv/lib/python3.12/site-packages/oslo_config/cfg.py:3253}}
Jul 18 22:24:44.105000 np0000185859 devstack@n-api-meta.service[106951]: DEBUG nova.api.openstack.wsgi_app [None req-06e144b4-e227-43df-b4cd-0a370e77df50 None None] oslo_messaging_rabbit.conn_pool_ttl = 1200 {{(pid=106951) log_opt_values /opt/stack/data/venv/lib/python3.12/site-packages/oslo_config/cfg.py:3253}}
Jul 18 22:24:44.105178 np0000185859 devstack@n-api-meta.service[106951]: DEBUG nova.api.openstack.wsgi_app [None req-06e144b4-e227-43df-b4cd-0a370e77df50 None None] oslo_messaging_rabbit.direct_mandatory_flag = True {{(pid=106951) log_opt_values /opt/stack/data/venv/lib/python3.12/site-packages/oslo_config/cfg.py:3253}}
Jul 18 22:24:44.105356 np0000185859 devstack@n-api-meta.service[106951]: DEBUG nova.api.openstack.wsgi_app [None req-06e144b4-e227-43df-b4cd-0a370e77df50 None None] oslo_messaging_rabbit.enable_cancel_on_failover = False {{(pid=106951) log_opt_values /opt/stack/data/venv/lib/python3.12/site-packages/oslo_config/cfg.py:3253}}
Jul 18 22:24:44.105565 np0000185859 devstack@n-api-meta.service[106951]: DEBUG nova.api.openstack.wsgi_app [None req-06e144b4-e227-43df-b4cd-0a370e77df50 None None] oslo_messaging_rabbit.heartbeat_rate = 3 {{(pid=106951) log_opt_values /opt/stack/data/venv/lib/python3.12/site-packages/oslo_config/cfg.py:3253}}
Jul 18 22:24:44.105754 np0000185859 devstack@n-api-meta.service[106951]: DEBUG nova.api.openstack.wsgi_app [None req-06e144b4-e227-43df-b4cd-0a370e77df50 None None] oslo_messaging_rabbit.heartbeat_timeout_threshold = 60 {{(pid=106951) log_opt_values /opt/stack/data/venv/lib/python3.12/site-packages/oslo_config/cfg.py:3253}}
Jul 18 22:24:44.105996 np0000185859 devstack@n-api-meta.service[106951]: DEBUG nova.api.openstack.wsgi_app [None req-06e144b4-e227-43df-b4cd-0a370e77df50 None None] oslo_messaging_rabbit.hostname = np0000185859 {{(pid=106951) log_opt_values /opt/stack/data/venv/lib/python3.12/site-packages/oslo_config/cfg.py:3253}}
Jul 18 22:24:44.106189 np0000185859 devstack@n-api-meta.service[106951]: DEBUG nova.api.openstack.wsgi_app [None req-06e144b4-e227-43df-b4cd-0a370e77df50 None None] oslo_messaging_rabbit.kombu_compression = None {{(pid=106951) log_opt_values /opt/stack/data/venv/lib/python3.12/site-packages/oslo_config/cfg.py:3253}}
Jul 18 22:24:44.106430 np0000185859 devstack@n-api-meta.service[106951]: DEBUG nova.api.openstack.wsgi_app [None req-06e144b4-e227-43df-b4cd-0a370e77df50 None None] oslo_messaging_rabbit.kombu_failover_strategy = round-robin {{(pid=106951) log_opt_values /opt/stack/data/venv/lib/python3.12/site-packages/oslo_config/cfg.py:3253}}
Jul 18 22:24:44.106649 np0000185859 devstack@n-api-meta.service[106951]: DEBUG nova.api.openstack.wsgi_app [None req-06e144b4-e227-43df-b4cd-0a370e77df50 None None] oslo_messaging_rabbit.kombu_missing_consumer_retry_timeout = 60 {{(pid=106951) log_opt_values /opt/stack/data/venv/lib/python3.12/site-packages/oslo_config/cfg.py:3253}}
Jul 18 22:24:44.106841 np0000185859 devstack@n-api-meta.service[106951]: DEBUG nova.api.openstack.wsgi_app [None req-06e144b4-e227-43df-b4cd-0a370e77df50 None None] oslo_messaging_rabbit.kombu_reconnect_delay = 1.0 {{(pid=106951) log_opt_values /opt/stack/data/venv/lib/python3.12/site-packages/oslo_config/cfg.py:3253}}
Jul 18 22:24:44.107067 np0000185859 devstack@n-api-meta.service[106951]: DEBUG nova.api.openstack.wsgi_app [None req-06e144b4-e227-43df-b4cd-0a370e77df50 None None] oslo_messaging_rabbit.kombu_reconnect_splay = 0.0 {{(pid=106951) log_opt_values /opt/stack/data/venv/lib/python3.12/site-packages/oslo_config/cfg.py:3253}}
Jul 18 22:24:44.107308 np0000185859 devstack@n-api-meta.service[106951]: DEBUG nova.api.openstack.wsgi_app [None req-06e144b4-e227-43df-b4cd-0a370e77df50 None None] oslo_messaging_rabbit.processname = uwsgi {{(pid=106951) log_opt_values /opt/stack/data/venv/lib/python3.12/site-packages/oslo_config/cfg.py:3253}}
Jul 18 22:24:44.107579 np0000185859 devstack@n-api-meta.service[106951]: DEBUG nova.api.openstack.wsgi_app [None req-06e144b4-e227-43df-b4cd-0a370e77df50 None None] oslo_messaging_rabbit.rabbit_ha_queues = False {{(pid=106951) log_opt_values /opt/stack/data/venv/lib/python3.12/site-packages/oslo_config/cfg.py:3253}}
Jul 18 22:24:44.107822 np0000185859 devstack@n-api-meta.service[106951]: DEBUG nova.api.openstack.wsgi_app [None req-06e144b4-e227-43df-b4cd-0a370e77df50 None None] oslo_messaging_rabbit.rabbit_interval_max = 30 {{(pid=106951) log_opt_values /opt/stack/data/venv/lib/python3.12/site-packages/oslo_config/cfg.py:3253}}
Jul 18 22:24:44.108026 np0000185859 devstack@n-api-meta.service[106951]: DEBUG nova.api.openstack.wsgi_app [None req-06e144b4-e227-43df-b4cd-0a370e77df50 None None] oslo_messaging_rabbit.rabbit_login_method = AMQPLAIN {{(pid=106951) log_opt_values /opt/stack/data/venv/lib/python3.12/site-packages/oslo_config/cfg.py:3253}}
Jul 18 22:24:44.108235 np0000185859 devstack@n-api-meta.service[106951]: DEBUG nova.api.openstack.wsgi_app [None req-06e144b4-e227-43df-b4cd-0a370e77df50 None None] oslo_messaging_rabbit.rabbit_qos_prefetch_count = 0 {{(pid=106951) log_opt_values /opt/stack/data/venv/lib/python3.12/site-packages/oslo_config/cfg.py:3253}}
Jul 18 22:24:44.108493 np0000185859 devstack@n-api-meta.service[106951]: DEBUG nova.api.openstack.wsgi_app [None req-06e144b4-e227-43df-b4cd-0a370e77df50 None None] oslo_messaging_rabbit.rabbit_quorum_delivery_limit = 0 {{(pid=106951) log_opt_values /opt/stack/data/venv/lib/python3.12/site-packages/oslo_config/cfg.py:3253}}
Jul 18 22:24:44.108712 np0000185859 devstack@n-api-meta.service[106951]: DEBUG nova.api.openstack.wsgi_app [None req-06e144b4-e227-43df-b4cd-0a370e77df50 None None] oslo_messaging_rabbit.rabbit_quorum_max_memory_bytes = 0 {{(pid=106951) log_opt_values /opt/stack/data/venv/lib/python3.12/site-packages/oslo_config/cfg.py:3253}}
Jul 18 22:24:44.109185 np0000185859 devstack@n-api-meta.service[106951]: DEBUG nova.api.openstack.wsgi_app [None req-06e144b4-e227-43df-b4cd-0a370e77df50 None None] oslo_messaging_rabbit.rabbit_quorum_max_memory_length = 0 {{(pid=106951) log_opt_values /opt/stack/data/venv/lib/python3.12/site-packages/oslo_config/cfg.py:3253}}
Jul 18 22:24:44.109185 np0000185859 devstack@n-api-meta.service[106951]: DEBUG nova.api.openstack.wsgi_app [None req-06e144b4-e227-43df-b4cd-0a370e77df50 None None] oslo_messaging_rabbit.rabbit_quorum_queue = False {{(pid=106951) log_opt_values /opt/stack/data/venv/lib/python3.12/site-packages/oslo_config/cfg.py:3253}}
Jul 18 22:24:44.109407 np0000185859 devstack@n-api-meta.service[106951]: DEBUG nova.api.openstack.wsgi_app [None req-06e144b4-e227-43df-b4cd-0a370e77df50 None None] oslo_messaging_rabbit.rabbit_retry_backoff = 2 {{(pid=106951) log_opt_values /opt/stack/data/venv/lib/python3.12/site-packages/oslo_config/cfg.py:3253}}
Jul 18 22:24:44.109752 np0000185859 devstack@n-api-meta.service[106951]: DEBUG nova.api.openstack.wsgi_app [None req-06e144b4-e227-43df-b4cd-0a370e77df50 None None] oslo_messaging_rabbit.rabbit_retry_interval = 1 {{(pid=106951) log_opt_values /opt/stack/data/venv/lib/python3.12/site-packages/oslo_config/cfg.py:3253}}
Jul 18 22:24:44.109945 np0000185859 devstack@n-api-meta.service[106951]: DEBUG nova.api.openstack.wsgi_app [None req-06e144b4-e227-43df-b4cd-0a370e77df50 None None] oslo_messaging_rabbit.rabbit_stream_fanout = False {{(pid=106951) log_opt_values /opt/stack/data/venv/lib/python3.12/site-packages/oslo_config/cfg.py:3253}}
Jul 18 22:24:44.110168 np0000185859 devstack@n-api-meta.service[106951]: DEBUG nova.api.openstack.wsgi_app [None req-06e144b4-e227-43df-b4cd-0a370e77df50 None None] oslo_messaging_rabbit.rabbit_transient_queues_ttl = 1800 {{(pid=106951) log_opt_values /opt/stack/data/venv/lib/python3.12/site-packages/oslo_config/cfg.py:3253}}
Jul 18 22:24:44.110458 np0000185859 devstack@n-api-meta.service[106951]: DEBUG nova.api.openstack.wsgi_app [None req-06e144b4-e227-43df-b4cd-0a370e77df50 None None] oslo_messaging_rabbit.rabbit_transient_quorum_queue = False {{(pid=106951) log_opt_values /opt/stack/data/venv/lib/python3.12/site-packages/oslo_config/cfg.py:3253}}
Jul 18 22:24:44.110659 np0000185859 devstack@n-api-meta.service[106951]: DEBUG nova.api.openstack.wsgi_app [None req-06e144b4-e227-43df-b4cd-0a370e77df50 None None] oslo_messaging_rabbit.rpc_conn_pool_size = 30 {{(pid=106951) log_opt_values /opt/stack/data/venv/lib/python3.12/site-packages/oslo_config/cfg.py:3253}}
Jul 18 22:24:44.110806 np0000185859 devstack@n-api-meta.service[106951]: DEBUG nova.api.openstack.wsgi_app [None req-06e144b4-e227-43df-b4cd-0a370e77df50 None None] oslo_messaging_rabbit.ssl = False {{(pid=106951) log_opt_values /opt/stack/data/venv/lib/python3.12/site-packages/oslo_config/cfg.py:3253}}
Jul 18 22:24:44.110947 np0000185859 devstack@n-api-meta.service[106951]: DEBUG nova.api.openstack.wsgi_app [None req-06e144b4-e227-43df-b4cd-0a370e77df50 None None] oslo_messaging_rabbit.ssl_ca_file = {{(pid=106951) log_opt_values /opt/stack/data/venv/lib/python3.12/site-packages/oslo_config/cfg.py:3253}}
Jul 18 22:24:44.111089 np0000185859 devstack@n-api-meta.service[106951]: DEBUG nova.api.openstack.wsgi_app [None req-06e144b4-e227-43df-b4cd-0a370e77df50 None None] oslo_messaging_rabbit.ssl_cert_file = {{(pid=106951) log_opt_values /opt/stack/data/venv/lib/python3.12/site-packages/oslo_config/cfg.py:3253}}
Jul 18 22:24:44.111224 np0000185859 devstack@n-api-meta.service[106951]: DEBUG nova.api.openstack.wsgi_app [None req-06e144b4-e227-43df-b4cd-0a370e77df50 None None] oslo_messaging_rabbit.ssl_enforce_fips_mode = False {{(pid=106951) log_opt_values /opt/stack/data/venv/lib/python3.12/site-packages/oslo_config/cfg.py:3253}}
Jul 18 22:24:44.111358 np0000185859 devstack@n-api-meta.service[106951]: DEBUG nova.api.openstack.wsgi_app [None req-06e144b4-e227-43df-b4cd-0a370e77df50 None None] oslo_messaging_rabbit.ssl_enforce_hostname_verification = True {{(pid=106951) log_opt_values /opt/stack/data/venv/lib/python3.12/site-packages/oslo_config/cfg.py:3253}}
Jul 18 22:24:44.111518 np0000185859 devstack@n-api-meta.service[106951]: DEBUG nova.api.openstack.wsgi_app [None req-06e144b4-e227-43df-b4cd-0a370e77df50 None None] oslo_messaging_rabbit.ssl_key_file = {{(pid=106951) log_opt_values /opt/stack/data/venv/lib/python3.12/site-packages/oslo_config/cfg.py:3253}}
Jul 18 22:24:44.111655 np0000185859 devstack@n-api-meta.service[106951]: DEBUG nova.api.openstack.wsgi_app [None req-06e144b4-e227-43df-b4cd-0a370e77df50 None None] oslo_messaging_rabbit.ssl_version = {{(pid=106951) log_opt_values /opt/stack/data/venv/lib/python3.12/site-packages/oslo_config/cfg.py:3253}}
Jul 18 22:24:44.111790 np0000185859 devstack@n-api-meta.service[106951]: DEBUG nova.api.openstack.wsgi_app [None req-06e144b4-e227-43df-b4cd-0a370e77df50 None None] oslo_messaging_rabbit.use_queue_manager = False {{(pid=106951) log_opt_values /opt/stack/data/venv/lib/python3.12/site-packages/oslo_config/cfg.py:3253}}
Jul 18 22:24:44.111986 np0000185859 devstack@n-api-meta.service[106951]: DEBUG nova.api.openstack.wsgi_app [None req-06e144b4-e227-43df-b4cd-0a370e77df50 None None] oslo_messaging_notifications.driver = ['messagingv2'] {{(pid=106951) log_opt_values /opt/stack/data/venv/lib/python3.12/site-packages/oslo_config/cfg.py:3253}}
Jul 18 22:24:44.112154 np0000185859 devstack@n-api-meta.service[106951]: DEBUG nova.api.openstack.wsgi_app [None req-06e144b4-e227-43df-b4cd-0a370e77df50 None None] oslo_messaging_notifications.retry = -1 {{(pid=106951) log_opt_values /opt/stack/data/venv/lib/python3.12/site-packages/oslo_config/cfg.py:3253}}
Jul 18 22:24:44.112325 np0000185859 devstack@n-api-meta.service[106951]: DEBUG nova.api.openstack.wsgi_app [None req-06e144b4-e227-43df-b4cd-0a370e77df50 None None] oslo_messaging_notifications.topics = ['notifications'] {{(pid=106951) log_opt_values /opt/stack/data/venv/lib/python3.12/site-packages/oslo_config/cfg.py:3253}}
Jul 18 22:24:44.112518 np0000185859 devstack@n-api-meta.service[106951]: DEBUG nova.api.openstack.wsgi_app [None req-06e144b4-e227-43df-b4cd-0a370e77df50 None None] oslo_messaging_notifications.transport_url = **** {{(pid=106951) log_opt_values /opt/stack/data/venv/lib/python3.12/site-packages/oslo_config/cfg.py:3253}}
Jul 18 22:24:44.112686 np0000185859 devstack@n-api-meta.service[106951]: DEBUG nova.api.openstack.wsgi_app [None req-06e144b4-e227-43df-b4cd-0a370e77df50 None None] oslo_reports.file_event_handler = None {{(pid=106951) log_opt_values /opt/stack/data/venv/lib/python3.12/site-packages/oslo_config/cfg.py:3253}}
Jul 18 22:24:44.112872 np0000185859 devstack@n-api-meta.service[106951]: DEBUG nova.api.openstack.wsgi_app [None req-06e144b4-e227-43df-b4cd-0a370e77df50 None None] oslo_reports.file_event_handler_interval = 1 {{(pid=106951) log_opt_values /opt/stack/data/venv/lib/python3.12/site-packages/oslo_config/cfg.py:3253}}
Jul 18 22:24:44.113235 np0000185859 devstack@n-api-meta.service[106951]: DEBUG nova.api.openstack.wsgi_app [None req-06e144b4-e227-43df-b4cd-0a370e77df50 None None] oslo_reports.log_dir = None {{(pid=106951) log_opt_values /opt/stack/data/venv/lib/python3.12/site-packages/oslo_config/cfg.py:3253}}
Jul 18 22:24:44.113385 np0000185859 devstack@n-api-meta.service[106951]: DEBUG nova.api.openstack.wsgi_app [None req-06e144b4-e227-43df-b4cd-0a370e77df50 None None] ******************************************************************************** {{(pid=106951) log_opt_values /opt/stack/data/venv/lib/python3.12/site-packages/oslo_config/cfg.py:3260}}
Jul 18 22:24:44.113578 np0000185859 devstack@n-api-meta.service[106951]: WSGI app 0 (mountpoint='') ready in 3 seconds on interpreter 0x734d2a0a4668 pid: 106951 (default app)
Jul 18 22:24:53.619354 np0000185859 devstack@n-api-meta.service[106954]: DEBUG dbcounter [-] [106954] Writing DB stats nova_api:SELECT=1 {{(pid=106954) stat_writer /opt/stack/data/venv/lib/python3.12/site-packages/dbcounter.py:115}}
Jul 18 22:24:53.635806 np0000185859 devstack@n-api-meta.service[106953]: DEBUG dbcounter [-] [106953] Writing DB stats nova_api:SELECT=1 {{(pid=106953) stat_writer /opt/stack/data/venv/lib/python3.12/site-packages/dbcounter.py:115}}
Jul 18 22:24:53.689701 np0000185859 devstack@n-api-meta.service[106952]: DEBUG dbcounter [-] [106952] Writing DB stats nova_api:SELECT=1 {{(pid=106952) stat_writer /opt/stack/data/venv/lib/python3.12/site-packages/dbcounter.py:115}}
Jul 18 22:24:53.695719 np0000185859 devstack@n-api-meta.service[106951]: DEBUG dbcounter [-] [106951] Writing DB stats nova_api:SELECT=1 {{(pid=106951) stat_writer /opt/stack/data/venv/lib/python3.12/site-packages/dbcounter.py:115}}
Jul 18 22:24:53.790367 np0000185859 devstack@n-api-meta.service[106953]: DEBUG dbcounter [-] [106953] Writing DB stats nova_cell0:SELECT=1 {{(pid=106953) stat_writer /opt/stack/data/venv/lib/python3.12/site-packages/dbcounter.py:115}}
Jul 18 22:24:53.797848 np0000185859 devstack@n-api-meta.service[106953]: DEBUG dbcounter [-] [106953] Writing DB stats nova_cell1:SELECT=1 {{(pid=106953) stat_writer /opt/stack/data/venv/lib/python3.12/site-packages/dbcounter.py:115}}
Jul 18 22:24:53.803937 np0000185859 devstack@n-api-meta.service[106954]: DEBUG dbcounter [-] [106954] Writing DB stats nova_cell0:SELECT=1 {{(pid=106954) stat_writer /opt/stack/data/venv/lib/python3.12/site-packages/dbcounter.py:115}}
Jul 18 22:24:53.807933 np0000185859 devstack@n-api-meta.service[106954]: DEBUG dbcounter [-] [106954] Writing DB stats nova_cell1:SELECT=1 {{(pid=106954) stat_writer /opt/stack/data/venv/lib/python3.12/site-packages/dbcounter.py:115}}
Jul 18 22:24:53.876187 np0000185859 devstack@n-api-meta.service[106953]: DEBUG dbcounter [-] [106953] Writing DB stats nova_cell0:SELECT=2,nova_cell0:INSERT=1 {{(pid=106953) stat_writer /opt/stack/data/venv/lib/python3.12/site-packages/dbcounter.py:115}}
Jul 18 22:24:53.877873 np0000185859 devstack@n-api-meta.service[106954]: DEBUG dbcounter [-] [106954] Writing DB stats nova_cell0:SELECT=2,nova_cell0:INSERT=1 {{(pid=106954) stat_writer /opt/stack/data/venv/lib/python3.12/site-packages/dbcounter.py:115}}
Jul 18 22:24:53.879659 np0000185859 devstack@n-api-meta.service[106951]: DEBUG dbcounter [-] [106951] Writing DB stats nova_cell0:SELECT=1 {{(pid=106951) stat_writer /opt/stack/data/venv/lib/python3.12/site-packages/dbcounter.py:115}}
Jul 18 22:24:53.884108 np0000185859 devstack@n-api-meta.service[106952]: DEBUG dbcounter [-] [106952] Writing DB stats nova_cell1:SELECT=1 {{(pid=106952) stat_writer /opt/stack/data/venv/lib/python3.12/site-packages/dbcounter.py:115}}
Jul 18 22:24:53.887789 np0000185859 devstack@n-api-meta.service[106951]: DEBUG dbcounter [-] [106951] Writing DB stats nova_cell1:SELECT=1 {{(pid=106951) stat_writer /opt/stack/data/venv/lib/python3.12/site-packages/dbcounter.py:115}}
Jul 18 22:24:53.892933 np0000185859 devstack@n-api-meta.service[106952]: DEBUG dbcounter [-] [106952] Writing DB stats nova_cell0:SELECT=1 {{(pid=106952) stat_writer /opt/stack/data/venv/lib/python3.12/site-packages/dbcounter.py:115}}
Jul 18 22:24:53.946197 np0000185859 devstack@n-api-meta.service[106951]: DEBUG dbcounter [-] [106951] Writing DB stats nova_cell0:SELECT=1 {{(pid=106951) stat_writer /opt/stack/data/venv/lib/python3.12/site-packages/dbcounter.py:115}}
Jul 18 22:24:53.947930 np0000185859 devstack@n-api-meta.service[106952]: DEBUG dbcounter [-] [106952] Writing DB stats nova_cell0:SELECT=1 {{(pid=106952) stat_writer /opt/stack/data/venv/lib/python3.12/site-packages/dbcounter.py:115}}
Jul 18 22:30:03.293419 np0000185859 devstack@n-api-meta.service[106954]: DEBUG nova.api.metadata.handler [None req-a3995858-d6f2-46fb-bce9-9a753c1995d0 None None] Metadata request headers: {'Host': '199.204.45.238:8775', 'User-Agent': 'python-requests/2.34.2', 'Accept-Encoding': 'gzip, deflate', 'Accept': '*/*', 'Connection': 'keep-alive', 'X-Forwarded-For': '192.168.24.38', 'X-Instance-Id': '6df16d40-d385-4dbf-b38e-e864be7714c6', 'X-Tenant-Id': 'e7dfec4cf5af4a49b41491046a6bd318', 'X-Instance-Id-Signature': '894117124699324634cb3755adcd891ef501e26baf91f916d3458cf684b3f066'} {{(pid=106954) __call__ /opt/stack/nova/nova/api/metadata/handler.py:109}}
Jul 18 22:30:03.306703 np0000185859 devstack@n-api-meta.service[106954]: DEBUG oslo_concurrency.lockutils [None req-b13508a8-5964-43da-9c63-ee6ecc999747 None None] Acquiring lock "61e546ac-9715-44c2-a937-fb87e6755c75" by "nova.context.set_target_cell..get_or_set_cached_cell_and_set_connections" {{(pid=106954) inner /opt/stack/data/venv/lib/python3.12/site-packages/oslo_concurrency/lockutils.py:512}}
Jul 18 22:30:03.306913 np0000185859 devstack@n-api-meta.service[106954]: DEBUG oslo_concurrency.lockutils [None req-b13508a8-5964-43da-9c63-ee6ecc999747 None None] Lock "61e546ac-9715-44c2-a937-fb87e6755c75" acquired by "nova.context.set_target_cell..get_or_set_cached_cell_and_set_connections" :: waited 0.000s {{(pid=106954) inner /opt/stack/data/venv/lib/python3.12/site-packages/oslo_concurrency/lockutils.py:525}}
Jul 18 22:30:03.307110 np0000185859 devstack@n-api-meta.service[106954]: DEBUG oslo_concurrency.lockutils [None req-b13508a8-5964-43da-9c63-ee6ecc999747 None None] Lock "61e546ac-9715-44c2-a937-fb87e6755c75" "released" by "nova.context.set_target_cell..get_or_set_cached_cell_and_set_connections" :: held 0.000s {{(pid=106954) inner /opt/stack/data/venv/lib/python3.12/site-packages/oslo_concurrency/lockutils.py:544}}
Jul 18 22:30:03.361532 np0000185859 devstack@n-api-meta.service[106954]: WARNING neutronclient.v2_0.client [None req-b13508a8-5964-43da-9c63-ee6ecc999747 None None] The python binding code in neutronclient is deprecated in favor of OpenstackSDK, please use that as this will be removed in a future release.
Jul 18 22:30:03.791284 np0000185859 devstack@n-api-meta.service[106954]: [pid: 106954|app: 0|req: 1/1] 199.204.45.238 () {40 vars in 641 bytes} [Sat Jul 18 22:30:03 2026] GET /openstack => generated 116 bytes in 499 msecs (HTTP/1.1 200) 3 headers in 100 bytes (1 switches on core 0)
Jul 18 22:30:03.807998 np0000185859 devstack@n-api-meta.service[106953]: DEBUG nova.api.metadata.handler [None req-be2f2938-adbc-4adb-9415-37c963642db2 None None] Metadata request headers: {'Host': '199.204.45.238:8775', 'User-Agent': 'python-requests/2.34.2', 'Accept-Encoding': 'gzip, deflate', 'Accept': '*/*', 'Connection': 'keep-alive', 'X-Forwarded-For': '192.168.24.38', 'X-Instance-Id': '6df16d40-d385-4dbf-b38e-e864be7714c6', 'X-Tenant-Id': 'e7dfec4cf5af4a49b41491046a6bd318', 'X-Instance-Id-Signature': '894117124699324634cb3755adcd891ef501e26baf91f916d3458cf684b3f066'} {{(pid=106953) __call__ /opt/stack/nova/nova/api/metadata/handler.py:109}}
Jul 18 22:30:03.813082 np0000185859 devstack@n-api-meta.service[106953]: DEBUG nova.api.metadata.handler [None req-be2f2938-adbc-4adb-9415-37c963642db2 None None] Using cached metadata for instance 6df16d40-d385-4dbf-b38e-e864be7714c6 {{(pid=106953) get_metadata_by_instance_id /opt/stack/nova/nova/api/metadata/handler.py:84}}
Jul 18 22:30:03.813821 np0000185859 devstack@n-api-meta.service[106953]: [pid: 106953|app: 0|req: 1/2] 199.204.45.238 () {40 vars in 641 bytes} [Sat Jul 18 22:30:03 2026] GET /openstack => generated 116 bytes in 7 msecs (HTTP/1.1 200) 3 headers in 100 bytes (1 switches on core 0)
Jul 18 22:30:03.822152 np0000185859 devstack@n-api-meta.service[106952]: DEBUG nova.api.metadata.handler [None req-131e4416-4eec-4ec2-8852-ff4b6f878045 None None] Metadata request headers: {'Host': '199.204.45.238:8775', 'User-Agent': 'python-requests/2.34.2', 'Accept-Encoding': 'gzip, deflate', 'Accept': '*/*', 'Connection': 'keep-alive', 'X-Forwarded-For': '192.168.24.38', 'X-Instance-Id': '6df16d40-d385-4dbf-b38e-e864be7714c6', 'X-Tenant-Id': 'e7dfec4cf5af4a49b41491046a6bd318', 'X-Instance-Id-Signature': '894117124699324634cb3755adcd891ef501e26baf91f916d3458cf684b3f066'} {{(pid=106952) __call__ /opt/stack/nova/nova/api/metadata/handler.py:109}}
Jul 18 22:30:03.825199 np0000185859 devstack@n-api-meta.service[106952]: DEBUG nova.api.metadata.handler [None req-131e4416-4eec-4ec2-8852-ff4b6f878045 None None] Using cached metadata for instance 6df16d40-d385-4dbf-b38e-e864be7714c6 {{(pid=106952) get_metadata_by_instance_id /opt/stack/nova/nova/api/metadata/handler.py:84}}
Jul 18 22:30:03.825725 np0000185859 devstack@n-api-meta.service[106952]: [pid: 106952|app: 0|req: 1/3] 199.204.45.238 () {40 vars in 694 bytes} [Sat Jul 18 22:30:03 2026] GET /openstack/2018-08-27/meta_data.json => generated 946 bytes in 4 msecs (HTTP/1.1 200) 3 headers in 91 bytes (1 switches on core 0)
Jul 18 22:30:03.834152 np0000185859 devstack@n-api-meta.service[106951]: DEBUG nova.api.metadata.handler [None req-06e144b4-e227-43df-b4cd-0a370e77df50 None None] Metadata request headers: {'Host': '199.204.45.238:8775', 'User-Agent': 'python-requests/2.34.2', 'Accept-Encoding': 'gzip, deflate', 'Accept': '*/*', 'Connection': 'keep-alive', 'X-Forwarded-For': '192.168.24.38', 'X-Instance-Id': '6df16d40-d385-4dbf-b38e-e864be7714c6', 'X-Tenant-Id': 'e7dfec4cf5af4a49b41491046a6bd318', 'X-Instance-Id-Signature': '894117124699324634cb3755adcd891ef501e26baf91f916d3458cf684b3f066'} {{(pid=106951) __call__ /opt/stack/nova/nova/api/metadata/handler.py:109}}
Jul 18 22:30:03.838897 np0000185859 devstack@n-api-meta.service[106951]: DEBUG nova.api.metadata.handler [None req-06e144b4-e227-43df-b4cd-0a370e77df50 None None] Using cached metadata for instance 6df16d40-d385-4dbf-b38e-e864be7714c6 {{(pid=106951) get_metadata_by_instance_id /opt/stack/nova/nova/api/metadata/handler.py:84}}
Jul 18 22:30:03.839491 np0000185859 devstack@n-api-meta.service[106951]: [pid: 106951|app: 0|req: 1/4] 199.204.45.238 () {40 vars in 684 bytes} [Sat Jul 18 22:30:03 2026] GET /openstack/2018-08-27/user_data => generated 26311 bytes in 7 msecs (HTTP/1.1 200) 3 headers in 102 bytes (1 switches on core 0)
Jul 18 22:30:03.848004 np0000185859 devstack@n-api-meta.service[106954]: DEBUG nova.api.metadata.handler [None req-b13508a8-5964-43da-9c63-ee6ecc999747 None None] Metadata request headers: {'Host': '199.204.45.238:8775', 'User-Agent': 'python-requests/2.34.2', 'Accept-Encoding': 'gzip, deflate', 'Accept': '*/*', 'Connection': 'keep-alive', 'X-Forwarded-For': '192.168.24.38', 'X-Instance-Id': '6df16d40-d385-4dbf-b38e-e864be7714c6', 'X-Tenant-Id': 'e7dfec4cf5af4a49b41491046a6bd318', 'X-Instance-Id-Signature': '894117124699324634cb3755adcd891ef501e26baf91f916d3458cf684b3f066'} {{(pid=106954) __call__ /opt/stack/nova/nova/api/metadata/handler.py:109}}
Jul 18 22:30:03.850570 np0000185859 devstack@n-api-meta.service[106954]: DEBUG nova.api.metadata.handler [None req-b13508a8-5964-43da-9c63-ee6ecc999747 None None] Using cached metadata for instance 6df16d40-d385-4dbf-b38e-e864be7714c6 {{(pid=106954) get_metadata_by_instance_id /opt/stack/nova/nova/api/metadata/handler.py:84}}
Jul 18 22:30:03.851188 np0000185859 devstack@n-api-meta.service[106954]: [pid: 106954|app: 0|req: 2/5] 199.204.45.238 () {40 vars in 698 bytes} [Sat Jul 18 22:30:03 2026] GET /openstack/2018-08-27/vendor_data.json => generated 2 bytes in 5 msecs (HTTP/1.1 200) 3 headers in 89 bytes (1 switches on core 0)
Jul 18 22:30:03.859249 np0000185859 devstack@n-api-meta.service[106953]: DEBUG nova.api.metadata.handler [None req-be2f2938-adbc-4adb-9415-37c963642db2 None None] Metadata request headers: {'Host': '199.204.45.238:8775', 'User-Agent': 'python-requests/2.34.2', 'Accept-Encoding': 'gzip, deflate', 'Accept': '*/*', 'Connection': 'keep-alive', 'X-Forwarded-For': '192.168.24.38', 'X-Instance-Id': '6df16d40-d385-4dbf-b38e-e864be7714c6', 'X-Tenant-Id': 'e7dfec4cf5af4a49b41491046a6bd318', 'X-Instance-Id-Signature': '894117124699324634cb3755adcd891ef501e26baf91f916d3458cf684b3f066'} {{(pid=106953) __call__ /opt/stack/nova/nova/api/metadata/handler.py:109}}
Jul 18 22:30:03.862345 np0000185859 devstack@n-api-meta.service[106953]: DEBUG nova.api.metadata.handler [None req-be2f2938-adbc-4adb-9415-37c963642db2 None None] Using cached metadata for instance 6df16d40-d385-4dbf-b38e-e864be7714c6 {{(pid=106953) get_metadata_by_instance_id /opt/stack/nova/nova/api/metadata/handler.py:84}}
Jul 18 22:30:03.863303 np0000185859 devstack@n-api-meta.service[106953]: [pid: 106953|app: 0|req: 2/6] 199.204.45.238 () {40 vars in 700 bytes} [Sat Jul 18 22:30:03 2026] GET /openstack/2018-08-27/vendor_data2.json => generated 14 bytes in 5 msecs (HTTP/1.1 200) 3 headers in 90 bytes (1 switches on core 0)
Jul 18 22:30:03.869649 np0000185859 devstack@n-api-meta.service[106952]: DEBUG nova.api.metadata.handler [None req-131e4416-4eec-4ec2-8852-ff4b6f878045 None None] Metadata request headers: {'Host': '199.204.45.238:8775', 'User-Agent': 'python-requests/2.34.2', 'Accept-Encoding': 'gzip, deflate', 'Accept': '*/*', 'Connection': 'keep-alive', 'X-Forwarded-For': '192.168.24.38', 'X-Instance-Id': '6df16d40-d385-4dbf-b38e-e864be7714c6', 'X-Tenant-Id': 'e7dfec4cf5af4a49b41491046a6bd318', 'X-Instance-Id-Signature': '894117124699324634cb3755adcd891ef501e26baf91f916d3458cf684b3f066'} {{(pid=106952) __call__ /opt/stack/nova/nova/api/metadata/handler.py:109}}
Jul 18 22:30:03.872403 np0000185859 devstack@n-api-meta.service[106952]: DEBUG nova.api.metadata.handler [None req-131e4416-4eec-4ec2-8852-ff4b6f878045 None None] Using cached metadata for instance 6df16d40-d385-4dbf-b38e-e864be7714c6 {{(pid=106952) get_metadata_by_instance_id /opt/stack/nova/nova/api/metadata/handler.py:84}}
Jul 18 22:30:03.872931 np0000185859 devstack@n-api-meta.service[106952]: [pid: 106952|app: 0|req: 2/7] 199.204.45.238 () {40 vars in 700 bytes} [Sat Jul 18 22:30:03 2026] GET /openstack/2018-08-27/network_data.json => generated 348 bytes in 4 msecs (HTTP/1.1 200) 3 headers in 100 bytes (1 switches on core 0)
Jul 18 22:30:03.879730 np0000185859 devstack@n-api-meta.service[106951]: DEBUG nova.api.metadata.handler [None req-06e144b4-e227-43df-b4cd-0a370e77df50 None None] Metadata request headers: {'Host': '199.204.45.238:8775', 'User-Agent': 'python-requests/2.34.2', 'Accept-Encoding': 'gzip, deflate', 'Accept': '*/*', 'Connection': 'keep-alive', 'X-Forwarded-For': '192.168.24.38', 'X-Instance-Id': '6df16d40-d385-4dbf-b38e-e864be7714c6', 'X-Tenant-Id': 'e7dfec4cf5af4a49b41491046a6bd318', 'X-Instance-Id-Signature': '894117124699324634cb3755adcd891ef501e26baf91f916d3458cf684b3f066'} {{(pid=106951) __call__ /opt/stack/nova/nova/api/metadata/handler.py:109}}
Jul 18 22:30:03.882843 np0000185859 devstack@n-api-meta.service[106951]: DEBUG nova.api.metadata.handler [None req-06e144b4-e227-43df-b4cd-0a370e77df50 None None] Using cached metadata for instance 6df16d40-d385-4dbf-b38e-e864be7714c6 {{(pid=106951) get_metadata_by_instance_id /opt/stack/nova/nova/api/metadata/handler.py:84}}
Jul 18 22:30:03.883702 np0000185859 devstack@n-api-meta.service[106951]: [pid: 106951|app: 0|req: 2/8] 199.204.45.238 () {40 vars in 658 bytes} [Sat Jul 18 22:30:03 2026] GET /latest/meta-data/ => generated 210 bytes in 4 msecs (HTTP/1.1 200) 3 headers in 100 bytes (1 switches on core 0)
Jul 18 22:30:03.890564 np0000185859 devstack@n-api-meta.service[106954]: DEBUG nova.api.metadata.handler [None req-b13508a8-5964-43da-9c63-ee6ecc999747 None None] Metadata request headers: {'Host': '199.204.45.238:8775', 'User-Agent': 'python-requests/2.34.2', 'Accept-Encoding': 'gzip, deflate', 'Accept': '*/*', 'Connection': 'keep-alive', 'X-Forwarded-For': '192.168.24.38', 'X-Instance-Id': '6df16d40-d385-4dbf-b38e-e864be7714c6', 'X-Tenant-Id': 'e7dfec4cf5af4a49b41491046a6bd318', 'X-Instance-Id-Signature': '894117124699324634cb3755adcd891ef501e26baf91f916d3458cf684b3f066'} {{(pid=106954) __call__ /opt/stack/nova/nova/api/metadata/handler.py:109}}
Jul 18 22:30:03.892831 np0000185859 devstack@n-api-meta.service[106954]: DEBUG nova.api.metadata.handler [None req-b13508a8-5964-43da-9c63-ee6ecc999747 None None] Using cached metadata for instance 6df16d40-d385-4dbf-b38e-e864be7714c6 {{(pid=106954) get_metadata_by_instance_id /opt/stack/nova/nova/api/metadata/handler.py:84}}
Jul 18 22:30:03.893324 np0000185859 devstack@n-api-meta.service[106954]: [pid: 106954|app: 0|req: 3/9] 199.204.45.238 () {40 vars in 700 bytes} [Sat Jul 18 22:30:03 2026] GET /latest/meta-data/block-device-mapping/ => generated 8 bytes in 3 msecs (HTTP/1.1 200) 3 headers in 98 bytes (1 switches on core 0)
Jul 18 22:30:03.900095 np0000185859 devstack@n-api-meta.service[106953]: DEBUG nova.api.metadata.handler [None req-be2f2938-adbc-4adb-9415-37c963642db2 None None] Metadata request headers: {'Host': '199.204.45.238:8775', 'User-Agent': 'python-requests/2.34.2', 'Accept-Encoding': 'gzip, deflate', 'Accept': '*/*', 'Connection': 'keep-alive', 'X-Forwarded-For': '192.168.24.38', 'X-Instance-Id': '6df16d40-d385-4dbf-b38e-e864be7714c6', 'X-Tenant-Id': 'e7dfec4cf5af4a49b41491046a6bd318', 'X-Instance-Id-Signature': '894117124699324634cb3755adcd891ef501e26baf91f916d3458cf684b3f066'} {{(pid=106953) __call__ /opt/stack/nova/nova/api/metadata/handler.py:109}}
Jul 18 22:30:03.902738 np0000185859 devstack@n-api-meta.service[106953]: DEBUG nova.api.metadata.handler [None req-be2f2938-adbc-4adb-9415-37c963642db2 None None] Using cached metadata for instance 6df16d40-d385-4dbf-b38e-e864be7714c6 {{(pid=106953) get_metadata_by_instance_id /opt/stack/nova/nova/api/metadata/handler.py:84}}
Jul 18 22:30:03.904187 np0000185859 devstack@n-api-meta.service[106953]: [pid: 106953|app: 0|req: 3/10] 199.204.45.238 () {40 vars in 706 bytes} [Sat Jul 18 22:30:03 2026] GET /latest/meta-data/block-device-mapping/ami => generated 3 bytes in 4 msecs (HTTP/1.1 200) 3 headers in 98 bytes (1 switches on core 0)
Jul 18 22:30:03.909939 np0000185859 devstack@n-api-meta.service[106952]: DEBUG nova.api.metadata.handler [None req-131e4416-4eec-4ec2-8852-ff4b6f878045 None None] Metadata request headers: {'Host': '199.204.45.238:8775', 'User-Agent': 'python-requests/2.34.2', 'Accept-Encoding': 'gzip, deflate', 'Accept': '*/*', 'Connection': 'keep-alive', 'X-Forwarded-For': '192.168.24.38', 'X-Instance-Id': '6df16d40-d385-4dbf-b38e-e864be7714c6', 'X-Tenant-Id': 'e7dfec4cf5af4a49b41491046a6bd318', 'X-Instance-Id-Signature': '894117124699324634cb3755adcd891ef501e26baf91f916d3458cf684b3f066'} {{(pid=106952) __call__ /opt/stack/nova/nova/api/metadata/handler.py:109}}
Jul 18 22:30:03.912713 np0000185859 devstack@n-api-meta.service[106952]: DEBUG nova.api.metadata.handler [None req-131e4416-4eec-4ec2-8852-ff4b6f878045 None None] Using cached metadata for instance 6df16d40-d385-4dbf-b38e-e864be7714c6 {{(pid=106952) get_metadata_by_instance_id /opt/stack/nova/nova/api/metadata/handler.py:84}}
Jul 18 22:30:03.913326 np0000185859 devstack@n-api-meta.service[106952]: [pid: 106952|app: 0|req: 3/11] 199.204.45.238 () {40 vars in 708 bytes} [Sat Jul 18 22:30:03 2026] GET /latest/meta-data/block-device-mapping/root => generated 8 bytes in 4 msecs (HTTP/1.1 200) 3 headers in 98 bytes (1 switches on core 0)
Jul 18 22:30:03.920268 np0000185859 devstack@n-api-meta.service[106951]: DEBUG nova.api.metadata.handler [None req-06e144b4-e227-43df-b4cd-0a370e77df50 None None] Metadata request headers: {'Host': '199.204.45.238:8775', 'User-Agent': 'python-requests/2.34.2', 'Accept-Encoding': 'gzip, deflate', 'Accept': '*/*', 'Connection': 'keep-alive', 'X-Forwarded-For': '192.168.24.38', 'X-Instance-Id': '6df16d40-d385-4dbf-b38e-e864be7714c6', 'X-Tenant-Id': 'e7dfec4cf5af4a49b41491046a6bd318', 'X-Instance-Id-Signature': '894117124699324634cb3755adcd891ef501e26baf91f916d3458cf684b3f066'} {{(pid=106951) __call__ /opt/stack/nova/nova/api/metadata/handler.py:109}}
Jul 18 22:30:03.922876 np0000185859 devstack@n-api-meta.service[106951]: DEBUG nova.api.metadata.handler [None req-06e144b4-e227-43df-b4cd-0a370e77df50 None None] Using cached metadata for instance 6df16d40-d385-4dbf-b38e-e864be7714c6 {{(pid=106951) get_metadata_by_instance_id /opt/stack/nova/nova/api/metadata/handler.py:84}}
Jul 18 22:30:03.923543 np0000185859 devstack@n-api-meta.service[106951]: [pid: 106951|app: 0|req: 3/12] 199.204.45.238 () {40 vars in 678 bytes} [Sat Jul 18 22:30:03 2026] GET /latest/meta-data/placement/ => generated 17 bytes in 3 msecs (HTTP/1.1 200) 3 headers in 99 bytes (1 switches on core 0)
Jul 18 22:30:03.931339 np0000185859 devstack@n-api-meta.service[106954]: DEBUG nova.api.metadata.handler [None req-b13508a8-5964-43da-9c63-ee6ecc999747 None None] Metadata request headers: {'Host': '199.204.45.238:8775', 'User-Agent': 'python-requests/2.34.2', 'Accept-Encoding': 'gzip, deflate', 'Accept': '*/*', 'Connection': 'keep-alive', 'X-Forwarded-For': '192.168.24.38', 'X-Instance-Id': '6df16d40-d385-4dbf-b38e-e864be7714c6', 'X-Tenant-Id': 'e7dfec4cf5af4a49b41491046a6bd318', 'X-Instance-Id-Signature': '894117124699324634cb3755adcd891ef501e26baf91f916d3458cf684b3f066'} {{(pid=106954) __call__ /opt/stack/nova/nova/api/metadata/handler.py:109}}
Jul 18 22:30:03.934164 np0000185859 devstack@n-api-meta.service[106954]: DEBUG nova.api.metadata.handler [None req-b13508a8-5964-43da-9c63-ee6ecc999747 None None] Using cached metadata for instance 6df16d40-d385-4dbf-b38e-e864be7714c6 {{(pid=106954) get_metadata_by_instance_id /opt/stack/nova/nova/api/metadata/handler.py:84}}
Jul 18 22:30:03.934800 np0000185859 devstack@n-api-meta.service[106954]: [pid: 106954|app: 0|req: 4/13] 199.204.45.238 () {40 vars in 712 bytes} [Sat Jul 18 22:30:03 2026] GET /latest/meta-data/placement/availability-zone => generated 4 bytes in 4 msecs (HTTP/1.1 200) 3 headers in 98 bytes (1 switches on core 0)
Jul 18 22:30:03.940727 np0000185859 devstack@n-api-meta.service[106953]: DEBUG nova.api.metadata.handler [None req-be2f2938-adbc-4adb-9415-37c963642db2 None None] Metadata request headers: {'Host': '199.204.45.238:8775', 'User-Agent': 'python-requests/2.34.2', 'Accept-Encoding': 'gzip, deflate', 'Accept': '*/*', 'Connection': 'keep-alive', 'X-Forwarded-For': '192.168.24.38', 'X-Instance-Id': '6df16d40-d385-4dbf-b38e-e864be7714c6', 'X-Tenant-Id': 'e7dfec4cf5af4a49b41491046a6bd318', 'X-Instance-Id-Signature': '894117124699324634cb3755adcd891ef501e26baf91f916d3458cf684b3f066'} {{(pid=106953) __call__ /opt/stack/nova/nova/api/metadata/handler.py:109}}
Jul 18 22:30:03.942700 np0000185859 devstack@n-api-meta.service[106953]: DEBUG nova.api.metadata.handler [None req-be2f2938-adbc-4adb-9415-37c963642db2 None None] Using cached metadata for instance 6df16d40-d385-4dbf-b38e-e864be7714c6 {{(pid=106953) get_metadata_by_instance_id /opt/stack/nova/nova/api/metadata/handler.py:84}}
Jul 18 22:30:03.943204 np0000185859 devstack@n-api-meta.service[106953]: [pid: 106953|app: 0|req: 4/14] 199.204.45.238 () {40 vars in 670 bytes} [Sat Jul 18 22:30:03 2026] GET /latest/meta-data/ami-id => generated 12 bytes in 3 msecs (HTTP/1.1 200) 3 headers in 99 bytes (1 switches on core 0)
Jul 18 22:30:03.951006 np0000185859 devstack@n-api-meta.service[106952]: DEBUG nova.api.metadata.handler [None req-131e4416-4eec-4ec2-8852-ff4b6f878045 None None] Metadata request headers: {'Host': '199.204.45.238:8775', 'User-Agent': 'python-requests/2.34.2', 'Accept-Encoding': 'gzip, deflate', 'Accept': '*/*', 'Connection': 'keep-alive', 'X-Forwarded-For': '192.168.24.38', 'X-Instance-Id': '6df16d40-d385-4dbf-b38e-e864be7714c6', 'X-Tenant-Id': 'e7dfec4cf5af4a49b41491046a6bd318', 'X-Instance-Id-Signature': '894117124699324634cb3755adcd891ef501e26baf91f916d3458cf684b3f066'} {{(pid=106952) __call__ /opt/stack/nova/nova/api/metadata/handler.py:109}}
Jul 18 22:30:03.953961 np0000185859 devstack@n-api-meta.service[106952]: DEBUG nova.api.metadata.handler [None req-131e4416-4eec-4ec2-8852-ff4b6f878045 None None] Using cached metadata for instance 6df16d40-d385-4dbf-b38e-e864be7714c6 {{(pid=106952) get_metadata_by_instance_id /opt/stack/nova/nova/api/metadata/handler.py:84}}
Jul 18 22:30:03.954574 np0000185859 devstack@n-api-meta.service[106952]: [pid: 106952|app: 0|req: 4/15] 199.204.45.238 () {40 vars in 690 bytes} [Sat Jul 18 22:30:03 2026] GET /latest/meta-data/ami-launch-index => generated 1 bytes in 4 msecs (HTTP/1.1 200) 3 headers in 98 bytes (1 switches on core 0)
Jul 18 22:30:03.962947 np0000185859 devstack@n-api-meta.service[106951]: DEBUG nova.api.metadata.handler [None req-06e144b4-e227-43df-b4cd-0a370e77df50 None None] Metadata request headers: {'Host': '199.204.45.238:8775', 'User-Agent': 'python-requests/2.34.2', 'Accept-Encoding': 'gzip, deflate', 'Accept': '*/*', 'Connection': 'keep-alive', 'X-Forwarded-For': '192.168.24.38', 'X-Instance-Id': '6df16d40-d385-4dbf-b38e-e864be7714c6', 'X-Tenant-Id': 'e7dfec4cf5af4a49b41491046a6bd318', 'X-Instance-Id-Signature': '894117124699324634cb3755adcd891ef501e26baf91f916d3458cf684b3f066'} {{(pid=106951) __call__ /opt/stack/nova/nova/api/metadata/handler.py:109}}
Jul 18 22:30:03.965465 np0000185859 devstack@n-api-meta.service[106951]: DEBUG nova.api.metadata.handler [None req-06e144b4-e227-43df-b4cd-0a370e77df50 None None] Using cached metadata for instance 6df16d40-d385-4dbf-b38e-e864be7714c6 {{(pid=106951) get_metadata_by_instance_id /opt/stack/nova/nova/api/metadata/handler.py:84}}
Jul 18 22:30:03.965993 np0000185859 devstack@n-api-meta.service[106951]: [pid: 106951|app: 0|req: 4/16] 199.204.45.238 () {40 vars in 692 bytes} [Sat Jul 18 22:30:03 2026] GET /latest/meta-data/ami-manifest-path => generated 5 bytes in 5 msecs (HTTP/1.1 200) 3 headers in 98 bytes (1 switches on core 0)
Jul 18 22:30:03.972968 np0000185859 devstack@n-api-meta.service[106954]: DEBUG nova.api.metadata.handler [None req-b13508a8-5964-43da-9c63-ee6ecc999747 None None] Metadata request headers: {'Host': '199.204.45.238:8775', 'User-Agent': 'python-requests/2.34.2', 'Accept-Encoding': 'gzip, deflate', 'Accept': '*/*', 'Connection': 'keep-alive', 'X-Forwarded-For': '192.168.24.38', 'X-Instance-Id': '6df16d40-d385-4dbf-b38e-e864be7714c6', 'X-Tenant-Id': 'e7dfec4cf5af4a49b41491046a6bd318', 'X-Instance-Id-Signature': '894117124699324634cb3755adcd891ef501e26baf91f916d3458cf684b3f066'} {{(pid=106954) __call__ /opt/stack/nova/nova/api/metadata/handler.py:109}}
Jul 18 22:30:03.975535 np0000185859 devstack@n-api-meta.service[106954]: DEBUG nova.api.metadata.handler [None req-b13508a8-5964-43da-9c63-ee6ecc999747 None None] Using cached metadata for instance 6df16d40-d385-4dbf-b38e-e864be7714c6 {{(pid=106954) get_metadata_by_instance_id /opt/stack/nova/nova/api/metadata/handler.py:84}}
Jul 18 22:30:03.976109 np0000185859 devstack@n-api-meta.service[106954]: [pid: 106954|app: 0|req: 5/17] 199.204.45.238 () {40 vars in 674 bytes} [Sat Jul 18 22:30:03 2026] GET /latest/meta-data/hostname => generated 32 bytes in 3 msecs (HTTP/1.1 200) 3 headers in 99 bytes (1 switches on core 0)
Jul 18 22:30:03.983557 np0000185859 devstack@n-api-meta.service[106953]: DEBUG nova.api.metadata.handler [None req-be2f2938-adbc-4adb-9415-37c963642db2 None None] Metadata request headers: {'Host': '199.204.45.238:8775', 'User-Agent': 'python-requests/2.34.2', 'Accept-Encoding': 'gzip, deflate', 'Accept': '*/*', 'Connection': 'keep-alive', 'X-Forwarded-For': '192.168.24.38', 'X-Instance-Id': '6df16d40-d385-4dbf-b38e-e864be7714c6', 'X-Tenant-Id': 'e7dfec4cf5af4a49b41491046a6bd318', 'X-Instance-Id-Signature': '894117124699324634cb3755adcd891ef501e26baf91f916d3458cf684b3f066'} {{(pid=106953) __call__ /opt/stack/nova/nova/api/metadata/handler.py:109}}
Jul 18 22:30:03.985431 np0000185859 devstack@n-api-meta.service[106953]: DEBUG nova.api.metadata.handler [None req-be2f2938-adbc-4adb-9415-37c963642db2 None None] Using cached metadata for instance 6df16d40-d385-4dbf-b38e-e864be7714c6 {{(pid=106953) get_metadata_by_instance_id /opt/stack/nova/nova/api/metadata/handler.py:84}}
Jul 18 22:30:03.985867 np0000185859 devstack@n-api-meta.service[106953]: [pid: 106953|app: 0|req: 5/18] 199.204.45.238 () {40 vars in 688 bytes} [Sat Jul 18 22:30:03 2026] GET /latest/meta-data/instance-action => generated 4 bytes in 2 msecs (HTTP/1.1 200) 3 headers in 98 bytes (1 switches on core 0)
