2026-07-16 08:11:25.017 8 INFO cinder.api.openstack.wsgi [None req-fcd13883-d71a-4fb3-95a5-128a2e776071 fd78cbd207984b06b33f9d261a3817f3 83d239a5f88d40518c86fe54e1a6ef80 - - default default] GET http://cinder-api.openstack.svc.cluster.local:8776/v3/83d239a5f88d40518c86fe54e1a6ef80/os-quota-sets/5c99f5c34b4940e1ae1e5b63588747bd?usage=true
2026-07-16 08:11:25.048 8 INFO cinder.api.openstack.wsgi [None req-fcd13883-d71a-4fb3-95a5-128a2e776071 fd78cbd207984b06b33f9d261a3817f3 83d239a5f88d40518c86fe54e1a6ef80 - - default default] http://cinder-api.openstack.svc.cluster.local:8776/v3/83d239a5f88d40518c86fe54e1a6ef80/os-quota-sets/5c99f5c34b4940e1ae1e5b63588747bd?usage=true returned with HTTP 200 [pid: 8|app: 0|req: 420/840] 10.0.0.188 () {28 vars in 736 bytes} [Thu Jul 16 08:11:25 2026] GET /v3/83d239a5f88d40518c86fe54e1a6ef80/os-quota-sets/5c99f5c34b4940e1ae1e5b63588747bd?usage=true => generated 847 bytes in 41 msecs (HTTP/1.1 200) 7 headers in 285 bytes (1 switches on core 0)
2026-07-16 08:11:25.062 7 INFO cinder.api.openstack.wsgi [None req-f5487ea5-151c-4340-a97c-33d8a8fa3c41 fd78cbd207984b06b33f9d261a3817f3 83d239a5f88d40518c86fe54e1a6ef80 - - default default] GET http://cinder-api.openstack.svc.cluster.local:8776/v3/83d239a5f88d40518c86fe54e1a6ef80/os-quota-sets/83d239a5f88d40518c86fe54e1a6ef80?usage=true
2026-07-16 08:11:25.090 7 INFO cinder.api.openstack.wsgi [None req-f5487ea5-151c-4340-a97c-33d8a8fa3c41 fd78cbd207984b06b33f9d261a3817f3 83d239a5f88d40518c86fe54e1a6ef80 - - default default] http://cinder-api.openstack.svc.cluster.local:8776/v3/83d239a5f88d40518c86fe54e1a6ef80/os-quota-sets/83d239a5f88d40518c86fe54e1a6ef80?usage=true returned with HTTP 200 [pid: 7|app: 0|req: 421/841] 10.0.0.188 () {28 vars in 736 bytes} [Thu Jul 16 08:11:25 2026] GET /v3/83d239a5f88d40518c86fe54e1a6ef80/os-quota-sets/83d239a5f88d40518c86fe54e1a6ef80?usage=true => generated 845 bytes in 37 msecs (HTTP/1.1 200) 7 headers in 285 bytes (1 switches on core 0)
2026-07-16 08:11:25.103 8 INFO cinder.api.openstack.wsgi [None req-c439338f-4841-4e52-aaf0-46101b88d506 fd78cbd207984b06b33f9d261a3817f3 83d239a5f88d40518c86fe54e1a6ef80 - - default default] GET http://cinder-api.openstack.svc.cluster.local:8776/v3/83d239a5f88d40518c86fe54e1a6ef80/os-quota-sets/a1bd2209ca7f42a9a361bfaae54f7eb2?usage=true
2026-07-16 08:11:25.130 8 INFO cinder.api.openstack.wsgi [None req-c439338f-4841-4e52-aaf0-46101b88d506 fd78cbd207984b06b33f9d261a3817f3 83d239a5f88d40518c86fe54e1a6ef80 - - default default] http://cinder-api.openstack.svc.cluster.local:8776/v3/83d239a5f88d40518c86fe54e1a6ef80/os-quota-sets/a1bd2209ca7f42a9a361bfaae54f7eb2?usage=true returned with HTTP 200 [pid: 8|app: 0|req: 421/842] 10.0.0.188 () {28 vars in 736 bytes} [Thu Jul 16 08:11:25 2026] GET /v3/83d239a5f88d40518c86fe54e1a6ef80/os-quota-sets/a1bd2209ca7f42a9a361bfaae54f7eb2?usage=true => generated 847 bytes in 37 msecs (HTTP/1.1 200) 7 headers in 285 bytes (1 switches on core 0)
2026-07-16 08:11:25.144 7 INFO cinder.api.openstack.wsgi [None req-ab0e87ce-4899-47d5-a194-11307ac14c5e fd78cbd207984b06b33f9d261a3817f3 83d239a5f88d40518c86fe54e1a6ef80 - - default default] GET http://cinder-api.openstack.svc.cluster.local:8776/v3/83d239a5f88d40518c86fe54e1a6ef80/os-quota-sets/b2db55eb663d427a925ffe5f2127172d?usage=true
2026-07-16 08:11:25.170 7 INFO cinder.api.openstack.wsgi [None req-ab0e87ce-4899-47d5-a194-11307ac14c5e fd78cbd207984b06b33f9d261a3817f3 83d239a5f88d40518c86fe54e1a6ef80 - - default default] http://cinder-api.openstack.svc.cluster.local:8776/v3/83d239a5f88d40518c86fe54e1a6ef80/os-quota-sets/b2db55eb663d427a925ffe5f2127172d?usage=true returned with HTTP 200 [pid: 7|app: 0|req: 422/843] 10.0.0.188 () {28 vars in 736 bytes} [Thu Jul 16 08:11:25 2026] GET /v3/83d239a5f88d40518c86fe54e1a6ef80/os-quota-sets/b2db55eb663d427a925ffe5f2127172d?usage=true => generated 847 bytes in 34 msecs (HTTP/1.1 200) 7 headers in 285 bytes (1 switches on core 0)
2026-07-16 08:11:25.184 8 INFO cinder.api.openstack.wsgi [None req-88318cc7-8ac6-46ef-977a-e899d3d00d56 fd78cbd207984b06b33f9d261a3817f3 83d239a5f88d40518c86fe54e1a6ef80 - - default default] GET http://cinder-api.openstack.svc.cluster.local:8776/v3/83d239a5f88d40518c86fe54e1a6ef80/os-quota-sets/fa16be6cba304e0781b4e227c88fb3c8?usage=true
2026-07-16 08:11:25.204 8 INFO cinder.api.openstack.wsgi [None req-88318cc7-8ac6-46ef-977a-e899d3d00d56 fd78cbd207984b06b33f9d261a3817f3 83d239a5f88d40518c86fe54e1a6ef80 - - default default] http://cinder-api.openstack.svc.cluster.local:8776/v3/83d239a5f88d40518c86fe54e1a6ef80/os-quota-sets/fa16be6cba304e0781b4e227c88fb3c8?usage=true returned with HTTP 200 [pid: 8|app: 0|req: 422/844] 10.0.0.188 () {28 vars in 736 bytes} [Thu Jul 16 08:11:25 2026] GET /v3/83d239a5f88d40518c86fe54e1a6ef80/os-quota-sets/fa16be6cba304e0781b4e227c88fb3c8?usage=true => generated 845 bytes in 29 msecs (HTTP/1.1 200) 7 headers in 285 bytes (1 switches on core 0)
2026-07-16 08:11:25.220 7 INFO cinder.api.openstack.wsgi [None req-81779e66-36fb-4ae0-bac8-f8808c9c8c9e fd78cbd207984b06b33f9d261a3817f3 83d239a5f88d40518c86fe54e1a6ef80 - - default default] GET http://cinder-api.openstack.svc.cluster.local:8776/v3/83d239a5f88d40518c86fe54e1a6ef80/snapshots?all_tenants=true
2026-07-16 08:11:25.227 7 INFO cinder.volume.api [None req-81779e66-36fb-4ae0-bac8-f8808c9c8c9e fd78cbd207984b06b33f9d261a3817f3 83d239a5f88d40518c86fe54e1a6ef80 - - default default] Get all snapshots completed successfully.
2026-07-16 08:11:25.227 7 INFO cinder.api.openstack.wsgi [None req-81779e66-36fb-4ae0-bac8-f8808c9c8c9e fd78cbd207984b06b33f9d261a3817f3 83d239a5f88d40518c86fe54e1a6ef80 - - default default] http://cinder-api.openstack.svc.cluster.local:8776/v3/83d239a5f88d40518c86fe54e1a6ef80/snapshots?all_tenants=true returned with HTTP 200 [pid: 7|app: 0|req: 423/845] 10.0.0.188 () {28 vars in 674 bytes} [Thu Jul 16 08:11:25 2026] GET /v3/83d239a5f88d40518c86fe54e1a6ef80/snapshots?all_tenants=true => generated 17 bytes in 18 msecs (HTTP/1.1 200) 7 headers in 284 bytes (1 switches on core 0)
2026-07-16 08:11:25.241 8 INFO cinder.api.openstack.wsgi [None req-d4b6a091-1d18-4fcb-bf7f-6d7d56fcdc21 fd78cbd207984b06b33f9d261a3817f3 83d239a5f88d40518c86fe54e1a6ef80 - - default default] GET http://cinder-api.openstack.svc.cluster.local:8776/v3/83d239a5f88d40518c86fe54e1a6ef80/scheduler-stats/get_pools?detail=true
2026-07-16 08:11:25.267 8 INFO cinder.api.openstack.wsgi [None req-d4b6a091-1d18-4fcb-bf7f-6d7d56fcdc21 fd78cbd207984b06b33f9d261a3817f3 83d239a5f88d40518c86fe54e1a6ef80 - - default default] http://cinder-api.openstack.svc.cluster.local:8776/v3/83d239a5f88d40518c86fe54e1a6ef80/scheduler-stats/get_pools?detail=true returned with HTTP 200 [pid: 8|app: 0|req: 423/846] 10.0.0.188 () {28 vars in 696 bytes} [Thu Jul 16 08:11:25 2026] GET /v3/83d239a5f88d40518c86fe54e1a6ef80/scheduler-stats/get_pools?detail=true => generated 670 bytes in 36 msecs (HTTP/1.1 200) 7 headers in 285 bytes (1 switches on core 0)
2026-07-16 08:11:25.965 7 INFO cinder.api.openstack.wsgi [None req-81779e66-36fb-4ae0-bac8-f8808c9c8c9e fd78cbd207984b06b33f9d261a3817f3 83d239a5f88d40518c86fe54e1a6ef80 - - default default] GET http://10.0.0.103:8776/
2026-07-16 08:11:25.965 8 INFO cinder.api.openstack.wsgi [None req-d4b6a091-1d18-4fcb-bf7f-6d7d56fcdc21 fd78cbd207984b06b33f9d261a3817f3 83d239a5f88d40518c86fe54e1a6ef80 - - default default] GET http://10.0.0.103:8776/
2026-07-16 08:11:25.966 7 INFO cinder.api.openstack.wsgi [None req-81779e66-36fb-4ae0-bac8-f8808c9c8c9e fd78cbd207984b06b33f9d261a3817f3 83d239a5f88d40518c86fe54e1a6ef80 - - default default] http://10.0.0.103:8776/ returned with HTTP 300
2026-07-16 08:11:25.967 8 INFO cinder.api.openstack.wsgi [None req-d4b6a091-1d18-4fcb-bf7f-6d7d56fcdc21 fd78cbd207984b06b33f9d261a3817f3 83d239a5f88d40518c86fe54e1a6ef80 - - default default] http://10.0.0.103:8776/ returned with HTTP 300
2026-07-16 08:11:26.122 7 INFO cinder.api.openstack.wsgi [req-71efd68b-fc9f-4e99-8906-e736f2848b33 req-c0de392d-8554-4820-8f1d-3dcaf3fb9609 f5b70c5a2b134070a9869a85ffbbd5b4 59506d1490944b56bd9ec029bf79eaaf - - default default] PUT http://cinder-api.openstack.svc.cluster.local:8776/v3/59506d1490944b56bd9ec029bf79eaaf/attachments/b73e3970-270b-4206-ba0d-ac6d5ec484e0 /var/lib/openstack/lib/python3.10/site-packages/oslo_context/context.py:100: DeprecationWarning: Policy enforcement is depending on the value of is_admin. This key is deprecated. Please update your policy file to use the standard policy values. warnings.warn('Policy enforcement is depending on the value of '
2026-07-16 08:11:26.815 7 INFO cinder.api.openstack.wsgi [req-71efd68b-fc9f-4e99-8906-e736f2848b33 req-c0de392d-8554-4820-8f1d-3dcaf3fb9609 f5b70c5a2b134070a9869a85ffbbd5b4 59506d1490944b56bd9ec029bf79eaaf - - default default] http://cinder-api.openstack.svc.cluster.local:8776/v3/59506d1490944b56bd9ec029bf79eaaf/attachments/b73e3970-270b-4206-ba0d-ac6d5ec484e0 returned with HTTP 200 [pid: 7|app: 0|req: 425/849] 199.19.213.224 () {40 vars in 1134 bytes} [Thu Jul 16 08:11:26 2026] PUT /v3/59506d1490944b56bd9ec029bf79eaaf/attachments/b73e3970-270b-4206-ba0d-ac6d5ec484e0 => generated 775 bytes in 708 msecs (HTTP/1.1 200) 7 headers in 286 bytes (1 switches on core 0)
2026-07-16 08:11:26.884 8 INFO cinder.api.openstack.wsgi [req-71efd68b-fc9f-4e99-8906-e736f2848b33 req-19600584-3c33-4895-9415-814fd5f3a144 f5b70c5a2b134070a9869a85ffbbd5b4 59506d1490944b56bd9ec029bf79eaaf - - default default] POST http://cinder-api.openstack.svc.cluster.local:8776/v3/59506d1490944b56bd9ec029bf79eaaf/attachments/b73e3970-270b-4206-ba0d-ac6d5ec484e0/action /var/lib/openstack/lib/python3.10/site-packages/oslo_context/context.py:100: DeprecationWarning: Policy enforcement is depending on the value of is_admin. This key is deprecated. Please update your policy file to use the standard policy values. warnings.warn('Policy enforcement is depending on the value of '
2026-07-16 08:11:26.941 8 INFO cinder.api.openstack.wsgi [req-71efd68b-fc9f-4e99-8906-e736f2848b33 req-19600584-3c33-4895-9415-814fd5f3a144 f5b70c5a2b134070a9869a85ffbbd5b4 59506d1490944b56bd9ec029bf79eaaf - - default default] http://cinder-api.openstack.svc.cluster.local:8776/v3/59506d1490944b56bd9ec029bf79eaaf/attachments/b73e3970-270b-4206-ba0d-ac6d5ec484e0/action returned with HTTP 204 [pid: 8|app: 0|req: 425/850] 199.19.213.224 () {40 vars in 1148 bytes} [Thu Jul 16 08:11:26 2026] POST /v3/59506d1490944b56bd9ec029bf79eaaf/attachments/b73e3970-270b-4206-ba0d-ac6d5ec484e0/action => generated 0 bytes in 65 msecs (HTTP/1.1 204) 7 headers in 292 bytes (1 switches on core 0)
2026-07-16 08:11:34.938 7 INFO cinder.api.openstack.wsgi [req-71efd68b-fc9f-4e99-8906-e736f2848b33 req-c0de392d-8554-4820-8f1d-3dcaf3fb9609 f5b70c5a2b134070a9869a85ffbbd5b4 59506d1490944b56bd9ec029bf79eaaf - - default default] GET http://cinder-api.openstack.svc.cluster.local:8776/
2026-07-16 08:11:34.939 7 INFO cinder.api.openstack.wsgi [req-71efd68b-fc9f-4e99-8906-e736f2848b33 req-c0de392d-8554-4820-8f1d-3dcaf3fb9609 f5b70c5a2b134070a9869a85ffbbd5b4 59506d1490944b56bd9ec029bf79eaaf - - default default] http://cinder-api.openstack.svc.cluster.local:8776/ returned with HTTP 300 [pid: 7|app: 0|req: 426/851] 10.0.0.23 () {30 vars in 410 bytes} [Thu Jul 16 08:11:34 2026] GET / => generated 411 bytes in 2 msecs (HTTP/1.1 300) 5 headers in 169 bytes (1 switches on core 0)
2026-07-16 08:11:35.965 8 INFO cinder.api.openstack.wsgi [req-71efd68b-fc9f-4e99-8906-e736f2848b33 req-19600584-3c33-4895-9415-814fd5f3a144 f5b70c5a2b134070a9869a85ffbbd5b4 59506d1490944b56bd9ec029bf79eaaf - - default default] GET http://10.0.0.103:8776/
2026-07-16 08:11:35.965 7 INFO cinder.api.openstack.wsgi [req-71efd68b-fc9f-4e99-8906-e736f2848b33 req-c0de392d-8554-4820-8f1d-3dcaf3fb9609 f5b70c5a2b134070a9869a85ffbbd5b4 59506d1490944b56bd9ec029bf79eaaf - - default default] GET http://10.0.0.103:8776/
2026-07-16 08:11:35.966 7 INFO cinder.api.openstack.wsgi [req-71efd68b-fc9f-4e99-8906-e736f2848b33 req-c0de392d-8554-4820-8f1d-3dcaf3fb9609 f5b70c5a2b134070a9869a85ffbbd5b4 59506d1490944b56bd9ec029bf79eaaf - - default default] http://10.0.0.103:8776/ returned with HTTP 300
2026-07-16 08:11:35.966 8 INFO cinder.api.openstack.wsgi [req-71efd68b-fc9f-4e99-8906-e736f2848b33 req-19600584-3c33-4895-9415-814fd5f3a144 f5b70c5a2b134070a9869a85ffbbd5b4 59506d1490944b56bd9ec029bf79eaaf - - default default] http://10.0.0.103:8776/ returned with HTTP 300 /var/lib/openstack/lib/python3.10/site-packages/pycadf/identifier.py:71: UserWarning: Invalid uuid: cinderv3. To ensure interoperability, identifiers should be a valid uuid. warnings.warn(('Invalid uuid: %s. To ensure interoperability, '
2026-07-16 08:11:36.551 8 INFO cinder.api.openstack.wsgi [req-99207440-bafa-4cfd-97a6-87afe602193c req-3f972e9f-c031-401d-b8e1-9f5719d5fc99 f5b70c5a2b134070a9869a85ffbbd5b4 59506d1490944b56bd9ec029bf79eaaf - - default default] DELETE http://cinder-api.openstack.svc.cluster.local:8776/v3/59506d1490944b56bd9ec029bf79eaaf/attachments/b73e3970-270b-4206-ba0d-ac6d5ec484e0 /var/lib/openstack/lib/python3.10/site-packages/oslo_context/context.py:100: DeprecationWarning: Policy enforcement is depending on the value of is_admin. This key is deprecated. Please update your policy file to use the standard policy values. warnings.warn('Policy enforcement is depending on the value of '
2026-07-16 08:11:36.683 8 INFO cinder.api.openstack.wsgi [req-99207440-bafa-4cfd-97a6-87afe602193c req-3f972e9f-c031-401d-b8e1-9f5719d5fc99 f5b70c5a2b134070a9869a85ffbbd5b4 59506d1490944b56bd9ec029bf79eaaf - - default default] http://cinder-api.openstack.svc.cluster.local:8776/v3/59506d1490944b56bd9ec029bf79eaaf/attachments/b73e3970-270b-4206-ba0d-ac6d5ec484e0 returned with HTTP 200 [pid: 8|app: 0|req: 427/854] 199.19.213.224 () {38 vars in 1103 bytes} [Thu Jul 16 08:11:36 2026] DELETE /v3/59506d1490944b56bd9ec029bf79eaaf/attachments/b73e3970-270b-4206-ba0d-ac6d5ec484e0 => generated 19 bytes in 154 msecs (HTTP/1.1 200) 7 headers in 285 bytes (1 switches on core 0) /var/lib/openstack/lib/python3.10/site-packages/pycadf/identifier.py:71: UserWarning: Invalid uuid: cinderv3. To ensure interoperability, identifiers should be a valid uuid. warnings.warn(('Invalid uuid: %s. To ensure interoperability, '
2026-07-16 08:11:36.706 7 INFO cinder.api.openstack.wsgi [req-99207440-bafa-4cfd-97a6-87afe602193c req-2a95fc79-1a56-43ec-a977-1b34c1b022d9 f5b70c5a2b134070a9869a85ffbbd5b4 59506d1490944b56bd9ec029bf79eaaf - - default default] DELETE http://cinder-api.openstack.svc.cluster.local:8776/v3/59506d1490944b56bd9ec029bf79eaaf/volumes/971f9478-4dad-4934-98b4-341d32d46245
2026-07-16 08:11:36.707 7 INFO cinder.api.v3.volumes [req-99207440-bafa-4cfd-97a6-87afe602193c req-2a95fc79-1a56-43ec-a977-1b34c1b022d9 f5b70c5a2b134070a9869a85ffbbd5b4 59506d1490944b56bd9ec029bf79eaaf - - default default] Delete volume with id: 971f9478-4dad-4934-98b4-341d32d46245  /var/lib/openstack/lib/python3.10/site-packages/oslo_context/context.py:100: DeprecationWarning: Policy enforcement is depending on the value of is_admin. This key is deprecated. Please update your policy file to use the standard policy values. warnings.warn('Policy enforcement is depending on the value of '
2026-07-16 08:11:36.719 7 INFO cinder.volume.api [req-99207440-bafa-4cfd-97a6-87afe602193c req-2a95fc79-1a56-43ec-a977-1b34c1b022d9 f5b70c5a2b134070a9869a85ffbbd5b4 59506d1490944b56bd9ec029bf79eaaf - - default default] Volume info retrieved successfully.
2026-07-16 08:11:36.765 7 INFO cinder.volume.api [req-99207440-bafa-4cfd-97a6-87afe602193c req-2a95fc79-1a56-43ec-a977-1b34c1b022d9 f5b70c5a2b134070a9869a85ffbbd5b4 59506d1490944b56bd9ec029bf79eaaf - - default default] Delete volume request issued successfully.
2026-07-16 08:11:36.765 7 INFO cinder.api.openstack.wsgi [req-99207440-bafa-4cfd-97a6-87afe602193c req-2a95fc79-1a56-43ec-a977-1b34c1b022d9 f5b70c5a2b134070a9869a85ffbbd5b4 59506d1490944b56bd9ec029bf79eaaf - - default default] http://cinder-api.openstack.svc.cluster.local:8776/v3/59506d1490944b56bd9ec029bf79eaaf/volumes/971f9478-4dad-4934-98b4-341d32d46245 returned with HTTP 202 [pid: 7|app: 0|req: 428/855] 199.19.213.224 () {36 vars in 1054 bytes} [Thu Jul 16 08:11:36 2026] DELETE /v3/59506d1490944b56bd9ec029bf79eaaf/volumes/971f9478-4dad-4934-98b4-341d32d46245 => generated 0 bytes in 72 msecs (HTTP/1.1 202) 6 headers in 233 bytes (1 switches on core 0)
2026-07-16 08:11:45.965 7 INFO cinder.api.openstack.wsgi [req-99207440-bafa-4cfd-97a6-87afe602193c req-2a95fc79-1a56-43ec-a977-1b34c1b022d9 f5b70c5a2b134070a9869a85ffbbd5b4 59506d1490944b56bd9ec029bf79eaaf - - default default] GET http://10.0.0.103:8776/
2026-07-16 08:11:45.966 7 INFO cinder.api.openstack.wsgi [req-99207440-bafa-4cfd-97a6-87afe602193c req-2a95fc79-1a56-43ec-a977-1b34c1b022d9 f5b70c5a2b134070a9869a85ffbbd5b4 59506d1490944b56bd9ec029bf79eaaf - - default default] http://10.0.0.103:8776/ returned with HTTP 300
2026-07-16 08:11:45.968 7 INFO cinder.api.openstack.wsgi [req-99207440-bafa-4cfd-97a6-87afe602193c req-2a95fc79-1a56-43ec-a977-1b34c1b022d9 f5b70c5a2b134070a9869a85ffbbd5b4 59506d1490944b56bd9ec029bf79eaaf - - default default] GET http://10.0.0.103:8776/
2026-07-16 08:11:45.969 7 INFO cinder.api.openstack.wsgi [req-99207440-bafa-4cfd-97a6-87afe602193c req-2a95fc79-1a56-43ec-a977-1b34c1b022d9 f5b70c5a2b134070a9869a85ffbbd5b4 59506d1490944b56bd9ec029bf79eaaf - - default default] http://10.0.0.103:8776/ returned with HTTP 300 /var/lib/openstack/lib/python3.10/site-packages/pycadf/identifier.py:71: UserWarning: Invalid uuid: cinderv3. To ensure interoperability, identifiers should be a valid uuid. warnings.warn(('Invalid uuid: %s. To ensure interoperability, '
2026-07-16 08:11:46.003 8 INFO cinder.api.openstack.wsgi [None req-77842610-fc8e-401d-98c8-0911fc0d00ed da8715af30b347d9934c294c23a8e957 cd1a6a121b254231b7becd32424301e8 - - default default] POST http://cinder-api.openstack.svc.cluster.local:8776/v3/cd1a6a121b254231b7becd32424301e8/volumes
2026-07-16 08:11:46.006 8 INFO cinder.api.v3.volumes [None req-77842610-fc8e-401d-98c8-0911fc0d00ed da8715af30b347d9934c294c23a8e957 cd1a6a121b254231b7becd32424301e8 - - default default] Create volume of 1 GB /var/lib/openstack/lib/python3.10/site-packages/oslo_context/context.py:100: DeprecationWarning: Policy enforcement is depending on the value of is_admin. This key is deprecated. Please update your policy file to use the standard policy values. warnings.warn('Policy enforcement is depending on the value of '
2026-07-16 08:11:46.017 8 INFO cinder.volume.api [None req-77842610-fc8e-401d-98c8-0911fc0d00ed da8715af30b347d9934c294c23a8e957 cd1a6a121b254231b7becd32424301e8 - - default default] Availability Zones retrieved successfully.
2026-07-16 08:11:46.261 8 INFO cinder.volume.api [None req-77842610-fc8e-401d-98c8-0911fc0d00ed da8715af30b347d9934c294c23a8e957 cd1a6a121b254231b7becd32424301e8 - - default default] Create volume request issued successfully.
2026-07-16 08:11:46.262 8 INFO cinder.api.openstack.wsgi [None req-77842610-fc8e-401d-98c8-0911fc0d00ed da8715af30b347d9934c294c23a8e957 cd1a6a121b254231b7becd32424301e8 - - default default] http://cinder-api.openstack.svc.cluster.local:8776/v3/cd1a6a121b254231b7becd32424301e8/volumes returned with HTTP 202 [pid: 8|app: 0|req: 428/858] 10.0.0.23 () {34 vars in 721 bytes} [Thu Jul 16 08:11:45 2026] POST /v3/cd1a6a121b254231b7becd32424301e8/volumes => generated 860 bytes in 537 msecs (HTTP/1.1 202) 7 headers in 291 bytes (1 switches on core 0) /var/lib/openstack/lib/python3.10/site-packages/pycadf/identifier.py:71: UserWarning: Invalid uuid: cinderv3. To ensure interoperability, identifiers should be a valid uuid. warnings.warn(('Invalid uuid: %s. To ensure interoperability, '
2026-07-16 08:11:46.290 7 INFO cinder.api.openstack.wsgi [None req-4d0602f4-2a0d-4b0c-ab4b-5aefad66f95b da8715af30b347d9934c294c23a8e957 cd1a6a121b254231b7becd32424301e8 - - default default] GET http://cinder-api.openstack.svc.cluster.local:8776/v3/cd1a6a121b254231b7becd32424301e8/volumes/95e532ce-24ee-45c4-9c54-6ebbed347c86 /var/lib/openstack/lib/python3.10/site-packages/oslo_context/context.py:100: DeprecationWarning: Policy enforcement is depending on the value of is_admin. This key is deprecated. Please update your policy file to use the standard policy values. warnings.warn('Policy enforcement is depending on the value of '
2026-07-16 08:11:46.313 7 INFO cinder.volume.api [None req-4d0602f4-2a0d-4b0c-ab4b-5aefad66f95b da8715af30b347d9934c294c23a8e957 cd1a6a121b254231b7becd32424301e8 - - default default] Volume info retrieved successfully.
2026-07-16 08:11:46.320 7 INFO cinder.api.openstack.wsgi [None req-4d0602f4-2a0d-4b0c-ab4b-5aefad66f95b da8715af30b347d9934c294c23a8e957 cd1a6a121b254231b7becd32424301e8 - - default default] http://cinder-api.openstack.svc.cluster.local:8776/v3/cd1a6a121b254231b7becd32424301e8/volumes/95e532ce-24ee-45c4-9c54-6ebbed347c86 returned with HTTP 200 [pid: 7|app: 0|req: 431/859] 10.0.0.23 () {32 vars in 774 bytes} [Thu Jul 16 08:11:46 2026] GET /v3/cd1a6a121b254231b7becd32424301e8/volumes/95e532ce-24ee-45c4-9c54-6ebbed347c86 => generated 928 bytes in 41 msecs (HTTP/1.1 200) 7 headers in 285 bytes (1 switches on core 0) /var/lib/openstack/lib/python3.10/site-packages/pycadf/identifier.py:71: UserWarning: Invalid uuid: cinderv3. To ensure interoperability, identifiers should be a valid uuid. warnings.warn(('Invalid uuid: %s. To ensure interoperability, '
2026-07-16 08:11:47.347 8 INFO cinder.api.openstack.wsgi [None req-63e62faa-f445-44e8-a130-ef34aa9c5cdf da8715af30b347d9934c294c23a8e957 cd1a6a121b254231b7becd32424301e8 - - default default] GET http://cinder-api.openstack.svc.cluster.local:8776/v3/cd1a6a121b254231b7becd32424301e8/volumes/95e532ce-24ee-45c4-9c54-6ebbed347c86 /var/lib/openstack/lib/python3.10/site-packages/oslo_context/context.py:100: DeprecationWarning: Policy enforcement is depending on the value of is_admin. This key is deprecated. Please update your policy file to use the standard policy values. warnings.warn('Policy enforcement is depending on the value of '
2026-07-16 08:11:47.366 8 INFO cinder.volume.api [None req-63e62faa-f445-44e8-a130-ef34aa9c5cdf da8715af30b347d9934c294c23a8e957 cd1a6a121b254231b7becd32424301e8 - - default default] Volume info retrieved successfully.
2026-07-16 08:11:47.373 8 INFO cinder.api.openstack.wsgi [None req-63e62faa-f445-44e8-a130-ef34aa9c5cdf da8715af30b347d9934c294c23a8e957 cd1a6a121b254231b7becd32424301e8 - - default default] http://cinder-api.openstack.svc.cluster.local:8776/v3/cd1a6a121b254231b7becd32424301e8/volumes/95e532ce-24ee-45c4-9c54-6ebbed347c86 returned with HTTP 200 [pid: 8|app: 0|req: 429/860] 10.0.0.23 () {32 vars in 774 bytes} [Thu Jul 16 08:11:47 2026] GET /v3/cd1a6a121b254231b7becd32424301e8/volumes/95e532ce-24ee-45c4-9c54-6ebbed347c86 => generated 953 bytes in 33 msecs (HTTP/1.1 200) 7 headers in 285 bytes (1 switches on core 0)
2026-07-16 08:11:55.963 8 INFO cinder.api.openstack.wsgi [None req-63e62faa-f445-44e8-a130-ef34aa9c5cdf da8715af30b347d9934c294c23a8e957 cd1a6a121b254231b7becd32424301e8 - - default default] GET http://10.0.0.103:8776/
2026-07-16 08:11:55.964 7 INFO cinder.api.openstack.wsgi [None req-4d0602f4-2a0d-4b0c-ab4b-5aefad66f95b da8715af30b347d9934c294c23a8e957 cd1a6a121b254231b7becd32424301e8 - - default default] GET http://10.0.0.103:8776/
2026-07-16 08:11:55.965 8 INFO cinder.api.openstack.wsgi [None req-63e62faa-f445-44e8-a130-ef34aa9c5cdf da8715af30b347d9934c294c23a8e957 cd1a6a121b254231b7becd32424301e8 - - default default] http://10.0.0.103:8776/ returned with HTTP 300
2026-07-16 08:11:55.966 7 INFO cinder.api.openstack.wsgi [None req-4d0602f4-2a0d-4b0c-ab4b-5aefad66f95b da8715af30b347d9934c294c23a8e957 cd1a6a121b254231b7becd32424301e8 - - default default] http://10.0.0.103:8776/ returned with HTTP 300 /var/lib/openstack/lib/python3.10/site-packages/pycadf/identifier.py:71: UserWarning: Invalid uuid: cinderv3. To ensure interoperability, identifiers should be a valid uuid. warnings.warn(('Invalid uuid: %s. To ensure interoperability, '
2026-07-16 08:11:57.636 8 INFO cinder.api.openstack.wsgi [None req-b3ebc7bd-31ea-489f-ad43-9ad5d139fbeb da8715af30b347d9934c294c23a8e957 cd1a6a121b254231b7becd32424301e8 - - default default] POST http://cinder-api.openstack.svc.cluster.local:8776/v3/cd1a6a121b254231b7becd32424301e8/volumes/95e532ce-24ee-45c4-9c54-6ebbed347c86/action /var/lib/openstack/lib/python3.10/site-packages/oslo_context/context.py:100: DeprecationWarning: Policy enforcement is depending on the value of is_admin. This key is deprecated. Please update your policy file to use the standard policy values. warnings.warn('Policy enforcement is depending on the value of '
2026-07-16 08:11:57.651 8 INFO cinder.volume.api [None req-b3ebc7bd-31ea-489f-ad43-9ad5d139fbeb da8715af30b347d9934c294c23a8e957 cd1a6a121b254231b7becd32424301e8 - - default default] Volume info retrieved successfully.
2026-07-16 08:11:57.663 8 INFO cinder.volume.api [None req-b3ebc7bd-31ea-489f-ad43-9ad5d139fbeb da8715af30b347d9934c294c23a8e957 cd1a6a121b254231b7becd32424301e8 - - default default] Update volume admin metadata completed successfully.
2026-07-16 08:11:57.760 8 INFO cinder.volume.api [None req-b3ebc7bd-31ea-489f-ad43-9ad5d139fbeb da8715af30b347d9934c294c23a8e957 cd1a6a121b254231b7becd32424301e8 - - default default] Attach volume completed successfully.
2026-07-16 08:11:57.761 8 INFO cinder.api.openstack.wsgi [None req-b3ebc7bd-31ea-489f-ad43-9ad5d139fbeb da8715af30b347d9934c294c23a8e957 cd1a6a121b254231b7becd32424301e8 - - default default] http://cinder-api.openstack.svc.cluster.local:8776/v3/cd1a6a121b254231b7becd32424301e8/volumes/95e532ce-24ee-45c4-9c54-6ebbed347c86/action returned with HTTP 202 [pid: 8|app: 0|req: 431/863] 10.0.0.23 () {34 vars in 809 bytes} [Thu Jul 16 08:11:57 2026] POST /v3/cd1a6a121b254231b7becd32424301e8/volumes/95e532ce-24ee-45c4-9c54-6ebbed347c86/action => generated 0 bytes in 135 msecs (HTTP/1.1 202) 7 headers in 289 bytes (1 switches on core 0) /var/lib/openstack/lib/python3.10/site-packages/pycadf/identifier.py:71: UserWarning: Invalid uuid: cinderv3. To ensure interoperability, identifiers should be a valid uuid. warnings.warn(('Invalid uuid: %s. To ensure interoperability, '
2026-07-16 08:11:57.775 7 INFO cinder.api.openstack.wsgi [None req-c072ae43-dd95-4914-b95c-799ab425649e da8715af30b347d9934c294c23a8e957 cd1a6a121b254231b7becd32424301e8 - - default default] GET http://cinder-api.openstack.svc.cluster.local:8776/v3/cd1a6a121b254231b7becd32424301e8/volumes/95e532ce-24ee-45c4-9c54-6ebbed347c86 /var/lib/openstack/lib/python3.10/site-packages/oslo_context/context.py:100: DeprecationWarning: Policy enforcement is depending on the value of is_admin. This key is deprecated. Please update your policy file to use the standard policy values. warnings.warn('Policy enforcement is depending on the value of '
2026-07-16 08:11:57.826 7 INFO cinder.volume.api [None req-c072ae43-dd95-4914-b95c-799ab425649e da8715af30b347d9934c294c23a8e957 cd1a6a121b254231b7becd32424301e8 - - default default] Volume info retrieved successfully.
2026-07-16 08:11:57.835 7 INFO cinder.api.openstack.wsgi [None req-c072ae43-dd95-4914-b95c-799ab425649e da8715af30b347d9934c294c23a8e957 cd1a6a121b254231b7becd32424301e8 - - default default] http://cinder-api.openstack.svc.cluster.local:8776/v3/cd1a6a121b254231b7becd32424301e8/volumes/95e532ce-24ee-45c4-9c54-6ebbed347c86 returned with HTTP 200 [pid: 7|app: 0|req: 433/864] 10.0.0.23 () {32 vars in 774 bytes} [Thu Jul 16 08:11:57 2026] GET /v3/cd1a6a121b254231b7becd32424301e8/volumes/95e532ce-24ee-45c4-9c54-6ebbed347c86 => generated 1287 bytes in 68 msecs (HTTP/1.1 200) 7 headers in 286 bytes (1 switches on core 0) /var/lib/openstack/lib/python3.10/site-packages/pycadf/identifier.py:71: UserWarning: Invalid uuid: cinderv3. To ensure interoperability, identifiers should be a valid uuid. warnings.warn(('Invalid uuid: %s. To ensure interoperability, '
2026-07-16 08:11:57.870 8 INFO cinder.api.openstack.wsgi [None req-d6f4dcfb-46e5-4f7b-8914-12ac718f1aa4 da8715af30b347d9934c294c23a8e957 cd1a6a121b254231b7becd32424301e8 - - default default] POST http://cinder-api.openstack.svc.cluster.local:8776/v3/cd1a6a121b254231b7becd32424301e8/volumes/95e532ce-24ee-45c4-9c54-6ebbed347c86/action /var/lib/openstack/lib/python3.10/site-packages/oslo_context/context.py:100: DeprecationWarning: Policy enforcement is depending on the value of is_admin. This key is deprecated. Please update your policy file to use the standard policy values. warnings.warn('Policy enforcement is depending on the value of '
2026-07-16 08:11:57.898 8 INFO cinder.volume.api [None req-d6f4dcfb-46e5-4f7b-8914-12ac718f1aa4 da8715af30b347d9934c294c23a8e957 cd1a6a121b254231b7becd32424301e8 - - default default] Volume info retrieved successfully.
2026-07-16 08:11:57.955 8 INFO cinder.volume.api [None req-d6f4dcfb-46e5-4f7b-8914-12ac718f1aa4 da8715af30b347d9934c294c23a8e957 cd1a6a121b254231b7becd32424301e8 - - default default] Detach volume completed successfully.
2026-07-16 08:11:57.956 8 INFO cinder.api.openstack.wsgi [None req-d6f4dcfb-46e5-4f7b-8914-12ac718f1aa4 da8715af30b347d9934c294c23a8e957 cd1a6a121b254231b7becd32424301e8 - - default default] http://cinder-api.openstack.svc.cluster.local:8776/v3/cd1a6a121b254231b7becd32424301e8/volumes/95e532ce-24ee-45c4-9c54-6ebbed347c86/action returned with HTTP 202 [pid: 8|app: 0|req: 432/865] 10.0.0.23 () {34 vars in 809 bytes} [Thu Jul 16 08:11:57 2026] POST /v3/cd1a6a121b254231b7becd32424301e8/volumes/95e532ce-24ee-45c4-9c54-6ebbed347c86/action => generated 0 bytes in 104 msecs (HTTP/1.1 202) 7 headers in 289 bytes (1 switches on core 0) /var/lib/openstack/lib/python3.10/site-packages/pycadf/identifier.py:71: UserWarning: Invalid uuid: cinderv3. To ensure interoperability, identifiers should be a valid uuid. warnings.warn(('Invalid uuid: %s. To ensure interoperability, '
2026-07-16 08:11:57.975 7 INFO cinder.api.openstack.wsgi [None req-13cacb2f-4d36-4f86-b0d1-44631cb09dfb da8715af30b347d9934c294c23a8e957 cd1a6a121b254231b7becd32424301e8 - - default default] GET http://cinder-api.openstack.svc.cluster.local:8776/v3/cd1a6a121b254231b7becd32424301e8/volumes/95e532ce-24ee-45c4-9c54-6ebbed347c86 /var/lib/openstack/lib/python3.10/site-packages/oslo_context/context.py:100: DeprecationWarning: Policy enforcement is depending on the value of is_admin. This key is deprecated. Please update your policy file to use the standard policy values. warnings.warn('Policy enforcement is depending on the value of '
2026-07-16 08:11:58.012 7 INFO cinder.volume.api [None req-13cacb2f-4d36-4f86-b0d1-44631cb09dfb da8715af30b347d9934c294c23a8e957 cd1a6a121b254231b7becd32424301e8 - - default default] Volume info retrieved successfully.
2026-07-16 08:11:58.022 7 INFO cinder.api.openstack.wsgi [None req-13cacb2f-4d36-4f86-b0d1-44631cb09dfb da8715af30b347d9934c294c23a8e957 cd1a6a121b254231b7becd32424301e8 - - default default] http://cinder-api.openstack.svc.cluster.local:8776/v3/cd1a6a121b254231b7becd32424301e8/volumes/95e532ce-24ee-45c4-9c54-6ebbed347c86 returned with HTTP 200 [pid: 7|app: 0|req: 434/866] 10.0.0.23 () {32 vars in 774 bytes} [Thu Jul 16 08:11:57 2026] GET /v3/cd1a6a121b254231b7becd32424301e8/volumes/95e532ce-24ee-45c4-9c54-6ebbed347c86 => generated 972 bytes in 59 msecs (HTTP/1.1 200) 7 headers in 285 bytes (1 switches on core 0) /var/lib/openstack/lib/python3.10/site-packages/pycadf/identifier.py:71: UserWarning: Invalid uuid: cinderv3. To ensure interoperability, identifiers should be a valid uuid. warnings.warn(('Invalid uuid: %s. To ensure interoperability, '
2026-07-16 08:12:00.586 8 INFO cinder.api.openstack.wsgi [None req-470dc5d1-4805-44ee-acb2-7333daf57a65 da8715af30b347d9934c294c23a8e957 cd1a6a121b254231b7becd32424301e8 - - default default] GET http://cinder-api.openstack.svc.cluster.local:8776/v3/cd1a6a121b254231b7becd32424301e8/volumes/95e532ce-24ee-45c4-9c54-6ebbed347c86 /var/lib/openstack/lib/python3.10/site-packages/oslo_context/context.py:100: DeprecationWarning: Policy enforcement is depending on the value of is_admin. This key is deprecated. Please update your policy file to use the standard policy values. warnings.warn('Policy enforcement is depending on the value of '
2026-07-16 08:12:00.601 8 INFO cinder.volume.api [None req-470dc5d1-4805-44ee-acb2-7333daf57a65 da8715af30b347d9934c294c23a8e957 cd1a6a121b254231b7becd32424301e8 - - default default] Volume info retrieved successfully.
2026-07-16 08:12:00.607 8 INFO cinder.api.openstack.wsgi [None req-470dc5d1-4805-44ee-acb2-7333daf57a65 da8715af30b347d9934c294c23a8e957 cd1a6a121b254231b7becd32424301e8 - - default default] http://cinder-api.openstack.svc.cluster.local:8776/v3/cd1a6a121b254231b7becd32424301e8/volumes/95e532ce-24ee-45c4-9c54-6ebbed347c86 returned with HTTP 200 [pid: 8|app: 0|req: 433/867] 10.0.0.23 () {32 vars in 774 bytes} [Thu Jul 16 08:12:00 2026] GET /v3/cd1a6a121b254231b7becd32424301e8/volumes/95e532ce-24ee-45c4-9c54-6ebbed347c86 => generated 972 bytes in 31 msecs (HTTP/1.1 200) 7 headers in 285 bytes (1 switches on core 0) /var/lib/openstack/lib/python3.10/site-packages/pycadf/identifier.py:71: UserWarning: Invalid uuid: cinderv3. To ensure interoperability, identifiers should be a valid uuid. warnings.warn(('Invalid uuid: %s. To ensure interoperability, '
2026-07-16 08:12:00.631 7 INFO cinder.api.openstack.wsgi [None req-21a2fc03-7c03-45f8-aeed-b798c8ca4750 da8715af30b347d9934c294c23a8e957 cd1a6a121b254231b7becd32424301e8 - - default default] DELETE http://cinder-api.openstack.svc.cluster.local:8776/v3/cd1a6a121b254231b7becd32424301e8/volumes/95e532ce-24ee-45c4-9c54-6ebbed347c86
2026-07-16 08:12:00.632 7 INFO cinder.api.v3.volumes [None req-21a2fc03-7c03-45f8-aeed-b798c8ca4750 da8715af30b347d9934c294c23a8e957 cd1a6a121b254231b7becd32424301e8 - - default default] Delete volume with id: 95e532ce-24ee-45c4-9c54-6ebbed347c86  /var/lib/openstack/lib/python3.10/site-packages/oslo_context/context.py:100: DeprecationWarning: Policy enforcement is depending on the value of is_admin. This key is deprecated. Please update your policy file to use the standard policy values. warnings.warn('Policy enforcement is depending on the value of '
2026-07-16 08:12:00.643 7 INFO cinder.volume.api [None req-21a2fc03-7c03-45f8-aeed-b798c8ca4750 da8715af30b347d9934c294c23a8e957 cd1a6a121b254231b7becd32424301e8 - - default default] Volume info retrieved successfully.
2026-07-16 08:12:00.665 7 INFO cinder.volume.api [None req-21a2fc03-7c03-45f8-aeed-b798c8ca4750 da8715af30b347d9934c294c23a8e957 cd1a6a121b254231b7becd32424301e8 - - default default] Delete volume request issued successfully.
2026-07-16 08:12:00.666 7 INFO cinder.api.openstack.wsgi [None req-21a2fc03-7c03-45f8-aeed-b798c8ca4750 da8715af30b347d9934c294c23a8e957 cd1a6a121b254231b7becd32424301e8 - - default default] http://cinder-api.openstack.svc.cluster.local:8776/v3/cd1a6a121b254231b7becd32424301e8/volumes/95e532ce-24ee-45c4-9c54-6ebbed347c86 returned with HTTP 202 [pid: 7|app: 0|req: 435/868] 10.0.0.23 () {32 vars in 777 bytes} [Thu Jul 16 08:12:00 2026] DELETE /v3/cd1a6a121b254231b7becd32424301e8/volumes/95e532ce-24ee-45c4-9c54-6ebbed347c86 => generated 0 bytes in 42 msecs (HTTP/1.1 202) 6 headers in 233 bytes (1 switches on core 0) /var/lib/openstack/lib/python3.10/site-packages/pycadf/identifier.py:71: UserWarning: Invalid uuid: cinderv3. To ensure interoperability, identifiers should be a valid uuid. warnings.warn(('Invalid uuid: %s. To ensure interoperability, '
2026-07-16 08:12:00.680 8 INFO cinder.api.openstack.wsgi [None req-215f97d1-a15d-4999-a05a-29df41e8f5a5 da8715af30b347d9934c294c23a8e957 cd1a6a121b254231b7becd32424301e8 - - default default] GET http://cinder-api.openstack.svc.cluster.local:8776/v3/cd1a6a121b254231b7becd32424301e8/volumes/95e532ce-24ee-45c4-9c54-6ebbed347c86 /var/lib/openstack/lib/python3.10/site-packages/oslo_context/context.py:100: DeprecationWarning: Policy enforcement is depending on the value of is_admin. This key is deprecated. Please update your policy file to use the standard policy values. warnings.warn('Policy enforcement is depending on the value of '
2026-07-16 08:12:00.695 8 INFO cinder.volume.api [None req-215f97d1-a15d-4999-a05a-29df41e8f5a5 da8715af30b347d9934c294c23a8e957 cd1a6a121b254231b7becd32424301e8 - - default default] Volume info retrieved successfully.
2026-07-16 08:12:00.700 8 INFO cinder.api.openstack.wsgi [None req-215f97d1-a15d-4999-a05a-29df41e8f5a5 da8715af30b347d9934c294c23a8e957 cd1a6a121b254231b7becd32424301e8 - - default default] http://cinder-api.openstack.svc.cluster.local:8776/v3/cd1a6a121b254231b7becd32424301e8/volumes/95e532ce-24ee-45c4-9c54-6ebbed347c86 returned with HTTP 200 [pid: 8|app: 0|req: 434/869] 10.0.0.23 () {32 vars in 774 bytes} [Thu Jul 16 08:12:00 2026] GET /v3/cd1a6a121b254231b7becd32424301e8/volumes/95e532ce-24ee-45c4-9c54-6ebbed347c86 => generated 971 bytes in 28 msecs (HTTP/1.1 200) 7 headers in 285 bytes (1 switches on core 0) /var/lib/openstack/lib/python3.10/site-packages/pycadf/identifier.py:71: UserWarning: Invalid uuid: cinderv3. To ensure interoperability, identifiers should be a valid uuid. warnings.warn(('Invalid uuid: %s. To ensure interoperability, '
2026-07-16 08:12:01.741 7 INFO cinder.api.openstack.wsgi [None req-b8e77829-cdad-42d3-b388-465bd50fcef4 da8715af30b347d9934c294c23a8e957 cd1a6a121b254231b7becd32424301e8 - - default default] GET http://cinder-api.openstack.svc.cluster.local:8776/v3/cd1a6a121b254231b7becd32424301e8/volumes/95e532ce-24ee-45c4-9c54-6ebbed347c86
2026-07-16 08:12:01.753 7 INFO cinder.api.openstack.wsgi [None req-b8e77829-cdad-42d3-b388-465bd50fcef4 da8715af30b347d9934c294c23a8e957 cd1a6a121b254231b7becd32424301e8 - - default default] http://cinder-api.openstack.svc.cluster.local:8776/v3/cd1a6a121b254231b7becd32424301e8/volumes/95e532ce-24ee-45c4-9c54-6ebbed347c86 returned with HTTP 404 [pid: 7|app: 0|req: 436/870] 10.0.0.23 () {32 vars in 774 bytes} [Thu Jul 16 08:12:01 2026] GET /v3/cd1a6a121b254231b7becd32424301e8/volumes/95e532ce-24ee-45c4-9c54-6ebbed347c86 => generated 109 bytes in 29 msecs (HTTP/1.1 404) 7 headers in 292 bytes (1 switches on core 0)
2026-07-16 08:12:05.964 7 INFO cinder.api.openstack.wsgi [None req-b8e77829-cdad-42d3-b388-465bd50fcef4 da8715af30b347d9934c294c23a8e957 cd1a6a121b254231b7becd32424301e8 - - default default] GET http://10.0.0.103:8776/
2026-07-16 08:12:05.965 7 INFO cinder.api.openstack.wsgi [None req-b8e77829-cdad-42d3-b388-465bd50fcef4 da8715af30b347d9934c294c23a8e957 cd1a6a121b254231b7becd32424301e8 - - default default] http://10.0.0.103:8776/ returned with HTTP 300
2026-07-16 08:12:05.964 8 INFO cinder.api.openstack.wsgi [None req-215f97d1-a15d-4999-a05a-29df41e8f5a5 da8715af30b347d9934c294c23a8e957 cd1a6a121b254231b7becd32424301e8 - - default default] GET http://10.0.0.103:8776/
2026-07-16 08:12:05.966 8 INFO cinder.api.openstack.wsgi [None req-215f97d1-a15d-4999-a05a-29df41e8f5a5 da8715af30b347d9934c294c23a8e957 cd1a6a121b254231b7becd32424301e8 - - default default] http://10.0.0.103:8776/ returned with HTTP 300
2026-07-16 08:12:07.769 7 INFO cinder.api.openstack.wsgi [None req-cd1b93e7-b584-4a43-bf22-29b653e859ac f906bf2770124d6baf8d3a6b2413a05a 138a56bffa7b4e13bc5ca651f72083a7 - - default default] GET http://cinder-api.openstack.svc.cluster.local:8776/v3/138a56bffa7b4e13bc5ca651f72083a7/volumes
2026-07-16 08:12:07.806 7 INFO cinder.volume.api [None req-cd1b93e7-b584-4a43-bf22-29b653e859ac f906bf2770124d6baf8d3a6b2413a05a 138a56bffa7b4e13bc5ca651f72083a7 - - default default] Get all volumes completed successfully.
2026-07-16 08:12:07.806 7 INFO cinder.api.openstack.wsgi [None req-cd1b93e7-b584-4a43-bf22-29b653e859ac f906bf2770124d6baf8d3a6b2413a05a 138a56bffa7b4e13bc5ca651f72083a7 - - default default] http://cinder-api.openstack.svc.cluster.local:8776/v3/138a56bffa7b4e13bc5ca651f72083a7/volumes returned with HTTP 200 [pid: 7|app: 0|req: 438/873] 10.0.0.23 () {32 vars in 700 bytes} [Thu Jul 16 08:12:07 2026] GET /v3/138a56bffa7b4e13bc5ca651f72083a7/volumes => generated 15 bytes in 210 msecs (HTTP/1.1 200) 7 headers in 284 bytes (1 switches on core 0) /var/lib/openstack/lib/python3.10/site-packages/pycadf/identifier.py:71: UserWarning: Invalid uuid: cinderv3. To ensure interoperability, identifiers should be a valid uuid. warnings.warn(('Invalid uuid: %s. To ensure interoperability, '
2026-07-16 08:12:07.821 8 INFO cinder.api.openstack.wsgi [None req-d81ad424-df09-428f-b22a-7f071166844f f906bf2770124d6baf8d3a6b2413a05a 138a56bffa7b4e13bc5ca651f72083a7 - - default default] POST http://cinder-api.openstack.svc.cluster.local:8776/v3/138a56bffa7b4e13bc5ca651f72083a7/volumes
2026-07-16 08:12:07.824 8 INFO cinder.api.v3.volumes [None req-d81ad424-df09-428f-b22a-7f071166844f f906bf2770124d6baf8d3a6b2413a05a 138a56bffa7b4e13bc5ca651f72083a7 - - default default] Create volume of 1 GB
2026-07-16 08:12:07.840 8 INFO cinder.volume.api [None req-d81ad424-df09-428f-b22a-7f071166844f f906bf2770124d6baf8d3a6b2413a05a 138a56bffa7b4e13bc5ca651f72083a7 - - default default] Availability Zones retrieved successfully.
2026-07-16 08:12:08.035 8 INFO cinder.volume.api [None req-d81ad424-df09-428f-b22a-7f071166844f f906bf2770124d6baf8d3a6b2413a05a 138a56bffa7b4e13bc5ca651f72083a7 - - default default] Create volume request issued successfully.
2026-07-16 08:12:08.037 8 INFO cinder.api.openstack.wsgi [None req-d81ad424-df09-428f-b22a-7f071166844f f906bf2770124d6baf8d3a6b2413a05a 138a56bffa7b4e13bc5ca651f72083a7 - - default default] http://cinder-api.openstack.svc.cluster.local:8776/v3/138a56bffa7b4e13bc5ca651f72083a7/volumes returned with HTTP 202 [pid: 8|app: 0|req: 436/874] 10.0.0.23 () {34 vars in 722 bytes} [Thu Jul 16 08:12:07 2026] POST /v3/138a56bffa7b4e13bc5ca651f72083a7/volumes => generated 875 bytes in 222 msecs (HTTP/1.1 202) 7 headers in 291 bytes (1 switches on core 0)
2026-07-16 08:12:08.060 7 INFO cinder.api.openstack.wsgi [None req-e7a4964c-4969-4003-8603-a60cccf8b0c6 f906bf2770124d6baf8d3a6b2413a05a 138a56bffa7b4e13bc5ca651f72083a7 - - default default] GET http://cinder-api.openstack.svc.cluster.local:8776/v3/138a56bffa7b4e13bc5ca651f72083a7/volumes/1f3b8f6a-fd78-481d-98d7-ef13fabc48d7 /var/lib/openstack/lib/python3.10/site-packages/oslo_context/context.py:100: DeprecationWarning: Policy enforcement is depending on the value of is_admin. This key is deprecated. Please update your policy file to use the standard policy values. warnings.warn('Policy enforcement is depending on the value of '
2026-07-16 08:12:08.080 7 INFO cinder.volume.api [None req-e7a4964c-4969-4003-8603-a60cccf8b0c6 f906bf2770124d6baf8d3a6b2413a05a 138a56bffa7b4e13bc5ca651f72083a7 - - default default] Volume info retrieved successfully.
2026-07-16 08:12:08.085 7 INFO cinder.api.openstack.wsgi [None req-e7a4964c-4969-4003-8603-a60cccf8b0c6 f906bf2770124d6baf8d3a6b2413a05a 138a56bffa7b4e13bc5ca651f72083a7 - - default default] http://cinder-api.openstack.svc.cluster.local:8776/v3/138a56bffa7b4e13bc5ca651f72083a7/volumes/1f3b8f6a-fd78-481d-98d7-ef13fabc48d7 returned with HTTP 200 [pid: 7|app: 0|req: 439/875] 10.0.0.23 () {32 vars in 774 bytes} [Thu Jul 16 08:12:08 2026] GET /v3/138a56bffa7b4e13bc5ca651f72083a7/volumes/1f3b8f6a-fd78-481d-98d7-ef13fabc48d7 => generated 943 bytes in 32 msecs (HTTP/1.1 200) 7 headers in 285 bytes (1 switches on core 0) /var/lib/openstack/lib/python3.10/site-packages/pycadf/identifier.py:71: UserWarning: Invalid uuid: cinderv3. To ensure interoperability, identifiers should be a valid uuid. warnings.warn(('Invalid uuid: %s. To ensure interoperability, '
2026-07-16 08:12:09.117 8 INFO cinder.api.openstack.wsgi [None req-36de499f-638f-497c-a8f2-b7f4c7708667 f906bf2770124d6baf8d3a6b2413a05a 138a56bffa7b4e13bc5ca651f72083a7 - - default default] GET http://cinder-api.openstack.svc.cluster.local:8776/v3/138a56bffa7b4e13bc5ca651f72083a7/volumes/1f3b8f6a-fd78-481d-98d7-ef13fabc48d7 /var/lib/openstack/lib/python3.10/site-packages/oslo_context/context.py:100: DeprecationWarning: Policy enforcement is depending on the value of is_admin. This key is deprecated. Please update your policy file to use the standard policy values. warnings.warn('Policy enforcement is depending on the value of '
2026-07-16 08:12:09.150 8 INFO cinder.volume.api [None req-36de499f-638f-497c-a8f2-b7f4c7708667 f906bf2770124d6baf8d3a6b2413a05a 138a56bffa7b4e13bc5ca651f72083a7 - - default default] Volume info retrieved successfully.
2026-07-16 08:12:09.161 8 INFO cinder.api.openstack.wsgi [None req-36de499f-638f-497c-a8f2-b7f4c7708667 f906bf2770124d6baf8d3a6b2413a05a 138a56bffa7b4e13bc5ca651f72083a7 - - default default] http://cinder-api.openstack.svc.cluster.local:8776/v3/138a56bffa7b4e13bc5ca651f72083a7/volumes/1f3b8f6a-fd78-481d-98d7-ef13fabc48d7 returned with HTTP 200 [pid: 8|app: 0|req: 437/876] 10.0.0.23 () {32 vars in 774 bytes} [Thu Jul 16 08:12:09 2026] GET /v3/138a56bffa7b4e13bc5ca651f72083a7/volumes/1f3b8f6a-fd78-481d-98d7-ef13fabc48d7 => generated 968 bytes in 56 msecs (HTTP/1.1 200) 7 headers in 285 bytes (1 switches on core 0) /var/lib/openstack/lib/python3.10/site-packages/pycadf/identifier.py:71: UserWarning: Invalid uuid: cinderv3. To ensure interoperability, identifiers should be a valid uuid. warnings.warn(('Invalid uuid: %s. To ensure interoperability, '
2026-07-16 08:12:09.189 7 INFO cinder.api.openstack.wsgi [None req-71be16cc-e320-4b13-ae3f-73490d37aa4a f906bf2770124d6baf8d3a6b2413a05a 138a56bffa7b4e13bc5ca651f72083a7 - - default default] GET http://cinder-api.openstack.svc.cluster.local:8776/v3/138a56bffa7b4e13bc5ca651f72083a7/volumes/1f3b8f6a-fd78-481d-98d7-ef13fabc48d7 /var/lib/openstack/lib/python3.10/site-packages/oslo_context/context.py:100: DeprecationWarning: Policy enforcement is depending on the value of is_admin. This key is deprecated. Please update your policy file to use the standard policy values. warnings.warn('Policy enforcement is depending on the value of '
2026-07-16 08:12:09.204 7 INFO cinder.volume.api [None req-71be16cc-e320-4b13-ae3f-73490d37aa4a f906bf2770124d6baf8d3a6b2413a05a 138a56bffa7b4e13bc5ca651f72083a7 - - default default] Volume info retrieved successfully.
2026-07-16 08:12:09.210 7 INFO cinder.api.openstack.wsgi [None req-71be16cc-e320-4b13-ae3f-73490d37aa4a f906bf2770124d6baf8d3a6b2413a05a 138a56bffa7b4e13bc5ca651f72083a7 - - default default] http://cinder-api.openstack.svc.cluster.local:8776/v3/138a56bffa7b4e13bc5ca651f72083a7/volumes/1f3b8f6a-fd78-481d-98d7-ef13fabc48d7 returned with HTTP 200 [pid: 7|app: 0|req: 440/877] 10.0.0.23 () {32 vars in 774 bytes} [Thu Jul 16 08:12:09 2026] GET /v3/138a56bffa7b4e13bc5ca651f72083a7/volumes/1f3b8f6a-fd78-481d-98d7-ef13fabc48d7 => generated 968 bytes in 29 msecs (HTTP/1.1 200) 7 headers in 285 bytes (1 switches on core 0) /var/lib/openstack/lib/python3.10/site-packages/pycadf/identifier.py:71: UserWarning: Invalid uuid: cinderv3. To ensure interoperability, identifiers should be a valid uuid. warnings.warn(('Invalid uuid: %s. To ensure interoperability, '
2026-07-16 08:12:09.231 8 INFO cinder.api.openstack.wsgi [None req-fd0f38f1-0c7d-4824-b274-9b4c951c52fd f906bf2770124d6baf8d3a6b2413a05a 138a56bffa7b4e13bc5ca651f72083a7 - - default default] POST http://cinder-api.openstack.svc.cluster.local:8776/v3/138a56bffa7b4e13bc5ca651f72083a7/volumes
2026-07-16 08:12:09.233 8 INFO cinder.api.v3.volumes [None req-fd0f38f1-0c7d-4824-b274-9b4c951c52fd f906bf2770124d6baf8d3a6b2413a05a 138a56bffa7b4e13bc5ca651f72083a7 - - default default] Create volume of 1 GB
2026-07-16 08:12:09.240 8 INFO cinder.volume.api [None req-fd0f38f1-0c7d-4824-b274-9b4c951c52fd f906bf2770124d6baf8d3a6b2413a05a 138a56bffa7b4e13bc5ca651f72083a7 - - default default] Availability Zones retrieved successfully.
2026-07-16 08:12:09.395 8 INFO cinder.volume.api [None req-fd0f38f1-0c7d-4824-b274-9b4c951c52fd f906bf2770124d6baf8d3a6b2413a05a 138a56bffa7b4e13bc5ca651f72083a7 - - default default] Create volume request issued successfully.
2026-07-16 08:12:09.396 8 INFO cinder.api.openstack.wsgi [None req-fd0f38f1-0c7d-4824-b274-9b4c951c52fd f906bf2770124d6baf8d3a6b2413a05a 138a56bffa7b4e13bc5ca651f72083a7 - - default default] http://cinder-api.openstack.svc.cluster.local:8776/v3/138a56bffa7b4e13bc5ca651f72083a7/volumes returned with HTTP 202 [pid: 8|app: 0|req: 438/878] 10.0.0.23 () {34 vars in 722 bytes} [Thu Jul 16 08:12:09 2026] POST /v3/138a56bffa7b4e13bc5ca651f72083a7/volumes => generated 875 bytes in 174 msecs (HTTP/1.1 202) 7 headers in 291 bytes (1 switches on core 0) /var/lib/openstack/lib/python3.10/site-packages/pycadf/identifier.py:71: UserWarning: Invalid uuid: cinderv3. To ensure interoperability, identifiers should be a valid uuid. warnings.warn(('Invalid uuid: %s. To ensure interoperability, '
2026-07-16 08:12:09.414 7 INFO cinder.api.openstack.wsgi [None req-82ee207d-25b4-4432-8bc1-311b91e0bdbb f906bf2770124d6baf8d3a6b2413a05a 138a56bffa7b4e13bc5ca651f72083a7 - - default default] GET http://cinder-api.openstack.svc.cluster.local:8776/v3/138a56bffa7b4e13bc5ca651f72083a7/volumes/860b7429-5a65-4203-b89f-a7e3ff5380bc /var/lib/openstack/lib/python3.10/site-packages/oslo_context/context.py:100: DeprecationWarning: Policy enforcement is depending on the value of is_admin. This key is deprecated. Please update your policy file to use the standard policy values. warnings.warn('Policy enforcement is depending on the value of '
2026-07-16 08:12:09.435 7 INFO cinder.volume.api [None req-82ee207d-25b4-4432-8bc1-311b91e0bdbb f906bf2770124d6baf8d3a6b2413a05a 138a56bffa7b4e13bc5ca651f72083a7 - - default default] Volume info retrieved successfully.
