+ COMMAND=start + start + exec neutron-rpc-server --config-file /etc/neutron/neutron.conf --config-file /etc/neutron/plugins/ml2/ml2_conf.ini /var/lib/openstack/lib/python3.10/site-packages/munch/__init__.py:24: UserWarning: pkg_resources is deprecated as an API. See https://setuptools.pypa.io/en/latest/pkg_resources.html. The pkg_resources package is slated for removal as early as 2025-11-30. Refrain from using this package or pin to Setuptools<81. import pkg_resources
2026-07-16 07:27:33.035 1 INFO neutron.common.config [-] Logging enabled!
2026-07-16 07:27:33.036 1 INFO neutron.common.config [-] /var/lib/openstack/bin/neutron-rpc-server version 21.2.2.dev24
2026-07-16 07:27:33.036 1 INFO neutron.server.rpc_eventlet [-] Eventlet based AMQP RPC server starting...
2026-07-16 07:27:33.036 1 INFO neutron.manager [-] Loading core plugin: ml2
2026-07-16 07:27:33.832 1 INFO neutron.plugins.ml2.managers [-] Configured type driver names: ['flat', 'gre', 'vlan', 'vxlan']
2026-07-16 07:27:33.835 1 INFO neutron.plugins.ml2.drivers.type_flat [-] Arbitrary flat physical_network names allowed
2026-07-16 07:27:33.837 1 INFO neutron.plugins.ml2.drivers.type_vlan [-] Network VLAN ranges: OrderedDict([('external', [(1, 4094)])])
2026-07-16 07:27:33.838 1 INFO neutron.plugins.ml2.managers [-] Loaded type driver names: ['flat', 'gre', 'vlan', 'vxlan']
2026-07-16 07:27:33.838 1 INFO neutron.plugins.ml2.managers [-] Registered types: dict_keys(['flat', 'gre', 'vlan', 'vxlan'])
2026-07-16 07:27:33.838 1 INFO neutron.plugins.ml2.managers [-] Tenant network_types: ['vxlan']
2026-07-16 07:27:33.839 1 INFO neutron.plugins.ml2.managers [-] Configured extension driver names: ['dns_domain_ports', 'port_security', 'qos']
2026-07-16 07:27:33.843 1 INFO neutron.plugins.ml2.managers [-] Loaded extension driver names: ['dns_domain_ports', 'port_security', 'qos']
2026-07-16 07:27:33.844 1 INFO neutron.plugins.ml2.managers [-] Registered extension drivers: ['dns_domain_ports', 'port_security', 'qos']
2026-07-16 07:27:33.844 1 INFO neutron.plugins.ml2.managers [-] Configured mechanism driver names: ['openvswitch', 'l2population']
2026-07-16 07:27:33.859 1 INFO neutron.plugins.ml2.drivers.mech_agent [-] Open vSwitch agent's supported_vnic_types: ['normal', 'direct', 'smart-nic', 'vdpa']
2026-07-16 07:27:33.860 1 INFO neutron.plugins.ml2.managers [-] Loaded mechanism driver names: ['openvswitch', 'l2population']
2026-07-16 07:27:33.860 1 INFO neutron.plugins.ml2.managers [-] Registered mechanism drivers: ['openvswitch', 'l2population']
2026-07-16 07:27:33.895 1 INFO neutron.plugins.ml2.managers [-] Initializing driver for type 'flat'
2026-07-16 07:27:33.896 1 INFO neutron.plugins.ml2.drivers.type_flat [-] ML2 FlatTypeDriver initialization complete
2026-07-16 07:27:33.896 1 INFO neutron.plugins.ml2.managers [-] Initializing driver for type 'gre'
2026-07-16 07:27:33.896 1 INFO neutron.plugins.ml2.drivers.type_tunnel [-] gre ID ranges: [(1, 1000)]
2026-07-16 07:27:34.180 1 INFO neutron.plugins.ml2.managers [None req-6f105db1-4c66-4cd0-bb50-eb2f200331e2 - - - - - -] Initializing driver for type 'vlan'
2026-07-16 07:27:34.510 1 INFO neutron.plugins.ml2.drivers.type_vlan [None req-6f105db1-4c66-4cd0-bb50-eb2f200331e2 - - - - - -] VlanTypeDriver initialization complete
2026-07-16 07:27:34.511 1 INFO neutron.plugins.ml2.managers [None req-6f105db1-4c66-4cd0-bb50-eb2f200331e2 - - - - - -] Initializing driver for type 'vxlan'
2026-07-16 07:27:34.511 1 INFO neutron.plugins.ml2.drivers.type_tunnel [None req-6f105db1-4c66-4cd0-bb50-eb2f200331e2 - - - - - -] vxlan ID ranges: [(1, 1000)]
2026-07-16 07:27:34.569 1 INFO neutron.plugins.ml2.managers [None req-6f105db1-4c66-4cd0-bb50-eb2f200331e2 - - - - - -] Initializing extension driver 'dns_domain_ports'
2026-07-16 07:27:34.570 1 INFO neutron.plugins.ml2.extensions.dns_integration [None req-6f105db1-4c66-4cd0-bb50-eb2f200331e2 - - - - - -] DNSDomainPortsExtensionDriver initialization complete
2026-07-16 07:27:34.570 1 INFO neutron.plugins.ml2.managers [None req-6f105db1-4c66-4cd0-bb50-eb2f200331e2 - - - - - -] Initializing extension driver 'port_security'
2026-07-16 07:27:34.570 1 INFO neutron.plugins.ml2.extensions.port_security [None req-6f105db1-4c66-4cd0-bb50-eb2f200331e2 - - - - - -] PortSecurityExtensionDriver initialization complete
2026-07-16 07:27:34.571 1 INFO neutron.plugins.ml2.managers [None req-6f105db1-4c66-4cd0-bb50-eb2f200331e2 - - - - - -] Initializing extension driver 'qos'
2026-07-16 07:27:34.571 1 INFO neutron.plugins.ml2.managers [None req-6f105db1-4c66-4cd0-bb50-eb2f200331e2 - - - - - -] Initializing mechanism driver 'openvswitch'
2026-07-16 07:27:34.571 1 INFO neutron.plugins.ml2.managers [None req-6f105db1-4c66-4cd0-bb50-eb2f200331e2 - - - - - -] Initializing mechanism driver 'l2population'
2026-07-16 07:27:34.584 1 INFO neutron.quota [None req-443ff231-842b-4f04-a3b2-a680c229a6df - - - - - -] Loaded quota_driver: .
2026-07-16 07:27:34.584 1 INFO neutron.plugins.ml2.plugin [None req-443ff231-842b-4f04-a3b2-a680c229a6df - - - - - -] Modular L2 Plugin initialization complete
2026-07-16 07:27:34.585 1 INFO neutron.plugins.ml2.managers [None req-443ff231-842b-4f04-a3b2-a680c229a6df - - - - - -] Got dns-integration extension from driver 'dns_domain_ports'
2026-07-16 07:27:34.585 1 INFO neutron.plugins.ml2.managers [None req-443ff231-842b-4f04-a3b2-a680c229a6df - - - - - -] Got dns-domain-ports extension from driver 'dns_domain_ports'
2026-07-16 07:27:34.585 1 INFO neutron.plugins.ml2.managers [None req-443ff231-842b-4f04-a3b2-a680c229a6df - - - - - -] Got port-security extension from driver 'port_security'
2026-07-16 07:27:34.585 1 INFO neutron.extensions.vlantransparent [None req-443ff231-842b-4f04-a3b2-a680c229a6df - - - - - -] Disabled vlantransparent extension.
2026-07-16 07:27:34.585 1 INFO neutron.manager [None req-443ff231-842b-4f04-a3b2-a680c229a6df - - - - - -] Loading Plugin: qos
2026-07-16 07:27:34.595 1 INFO neutron.manager [None req-443ff231-842b-4f04-a3b2-a680c229a6df - - - - - -] Loading Plugin: router
2026-07-16 07:27:34.623 1 INFO neutron.services.service_base [None req-443ff231-842b-4f04-a3b2-a680c229a6df - - - - - -] Default provider is not specified for service type L3_ROUTER_NAT
2026-07-16 07:27:34.623 1 INFO neutron.manager [None req-443ff231-842b-4f04-a3b2-a680c229a6df - - - - - -] Loading Plugin: segments
2026-07-16 07:27:34.699 1 INFO neutron.manager [None req-443ff231-842b-4f04-a3b2-a680c229a6df - - - - - -] Loading Plugin: trunk
2026-07-16 07:27:34.780 1 INFO neutron.manager [None req-443ff231-842b-4f04-a3b2-a680c229a6df - - - - - -] Loading Plugin: vpnaas
2026-07-16 07:27:34.814 1 WARNING stevedore.named [None req-443ff231-842b-4f04-a3b2-a680c229a6df - - - - - -] Could not load neutron_vpnaas.services.vpn.service_drivers.ipsec.IPsecVPNDriver
2026-07-16 07:27:34.874 1 INFO neutron_vpnaas.services.vpn.plugin [None req-443ff231-842b-4f04-a3b2-a680c229a6df - - - - - -] VPN plugin using service drivers: dict_keys(['strongswan']), default: strongswan
2026-07-16 07:27:34.875 1 INFO neutron.common.utils [None req-443ff231-842b-4f04-a3b2-a680c229a6df - - - - - -] Disable filter validation extension by service plugin VPNDriverPlugin.
2026-07-16 07:27:34.875 1 INFO neutron.manager [None req-443ff231-842b-4f04-a3b2-a680c229a6df - - - - - -] Loading Plugin: auto_allocate
2026-07-16 07:27:34.882 1 INFO neutron.manager [None req-443ff231-842b-4f04-a3b2-a680c229a6df - - - - - -] Loading Plugin: tag
2026-07-16 07:27:34.886 1 INFO neutron.manager [None req-443ff231-842b-4f04-a3b2-a680c229a6df - - - - - -] Loading Plugin: timestamp
2026-07-16 07:27:34.888 1 INFO neutron.manager [None req-443ff231-842b-4f04-a3b2-a680c229a6df - - - - - -] Loading Plugin: network_ip_availability
2026-07-16 07:27:34.891 1 INFO neutron.manager [None req-443ff231-842b-4f04-a3b2-a680c229a6df - - - - - -] Loading Plugin: flavors
2026-07-16 07:27:34.893 1 INFO neutron.manager [None req-443ff231-842b-4f04-a3b2-a680c229a6df - - - - - -] Loading Plugin: revisions
2026-07-16 07:27:34.896 1 INFO neutron.api.extensions [None req-443ff231-842b-4f04-a3b2-a680c229a6df - - - - - -] Initializing extension manager.
2026-07-16 07:27:34.897 1 INFO neutron.api.extensions [None req-443ff231-842b-4f04-a3b2-a680c229a6df - - - - - -] Loaded extension: address-group
2026-07-16 07:27:34.897 1 INFO neutron.api.extensions [None req-443ff231-842b-4f04-a3b2-a680c229a6df - - - - - -] Loaded extension: address-scope
2026-07-16 07:27:34.898 1 INFO neutron.api.extensions [None req-443ff231-842b-4f04-a3b2-a680c229a6df - - - - - -] Loaded extension: router-admin-state-down-before-update
2026-07-16 07:27:34.898 1 INFO neutron.api.extensions [None req-443ff231-842b-4f04-a3b2-a680c229a6df - - - - - -] Loaded extension: agent
2026-07-16 07:27:34.899 1 INFO neutron.api.extensions [None req-443ff231-842b-4f04-a3b2-a680c229a6df - - - - - -] Loaded extension: agent-resources-synced
2026-07-16 07:27:34.900 1 INFO neutron.api.extensions [None req-443ff231-842b-4f04-a3b2-a680c229a6df - - - - - -] Loaded extension: allowed-address-pairs
2026-07-16 07:27:34.900 1 INFO neutron.api.extensions [None req-443ff231-842b-4f04-a3b2-a680c229a6df - - - - - -] Loaded extension: auto-allocated-topology
2026-07-16 07:27:34.901 1 INFO neutron.api.extensions [None req-443ff231-842b-4f04-a3b2-a680c229a6df - - - - - -] Loaded extension: availability_zone
2026-07-16 07:27:34.902 1 INFO neutron.api.extensions [None req-443ff231-842b-4f04-a3b2-a680c229a6df - - - - - -] Loaded extension: availability_zone_filter
2026-07-16 07:27:34.902 1 INFO neutron.api.extensions [None req-443ff231-842b-4f04-a3b2-a680c229a6df - - - - - -] Extension data-plane-status not supported by any of loaded plugins
2026-07-16 07:27:34.902 1 INFO neutron.api.extensions [None req-443ff231-842b-4f04-a3b2-a680c229a6df - - - - - -] Loaded extension: default-subnetpools
2026-07-16 07:27:34.903 1 INFO neutron.api.extensions [None req-443ff231-842b-4f04-a3b2-a680c229a6df - - - - - -] Loaded extension: dhcp_agent_scheduler
2026-07-16 07:27:34.904 1 INFO neutron.api.extensions [None req-443ff231-842b-4f04-a3b2-a680c229a6df - - - - - -] Loaded extension: dns-integration
2026-07-16 07:27:34.904 1 INFO neutron.api.extensions [None req-443ff231-842b-4f04-a3b2-a680c229a6df - - - - - -] Loaded extension: dns-domain-ports
2026-07-16 07:27:34.905 1 INFO neutron.api.extensions [None req-443ff231-842b-4f04-a3b2-a680c229a6df - - - - - -] Extension dns-integration-domain-keywords not supported by any of loaded plugins
2026-07-16 07:27:34.905 1 INFO neutron.api.extensions [None req-443ff231-842b-4f04-a3b2-a680c229a6df - - - - - -] Loaded extension: dvr
2026-07-16 07:27:34.906 1 INFO neutron.api.extensions [None req-443ff231-842b-4f04-a3b2-a680c229a6df - - - - - -] Extension ecmp_routes not supported by any of loaded plugins
2026-07-16 07:27:34.906 1 INFO neutron.api.extensions [None req-443ff231-842b-4f04-a3b2-a680c229a6df - - - - - -] Loaded extension: empty-string-filtering
2026-07-16 07:27:34.907 1 INFO neutron.api.extensions [None req-443ff231-842b-4f04-a3b2-a680c229a6df - - - - - -] Extension expose-l3-conntrack-helper not supported by any of loaded plugins
2026-07-16 07:27:34.907 1 INFO neutron.api.extensions [None req-443ff231-842b-4f04-a3b2-a680c229a6df - - - - - -] Extension expose-port-forwarding-in-fip not supported by any of loaded plugins
2026-07-16 07:27:34.907 1 INFO neutron.api.extensions [None req-443ff231-842b-4f04-a3b2-a680c229a6df - - - - - -] Loaded extension: external-net
2026-07-16 07:27:34.908 1 INFO neutron.api.extensions [None req-443ff231-842b-4f04-a3b2-a680c229a6df - - - - - -] Loaded extension: extra_dhcp_opt
2026-07-16 07:27:34.908 1 INFO neutron.api.extensions [None req-443ff231-842b-4f04-a3b2-a680c229a6df - - - - - -] Loaded extension: extraroute
2026-07-16 07:27:34.909 1 INFO neutron.api.extensions [None req-443ff231-842b-4f04-a3b2-a680c229a6df - - - - - -] Loaded extension: extraroute-atomic
2026-07-16 07:27:34.909 1 INFO neutron.api.extensions [None req-443ff231-842b-4f04-a3b2-a680c229a6df - - - - - -] Extension filter-validation not supported by any of loaded plugins
2026-07-16 07:27:34.910 1 INFO neutron.api.extensions [None req-443ff231-842b-4f04-a3b2-a680c229a6df - - - - - -] Extension floating-ip-port-forwarding-description not supported by any of loaded plugins
2026-07-16 07:27:34.910 1 INFO neutron.api.extensions [None req-443ff231-842b-4f04-a3b2-a680c229a6df - - - - - -] Loaded extension: floating-ip-port-forwarding-detail
2026-07-16 07:27:34.911 1 INFO neutron.api.extensions [None req-443ff231-842b-4f04-a3b2-a680c229a6df - - - - - -] Extension floating-ip-port-forwarding-port-ranges not supported by any of loaded plugins
2026-07-16 07:27:34.911 1 INFO neutron.api.extensions [None req-443ff231-842b-4f04-a3b2-a680c229a6df - - - - - -] Loaded extension: fip-port-details
2026-07-16 07:27:34.912 1 INFO neutron.api.extensions [None req-443ff231-842b-4f04-a3b2-a680c229a6df - - - - - -] Loaded extension: flavors
2026-07-16 07:27:34.912 1 INFO neutron.api.extensions [None req-443ff231-842b-4f04-a3b2-a680c229a6df - - - - - -] Extension floating-ip-port-forwarding not supported by any of loaded plugins
2026-07-16 07:27:34.913 1 INFO neutron.api.extensions [None req-443ff231-842b-4f04-a3b2-a680c229a6df - - - - - -] Loaded extension: floatingip-pools
2026-07-16 07:27:34.913 1 INFO neutron.api.extensions [None req-443ff231-842b-4f04-a3b2-a680c229a6df - - - - - -] Loaded extension: ip_allocation
2026-07-16 07:27:34.914 1 INFO neutron.api.extensions [None req-443ff231-842b-4f04-a3b2-a680c229a6df - - - - - -] Loaded extension: ip-substring-filtering
2026-07-16 07:27:34.914 1 INFO neutron.api.extensions [None req-443ff231-842b-4f04-a3b2-a680c229a6df - - - - - -] Loaded extension: l2_adjacency
2026-07-16 07:27:34.915 1 INFO neutron.api.extensions [None req-443ff231-842b-4f04-a3b2-a680c229a6df - - - - - -] Loaded extension: router
2026-07-16 07:27:34.917 1 INFO neutron.api.extensions [None req-443ff231-842b-4f04-a3b2-a680c229a6df - - - - - -] Extension l3-conntrack-helper not supported by any of loaded plugins
2026-07-16 07:27:34.917 1 INFO neutron.api.extensions [None req-443ff231-842b-4f04-a3b2-a680c229a6df - - - - - -] Loaded extension: ext-gw-mode
2026-07-16 07:27:34.917 1 INFO neutron.api.extensions [None req-443ff231-842b-4f04-a3b2-a680c229a6df - - - - - -] Loaded extension: l3-ha
2026-07-16 07:27:34.918 1 INFO neutron.api.extensions [None req-443ff231-842b-4f04-a3b2-a680c229a6df - - - - - -] Extension l3-ext-ndp-proxy not supported by any of loaded plugins
2026-07-16 07:27:34.919 1 INFO neutron.api.extensions [None req-443ff231-842b-4f04-a3b2-a680c229a6df - - - - - -] Loaded extension: l3-flavors
2026-07-16 07:27:34.919 1 INFO neutron.api.extensions [None req-443ff231-842b-4f04-a3b2-a680c229a6df - - - - - -] Extension l3-ndp-proxy not supported by any of loaded plugins
2026-07-16 07:27:34.920 1 INFO neutron.api.extensions [None req-443ff231-842b-4f04-a3b2-a680c229a6df - - - - - -] Loaded extension: l3-port-ip-change-not-allowed
2026-07-16 07:27:34.921 1 INFO neutron.api.extensions [None req-443ff231-842b-4f04-a3b2-a680c229a6df - - - - - -] Loaded extension: l3_agent_scheduler
2026-07-16 07:27:34.924 1 INFO neutron.api.extensions [None req-443ff231-842b-4f04-a3b2-a680c229a6df - - - - - -] Extension local_ip not supported by any of loaded plugins
2026-07-16 07:27:34.925 1 INFO neutron.api.extensions [None req-443ff231-842b-4f04-a3b2-a680c229a6df - - - - - -] Extension logging not supported by any of loaded plugins
2026-07-16 07:27:34.926 1 INFO neutron.api.extensions [None req-443ff231-842b-4f04-a3b2-a680c229a6df - - - - - -] Extension metering not supported by any of loaded plugins
2026-07-16 07:27:34.926 1 INFO neutron.api.extensions [None req-443ff231-842b-4f04-a3b2-a680c229a6df - - - - - -] Extension metering_source_and_destination_fields not supported by any of loaded plugins
2026-07-16 07:27:34.927 1 INFO neutron.api.extensions [None req-443ff231-842b-4f04-a3b2-a680c229a6df - - - - - -] Loaded extension: multi-provider
2026-07-16 07:27:34.927 1 INFO neutron.api.extensions [None req-443ff231-842b-4f04-a3b2-a680c229a6df - - - - - -] Loaded extension: net-mtu
2026-07-16 07:27:34.927 1 INFO neutron.api.extensions [None req-443ff231-842b-4f04-a3b2-a680c229a6df - - - - - -] Loaded extension: net-mtu-writable
2026-07-16 07:27:34.928 1 INFO neutron.api.extensions [None req-443ff231-842b-4f04-a3b2-a680c229a6df - - - - - -] Loaded extension: network_availability_zone
2026-07-16 07:27:34.929 1 INFO neutron.api.extensions [None req-443ff231-842b-4f04-a3b2-a680c229a6df - - - - - -] Loaded extension: network-ip-availability
2026-07-16 07:27:34.929 1 INFO neutron.api.extensions [None req-443ff231-842b-4f04-a3b2-a680c229a6df - - - - - -] Extension network-segment-range not supported by any of loaded plugins
2026-07-16 07:27:34.930 1 INFO neutron.api.extensions [None req-443ff231-842b-4f04-a3b2-a680c229a6df - - - - - -] Loaded extension: pagination
2026-07-16 07:27:34.930 1 INFO neutron.api.extensions [None req-443ff231-842b-4f04-a3b2-a680c229a6df - - - - - -] Loaded extension: port-device-profile
2026-07-16 07:27:34.931 1 INFO neutron.api.extensions [None req-443ff231-842b-4f04-a3b2-a680c229a6df - - - - - -] Loaded extension: port-mac-override
2026-07-16 07:27:34.931 1 INFO neutron.api.extensions [None req-443ff231-842b-4f04-a3b2-a680c229a6df - - - - - -] Loaded extension: port-mac-address-regenerate
2026-07-16 07:27:34.931 1 INFO neutron.api.extensions [None req-443ff231-842b-4f04-a3b2-a680c229a6df - - - - - -] Loaded extension: port-numa-affinity-policy
2026-07-16 07:27:34.932 1 INFO neutron.api.extensions [None req-443ff231-842b-4f04-a3b2-a680c229a6df - - - - - -] Loaded extension: port-resource-request
2026-07-16 07:27:34.932 1 INFO neutron.api.extensions [None req-443ff231-842b-4f04-a3b2-a680c229a6df - - - - - -] Loaded extension: port-resource-request-groups
2026-07-16 07:27:34.933 1 INFO neutron.api.extensions [None req-443ff231-842b-4f04-a3b2-a680c229a6df - - - - - -] Loaded extension: binding
2026-07-16 07:27:34.933 1 INFO neutron.api.extensions [None req-443ff231-842b-4f04-a3b2-a680c229a6df - - - - - -] Loaded extension: binding-extended
2026-07-16 07:27:34.934 1 INFO neutron.api.extensions [None req-443ff231-842b-4f04-a3b2-a680c229a6df - - - - - -] Loaded extension: port-security
2026-07-16 07:27:34.934 1 INFO neutron.api.extensions [None req-443ff231-842b-4f04-a3b2-a680c229a6df - - - - - -] Loaded extension: project-id
2026-07-16 07:27:34.935 1 INFO neutron.api.extensions [None req-443ff231-842b-4f04-a3b2-a680c229a6df - - - - - -] Loaded extension: provider
2026-07-16 07:27:34.936 1 INFO neutron.api.extensions [None req-443ff231-842b-4f04-a3b2-a680c229a6df - - - - - -] Loaded extension: qos
2026-07-16 07:27:34.937 1 INFO neutron.api.extensions [None req-443ff231-842b-4f04-a3b2-a680c229a6df - - - - - -] Loaded extension: qos-bw-limit-direction
2026-07-16 07:27:34.937 1 INFO neutron.api.extensions [None req-443ff231-842b-4f04-a3b2-a680c229a6df - - - - - -] Loaded extension: qos-bw-minimum-ingress
2026-07-16 07:27:34.938 1 INFO neutron.api.extensions [None req-443ff231-842b-4f04-a3b2-a680c229a6df - - - - - -] Loaded extension: qos-default
2026-07-16 07:27:34.938 1 INFO neutron.api.extensions [None req-443ff231-842b-4f04-a3b2-a680c229a6df - - - - - -] Loaded extension: qos-fip
2026-07-16 07:27:34.938 1 INFO neutron.api.extensions [None req-443ff231-842b-4f04-a3b2-a680c229a6df - - - - - -] Extension qos-fip-network-policy not supported by any of loaded plugins
2026-07-16 07:27:34.939 1 INFO neutron.api.extensions [None req-443ff231-842b-4f04-a3b2-a680c229a6df - - - - - -] Loaded extension: qos-gateway-ip
2026-07-16 07:27:34.939 1 INFO neutron.api.extensions [None req-443ff231-842b-4f04-a3b2-a680c229a6df - - - - - -] Loaded extension: qos-port-network-policy
2026-07-16 07:27:34.940 1 INFO neutron.api.extensions [None req-443ff231-842b-4f04-a3b2-a680c229a6df - - - - - -] Loaded extension: qos-pps-minimum
2026-07-16 07:27:34.940 1 INFO neutron.api.extensions [None req-443ff231-842b-4f04-a3b2-a680c229a6df - - - - - -] Loaded extension: qos-pps-minimum-rule-alias
2026-07-16 07:27:34.941 1 INFO neutron.api.extensions [None req-443ff231-842b-4f04-a3b2-a680c229a6df - - - - - -] Loaded extension: qos-pps
2026-07-16 07:27:34.941 1 INFO neutron.api.extensions [None req-443ff231-842b-4f04-a3b2-a680c229a6df - - - - - -] Loaded extension: qos-rule-type-details
2026-07-16 07:27:34.942 1 INFO neutron.api.extensions [None req-443ff231-842b-4f04-a3b2-a680c229a6df - - - - - -] Loaded extension: qos-rule-type-filter
2026-07-16 07:27:34.942 1 INFO neutron.api.extensions [None req-443ff231-842b-4f04-a3b2-a680c229a6df - - - - - -] Loaded extension: qos-rules-alias
2026-07-16 07:27:34.943 1 INFO neutron.api.extensions [None req-443ff231-842b-4f04-a3b2-a680c229a6df - - - - - -] Loaded extension: quota-check-limit
2026-07-16 07:27:34.944 1 INFO neutron.api.extensions [None req-443ff231-842b-4f04-a3b2-a680c229a6df - - - - - -] Loaded extension: quotas
2026-07-16 07:27:34.946 1 INFO neutron.api.extensions [None req-443ff231-842b-4f04-a3b2-a680c229a6df - - - - - -] Loaded extension: quota_details
2026-07-16 07:27:34.947 1 INFO neutron.api.extensions [None req-443ff231-842b-4f04-a3b2-a680c229a6df - - - - - -] Loaded extension: rbac-policies
2026-07-16 07:27:34.948 1 INFO neutron.api.extensions [None req-443ff231-842b-4f04-a3b2-a680c229a6df - - - - - -] Loaded extension: rbac-address-group
2026-07-16 07:27:34.959 1 INFO neutron.api.extensions [None req-443ff231-842b-4f04-a3b2-a680c229a6df - - - - - -] Loaded extension: rbac-address-scope
2026-07-16 07:27:34.960 1 INFO neutron.api.extensions [None req-443ff231-842b-4f04-a3b2-a680c229a6df - - - - - -] Loaded extension: rbac-security-groups
2026-07-16 07:27:34.960 1 INFO neutron.api.extensions [None req-443ff231-842b-4f04-a3b2-a680c229a6df - - - - - -] Loaded extension: rbac-subnetpool
2026-07-16 07:27:34.961 1 INFO neutron.api.extensions [None req-443ff231-842b-4f04-a3b2-a680c229a6df - - - - - -] Loaded extension: revision-if-match
2026-07-16 07:27:34.962 1 INFO neutron.api.extensions [None req-443ff231-842b-4f04-a3b2-a680c229a6df - - - - - -] Loaded extension: standard-attr-revisions
2026-07-16 07:27:34.962 1 INFO neutron.api.extensions [None req-443ff231-842b-4f04-a3b2-a680c229a6df - - - - - -] Loaded extension: router_availability_zone
2026-07-16 07:27:34.963 1 INFO neutron.api.extensions [None req-443ff231-842b-4f04-a3b2-a680c229a6df - - - - - -] Extension router-service-type not supported by any of loaded plugins
2026-07-16 07:27:34.963 1 INFO neutron.api.extensions [None req-443ff231-842b-4f04-a3b2-a680c229a6df - - - - - -] Loaded extension: security-groups-normalized-cidr
2026-07-16 07:27:34.963 1 INFO neutron.api.extensions [None req-443ff231-842b-4f04-a3b2-a680c229a6df - - - - - -] Loaded extension: port-security-groups-filtering
2026-07-16 07:27:34.964 1 INFO neutron.api.extensions [None req-443ff231-842b-4f04-a3b2-a680c229a6df - - - - - -] Loaded extension: security-groups-remote-address-group
2026-07-16 07:27:34.964 1 INFO neutron.api.extensions [None req-443ff231-842b-4f04-a3b2-a680c229a6df - - - - - -] Loaded extension: security-groups-shared-filtering
2026-07-16 07:27:34.971 1 INFO neutron.api.extensions [None req-443ff231-842b-4f04-a3b2-a680c229a6df - - - - - -] Loaded extension: security-group
2026-07-16 07:27:34.972 1 INFO neutron.api.extensions [None req-443ff231-842b-4f04-a3b2-a680c229a6df - - - - - -] Loaded extension: segment
2026-07-16 07:27:34.972 1 INFO neutron.api.extensions [None req-443ff231-842b-4f04-a3b2-a680c229a6df - - - - - -] Loaded extension: segments-peer-subnet-host-routes
2026-07-16 07:27:34.973 1 INFO neutron.api.extensions [None req-443ff231-842b-4f04-a3b2-a680c229a6df - - - - - -] Loaded extension: service-type
2026-07-16 07:27:34.973 1 INFO neutron.api.extensions [None req-443ff231-842b-4f04-a3b2-a680c229a6df - - - - - -] Loaded extension: sorting
2026-07-16 07:27:34.973 1 INFO neutron.api.extensions [None req-443ff231-842b-4f04-a3b2-a680c229a6df - - - - - -] Loaded extension: standard-attr-segment
2026-07-16 07:27:34.974 1 INFO neutron.api.extensions [None req-443ff231-842b-4f04-a3b2-a680c229a6df - - - - - -] Loaded extension: standard-attr-description
2026-07-16 07:27:34.974 1 INFO neutron.api.extensions [None req-443ff231-842b-4f04-a3b2-a680c229a6df - - - - - -] Loaded extension: stateful-security-group
2026-07-16 07:27:34.975 1 WARNING neutron.api.extensions [None req-443ff231-842b-4f04-a3b2-a680c229a6df - - - - - -] Did not find expected name "Stdattrs_common" in /var/lib/openstack/lib/python3.10/site-packages/neutron/extensions/stdattrs_common.py
2026-07-16 07:27:34.975 1 INFO neutron.api.extensions [None req-443ff231-842b-4f04-a3b2-a680c229a6df - - - - - -] Extension subnet-dns-publish-fixed-ip not supported by any of loaded plugins
2026-07-16 07:27:34.976 1 INFO neutron.api.extensions [None req-443ff231-842b-4f04-a3b2-a680c229a6df - - - - - -] Loaded extension: subnet_onboard
2026-07-16 07:27:34.976 1 INFO neutron.api.extensions [None req-443ff231-842b-4f04-a3b2-a680c229a6df - - - - - -] Loaded extension: subnet-segmentid-writable
2026-07-16 07:27:34.977 1 INFO neutron.api.extensions [None req-443ff231-842b-4f04-a3b2-a680c229a6df - - - - - -] Loaded extension: subnet-service-types
2026-07-16 07:27:34.977 1 INFO neutron.api.extensions [None req-443ff231-842b-4f04-a3b2-a680c229a6df - - - - - -] Loaded extension: subnet_allocation
2026-07-16 07:27:34.978 1 INFO neutron.api.extensions [None req-443ff231-842b-4f04-a3b2-a680c229a6df - - - - - -] Loaded extension: subnetpool-prefix-ops
2026-07-16 07:27:34.978 1 INFO neutron.api.extensions [None req-443ff231-842b-4f04-a3b2-a680c229a6df - - - - - -] Extension tag-ports-during-bulk-creation not supported by any of loaded plugins
2026-07-16 07:27:34.980 1 INFO neutron.api.extensions [None req-443ff231-842b-4f04-a3b2-a680c229a6df - - - - - -] Loaded extension: standard-attr-tag
2026-07-16 07:27:34.981 1 INFO neutron.api.extensions [None req-443ff231-842b-4f04-a3b2-a680c229a6df - - - - - -] Loaded extension: standard-attr-timestamp
2026-07-16 07:27:34.981 1 INFO neutron.api.extensions [None req-443ff231-842b-4f04-a3b2-a680c229a6df - - - - - -] Loaded extension: trunk
2026-07-16 07:27:34.982 1 INFO neutron.api.extensions [None req-443ff231-842b-4f04-a3b2-a680c229a6df - - - - - -] Loaded extension: trunk-details
2026-07-16 07:27:34.982 1 INFO neutron.api.extensions [None req-443ff231-842b-4f04-a3b2-a680c229a6df - - - - - -] Extension uplink-status-propagation not supported by any of loaded plugins
2026-07-16 07:27:34.983 1 INFO neutron.api.extensions [None req-443ff231-842b-4f04-a3b2-a680c229a6df - - - - - -] Extension vlan-transparent not supported by any of loaded plugins
2026-07-16 07:27:34.983 1 INFO neutron.api.extensions [None req-443ff231-842b-4f04-a3b2-a680c229a6df - - - - - -] Loaded extension: vpn-endpoint-groups
2026-07-16 07:27:34.984 1 INFO neutron.api.extensions [None req-443ff231-842b-4f04-a3b2-a680c229a6df - - - - - -] Loaded extension: vpn-flavors
2026-07-16 07:27:34.985 1 INFO neutron.api.extensions [None req-443ff231-842b-4f04-a3b2-a680c229a6df - - - - - -] Loaded extension: vpnaas
2026-07-16 07:27:34.988 1 INFO oslo_service.service [None req-443ff231-842b-4f04-a3b2-a680c229a6df - - - - - -] Starting 2 workers
2026-07-16 07:27:34.994 1 INFO oslo_service.service [None req-443ff231-842b-4f04-a3b2-a680c229a6df - - - - - -] Starting 1 workers
2026-07-16 07:28:05.885 9 INFO neutron.db.l3_hamode_db [None req-d9987ab8-0bf8-455c-b115-0108e0ee1ea5 - - - - - -] Number of active agents lower than max_l3_agents_per_router. L3 agents available: 1
2026-07-16 07:28:21.982 9 INFO neutron.plugins.ml2.plugin [None req-59706308-c3cd-4b5f-96cf-b5b8245c9edf - - - - - -] Attempt 1 to provision port b881032b-f813-482a-acb3-b97a481d78af
2026-07-16 07:28:23.510 9 INFO neutron.plugins.ml2.plugin [None req-ae724a23-b028-4e0c-b27b-d34dbe22a213 - - - - - -] Attempt 1 to provision port b881032b-f813-482a-acb3-b97a481d78af
2026-07-16 07:28:23.891 10 INFO neutron.plugins.ml2.plugin [None req-59706308-c3cd-4b5f-96cf-b5b8245c9edf - - - - - -] Attempt 1 to provision port b881032b-f813-482a-acb3-b97a481d78af
2026-07-16 07:28:23.951 9 INFO neutron.plugins.ml2.plugin [None req-83d45425-971b-437e-86ba-a04efe79ea7e - - - - - -] Attempt 1 to provision port b881032b-f813-482a-acb3-b97a481d78af
2026-07-16 07:38:28.491 9 INFO neutron.plugins.ml2.plugin [None req-59706308-c3cd-4b5f-96cf-b5b8245c9edf - - - - - -] Attempt 1 to provision port 29291322-22c4-4a62-b196-b8d1b4974fb9
2026-07-16 07:38:29.962 9 INFO neutron.plugins.ml2.plugin [None req-6f1ace42-c0ac-41c6-a861-e35c60174909 - - - - - -] Attempt 1 to provision port 29291322-22c4-4a62-b196-b8d1b4974fb9
2026-07-16 07:38:30.155 10 INFO neutron.plugins.ml2.plugin [None req-74c7402b-4b42-4fd0-9273-c954a894b518 - - - - - -] Attempt 1 to provision port 29291322-22c4-4a62-b196-b8d1b4974fb9
2026-07-16 07:38:30.294 9 INFO neutron.plugins.ml2.plugin [None req-59706308-c3cd-4b5f-96cf-b5b8245c9edf - - - - - -] Attempt 1 to provision port 29291322-22c4-4a62-b196-b8d1b4974fb9
2026-07-16 07:38:36.996 10 INFO neutron.plugins.ml2.plugin [None req-1d0bf976-5143-4cb8-931f-7947ffdd9aee - - - - - -] Attempt 1 to provision port 84fc3e9d-19f3-4f8c-ab12-6fd231f82931
2026-07-16 07:42:24.553 10 INFO neutron.plugins.ml2.plugin [None req-59706308-c3cd-4b5f-96cf-b5b8245c9edf - - - - - -] Attempt 1 to provision port 84fc3e9d-19f3-4f8c-ab12-6fd231f82931
2026-07-16 07:42:26.486 9 INFO neutron.plugins.ml2.plugin [None req-59706308-c3cd-4b5f-96cf-b5b8245c9edf - - - - - -] Attempt 1 to provision port 84fc3e9d-19f3-4f8c-ab12-6fd231f82931
2026-07-16 07:51:30.856 10 INFO neutron.plugins.ml2.plugin [None req-59706308-c3cd-4b5f-96cf-b5b8245c9edf - - - - - -] Attempt 1 to provision port a762a047-659e-49b6-bcb3-9cacb69754de
2026-07-16 07:51:32.843 9 INFO neutron.plugins.ml2.plugin [None req-59706308-c3cd-4b5f-96cf-b5b8245c9edf - - - - - -] Attempt 1 to provision port a762a047-659e-49b6-bcb3-9cacb69754de
2026-07-16 08:09:46.735 10 INFO neutron.plugins.ml2.plugin [None req-59706308-c3cd-4b5f-96cf-b5b8245c9edf - - - - - -] Attempt 1 to provision port 3c7c0012-7551-4fe2-a40a-17abc1975201
2026-07-16 08:09:47.075 9 INFO neutron.plugins.ml2.plugin [None req-36a860f2-c84c-4aac-ba7f-d38af9b7a52a - - - - - -] Attempt 1 to provision port 8bc92bc1-45d1-4b5d-9dca-21a8eaa29694
2026-07-16 08:09:47.281 10 INFO neutron.plugins.ml2.plugin [None req-59706308-c3cd-4b5f-96cf-b5b8245c9edf - - - - - -] Attempt 1 to provision port 8b79d60e-57c2-4360-acca-d42ecfc9b70b
2026-07-16 08:09:47.567 10 INFO neutron.plugins.ml2.plugin [None req-4be8e3fe-b417-4d91-b8bf-bcf3ffa86b15 - - - - - -] Attempt 1 to provision port 376ace62-b4b4-43db-96cb-4e504544e5b8
2026-07-16 08:09:48.639 10 INFO neutron.plugins.ml2.plugin [None req-40e82dd9-0a42-4d21-b844-078b618b3b12 - - - - - -] Attempt 1 to provision port 8b79d60e-57c2-4360-acca-d42ecfc9b70b
2026-07-16 08:09:48.764 9 INFO neutron.plugins.ml2.plugin [None req-59706308-c3cd-4b5f-96cf-b5b8245c9edf - - - - - -] Attempt 1 to provision port 3c7c0012-7551-4fe2-a40a-17abc1975201
2026-07-16 08:09:48.864 9 INFO neutron.plugins.ml2.plugin [None req-128c68df-47f9-481d-9a8a-8796a32595dc - - - - - -] Attempt 1 to provision port 3c7c0012-7551-4fe2-a40a-17abc1975201
2026-07-16 08:09:49.189 10 INFO neutron.plugins.ml2.plugin [None req-67c82f24-423a-4d6e-9531-fd22f3269a9b - - - - - -] Attempt 1 to provision port 8b79d60e-57c2-4360-acca-d42ecfc9b70b
2026-07-16 08:09:49.507 10 INFO neutron.plugins.ml2.plugin [None req-1514705d-78aa-4acc-b343-583614e3cc5f - - - - - -] Attempt 1 to provision port 3c7c0012-7551-4fe2-a40a-17abc1975201
2026-07-16 08:09:49.722 9 INFO neutron.plugins.ml2.plugin [None req-59706308-c3cd-4b5f-96cf-b5b8245c9edf - - - - - -] Attempt 1 to provision port 8b79d60e-57c2-4360-acca-d42ecfc9b70b
2026-07-16 08:09:50.418 9 INFO neutron.plugins.ml2.plugin [None req-718b7816-5de1-4219-a28f-d1b0277fa0cb - - - - - -] Attempt 1 to provision port 1e425a2c-7740-43fb-8e1d-1a45367fcb26
2026-07-16 08:09:50.585 10 INFO neutron.plugins.ml2.plugin [None req-cf594b91-4f8e-4032-878c-8078261b9830 - - - - - -] Attempt 1 to provision port 1d781328-6f3e-48a3-8db2-29e5cd629386
2026-07-16 08:09:51.076 9 INFO neutron.plugins.ml2.plugin [None req-1e246ceb-8734-4551-a092-92360802c4ed - - - - - -] Attempt 1 to provision port 1e425a2c-7740-43fb-8e1d-1a45367fcb26
2026-07-16 08:09:51.255 10 INFO neutron.plugins.ml2.plugin [None req-02053aaf-c34d-44e6-9ae3-2bf1f7f9565b - - - - - -] Attempt 1 to provision port 1d781328-6f3e-48a3-8db2-29e5cd629386
2026-07-16 08:09:54.248 10 INFO neutron.plugins.ml2.plugin [None req-4860ddbe-9d2c-49a8-b909-aa9b9def48be - - - - - -] Attempt 1 to provision port 741cbd4a-995f-4d8b-a72f-1c8b259d7033
2026-07-16 08:09:54.725 9 INFO neutron.plugins.ml2.plugin [None req-59706308-c3cd-4b5f-96cf-b5b8245c9edf - - - - - -] Attempt 1 to provision port 76d5d007-07a3-422a-8e69-9daada07067e
2026-07-16 08:09:55.212 9 INFO neutron.plugins.ml2.plugin [None req-2f190e8e-84f3-4d40-8029-9ebfd1354cf5 - - - - - -] Attempt 1 to provision port 76d5d007-07a3-422a-8e69-9daada07067e
2026-07-16 08:09:55.547 9 INFO neutron.plugins.ml2.plugin [None req-68a41e34-1ad3-46f5-b706-d881ac974edf - - - - - -] Attempt 1 to provision port 76d5d007-07a3-422a-8e69-9daada07067e
2026-07-16 08:09:56.728 10 INFO neutron.plugins.ml2.plugin [None req-59706308-c3cd-4b5f-96cf-b5b8245c9edf - - - - - -] Attempt 1 to provision port 76d5d007-07a3-422a-8e69-9daada07067e
2026-07-16 08:09:56.838 9 INFO neutron.plugins.ml2.plugin [None req-0fc9ee3e-94e7-405e-8f8a-82a482716393 - - - - - -] Attempt 1 to provision port d0bd185c-3c7f-49aa-826f-31a75cff3d2b
2026-07-16 08:09:57.494 10 INFO neutron.plugins.ml2.plugin [None req-60c2b1d8-13d1-4c40-9cf6-b6b1bfc36bb2 - - - - - -] Attempt 1 to provision port d0bd185c-3c7f-49aa-826f-31a75cff3d2b
2026-07-16 08:09:58.832 10 INFO neutron.plugins.ml2.plugin [None req-59706308-c3cd-4b5f-96cf-b5b8245c9edf - - - - - -] Attempt 1 to provision port 1819b33e-fc63-42db-afd5-96b566365de0
2026-07-16 08:09:59.494 10 INFO neutron.plugins.ml2.plugin [None req-59706308-c3cd-4b5f-96cf-b5b8245c9edf - - - - - -] Attempt 1 to provision port 2c23a231-29af-43cd-a540-2f3e6737d3df
2026-07-16 08:09:59.865 10 INFO neutron.plugins.ml2.plugin [None req-e20b7bc5-3350-41e8-b4c1-d353ab89875f - - - - - -] Attempt 1 to provision port fe70413e-77f3-4639-9885-9f0c1fc868a5
2026-07-16 08:10:00.581 10 INFO neutron.plugins.ml2.plugin [None req-59706308-c3cd-4b5f-96cf-b5b8245c9edf - - - - - -] Attempt 1 to provision port 5f67793d-ded6-476c-8a93-cb2543b44c08
2026-07-16 08:10:01.456 9 INFO neutron.plugins.ml2.plugin [None req-59706308-c3cd-4b5f-96cf-b5b8245c9edf - - - - - -] Attempt 1 to provision port 1819b33e-fc63-42db-afd5-96b566365de0 /var/lib/openstack/lib/python3.10/site-packages/oslo_db/sqlalchemy/enginefacade.py:676: SAWarning: DELETE statement on table 'portsecuritybindings' expected to delete 1 row(s); 0 were matched. Please set confirm_deleted_rows=False within the mapper configuration to prevent this warning. self.session.flush() /var/lib/openstack/lib/python3.10/site-packages/oslo_db/sqlalchemy/enginefacade.py:676: SAWarning: DELETE statement on table 'ml2_port_bindings' expected to delete 1 row(s); 0 were matched. Please set confirm_deleted_rows=False within the mapper configuration to prevent this warning. self.session.flush() /var/lib/openstack/lib/python3.10/site-packages/oslo_db/sqlalchemy/enginefacade.py:676: SAWarning: DELETE statement on table 'ml2_port_binding_levels' expected to delete 1 row(s); 0 were matched. Please set confirm_deleted_rows=False within the mapper configuration to prevent this warning. self.session.flush() /var/lib/openstack/lib/python3.10/site-packages/oslo_db/sqlalchemy/enginefacade.py:676: SAWarning: DELETE statement on table 'ports' expected to delete 1 row(s); 0 were matched. Please set confirm_deleted_rows=False within the mapper configuration to prevent this warning. self.session.flush()
2026-07-16 08:10:02.022 9 INFO neutron.plugins.ml2.plugin [None req-59706308-c3cd-4b5f-96cf-b5b8245c9edf - - - - - -] Attempt 1 to provision port 5f67793d-ded6-476c-8a93-cb2543b44c08
2026-07-16 08:10:07.729 10 INFO neutron.plugins.ml2.plugin [None req-59706308-c3cd-4b5f-96cf-b5b8245c9edf - - - - - -] Attempt 1 to provision port fe70413e-77f3-4639-9885-9f0c1fc868a5
2026-07-16 08:10:08.210 9 INFO neutron.plugins.ml2.plugin [None req-4d83a531-7c0f-4188-9fff-ee424ad902e0 - - - - - -] Attempt 1 to provision port 749956c4-55e5-4bfd-81f7-2df06ddb133f
2026-07-16 08:10:08.566 10 INFO neutron.plugins.ml2.plugin [None req-59706308-c3cd-4b5f-96cf-b5b8245c9edf - - - - - -] Attempt 1 to provision port 076b4455-9d88-45bb-80cd-55354264fdc4
2026-07-16 08:10:08.673 10 INFO neutron.notifiers.nova [-] Nova event matching ['req-d7a49c84-93eb-468b-8b28-7ad0cba69e87'] response: {'server_uuid': '7f04509c-00a0-4fee-ac9f-e13cef1f39ec', 'name': 'network-vif-plugged', 'status': 'completed', 'tag': 'fe70413e-77f3-4639-9885-9f0c1fc868a5', 'code': 200}
2026-07-16 08:10:08.899 10 INFO neutron.plugins.ml2.plugin [None req-5bc98e31-634d-4f50-9171-aeb8b0fd9325 - - - - - -] Attempt 1 to provision port 076b4455-9d88-45bb-80cd-55354264fdc4
2026-07-16 08:10:09.228 9 INFO neutron.plugins.ml2.plugin [None req-d3db5e2d-9e88-444d-bd7d-09da2f08e9ad - - - - - -] Attempt 1 to provision port 076b4455-9d88-45bb-80cd-55354264fdc4
2026-07-16 08:10:09.495 10 INFO neutron.plugins.ml2.plugin [None req-59706308-c3cd-4b5f-96cf-b5b8245c9edf - - - - - -] Attempt 1 to provision port fe70413e-77f3-4639-9885-9f0c1fc868a5
2026-07-16 08:10:09.825 10 INFO neutron.plugins.ml2.plugin [None req-59706308-c3cd-4b5f-96cf-b5b8245c9edf - - - - - -] Attempt 1 to provision port 076b4455-9d88-45bb-80cd-55354264fdc4
2026-07-16 08:10:11.170 10 INFO neutron.plugins.ml2.plugin [None req-fd5a6eb9-9c33-402b-b3be-29452cd853d0 - - - - - -] Attempt 1 to provision port 180e1a87-66ac-4e30-8227-1bb37985258e
2026-07-16 08:10:11.938 10 INFO neutron.plugins.ml2.plugin [None req-e6894ac3-dfe5-4aa7-a8d2-e31b5870e4fc - - - - - -] Attempt 1 to provision port 180e1a87-66ac-4e30-8227-1bb37985258e
2026-07-16 08:10:13.516 9 INFO neutron.plugins.ml2.plugin [None req-59706308-c3cd-4b5f-96cf-b5b8245c9edf - - - - - -] Attempt 1 to provision port c78bc628-21c8-4e7a-8515-0a433a774915
2026-07-16 08:10:15.489 10 INFO neutron.plugins.ml2.plugin [None req-59706308-c3cd-4b5f-96cf-b5b8245c9edf - - - - - -] Attempt 1 to provision port c78bc628-21c8-4e7a-8515-0a433a774915
2026-07-16 08:10:17.938 10 INFO neutron.plugins.ml2.plugin [None req-baab1383-7b52-4df1-9985-04a9aee6f472 - - - - - -] Attempt 1 to provision port 20d472b4-c1a9-458f-9d39-b749e44d3201
2026-07-16 08:10:19.546 10 INFO neutron.plugins.ml2.plugin [None req-59706308-c3cd-4b5f-96cf-b5b8245c9edf - - - - - -] Attempt 1 to provision port 20d472b4-c1a9-458f-9d39-b749e44d3201
2026-07-16 08:10:19.692 10 INFO neutron.notifiers.nova [-] Nova event matching ['req-dc76f539-64b2-4ed4-b228-679add460c65'] response: {'server_uuid': '6e396245-0b05-450b-b429-96bf9ef6e7ef', 'name': 'network-vif-plugged', 'status': 'completed', 'tag': '20d472b4-c1a9-458f-9d39-b749e44d3201', 'code': 200}
2026-07-16 08:10:21.635 9 INFO neutron.plugins.ml2.plugin [None req-59706308-c3cd-4b5f-96cf-b5b8245c9edf - - - - - -] Attempt 1 to provision port 20d472b4-c1a9-458f-9d39-b749e44d3201
2026-07-16 08:10:25.835 10 INFO neutron.notifiers.nova [-] Nova event matching ['req-3f3f8c43-decb-4886-b680-f399cdc8ca42'] response: {'server_uuid': '6e396245-0b05-450b-b429-96bf9ef6e7ef', 'name': 'network-vif-unplugged', 'status': 'completed', 'tag': '20d472b4-c1a9-458f-9d39-b749e44d3201', 'code': 200}
2026-07-16 08:10:27.546 9 INFO neutron.plugins.ml2.plugin [None req-59706308-c3cd-4b5f-96cf-b5b8245c9edf - - - - - -] Attempt 1 to provision port 376ace62-b4b4-43db-96cb-4e504544e5b8
2026-07-16 08:10:27.939 9 INFO neutron.plugins.ml2.plugin [None req-59706308-c3cd-4b5f-96cf-b5b8245c9edf - - - - - -] Attempt 1 to provision port 1d781328-6f3e-48a3-8db2-29e5cd629386
2026-07-16 08:10:29.598 10 INFO neutron.plugins.ml2.plugin [None req-59706308-c3cd-4b5f-96cf-b5b8245c9edf - - - - - -] Attempt 1 to provision port 376ace62-b4b4-43db-96cb-4e504544e5b8
2026-07-16 08:10:29.845 10 INFO neutron.plugins.ml2.plugin [None req-59706308-c3cd-4b5f-96cf-b5b8245c9edf - - - - - -] Attempt 1 to provision port 1d781328-6f3e-48a3-8db2-29e5cd629386 /var/lib/openstack/lib/python3.10/site-packages/oslo_db/sqlalchemy/enginefacade.py:676: SAWarning: DELETE statement on table 'portsecuritybindings' expected to delete 1 row(s); 0 were matched. Please set confirm_deleted_rows=False within the mapper configuration to prevent this warning. self.session.flush() /var/lib/openstack/lib/python3.10/site-packages/oslo_db/sqlalchemy/enginefacade.py:676: SAWarning: DELETE statement on table 'ml2_port_bindings' expected to delete 1 row(s); 0 were matched. Please set confirm_deleted_rows=False within the mapper configuration to prevent this warning. self.session.flush() /var/lib/openstack/lib/python3.10/site-packages/oslo_db/sqlalchemy/enginefacade.py:676: SAWarning: DELETE statement on table 'ml2_port_binding_levels' expected to delete 1 row(s); 0 were matched. Please set confirm_deleted_rows=False within the mapper configuration to prevent this warning. self.session.flush() /var/lib/openstack/lib/python3.10/site-packages/oslo_db/sqlalchemy/enginefacade.py:676: SAWarning: DELETE statement on table 'ports' expected to delete 1 row(s); 0 were matched. Please set confirm_deleted_rows=False within the mapper configuration to prevent this warning. self.session.flush()
2026-07-16 08:10:33.281 9 INFO neutron.plugins.ml2.plugin [None req-819e3163-dcd0-4ce9-b470-a2e6786c0b05 - - - - - -] Attempt 1 to provision port 1522cec6-9d2a-4f12-8011-377a6f324c9a
2026-07-16 08:10:33.570 10 INFO neutron.plugins.ml2.plugin [None req-59706308-c3cd-4b5f-96cf-b5b8245c9edf - - - - - -] Attempt 1 to provision port 4df77a91-8f91-4c8b-956e-c5f52b6033b8
2026-07-16 08:10:34.780 10 INFO neutron.plugins.ml2.plugin [None req-59706308-c3cd-4b5f-96cf-b5b8245c9edf - - - - - -] Attempt 1 to provision port 8b0a6e54-8388-4aef-8103-98a53a041ad0
2026-07-16 08:10:35.045 9 INFO neutron.plugins.ml2.plugin [None req-c43e82a9-a232-4ec2-b367-d8f6a51f9fc0 - - - - - -] Attempt 1 to provision port 8b0a6e54-8388-4aef-8103-98a53a041ad0
2026-07-16 08:10:37.158 9 INFO neutron.plugins.ml2.plugin [None req-c43e82a9-a232-4ec2-b367-d8f6a51f9fc0 - - - - - -] Attempt 1 to provision port 4df77a91-8f91-4c8b-956e-c5f52b6033b8
2026-07-16 08:10:37.322 9 INFO neutron.plugins.ml2.plugin [None req-59706308-c3cd-4b5f-96cf-b5b8245c9edf - - - - - -] Attempt 1 to provision port 4df77a91-8f91-4c8b-956e-c5f52b6033b8
2026-07-16 08:10:37.333 10 INFO neutron.plugins.ml2.plugin [None req-eba39c99-1c82-4c52-802e-5182ca4b6c47 - - - - - -] Attempt 1 to provision port 8b0a6e54-8388-4aef-8103-98a53a041ad0
2026-07-16 08:10:37.410 10 INFO neutron.plugins.ml2.plugin [None req-eba39c99-1c82-4c52-802e-5182ca4b6c47 - - - - - -] Attempt 1 to provision port 4df77a91-8f91-4c8b-956e-c5f52b6033b8
2026-07-16 08:10:37.638 9 INFO neutron.plugins.ml2.plugin [None req-59706308-c3cd-4b5f-96cf-b5b8245c9edf - - - - - -] Attempt 1 to provision port 8b0a6e54-8388-4aef-8103-98a53a041ad0
2026-07-16 08:10:37.805 10 INFO neutron.plugins.ml2.plugin [None req-694b43ee-72b5-42c8-b274-e0c32a9be734 - - - - - -] Attempt 1 to provision port 28753c30-b41a-4c84-b24a-894625195b38
2026-07-16 08:10:38.571 10 INFO neutron.plugins.ml2.plugin [None req-7e57b619-509d-4755-996a-21beefbfa098 - - - - - -] Attempt 1 to provision port 28753c30-b41a-4c84-b24a-894625195b38
2026-07-16 08:10:39.734 9 INFO neutron.plugins.ml2.plugin [None req-8798d0f0-cad8-4b8d-84ef-fe4b6533a94e - - - - - -] Attempt 1 to provision port fb191b2c-0184-432c-ab07-db478a415a36
2026-07-16 08:10:40.699 10 INFO neutron.plugins.ml2.plugin [None req-905bbcc3-7f09-425e-9217-10e7dfe0e5d5 - - - - - -] Attempt 1 to provision port fb191b2c-0184-432c-ab07-db478a415a36
2026-07-16 08:10:40.853 9 INFO neutron.plugins.ml2.plugin [None req-a2520c55-8bf5-4cdc-ba7d-942b4c9dac3d - - - - - -] Attempt 1 to provision port fe70413e-77f3-4639-9885-9f0c1fc868a5
2026-07-16 08:10:41.309 10 INFO neutron.plugins.ml2.plugin [None req-59706308-c3cd-4b5f-96cf-b5b8245c9edf - - - - - -] Attempt 1 to provision port fe70413e-77f3-4639-9885-9f0c1fc868a5
2026-07-16 08:10:48.624 9 INFO neutron.plugins.ml2.plugin [None req-78de3a4b-1efa-41bf-8116-258e26a064ca - - - - - -] Attempt 1 to provision port fe70413e-77f3-4639-9885-9f0c1fc868a5
2026-07-16 08:10:49.400 10 INFO neutron.plugins.ml2.plugin [None req-59706308-c3cd-4b5f-96cf-b5b8245c9edf - - - - - -] Attempt 1 to provision port ff2b63ca-8d31-43da-b3f4-c6af0566d8b5
2026-07-16 08:10:49.936 10 INFO neutron.plugins.ml2.plugin [None req-52353e23-c115-41df-8212-0c20f9272728 - - - - - -] Attempt 1 to provision port ff2b63ca-8d31-43da-b3f4-c6af0566d8b5
2026-07-16 08:10:49.964 10 INFO neutron.plugins.ml2.plugin [None req-59706308-c3cd-4b5f-96cf-b5b8245c9edf - - - - - -] Attempt 1 to provision port fe70413e-77f3-4639-9885-9f0c1fc868a5
2026-07-16 08:10:50.347 9 INFO neutron.plugins.ml2.plugin [None req-193ee167-5b3d-4e8e-bf07-8beaa8208393 - - - - - -] Attempt 1 to provision port ff2b63ca-8d31-43da-b3f4-c6af0566d8b5
2026-07-16 08:10:50.417 9 INFO neutron.plugins.ml2.plugin [None req-193ee167-5b3d-4e8e-bf07-8beaa8208393 - - - - - -] Attempt 1 to provision port 97098068-3274-4273-9298-6fa819383f4f
2026-07-16 08:10:50.562 10 INFO neutron.plugins.ml2.plugin [None req-edd93bea-e64c-42fe-aa8c-e5dcc06de35f - - - - - -] Attempt 1 to provision port 97098068-3274-4273-9298-6fa819383f4f
2026-07-16 08:10:51.210 9 INFO neutron.plugins.ml2.plugin [None req-b12e615e-19e8-4af0-9bcd-5967eebf559c - - - - - -] Attempt 1 to provision port 97098068-3274-4273-9298-6fa819383f4f
2026-07-16 08:10:51.366 10 INFO neutron.plugins.ml2.plugin [None req-59706308-c3cd-4b5f-96cf-b5b8245c9edf - - - - - -] Attempt 1 to provision port ff2b63ca-8d31-43da-b3f4-c6af0566d8b5
2026-07-16 08:10:54.135 9 INFO neutron.notifiers.nova [-] Nova event matching ['req-09a192d5-3aca-4447-a482-7005578f3e03'] response: {'server_uuid': '7f04509c-00a0-4fee-ac9f-e13cef1f39ec', 'name': 'network-vif-unplugged', 'status': 'completed', 'tag': 'fe70413e-77f3-4639-9885-9f0c1fc868a5', 'code': 200}
2026-07-16 08:10:57.569 10 INFO neutron.plugins.ml2.plugin [None req-59706308-c3cd-4b5f-96cf-b5b8245c9edf - - - - - -] Attempt 1 to provision port ac42e549-0d92-4ac6-8372-b381c447da97
2026-07-16 08:10:59.139 9 INFO neutron.plugins.ml2.plugin [None req-7d160382-ec5f-4bc5-ae5e-751b5f840f3c - - - - - -] Attempt 1 to provision port ac42e549-0d92-4ac6-8372-b381c447da97
2026-07-16 08:10:59.413 10 INFO neutron.plugins.ml2.plugin [None req-50950b02-1c18-4127-addc-70397ae7a234 - - - - - -] Attempt 1 to provision port ac42e549-0d92-4ac6-8372-b381c447da97
2026-07-16 08:10:59.487 9 INFO neutron.plugins.ml2.plugin [None req-59706308-c3cd-4b5f-96cf-b5b8245c9edf - - - - - -] Attempt 1 to provision port a428bb4b-33f1-46aa-b34a-e3596490d19b
2026-07-16 08:11:00.305 9 INFO neutron.plugins.ml2.plugin [None req-59706308-c3cd-4b5f-96cf-b5b8245c9edf - - - - - -] Attempt 1 to provision port ac42e549-0d92-4ac6-8372-b381c447da97
2026-07-16 08:11:00.761 9 INFO neutron.plugins.ml2.plugin [None req-3e7fd499-bd1b-4f99-bdd7-401eb2bae480 - - - - - -] Attempt 1 to provision port a428bb4b-33f1-46aa-b34a-e3596490d19b
2026-07-16 08:11:01.158 9 INFO neutron.plugins.ml2.plugin [None req-58d8ba40-09a2-48a4-bafa-e960c413a23b - - - - - -] Attempt 1 to provision port a428bb4b-33f1-46aa-b34a-e3596490d19b
2026-07-16 08:11:01.244 9 INFO neutron.plugins.ml2.plugin [None req-58d8ba40-09a2-48a4-bafa-e960c413a23b - - - - - -] Attempt 1 to provision port 37d45316-b5b2-4baf-8af3-18c5cc57e794 /var/lib/openstack/lib/python3.10/site-packages/oslo_db/sqlalchemy/enginefacade.py:676: SAWarning: DELETE statement on table 'portsecuritybindings' expected to delete 1 row(s); 0 were matched. Please set confirm_deleted_rows=False within the mapper configuration to prevent this warning. self.session.flush() /var/lib/openstack/lib/python3.10/site-packages/oslo_db/sqlalchemy/enginefacade.py:676: SAWarning: DELETE statement on table 'ml2_port_bindings' expected to delete 1 row(s); 0 were matched. Please set confirm_deleted_rows=False within the mapper configuration to prevent this warning. self.session.flush() /var/lib/openstack/lib/python3.10/site-packages/oslo_db/sqlalchemy/enginefacade.py:676: SAWarning: DELETE statement on table 'ml2_port_binding_levels' expected to delete 1 row(s); 0 were matched. Please set confirm_deleted_rows=False within the mapper configuration to prevent this warning. self.session.flush() /var/lib/openstack/lib/python3.10/site-packages/oslo_db/sqlalchemy/enginefacade.py:676: SAWarning: DELETE statement on table 'ports' expected to delete 1 row(s); 0 were matched. Please set confirm_deleted_rows=False within the mapper configuration to prevent this warning. self.session.flush()
2026-07-16 08:11:01.521 9 INFO neutron.plugins.ml2.plugin [None req-59706308-c3cd-4b5f-96cf-b5b8245c9edf - - - - - -] Attempt 1 to provision port a428bb4b-33f1-46aa-b34a-e3596490d19b
2026-07-16 08:11:01.616 10 INFO neutron.plugins.ml2.plugin [None req-9301b22b-53f5-4cb0-bda7-923491295328 - - - - - -] Attempt 1 to provision port 37d45316-b5b2-4baf-8af3-18c5cc57e794
2026-07-16 08:11:01.975 9 INFO neutron.plugins.ml2.plugin [None req-f2629b88-7847-4c34-9809-e14d6885b253 - - - - - -] Attempt 1 to provision port 37d45316-b5b2-4baf-8af3-18c5cc57e794
2026-07-16 08:11:05.769 9 INFO neutron.plugins.ml2.plugin [None req-00568005-a4b9-4f9c-a3de-e63695578f85 - - - - - -] Attempt 1 to provision port 277dfef4-e1af-4680-a7eb-b89e868bfb4e
