2026-07-16 08:12:47.322 8 INFO placement.requestlog [None req-dd9c082a-9708-427e-8269-010bad14f119 e7eed4117dcd4c77b4d65e1009c594a4 fa16be6cba304e0781b4e227c88fb3c8 - - 188eb4bd5ca04ef2b370a02271bb067f 188eb4bd5ca04ef2b370a02271bb067f] 10.0.0.252 "DELETE /resource_providers/b40b41b0-bfdb-4c92-a4a2-98e6e42cd227" status: 404 len: 246 microversion: 1.1 [pid: 8|app: 0|req: 543/1082] 10.0.0.252 () {34 vars in 816 bytes} [Thu Jul 16 08:12:47 2026] DELETE /resource_providers/b40b41b0-bfdb-4c92-a4a2-98e6e42cd227 => generated 246 bytes in 10 msecs (HTTP/1.1 404) 6 headers in 231 bytes (1 switches on core 0)
2026-07-16 08:12:47.331 7 INFO placement.requestlog [None req-1fe632a9-09d5-418a-a3d2-aa122da68d8f e7eed4117dcd4c77b4d65e1009c594a4 fa16be6cba304e0781b4e227c88fb3c8 - - 188eb4bd5ca04ef2b370a02271bb067f 188eb4bd5ca04ef2b370a02271bb067f] 10.0.0.252 "DELETE /resource_providers/b40b41b0-bfdb-4c92-a4a2-98e6e42cd227" status: 404 len: 246 microversion: 1.1 [pid: 7|app: 0|req: 540/1083] 10.0.0.252 () {34 vars in 816 bytes} [Thu Jul 16 08:12:47 2026] DELETE /resource_providers/b40b41b0-bfdb-4c92-a4a2-98e6e42cd227 => generated 246 bytes in 14 msecs (HTTP/1.1 404) 6 headers in 231 bytes (1 switches on core 0)
2026-07-16 08:12:49.152 8 INFO placement.requestlog [None req-b6e3a252-fd72-4178-b49c-27281d4bfb1f e7eed4117dcd4c77b4d65e1009c594a4 fa16be6cba304e0781b4e227c88fb3c8 - - 188eb4bd5ca04ef2b370a02271bb067f 188eb4bd5ca04ef2b370a02271bb067f] 10.0.0.252 "GET /resource_providers/6649bb91-3b27-41a3-a743-040e249d2356/aggregates" status: 404 len: 235 microversion: 1.1 [pid: 8|app: 0|req: 544/1084] 10.0.0.252 () {32 vars in 816 bytes} [Thu Jul 16 08:12:49 2026] GET /resource_providers/6649bb91-3b27-41a3-a743-040e249d2356/aggregates => generated 235 bytes in 12 msecs (HTTP/1.1 404) 5 headers in 202 bytes (1 switches on core 0)
2026-07-16 08:12:49.157 7 INFO placement.requestlog [None req-c2a714ae-f7d1-42f2-85d8-848e7ed0547c e7eed4117dcd4c77b4d65e1009c594a4 fa16be6cba304e0781b4e227c88fb3c8 - - 188eb4bd5ca04ef2b370a02271bb067f 188eb4bd5ca04ef2b370a02271bb067f] 10.0.0.252 "GET /resource_providers/6649bb91-3b27-41a3-a743-040e249d2356/aggregates" status: 404 len: 235 microversion: 1.1 [pid: 7|app: 0|req: 541/1085] 10.0.0.252 () {32 vars in 816 bytes} [Thu Jul 16 08:12:49 2026] GET /resource_providers/6649bb91-3b27-41a3-a743-040e249d2356/aggregates => generated 235 bytes in 14 msecs (HTTP/1.1 404) 5 headers in 202 bytes (1 switches on core 0)
2026-07-16 08:12:49.175 7 INFO placement.requestlog [None req-9e3cd7dc-2a9e-4f80-8a7b-b1412cc3b128 e7eed4117dcd4c77b4d65e1009c594a4 fa16be6cba304e0781b4e227c88fb3c8 - - 188eb4bd5ca04ef2b370a02271bb067f 188eb4bd5ca04ef2b370a02271bb067f] 10.0.0.252 "DELETE /resource_providers/6649bb91-3b27-41a3-a743-040e249d2356" status: 404 len: 246 microversion: 1.1 [pid: 7|app: 0|req: 542/1086] 10.0.0.252 () {34 vars in 816 bytes} [Thu Jul 16 08:12:49 2026] DELETE /resource_providers/6649bb91-3b27-41a3-a743-040e249d2356 => generated 246 bytes in 11 msecs (HTTP/1.1 404) 6 headers in 231 bytes (1 switches on core 0)
2026-07-16 08:12:49.176 8 INFO placement.requestlog [None req-264f69f9-fea9-4ca4-b92c-cab999549721 e7eed4117dcd4c77b4d65e1009c594a4 fa16be6cba304e0781b4e227c88fb3c8 - - 188eb4bd5ca04ef2b370a02271bb067f 188eb4bd5ca04ef2b370a02271bb067f] 10.0.0.252 "DELETE /resource_providers/6649bb91-3b27-41a3-a743-040e249d2356" status: 404 len: 246 microversion: 1.1 [pid: 8|app: 0|req: 545/1087] 10.0.0.252 () {34 vars in 816 bytes} [Thu Jul 16 08:12:49 2026] DELETE /resource_providers/6649bb91-3b27-41a3-a743-040e249d2356 => generated 246 bytes in 18 msecs (HTTP/1.1 404) 6 headers in 231 bytes (1 switches on core 0)
2026-07-16 08:12:49.194 7 INFO placement.requestlog [None req-d49dfc4e-1223-46c3-b220-48be4e657e9f e7eed4117dcd4c77b4d65e1009c594a4 fa16be6cba304e0781b4e227c88fb3c8 - - 188eb4bd5ca04ef2b370a02271bb067f 188eb4bd5ca04ef2b370a02271bb067f] 10.0.0.252 "GET /resource_providers/3b1fef91-95b3-46f9-b8fe-6c32d0343bd0/aggregates" status: 404 len: 235 microversion: 1.1 [pid: 7|app: 0|req: 543/1088] 10.0.0.252 () {32 vars in 816 bytes} [Thu Jul 16 08:12:49 2026] GET /resource_providers/3b1fef91-95b3-46f9-b8fe-6c32d0343bd0/aggregates => generated 235 bytes in 10 msecs (HTTP/1.1 404) 5 headers in 202 bytes (1 switches on core 0)
2026-07-16 08:12:49.204 8 INFO placement.requestlog [None req-4e1b495c-cde6-4cc7-a845-38b2a4d49936 e7eed4117dcd4c77b4d65e1009c594a4 fa16be6cba304e0781b4e227c88fb3c8 - - 188eb4bd5ca04ef2b370a02271bb067f 188eb4bd5ca04ef2b370a02271bb067f] 10.0.0.252 "GET /resource_providers/3b1fef91-95b3-46f9-b8fe-6c32d0343bd0/aggregates" status: 404 len: 235 microversion: 1.1 [pid: 8|app: 0|req: 546/1089] 10.0.0.252 () {32 vars in 816 bytes} [Thu Jul 16 08:12:49 2026] GET /resource_providers/3b1fef91-95b3-46f9-b8fe-6c32d0343bd0/aggregates => generated 235 bytes in 11 msecs (HTTP/1.1 404) 5 headers in 202 bytes (1 switches on core 0)
2026-07-16 08:12:49.214 7 INFO placement.requestlog [None req-deddc73a-da50-431d-af8a-e15d29d3439e e7eed4117dcd4c77b4d65e1009c594a4 fa16be6cba304e0781b4e227c88fb3c8 - - 188eb4bd5ca04ef2b370a02271bb067f 188eb4bd5ca04ef2b370a02271bb067f] 10.0.0.252 "DELETE /resource_providers/3b1fef91-95b3-46f9-b8fe-6c32d0343bd0" status: 404 len: 246 microversion: 1.1 [pid: 7|app: 0|req: 544/1090] 10.0.0.252 () {34 vars in 816 bytes} [Thu Jul 16 08:12:49 2026] DELETE /resource_providers/3b1fef91-95b3-46f9-b8fe-6c32d0343bd0 => generated 246 bytes in 8 msecs (HTTP/1.1 404) 6 headers in 231 bytes (1 switches on core 0)
2026-07-16 08:12:49.226 8 INFO placement.requestlog [None req-9ef162bf-fb74-4ea5-a2d4-590a955177e9 e7eed4117dcd4c77b4d65e1009c594a4 fa16be6cba304e0781b4e227c88fb3c8 - - 188eb4bd5ca04ef2b370a02271bb067f 188eb4bd5ca04ef2b370a02271bb067f] 10.0.0.252 "DELETE /resource_providers/3b1fef91-95b3-46f9-b8fe-6c32d0343bd0" status: 404 len: 246 microversion: 1.1 [pid: 8|app: 0|req: 547/1091] 10.0.0.252 () {34 vars in 816 bytes} [Thu Jul 16 08:12:49 2026] DELETE /resource_providers/3b1fef91-95b3-46f9-b8fe-6c32d0343bd0 => generated 246 bytes in 13 msecs (HTTP/1.1 404) 6 headers in 231 bytes (1 switches on core 0)
2026-07-16 08:12:49.383 7 INFO placement.requestlog [None req-60eedaea-b43f-44a1-a675-c5cad8d24b1a e7eed4117dcd4c77b4d65e1009c594a4 fa16be6cba304e0781b4e227c88fb3c8 - - 188eb4bd5ca04ef2b370a02271bb067f 188eb4bd5ca04ef2b370a02271bb067f] 10.0.0.252 "GET /resource_providers/5f2fd626-1a53-4863-968c-66e20557072a/aggregates" status: 404 len: 235 microversion: 1.1 [pid: 7|app: 0|req: 545/1092] 10.0.0.252 () {32 vars in 816 bytes} [Thu Jul 16 08:12:49 2026] GET /resource_providers/5f2fd626-1a53-4863-968c-66e20557072a/aggregates => generated 235 bytes in 10 msecs (HTTP/1.1 404) 5 headers in 202 bytes (1 switches on core 0)
2026-07-16 08:12:49.394 8 INFO placement.requestlog [None req-545c3c5e-a170-48bd-a883-437782d36c88 e7eed4117dcd4c77b4d65e1009c594a4 fa16be6cba304e0781b4e227c88fb3c8 - - 188eb4bd5ca04ef2b370a02271bb067f 188eb4bd5ca04ef2b370a02271bb067f] 10.0.0.252 "GET /resource_providers/5f2fd626-1a53-4863-968c-66e20557072a/aggregates" status: 404 len: 235 microversion: 1.1 [pid: 8|app: 0|req: 548/1093] 10.0.0.252 () {32 vars in 816 bytes} [Thu Jul 16 08:12:49 2026] GET /resource_providers/5f2fd626-1a53-4863-968c-66e20557072a/aggregates => generated 235 bytes in 19 msecs (HTTP/1.1 404) 5 headers in 202 bytes (1 switches on core 0)
2026-07-16 08:12:49.398 7 INFO placement.requestlog [None req-43521d96-8882-4153-8b99-27af50337d83 e7eed4117dcd4c77b4d65e1009c594a4 fa16be6cba304e0781b4e227c88fb3c8 - - 188eb4bd5ca04ef2b370a02271bb067f 188eb4bd5ca04ef2b370a02271bb067f] 10.0.0.252 "DELETE /resource_providers/5f2fd626-1a53-4863-968c-66e20557072a" status: 404 len: 246 microversion: 1.1 [pid: 7|app: 0|req: 546/1094] 10.0.0.252 () {34 vars in 816 bytes} [Thu Jul 16 08:12:49 2026] DELETE /resource_providers/5f2fd626-1a53-4863-968c-66e20557072a => generated 246 bytes in 8 msecs (HTTP/1.1 404) 6 headers in 231 bytes (1 switches on core 0)
2026-07-16 08:12:49.413 8 INFO placement.requestlog [None req-378d86e2-b228-45d3-a3cf-b90197e6a9f9 e7eed4117dcd4c77b4d65e1009c594a4 fa16be6cba304e0781b4e227c88fb3c8 - - 188eb4bd5ca04ef2b370a02271bb067f 188eb4bd5ca04ef2b370a02271bb067f] 10.0.0.252 "DELETE /resource_providers/5f2fd626-1a53-4863-968c-66e20557072a" status: 404 len: 246 microversion: 1.1 [pid: 8|app: 0|req: 549/1095] 10.0.0.252 () {34 vars in 816 bytes} [Thu Jul 16 08:12:49 2026] DELETE /resource_providers/5f2fd626-1a53-4863-968c-66e20557072a => generated 246 bytes in 11 msecs (HTTP/1.1 404) 6 headers in 231 bytes (1 switches on core 0)
2026-07-16 08:12:52.787 7 INFO placement.requestlog [None req-04c49f9e-b8d7-4335-bf28-c93052a2887e - - - - - -] 10.0.0.198 "GET /" status: 200 len: 136 microversion: 1.0
2026-07-16 08:12:52.794 8 INFO placement.requestlog [None req-bc49ddbb-9155-45df-9a59-58eedd7ca9ee - - - - - -] 10.0.0.198 "GET /" status: 200 len: 136 microversion: 1.0
2026-07-16 08:12:57.401 7 INFO placement.requestlog [req-6fbf4fb6-a30b-4794-8b61-d1dfe80fa916 req-19fab225-b0c0-49df-bbcb-5349d0d31e4b 0802c1021e80425eaa9b9627d4f093f1 fa16be6cba304e0781b4e227c88fb3c8 - - 188eb4bd5ca04ef2b370a02271bb067f 188eb4bd5ca04ef2b370a02271bb067f] 10.0.0.136 "GET /allocation_candidates?limit=1000&resources=DISK_GB%3A1%2CMEMORY_MB%3A512%2CVCPU%3A1&root_required=%21COMPUTE_STATUS_DISABLED" status: 200 len: 2150 microversion: 1.36 [pid: 7|app: 0|req: 548/1098] 10.0.0.136 () {34 vars in 1012 bytes} [Thu Jul 16 08:12:57 2026] GET /allocation_candidates?limit=1000&resources=DISK_GB%3A1%2CMEMORY_MB%3A512%2CVCPU%3A1&root_required=%21COMPUTE_STATUS_DISABLED => generated 2150 bytes in 60 msecs (HTTP/1.1 200) 8 headers in 297 bytes (1 switches on core 0)
2026-07-16 08:12:57.464 8 INFO placement.requestlog [req-6fbf4fb6-a30b-4794-8b61-d1dfe80fa916 req-31300e8c-5099-483d-ba80-dd2a781fae2c 0802c1021e80425eaa9b9627d4f093f1 fa16be6cba304e0781b4e227c88fb3c8 - - 188eb4bd5ca04ef2b370a02271bb067f 188eb4bd5ca04ef2b370a02271bb067f] 10.0.0.136 "GET /allocations/beb7a808-5550-4a86-9f28-291071465110" status: 200 len: 19 microversion: 1.28 [pid: 8|app: 0|req: 551/1099] 10.0.0.136 () {34 vars in 861 bytes} [Thu Jul 16 08:12:57 2026] GET /allocations/beb7a808-5550-4a86-9f28-291071465110 => generated 19 bytes in 39 msecs (HTTP/1.1 200) 8 headers in 295 bytes (1 switches on core 0)
2026-07-16 08:12:57.587 7 INFO placement.requestlog [req-6fbf4fb6-a30b-4794-8b61-d1dfe80fa916 req-bc423350-bb9f-4da1-9bf3-bacbde3c2446 0802c1021e80425eaa9b9627d4f093f1 fa16be6cba304e0781b4e227c88fb3c8 - - 188eb4bd5ca04ef2b370a02271bb067f 188eb4bd5ca04ef2b370a02271bb067f] 10.0.0.136 "PUT /allocations/beb7a808-5550-4a86-9f28-291071465110" status: 204 len: 0 microversion: 1.36 [pid: 7|app: 0|req: 549/1100] 10.0.0.136 () {38 vars in 914 bytes} [Thu Jul 16 08:12:57 2026] PUT /allocations/beb7a808-5550-4a86-9f28-291071465110 => generated 0 bytes in 110 msecs (HTTP/1.1 204) 5 headers in 199 bytes (1 switches on core 0)
2026-07-16 08:12:57.890 8 INFO placement.requestlog [req-6fbf4fb6-a30b-4794-8b61-d1dfe80fa916 req-19ad3e40-7125-4af4-86af-4d8790d3cb85 0802c1021e80425eaa9b9627d4f093f1 fa16be6cba304e0781b4e227c88fb3c8 - - 188eb4bd5ca04ef2b370a02271bb067f 188eb4bd5ca04ef2b370a02271bb067f] 199.19.213.224 "GET /allocations/beb7a808-5550-4a86-9f28-291071465110" status: 200 len: 258 microversion: 1.28 [pid: 8|app: 0|req: 552/1101] 199.19.213.224 () {34 vars in 863 bytes} [Thu Jul 16 08:12:57 2026] GET /allocations/beb7a808-5550-4a86-9f28-291071465110 => generated 258 bytes in 23 msecs (HTTP/1.1 200) 8 headers in 296 bytes (1 switches on core 0)
2026-07-16 08:12:58.112 7 INFO placement.requestlog [req-6fbf4fb6-a30b-4794-8b61-d1dfe80fa916 req-a0801f2b-2dda-4d70-a26a-27c698c46f8b 0802c1021e80425eaa9b9627d4f093f1 fa16be6cba304e0781b4e227c88fb3c8 - - 188eb4bd5ca04ef2b370a02271bb067f 188eb4bd5ca04ef2b370a02271bb067f] 199.19.213.224 "GET /resource_providers/2a4a0ad9-093b-4afa-93ce-a5f4ffbc08f7/allocations" status: 200 len: 353 microversion: 1.0 [pid: 7|app: 0|req: 550/1102] 199.19.213.224 () {32 vars in 857 bytes} [Thu Jul 16 08:12:58 2026] GET /resource_providers/2a4a0ad9-093b-4afa-93ce-a5f4ffbc08f7/allocations => generated 353 bytes in 34 msecs (HTTP/1.1 200) 6 headers in 224 bytes (1 switches on core 0)
2026-07-16 08:12:58.138 8 INFO placement.requestlog [req-6fbf4fb6-a30b-4794-8b61-d1dfe80fa916 req-d44afcdf-d359-45da-a2fa-1f272a32b070 0802c1021e80425eaa9b9627d4f093f1 fa16be6cba304e0781b4e227c88fb3c8 - - 188eb4bd5ca04ef2b370a02271bb067f 188eb4bd5ca04ef2b370a02271bb067f] 199.19.213.224 "GET /allocations/beb7a808-5550-4a86-9f28-291071465110" status: 200 len: 258 microversion: 1.28 [pid: 8|app: 0|req: 553/1103] 199.19.213.224 () {34 vars in 863 bytes} [Thu Jul 16 08:12:58 2026] GET /allocations/beb7a808-5550-4a86-9f28-291071465110 => generated 258 bytes in 16 msecs (HTTP/1.1 200) 8 headers in 296 bytes (1 switches on core 0)
2026-07-16 08:12:58.167 7 INFO placement.requestlog [req-6fbf4fb6-a30b-4794-8b61-d1dfe80fa916 req-7e7394a4-1817-408f-a47a-75f3fc403f39 0802c1021e80425eaa9b9627d4f093f1 fa16be6cba304e0781b4e227c88fb3c8 - - 188eb4bd5ca04ef2b370a02271bb067f 188eb4bd5ca04ef2b370a02271bb067f] 199.19.213.224 "GET /allocations/504d59e0-6c41-4ce3-b447-9a27350b5a66" status: 200 len: 258 microversion: 1.28 [pid: 7|app: 0|req: 551/1104] 199.19.213.224 () {34 vars in 863 bytes} [Thu Jul 16 08:12:58 2026] GET /allocations/504d59e0-6c41-4ce3-b447-9a27350b5a66 => generated 258 bytes in 20 msecs (HTTP/1.1 200) 8 headers in 296 bytes (1 switches on core 0)
2026-07-16 08:12:58.201 8 INFO placement.requestlog [req-6fbf4fb6-a30b-4794-8b61-d1dfe80fa916 req-fcb69705-7be0-44d5-8f85-5364452a1ee8 0802c1021e80425eaa9b9627d4f093f1 fa16be6cba304e0781b4e227c88fb3c8 - - 188eb4bd5ca04ef2b370a02271bb067f 188eb4bd5ca04ef2b370a02271bb067f] 199.19.213.224 "GET /allocations/7157b044-ac1f-4bf2-a8e6-52bf690fe84f" status: 200 len: 258 microversion: 1.28 [pid: 8|app: 0|req: 554/1105] 199.19.213.224 () {34 vars in 863 bytes} [Thu Jul 16 08:12:58 2026] GET /allocations/7157b044-ac1f-4bf2-a8e6-52bf690fe84f => generated 258 bytes in 24 msecs (HTTP/1.1 200) 8 headers in 296 bytes (1 switches on core 0)
2026-07-16 08:12:59.588 7 INFO placement.requestlog [None req-4fbb7402-1bd9-4a6f-a064-1af59908fd01 e7eed4117dcd4c77b4d65e1009c594a4 fa16be6cba304e0781b4e227c88fb3c8 - - 188eb4bd5ca04ef2b370a02271bb067f 188eb4bd5ca04ef2b370a02271bb067f] 10.0.0.252 "GET /resource_providers/1ffcc8c5-a505-4ef0-82a9-c51b4aa31466/aggregates" status: 404 len: 235 microversion: 1.1 [pid: 7|app: 0|req: 552/1106] 10.0.0.252 () {32 vars in 816 bytes} [Thu Jul 16 08:12:59 2026] GET /resource_providers/1ffcc8c5-a505-4ef0-82a9-c51b4aa31466/aggregates => generated 235 bytes in 18 msecs (HTTP/1.1 404) 5 headers in 202 bytes (1 switches on core 0)
2026-07-16 08:12:59.593 8 INFO placement.requestlog [None req-ae69bb11-3fab-4523-badc-0117ae98d003 e7eed4117dcd4c77b4d65e1009c594a4 fa16be6cba304e0781b4e227c88fb3c8 - - 188eb4bd5ca04ef2b370a02271bb067f 188eb4bd5ca04ef2b370a02271bb067f] 10.0.0.252 "GET /resource_providers/1ffcc8c5-a505-4ef0-82a9-c51b4aa31466/aggregates" status: 404 len: 235 microversion: 1.1 [pid: 8|app: 0|req: 555/1107] 10.0.0.252 () {32 vars in 816 bytes} [Thu Jul 16 08:12:59 2026] GET /resource_providers/1ffcc8c5-a505-4ef0-82a9-c51b4aa31466/aggregates => generated 235 bytes in 15 msecs (HTTP/1.1 404) 5 headers in 202 bytes (1 switches on core 0)
2026-07-16 08:12:59.619 8 INFO placement.requestlog [None req-1ec40014-aeeb-4200-927e-960398a33841 e7eed4117dcd4c77b4d65e1009c594a4 fa16be6cba304e0781b4e227c88fb3c8 - - 188eb4bd5ca04ef2b370a02271bb067f 188eb4bd5ca04ef2b370a02271bb067f] 10.0.0.252 "DELETE /resource_providers/1ffcc8c5-a505-4ef0-82a9-c51b4aa31466" status: 404 len: 246 microversion: 1.1 [pid: 8|app: 0|req: 556/1108] 10.0.0.252 () {34 vars in 816 bytes} [Thu Jul 16 08:12:59 2026] DELETE /resource_providers/1ffcc8c5-a505-4ef0-82a9-c51b4aa31466 => generated 246 bytes in 12 msecs (HTTP/1.1 404) 6 headers in 231 bytes (1 switches on core 0)
2026-07-16 08:12:59.619 7 INFO placement.requestlog [None req-4794d1bf-35c5-47f2-83db-ad574d85f35c e7eed4117dcd4c77b4d65e1009c594a4 fa16be6cba304e0781b4e227c88fb3c8 - - 188eb4bd5ca04ef2b370a02271bb067f 188eb4bd5ca04ef2b370a02271bb067f] 10.0.0.252 "DELETE /resource_providers/1ffcc8c5-a505-4ef0-82a9-c51b4aa31466" status: 404 len: 246 microversion: 1.1 [pid: 7|app: 0|req: 553/1109] 10.0.0.252 () {34 vars in 816 bytes} [Thu Jul 16 08:12:59 2026] DELETE /resource_providers/1ffcc8c5-a505-4ef0-82a9-c51b4aa31466 => generated 246 bytes in 15 msecs (HTTP/1.1 404) 6 headers in 231 bytes (1 switches on core 0)
2026-07-16 08:13:00.016 7 INFO placement.requestlog [None req-d14864ad-75fc-46ec-978c-fd5939ccd825 e7eed4117dcd4c77b4d65e1009c594a4 fa16be6cba304e0781b4e227c88fb3c8 - - 188eb4bd5ca04ef2b370a02271bb067f 188eb4bd5ca04ef2b370a02271bb067f] 10.0.0.252 "GET /resource_providers/824358c9-637f-4b53-926e-815edc565123/aggregates" status: 404 len: 235 microversion: 1.1 [pid: 7|app: 0|req: 554/1110] 10.0.0.252 () {32 vars in 816 bytes} [Thu Jul 16 08:13:00 2026] GET /resource_providers/824358c9-637f-4b53-926e-815edc565123/aggregates => generated 235 bytes in 13 msecs (HTTP/1.1 404) 5 headers in 202 bytes (1 switches on core 0)
2026-07-16 08:13:00.021 8 INFO placement.requestlog [None req-df5a2322-2eb8-48ef-85cd-643ca0eb918f e7eed4117dcd4c77b4d65e1009c594a4 fa16be6cba304e0781b4e227c88fb3c8 - - 188eb4bd5ca04ef2b370a02271bb067f 188eb4bd5ca04ef2b370a02271bb067f] 10.0.0.252 "GET /resource_providers/824358c9-637f-4b53-926e-815edc565123/aggregates" status: 404 len: 235 microversion: 1.1 [pid: 8|app: 0|req: 557/1111] 10.0.0.252 () {32 vars in 816 bytes} [Thu Jul 16 08:13:00 2026] GET /resource_providers/824358c9-637f-4b53-926e-815edc565123/aggregates => generated 235 bytes in 17 msecs (HTTP/1.1 404) 5 headers in 202 bytes (1 switches on core 0)
2026-07-16 08:13:00.069 7 INFO placement.requestlog [None req-3cb17123-27ad-4441-b925-cb2b59c8ed3d e7eed4117dcd4c77b4d65e1009c594a4 fa16be6cba304e0781b4e227c88fb3c8 - - 188eb4bd5ca04ef2b370a02271bb067f 188eb4bd5ca04ef2b370a02271bb067f] 10.0.0.252 "DELETE /resource_providers/824358c9-637f-4b53-926e-815edc565123" status: 404 len: 246 microversion: 1.1 [pid: 7|app: 0|req: 555/1112] 10.0.0.252 () {34 vars in 816 bytes} [Thu Jul 16 08:13:00 2026] DELETE /resource_providers/824358c9-637f-4b53-926e-815edc565123 => generated 246 bytes in 16 msecs (HTTP/1.1 404) 6 headers in 231 bytes (1 switches on core 0)
2026-07-16 08:13:00.094 8 INFO placement.requestlog [None req-a40025c9-b503-4710-acaf-35e6f3471856 e7eed4117dcd4c77b4d65e1009c594a4 fa16be6cba304e0781b4e227c88fb3c8 - - 188eb4bd5ca04ef2b370a02271bb067f 188eb4bd5ca04ef2b370a02271bb067f] 10.0.0.252 "DELETE /resource_providers/824358c9-637f-4b53-926e-815edc565123" status: 404 len: 246 microversion: 1.1 [pid: 8|app: 0|req: 558/1113] 10.0.0.252 () {34 vars in 816 bytes} [Thu Jul 16 08:13:00 2026] DELETE /resource_providers/824358c9-637f-4b53-926e-815edc565123 => generated 246 bytes in 37 msecs (HTTP/1.1 404) 6 headers in 231 bytes (1 switches on core 0)
2026-07-16 08:13:02.262 8 INFO placement.requestlog [None req-3415585c-941e-46a4-a208-e799f0851587 e7eed4117dcd4c77b4d65e1009c594a4 fa16be6cba304e0781b4e227c88fb3c8 - - 188eb4bd5ca04ef2b370a02271bb067f 188eb4bd5ca04ef2b370a02271bb067f] 10.0.0.252 "GET /resource_providers/276e9726-0efa-4dd1-b870-cff8b6ae0e78/aggregates" status: 404 len: 235 microversion: 1.1 [pid: 8|app: 0|req: 559/1114] 10.0.0.252 () {32 vars in 816 bytes} [Thu Jul 16 08:13:02 2026] GET /resource_providers/276e9726-0efa-4dd1-b870-cff8b6ae0e78/aggregates => generated 235 bytes in 14 msecs (HTTP/1.1 404) 5 headers in 202 bytes (1 switches on core 0)
2026-07-16 08:13:02.265 7 INFO placement.requestlog [None req-9b4e341a-e15b-4ade-8222-415e9da565c7 e7eed4117dcd4c77b4d65e1009c594a4 fa16be6cba304e0781b4e227c88fb3c8 - - 188eb4bd5ca04ef2b370a02271bb067f 188eb4bd5ca04ef2b370a02271bb067f] 10.0.0.252 "GET /resource_providers/276e9726-0efa-4dd1-b870-cff8b6ae0e78/aggregates" status: 404 len: 235 microversion: 1.1 [pid: 7|app: 0|req: 556/1115] 10.0.0.252 () {32 vars in 816 bytes} [Thu Jul 16 08:13:02 2026] GET /resource_providers/276e9726-0efa-4dd1-b870-cff8b6ae0e78/aggregates => generated 235 bytes in 17 msecs (HTTP/1.1 404) 5 headers in 202 bytes (1 switches on core 0)
2026-07-16 08:13:02.283 8 INFO placement.requestlog [None req-0df87488-4ed9-4ff0-b05e-8688e6b1cf58 e7eed4117dcd4c77b4d65e1009c594a4 fa16be6cba304e0781b4e227c88fb3c8 - - 188eb4bd5ca04ef2b370a02271bb067f 188eb4bd5ca04ef2b370a02271bb067f] 10.0.0.252 "DELETE /resource_providers/276e9726-0efa-4dd1-b870-cff8b6ae0e78" status: 404 len: 246 microversion: 1.1 [pid: 8|app: 0|req: 560/1116] 10.0.0.252 () {34 vars in 816 bytes} [Thu Jul 16 08:13:02 2026] DELETE /resource_providers/276e9726-0efa-4dd1-b870-cff8b6ae0e78 => generated 246 bytes in 9 msecs (HTTP/1.1 404) 6 headers in 231 bytes (1 switches on core 0)
2026-07-16 08:13:02.294 7 INFO placement.requestlog [None req-150e6f92-0320-4711-bc5a-785079ea798c e7eed4117dcd4c77b4d65e1009c594a4 fa16be6cba304e0781b4e227c88fb3c8 - - 188eb4bd5ca04ef2b370a02271bb067f 188eb4bd5ca04ef2b370a02271bb067f] 10.0.0.252 "DELETE /resource_providers/276e9726-0efa-4dd1-b870-cff8b6ae0e78" status: 404 len: 246 microversion: 1.1 [pid: 7|app: 0|req: 557/1117] 10.0.0.252 () {34 vars in 816 bytes} [Thu Jul 16 08:13:02 2026] DELETE /resource_providers/276e9726-0efa-4dd1-b870-cff8b6ae0e78 => generated 246 bytes in 14 msecs (HTTP/1.1 404) 6 headers in 231 bytes (1 switches on core 0)
2026-07-16 08:13:02.299 8 INFO placement.requestlog [None req-7dee7764-57fd-4a44-9406-1bf454a0536c e7eed4117dcd4c77b4d65e1009c594a4 fa16be6cba304e0781b4e227c88fb3c8 - - 188eb4bd5ca04ef2b370a02271bb067f 188eb4bd5ca04ef2b370a02271bb067f] 10.0.0.252 "GET /resource_providers/c14d7aa2-82e7-4921-86c9-3a13963b903c/aggregates" status: 404 len: 235 microversion: 1.1 [pid: 8|app: 0|req: 561/1118] 10.0.0.252 () {32 vars in 816 bytes} [Thu Jul 16 08:13:02 2026] GET /resource_providers/c14d7aa2-82e7-4921-86c9-3a13963b903c/aggregates => generated 235 bytes in 7 msecs (HTTP/1.1 404) 5 headers in 202 bytes (1 switches on core 0)
2026-07-16 08:13:02.313 7 INFO placement.requestlog [None req-253318d9-ad09-4927-ba33-6a630859e174 e7eed4117dcd4c77b4d65e1009c594a4 fa16be6cba304e0781b4e227c88fb3c8 - - 188eb4bd5ca04ef2b370a02271bb067f 188eb4bd5ca04ef2b370a02271bb067f] 10.0.0.252 "GET /resource_providers/c14d7aa2-82e7-4921-86c9-3a13963b903c/aggregates" status: 404 len: 235 microversion: 1.1 [pid: 7|app: 0|req: 558/1119] 10.0.0.252 () {32 vars in 816 bytes} [Thu Jul 16 08:13:02 2026] GET /resource_providers/c14d7aa2-82e7-4921-86c9-3a13963b903c/aggregates => generated 235 bytes in 11 msecs (HTTP/1.1 404) 5 headers in 202 bytes (1 switches on core 0)
2026-07-16 08:13:02.318 8 INFO placement.requestlog [None req-ba0ae08d-87e9-4fed-a194-01863f0f0c43 e7eed4117dcd4c77b4d65e1009c594a4 fa16be6cba304e0781b4e227c88fb3c8 - - 188eb4bd5ca04ef2b370a02271bb067f 188eb4bd5ca04ef2b370a02271bb067f] 10.0.0.252 "DELETE /resource_providers/c14d7aa2-82e7-4921-86c9-3a13963b903c" status: 404 len: 246 microversion: 1.1 [pid: 8|app: 0|req: 562/1120] 10.0.0.252 () {34 vars in 816 bytes} [Thu Jul 16 08:13:02 2026] DELETE /resource_providers/c14d7aa2-82e7-4921-86c9-3a13963b903c => generated 246 bytes in 11 msecs (HTTP/1.1 404) 6 headers in 231 bytes (1 switches on core 0)
2026-07-16 08:13:02.338 8 INFO placement.requestlog [None req-e18b1465-1ff4-4a02-883d-2ff6608e36c5 e7eed4117dcd4c77b4d65e1009c594a4 fa16be6cba304e0781b4e227c88fb3c8 - - 188eb4bd5ca04ef2b370a02271bb067f 188eb4bd5ca04ef2b370a02271bb067f] 10.0.0.252 "GET /resource_providers/8e209709-13ea-4b0a-b75d-12def7dd2df0/aggregates" status: 404 len: 235 microversion: 1.1 [pid: 8|app: 0|req: 563/1121] 10.0.0.252 () {32 vars in 816 bytes} [Thu Jul 16 08:13:02 2026] GET /resource_providers/8e209709-13ea-4b0a-b75d-12def7dd2df0/aggregates => generated 235 bytes in 10 msecs (HTTP/1.1 404) 5 headers in 202 bytes (1 switches on core 0)
2026-07-16 08:13:02.341 7 INFO placement.requestlog [None req-85b0e3b2-14d0-43a9-a9ee-0d196478931c e7eed4117dcd4c77b4d65e1009c594a4 fa16be6cba304e0781b4e227c88fb3c8 - - 188eb4bd5ca04ef2b370a02271bb067f 188eb4bd5ca04ef2b370a02271bb067f] 10.0.0.252 "DELETE /resource_providers/c14d7aa2-82e7-4921-86c9-3a13963b903c" status: 404 len: 246 microversion: 1.1 [pid: 7|app: 0|req: 559/1122] 10.0.0.252 () {34 vars in 816 bytes} [Thu Jul 16 08:13:02 2026] DELETE /resource_providers/c14d7aa2-82e7-4921-86c9-3a13963b903c => generated 246 bytes in 12 msecs (HTTP/1.1 404) 6 headers in 231 bytes (1 switches on core 0)
2026-07-16 08:13:02.365 8 INFO placement.requestlog [None req-2ff3f3ae-85bc-4749-8fae-6758ea5e1427 e7eed4117dcd4c77b4d65e1009c594a4 fa16be6cba304e0781b4e227c88fb3c8 - - 188eb4bd5ca04ef2b370a02271bb067f 188eb4bd5ca04ef2b370a02271bb067f] 10.0.0.252 "DELETE /resource_providers/8e209709-13ea-4b0a-b75d-12def7dd2df0" status: 404 len: 246 microversion: 1.1 [pid: 8|app: 0|req: 564/1123] 10.0.0.252 () {34 vars in 816 bytes} [Thu Jul 16 08:13:02 2026] DELETE /resource_providers/8e209709-13ea-4b0a-b75d-12def7dd2df0 => generated 246 bytes in 10 msecs (HTTP/1.1 404) 6 headers in 231 bytes (1 switches on core 0)
2026-07-16 08:13:02.370 7 INFO placement.requestlog [None req-d07cb460-ba1e-4b89-9cef-a39af019ff6b e7eed4117dcd4c77b4d65e1009c594a4 fa16be6cba304e0781b4e227c88fb3c8 - - 188eb4bd5ca04ef2b370a02271bb067f 188eb4bd5ca04ef2b370a02271bb067f] 10.0.0.252 "GET /resource_providers/8e209709-13ea-4b0a-b75d-12def7dd2df0/aggregates" status: 404 len: 235 microversion: 1.1 [pid: 7|app: 0|req: 560/1124] 10.0.0.252 () {32 vars in 816 bytes} [Thu Jul 16 08:13:02 2026] GET /resource_providers/8e209709-13ea-4b0a-b75d-12def7dd2df0/aggregates => generated 235 bytes in 13 msecs (HTTP/1.1 404) 5 headers in 202 bytes (1 switches on core 0)
2026-07-16 08:13:02.396 8 INFO placement.requestlog [None req-180c2508-77f2-41cd-ab6b-e0df74a01422 e7eed4117dcd4c77b4d65e1009c594a4 fa16be6cba304e0781b4e227c88fb3c8 - - 188eb4bd5ca04ef2b370a02271bb067f 188eb4bd5ca04ef2b370a02271bb067f] 10.0.0.252 "DELETE /resource_providers/8e209709-13ea-4b0a-b75d-12def7dd2df0" status: 404 len: 246 microversion: 1.1 [pid: 8|app: 0|req: 565/1125] 10.0.0.252 () {34 vars in 816 bytes} [Thu Jul 16 08:13:02 2026] DELETE /resource_providers/8e209709-13ea-4b0a-b75d-12def7dd2df0 => generated 246 bytes in 17 msecs (HTTP/1.1 404) 6 headers in 231 bytes (1 switches on core 0)
2026-07-16 08:13:02.788 7 INFO placement.requestlog [None req-0ea8113e-eb29-4728-951e-57373117a02a - - - - - -] 10.0.0.198 "GET /" status: 200 len: 136 microversion: 1.0
2026-07-16 08:13:02.789 8 INFO placement.requestlog [None req-e017299c-1724-4ce3-b2fa-2ad0a7a1b91d - - - - - -] 10.0.0.198 "GET /" status: 200 len: 136 microversion: 1.0
2026-07-16 08:13:12.788 8 INFO placement.requestlog [None req-2a15209e-52fe-415e-8068-59b2b157b70a - - - - - -] 10.0.0.198 "GET /" status: 200 len: 136 microversion: 1.0
2026-07-16 08:13:12.788 7 INFO placement.requestlog [None req-e4225987-4d2a-4d38-89c4-52d01bbc4f68 - - - - - -] 10.0.0.198 "GET /" status: 200 len: 136 microversion: 1.0
2026-07-16 08:13:17.425 8 INFO placement.requestlog [req-a64af32c-8efa-4d4c-882c-e8e9d2c299a0 req-f98c0802-e6f7-4402-822c-b453fb6c4820 0802c1021e80425eaa9b9627d4f093f1 fa16be6cba304e0781b4e227c88fb3c8 - - 188eb4bd5ca04ef2b370a02271bb067f 188eb4bd5ca04ef2b370a02271bb067f] 199.19.213.224 "GET /resource_providers/2a4a0ad9-093b-4afa-93ce-a5f4ffbc08f7/allocations" status: 200 len: 353 microversion: 1.0 [pid: 8|app: 0|req: 568/1130] 199.19.213.224 () {32 vars in 857 bytes} [Thu Jul 16 08:13:17 2026] GET /resource_providers/2a4a0ad9-093b-4afa-93ce-a5f4ffbc08f7/allocations => generated 353 bytes in 19 msecs (HTTP/1.1 200) 6 headers in 224 bytes (1 switches on core 0)
2026-07-16 08:13:17.452 7 INFO placement.requestlog [req-a64af32c-8efa-4d4c-882c-e8e9d2c299a0 req-d76f1dab-e1e4-4af1-859e-4c356c8cfbdc 0802c1021e80425eaa9b9627d4f093f1 fa16be6cba304e0781b4e227c88fb3c8 - - 188eb4bd5ca04ef2b370a02271bb067f 188eb4bd5ca04ef2b370a02271bb067f] 199.19.213.224 "GET /allocations/beb7a808-5550-4a86-9f28-291071465110" status: 200 len: 258 microversion: 1.28 [pid: 7|app: 0|req: 563/1131] 199.19.213.224 () {34 vars in 863 bytes} [Thu Jul 16 08:13:17 2026] GET /allocations/beb7a808-5550-4a86-9f28-291071465110 => generated 258 bytes in 16 msecs (HTTP/1.1 200) 8 headers in 296 bytes (1 switches on core 0)
2026-07-16 08:13:17.475 8 INFO placement.requestlog [req-a64af32c-8efa-4d4c-882c-e8e9d2c299a0 req-f82c8079-1671-46f4-bf73-18b2db578840 0802c1021e80425eaa9b9627d4f093f1 fa16be6cba304e0781b4e227c88fb3c8 - - 188eb4bd5ca04ef2b370a02271bb067f 188eb4bd5ca04ef2b370a02271bb067f] 199.19.213.224 "GET /allocations/504d59e0-6c41-4ce3-b447-9a27350b5a66" status: 200 len: 258 microversion: 1.28 [pid: 8|app: 0|req: 569/1132] 199.19.213.224 () {34 vars in 863 bytes} [Thu Jul 16 08:13:17 2026] GET /allocations/504d59e0-6c41-4ce3-b447-9a27350b5a66 => generated 258 bytes in 14 msecs (HTTP/1.1 200) 8 headers in 296 bytes (1 switches on core 0)
2026-07-16 08:13:17.494 7 INFO placement.requestlog [req-a64af32c-8efa-4d4c-882c-e8e9d2c299a0 req-0d8054ab-5576-4caf-ac0c-9d90dd89a469 0802c1021e80425eaa9b9627d4f093f1 fa16be6cba304e0781b4e227c88fb3c8 - - 188eb4bd5ca04ef2b370a02271bb067f 188eb4bd5ca04ef2b370a02271bb067f] 199.19.213.224 "GET /allocations/7157b044-ac1f-4bf2-a8e6-52bf690fe84f" status: 200 len: 258 microversion: 1.28 [pid: 7|app: 0|req: 564/1133] 199.19.213.224 () {34 vars in 863 bytes} [Thu Jul 16 08:13:17 2026] GET /allocations/7157b044-ac1f-4bf2-a8e6-52bf690fe84f => generated 258 bytes in 9 msecs (HTTP/1.1 200) 8 headers in 296 bytes (1 switches on core 0)
2026-07-16 08:13:17.558 8 INFO placement.requestlog [req-a64af32c-8efa-4d4c-882c-e8e9d2c299a0 req-4a0d2c68-d649-461f-9b70-4842e9962ba2 0802c1021e80425eaa9b9627d4f093f1 fa16be6cba304e0781b4e227c88fb3c8 - - 188eb4bd5ca04ef2b370a02271bb067f 188eb4bd5ca04ef2b370a02271bb067f] 199.19.213.224 "DELETE /allocations/7157b044-ac1f-4bf2-a8e6-52bf690fe84f" status: 204 len: 0 microversion: 1.0 [pid: 8|app: 0|req: 570/1134] 199.19.213.224 () {34 vars in 841 bytes} [Thu Jul 16 08:13:17 2026] DELETE /allocations/7157b044-ac1f-4bf2-a8e6-52bf690fe84f => generated 0 bytes in 37 msecs (HTTP/1.1 204) 5 headers in 198 bytes (1 switches on core 0)
2026-07-16 08:13:18.891 7 INFO placement.requestlog [req-717f3421-53e0-4176-9f6b-38b473134bea req-a31aa702-a5e6-455c-8b9d-39071fefe5ae 0802c1021e80425eaa9b9627d4f093f1 fa16be6cba304e0781b4e227c88fb3c8 - - 188eb4bd5ca04ef2b370a02271bb067f 188eb4bd5ca04ef2b370a02271bb067f] 199.19.213.224 "GET /resource_providers/2a4a0ad9-093b-4afa-93ce-a5f4ffbc08f7/allocations" status: 200 len: 253 microversion: 1.0 [pid: 7|app: 0|req: 565/1135] 199.19.213.224 () {32 vars in 857 bytes} [Thu Jul 16 08:13:18 2026] GET /resource_providers/2a4a0ad9-093b-4afa-93ce-a5f4ffbc08f7/allocations => generated 253 bytes in 27 msecs (HTTP/1.1 200) 6 headers in 224 bytes (1 switches on core 0)
2026-07-16 08:13:18.916 8 INFO placement.requestlog [req-717f3421-53e0-4176-9f6b-38b473134bea req-d8440544-0d2e-4f98-ae3d-74b670b000e9 0802c1021e80425eaa9b9627d4f093f1 fa16be6cba304e0781b4e227c88fb3c8 - - 188eb4bd5ca04ef2b370a02271bb067f 188eb4bd5ca04ef2b370a02271bb067f] 199.19.213.224 "GET /allocations/beb7a808-5550-4a86-9f28-291071465110" status: 200 len: 258 microversion: 1.28 [pid: 8|app: 0|req: 571/1136] 199.19.213.224 () {34 vars in 863 bytes} [Thu Jul 16 08:13:18 2026] GET /allocations/beb7a808-5550-4a86-9f28-291071465110 => generated 258 bytes in 16 msecs (HTTP/1.1 200) 8 headers in 296 bytes (1 switches on core 0)
2026-07-16 08:13:18.939 7 INFO placement.requestlog [req-717f3421-53e0-4176-9f6b-38b473134bea req-04df97f9-873d-4c5b-92e0-a66960db3ab2 0802c1021e80425eaa9b9627d4f093f1 fa16be6cba304e0781b4e227c88fb3c8 - - 188eb4bd5ca04ef2b370a02271bb067f 188eb4bd5ca04ef2b370a02271bb067f] 199.19.213.224 "GET /allocations/504d59e0-6c41-4ce3-b447-9a27350b5a66" status: 200 len: 258 microversion: 1.28 [pid: 7|app: 0|req: 566/1137] 199.19.213.224 () {34 vars in 863 bytes} [Thu Jul 16 08:13:18 2026] GET /allocations/504d59e0-6c41-4ce3-b447-9a27350b5a66 => generated 258 bytes in 15 msecs (HTTP/1.1 200) 8 headers in 296 bytes (1 switches on core 0)
2026-07-16 08:13:18.998 8 INFO placement.requestlog [req-717f3421-53e0-4176-9f6b-38b473134bea req-0d21c284-a471-4200-a3cd-0b6d0e8d5342 0802c1021e80425eaa9b9627d4f093f1 fa16be6cba304e0781b4e227c88fb3c8 - - 188eb4bd5ca04ef2b370a02271bb067f 188eb4bd5ca04ef2b370a02271bb067f] 199.19.213.224 "DELETE /allocations/beb7a808-5550-4a86-9f28-291071465110" status: 204 len: 0 microversion: 1.0 [pid: 8|app: 0|req: 572/1138] 199.19.213.224 () {34 vars in 841 bytes} [Thu Jul 16 08:13:18 2026] DELETE /allocations/beb7a808-5550-4a86-9f28-291071465110 => generated 0 bytes in 33 msecs (HTTP/1.1 204) 5 headers in 198 bytes (1 switches on core 0)
2026-07-16 08:13:19.708 7 INFO placement.requestlog [None req-b4604bdc-8837-461d-9c04-8de82e6dfe2e e7eed4117dcd4c77b4d65e1009c594a4 fa16be6cba304e0781b4e227c88fb3c8 - - 188eb4bd5ca04ef2b370a02271bb067f 188eb4bd5ca04ef2b370a02271bb067f] 10.0.0.252 "GET /resource_providers/b27a033a-3c69-4e99-a4cb-7805bdf0e37e/aggregates" status: 404 len: 235 microversion: 1.1
2026-07-16 08:13:19.708 8 INFO placement.requestlog [None req-0437db92-fe7e-4188-a722-a7d480d393b5 e7eed4117dcd4c77b4d65e1009c594a4 fa16be6cba304e0781b4e227c88fb3c8 - - 188eb4bd5ca04ef2b370a02271bb067f 188eb4bd5ca04ef2b370a02271bb067f] 10.0.0.252 "GET /resource_providers/b27a033a-3c69-4e99-a4cb-7805bdf0e37e/aggregates" status: 404 len: 235 microversion: 1.1 [pid: 7|app: 0|req: 567/1139] 10.0.0.252 () {32 vars in 816 bytes} [Thu Jul 16 08:13:19 2026] GET /resource_providers/b27a033a-3c69-4e99-a4cb-7805bdf0e37e/aggregates => generated 235 bytes in 12 msecs (HTTP/1.1 404) 5 headers in 202 bytes (1 switches on core 0) [pid: 8|app: 0|req: 573/1140] 10.0.0.252 () {32 vars in 816 bytes} [Thu Jul 16 08:13:19 2026] GET /resource_providers/b27a033a-3c69-4e99-a4cb-7805bdf0e37e/aggregates => generated 235 bytes in 12 msecs (HTTP/1.1 404) 5 headers in 202 bytes (1 switches on core 0)
2026-07-16 08:13:19.733 7 INFO placement.requestlog [None req-aeb5b8a6-22d3-49d8-a356-81aeaee27ceb e7eed4117dcd4c77b4d65e1009c594a4 fa16be6cba304e0781b4e227c88fb3c8 - - 188eb4bd5ca04ef2b370a02271bb067f 188eb4bd5ca04ef2b370a02271bb067f] 10.0.0.252 "DELETE /resource_providers/b27a033a-3c69-4e99-a4cb-7805bdf0e37e" status: 404 len: 246 microversion: 1.1 [pid: 7|app: 0|req: 568/1141] 10.0.0.252 () {34 vars in 816 bytes} [Thu Jul 16 08:13:19 2026] DELETE /resource_providers/b27a033a-3c69-4e99-a4cb-7805bdf0e37e => generated 246 bytes in 13 msecs (HTTP/1.1 404) 6 headers in 231 bytes (1 switches on core 0)
2026-07-16 08:13:19.736 8 INFO placement.requestlog [None req-2b29b105-26f1-4d6d-a594-10f30d19bc78 e7eed4117dcd4c77b4d65e1009c594a4 fa16be6cba304e0781b4e227c88fb3c8 - - 188eb4bd5ca04ef2b370a02271bb067f 188eb4bd5ca04ef2b370a02271bb067f] 10.0.0.252 "DELETE /resource_providers/b27a033a-3c69-4e99-a4cb-7805bdf0e37e" status: 404 len: 246 microversion: 1.1 [pid: 8|app: 0|req: 574/1142] 10.0.0.252 () {34 vars in 816 bytes} [Thu Jul 16 08:13:19 2026] DELETE /resource_providers/b27a033a-3c69-4e99-a4cb-7805bdf0e37e => generated 246 bytes in 14 msecs (HTTP/1.1 404) 6 headers in 231 bytes (1 switches on core 0)
2026-07-16 08:13:22.272 7 INFO placement.requestlog [req-3abd068a-b497-4f64-9282-f5c83fc53ac2 req-a40bdc93-ce3f-4dc1-a153-8a13ad2b4807 0802c1021e80425eaa9b9627d4f093f1 fa16be6cba304e0781b4e227c88fb3c8 - - 188eb4bd5ca04ef2b370a02271bb067f 188eb4bd5ca04ef2b370a02271bb067f] 199.19.213.224 "GET /resource_providers/2a4a0ad9-093b-4afa-93ce-a5f4ffbc08f7/allocations" status: 200 len: 153 microversion: 1.0 [pid: 7|app: 0|req: 569/1143] 199.19.213.224 () {32 vars in 857 bytes} [Thu Jul 16 08:13:22 2026] GET /resource_providers/2a4a0ad9-093b-4afa-93ce-a5f4ffbc08f7/allocations => generated 153 bytes in 21 msecs (HTTP/1.1 200) 6 headers in 224 bytes (1 switches on core 0)
2026-07-16 08:13:22.293 8 INFO placement.requestlog [req-3abd068a-b497-4f64-9282-f5c83fc53ac2 req-06fa5f12-9ca4-43f8-84fb-5517b76c5fdc 0802c1021e80425eaa9b9627d4f093f1 fa16be6cba304e0781b4e227c88fb3c8 - - 188eb4bd5ca04ef2b370a02271bb067f 188eb4bd5ca04ef2b370a02271bb067f] 199.19.213.224 "GET /allocations/504d59e0-6c41-4ce3-b447-9a27350b5a66" status: 200 len: 258 microversion: 1.28 [pid: 8|app: 0|req: 575/1144] 199.19.213.224 () {34 vars in 863 bytes} [Thu Jul 16 08:13:22 2026] GET /allocations/504d59e0-6c41-4ce3-b447-9a27350b5a66 => generated 258 bytes in 14 msecs (HTTP/1.1 200) 8 headers in 296 bytes (1 switches on core 0)
2026-07-16 08:13:22.356 7 INFO placement.requestlog [req-3abd068a-b497-4f64-9282-f5c83fc53ac2 req-2dc9bb4e-9617-41dd-b5f5-3d53515d8acd 0802c1021e80425eaa9b9627d4f093f1 fa16be6cba304e0781b4e227c88fb3c8 - - 188eb4bd5ca04ef2b370a02271bb067f 188eb4bd5ca04ef2b370a02271bb067f] 199.19.213.224 "DELETE /allocations/504d59e0-6c41-4ce3-b447-9a27350b5a66" status: 204 len: 0 microversion: 1.0 [pid: 7|app: 0|req: 570/1145] 199.19.213.224 () {34 vars in 841 bytes} [Thu Jul 16 08:13:22 2026] DELETE /allocations/504d59e0-6c41-4ce3-b447-9a27350b5a66 => generated 0 bytes in 35 msecs (HTTP/1.1 204) 5 headers in 198 bytes (1 switches on core 0)
2026-07-16 08:13:22.535 8 INFO placement.requestlog [None req-0fe54120-d8d3-45d1-9129-15e555c7ce6d e7eed4117dcd4c77b4d65e1009c594a4 fa16be6cba304e0781b4e227c88fb3c8 - - 188eb4bd5ca04ef2b370a02271bb067f 188eb4bd5ca04ef2b370a02271bb067f] 10.0.0.252 "GET /resource_providers/89282d4c-cc98-4e84-9c34-a257589bd6f2/aggregates" status: 404 len: 235 microversion: 1.1 [pid: 8|app: 0|req: 576/1146] 10.0.0.252 () {32 vars in 816 bytes} [Thu Jul 16 08:13:22 2026] GET /resource_providers/89282d4c-cc98-4e84-9c34-a257589bd6f2/aggregates => generated 235 bytes in 12 msecs (HTTP/1.1 404) 5 headers in 202 bytes (1 switches on core 0)
2026-07-16 08:13:22.546 7 INFO placement.requestlog [None req-ca534c7e-89e4-487f-8a33-f535ffc66ae5 e7eed4117dcd4c77b4d65e1009c594a4 fa16be6cba304e0781b4e227c88fb3c8 - - 188eb4bd5ca04ef2b370a02271bb067f 188eb4bd5ca04ef2b370a02271bb067f] 10.0.0.252 "GET /resource_providers/89282d4c-cc98-4e84-9c34-a257589bd6f2/aggregates" status: 404 len: 235 microversion: 1.1 [pid: 7|app: 0|req: 571/1147] 10.0.0.252 () {32 vars in 816 bytes} [Thu Jul 16 08:13:22 2026] GET /resource_providers/89282d4c-cc98-4e84-9c34-a257589bd6f2/aggregates => generated 235 bytes in 18 msecs (HTTP/1.1 404) 5 headers in 202 bytes (1 switches on core 0)
2026-07-16 08:13:22.573 7 INFO placement.requestlog [None req-a91cb6ca-fcdc-4130-99a5-03009c0cda98 e7eed4117dcd4c77b4d65e1009c594a4 fa16be6cba304e0781b4e227c88fb3c8 - - 188eb4bd5ca04ef2b370a02271bb067f 188eb4bd5ca04ef2b370a02271bb067f] 10.0.0.252 "DELETE /resource_providers/89282d4c-cc98-4e84-9c34-a257589bd6f2" status: 404 len: 246 microversion: 1.1 [pid: 7|app: 0|req: 572/1148] 10.0.0.252 () {34 vars in 816 bytes} [Thu Jul 16 08:13:22 2026] DELETE /resource_providers/89282d4c-cc98-4e84-9c34-a257589bd6f2 => generated 246 bytes in 12 msecs (HTTP/1.1 404) 6 headers in 231 bytes (1 switches on core 0)
2026-07-16 08:13:22.576 8 INFO placement.requestlog [None req-21d9eaeb-caf5-43ce-b708-45a6a9032016 e7eed4117dcd4c77b4d65e1009c594a4 fa16be6cba304e0781b4e227c88fb3c8 - - 188eb4bd5ca04ef2b370a02271bb067f 188eb4bd5ca04ef2b370a02271bb067f] 10.0.0.252 "DELETE /resource_providers/89282d4c-cc98-4e84-9c34-a257589bd6f2" status: 404 len: 246 microversion: 1.1 [pid: 8|app: 0|req: 577/1149] 10.0.0.252 () {34 vars in 816 bytes} [Thu Jul 16 08:13:22 2026] DELETE /resource_providers/89282d4c-cc98-4e84-9c34-a257589bd6f2 => generated 246 bytes in 16 msecs (HTTP/1.1 404) 6 headers in 231 bytes (1 switches on core 0)
2026-07-16 08:13:22.788 8 INFO placement.requestlog [None req-8c295deb-350d-43db-b301-f4cf91bd82c3 - - - - - -] 10.0.0.198 "GET /" status: 200 len: 136 microversion: 1.0
2026-07-16 08:13:22.789 7 INFO placement.requestlog [None req-db2e6d59-61c1-4780-a900-d72da3ac1bae - - - - - -] 10.0.0.198 "GET /" status: 200 len: 136 microversion: 1.0
2026-07-16 08:13:25.024 7 INFO placement.requestlog [None req-19b7bba9-e424-44e1-bbc7-03f5e3e5dff3 e7eed4117dcd4c77b4d65e1009c594a4 fa16be6cba304e0781b4e227c88fb3c8 - - 188eb4bd5ca04ef2b370a02271bb067f 188eb4bd5ca04ef2b370a02271bb067f] 10.0.0.252 "GET /resource_providers/4162d4c4-d28a-40c6-a9f4-ff2cefe418e9/aggregates" status: 404 len: 235 microversion: 1.1 [pid: 7|app: 0|req: 574/1152] 10.0.0.252 () {32 vars in 816 bytes} [Thu Jul 16 08:13:25 2026] GET /resource_providers/4162d4c4-d28a-40c6-a9f4-ff2cefe418e9/aggregates => generated 235 bytes in 12 msecs (HTTP/1.1 404) 5 headers in 202 bytes (1 switches on core 0)
2026-07-16 08:13:25.027 8 INFO placement.requestlog [None req-53e4a604-1350-4204-852a-5179f9cbf40d e7eed4117dcd4c77b4d65e1009c594a4 fa16be6cba304e0781b4e227c88fb3c8 - - 188eb4bd5ca04ef2b370a02271bb067f 188eb4bd5ca04ef2b370a02271bb067f] 10.0.0.252 "GET /resource_providers/4162d4c4-d28a-40c6-a9f4-ff2cefe418e9/aggregates" status: 404 len: 235 microversion: 1.1 [pid: 8|app: 0|req: 579/1153] 10.0.0.252 () {32 vars in 816 bytes} [Thu Jul 16 08:13:25 2026] GET /resource_providers/4162d4c4-d28a-40c6-a9f4-ff2cefe418e9/aggregates => generated 235 bytes in 17 msecs (HTTP/1.1 404) 5 headers in 202 bytes (1 switches on core 0)
2026-07-16 08:13:25.049 7 INFO placement.requestlog [None req-f31c58a1-8366-4ca8-8619-9ed430ad0065 e7eed4117dcd4c77b4d65e1009c594a4 fa16be6cba304e0781b4e227c88fb3c8 - - 188eb4bd5ca04ef2b370a02271bb067f 188eb4bd5ca04ef2b370a02271bb067f] 10.0.0.252 "DELETE /resource_providers/4162d4c4-d28a-40c6-a9f4-ff2cefe418e9" status: 404 len: 246 microversion: 1.1 [pid: 7|app: 0|req: 575/1154] 10.0.0.252 () {34 vars in 816 bytes} [Thu Jul 16 08:13:25 2026] DELETE /resource_providers/4162d4c4-d28a-40c6-a9f4-ff2cefe418e9 => generated 246 bytes in 10 msecs (HTTP/1.1 404) 6 headers in 231 bytes (1 switches on core 0)
2026-07-16 08:13:25.055 8 INFO placement.requestlog [None req-b07bf5bc-54ff-4f91-bb5d-56a11c613d64 e7eed4117dcd4c77b4d65e1009c594a4 fa16be6cba304e0781b4e227c88fb3c8 - - 188eb4bd5ca04ef2b370a02271bb067f 188eb4bd5ca04ef2b370a02271bb067f] 10.0.0.252 "DELETE /resource_providers/4162d4c4-d28a-40c6-a9f4-ff2cefe418e9" status: 404 len: 246 microversion: 1.1 [pid: 8|app: 0|req: 580/1155] 10.0.0.252 () {34 vars in 816 bytes} [Thu Jul 16 08:13:25 2026] DELETE /resource_providers/4162d4c4-d28a-40c6-a9f4-ff2cefe418e9 => generated 246 bytes in 14 msecs (HTTP/1.1 404) 6 headers in 231 bytes (1 switches on core 0)
2026-07-16 08:13:26.451 7 INFO placement.requestlog [None req-ee98a185-d30a-4826-ac0e-a6a4336f195f e7eed4117dcd4c77b4d65e1009c594a4 fa16be6cba304e0781b4e227c88fb3c8 - - 188eb4bd5ca04ef2b370a02271bb067f 188eb4bd5ca04ef2b370a02271bb067f] 10.0.0.252 "GET /resource_providers/d5f44f47-620c-4f6e-bd67-04a8822721d3/aggregates" status: 404 len: 235 microversion: 1.1 [pid: 7|app: 0|req: 576/1156] 10.0.0.252 () {32 vars in 816 bytes} [Thu Jul 16 08:13:26 2026] GET /resource_providers/d5f44f47-620c-4f6e-bd67-04a8822721d3/aggregates => generated 235 bytes in 12 msecs (HTTP/1.1 404) 5 headers in 202 bytes (1 switches on core 0)
2026-07-16 08:13:26.481 8 INFO placement.requestlog [None req-95cb8cae-e0e2-41ec-8314-44dd131e3100 e7eed4117dcd4c77b4d65e1009c594a4 fa16be6cba304e0781b4e227c88fb3c8 - - 188eb4bd5ca04ef2b370a02271bb067f 188eb4bd5ca04ef2b370a02271bb067f] 10.0.0.252 "GET /resource_providers/d5f44f47-620c-4f6e-bd67-04a8822721d3/aggregates" status: 404 len: 235 microversion: 1.1 [pid: 8|app: 0|req: 581/1157] 10.0.0.252 () {32 vars in 816 bytes} [Thu Jul 16 08:13:26 2026] GET /resource_providers/d5f44f47-620c-4f6e-bd67-04a8822721d3/aggregates => generated 235 bytes in 38 msecs (HTTP/1.1 404) 5 headers in 202 bytes (1 switches on core 0)
2026-07-16 08:13:26.483 7 INFO placement.requestlog [None req-7ae4d2fd-12a9-4eda-bb29-601b85118ad6 e7eed4117dcd4c77b4d65e1009c594a4 fa16be6cba304e0781b4e227c88fb3c8 - - 188eb4bd5ca04ef2b370a02271bb067f 188eb4bd5ca04ef2b370a02271bb067f] 10.0.0.252 "DELETE /resource_providers/d5f44f47-620c-4f6e-bd67-04a8822721d3" status: 404 len: 246 microversion: 1.1 [pid: 7|app: 0|req: 577/1158] 10.0.0.252 () {34 vars in 816 bytes} [Thu Jul 16 08:13:26 2026] DELETE /resource_providers/d5f44f47-620c-4f6e-bd67-04a8822721d3 => generated 246 bytes in 14 msecs (HTTP/1.1 404) 6 headers in 231 bytes (1 switches on core 0)
2026-07-16 08:13:26.503 8 INFO placement.requestlog [None req-432b3145-0969-4181-a8ba-143928b5e981 e7eed4117dcd4c77b4d65e1009c594a4 fa16be6cba304e0781b4e227c88fb3c8 - - 188eb4bd5ca04ef2b370a02271bb067f 188eb4bd5ca04ef2b370a02271bb067f] 10.0.0.252 "DELETE /resource_providers/d5f44f47-620c-4f6e-bd67-04a8822721d3" status: 404 len: 246 microversion: 1.1 [pid: 8|app: 0|req: 582/1159] 10.0.0.252 () {34 vars in 816 bytes} [Thu Jul 16 08:13:26 2026] DELETE /resource_providers/d5f44f47-620c-4f6e-bd67-04a8822721d3 => generated 246 bytes in 13 msecs (HTTP/1.1 404) 6 headers in 231 bytes (1 switches on core 0)
2026-07-16 08:13:29.172 7 INFO placement.requestlog [None req-4663aec0-6c8a-4340-afbf-bb2cd45f073a e7eed4117dcd4c77b4d65e1009c594a4 fa16be6cba304e0781b4e227c88fb3c8 - - 188eb4bd5ca04ef2b370a02271bb067f 188eb4bd5ca04ef2b370a02271bb067f] 10.0.0.252 "GET /resource_providers/5124dfe1-6c32-420f-9866-e7d1871372c9/aggregates" status: 404 len: 235 microversion: 1.1 [pid: 7|app: 0|req: 578/1160] 10.0.0.252 () {32 vars in 816 bytes} [Thu Jul 16 08:13:29 2026] GET /resource_providers/5124dfe1-6c32-420f-9866-e7d1871372c9/aggregates => generated 235 bytes in 13 msecs (HTTP/1.1 404) 5 headers in 202 bytes (1 switches on core 0)
2026-07-16 08:13:29.176 8 INFO placement.requestlog [None req-974f916d-1cb9-4539-a127-ebf5bf5ccd22 e7eed4117dcd4c77b4d65e1009c594a4 fa16be6cba304e0781b4e227c88fb3c8 - - 188eb4bd5ca04ef2b370a02271bb067f 188eb4bd5ca04ef2b370a02271bb067f] 10.0.0.252 "GET /resource_providers/5124dfe1-6c32-420f-9866-e7d1871372c9/aggregates" status: 404 len: 235 microversion: 1.1 [pid: 8|app: 0|req: 583/1161] 10.0.0.252 () {32 vars in 816 bytes} [Thu Jul 16 08:13:29 2026] GET /resource_providers/5124dfe1-6c32-420f-9866-e7d1871372c9/aggregates => generated 235 bytes in 12 msecs (HTTP/1.1 404) 5 headers in 202 bytes (1 switches on core 0)
2026-07-16 08:13:29.209 8 INFO placement.requestlog [None req-411602a4-79db-4a13-bdc4-57c5386677e5 e7eed4117dcd4c77b4d65e1009c594a4 fa16be6cba304e0781b4e227c88fb3c8 - - 188eb4bd5ca04ef2b370a02271bb067f 188eb4bd5ca04ef2b370a02271bb067f] 10.0.0.252 "DELETE /resource_providers/5124dfe1-6c32-420f-9866-e7d1871372c9" status: 404 len: 246 microversion: 1.1 [pid: 8|app: 0|req: 584/1162] 10.0.0.252 () {34 vars in 816 bytes} [Thu Jul 16 08:13:29 2026] DELETE /resource_providers/5124dfe1-6c32-420f-9866-e7d1871372c9 => generated 246 bytes in 8 msecs (HTTP/1.1 404) 6 headers in 231 bytes (1 switches on core 0)
2026-07-16 08:13:29.215 7 INFO placement.requestlog [None req-f4ee2d56-04e7-44ff-9e5e-aa75cc941f71 e7eed4117dcd4c77b4d65e1009c594a4 fa16be6cba304e0781b4e227c88fb3c8 - - 188eb4bd5ca04ef2b370a02271bb067f 188eb4bd5ca04ef2b370a02271bb067f] 10.0.0.252 "DELETE /resource_providers/5124dfe1-6c32-420f-9866-e7d1871372c9" status: 404 len: 246 microversion: 1.1 [pid: 7|app: 0|req: 579/1163] 10.0.0.252 () {34 vars in 816 bytes} [Thu Jul 16 08:13:29 2026] DELETE /resource_providers/5124dfe1-6c32-420f-9866-e7d1871372c9 => generated 246 bytes in 14 msecs (HTTP/1.1 404) 6 headers in 231 bytes (1 switches on core 0)
2026-07-16 08:13:32.788 8 INFO placement.requestlog [None req-8a17efb9-8c35-4402-b203-d4f64295f88c - - - - - -] 10.0.0.198 "GET /" status: 200 len: 136 microversion: 1.0
2026-07-16 08:13:32.789 7 INFO placement.requestlog [None req-db35192c-dfbd-459d-a856-a35600c031a0 - - - - - -] 10.0.0.198 "GET /" status: 200 len: 136 microversion: 1.0
2026-07-16 08:13:33.154 8 INFO placement.requestlog [req-a6b3d471-fdf9-4220-8256-deae0f6a9c22 req-6075506d-c7ee-4089-9396-0ef6bef302f3 0802c1021e80425eaa9b9627d4f093f1 fa16be6cba304e0781b4e227c88fb3c8 - - 188eb4bd5ca04ef2b370a02271bb067f 188eb4bd5ca04ef2b370a02271bb067f] 10.0.0.136 "GET /allocation_candidates?limit=1000&resources=DISK_GB%3A1%2CMEMORY_MB%3A512%2CVCPU%3A1&root_required=%21COMPUTE_STATUS_DISABLED" status: 200 len: 2147 microversion: 1.36 [pid: 8|app: 0|req: 586/1166] 10.0.0.136 () {34 vars in 1012 bytes} [Thu Jul 16 08:13:33 2026] GET /allocation_candidates?limit=1000&resources=DISK_GB%3A1%2CMEMORY_MB%3A512%2CVCPU%3A1&root_required=%21COMPUTE_STATUS_DISABLED => generated 2147 bytes in 60 msecs (HTTP/1.1 200) 8 headers in 297 bytes (1 switches on core 0)
2026-07-16 08:13:33.188 7 INFO placement.requestlog [req-a6b3d471-fdf9-4220-8256-deae0f6a9c22 req-8ba2c505-eef4-4755-86eb-f210ca2f9b8c 0802c1021e80425eaa9b9627d4f093f1 fa16be6cba304e0781b4e227c88fb3c8 - - 188eb4bd5ca04ef2b370a02271bb067f 188eb4bd5ca04ef2b370a02271bb067f] 10.0.0.136 "GET /allocations/5e1f1e18-a97d-43a0-864f-a6bac8af1879" status: 200 len: 19 microversion: 1.28 [pid: 7|app: 0|req: 581/1167] 10.0.0.136 () {34 vars in 861 bytes} [Thu Jul 16 08:13:33 2026] GET /allocations/5e1f1e18-a97d-43a0-864f-a6bac8af1879 => generated 19 bytes in 15 msecs (HTTP/1.1 200) 8 headers in 295 bytes (1 switches on core 0)
2026-07-16 08:13:33.262 8 INFO placement.requestlog [req-a6b3d471-fdf9-4220-8256-deae0f6a9c22 req-4feed374-42b9-4240-a941-e5eda1b6dbf7 0802c1021e80425eaa9b9627d4f093f1 fa16be6cba304e0781b4e227c88fb3c8 - - 188eb4bd5ca04ef2b370a02271bb067f 188eb4bd5ca04ef2b370a02271bb067f] 10.0.0.136 "PUT /allocations/5e1f1e18-a97d-43a0-864f-a6bac8af1879" status: 204 len: 0 microversion: 1.36 [pid: 8|app: 0|req: 587/1168] 10.0.0.136 () {38 vars in 914 bytes} [Thu Jul 16 08:13:33 2026] PUT /allocations/5e1f1e18-a97d-43a0-864f-a6bac8af1879 => generated 0 bytes in 66 msecs (HTTP/1.1 204) 5 headers in 199 bytes (1 switches on core 0)
