2026-07-16 08:13:33.559 7 INFO placement.requestlog [req-a6b3d471-fdf9-4220-8256-deae0f6a9c22 req-2058c801-1ada-4173-ad2d-0b1d4046415c 0802c1021e80425eaa9b9627d4f093f1 fa16be6cba304e0781b4e227c88fb3c8 - - 188eb4bd5ca04ef2b370a02271bb067f 188eb4bd5ca04ef2b370a02271bb067f] 199.19.213.224 "GET /allocations/5e1f1e18-a97d-43a0-864f-a6bac8af1879" status: 200 len: 258 microversion: 1.28 [pid: 7|app: 0|req: 582/1169] 199.19.213.224 () {34 vars in 863 bytes} [Thu Jul 16 08:13:33 2026] GET /allocations/5e1f1e18-a97d-43a0-864f-a6bac8af1879 => generated 258 bytes in 19 msecs (HTTP/1.1 200) 8 headers in 296 bytes (1 switches on core 0)
2026-07-16 08:13:33.711 8 INFO placement.requestlog [req-a6b3d471-fdf9-4220-8256-deae0f6a9c22 req-24a725f9-9a0f-4fe8-915d-95408d1d8e68 0802c1021e80425eaa9b9627d4f093f1 fa16be6cba304e0781b4e227c88fb3c8 - - 188eb4bd5ca04ef2b370a02271bb067f 188eb4bd5ca04ef2b370a02271bb067f] 199.19.213.224 "GET /resource_providers/2a4a0ad9-093b-4afa-93ce-a5f4ffbc08f7/allocations" status: 200 len: 153 microversion: 1.0 [pid: 8|app: 0|req: 588/1170] 199.19.213.224 () {32 vars in 857 bytes} [Thu Jul 16 08:13:33 2026] GET /resource_providers/2a4a0ad9-093b-4afa-93ce-a5f4ffbc08f7/allocations => generated 153 bytes in 18 msecs (HTTP/1.1 200) 6 headers in 224 bytes (1 switches on core 0)
2026-07-16 08:13:33.739 7 INFO placement.requestlog [req-a6b3d471-fdf9-4220-8256-deae0f6a9c22 req-85ec1efe-8284-4968-9925-be589ad78cb4 0802c1021e80425eaa9b9627d4f093f1 fa16be6cba304e0781b4e227c88fb3c8 - - 188eb4bd5ca04ef2b370a02271bb067f 188eb4bd5ca04ef2b370a02271bb067f] 199.19.213.224 "GET /allocations/5e1f1e18-a97d-43a0-864f-a6bac8af1879" status: 200 len: 258 microversion: 1.28 [pid: 7|app: 0|req: 583/1171] 199.19.213.224 () {34 vars in 863 bytes} [Thu Jul 16 08:13:33 2026] GET /allocations/5e1f1e18-a97d-43a0-864f-a6bac8af1879 => generated 258 bytes in 20 msecs (HTTP/1.1 200) 8 headers in 296 bytes (1 switches on core 0)
2026-07-16 08:13:41.527 8 INFO placement.requestlog [req-9e24f118-8111-4921-b06f-880bd10e5e41 req-4df11179-a7c8-4a49-b78c-879ebffb78ef 0802c1021e80425eaa9b9627d4f093f1 fa16be6cba304e0781b4e227c88fb3c8 - - 188eb4bd5ca04ef2b370a02271bb067f 188eb4bd5ca04ef2b370a02271bb067f] 199.19.213.224 "GET /resource_providers/2a4a0ad9-093b-4afa-93ce-a5f4ffbc08f7/allocations" status: 200 len: 153 microversion: 1.0 [pid: 8|app: 0|req: 589/1172] 199.19.213.224 () {32 vars in 857 bytes} [Thu Jul 16 08:13:41 2026] GET /resource_providers/2a4a0ad9-093b-4afa-93ce-a5f4ffbc08f7/allocations => generated 153 bytes in 18 msecs (HTTP/1.1 200) 6 headers in 224 bytes (1 switches on core 0)
2026-07-16 08:13:41.553 7 INFO placement.requestlog [req-9e24f118-8111-4921-b06f-880bd10e5e41 req-49b0c2fe-4caa-4fea-b764-84416ccedb01 0802c1021e80425eaa9b9627d4f093f1 fa16be6cba304e0781b4e227c88fb3c8 - - 188eb4bd5ca04ef2b370a02271bb067f 188eb4bd5ca04ef2b370a02271bb067f] 199.19.213.224 "GET /allocations/5e1f1e18-a97d-43a0-864f-a6bac8af1879" status: 200 len: 258 microversion: 1.28 [pid: 7|app: 0|req: 584/1173] 199.19.213.224 () {34 vars in 863 bytes} [Thu Jul 16 08:13:41 2026] GET /allocations/5e1f1e18-a97d-43a0-864f-a6bac8af1879 => generated 258 bytes in 16 msecs (HTTP/1.1 200) 8 headers in 296 bytes (1 switches on core 0)
2026-07-16 08:13:41.620 8 INFO placement.requestlog [req-9e24f118-8111-4921-b06f-880bd10e5e41 req-1d15315d-0e3d-4a29-ab59-d0c2b5182c01 0802c1021e80425eaa9b9627d4f093f1 fa16be6cba304e0781b4e227c88fb3c8 - - 188eb4bd5ca04ef2b370a02271bb067f 188eb4bd5ca04ef2b370a02271bb067f] 199.19.213.224 "DELETE /allocations/5e1f1e18-a97d-43a0-864f-a6bac8af1879" status: 204 len: 0 microversion: 1.0 [pid: 8|app: 0|req: 590/1174] 199.19.213.224 () {34 vars in 841 bytes} [Thu Jul 16 08:13:41 2026] DELETE /allocations/5e1f1e18-a97d-43a0-864f-a6bac8af1879 => generated 0 bytes in 37 msecs (HTTP/1.1 204) 5 headers in 198 bytes (1 switches on core 0)
2026-07-16 08:13:42.788 7 INFO placement.requestlog [None req-f2cab442-b82e-49ac-9ce0-3761908a6be5 - - - - - -] 10.0.0.198 "GET /" status: 200 len: 136 microversion: 1.0
2026-07-16 08:13:42.789 8 INFO placement.requestlog [None req-be36f55c-9bca-4459-9b31-95f182708011 - - - - - -] 10.0.0.198 "GET /" status: 200 len: 136 microversion: 1.0
2026-07-16 08:13:45.850 7 INFO placement.requestlog [None req-efb9e6b9-d4fb-4c77-b450-c44437375b94 e7eed4117dcd4c77b4d65e1009c594a4 fa16be6cba304e0781b4e227c88fb3c8 - - 188eb4bd5ca04ef2b370a02271bb067f 188eb4bd5ca04ef2b370a02271bb067f] 10.0.0.252 "GET /resource_providers/4e3bfcab-b69d-4a0e-a556-3d55c3201d3f/aggregates" status: 404 len: 235 microversion: 1.1 [pid: 7|app: 0|req: 586/1177] 10.0.0.252 () {32 vars in 816 bytes} [Thu Jul 16 08:13:45 2026] GET /resource_providers/4e3bfcab-b69d-4a0e-a556-3d55c3201d3f/aggregates => generated 235 bytes in 16 msecs (HTTP/1.1 404) 5 headers in 202 bytes (1 switches on core 0)
2026-07-16 08:13:45.853 8 INFO placement.requestlog [None req-b5103280-d72c-4576-b94c-9e41d7f5026d e7eed4117dcd4c77b4d65e1009c594a4 fa16be6cba304e0781b4e227c88fb3c8 - - 188eb4bd5ca04ef2b370a02271bb067f 188eb4bd5ca04ef2b370a02271bb067f] 10.0.0.252 "GET /resource_providers/4e3bfcab-b69d-4a0e-a556-3d55c3201d3f/aggregates" status: 404 len: 235 microversion: 1.1 [pid: 8|app: 0|req: 592/1178] 10.0.0.252 () {32 vars in 816 bytes} [Thu Jul 16 08:13:45 2026] GET /resource_providers/4e3bfcab-b69d-4a0e-a556-3d55c3201d3f/aggregates => generated 235 bytes in 18 msecs (HTTP/1.1 404) 5 headers in 202 bytes (1 switches on core 0)
2026-07-16 08:13:45.895 7 INFO placement.requestlog [None req-1c7d7ab6-4c76-42c4-97b5-a133caa61b93 e7eed4117dcd4c77b4d65e1009c594a4 fa16be6cba304e0781b4e227c88fb3c8 - - 188eb4bd5ca04ef2b370a02271bb067f 188eb4bd5ca04ef2b370a02271bb067f] 10.0.0.252 "DELETE /resource_providers/4e3bfcab-b69d-4a0e-a556-3d55c3201d3f" status: 404 len: 246 microversion: 1.1 [pid: 7|app: 0|req: 587/1179] 10.0.0.252 () {34 vars in 816 bytes} [Thu Jul 16 08:13:45 2026] DELETE /resource_providers/4e3bfcab-b69d-4a0e-a556-3d55c3201d3f => generated 246 bytes in 19 msecs (HTTP/1.1 404) 6 headers in 231 bytes (1 switches on core 0)
2026-07-16 08:13:45.897 8 INFO placement.requestlog [None req-4d6bff8e-60bc-4653-8d20-0c49aa26460d e7eed4117dcd4c77b4d65e1009c594a4 fa16be6cba304e0781b4e227c88fb3c8 - - 188eb4bd5ca04ef2b370a02271bb067f 188eb4bd5ca04ef2b370a02271bb067f] 10.0.0.252 "DELETE /resource_providers/4e3bfcab-b69d-4a0e-a556-3d55c3201d3f" status: 404 len: 246 microversion: 1.1 [pid: 8|app: 0|req: 593/1180] 10.0.0.252 () {34 vars in 816 bytes} [Thu Jul 16 08:13:45 2026] DELETE /resource_providers/4e3bfcab-b69d-4a0e-a556-3d55c3201d3f => generated 246 bytes in 20 msecs (HTTP/1.1 404) 6 headers in 231 bytes (1 switches on core 0)
2026-07-16 08:13:46.902 7 INFO placement.requestlog [req-ef17d5a8-dfb1-4e28-84cb-ec5f1ddb8bed req-1c888827-bbf5-48cb-85c8-faf71b2a51be 0802c1021e80425eaa9b9627d4f093f1 fa16be6cba304e0781b4e227c88fb3c8 - - 188eb4bd5ca04ef2b370a02271bb067f 188eb4bd5ca04ef2b370a02271bb067f] 10.0.0.136 "GET /allocation_candidates?limit=1000&resources=DISK_GB%3A1%2CMEMORY_MB%3A512%2CVCPU%3A1&root_required=%21COMPUTE_STATUS_DISABLED" status: 200 len: 2147 microversion: 1.36 [pid: 7|app: 0|req: 588/1181] 10.0.0.136 () {34 vars in 1012 bytes} [Thu Jul 16 08:13:46 2026] GET /allocation_candidates?limit=1000&resources=DISK_GB%3A1%2CMEMORY_MB%3A512%2CVCPU%3A1&root_required=%21COMPUTE_STATUS_DISABLED => generated 2147 bytes in 56 msecs (HTTP/1.1 200) 8 headers in 297 bytes (1 switches on core 0)
2026-07-16 08:13:46.937 8 INFO placement.requestlog [req-ef17d5a8-dfb1-4e28-84cb-ec5f1ddb8bed req-d36a0efe-94f3-4648-b388-87f3ae651000 0802c1021e80425eaa9b9627d4f093f1 fa16be6cba304e0781b4e227c88fb3c8 - - 188eb4bd5ca04ef2b370a02271bb067f 188eb4bd5ca04ef2b370a02271bb067f] 10.0.0.136 "GET /allocations/2f6129ea-384a-467a-8332-3e32b88a0379" status: 200 len: 19 microversion: 1.28 [pid: 8|app: 0|req: 594/1182] 10.0.0.136 () {34 vars in 861 bytes} [Thu Jul 16 08:13:46 2026] GET /allocations/2f6129ea-384a-467a-8332-3e32b88a0379 => generated 19 bytes in 13 msecs (HTTP/1.1 200) 8 headers in 295 bytes (1 switches on core 0)
2026-07-16 08:13:47.022 7 INFO placement.requestlog [req-ef17d5a8-dfb1-4e28-84cb-ec5f1ddb8bed req-9aaf3bcc-d122-4b22-bb41-12aebc4fe12b 0802c1021e80425eaa9b9627d4f093f1 fa16be6cba304e0781b4e227c88fb3c8 - - 188eb4bd5ca04ef2b370a02271bb067f 188eb4bd5ca04ef2b370a02271bb067f] 10.0.0.136 "PUT /allocations/2f6129ea-384a-467a-8332-3e32b88a0379" status: 204 len: 0 microversion: 1.36 [pid: 7|app: 0|req: 589/1183] 10.0.0.136 () {38 vars in 914 bytes} [Thu Jul 16 08:13:46 2026] PUT /allocations/2f6129ea-384a-467a-8332-3e32b88a0379 => generated 0 bytes in 78 msecs (HTTP/1.1 204) 5 headers in 199 bytes (1 switches on core 0)
2026-07-16 08:13:47.316 8 INFO placement.requestlog [req-ef17d5a8-dfb1-4e28-84cb-ec5f1ddb8bed req-38dde6ee-98f6-48c8-9e33-96890ecc9409 0802c1021e80425eaa9b9627d4f093f1 fa16be6cba304e0781b4e227c88fb3c8 - - 188eb4bd5ca04ef2b370a02271bb067f 188eb4bd5ca04ef2b370a02271bb067f] 199.19.213.224 "GET /allocations/2f6129ea-384a-467a-8332-3e32b88a0379" status: 200 len: 258 microversion: 1.28 [pid: 8|app: 0|req: 595/1184] 199.19.213.224 () {34 vars in 863 bytes} [Thu Jul 16 08:13:47 2026] GET /allocations/2f6129ea-384a-467a-8332-3e32b88a0379 => generated 258 bytes in 23 msecs (HTTP/1.1 200) 8 headers in 296 bytes (1 switches on core 0)
2026-07-16 08:13:47.470 7 INFO placement.requestlog [req-ef17d5a8-dfb1-4e28-84cb-ec5f1ddb8bed req-9143b9b2-b180-4258-b8f2-62a3e99e8e7b 0802c1021e80425eaa9b9627d4f093f1 fa16be6cba304e0781b4e227c88fb3c8 - - 188eb4bd5ca04ef2b370a02271bb067f 188eb4bd5ca04ef2b370a02271bb067f] 199.19.213.224 "GET /resource_providers/2a4a0ad9-093b-4afa-93ce-a5f4ffbc08f7/allocations" status: 200 len: 153 microversion: 1.0 [pid: 7|app: 0|req: 590/1185] 199.19.213.224 () {32 vars in 857 bytes} [Thu Jul 16 08:13:47 2026] GET /resource_providers/2a4a0ad9-093b-4afa-93ce-a5f4ffbc08f7/allocations => generated 153 bytes in 24 msecs (HTTP/1.1 200) 6 headers in 224 bytes (1 switches on core 0)
2026-07-16 08:13:47.498 8 INFO placement.requestlog [req-ef17d5a8-dfb1-4e28-84cb-ec5f1ddb8bed req-658c22b9-53db-41c1-9d2e-1b1b62ea3e30 0802c1021e80425eaa9b9627d4f093f1 fa16be6cba304e0781b4e227c88fb3c8 - - 188eb4bd5ca04ef2b370a02271bb067f 188eb4bd5ca04ef2b370a02271bb067f] 199.19.213.224 "GET /allocations/2f6129ea-384a-467a-8332-3e32b88a0379" status: 200 len: 258 microversion: 1.28 [pid: 8|app: 0|req: 596/1186] 199.19.213.224 () {34 vars in 863 bytes} [Thu Jul 16 08:13:47 2026] GET /allocations/2f6129ea-384a-467a-8332-3e32b88a0379 => generated 258 bytes in 19 msecs (HTTP/1.1 200) 8 headers in 296 bytes (1 switches on core 0)
2026-07-16 08:13:47.975 7 INFO placement.requestlog [None req-1eda503b-ff74-4740-a2b2-e59598ea5bcb e7eed4117dcd4c77b4d65e1009c594a4 fa16be6cba304e0781b4e227c88fb3c8 - - 188eb4bd5ca04ef2b370a02271bb067f 188eb4bd5ca04ef2b370a02271bb067f] 10.0.0.252 "GET /resource_providers/7fbc7549-8f16-48a8-91aa-5b5c3e94fc0b/aggregates" status: 404 len: 235 microversion: 1.1 [pid: 7|app: 0|req: 591/1187] 10.0.0.252 () {32 vars in 816 bytes} [Thu Jul 16 08:13:47 2026] GET /resource_providers/7fbc7549-8f16-48a8-91aa-5b5c3e94fc0b/aggregates => generated 235 bytes in 11 msecs (HTTP/1.1 404) 5 headers in 202 bytes (1 switches on core 0)
2026-07-16 08:13:47.978 8 INFO placement.requestlog [None req-08008d67-9fc4-4758-861b-445f50ece134 e7eed4117dcd4c77b4d65e1009c594a4 fa16be6cba304e0781b4e227c88fb3c8 - - 188eb4bd5ca04ef2b370a02271bb067f 188eb4bd5ca04ef2b370a02271bb067f] 10.0.0.252 "GET /resource_providers/7fbc7549-8f16-48a8-91aa-5b5c3e94fc0b/aggregates" status: 404 len: 235 microversion: 1.1 [pid: 8|app: 0|req: 597/1188] 10.0.0.252 () {32 vars in 816 bytes} [Thu Jul 16 08:13:47 2026] GET /resource_providers/7fbc7549-8f16-48a8-91aa-5b5c3e94fc0b/aggregates => generated 235 bytes in 15 msecs (HTTP/1.1 404) 5 headers in 202 bytes (1 switches on core 0)
2026-07-16 08:13:48.032 8 INFO placement.requestlog [None req-88e3c51f-31c8-4443-b959-9d16768e7163 e7eed4117dcd4c77b4d65e1009c594a4 fa16be6cba304e0781b4e227c88fb3c8 - - 188eb4bd5ca04ef2b370a02271bb067f 188eb4bd5ca04ef2b370a02271bb067f] 10.0.0.252 "DELETE /resource_providers/7fbc7549-8f16-48a8-91aa-5b5c3e94fc0b" status: 404 len: 246 microversion: 1.1 [pid: 8|app: 0|req: 598/1189] 10.0.0.252 () {34 vars in 816 bytes} [Thu Jul 16 08:13:48 2026] DELETE /resource_providers/7fbc7549-8f16-48a8-91aa-5b5c3e94fc0b => generated 246 bytes in 14 msecs (HTTP/1.1 404) 6 headers in 231 bytes (1 switches on core 0)
2026-07-16 08:13:48.039 7 INFO placement.requestlog [None req-5127c867-09e8-4d72-9e23-2589efd34166 e7eed4117dcd4c77b4d65e1009c594a4 fa16be6cba304e0781b4e227c88fb3c8 - - 188eb4bd5ca04ef2b370a02271bb067f 188eb4bd5ca04ef2b370a02271bb067f] 10.0.0.252 "DELETE /resource_providers/7fbc7549-8f16-48a8-91aa-5b5c3e94fc0b" status: 404 len: 246 microversion: 1.1 [pid: 7|app: 0|req: 592/1190] 10.0.0.252 () {34 vars in 816 bytes} [Thu Jul 16 08:13:48 2026] DELETE /resource_providers/7fbc7549-8f16-48a8-91aa-5b5c3e94fc0b => generated 246 bytes in 23 msecs (HTTP/1.1 404) 6 headers in 231 bytes (1 switches on core 0)
2026-07-16 08:13:48.316 8 INFO placement.requestlog [req-977c9946-89bf-4eb6-9539-ca93def68658 req-9371d135-0674-4868-a1a5-bb9d0c28c19b 0802c1021e80425eaa9b9627d4f093f1 fa16be6cba304e0781b4e227c88fb3c8 - - 188eb4bd5ca04ef2b370a02271bb067f 188eb4bd5ca04ef2b370a02271bb067f] 199.19.213.224 "GET /resource_providers/2a4a0ad9-093b-4afa-93ce-a5f4ffbc08f7/allocations" status: 200 len: 153 microversion: 1.0 [pid: 8|app: 0|req: 599/1191] 199.19.213.224 () {32 vars in 857 bytes} [Thu Jul 16 08:13:48 2026] GET /resource_providers/2a4a0ad9-093b-4afa-93ce-a5f4ffbc08f7/allocations => generated 153 bytes in 24 msecs (HTTP/1.1 200) 6 headers in 224 bytes (1 switches on core 0)
2026-07-16 08:13:48.379 7 INFO placement.requestlog [req-977c9946-89bf-4eb6-9539-ca93def68658 req-de4e776a-2f6d-4c20-b6d3-0e26eec994b0 0802c1021e80425eaa9b9627d4f093f1 fa16be6cba304e0781b4e227c88fb3c8 - - 188eb4bd5ca04ef2b370a02271bb067f 188eb4bd5ca04ef2b370a02271bb067f] 199.19.213.224 "GET /resource_providers/2a4a0ad9-093b-4afa-93ce-a5f4ffbc08f7/allocations" status: 200 len: 153 microversion: 1.0 [pid: 7|app: 0|req: 593/1192] 199.19.213.224 () {32 vars in 857 bytes} [Thu Jul 16 08:13:48 2026] GET /resource_providers/2a4a0ad9-093b-4afa-93ce-a5f4ffbc08f7/allocations => generated 153 bytes in 25 msecs (HTTP/1.1 200) 6 headers in 224 bytes (1 switches on core 0)
2026-07-16 08:13:48.410 8 INFO placement.requestlog [req-977c9946-89bf-4eb6-9539-ca93def68658 req-74b309b4-0f0e-438d-96c1-b538d7f7ab45 0802c1021e80425eaa9b9627d4f093f1 fa16be6cba304e0781b4e227c88fb3c8 - - 188eb4bd5ca04ef2b370a02271bb067f 188eb4bd5ca04ef2b370a02271bb067f] 199.19.213.224 "GET /allocations/2f6129ea-384a-467a-8332-3e32b88a0379" status: 200 len: 258 microversion: 1.28 [pid: 8|app: 0|req: 600/1193] 199.19.213.224 () {34 vars in 863 bytes} [Thu Jul 16 08:13:48 2026] GET /allocations/2f6129ea-384a-467a-8332-3e32b88a0379 => generated 258 bytes in 21 msecs (HTTP/1.1 200) 8 headers in 296 bytes (1 switches on core 0)
2026-07-16 08:13:52.787 7 INFO placement.requestlog [None req-76bd48fc-9079-4ced-ba9c-66cd7f1d94be - - - - - -] 10.0.0.198 "GET /" status: 200 len: 136 microversion: 1.0
2026-07-16 08:13:52.788 8 INFO placement.requestlog [None req-a4870d9a-ff6e-45f0-bfaf-3195f3881f12 - - - - - -] 10.0.0.198 "GET /" status: 200 len: 136 microversion: 1.0
2026-07-16 08:14:02.787 8 INFO placement.requestlog [None req-d4d127d5-6f8f-4b14-97ea-52ce7070c9ec - - - - - -] 10.0.0.198 "GET /" status: 200 len: 136 microversion: 1.0
2026-07-16 08:14:02.787 7 INFO placement.requestlog [None req-6dd50c55-5dff-491b-8445-5c45255e4030 - - - - - -] 10.0.0.198 "GET /" status: 200 len: 136 microversion: 1.0
2026-07-16 08:14:06.237 8 INFO placement.requestlog [req-132c926c-11b2-48f3-baff-c2ef101c1a9c req-19ddd919-6e7e-47f2-98dd-4030dd9833d0 0802c1021e80425eaa9b9627d4f093f1 fa16be6cba304e0781b4e227c88fb3c8 - - 188eb4bd5ca04ef2b370a02271bb067f 188eb4bd5ca04ef2b370a02271bb067f] 199.19.213.224 "GET /resource_providers/2a4a0ad9-093b-4afa-93ce-a5f4ffbc08f7/allocations" status: 200 len: 153 microversion: 1.0 [pid: 8|app: 0|req: 603/1198] 199.19.213.224 () {32 vars in 857 bytes} [Thu Jul 16 08:14:06 2026] GET /resource_providers/2a4a0ad9-093b-4afa-93ce-a5f4ffbc08f7/allocations => generated 153 bytes in 18 msecs (HTTP/1.1 200) 6 headers in 224 bytes (1 switches on core 0)
2026-07-16 08:14:06.262 7 INFO placement.requestlog [req-132c926c-11b2-48f3-baff-c2ef101c1a9c req-5b24a3e8-b9b2-403b-acb3-280c1c6818a4 0802c1021e80425eaa9b9627d4f093f1 fa16be6cba304e0781b4e227c88fb3c8 - - 188eb4bd5ca04ef2b370a02271bb067f 188eb4bd5ca04ef2b370a02271bb067f] 199.19.213.224 "GET /allocations/2f6129ea-384a-467a-8332-3e32b88a0379" status: 200 len: 258 microversion: 1.28 [pid: 7|app: 0|req: 596/1199] 199.19.213.224 () {34 vars in 863 bytes} [Thu Jul 16 08:14:06 2026] GET /allocations/2f6129ea-384a-467a-8332-3e32b88a0379 => generated 258 bytes in 16 msecs (HTTP/1.1 200) 8 headers in 296 bytes (1 switches on core 0)
2026-07-16 08:14:06.339 8 INFO placement.requestlog [req-132c926c-11b2-48f3-baff-c2ef101c1a9c req-c1a0d9f4-0c89-42f2-9da2-df72e544dafb 0802c1021e80425eaa9b9627d4f093f1 fa16be6cba304e0781b4e227c88fb3c8 - - 188eb4bd5ca04ef2b370a02271bb067f 188eb4bd5ca04ef2b370a02271bb067f] 199.19.213.224 "DELETE /allocations/2f6129ea-384a-467a-8332-3e32b88a0379" status: 204 len: 0 microversion: 1.0 [pid: 8|app: 0|req: 604/1200] 199.19.213.224 () {34 vars in 841 bytes} [Thu Jul 16 08:14:06 2026] DELETE /allocations/2f6129ea-384a-467a-8332-3e32b88a0379 => generated 0 bytes in 44 msecs (HTTP/1.1 204) 5 headers in 198 bytes (1 switches on core 0)
2026-07-16 08:14:10.759 7 INFO placement.requestlog [None req-9fbfad8e-d4a6-4856-8b6a-b70e2c0493c6 e7eed4117dcd4c77b4d65e1009c594a4 fa16be6cba304e0781b4e227c88fb3c8 - - 188eb4bd5ca04ef2b370a02271bb067f 188eb4bd5ca04ef2b370a02271bb067f] 10.0.0.252 "GET /resource_providers/2d374356-59cc-4055-88f9-7cd0907733d9/aggregates" status: 404 len: 235 microversion: 1.1
2026-07-16 08:14:10.759 8 INFO placement.requestlog [None req-bc41572a-3f52-41fd-be51-16a3b93360c7 e7eed4117dcd4c77b4d65e1009c594a4 fa16be6cba304e0781b4e227c88fb3c8 - - 188eb4bd5ca04ef2b370a02271bb067f 188eb4bd5ca04ef2b370a02271bb067f] 10.0.0.252 "GET /resource_providers/2d374356-59cc-4055-88f9-7cd0907733d9/aggregates" status: 404 len: 235 microversion: 1.1 [pid: 7|app: 0|req: 597/1201] 10.0.0.252 () {32 vars in 816 bytes} [Thu Jul 16 08:14:10 2026] GET /resource_providers/2d374356-59cc-4055-88f9-7cd0907733d9/aggregates => generated 235 bytes in 13 msecs (HTTP/1.1 404) 5 headers in 202 bytes (1 switches on core 0) [pid: 8|app: 0|req: 605/1202] 10.0.0.252 () {32 vars in 816 bytes} [Thu Jul 16 08:14:10 2026] GET /resource_providers/2d374356-59cc-4055-88f9-7cd0907733d9/aggregates => generated 235 bytes in 13 msecs (HTTP/1.1 404) 5 headers in 202 bytes (1 switches on core 0)
2026-07-16 08:14:10.786 7 INFO placement.requestlog [None req-f13a923d-ea99-497c-b68a-fca23af2acce e7eed4117dcd4c77b4d65e1009c594a4 fa16be6cba304e0781b4e227c88fb3c8 - - 188eb4bd5ca04ef2b370a02271bb067f 188eb4bd5ca04ef2b370a02271bb067f] 10.0.0.252 "DELETE /resource_providers/2d374356-59cc-4055-88f9-7cd0907733d9" status: 404 len: 246 microversion: 1.1 [pid: 7|app: 0|req: 598/1203] 10.0.0.252 () {34 vars in 816 bytes} [Thu Jul 16 08:14:10 2026] DELETE /resource_providers/2d374356-59cc-4055-88f9-7cd0907733d9 => generated 246 bytes in 10 msecs (HTTP/1.1 404) 6 headers in 231 bytes (1 switches on core 0)
2026-07-16 08:14:10.787 8 INFO placement.requestlog [None req-a7699c3f-1d8c-43b7-8df8-4700da0056bf e7eed4117dcd4c77b4d65e1009c594a4 fa16be6cba304e0781b4e227c88fb3c8 - - 188eb4bd5ca04ef2b370a02271bb067f 188eb4bd5ca04ef2b370a02271bb067f] 10.0.0.252 "DELETE /resource_providers/2d374356-59cc-4055-88f9-7cd0907733d9" status: 404 len: 246 microversion: 1.1 [pid: 8|app: 0|req: 606/1204] 10.0.0.252 () {34 vars in 816 bytes} [Thu Jul 16 08:14:10 2026] DELETE /resource_providers/2d374356-59cc-4055-88f9-7cd0907733d9 => generated 246 bytes in 11 msecs (HTTP/1.1 404) 6 headers in 231 bytes (1 switches on core 0)
2026-07-16 08:14:12.788 7 INFO placement.requestlog [None req-543c2aa4-3101-4309-8494-7a3752b0dc91 - - - - - -] 10.0.0.198 "GET /" status: 200 len: 136 microversion: 1.0
2026-07-16 08:14:12.788 8 INFO placement.requestlog [None req-43b6f984-9bbe-42dc-b6d5-7c13dcd79bd1 - - - - - -] 10.0.0.198 "GET /" status: 200 len: 136 microversion: 1.0
2026-07-16 08:14:12.816 7 INFO placement.requestlog [None req-b8b9e99b-4ba3-40f3-a375-f1315a702f52 e7eed4117dcd4c77b4d65e1009c594a4 fa16be6cba304e0781b4e227c88fb3c8 - - 188eb4bd5ca04ef2b370a02271bb067f 188eb4bd5ca04ef2b370a02271bb067f] 10.0.0.252 "GET /resource_providers/10d726d7-fd38-4e4f-a888-2add45f2cef7/aggregates" status: 404 len: 235 microversion: 1.1 [pid: 7|app: 0|req: 600/1207] 10.0.0.252 () {32 vars in 816 bytes} [Thu Jul 16 08:14:12 2026] GET /resource_providers/10d726d7-fd38-4e4f-a888-2add45f2cef7/aggregates => generated 235 bytes in 15 msecs (HTTP/1.1 404) 5 headers in 202 bytes (1 switches on core 0)
2026-07-16 08:14:12.826 8 INFO placement.requestlog [None req-c087e377-6e12-4348-a5d8-5503308882b6 e7eed4117dcd4c77b4d65e1009c594a4 fa16be6cba304e0781b4e227c88fb3c8 - - 188eb4bd5ca04ef2b370a02271bb067f 188eb4bd5ca04ef2b370a02271bb067f] 10.0.0.252 "GET /resource_providers/10d726d7-fd38-4e4f-a888-2add45f2cef7/aggregates" status: 404 len: 235 microversion: 1.1 [pid: 8|app: 0|req: 608/1208] 10.0.0.252 () {32 vars in 816 bytes} [Thu Jul 16 08:14:12 2026] GET /resource_providers/10d726d7-fd38-4e4f-a888-2add45f2cef7/aggregates => generated 235 bytes in 25 msecs (HTTP/1.1 404) 5 headers in 202 bytes (1 switches on core 0)
2026-07-16 08:14:12.844 7 INFO placement.requestlog [None req-846eedcb-decb-489e-97bd-64aaa5a9acf4 e7eed4117dcd4c77b4d65e1009c594a4 fa16be6cba304e0781b4e227c88fb3c8 - - 188eb4bd5ca04ef2b370a02271bb067f 188eb4bd5ca04ef2b370a02271bb067f] 10.0.0.252 "DELETE /resource_providers/10d726d7-fd38-4e4f-a888-2add45f2cef7" status: 404 len: 246 microversion: 1.1 [pid: 7|app: 0|req: 601/1209] 10.0.0.252 () {34 vars in 816 bytes} [Thu Jul 16 08:14:12 2026] DELETE /resource_providers/10d726d7-fd38-4e4f-a888-2add45f2cef7 => generated 246 bytes in 13 msecs (HTTP/1.1 404) 6 headers in 231 bytes (1 switches on core 0)
2026-07-16 08:14:12.848 8 INFO placement.requestlog [None req-1cb4c89a-5a74-49f0-984a-a328d0c9f72d e7eed4117dcd4c77b4d65e1009c594a4 fa16be6cba304e0781b4e227c88fb3c8 - - 188eb4bd5ca04ef2b370a02271bb067f 188eb4bd5ca04ef2b370a02271bb067f] 10.0.0.252 "DELETE /resource_providers/10d726d7-fd38-4e4f-a888-2add45f2cef7" status: 404 len: 246 microversion: 1.1 [pid: 8|app: 0|req: 609/1210] 10.0.0.252 () {34 vars in 816 bytes} [Thu Jul 16 08:14:12 2026] DELETE /resource_providers/10d726d7-fd38-4e4f-a888-2add45f2cef7 => generated 246 bytes in 12 msecs (HTTP/1.1 404) 6 headers in 231 bytes (1 switches on core 0)
2026-07-16 08:14:14.869 7 INFO placement.requestlog [None req-9d990b5f-45ba-425f-a6a9-3f2018204cb9 e7eed4117dcd4c77b4d65e1009c594a4 fa16be6cba304e0781b4e227c88fb3c8 - - 188eb4bd5ca04ef2b370a02271bb067f 188eb4bd5ca04ef2b370a02271bb067f] 10.0.0.252 "GET /resource_providers/307ab662-a80d-4c1a-a917-5b95a7e5170d/aggregates" status: 404 len: 235 microversion: 1.1 [pid: 7|app: 0|req: 602/1211] 10.0.0.252 () {32 vars in 816 bytes} [Thu Jul 16 08:14:14 2026] GET /resource_providers/307ab662-a80d-4c1a-a917-5b95a7e5170d/aggregates => generated 235 bytes in 12 msecs (HTTP/1.1 404) 5 headers in 202 bytes (1 switches on core 0)
2026-07-16 08:14:14.874 8 INFO placement.requestlog [None req-7058e59e-c6f0-4a21-9d39-27d7602528ca e7eed4117dcd4c77b4d65e1009c594a4 fa16be6cba304e0781b4e227c88fb3c8 - - 188eb4bd5ca04ef2b370a02271bb067f 188eb4bd5ca04ef2b370a02271bb067f] 10.0.0.252 "GET /resource_providers/307ab662-a80d-4c1a-a917-5b95a7e5170d/aggregates" status: 404 len: 235 microversion: 1.1 [pid: 8|app: 0|req: 610/1212] 10.0.0.252 () {32 vars in 816 bytes} [Thu Jul 16 08:14:14 2026] GET /resource_providers/307ab662-a80d-4c1a-a917-5b95a7e5170d/aggregates => generated 235 bytes in 12 msecs (HTTP/1.1 404) 5 headers in 202 bytes (1 switches on core 0)
2026-07-16 08:14:14.900 7 INFO placement.requestlog [None req-f8a28a60-4dc0-4de3-9944-83e150ba6e44 e7eed4117dcd4c77b4d65e1009c594a4 fa16be6cba304e0781b4e227c88fb3c8 - - 188eb4bd5ca04ef2b370a02271bb067f 188eb4bd5ca04ef2b370a02271bb067f] 10.0.0.252 "DELETE /resource_providers/307ab662-a80d-4c1a-a917-5b95a7e5170d" status: 404 len: 246 microversion: 1.1 [pid: 7|app: 0|req: 603/1213] 10.0.0.252 () {34 vars in 816 bytes} [Thu Jul 16 08:14:14 2026] DELETE /resource_providers/307ab662-a80d-4c1a-a917-5b95a7e5170d => generated 246 bytes in 10 msecs (HTTP/1.1 404) 6 headers in 231 bytes (1 switches on core 0)
2026-07-16 08:14:14.906 8 INFO placement.requestlog [None req-938764c7-4f27-4303-8dbc-1d8898556d28 e7eed4117dcd4c77b4d65e1009c594a4 fa16be6cba304e0781b4e227c88fb3c8 - - 188eb4bd5ca04ef2b370a02271bb067f 188eb4bd5ca04ef2b370a02271bb067f] 10.0.0.252 "DELETE /resource_providers/307ab662-a80d-4c1a-a917-5b95a7e5170d" status: 404 len: 246 microversion: 1.1 [pid: 8|app: 0|req: 611/1214] 10.0.0.252 () {34 vars in 816 bytes} [Thu Jul 16 08:14:14 2026] DELETE /resource_providers/307ab662-a80d-4c1a-a917-5b95a7e5170d => generated 246 bytes in 16 msecs (HTTP/1.1 404) 6 headers in 231 bytes (1 switches on core 0)
2026-07-16 08:14:20.698 7 INFO placement.requestlog [None req-0301c5b4-b8ba-49dc-ab2d-d9d996b0a428 e7eed4117dcd4c77b4d65e1009c594a4 fa16be6cba304e0781b4e227c88fb3c8 - - 188eb4bd5ca04ef2b370a02271bb067f 188eb4bd5ca04ef2b370a02271bb067f] 10.0.0.252 "GET /resource_providers/6fbd037f-f65c-4e88-a96f-50e6bb819d85/aggregates" status: 404 len: 235 microversion: 1.1
2026-07-16 08:14:20.698 8 INFO placement.requestlog [None req-c65f1b37-73e0-45bd-94eb-0e16a21532b7 e7eed4117dcd4c77b4d65e1009c594a4 fa16be6cba304e0781b4e227c88fb3c8 - - 188eb4bd5ca04ef2b370a02271bb067f 188eb4bd5ca04ef2b370a02271bb067f] 10.0.0.252 "GET /resource_providers/6fbd037f-f65c-4e88-a96f-50e6bb819d85/aggregates" status: 404 len: 235 microversion: 1.1 [pid: 7|app: 0|req: 604/1215] 10.0.0.252 () {32 vars in 816 bytes} [Thu Jul 16 08:14:20 2026] GET /resource_providers/6fbd037f-f65c-4e88-a96f-50e6bb819d85/aggregates => generated 235 bytes in 14 msecs (HTTP/1.1 404) 5 headers in 202 bytes (1 switches on core 0) [pid: 8|app: 0|req: 612/1216] 10.0.0.252 () {32 vars in 816 bytes} [Thu Jul 16 08:14:20 2026] GET /resource_providers/6fbd037f-f65c-4e88-a96f-50e6bb819d85/aggregates => generated 235 bytes in 14 msecs (HTTP/1.1 404) 5 headers in 202 bytes (1 switches on core 0)
2026-07-16 08:14:20.724 8 INFO placement.requestlog [None req-758cac77-9221-454c-ba34-b2b9a0acd148 e7eed4117dcd4c77b4d65e1009c594a4 fa16be6cba304e0781b4e227c88fb3c8 - - 188eb4bd5ca04ef2b370a02271bb067f 188eb4bd5ca04ef2b370a02271bb067f] 10.0.0.252 "DELETE /resource_providers/6fbd037f-f65c-4e88-a96f-50e6bb819d85" status: 404 len: 246 microversion: 1.1 [pid: 8|app: 0|req: 613/1217] 10.0.0.252 () {34 vars in 816 bytes} [Thu Jul 16 08:14:20 2026] DELETE /resource_providers/6fbd037f-f65c-4e88-a96f-50e6bb819d85 => generated 246 bytes in 10 msecs (HTTP/1.1 404) 6 headers in 231 bytes (1 switches on core 0)
2026-07-16 08:14:20.724 7 INFO placement.requestlog [None req-47e2ecf0-a674-4755-8790-f7caaa0b4c7a e7eed4117dcd4c77b4d65e1009c594a4 fa16be6cba304e0781b4e227c88fb3c8 - - 188eb4bd5ca04ef2b370a02271bb067f 188eb4bd5ca04ef2b370a02271bb067f] 10.0.0.252 "DELETE /resource_providers/6fbd037f-f65c-4e88-a96f-50e6bb819d85" status: 404 len: 246 microversion: 1.1 [pid: 7|app: 0|req: 605/1218] 10.0.0.252 () {34 vars in 816 bytes} [Thu Jul 16 08:14:20 2026] DELETE /resource_providers/6fbd037f-f65c-4e88-a96f-50e6bb819d85 => generated 246 bytes in 11 msecs (HTTP/1.1 404) 6 headers in 231 bytes (1 switches on core 0)
2026-07-16 08:14:22.788 8 INFO placement.requestlog [None req-0e627ff2-3380-4415-abb2-296fc3f9eb98 - - - - - -] 10.0.0.198 "GET /" status: 200 len: 136 microversion: 1.0
2026-07-16 08:14:22.788 7 INFO placement.requestlog [None req-85f30f01-3a16-44c7-a54d-ea6758120922 - - - - - -] 10.0.0.198 "GET /" status: 200 len: 136 microversion: 1.0
2026-07-16 08:14:26.574 7 INFO placement.requestlog [None req-f154a6d4-dd78-4905-8894-7811c630613c e7eed4117dcd4c77b4d65e1009c594a4 fa16be6cba304e0781b4e227c88fb3c8 - - 188eb4bd5ca04ef2b370a02271bb067f 188eb4bd5ca04ef2b370a02271bb067f] 10.0.0.252 "GET /resource_providers/2d31f248-40a2-47f9-9051-08bbb023cc51/aggregates" status: 404 len: 235 microversion: 1.1 [pid: 7|app: 0|req: 607/1221] 10.0.0.252 () {32 vars in 816 bytes} [Thu Jul 16 08:14:26 2026] GET /resource_providers/2d31f248-40a2-47f9-9051-08bbb023cc51/aggregates => generated 235 bytes in 14 msecs (HTTP/1.1 404) 5 headers in 202 bytes (1 switches on core 0)
2026-07-16 08:14:26.576 8 INFO placement.requestlog [None req-31c3a3f5-cac5-467f-b6f5-05166461e9cb e7eed4117dcd4c77b4d65e1009c594a4 fa16be6cba304e0781b4e227c88fb3c8 - - 188eb4bd5ca04ef2b370a02271bb067f 188eb4bd5ca04ef2b370a02271bb067f] 10.0.0.252 "GET /resource_providers/2d31f248-40a2-47f9-9051-08bbb023cc51/aggregates" status: 404 len: 235 microversion: 1.1 [pid: 8|app: 0|req: 615/1222] 10.0.0.252 () {32 vars in 816 bytes} [Thu Jul 16 08:14:26 2026] GET /resource_providers/2d31f248-40a2-47f9-9051-08bbb023cc51/aggregates => generated 235 bytes in 16 msecs (HTTP/1.1 404) 5 headers in 202 bytes (1 switches on core 0)
2026-07-16 08:14:26.616 7 INFO placement.requestlog [None req-03727ff2-b625-439f-8e17-654188896d0b e7eed4117dcd4c77b4d65e1009c594a4 fa16be6cba304e0781b4e227c88fb3c8 - - 188eb4bd5ca04ef2b370a02271bb067f 188eb4bd5ca04ef2b370a02271bb067f] 10.0.0.252 "DELETE /resource_providers/2d31f248-40a2-47f9-9051-08bbb023cc51" status: 404 len: 246 microversion: 1.1 [pid: 7|app: 0|req: 608/1223] 10.0.0.252 () {34 vars in 816 bytes} [Thu Jul 16 08:14:26 2026] DELETE /resource_providers/2d31f248-40a2-47f9-9051-08bbb023cc51 => generated 246 bytes in 14 msecs (HTTP/1.1 404) 6 headers in 231 bytes (1 switches on core 0)
2026-07-16 08:14:26.620 8 INFO placement.requestlog [None req-c35833fa-762b-41f3-b5a9-2eb12336b5d8 e7eed4117dcd4c77b4d65e1009c594a4 fa16be6cba304e0781b4e227c88fb3c8 - - 188eb4bd5ca04ef2b370a02271bb067f 188eb4bd5ca04ef2b370a02271bb067f] 10.0.0.252 "DELETE /resource_providers/2d31f248-40a2-47f9-9051-08bbb023cc51" status: 404 len: 246 microversion: 1.1 [pid: 8|app: 0|req: 616/1224] 10.0.0.252 () {34 vars in 816 bytes} [Thu Jul 16 08:14:26 2026] DELETE /resource_providers/2d31f248-40a2-47f9-9051-08bbb023cc51 => generated 246 bytes in 17 msecs (HTTP/1.1 404) 6 headers in 231 bytes (1 switches on core 0)
2026-07-16 08:14:26.833 7 INFO placement.requestlog [None req-e4d8b958-b980-4d77-85f8-62ed8fd52d19 e7eed4117dcd4c77b4d65e1009c594a4 fa16be6cba304e0781b4e227c88fb3c8 - - 188eb4bd5ca04ef2b370a02271bb067f 188eb4bd5ca04ef2b370a02271bb067f] 10.0.0.252 "GET /resource_providers/f572c5a2-5217-413b-a1c0-2a1daa359882/aggregates" status: 404 len: 235 microversion: 1.1 [pid: 7|app: 0|req: 609/1225] 10.0.0.252 () {32 vars in 816 bytes} [Thu Jul 16 08:14:26 2026] GET /resource_providers/f572c5a2-5217-413b-a1c0-2a1daa359882/aggregates => generated 235 bytes in 14 msecs (HTTP/1.1 404) 5 headers in 202 bytes (1 switches on core 0)
2026-07-16 08:14:26.834 8 INFO placement.requestlog [None req-d41642cf-246b-454c-a4ad-183d22e239b8 e7eed4117dcd4c77b4d65e1009c594a4 fa16be6cba304e0781b4e227c88fb3c8 - - 188eb4bd5ca04ef2b370a02271bb067f 188eb4bd5ca04ef2b370a02271bb067f] 10.0.0.252 "GET /resource_providers/f572c5a2-5217-413b-a1c0-2a1daa359882/aggregates" status: 404 len: 235 microversion: 1.1 [pid: 8|app: 0|req: 617/1226] 10.0.0.252 () {32 vars in 816 bytes} [Thu Jul 16 08:14:26 2026] GET /resource_providers/f572c5a2-5217-413b-a1c0-2a1daa359882/aggregates => generated 235 bytes in 14 msecs (HTTP/1.1 404) 5 headers in 202 bytes (1 switches on core 0)
2026-07-16 08:14:26.866 7 INFO placement.requestlog [None req-394c7d60-3979-49d3-bd14-0ddd013e87b7 e7eed4117dcd4c77b4d65e1009c594a4 fa16be6cba304e0781b4e227c88fb3c8 - - 188eb4bd5ca04ef2b370a02271bb067f 188eb4bd5ca04ef2b370a02271bb067f] 10.0.0.252 "DELETE /resource_providers/f572c5a2-5217-413b-a1c0-2a1daa359882" status: 404 len: 246 microversion: 1.1 [pid: 7|app: 0|req: 610/1227] 10.0.0.252 () {34 vars in 816 bytes} [Thu Jul 16 08:14:26 2026] DELETE /resource_providers/f572c5a2-5217-413b-a1c0-2a1daa359882 => generated 246 bytes in 10 msecs (HTTP/1.1 404) 6 headers in 231 bytes (1 switches on core 0)
2026-07-16 08:14:26.867 8 INFO placement.requestlog [None req-b09804e6-1c51-48cf-8935-098c38622a7f e7eed4117dcd4c77b4d65e1009c594a4 fa16be6cba304e0781b4e227c88fb3c8 - - 188eb4bd5ca04ef2b370a02271bb067f 188eb4bd5ca04ef2b370a02271bb067f] 10.0.0.252 "DELETE /resource_providers/f572c5a2-5217-413b-a1c0-2a1daa359882" status: 404 len: 246 microversion: 1.1 [pid: 8|app: 0|req: 618/1228] 10.0.0.252 () {34 vars in 816 bytes} [Thu Jul 16 08:14:26 2026] DELETE /resource_providers/f572c5a2-5217-413b-a1c0-2a1daa359882 => generated 246 bytes in 10 msecs (HTTP/1.1 404) 6 headers in 231 bytes (1 switches on core 0)
2026-07-16 08:14:28.831 7 INFO placement.requestlog [None req-c190f731-dccc-47a9-a1d6-ea529ceeb6a6 e7eed4117dcd4c77b4d65e1009c594a4 fa16be6cba304e0781b4e227c88fb3c8 - - 188eb4bd5ca04ef2b370a02271bb067f 188eb4bd5ca04ef2b370a02271bb067f] 10.0.0.252 "GET /resource_providers/2e011552-3dfb-44d7-b469-02a3a5fb2fff/aggregates" status: 404 len: 235 microversion: 1.1
2026-07-16 08:14:28.831 8 INFO placement.requestlog [None req-1ba5ebaf-f473-4cb1-a7ff-ac61bd6ac958 e7eed4117dcd4c77b4d65e1009c594a4 fa16be6cba304e0781b4e227c88fb3c8 - - 188eb4bd5ca04ef2b370a02271bb067f 188eb4bd5ca04ef2b370a02271bb067f] 10.0.0.252 "GET /resource_providers/2e011552-3dfb-44d7-b469-02a3a5fb2fff/aggregates" status: 404 len: 235 microversion: 1.1 [pid: 8|app: 0|req: 619/1229] 10.0.0.252 () {32 vars in 816 bytes} [Thu Jul 16 08:14:28 2026] GET /resource_providers/2e011552-3dfb-44d7-b469-02a3a5fb2fff/aggregates => generated 235 bytes in 13 msecs (HTTP/1.1 404) 5 headers in 202 bytes (1 switches on core 0) [pid: 7|app: 0|req: 611/1230] 10.0.0.252 () {32 vars in 816 bytes} [Thu Jul 16 08:14:28 2026] GET /resource_providers/2e011552-3dfb-44d7-b469-02a3a5fb2fff/aggregates => generated 235 bytes in 14 msecs (HTTP/1.1 404) 5 headers in 202 bytes (1 switches on core 0)
2026-07-16 08:14:28.851 8 INFO placement.requestlog [None req-9ab49f80-fdb2-4118-a15a-f9334a1f852e e7eed4117dcd4c77b4d65e1009c594a4 fa16be6cba304e0781b4e227c88fb3c8 - - 188eb4bd5ca04ef2b370a02271bb067f 188eb4bd5ca04ef2b370a02271bb067f] 10.0.0.252 "DELETE /resource_providers/2e011552-3dfb-44d7-b469-02a3a5fb2fff" status: 404 len: 246 microversion: 1.1 [pid: 8|app: 0|req: 620/1231] 10.0.0.252 () {34 vars in 816 bytes} [Thu Jul 16 08:14:28 2026] DELETE /resource_providers/2e011552-3dfb-44d7-b469-02a3a5fb2fff => generated 246 bytes in 8 msecs (HTTP/1.1 404) 6 headers in 231 bytes (1 switches on core 0)
2026-07-16 08:14:28.855 7 INFO placement.requestlog [None req-296897de-7b46-4561-8a87-530fad1556cf e7eed4117dcd4c77b4d65e1009c594a4 fa16be6cba304e0781b4e227c88fb3c8 - - 188eb4bd5ca04ef2b370a02271bb067f 188eb4bd5ca04ef2b370a02271bb067f] 10.0.0.252 "DELETE /resource_providers/2e011552-3dfb-44d7-b469-02a3a5fb2fff" status: 404 len: 246 microversion: 1.1 [pid: 7|app: 0|req: 612/1232] 10.0.0.252 () {34 vars in 816 bytes} [Thu Jul 16 08:14:28 2026] DELETE /resource_providers/2e011552-3dfb-44d7-b469-02a3a5fb2fff => generated 246 bytes in 13 msecs (HTTP/1.1 404) 6 headers in 231 bytes (1 switches on core 0)
2026-07-16 08:14:28.868 8 INFO placement.requestlog [None req-4ce4c850-78c8-455f-9afb-eff3ed785f0f e7eed4117dcd4c77b4d65e1009c594a4 fa16be6cba304e0781b4e227c88fb3c8 - - 188eb4bd5ca04ef2b370a02271bb067f 188eb4bd5ca04ef2b370a02271bb067f] 10.0.0.252 "GET /resource_providers/b2e27f49-c8d3-43ff-be16-0d3d1cc1907c/aggregates" status: 404 len: 235 microversion: 1.1 [pid: 8|app: 0|req: 621/1233] 10.0.0.252 () {32 vars in 816 bytes} [Thu Jul 16 08:14:28 2026] GET /resource_providers/b2e27f49-c8d3-43ff-be16-0d3d1cc1907c/aggregates => generated 235 bytes in 9 msecs (HTTP/1.1 404) 5 headers in 202 bytes (1 switches on core 0)
2026-07-16 08:14:28.872 7 INFO placement.requestlog [None req-594436e3-516f-41f3-994f-3449d33350e7 e7eed4117dcd4c77b4d65e1009c594a4 fa16be6cba304e0781b4e227c88fb3c8 - - 188eb4bd5ca04ef2b370a02271bb067f 188eb4bd5ca04ef2b370a02271bb067f] 10.0.0.252 "GET /resource_providers/b2e27f49-c8d3-43ff-be16-0d3d1cc1907c/aggregates" status: 404 len: 235 microversion: 1.1 [pid: 7|app: 0|req: 613/1234] 10.0.0.252 () {32 vars in 816 bytes} [Thu Jul 16 08:14:28 2026] GET /resource_providers/b2e27f49-c8d3-43ff-be16-0d3d1cc1907c/aggregates => generated 235 bytes in 9 msecs (HTTP/1.1 404) 5 headers in 202 bytes (1 switches on core 0)
2026-07-16 08:14:28.888 8 INFO placement.requestlog [None req-63e03ea2-0710-4236-967b-fe9d224e695f e7eed4117dcd4c77b4d65e1009c594a4 fa16be6cba304e0781b4e227c88fb3c8 - - 188eb4bd5ca04ef2b370a02271bb067f 188eb4bd5ca04ef2b370a02271bb067f] 10.0.0.252 "DELETE /resource_providers/b2e27f49-c8d3-43ff-be16-0d3d1cc1907c" status: 404 len: 246 microversion: 1.1
2026-07-16 08:14:28.888 7 INFO placement.requestlog [None req-f6d47114-fc58-4542-920a-bd872ae6a280 e7eed4117dcd4c77b4d65e1009c594a4 fa16be6cba304e0781b4e227c88fb3c8 - - 188eb4bd5ca04ef2b370a02271bb067f 188eb4bd5ca04ef2b370a02271bb067f] 10.0.0.252 "DELETE /resource_providers/b2e27f49-c8d3-43ff-be16-0d3d1cc1907c" status: 404 len: 246 microversion: 1.1 [pid: 8|app: 0|req: 622/1235] 10.0.0.252 () {34 vars in 816 bytes} [Thu Jul 16 08:14:28 2026] DELETE /resource_providers/b2e27f49-c8d3-43ff-be16-0d3d1cc1907c => generated 246 bytes in 8 msecs (HTTP/1.1 404) 6 headers in 231 bytes (1 switches on core 0) [pid: 7|app: 0|req: 614/1236] 10.0.0.252 () {34 vars in 816 bytes} [Thu Jul 16 08:14:28 2026] DELETE /resource_providers/b2e27f49-c8d3-43ff-be16-0d3d1cc1907c => generated 246 bytes in 8 msecs (HTTP/1.1 404) 6 headers in 231 bytes (1 switches on core 0)
2026-07-16 08:14:29.093 7 INFO placement.requestlog [None req-f69acba0-4ed2-4ac4-bcac-883e51a9d517 e7eed4117dcd4c77b4d65e1009c594a4 fa16be6cba304e0781b4e227c88fb3c8 - - 188eb4bd5ca04ef2b370a02271bb067f 188eb4bd5ca04ef2b370a02271bb067f] 10.0.0.252 "GET /resource_providers/4586159a-533a-4956-b9a1-ad8763557a27/aggregates" status: 404 len: 235 microversion: 1.1 [pid: 7|app: 0|req: 615/1237] 10.0.0.252 () {32 vars in 816 bytes} [Thu Jul 16 08:14:29 2026] GET /resource_providers/4586159a-533a-4956-b9a1-ad8763557a27/aggregates => generated 235 bytes in 14 msecs (HTTP/1.1 404) 5 headers in 202 bytes (1 switches on core 0)
2026-07-16 08:14:29.095 8 INFO placement.requestlog [None req-62814583-9eca-4a6d-860d-8768818e107b e7eed4117dcd4c77b4d65e1009c594a4 fa16be6cba304e0781b4e227c88fb3c8 - - 188eb4bd5ca04ef2b370a02271bb067f 188eb4bd5ca04ef2b370a02271bb067f] 10.0.0.252 "GET /resource_providers/4586159a-533a-4956-b9a1-ad8763557a27/aggregates" status: 404 len: 235 microversion: 1.1 [pid: 8|app: 0|req: 623/1238] 10.0.0.252 () {32 vars in 816 bytes} [Thu Jul 16 08:14:29 2026] GET /resource_providers/4586159a-533a-4956-b9a1-ad8763557a27/aggregates => generated 235 bytes in 17 msecs (HTTP/1.1 404) 5 headers in 202 bytes (1 switches on core 0)
2026-07-16 08:14:29.119 7 INFO placement.requestlog [None req-66126c1c-ab50-4fb9-9d4b-284ca4dfe18b e7eed4117dcd4c77b4d65e1009c594a4 fa16be6cba304e0781b4e227c88fb3c8 - - 188eb4bd5ca04ef2b370a02271bb067f 188eb4bd5ca04ef2b370a02271bb067f] 10.0.0.252 "DELETE /resource_providers/4586159a-533a-4956-b9a1-ad8763557a27" status: 404 len: 246 microversion: 1.1 [pid: 7|app: 0|req: 616/1239] 10.0.0.252 () {34 vars in 816 bytes} [Thu Jul 16 08:14:29 2026] DELETE /resource_providers/4586159a-533a-4956-b9a1-ad8763557a27 => generated 246 bytes in 8 msecs (HTTP/1.1 404) 6 headers in 231 bytes (1 switches on core 0)
2026-07-16 08:14:29.125 8 INFO placement.requestlog [None req-83f74a80-5f62-466a-ac29-3d8122342099 e7eed4117dcd4c77b4d65e1009c594a4 fa16be6cba304e0781b4e227c88fb3c8 - - 188eb4bd5ca04ef2b370a02271bb067f 188eb4bd5ca04ef2b370a02271bb067f] 10.0.0.252 "DELETE /resource_providers/4586159a-533a-4956-b9a1-ad8763557a27" status: 404 len: 246 microversion: 1.1 [pid: 8|app: 0|req: 624/1240] 10.0.0.252 () {34 vars in 816 bytes} [Thu Jul 16 08:14:29 2026] DELETE /resource_providers/4586159a-533a-4956-b9a1-ad8763557a27 => generated 246 bytes in 13 msecs (HTTP/1.1 404) 6 headers in 231 bytes (1 switches on core 0)
2026-07-16 08:14:32.788 7 INFO placement.requestlog [None req-ef7fd8c5-7160-465d-8d42-99daecea4af2 - - - - - -] 10.0.0.198 "GET /" status: 200 len: 136 microversion: 1.0
2026-07-16 08:14:32.788 8 INFO placement.requestlog [None req-b82a0386-dfe3-43ed-a991-cf0ef84cb385 - - - - - -] 10.0.0.198 "GET /" status: 200 len: 136 microversion: 1.0
2026-07-16 08:14:35.198 7 INFO placement.requestlog [None req-54cec41a-5ea8-458c-8093-cb60be847153 e7eed4117dcd4c77b4d65e1009c594a4 fa16be6cba304e0781b4e227c88fb3c8 - - 188eb4bd5ca04ef2b370a02271bb067f 188eb4bd5ca04ef2b370a02271bb067f] 10.0.0.252 "GET /resource_providers/6397417d-e201-4cdf-b315-ef9f24397c98/aggregates" status: 404 len: 235 microversion: 1.1 [pid: 7|app: 0|req: 618/1243] 10.0.0.252 () {32 vars in 816 bytes} [Thu Jul 16 08:14:35 2026] GET /resource_providers/6397417d-e201-4cdf-b315-ef9f24397c98/aggregates => generated 235 bytes in 18 msecs (HTTP/1.1 404) 5 headers in 202 bytes (1 switches on core 0)
2026-07-16 08:14:35.199 8 INFO placement.requestlog [None req-951e5977-cbbc-4fbd-bea2-b61562b68894 e7eed4117dcd4c77b4d65e1009c594a4 fa16be6cba304e0781b4e227c88fb3c8 - - 188eb4bd5ca04ef2b370a02271bb067f 188eb4bd5ca04ef2b370a02271bb067f] 10.0.0.252 "GET /resource_providers/6397417d-e201-4cdf-b315-ef9f24397c98/aggregates" status: 404 len: 235 microversion: 1.1 [pid: 8|app: 0|req: 626/1244] 10.0.0.252 () {32 vars in 816 bytes} [Thu Jul 16 08:14:35 2026] GET /resource_providers/6397417d-e201-4cdf-b315-ef9f24397c98/aggregates => generated 235 bytes in 18 msecs (HTTP/1.1 404) 5 headers in 202 bytes (1 switches on core 0)
2026-07-16 08:14:35.224 7 INFO placement.requestlog [None req-d3f42770-f3ba-4cdc-a903-f9fb8aa121ba e7eed4117dcd4c77b4d65e1009c594a4 fa16be6cba304e0781b4e227c88fb3c8 - - 188eb4bd5ca04ef2b370a02271bb067f 188eb4bd5ca04ef2b370a02271bb067f] 10.0.0.252 "DELETE /resource_providers/6397417d-e201-4cdf-b315-ef9f24397c98" status: 404 len: 246 microversion: 1.1 [pid: 7|app: 0|req: 619/1245] 10.0.0.252 () {34 vars in 816 bytes} [Thu Jul 16 08:14:35 2026] DELETE /resource_providers/6397417d-e201-4cdf-b315-ef9f24397c98 => generated 246 bytes in 14 msecs (HTTP/1.1 404) 6 headers in 231 bytes (1 switches on core 0)
2026-07-16 08:14:35.225 8 INFO placement.requestlog [None req-7b9d0acf-10bc-4f31-9bad-9059a70173e1 e7eed4117dcd4c77b4d65e1009c594a4 fa16be6cba304e0781b4e227c88fb3c8 - - 188eb4bd5ca04ef2b370a02271bb067f 188eb4bd5ca04ef2b370a02271bb067f] 10.0.0.252 "DELETE /resource_providers/6397417d-e201-4cdf-b315-ef9f24397c98" status: 404 len: 246 microversion: 1.1 [pid: 8|app: 0|req: 627/1246] 10.0.0.252 () {34 vars in 816 bytes} [Thu Jul 16 08:14:35 2026] DELETE /resource_providers/6397417d-e201-4cdf-b315-ef9f24397c98 => generated 246 bytes in 9 msecs (HTTP/1.1 404) 6 headers in 231 bytes (1 switches on core 0)
2026-07-16 08:14:42.788 8 INFO placement.requestlog [None req-2a43714c-1763-4610-9c8c-149280edaeb3 - - - - - -] 10.0.0.198 "GET /" status: 200 len: 136 microversion: 1.0
2026-07-16 08:14:42.788 7 INFO placement.requestlog [None req-7bf219f9-d72b-456c-8e2e-1f13f1423189 - - - - - -] 10.0.0.198 "GET /" status: 200 len: 136 microversion: 1.0
2026-07-16 08:14:43.197 8 INFO placement.requestlog [None req-01c808d4-0bc5-4aad-a52d-c414bfcd681d e7eed4117dcd4c77b4d65e1009c594a4 fa16be6cba304e0781b4e227c88fb3c8 - - 188eb4bd5ca04ef2b370a02271bb067f 188eb4bd5ca04ef2b370a02271bb067f] 10.0.0.252 "GET /resource_providers/43b29347-7cc3-4181-977c-89454ec67580/aggregates" status: 404 len: 235 microversion: 1.1 [pid: 8|app: 0|req: 629/1249] 10.0.0.252 () {32 vars in 816 bytes} [Thu Jul 16 08:14:43 2026] GET /resource_providers/43b29347-7cc3-4181-977c-89454ec67580/aggregates => generated 235 bytes in 19 msecs (HTTP/1.1 404) 5 headers in 202 bytes (1 switches on core 0)
2026-07-16 08:14:43.198 7 INFO placement.requestlog [None req-743a0a5f-87b4-41ac-82c4-87ea1f8847a3 e7eed4117dcd4c77b4d65e1009c594a4 fa16be6cba304e0781b4e227c88fb3c8 - - 188eb4bd5ca04ef2b370a02271bb067f 188eb4bd5ca04ef2b370a02271bb067f] 10.0.0.252 "GET /resource_providers/43b29347-7cc3-4181-977c-89454ec67580/aggregates" status: 404 len: 235 microversion: 1.1 [pid: 7|app: 0|req: 621/1250] 10.0.0.252 () {32 vars in 816 bytes} [Thu Jul 16 08:14:43 2026] GET /resource_providers/43b29347-7cc3-4181-977c-89454ec67580/aggregates => generated 235 bytes in 14 msecs (HTTP/1.1 404) 5 headers in 202 bytes (1 switches on core 0)
2026-07-16 08:14:43.234 8 INFO placement.requestlog [None req-f69c1a06-649b-45c7-b4aa-9399adb593e5 e7eed4117dcd4c77b4d65e1009c594a4 fa16be6cba304e0781b4e227c88fb3c8 - - 188eb4bd5ca04ef2b370a02271bb067f 188eb4bd5ca04ef2b370a02271bb067f] 10.0.0.252 "DELETE /resource_providers/43b29347-7cc3-4181-977c-89454ec67580" status: 404 len: 246 microversion: 1.1 [pid: 8|app: 0|req: 630/1251] 10.0.0.252 () {34 vars in 816 bytes} [Thu Jul 16 08:14:43 2026] DELETE /resource_providers/43b29347-7cc3-4181-977c-89454ec67580 => generated 246 bytes in 16 msecs (HTTP/1.1 404) 6 headers in 231 bytes (1 switches on core 0)
2026-07-16 08:14:43.236 7 INFO placement.requestlog [None req-22f9312a-7d80-4e80-afbe-d500e0a8563c e7eed4117dcd4c77b4d65e1009c594a4 fa16be6cba304e0781b4e227c88fb3c8 - - 188eb4bd5ca04ef2b370a02271bb067f 188eb4bd5ca04ef2b370a02271bb067f] 10.0.0.252 "DELETE /resource_providers/43b29347-7cc3-4181-977c-89454ec67580" status: 404 len: 246 microversion: 1.1 [pid: 7|app: 0|req: 622/1252] 10.0.0.252 () {34 vars in 816 bytes} [Thu Jul 16 08:14:43 2026] DELETE /resource_providers/43b29347-7cc3-4181-977c-89454ec67580 => generated 246 bytes in 18 msecs (HTTP/1.1 404) 6 headers in 231 bytes (1 switches on core 0)
2026-07-16 08:14:50.191 8 INFO placement.requestlog [req-ce0b747b-acb3-4237-a01b-69dc111a40b9 req-707ff7f6-0547-4638-a596-93d9c348d446 0802c1021e80425eaa9b9627d4f093f1 fa16be6cba304e0781b4e227c88fb3c8 - - 188eb4bd5ca04ef2b370a02271bb067f 188eb4bd5ca04ef2b370a02271bb067f] 199.19.213.224 "GET /resource_providers/2a4a0ad9-093b-4afa-93ce-a5f4ffbc08f7/allocations" status: 200 len: 55 microversion: 1.0 [pid: 8|app: 0|req: 631/1253] 199.19.213.224 () {32 vars in 857 bytes} [Thu Jul 16 08:14:50 2026] GET /resource_providers/2a4a0ad9-093b-4afa-93ce-a5f4ffbc08f7/allocations => generated 55 bytes in 17 msecs (HTTP/1.1 200) 6 headers in 223 bytes (1 switches on core 0)
2026-07-16 08:14:50.252 7 INFO placement.requestlog [req-ce0b747b-acb3-4237-a01b-69dc111a40b9 req-31d21d32-8b77-4595-bdbb-0595c6305341 0802c1021e80425eaa9b9627d4f093f1 fa16be6cba304e0781b4e227c88fb3c8 - - 188eb4bd5ca04ef2b370a02271bb067f 188eb4bd5ca04ef2b370a02271bb067f] 199.19.213.224 "GET /resource_providers/2a4a0ad9-093b-4afa-93ce-a5f4ffbc08f7/allocations" status: 200 len: 55 microversion: 1.0 [pid: 7|app: 0|req: 623/1254] 199.19.213.224 () {32 vars in 857 bytes} [Thu Jul 16 08:14:50 2026] GET /resource_providers/2a4a0ad9-093b-4afa-93ce-a5f4ffbc08f7/allocations => generated 55 bytes in 15 msecs (HTTP/1.1 200) 6 headers in 223 bytes (1 switches on core 0)
2026-07-16 08:14:50.278 8 INFO placement.requestlog [None req-dbf4aa58-e02c-41b3-a1b1-efa6b7670a63 e7eed4117dcd4c77b4d65e1009c594a4 fa16be6cba304e0781b4e227c88fb3c8 - - 188eb4bd5ca04ef2b370a02271bb067f 188eb4bd5ca04ef2b370a02271bb067f] 10.0.0.252 "GET /resource_providers/004e8243-21a4-473c-ac49-5a6f51cdd29b/aggregates" status: 404 len: 235 microversion: 1.1 [pid: 8|app: 0|req: 632/1255] 10.0.0.252 () {32 vars in 816 bytes} [Thu Jul 16 08:14:50 2026] GET /resource_providers/004e8243-21a4-473c-ac49-5a6f51cdd29b/aggregates => generated 235 bytes in 12 msecs (HTTP/1.1 404) 5 headers in 202 bytes (1 switches on core 0)
2026-07-16 08:14:50.282 7 INFO placement.requestlog [None req-aeb6077d-66f3-4058-b6ad-3aeb2a34983b e7eed4117dcd4c77b4d65e1009c594a4 fa16be6cba304e0781b4e227c88fb3c8 - - 188eb4bd5ca04ef2b370a02271bb067f 188eb4bd5ca04ef2b370a02271bb067f] 10.0.0.252 "GET /resource_providers/004e8243-21a4-473c-ac49-5a6f51cdd29b/aggregates" status: 404 len: 235 microversion: 1.1 [pid: 7|app: 0|req: 624/1256] 10.0.0.252 () {32 vars in 816 bytes} [Thu Jul 16 08:14:50 2026] GET /resource_providers/004e8243-21a4-473c-ac49-5a6f51cdd29b/aggregates => generated 235 bytes in 10 msecs (HTTP/1.1 404) 5 headers in 202 bytes (1 switches on core 0)
2026-07-16 08:14:50.315 8 INFO placement.requestlog [None req-818cf236-26d5-4dbd-8616-ab0dbc2eacd0 e7eed4117dcd4c77b4d65e1009c594a4 fa16be6cba304e0781b4e227c88fb3c8 - - 188eb4bd5ca04ef2b370a02271bb067f 188eb4bd5ca04ef2b370a02271bb067f] 10.0.0.252 "DELETE /resource_providers/004e8243-21a4-473c-ac49-5a6f51cdd29b" status: 404 len: 246 microversion: 1.1 [pid: 8|app: 0|req: 633/1257] 10.0.0.252 () {34 vars in 816 bytes} [Thu Jul 16 08:14:50 2026] DELETE /resource_providers/004e8243-21a4-473c-ac49-5a6f51cdd29b => generated 246 bytes in 15 msecs (HTTP/1.1 404) 6 headers in 231 bytes (1 switches on core 0)
2026-07-16 08:14:50.316 7 INFO placement.requestlog [None req-4c6cdc68-4263-4ab1-afbb-73bdffb1b93d e7eed4117dcd4c77b4d65e1009c594a4 fa16be6cba304e0781b4e227c88fb3c8 - - 188eb4bd5ca04ef2b370a02271bb067f 188eb4bd5ca04ef2b370a02271bb067f] 10.0.0.252 "DELETE /resource_providers/004e8243-21a4-473c-ac49-5a6f51cdd29b" status: 404 len: 246 microversion: 1.1 [pid: 7|app: 0|req: 625/1258] 10.0.0.252 () {34 vars in 816 bytes} [Thu Jul 16 08:14:50 2026] DELETE /resource_providers/004e8243-21a4-473c-ac49-5a6f51cdd29b => generated 246 bytes in 14 msecs (HTTP/1.1 404) 6 headers in 231 bytes (1 switches on core 0)
2026-07-16 08:14:52.788 8 INFO placement.requestlog [None req-ec1b9023-1c45-4b05-b39b-aa14c835af3d - - - - - -] 10.0.0.198 "GET /" status: 200 len: 136 microversion: 1.0
