2026-07-16 08:14:52.789 7 INFO placement.requestlog [None req-0d994f3d-95d1-4d7f-b077-158e20350444 - - - - - -] 10.0.0.198 "GET /" status: 200 len: 136 microversion: 1.0
2026-07-16 08:14:56.346 8 INFO placement.requestlog [None req-f99aa49b-77dd-475d-9b46-5d59220c3f95 e7eed4117dcd4c77b4d65e1009c594a4 fa16be6cba304e0781b4e227c88fb3c8 - - 188eb4bd5ca04ef2b370a02271bb067f 188eb4bd5ca04ef2b370a02271bb067f] 10.0.0.252 "GET /resource_providers/c21d0812-6d31-4fd9-8d52-810ab546f2be/aggregates" status: 404 len: 235 microversion: 1.1 [pid: 8|app: 0|req: 635/1261] 10.0.0.252 () {32 vars in 816 bytes} [Thu Jul 16 08:14:56 2026] GET /resource_providers/c21d0812-6d31-4fd9-8d52-810ab546f2be/aggregates => generated 235 bytes in 13 msecs (HTTP/1.1 404) 5 headers in 202 bytes (1 switches on core 0)
2026-07-16 08:14:56.349 7 INFO placement.requestlog [None req-f42506de-b002-4be0-9282-7f25a7497700 e7eed4117dcd4c77b4d65e1009c594a4 fa16be6cba304e0781b4e227c88fb3c8 - - 188eb4bd5ca04ef2b370a02271bb067f 188eb4bd5ca04ef2b370a02271bb067f] 10.0.0.252 "GET /resource_providers/c21d0812-6d31-4fd9-8d52-810ab546f2be/aggregates" status: 404 len: 235 microversion: 1.1 [pid: 7|app: 0|req: 627/1262] 10.0.0.252 () {32 vars in 816 bytes} [Thu Jul 16 08:14:56 2026] GET /resource_providers/c21d0812-6d31-4fd9-8d52-810ab546f2be/aggregates => generated 235 bytes in 16 msecs (HTTP/1.1 404) 5 headers in 202 bytes (1 switches on core 0)
2026-07-16 08:14:56.368 8 INFO placement.requestlog [None req-9ed87e92-757e-4946-b4f2-11c53f5db759 e7eed4117dcd4c77b4d65e1009c594a4 fa16be6cba304e0781b4e227c88fb3c8 - - 188eb4bd5ca04ef2b370a02271bb067f 188eb4bd5ca04ef2b370a02271bb067f] 10.0.0.252 "DELETE /resource_providers/c21d0812-6d31-4fd9-8d52-810ab546f2be" status: 404 len: 246 microversion: 1.1 [pid: 8|app: 0|req: 636/1263] 10.0.0.252 () {34 vars in 816 bytes} [Thu Jul 16 08:14:56 2026] DELETE /resource_providers/c21d0812-6d31-4fd9-8d52-810ab546f2be => generated 246 bytes in 10 msecs (HTTP/1.1 404) 6 headers in 231 bytes (1 switches on core 0)
2026-07-16 08:14:56.369 7 INFO placement.requestlog [None req-874c3856-c29d-4702-803e-433ea1c82f46 e7eed4117dcd4c77b4d65e1009c594a4 fa16be6cba304e0781b4e227c88fb3c8 - - 188eb4bd5ca04ef2b370a02271bb067f 188eb4bd5ca04ef2b370a02271bb067f] 10.0.0.252 "DELETE /resource_providers/c21d0812-6d31-4fd9-8d52-810ab546f2be" status: 404 len: 246 microversion: 1.1 [pid: 7|app: 0|req: 628/1264] 10.0.0.252 () {34 vars in 816 bytes} [Thu Jul 16 08:14:56 2026] DELETE /resource_providers/c21d0812-6d31-4fd9-8d52-810ab546f2be => generated 246 bytes in 9 msecs (HTTP/1.1 404) 6 headers in 231 bytes (1 switches on core 0)
2026-07-16 08:14:56.597 8 INFO placement.requestlog [None req-8a97ad1c-cd8e-4ab1-a840-821077ec55ab e7eed4117dcd4c77b4d65e1009c594a4 fa16be6cba304e0781b4e227c88fb3c8 - - 188eb4bd5ca04ef2b370a02271bb067f 188eb4bd5ca04ef2b370a02271bb067f] 10.0.0.252 "GET /resource_providers/d852fd07-cada-4268-ae61-69bfc33d7ac9/aggregates" status: 404 len: 235 microversion: 1.1 [pid: 8|app: 0|req: 637/1265] 10.0.0.252 () {32 vars in 816 bytes} [Thu Jul 16 08:14:56 2026] GET /resource_providers/d852fd07-cada-4268-ae61-69bfc33d7ac9/aggregates => generated 235 bytes in 15 msecs (HTTP/1.1 404) 5 headers in 202 bytes (1 switches on core 0)
2026-07-16 08:14:56.599 7 INFO placement.requestlog [None req-02f783cf-3970-4cb6-ac87-062969784ae4 e7eed4117dcd4c77b4d65e1009c594a4 fa16be6cba304e0781b4e227c88fb3c8 - - 188eb4bd5ca04ef2b370a02271bb067f 188eb4bd5ca04ef2b370a02271bb067f] 10.0.0.252 "GET /resource_providers/d852fd07-cada-4268-ae61-69bfc33d7ac9/aggregates" status: 404 len: 235 microversion: 1.1 [pid: 7|app: 0|req: 629/1266] 10.0.0.252 () {32 vars in 816 bytes} [Thu Jul 16 08:14:56 2026] GET /resource_providers/d852fd07-cada-4268-ae61-69bfc33d7ac9/aggregates => generated 235 bytes in 16 msecs (HTTP/1.1 404) 5 headers in 202 bytes (1 switches on core 0)
2026-07-16 08:14:56.628 8 INFO placement.requestlog [None req-3de6b7c9-7f7f-465c-92fe-3fa1089b3130 e7eed4117dcd4c77b4d65e1009c594a4 fa16be6cba304e0781b4e227c88fb3c8 - - 188eb4bd5ca04ef2b370a02271bb067f 188eb4bd5ca04ef2b370a02271bb067f] 10.0.0.252 "DELETE /resource_providers/d852fd07-cada-4268-ae61-69bfc33d7ac9" status: 404 len: 246 microversion: 1.1 [pid: 8|app: 0|req: 638/1267] 10.0.0.252 () {34 vars in 816 bytes} [Thu Jul 16 08:14:56 2026] DELETE /resource_providers/d852fd07-cada-4268-ae61-69bfc33d7ac9 => generated 246 bytes in 10 msecs (HTTP/1.1 404) 6 headers in 231 bytes (1 switches on core 0)
2026-07-16 08:14:56.631 7 INFO placement.requestlog [None req-309dbae6-d5b4-444f-bc00-184bd0d9bae9 e7eed4117dcd4c77b4d65e1009c594a4 fa16be6cba304e0781b4e227c88fb3c8 - - 188eb4bd5ca04ef2b370a02271bb067f 188eb4bd5ca04ef2b370a02271bb067f] 10.0.0.252 "DELETE /resource_providers/d852fd07-cada-4268-ae61-69bfc33d7ac9" status: 404 len: 246 microversion: 1.1 [pid: 7|app: 0|req: 630/1268] 10.0.0.252 () {34 vars in 816 bytes} [Thu Jul 16 08:14:56 2026] DELETE /resource_providers/d852fd07-cada-4268-ae61-69bfc33d7ac9 => generated 246 bytes in 11 msecs (HTTP/1.1 404) 6 headers in 231 bytes (1 switches on core 0)
2026-07-16 08:15:02.787 8 INFO placement.requestlog [None req-9f49e45c-c0a2-49c9-9635-de512887b54f - - - - - -] 10.0.0.198 "GET /" status: 200 len: 136 microversion: 1.0
2026-07-16 08:15:02.790 7 INFO placement.requestlog [None req-63f13570-aea0-42ba-892b-d1cb18fe4cdb - - - - - -] 10.0.0.198 "GET /" status: 200 len: 136 microversion: 1.0
2026-07-16 08:15:12.787 8 INFO placement.requestlog [None req-ff37c8a8-ee1a-4ab7-9d52-3693f9e549e5 - - - - - -] 10.0.0.198 "GET /" status: 200 len: 136 microversion: 1.0
2026-07-16 08:15:12.788 7 INFO placement.requestlog [None req-60e1d0dd-a825-4e06-9544-20b0fee520ec - - - - - -] 10.0.0.198 "GET /" status: 200 len: 136 microversion: 1.0
2026-07-16 08:15:14.198 7 INFO placement.requestlog [None req-10fe85c3-135b-42cd-99d4-6ea600b0407d e7eed4117dcd4c77b4d65e1009c594a4 fa16be6cba304e0781b4e227c88fb3c8 - - 188eb4bd5ca04ef2b370a02271bb067f 188eb4bd5ca04ef2b370a02271bb067f] 10.0.0.252 "GET /resource_providers/4cce2dfa-4d15-4620-a0a8-383956fb283c/aggregates" status: 404 len: 235 microversion: 1.1 [pid: 7|app: 0|req: 633/1273] 10.0.0.252 () {32 vars in 816 bytes} [Thu Jul 16 08:15:13 2026] GET /resource_providers/4cce2dfa-4d15-4620-a0a8-383956fb283c/aggregates => generated 235 bytes in 200 msecs (HTTP/1.1 404) 5 headers in 202 bytes (1 switches on core 0)
2026-07-16 08:15:14.205 8 INFO placement.requestlog [None req-00fc0b91-9cdd-4db1-903f-026f611713f4 e7eed4117dcd4c77b4d65e1009c594a4 fa16be6cba304e0781b4e227c88fb3c8 - - 188eb4bd5ca04ef2b370a02271bb067f 188eb4bd5ca04ef2b370a02271bb067f] 10.0.0.252 "GET /resource_providers/4cce2dfa-4d15-4620-a0a8-383956fb283c/aggregates" status: 404 len: 235 microversion: 1.1 [pid: 8|app: 0|req: 641/1274] 10.0.0.252 () {32 vars in 816 bytes} [Thu Jul 16 08:15:13 2026] GET /resource_providers/4cce2dfa-4d15-4620-a0a8-383956fb283c/aggregates => generated 235 bytes in 207 msecs (HTTP/1.1 404) 5 headers in 202 bytes (1 switches on core 0)
2026-07-16 08:15:14.320 7 INFO placement.requestlog [None req-935d2c75-c0b0-4559-807d-e9e2826a3614 e7eed4117dcd4c77b4d65e1009c594a4 fa16be6cba304e0781b4e227c88fb3c8 - - 188eb4bd5ca04ef2b370a02271bb067f 188eb4bd5ca04ef2b370a02271bb067f] 10.0.0.252 "DELETE /resource_providers/4cce2dfa-4d15-4620-a0a8-383956fb283c" status: 404 len: 246 microversion: 1.1 [pid: 7|app: 0|req: 634/1275] 10.0.0.252 () {34 vars in 816 bytes} [Thu Jul 16 08:15:14 2026] DELETE /resource_providers/4cce2dfa-4d15-4620-a0a8-383956fb283c => generated 246 bytes in 16 msecs (HTTP/1.1 404) 6 headers in 231 bytes (1 switches on core 0)
2026-07-16 08:15:14.321 8 INFO placement.requestlog [None req-306fb753-0dc8-4723-b652-e18c6d35537a e7eed4117dcd4c77b4d65e1009c594a4 fa16be6cba304e0781b4e227c88fb3c8 - - 188eb4bd5ca04ef2b370a02271bb067f 188eb4bd5ca04ef2b370a02271bb067f] 10.0.0.252 "DELETE /resource_providers/4cce2dfa-4d15-4620-a0a8-383956fb283c" status: 404 len: 246 microversion: 1.1 [pid: 8|app: 0|req: 642/1276] 10.0.0.252 () {34 vars in 816 bytes} [Thu Jul 16 08:15:14 2026] DELETE /resource_providers/4cce2dfa-4d15-4620-a0a8-383956fb283c => generated 246 bytes in 17 msecs (HTTP/1.1 404) 6 headers in 231 bytes (1 switches on core 0)
2026-07-16 08:15:21.649 8 INFO placement.requestlog [None req-db057a97-9b6d-46ec-aba5-7d816bb2e794 e7eed4117dcd4c77b4d65e1009c594a4 fa16be6cba304e0781b4e227c88fb3c8 - - 188eb4bd5ca04ef2b370a02271bb067f 188eb4bd5ca04ef2b370a02271bb067f] 10.0.0.252 "GET /resource_providers/a5a837a4-39aa-4c14-8027-649dde937462/aggregates" status: 404 len: 235 microversion: 1.1 [pid: 8|app: 0|req: 643/1277] 10.0.0.252 () {32 vars in 816 bytes} [Thu Jul 16 08:15:21 2026] GET /resource_providers/a5a837a4-39aa-4c14-8027-649dde937462/aggregates => generated 235 bytes in 12 msecs (HTTP/1.1 404) 5 headers in 202 bytes (1 switches on core 0)
2026-07-16 08:15:21.651 7 INFO placement.requestlog [None req-c945397f-b65e-4796-9939-f4c5776b3a3b e7eed4117dcd4c77b4d65e1009c594a4 fa16be6cba304e0781b4e227c88fb3c8 - - 188eb4bd5ca04ef2b370a02271bb067f 188eb4bd5ca04ef2b370a02271bb067f] 10.0.0.252 "GET /resource_providers/a5a837a4-39aa-4c14-8027-649dde937462/aggregates" status: 404 len: 235 microversion: 1.1 [pid: 7|app: 0|req: 635/1278] 10.0.0.252 () {32 vars in 816 bytes} [Thu Jul 16 08:15:21 2026] GET /resource_providers/a5a837a4-39aa-4c14-8027-649dde937462/aggregates => generated 235 bytes in 15 msecs (HTTP/1.1 404) 5 headers in 202 bytes (1 switches on core 0)
2026-07-16 08:15:21.675 8 INFO placement.requestlog [None req-f5389cbc-e4b6-4b32-9c85-568be82c32d7 e7eed4117dcd4c77b4d65e1009c594a4 fa16be6cba304e0781b4e227c88fb3c8 - - 188eb4bd5ca04ef2b370a02271bb067f 188eb4bd5ca04ef2b370a02271bb067f] 10.0.0.252 "DELETE /resource_providers/a5a837a4-39aa-4c14-8027-649dde937462" status: 404 len: 246 microversion: 1.1 [pid: 8|app: 0|req: 644/1279] 10.0.0.252 () {34 vars in 816 bytes} [Thu Jul 16 08:15:21 2026] DELETE /resource_providers/a5a837a4-39aa-4c14-8027-649dde937462 => generated 246 bytes in 11 msecs (HTTP/1.1 404) 6 headers in 231 bytes (1 switches on core 0)
2026-07-16 08:15:21.678 7 INFO placement.requestlog [None req-e37399b6-4f7f-4e9a-aef2-61252e5006de e7eed4117dcd4c77b4d65e1009c594a4 fa16be6cba304e0781b4e227c88fb3c8 - - 188eb4bd5ca04ef2b370a02271bb067f 188eb4bd5ca04ef2b370a02271bb067f] 10.0.0.252 "DELETE /resource_providers/a5a837a4-39aa-4c14-8027-649dde937462" status: 404 len: 246 microversion: 1.1 [pid: 7|app: 0|req: 636/1280] 10.0.0.252 () {34 vars in 816 bytes} [Thu Jul 16 08:15:21 2026] DELETE /resource_providers/a5a837a4-39aa-4c14-8027-649dde937462 => generated 246 bytes in 11 msecs (HTTP/1.1 404) 6 headers in 231 bytes (1 switches on core 0)
2026-07-16 08:15:22.788 8 INFO placement.requestlog [None req-a318466a-f755-4103-ade4-cb7fba08e6aa - - - - - -] 10.0.0.198 "GET /" status: 200 len: 136 microversion: 1.0
2026-07-16 08:15:22.792 7 INFO placement.requestlog [None req-5c5d3a9f-d4bc-4efc-b542-ca5d5d401d63 - - - - - -] 10.0.0.198 "GET /" status: 200 len: 136 microversion: 1.0
2026-07-16 08:15:28.100 8 INFO placement.requestlog [req-54368926-609b-465b-8389-6e4ea13617d3 req-eb5f3749-c35e-4c89-9ae4-9b59b95a3f80 0802c1021e80425eaa9b9627d4f093f1 fa16be6cba304e0781b4e227c88fb3c8 - - 188eb4bd5ca04ef2b370a02271bb067f 188eb4bd5ca04ef2b370a02271bb067f] 10.0.0.136 "GET /allocation_candidates?limit=1000&resources=DISK_GB%3A1%2CMEMORY_MB%3A512%2CVCPU%3A1&root_required=%21COMPUTE_STATUS_DISABLED" status: 200 len: 2147 microversion: 1.36 [pid: 8|app: 0|req: 646/1283] 10.0.0.136 () {34 vars in 1012 bytes} [Thu Jul 16 08:15:27 2026] GET /allocation_candidates?limit=1000&resources=DISK_GB%3A1%2CMEMORY_MB%3A512%2CVCPU%3A1&root_required=%21COMPUTE_STATUS_DISABLED => generated 2147 bytes in 258 msecs (HTTP/1.1 200) 8 headers in 297 bytes (1 switches on core 0)
2026-07-16 08:15:28.142 7 INFO placement.requestlog [req-54368926-609b-465b-8389-6e4ea13617d3 req-8e94e78b-4847-4a30-8075-36b2c2e96c26 0802c1021e80425eaa9b9627d4f093f1 fa16be6cba304e0781b4e227c88fb3c8 - - 188eb4bd5ca04ef2b370a02271bb067f 188eb4bd5ca04ef2b370a02271bb067f] 10.0.0.136 "GET /allocations/64ed1ff2-881d-4f99-9f6b-b98058131146" status: 200 len: 19 microversion: 1.28 [pid: 7|app: 0|req: 638/1284] 10.0.0.136 () {34 vars in 861 bytes} [Thu Jul 16 08:15:28 2026] GET /allocations/64ed1ff2-881d-4f99-9f6b-b98058131146 => generated 19 bytes in 11 msecs (HTTP/1.1 200) 8 headers in 295 bytes (1 switches on core 0)
2026-07-16 08:15:28.232 8 INFO placement.requestlog [req-54368926-609b-465b-8389-6e4ea13617d3 req-c3bdd1a5-517d-4979-889f-9dee0a449583 0802c1021e80425eaa9b9627d4f093f1 fa16be6cba304e0781b4e227c88fb3c8 - - 188eb4bd5ca04ef2b370a02271bb067f 188eb4bd5ca04ef2b370a02271bb067f] 10.0.0.136 "PUT /allocations/64ed1ff2-881d-4f99-9f6b-b98058131146" status: 204 len: 0 microversion: 1.36 [pid: 8|app: 0|req: 647/1285] 10.0.0.136 () {38 vars in 914 bytes} [Thu Jul 16 08:15:28 2026] PUT /allocations/64ed1ff2-881d-4f99-9f6b-b98058131146 => generated 0 bytes in 85 msecs (HTTP/1.1 204) 5 headers in 199 bytes (1 switches on core 0)
2026-07-16 08:15:28.494 7 INFO placement.requestlog [req-54368926-609b-465b-8389-6e4ea13617d3 req-e5ea0a89-72c7-423c-964b-1c4809f472a2 0802c1021e80425eaa9b9627d4f093f1 fa16be6cba304e0781b4e227c88fb3c8 - - 188eb4bd5ca04ef2b370a02271bb067f 188eb4bd5ca04ef2b370a02271bb067f] 199.19.213.224 "GET /allocations/64ed1ff2-881d-4f99-9f6b-b98058131146" status: 200 len: 258 microversion: 1.28 [pid: 7|app: 0|req: 639/1286] 199.19.213.224 () {34 vars in 863 bytes} [Thu Jul 16 08:15:28 2026] GET /allocations/64ed1ff2-881d-4f99-9f6b-b98058131146 => generated 258 bytes in 14 msecs (HTTP/1.1 200) 8 headers in 296 bytes (1 switches on core 0)
2026-07-16 08:15:28.630 8 INFO placement.requestlog [req-54368926-609b-465b-8389-6e4ea13617d3 req-2314a58c-172b-4f56-b920-b10de5ec6a40 0802c1021e80425eaa9b9627d4f093f1 fa16be6cba304e0781b4e227c88fb3c8 - - 188eb4bd5ca04ef2b370a02271bb067f 188eb4bd5ca04ef2b370a02271bb067f] 199.19.213.224 "GET /resource_providers/2a4a0ad9-093b-4afa-93ce-a5f4ffbc08f7/allocations" status: 200 len: 153 microversion: 1.0 [pid: 8|app: 0|req: 648/1287] 199.19.213.224 () {32 vars in 857 bytes} [Thu Jul 16 08:15:28 2026] GET /resource_providers/2a4a0ad9-093b-4afa-93ce-a5f4ffbc08f7/allocations => generated 153 bytes in 20 msecs (HTTP/1.1 200) 6 headers in 224 bytes (1 switches on core 0)
2026-07-16 08:15:28.653 7 INFO placement.requestlog [req-54368926-609b-465b-8389-6e4ea13617d3 req-0494b4a6-5123-4136-985f-a90427d740fd 0802c1021e80425eaa9b9627d4f093f1 fa16be6cba304e0781b4e227c88fb3c8 - - 188eb4bd5ca04ef2b370a02271bb067f 188eb4bd5ca04ef2b370a02271bb067f] 199.19.213.224 "GET /allocations/64ed1ff2-881d-4f99-9f6b-b98058131146" status: 200 len: 258 microversion: 1.28 [pid: 7|app: 0|req: 640/1288] 199.19.213.224 () {34 vars in 863 bytes} [Thu Jul 16 08:15:28 2026] GET /allocations/64ed1ff2-881d-4f99-9f6b-b98058131146 => generated 258 bytes in 13 msecs (HTTP/1.1 200) 8 headers in 296 bytes (1 switches on core 0)
2026-07-16 08:15:32.791 8 INFO placement.requestlog [None req-be153f73-efbf-427e-a878-07b1ba8a3ee1 - - - - - -] 10.0.0.198 "GET /" status: 200 len: 136 microversion: 1.0
2026-07-16 08:15:32.793 7 INFO placement.requestlog [None req-02e1cac1-d478-489f-954a-bc8dc441a673 - - - - - -] 10.0.0.198 "GET /" status: 200 len: 136 microversion: 1.0
2026-07-16 08:15:36.383 8 INFO placement.requestlog [req-f91f4f01-66fc-46b7-a8a2-db010f5b6586 req-99b2284b-c7b2-4a36-978a-4d778b4656b4 0802c1021e80425eaa9b9627d4f093f1 fa16be6cba304e0781b4e227c88fb3c8 - - 188eb4bd5ca04ef2b370a02271bb067f 188eb4bd5ca04ef2b370a02271bb067f] 10.0.0.136 "GET /allocation_candidates?limit=1000&resources=DISK_GB%3A1%2CMEMORY_MB%3A512%2CVCPU%3A1&root_required=%21COMPUTE_STATUS_DISABLED" status: 200 len: 2149 microversion: 1.36 [pid: 8|app: 0|req: 650/1291] 10.0.0.136 () {34 vars in 1012 bytes} [Thu Jul 16 08:15:36 2026] GET /allocation_candidates?limit=1000&resources=DISK_GB%3A1%2CMEMORY_MB%3A512%2CVCPU%3A1&root_required=%21COMPUTE_STATUS_DISABLED => generated 2149 bytes in 45 msecs (HTTP/1.1 200) 8 headers in 297 bytes (1 switches on core 0)
2026-07-16 08:15:36.415 7 INFO placement.requestlog [req-f91f4f01-66fc-46b7-a8a2-db010f5b6586 req-2f3f4ac2-80c4-4f24-a63d-1231bcfc186f 0802c1021e80425eaa9b9627d4f093f1 fa16be6cba304e0781b4e227c88fb3c8 - - 188eb4bd5ca04ef2b370a02271bb067f 188eb4bd5ca04ef2b370a02271bb067f] 10.0.0.136 "GET /allocations/a4d6ce0c-e6cc-485d-b896-a3fcfbd6add3" status: 200 len: 19 microversion: 1.28 [pid: 7|app: 0|req: 642/1292] 10.0.0.136 () {34 vars in 861 bytes} [Thu Jul 16 08:15:36 2026] GET /allocations/a4d6ce0c-e6cc-485d-b896-a3fcfbd6add3 => generated 19 bytes in 14 msecs (HTTP/1.1 200) 8 headers in 295 bytes (1 switches on core 0)
2026-07-16 08:15:36.472 8 INFO placement.requestlog [req-f91f4f01-66fc-46b7-a8a2-db010f5b6586 req-1909235a-07cd-4dbe-9318-12db9ca92ff8 0802c1021e80425eaa9b9627d4f093f1 fa16be6cba304e0781b4e227c88fb3c8 - - 188eb4bd5ca04ef2b370a02271bb067f 188eb4bd5ca04ef2b370a02271bb067f] 10.0.0.136 "PUT /allocations/a4d6ce0c-e6cc-485d-b896-a3fcfbd6add3" status: 204 len: 0 microversion: 1.36 [pid: 8|app: 0|req: 651/1293] 10.0.0.136 () {38 vars in 914 bytes} [Thu Jul 16 08:15:36 2026] PUT /allocations/a4d6ce0c-e6cc-485d-b896-a3fcfbd6add3 => generated 0 bytes in 50 msecs (HTTP/1.1 204) 5 headers in 199 bytes (1 switches on core 0)
2026-07-16 08:15:36.743 7 INFO placement.requestlog [req-f91f4f01-66fc-46b7-a8a2-db010f5b6586 req-9271b237-7ebf-4ec4-b91a-af92e07c7ff0 0802c1021e80425eaa9b9627d4f093f1 fa16be6cba304e0781b4e227c88fb3c8 - - 188eb4bd5ca04ef2b370a02271bb067f 188eb4bd5ca04ef2b370a02271bb067f] 199.19.213.224 "GET /allocations/a4d6ce0c-e6cc-485d-b896-a3fcfbd6add3" status: 200 len: 258 microversion: 1.28 [pid: 7|app: 0|req: 643/1294] 199.19.213.224 () {34 vars in 863 bytes} [Thu Jul 16 08:15:36 2026] GET /allocations/a4d6ce0c-e6cc-485d-b896-a3fcfbd6add3 => generated 258 bytes in 14 msecs (HTTP/1.1 200) 8 headers in 296 bytes (1 switches on core 0)
2026-07-16 08:15:36.879 8 INFO placement.requestlog [req-f91f4f01-66fc-46b7-a8a2-db010f5b6586 req-8d12f8ec-d1c0-4391-849a-4f0e215dc2e8 0802c1021e80425eaa9b9627d4f093f1 fa16be6cba304e0781b4e227c88fb3c8 - - 188eb4bd5ca04ef2b370a02271bb067f 188eb4bd5ca04ef2b370a02271bb067f] 199.19.213.224 "GET /resource_providers/2a4a0ad9-093b-4afa-93ce-a5f4ffbc08f7/allocations" status: 200 len: 253 microversion: 1.0 [pid: 8|app: 0|req: 652/1295] 199.19.213.224 () {32 vars in 857 bytes} [Thu Jul 16 08:15:36 2026] GET /resource_providers/2a4a0ad9-093b-4afa-93ce-a5f4ffbc08f7/allocations => generated 253 bytes in 21 msecs (HTTP/1.1 200) 6 headers in 224 bytes (1 switches on core 0)
2026-07-16 08:15:36.903 7 INFO placement.requestlog [req-f91f4f01-66fc-46b7-a8a2-db010f5b6586 req-adce3da0-d885-4855-b1f5-b8de3095dc5d 0802c1021e80425eaa9b9627d4f093f1 fa16be6cba304e0781b4e227c88fb3c8 - - 188eb4bd5ca04ef2b370a02271bb067f 188eb4bd5ca04ef2b370a02271bb067f] 199.19.213.224 "GET /allocations/a4d6ce0c-e6cc-485d-b896-a3fcfbd6add3" status: 200 len: 258 microversion: 1.28 [pid: 7|app: 0|req: 644/1296] 199.19.213.224 () {34 vars in 863 bytes} [Thu Jul 16 08:15:36 2026] GET /allocations/a4d6ce0c-e6cc-485d-b896-a3fcfbd6add3 => generated 258 bytes in 16 msecs (HTTP/1.1 200) 8 headers in 296 bytes (1 switches on core 0)
2026-07-16 08:15:36.924 8 INFO placement.requestlog [req-f91f4f01-66fc-46b7-a8a2-db010f5b6586 req-ff9cb758-9e9b-4bc2-b963-3c3e4ddd4f9f 0802c1021e80425eaa9b9627d4f093f1 fa16be6cba304e0781b4e227c88fb3c8 - - 188eb4bd5ca04ef2b370a02271bb067f 188eb4bd5ca04ef2b370a02271bb067f] 199.19.213.224 "GET /allocations/64ed1ff2-881d-4f99-9f6b-b98058131146" status: 200 len: 258 microversion: 1.28 [pid: 8|app: 0|req: 653/1297] 199.19.213.224 () {34 vars in 863 bytes} [Thu Jul 16 08:15:36 2026] GET /allocations/64ed1ff2-881d-4f99-9f6b-b98058131146 => generated 258 bytes in 14 msecs (HTTP/1.1 200) 8 headers in 296 bytes (1 switches on core 0)
2026-07-16 08:15:42.788 7 INFO placement.requestlog [None req-8ee198f3-6d99-42f3-902b-8d9706f598b5 - - - - - -] 10.0.0.198 "GET /" status: 200 len: 136 microversion: 1.0
2026-07-16 08:15:42.789 8 INFO placement.requestlog [None req-31d5ccca-01b7-4274-9a96-3ea828902f02 - - - - - -] 10.0.0.198 "GET /" status: 200 len: 136 microversion: 1.0
2026-07-16 08:15:52.510 8 INFO placement.requestlog [req-90b1f314-52d4-40a0-a6cc-b2f96226e6d9 req-d5429be2-2cc3-41aa-b3df-36d056f68f46 0802c1021e80425eaa9b9627d4f093f1 fa16be6cba304e0781b4e227c88fb3c8 - - 188eb4bd5ca04ef2b370a02271bb067f 188eb4bd5ca04ef2b370a02271bb067f] 199.19.213.224 "GET /resource_providers/2a4a0ad9-093b-4afa-93ce-a5f4ffbc08f7/allocations" status: 200 len: 253 microversion: 1.0 [pid: 8|app: 0|req: 655/1300] 199.19.213.224 () {32 vars in 857 bytes} [Thu Jul 16 08:15:52 2026] GET /resource_providers/2a4a0ad9-093b-4afa-93ce-a5f4ffbc08f7/allocations => generated 253 bytes in 20 msecs (HTTP/1.1 200) 6 headers in 224 bytes (1 switches on core 0)
2026-07-16 08:15:52.572 7 INFO placement.requestlog [req-90b1f314-52d4-40a0-a6cc-b2f96226e6d9 req-731024be-5390-4445-9ce7-e8ebd7a7b957 0802c1021e80425eaa9b9627d4f093f1 fa16be6cba304e0781b4e227c88fb3c8 - - 188eb4bd5ca04ef2b370a02271bb067f 188eb4bd5ca04ef2b370a02271bb067f] 199.19.213.224 "GET /resource_providers/2a4a0ad9-093b-4afa-93ce-a5f4ffbc08f7/allocations" status: 200 len: 253 microversion: 1.0 [pid: 7|app: 0|req: 646/1301] 199.19.213.224 () {32 vars in 857 bytes} [Thu Jul 16 08:15:52 2026] GET /resource_providers/2a4a0ad9-093b-4afa-93ce-a5f4ffbc08f7/allocations => generated 253 bytes in 22 msecs (HTTP/1.1 200) 6 headers in 224 bytes (1 switches on core 0)
2026-07-16 08:15:52.594 8 INFO placement.requestlog [req-90b1f314-52d4-40a0-a6cc-b2f96226e6d9 req-b84ca154-3b09-44fb-b102-4304ef6eb66a 0802c1021e80425eaa9b9627d4f093f1 fa16be6cba304e0781b4e227c88fb3c8 - - 188eb4bd5ca04ef2b370a02271bb067f 188eb4bd5ca04ef2b370a02271bb067f] 199.19.213.224 "GET /allocations/a4d6ce0c-e6cc-485d-b896-a3fcfbd6add3" status: 200 len: 258 microversion: 1.28 [pid: 8|app: 0|req: 656/1302] 199.19.213.224 () {34 vars in 863 bytes} [Thu Jul 16 08:15:52 2026] GET /allocations/a4d6ce0c-e6cc-485d-b896-a3fcfbd6add3 => generated 258 bytes in 15 msecs (HTTP/1.1 200) 8 headers in 296 bytes (1 switches on core 0)
2026-07-16 08:15:52.621 7 INFO placement.requestlog [req-90b1f314-52d4-40a0-a6cc-b2f96226e6d9 req-24f2895d-4cda-4e7c-8c4e-90c15a538838 0802c1021e80425eaa9b9627d4f093f1 fa16be6cba304e0781b4e227c88fb3c8 - - 188eb4bd5ca04ef2b370a02271bb067f 188eb4bd5ca04ef2b370a02271bb067f] 199.19.213.224 "GET /allocations/64ed1ff2-881d-4f99-9f6b-b98058131146" status: 200 len: 258 microversion: 1.28 [pid: 7|app: 0|req: 647/1303] 199.19.213.224 () {34 vars in 863 bytes} [Thu Jul 16 08:15:52 2026] GET /allocations/64ed1ff2-881d-4f99-9f6b-b98058131146 => generated 258 bytes in 19 msecs (HTTP/1.1 200) 8 headers in 296 bytes (1 switches on core 0)
2026-07-16 08:15:52.788 8 INFO placement.requestlog [None req-b2dd05d4-aeef-4539-a2e1-dfa0721eb3e8 - - - - - -] 10.0.0.198 "GET /" status: 200 len: 136 microversion: 1.0
2026-07-16 08:15:52.788 7 INFO placement.requestlog [None req-2d932e80-aef5-4a81-baa8-ab9f4926e026 - - - - - -] 10.0.0.198 "GET /" status: 200 len: 136 microversion: 1.0
2026-07-16 08:16:02.788 7 INFO placement.requestlog [None req-8dc82ecb-dfe9-426c-b2da-41df4da39445 - - - - - -] 10.0.0.198 "GET /" status: 200 len: 136 microversion: 1.0
2026-07-16 08:16:02.788 8 INFO placement.requestlog [None req-337db308-9e6e-48a9-9d5c-b08d7a50600c - - - - - -] 10.0.0.198 "GET /" status: 200 len: 136 microversion: 1.0
2026-07-16 08:16:07.229 7 INFO placement.requestlog [req-88a45a65-ac32-429d-9c21-03f51d027f7c req-586a8a14-91c9-4aa3-abf3-a663d8686edc 0802c1021e80425eaa9b9627d4f093f1 fa16be6cba304e0781b4e227c88fb3c8 - - 188eb4bd5ca04ef2b370a02271bb067f 188eb4bd5ca04ef2b370a02271bb067f] 10.0.0.136 "GET /allocation_candidates?limit=1000&resources=MEMORY_MB%3A2048%2CVCPU%3A2&root_required=%21COMPUTE_STATUS_DISABLED" status: 200 len: 2137 microversion: 1.36 [pid: 7|app: 0|req: 650/1308] 10.0.0.136 () {34 vars in 986 bytes} [Thu Jul 16 08:16:07 2026] GET /allocation_candidates?limit=1000&resources=MEMORY_MB%3A2048%2CVCPU%3A2&root_required=%21COMPUTE_STATUS_DISABLED => generated 2137 bytes in 43 msecs (HTTP/1.1 200) 8 headers in 297 bytes (1 switches on core 0)
2026-07-16 08:16:07.280 8 INFO placement.requestlog [req-88a45a65-ac32-429d-9c21-03f51d027f7c req-e1e79b5f-7577-48e1-9d58-bc07aefc46af 0802c1021e80425eaa9b9627d4f093f1 fa16be6cba304e0781b4e227c88fb3c8 - - 188eb4bd5ca04ef2b370a02271bb067f 188eb4bd5ca04ef2b370a02271bb067f] 10.0.0.136 "GET /allocations/f4a58607-6d55-4465-ad9d-448fec652b97" status: 200 len: 19 microversion: 1.28 [pid: 8|app: 0|req: 659/1309] 10.0.0.136 () {34 vars in 861 bytes} [Thu Jul 16 08:16:07 2026] GET /allocations/f4a58607-6d55-4465-ad9d-448fec652b97 => generated 19 bytes in 13 msecs (HTTP/1.1 200) 8 headers in 295 bytes (1 switches on core 0)
2026-07-16 08:16:07.354 7 INFO placement.requestlog [req-88a45a65-ac32-429d-9c21-03f51d027f7c req-ce91c279-b08c-4792-9706-f589ad28ea93 0802c1021e80425eaa9b9627d4f093f1 fa16be6cba304e0781b4e227c88fb3c8 - - 188eb4bd5ca04ef2b370a02271bb067f 188eb4bd5ca04ef2b370a02271bb067f] 10.0.0.136 "PUT /allocations/f4a58607-6d55-4465-ad9d-448fec652b97" status: 204 len: 0 microversion: 1.36 [pid: 7|app: 0|req: 651/1310] 10.0.0.136 () {38 vars in 914 bytes} [Thu Jul 16 08:16:07 2026] PUT /allocations/f4a58607-6d55-4465-ad9d-448fec652b97 => generated 0 bytes in 64 msecs (HTTP/1.1 204) 5 headers in 199 bytes (1 switches on core 0)
2026-07-16 08:16:07.639 8 INFO placement.requestlog [req-88a45a65-ac32-429d-9c21-03f51d027f7c req-b7545099-6872-4706-9dd8-cb13bf427dca 0802c1021e80425eaa9b9627d4f093f1 fa16be6cba304e0781b4e227c88fb3c8 - - 188eb4bd5ca04ef2b370a02271bb067f 188eb4bd5ca04ef2b370a02271bb067f] 199.19.213.224 "GET /allocations/f4a58607-6d55-4465-ad9d-448fec652b97" status: 200 len: 245 microversion: 1.28 [pid: 8|app: 0|req: 660/1311] 199.19.213.224 () {34 vars in 863 bytes} [Thu Jul 16 08:16:07 2026] GET /allocations/f4a58607-6d55-4465-ad9d-448fec652b97 => generated 245 bytes in 13 msecs (HTTP/1.1 200) 8 headers in 296 bytes (1 switches on core 0)
2026-07-16 08:16:07.793 7 INFO placement.requestlog [req-88a45a65-ac32-429d-9c21-03f51d027f7c req-301cdd39-83e3-457b-9a0f-28c3ac7537c7 0802c1021e80425eaa9b9627d4f093f1 fa16be6cba304e0781b4e227c88fb3c8 - - 188eb4bd5ca04ef2b370a02271bb067f 188eb4bd5ca04ef2b370a02271bb067f] 199.19.213.224 "GET /resource_providers/2a4a0ad9-093b-4afa-93ce-a5f4ffbc08f7/allocations" status: 200 len: 340 microversion: 1.0 [pid: 7|app: 0|req: 652/1312] 199.19.213.224 () {32 vars in 857 bytes} [Thu Jul 16 08:16:07 2026] GET /resource_providers/2a4a0ad9-093b-4afa-93ce-a5f4ffbc08f7/allocations => generated 340 bytes in 32 msecs (HTTP/1.1 200) 6 headers in 224 bytes (1 switches on core 0)
2026-07-16 08:16:07.819 8 INFO placement.requestlog [req-88a45a65-ac32-429d-9c21-03f51d027f7c req-bf25f6b7-6d94-4381-9787-6f9f49a8858a 0802c1021e80425eaa9b9627d4f093f1 fa16be6cba304e0781b4e227c88fb3c8 - - 188eb4bd5ca04ef2b370a02271bb067f 188eb4bd5ca04ef2b370a02271bb067f] 199.19.213.224 "GET /allocations/a4d6ce0c-e6cc-485d-b896-a3fcfbd6add3" status: 200 len: 258 microversion: 1.28 [pid: 8|app: 0|req: 661/1313] 199.19.213.224 () {34 vars in 863 bytes} [Thu Jul 16 08:16:07 2026] GET /allocations/a4d6ce0c-e6cc-485d-b896-a3fcfbd6add3 => generated 258 bytes in 19 msecs (HTTP/1.1 200) 8 headers in 296 bytes (1 switches on core 0)
2026-07-16 08:16:07.843 7 INFO placement.requestlog [req-88a45a65-ac32-429d-9c21-03f51d027f7c req-144303f6-084c-4dfa-b7e0-4adb80988c83 0802c1021e80425eaa9b9627d4f093f1 fa16be6cba304e0781b4e227c88fb3c8 - - 188eb4bd5ca04ef2b370a02271bb067f 188eb4bd5ca04ef2b370a02271bb067f] 199.19.213.224 "GET /allocations/f4a58607-6d55-4465-ad9d-448fec652b97" status: 200 len: 245 microversion: 1.28 [pid: 7|app: 0|req: 653/1314] 199.19.213.224 () {34 vars in 863 bytes} [Thu Jul 16 08:16:07 2026] GET /allocations/f4a58607-6d55-4465-ad9d-448fec652b97 => generated 245 bytes in 18 msecs (HTTP/1.1 200) 8 headers in 296 bytes (1 switches on core 0)
2026-07-16 08:16:07.867 8 INFO placement.requestlog [req-88a45a65-ac32-429d-9c21-03f51d027f7c req-c2fbe81c-aa17-459d-ac6c-259fa96c06fd 0802c1021e80425eaa9b9627d4f093f1 fa16be6cba304e0781b4e227c88fb3c8 - - 188eb4bd5ca04ef2b370a02271bb067f 188eb4bd5ca04ef2b370a02271bb067f] 199.19.213.224 "GET /allocations/64ed1ff2-881d-4f99-9f6b-b98058131146" status: 200 len: 258 microversion: 1.28 [pid: 8|app: 0|req: 662/1315] 199.19.213.224 () {34 vars in 863 bytes} [Thu Jul 16 08:16:07 2026] GET /allocations/64ed1ff2-881d-4f99-9f6b-b98058131146 => generated 258 bytes in 18 msecs (HTTP/1.1 200) 8 headers in 296 bytes (1 switches on core 0)
2026-07-16 08:16:12.789 7 INFO placement.requestlog [None req-c731a1c6-876a-4d77-8ef9-3b97375f0607 - - - - - -] 10.0.0.198 "GET /" status: 200 len: 136 microversion: 1.0
2026-07-16 08:16:12.789 8 INFO placement.requestlog [None req-688f0caa-d1cc-48e3-a3eb-8eff3775dfe8 - - - - - -] 10.0.0.198 "GET /" status: 200 len: 136 microversion: 1.0
2026-07-16 08:16:22.788 7 INFO placement.requestlog [None req-9bb0889c-9826-4426-b751-dc494d03b956 - - - - - -] 10.0.0.198 "GET /" status: 200 len: 136 microversion: 1.0
2026-07-16 08:16:22.789 8 INFO placement.requestlog [None req-5eb15f87-f9a6-45c2-8bde-9072177d87a9 - - - - - -] 10.0.0.198 "GET /" status: 200 len: 136 microversion: 1.0
2026-07-16 08:16:32.788 7 INFO placement.requestlog [None req-d0626593-f804-45ea-a2c2-3492fe7de6af - - - - - -] 10.0.0.198 "GET /" status: 200 len: 136 microversion: 1.0
2026-07-16 08:16:32.788 8 INFO placement.requestlog [None req-3da44c41-319a-4d51-abda-4744a8d8ef57 - - - - - -] 10.0.0.198 "GET /" status: 200 len: 136 microversion: 1.0
2026-07-16 08:16:42.788 7 INFO placement.requestlog [None req-a174bbc2-8129-497a-85f5-e14f750595cb - - - - - -] 10.0.0.198 "GET /" status: 200 len: 136 microversion: 1.0
2026-07-16 08:16:42.789 8 INFO placement.requestlog [None req-1cfecc86-477c-450e-9ccc-ce25618ea478 - - - - - -] 10.0.0.198 "GET /" status: 200 len: 136 microversion: 1.0
2026-07-16 08:16:52.788 8 INFO placement.requestlog [None req-5972c7ab-d617-4749-8108-c75f0d88780d - - - - - -] 10.0.0.198 "GET /" status: 200 len: 136 microversion: 1.0
2026-07-16 08:16:52.788 7 INFO placement.requestlog [None req-e7d6cccb-242a-485f-911c-4bda3399ce1e - - - - - -] 10.0.0.198 "GET /" status: 200 len: 136 microversion: 1.0
2026-07-16 08:16:54.608 8 INFO placement.requestlog [req-767bb491-2065-4f27-b1ef-ea934b262e4e req-f7be4fd9-8a6e-4ad6-b9fb-8e7e691c5933 0802c1021e80425eaa9b9627d4f093f1 fa16be6cba304e0781b4e227c88fb3c8 - - 188eb4bd5ca04ef2b370a02271bb067f 188eb4bd5ca04ef2b370a02271bb067f] 199.19.213.224 "GET /resource_providers/2a4a0ad9-093b-4afa-93ce-a5f4ffbc08f7/allocations" status: 200 len: 340 microversion: 1.0 [pid: 8|app: 0|req: 668/1326] 199.19.213.224 () {32 vars in 857 bytes} [Thu Jul 16 08:16:54 2026] GET /resource_providers/2a4a0ad9-093b-4afa-93ce-a5f4ffbc08f7/allocations => generated 340 bytes in 138 msecs (HTTP/1.1 200) 6 headers in 224 bytes (1 switches on core 0)
2026-07-16 08:16:54.661 7 INFO placement.requestlog [req-767bb491-2065-4f27-b1ef-ea934b262e4e req-f4fea2f8-be58-4aa0-ba36-a549d4cfcb9f 0802c1021e80425eaa9b9627d4f093f1 fa16be6cba304e0781b4e227c88fb3c8 - - 188eb4bd5ca04ef2b370a02271bb067f 188eb4bd5ca04ef2b370a02271bb067f] 199.19.213.224 "GET /resource_providers?in_tree=2a4a0ad9-093b-4afa-93ce-a5f4ffbc08f7" status: 200 len: 798 microversion: 1.14 [pid: 7|app: 0|req: 659/1327] 199.19.213.224 () {34 vars in 892 bytes} [Thu Jul 16 08:16:54 2026] GET /resource_providers?in_tree=2a4a0ad9-093b-4afa-93ce-a5f4ffbc08f7 => generated 798 bytes in 18 msecs (HTTP/1.1 200) 6 headers in 225 bytes (1 switches on core 0)
2026-07-16 08:16:54.686 8 INFO placement.requestlog [req-767bb491-2065-4f27-b1ef-ea934b262e4e req-ce5a42e8-057b-4584-8cd9-74f693b33799 0802c1021e80425eaa9b9627d4f093f1 fa16be6cba304e0781b4e227c88fb3c8 - - 188eb4bd5ca04ef2b370a02271bb067f 188eb4bd5ca04ef2b370a02271bb067f] 199.19.213.224 "GET /resource_providers/2a4a0ad9-093b-4afa-93ce-a5f4ffbc08f7/inventories" status: 200 len: 401 microversion: 1.0 [pid: 8|app: 0|req: 669/1328] 199.19.213.224 () {32 vars in 857 bytes} [Thu Jul 16 08:16:54 2026] GET /resource_providers/2a4a0ad9-093b-4afa-93ce-a5f4ffbc08f7/inventories => generated 401 bytes in 17 msecs (HTTP/1.1 200) 6 headers in 224 bytes (1 switches on core 0)
2026-07-16 08:16:54.705 7 INFO placement.requestlog [req-767bb491-2065-4f27-b1ef-ea934b262e4e req-be3f7af8-a3f9-4e35-8f3f-2d1ad2358c5d 0802c1021e80425eaa9b9627d4f093f1 fa16be6cba304e0781b4e227c88fb3c8 - - 188eb4bd5ca04ef2b370a02271bb067f 188eb4bd5ca04ef2b370a02271bb067f] 199.19.213.224 "GET /resource_providers/2a4a0ad9-093b-4afa-93ce-a5f4ffbc08f7/aggregates" status: 200 len: 54 microversion: 1.19 [pid: 7|app: 0|req: 660/1329] 199.19.213.224 () {34 vars in 899 bytes} [Thu Jul 16 08:16:54 2026] GET /resource_providers/2a4a0ad9-093b-4afa-93ce-a5f4ffbc08f7/aggregates => generated 54 bytes in 12 msecs (HTTP/1.1 200) 8 headers in 295 bytes (1 switches on core 0)
2026-07-16 08:16:54.734 8 INFO placement.requestlog [req-767bb491-2065-4f27-b1ef-ea934b262e4e req-b28470c3-4161-41b0-9b49-e7de30897b5b 0802c1021e80425eaa9b9627d4f093f1 fa16be6cba304e0781b4e227c88fb3c8 - - 188eb4bd5ca04ef2b370a02271bb067f 188eb4bd5ca04ef2b370a02271bb067f] 199.19.213.224 "GET /resource_providers/2a4a0ad9-093b-4afa-93ce-a5f4ffbc08f7/traits" status: 200 len: 1683 microversion: 1.6 [pid: 8|app: 0|req: 670/1330] 199.19.213.224 () {34 vars in 890 bytes} [Thu Jul 16 08:16:54 2026] GET /resource_providers/2a4a0ad9-093b-4afa-93ce-a5f4ffbc08f7/traits => generated 1683 bytes in 21 msecs (HTTP/1.1 200) 6 headers in 225 bytes (1 switches on core 0)
2026-07-16 08:16:54.761 7 INFO placement.requestlog [req-767bb491-2065-4f27-b1ef-ea934b262e4e req-53dc3733-d5b4-4145-8bba-ce87a4d2a3b8 0802c1021e80425eaa9b9627d4f093f1 fa16be6cba304e0781b4e227c88fb3c8 - - 188eb4bd5ca04ef2b370a02271bb067f 188eb4bd5ca04ef2b370a02271bb067f] 199.19.213.224 "GET /resource_providers/2a4a0ad9-093b-4afa-93ce-a5f4ffbc08f7/allocations" status: 200 len: 340 microversion: 1.0 [pid: 7|app: 0|req: 661/1331] 199.19.213.224 () {32 vars in 857 bytes} [Thu Jul 16 08:16:54 2026] GET /resource_providers/2a4a0ad9-093b-4afa-93ce-a5f4ffbc08f7/allocations => generated 340 bytes in 20 msecs (HTTP/1.1 200) 6 headers in 224 bytes (1 switches on core 0)
2026-07-16 08:16:54.780 8 INFO placement.requestlog [req-767bb491-2065-4f27-b1ef-ea934b262e4e req-b282a2d1-b9a5-4e17-9a6b-2242f5d0a3e0 0802c1021e80425eaa9b9627d4f093f1 fa16be6cba304e0781b4e227c88fb3c8 - - 188eb4bd5ca04ef2b370a02271bb067f 188eb4bd5ca04ef2b370a02271bb067f] 199.19.213.224 "GET /allocations/a4d6ce0c-e6cc-485d-b896-a3fcfbd6add3" status: 200 len: 258 microversion: 1.28 [pid: 8|app: 0|req: 671/1332] 199.19.213.224 () {34 vars in 863 bytes} [Thu Jul 16 08:16:54 2026] GET /allocations/a4d6ce0c-e6cc-485d-b896-a3fcfbd6add3 => generated 258 bytes in 13 msecs (HTTP/1.1 200) 8 headers in 296 bytes (1 switches on core 0)
2026-07-16 08:16:54.801 7 INFO placement.requestlog [req-767bb491-2065-4f27-b1ef-ea934b262e4e req-badcd072-50d8-4368-bcd3-1216df4e0be4 0802c1021e80425eaa9b9627d4f093f1 fa16be6cba304e0781b4e227c88fb3c8 - - 188eb4bd5ca04ef2b370a02271bb067f 188eb4bd5ca04ef2b370a02271bb067f] 199.19.213.224 "GET /allocations/f4a58607-6d55-4465-ad9d-448fec652b97" status: 200 len: 245 microversion: 1.28 [pid: 7|app: 0|req: 662/1333] 199.19.213.224 () {34 vars in 863 bytes} [Thu Jul 16 08:16:54 2026] GET /allocations/f4a58607-6d55-4465-ad9d-448fec652b97 => generated 245 bytes in 15 msecs (HTTP/1.1 200) 8 headers in 296 bytes (1 switches on core 0)
2026-07-16 08:16:54.821 8 INFO placement.requestlog [req-767bb491-2065-4f27-b1ef-ea934b262e4e req-0fe90df6-38c3-487e-b28d-dec5b35ce476 0802c1021e80425eaa9b9627d4f093f1 fa16be6cba304e0781b4e227c88fb3c8 - - 188eb4bd5ca04ef2b370a02271bb067f 188eb4bd5ca04ef2b370a02271bb067f] 199.19.213.224 "GET /allocations/64ed1ff2-881d-4f99-9f6b-b98058131146" status: 200 len: 258 microversion: 1.28 [pid: 8|app: 0|req: 672/1334] 199.19.213.224 () {34 vars in 863 bytes} [Thu Jul 16 08:16:54 2026] GET /allocations/64ed1ff2-881d-4f99-9f6b-b98058131146 => generated 258 bytes in 13 msecs (HTTP/1.1 200) 8 headers in 296 bytes (1 switches on core 0)
2026-07-16 08:17:02.788 8 INFO placement.requestlog [None req-43120375-926e-4eaf-bd2b-996abd733a88 - - - - - -] 10.0.0.198 "GET /" status: 200 len: 136 microversion: 1.0
2026-07-16 08:17:02.789 7 INFO placement.requestlog [None req-fb9c263d-99ce-46c5-99b2-80f26f2342a0 - - - - - -] 10.0.0.198 "GET /" status: 200 len: 136 microversion: 1.0
2026-07-16 08:17:12.787 8 INFO placement.requestlog [None req-7bc4794f-97bb-46c7-bdff-bbc96d358624 - - - - - -] 10.0.0.198 "GET /" status: 200 len: 136 microversion: 1.0
2026-07-16 08:17:12.788 7 INFO placement.requestlog [None req-4c9de813-6874-45e9-abdb-c4d497070544 - - - - - -] 10.0.0.198 "GET /" status: 200 len: 136 microversion: 1.0
2026-07-16 08:17:22.788 8 INFO placement.requestlog [None req-57ff1cfd-99a6-41b5-8788-4c8a268d363f - - - - - -] 10.0.0.198 "GET /" status: 200 len: 136 microversion: 1.0
2026-07-16 08:17:22.789 7 INFO placement.requestlog [None req-d861a4d9-5c46-48ec-bba8-10ef964be0f2 - - - - - -] 10.0.0.198 "GET /" status: 200 len: 136 microversion: 1.0
2026-07-16 08:17:32.788 7 INFO placement.requestlog [None req-c7ad0b2c-f38b-4ed5-8f15-5aeb477b8d22 - - - - - -] 10.0.0.198 "GET /" status: 200 len: 136 microversion: 1.0
2026-07-16 08:17:32.789 8 INFO placement.requestlog [None req-c98b12d9-2e48-4fa4-bbf3-78917f216548 - - - - - -] 10.0.0.198 "GET /" status: 200 len: 136 microversion: 1.0
2026-07-16 08:17:42.788 7 INFO placement.requestlog [None req-26d453b3-3b8b-4772-b98d-d7c62df6ec98 - - - - - -] 10.0.0.198 "GET /" status: 200 len: 136 microversion: 1.0
2026-07-16 08:17:42.788 8 INFO placement.requestlog [None req-df4c95ce-3f6c-4960-b7fe-779a498c3b6a - - - - - -] 10.0.0.198 "GET /" status: 200 len: 136 microversion: 1.0
2026-07-16 08:17:52.788 7 INFO placement.requestlog [None req-b3ef44bb-b611-480a-aeb7-8aa6ed58ad61 - - - - - -] 10.0.0.198 "GET /" status: 200 len: 136 microversion: 1.0
2026-07-16 08:17:52.789 8 INFO placement.requestlog [None req-aa9d4716-a4de-4160-99ec-cea7a06b7fc3 - - - - - -] 10.0.0.198 "GET /" status: 200 len: 136 microversion: 1.0
2026-07-16 08:17:55.573 7 INFO placement.requestlog [req-ad0de85e-7a9d-4101-a4bb-7d21471fd58f req-fd857c39-26de-41c4-a1c6-e9d800a70bbf 0802c1021e80425eaa9b9627d4f093f1 fa16be6cba304e0781b4e227c88fb3c8 - - 188eb4bd5ca04ef2b370a02271bb067f 188eb4bd5ca04ef2b370a02271bb067f] 199.19.213.224 "GET /resource_providers/2a4a0ad9-093b-4afa-93ce-a5f4ffbc08f7/allocations" status: 200 len: 340 microversion: 1.0 [pid: 7|app: 0|req: 669/1347] 199.19.213.224 () {32 vars in 857 bytes} [Thu Jul 16 08:17:55 2026] GET /resource_providers/2a4a0ad9-093b-4afa-93ce-a5f4ffbc08f7/allocations => generated 340 bytes in 22 msecs (HTTP/1.1 200) 6 headers in 224 bytes (1 switches on core 0)
2026-07-16 08:17:55.611 8 INFO placement.requestlog [req-ad0de85e-7a9d-4101-a4bb-7d21471fd58f req-1e3b905a-9b5f-4e0b-8b83-f0610fcf1e4d 0802c1021e80425eaa9b9627d4f093f1 fa16be6cba304e0781b4e227c88fb3c8 - - 188eb4bd5ca04ef2b370a02271bb067f 188eb4bd5ca04ef2b370a02271bb067f] 199.19.213.224 "GET /resource_providers/2a4a0ad9-093b-4afa-93ce-a5f4ffbc08f7/allocations" status: 200 len: 340 microversion: 1.0 [pid: 8|app: 0|req: 679/1348] 199.19.213.224 () {32 vars in 857 bytes} [Thu Jul 16 08:17:55 2026] GET /resource_providers/2a4a0ad9-093b-4afa-93ce-a5f4ffbc08f7/allocations => generated 340 bytes in 24 msecs (HTTP/1.1 200) 6 headers in 224 bytes (1 switches on core 0)
2026-07-16 08:17:55.637 7 INFO placement.requestlog [req-ad0de85e-7a9d-4101-a4bb-7d21471fd58f req-ca826412-20f2-48f3-8bd2-21a349899294 0802c1021e80425eaa9b9627d4f093f1 fa16be6cba304e0781b4e227c88fb3c8 - - 188eb4bd5ca04ef2b370a02271bb067f 188eb4bd5ca04ef2b370a02271bb067f] 199.19.213.224 "GET /allocations/a4d6ce0c-e6cc-485d-b896-a3fcfbd6add3" status: 200 len: 258 microversion: 1.28 [pid: 7|app: 0|req: 670/1349] 199.19.213.224 () {34 vars in 863 bytes} [Thu Jul 16 08:17:55 2026] GET /allocations/a4d6ce0c-e6cc-485d-b896-a3fcfbd6add3 => generated 258 bytes in 16 msecs (HTTP/1.1 200) 8 headers in 296 bytes (1 switches on core 0)
2026-07-16 08:17:55.660 8 INFO placement.requestlog [req-ad0de85e-7a9d-4101-a4bb-7d21471fd58f req-a6fafc82-789a-4b8e-bec1-a53f0663b84e 0802c1021e80425eaa9b9627d4f093f1 fa16be6cba304e0781b4e227c88fb3c8 - - 188eb4bd5ca04ef2b370a02271bb067f 188eb4bd5ca04ef2b370a02271bb067f] 199.19.213.224 "GET /allocations/f4a58607-6d55-4465-ad9d-448fec652b97" status: 200 len: 245 microversion: 1.28 [pid: 8|app: 0|req: 680/1350] 199.19.213.224 () {34 vars in 863 bytes} [Thu Jul 16 08:17:55 2026] GET /allocations/f4a58607-6d55-4465-ad9d-448fec652b97 => generated 245 bytes in 15 msecs (HTTP/1.1 200) 8 headers in 296 bytes (1 switches on core 0)
2026-07-16 08:17:55.684 7 INFO placement.requestlog [req-ad0de85e-7a9d-4101-a4bb-7d21471fd58f req-91300c42-1a2a-4fc8-972f-e362b6e0fa4c 0802c1021e80425eaa9b9627d4f093f1 fa16be6cba304e0781b4e227c88fb3c8 - - 188eb4bd5ca04ef2b370a02271bb067f 188eb4bd5ca04ef2b370a02271bb067f] 199.19.213.224 "GET /allocations/64ed1ff2-881d-4f99-9f6b-b98058131146" status: 200 len: 258 microversion: 1.28 [pid: 7|app: 0|req: 671/1351] 199.19.213.224 () {34 vars in 863 bytes} [Thu Jul 16 08:17:55 2026] GET /allocations/64ed1ff2-881d-4f99-9f6b-b98058131146 => generated 258 bytes in 17 msecs (HTTP/1.1 200) 8 headers in 296 bytes (1 switches on core 0)
2026-07-16 08:18:02.788 8 INFO placement.requestlog [None req-cb85450a-22a7-419f-b550-6a3814c5edf3 - - - - - -] 10.0.0.198 "GET /" status: 200 len: 136 microversion: 1.0
2026-07-16 08:18:02.788 7 INFO placement.requestlog [None req-fb778099-7c9b-46fe-849c-8bf33bf0b7d8 - - - - - -] 10.0.0.198 "GET /" status: 200 len: 136 microversion: 1.0
2026-07-16 08:18:12.788 7 INFO placement.requestlog [None req-2da212be-daad-49a3-9920-040719d358de - - - - - -] 10.0.0.198 "GET /" status: 200 len: 136 microversion: 1.0
2026-07-16 08:18:12.788 8 INFO placement.requestlog [None req-fadd1281-1d43-47d6-a719-41860505662a - - - - - -] 10.0.0.198 "GET /" status: 200 len: 136 microversion: 1.0
2026-07-16 08:18:13.508 7 INFO placement.requestlog [req-e6e7105b-0560-4023-a9ba-7d1e264ded52 req-3c712ab1-7089-4c03-97c1-da872276db82 0802c1021e80425eaa9b9627d4f093f1 fa16be6cba304e0781b4e227c88fb3c8 - - 188eb4bd5ca04ef2b370a02271bb067f 188eb4bd5ca04ef2b370a02271bb067f] 199.19.213.224 "GET /resource_providers/2a4a0ad9-093b-4afa-93ce-a5f4ffbc08f7/allocations" status: 200 len: 340 microversion: 1.0 [pid: 7|app: 0|req: 674/1356] 199.19.213.224 () {32 vars in 857 bytes} [Thu Jul 16 08:18:13 2026] GET /resource_providers/2a4a0ad9-093b-4afa-93ce-a5f4ffbc08f7/allocations => generated 340 bytes in 20 msecs (HTTP/1.1 200) 6 headers in 224 bytes (1 switches on core 0)
2026-07-16 08:18:13.540 8 INFO placement.requestlog [req-e6e7105b-0560-4023-a9ba-7d1e264ded52 req-d93ad002-5139-4b9a-ab6e-c6882991cb69 0802c1021e80425eaa9b9627d4f093f1 fa16be6cba304e0781b4e227c88fb3c8 - - 188eb4bd5ca04ef2b370a02271bb067f 188eb4bd5ca04ef2b370a02271bb067f] 199.19.213.224 "GET /allocations/a4d6ce0c-e6cc-485d-b896-a3fcfbd6add3" status: 200 len: 258 microversion: 1.28 [pid: 8|app: 0|req: 683/1357] 199.19.213.224 () {34 vars in 863 bytes} [Thu Jul 16 08:18:13 2026] GET /allocations/a4d6ce0c-e6cc-485d-b896-a3fcfbd6add3 => generated 258 bytes in 22 msecs (HTTP/1.1 200) 8 headers in 296 bytes (1 switches on core 0)
2026-07-16 08:18:13.565 7 INFO placement.requestlog [req-e6e7105b-0560-4023-a9ba-7d1e264ded52 req-c1bedb10-35b1-4392-854c-98a6ce391efe 0802c1021e80425eaa9b9627d4f093f1 fa16be6cba304e0781b4e227c88fb3c8 - - 188eb4bd5ca04ef2b370a02271bb067f 188eb4bd5ca04ef2b370a02271bb067f] 199.19.213.224 "GET /allocations/f4a58607-6d55-4465-ad9d-448fec652b97" status: 200 len: 245 microversion: 1.28 [pid: 7|app: 0|req: 675/1358] 199.19.213.224 () {34 vars in 863 bytes} [Thu Jul 16 08:18:13 2026] GET /allocations/f4a58607-6d55-4465-ad9d-448fec652b97 => generated 245 bytes in 18 msecs (HTTP/1.1 200) 8 headers in 296 bytes (1 switches on core 0)
2026-07-16 08:18:13.590 8 INFO placement.requestlog [req-e6e7105b-0560-4023-a9ba-7d1e264ded52 req-1941f7d2-347e-4e42-a505-007f8d65ef12 0802c1021e80425eaa9b9627d4f093f1 fa16be6cba304e0781b4e227c88fb3c8 - - 188eb4bd5ca04ef2b370a02271bb067f 188eb4bd5ca04ef2b370a02271bb067f] 199.19.213.224 "GET /allocations/64ed1ff2-881d-4f99-9f6b-b98058131146" status: 200 len: 258 microversion: 1.28 [pid: 8|app: 0|req: 684/1359] 199.19.213.224 () {34 vars in 863 bytes} [Thu Jul 16 08:18:13 2026] GET /allocations/64ed1ff2-881d-4f99-9f6b-b98058131146 => generated 258 bytes in 16 msecs (HTTP/1.1 200) 8 headers in 296 bytes (1 switches on core 0)
2026-07-16 08:18:13.665 7 INFO placement.requestlog [req-e6e7105b-0560-4023-a9ba-7d1e264ded52 req-a07c087e-aea6-4eb7-b810-2d8c05d6662b 0802c1021e80425eaa9b9627d4f093f1 fa16be6cba304e0781b4e227c88fb3c8 - - 188eb4bd5ca04ef2b370a02271bb067f 188eb4bd5ca04ef2b370a02271bb067f] 199.19.213.224 "DELETE /allocations/f4a58607-6d55-4465-ad9d-448fec652b97" status: 204 len: 0 microversion: 1.0 [pid: 7|app: 0|req: 676/1360] 199.19.213.224 () {34 vars in 841 bytes} [Thu Jul 16 08:18:13 2026] DELETE /allocations/f4a58607-6d55-4465-ad9d-448fec652b97 => generated 0 bytes in 35 msecs (HTTP/1.1 204) 5 headers in 198 bytes (1 switches on core 0)
2026-07-16 08:18:16.017 8 INFO placement.requestlog [req-16d0b07e-6e69-4c60-a3bb-293f0924c99a req-34793c40-0847-4ab9-ae0c-cf6a2236d706 0802c1021e80425eaa9b9627d4f093f1 fa16be6cba304e0781b4e227c88fb3c8 - - 188eb4bd5ca04ef2b370a02271bb067f 188eb4bd5ca04ef2b370a02271bb067f] 199.19.213.224 "GET /resource_providers/2a4a0ad9-093b-4afa-93ce-a5f4ffbc08f7/allocations" status: 200 len: 253 microversion: 1.0 [pid: 8|app: 0|req: 685/1361] 199.19.213.224 () {32 vars in 857 bytes} [Thu Jul 16 08:18:15 2026] GET /resource_providers/2a4a0ad9-093b-4afa-93ce-a5f4ffbc08f7/allocations => generated 253 bytes in 20 msecs (HTTP/1.1 200) 6 headers in 224 bytes (1 switches on core 0)
2026-07-16 08:18:16.061 7 INFO placement.requestlog [req-16d0b07e-6e69-4c60-a3bb-293f0924c99a req-c1b9199a-d64f-4e52-beae-b9f7d8ae6b7b 0802c1021e80425eaa9b9627d4f093f1 fa16be6cba304e0781b4e227c88fb3c8 - - 188eb4bd5ca04ef2b370a02271bb067f 188eb4bd5ca04ef2b370a02271bb067f] 199.19.213.224 "GET /allocations/a4d6ce0c-e6cc-485d-b896-a3fcfbd6add3" status: 200 len: 258 microversion: 1.28 [pid: 7|app: 0|req: 677/1362] 199.19.213.224 () {34 vars in 863 bytes} [Thu Jul 16 08:18:16 2026] GET /allocations/a4d6ce0c-e6cc-485d-b896-a3fcfbd6add3 => generated 258 bytes in 35 msecs (HTTP/1.1 200) 8 headers in 296 bytes (1 switches on core 0)
2026-07-16 08:18:16.089 8 INFO placement.requestlog [req-16d0b07e-6e69-4c60-a3bb-293f0924c99a req-337be062-8878-4ca5-be1d-c4e06e8f6438 0802c1021e80425eaa9b9627d4f093f1 fa16be6cba304e0781b4e227c88fb3c8 - - 188eb4bd5ca04ef2b370a02271bb067f 188eb4bd5ca04ef2b370a02271bb067f] 199.19.213.224 "GET /allocations/64ed1ff2-881d-4f99-9f6b-b98058131146" status: 200 len: 258 microversion: 1.28 [pid: 8|app: 0|req: 686/1363] 199.19.213.224 () {34 vars in 863 bytes} [Thu Jul 16 08:18:16 2026] GET /allocations/64ed1ff2-881d-4f99-9f6b-b98058131146 => generated 258 bytes in 17 msecs (HTTP/1.1 200) 8 headers in 296 bytes (1 switches on core 0)
2026-07-16 08:18:16.170 7 INFO placement.requestlog [req-16d0b07e-6e69-4c60-a3bb-293f0924c99a req-457fc6a9-6cc8-4f59-a9a5-3638f1b188cd 0802c1021e80425eaa9b9627d4f093f1 fa16be6cba304e0781b4e227c88fb3c8 - - 188eb4bd5ca04ef2b370a02271bb067f 188eb4bd5ca04ef2b370a02271bb067f] 199.19.213.224 "DELETE /allocations/a4d6ce0c-e6cc-485d-b896-a3fcfbd6add3" status: 204 len: 0 microversion: 1.0 [pid: 7|app: 0|req: 678/1364] 199.19.213.224 () {34 vars in 841 bytes} [Thu Jul 16 08:18:16 2026] DELETE /allocations/a4d6ce0c-e6cc-485d-b896-a3fcfbd6add3 => generated 0 bytes in 39 msecs (HTTP/1.1 204) 5 headers in 198 bytes (1 switches on core 0)
2026-07-16 08:18:22.261 8 INFO placement.requestlog [req-af4bda88-01a3-4723-8577-4c4c0ee789de req-d017873c-3b4f-45e7-bc1b-aa9b173eed3d 0802c1021e80425eaa9b9627d4f093f1 fa16be6cba304e0781b4e227c88fb3c8 - - 188eb4bd5ca04ef2b370a02271bb067f 188eb4bd5ca04ef2b370a02271bb067f] 199.19.213.224 "GET /resource_providers/2a4a0ad9-093b-4afa-93ce-a5f4ffbc08f7/allocations" status: 200 len: 153 microversion: 1.0 [pid: 8|app: 0|req: 687/1365] 199.19.213.224 () {32 vars in 857 bytes} [Thu Jul 16 08:18:22 2026] GET /resource_providers/2a4a0ad9-093b-4afa-93ce-a5f4ffbc08f7/allocations => generated 153 bytes in 24 msecs (HTTP/1.1 200) 6 headers in 224 bytes (1 switches on core 0)
2026-07-16 08:18:22.285 7 INFO placement.requestlog [req-af4bda88-01a3-4723-8577-4c4c0ee789de req-1cf477f5-7482-4a27-83d9-be4a5e1a0997 0802c1021e80425eaa9b9627d4f093f1 fa16be6cba304e0781b4e227c88fb3c8 - - 188eb4bd5ca04ef2b370a02271bb067f 188eb4bd5ca04ef2b370a02271bb067f] 199.19.213.224 "GET /allocations/64ed1ff2-881d-4f99-9f6b-b98058131146" status: 200 len: 258 microversion: 1.28 [pid: 7|app: 0|req: 679/1366] 199.19.213.224 () {34 vars in 863 bytes} [Thu Jul 16 08:18:22 2026] GET /allocations/64ed1ff2-881d-4f99-9f6b-b98058131146 => generated 258 bytes in 16 msecs (HTTP/1.1 200) 8 headers in 296 bytes (1 switches on core 0)
2026-07-16 08:18:22.341 8 INFO placement.requestlog [req-af4bda88-01a3-4723-8577-4c4c0ee789de req-4511c6ad-e81b-44b7-b84e-85c4379d8a14 0802c1021e80425eaa9b9627d4f093f1 fa16be6cba304e0781b4e227c88fb3c8 - - 188eb4bd5ca04ef2b370a02271bb067f 188eb4bd5ca04ef2b370a02271bb067f] 199.19.213.224 "DELETE /allocations/64ed1ff2-881d-4f99-9f6b-b98058131146" status: 204 len: 0 microversion: 1.0 [pid: 8|app: 0|req: 688/1367] 199.19.213.224 () {34 vars in 841 bytes} [Thu Jul 16 08:18:22 2026] DELETE /allocations/64ed1ff2-881d-4f99-9f6b-b98058131146 => generated 0 bytes in 28 msecs (HTTP/1.1 204) 5 headers in 198 bytes (1 switches on core 0)
