+ exec neutron-metadata-agent --config-file /etc/neutron/neutron.conf --config-file /tmp/pod-shared/neutron-agent.ini --config-file /etc/neutron/metadata_agent.ini /var/lib/openstack/lib/python3.10/site-packages/neutron/common/utils.py:55: UserWarning: pkg_resources is deprecated as an API. See https://setuptools.pypa.io/en/latest/pkg_resources.html. The pkg_resources package is slated for removal as early as 2025-11-30. Refrain from using this package or pin to Setuptools<81. import pkg_resources
2026-07-23 11:16:37.017 38 INFO neutron.common.config [-] Logging enabled!
2026-07-23 11:16:37.018 38 INFO neutron.common.config [-] /var/lib/openstack/bin/neutron-metadata-agent version 24.2.2.dev7
2026-07-23 11:16:37.041 38 INFO oslo_service.service [None req-5eb8d442-d690-4f60-bf93-371e194ecec2 - - - - - -] Starting 2 workers
2026-07-23 11:16:37.050 46 INFO eventlet.wsgi.server [-] (46) wsgi starting up on http:/var/lib/neutron/openstack-helm/metadata_proxy
2026-07-23 11:16:37.052 47 INFO eventlet.wsgi.server [-] (47) wsgi starting up on http:/var/lib/neutron/openstack-helm/metadata_proxy
2026-07-23 11:18:02.989 47 INFO eventlet.wsgi.server [-] 169.254.169.254, "GET / HTTP/1.1" status: 404 len: 176 time: 0.1193871
2026-07-23 11:20:09.152 47 INFO eventlet.wsgi.server [-] 169.254.169.254, "GET / HTTP/1.1" status: 404 len: 176 time: 0.0085278
2026-07-23 11:23:19.228 47 INFO eventlet.wsgi.server [-] 169.254.169.254, "GET / HTTP/1.1" status: 404 len: 176 time: 0.0219865
2026-07-23 11:23:49.259 46 INFO eventlet.wsgi.server [-] 169.254.169.254, "GET / HTTP/1.1" status: 404 len: 176 time: 0.0102193
2026-07-23 11:26:29.255 47 INFO eventlet.wsgi.server [-] 169.254.169.254, "GET / HTTP/1.1" status: 404 len: 176 time: 0.0122097
2026-07-23 11:29:39.439 46 INFO eventlet.wsgi.server [-] 169.254.169.254, "GET / HTTP/1.1" status: 404 len: 176 time: 0.2049315
2026-07-23 11:33:39.244 46 INFO eventlet.wsgi.server [-] 169.254.169.254, "GET / HTTP/1.1" status: 404 len: 176 time: 0.0088522
2026-07-23 11:33:49.270 46 INFO eventlet.wsgi.server [-] 169.254.169.254, "GET / HTTP/1.1" status: 404 len: 176 time: 0.0342433
2026-07-23 11:35:59.232 47 INFO eventlet.wsgi.server [-] 169.254.169.254, "GET / HTTP/1.1" status: 404 len: 176 time: 0.0046265
2026-07-23 11:39:09.218 46 INFO eventlet.wsgi.server [-] 169.254.169.254, "GET / HTTP/1.1" status: 404 len: 176 time: 0.0059671
2026-07-23 11:42:19.424 46 INFO eventlet.wsgi.server [-] 169.254.169.254, "GET / HTTP/1.1" status: 404 len: 176 time: 0.0527611
2026-07-23 11:43:49.181 47 INFO eventlet.wsgi.server [-] 169.254.169.254, "GET / HTTP/1.1" status: 404 len: 176 time: 0.0053177
2026-07-23 11:45:29.436 47 INFO eventlet.wsgi.server [-] 169.254.169.254, "GET / HTTP/1.1" status: 404 len: 176 time: 0.0055993
2026-07-23 11:48:39.271 47 INFO eventlet.wsgi.server [-] 169.254.169.254, "GET / HTTP/1.1" status: 404 len: 176 time: 0.0117679
2026-07-23 11:51:49.252 46 INFO eventlet.wsgi.server [-] 169.254.169.254, "GET / HTTP/1.1" status: 404 len: 176 time: 0.0070524
2026-07-23 11:53:49.331 47 INFO eventlet.wsgi.server [-] 169.254.169.254, "GET / HTTP/1.1" status: 404 len: 176 time: 0.0619340
2026-07-23 11:54:59.204 47 INFO eventlet.wsgi.server [-] 169.254.169.254, "GET / HTTP/1.1" status: 404 len: 176 time: 0.0050509
2026-07-23 11:58:09.168 46 INFO eventlet.wsgi.server [-] 169.254.169.254, "GET / HTTP/1.1" status: 404 len: 176 time: 0.0111666
2026-07-23 12:00:02.725 46 INFO eventlet.wsgi.server [-] 10.100.0.11, "GET /2009-04-04/meta-data/instance-id HTTP/1.1" status: 200 len: 146 time: 1.7976279
2026-07-23 12:00:02.771 46 INFO eventlet.wsgi.server [-] 10.100.0.11, "GET /2009-04-04/meta-data/public-keys HTTP/1.1" status: 200 len: 164 time: 0.0339842
2026-07-23 12:00:02.811 46 INFO eventlet.wsgi.server [-] 10.100.0.11, "GET /2009-04-04/meta-data/public-keys/0/openssh-key HTTP/1.1" status: 200 len: 341 time: 0.0309212
2026-07-23 12:00:02.837 46 INFO eventlet.wsgi.server [-] 10.100.0.11, "GET /2009-04-04/meta-data/instance-id HTTP/1.1" status: 200 len: 146 time: 0.0190191
2026-07-23 12:00:02.871 46 INFO eventlet.wsgi.server [-] 10.100.0.11, "GET /2009-04-04/meta-data/ami-launch-index HTTP/1.1" status: 200 len: 136 time: 0.0227633
2026-07-23 12:00:02.895 46 INFO eventlet.wsgi.server [-] 10.100.0.11, "GET /2009-04-04/meta-data/instance-type HTTP/1.1" status: 200 len: 142 time: 0.0173659
2026-07-23 12:00:02.917 46 INFO eventlet.wsgi.server [-] 10.100.0.11, "GET /2009-04-04/meta-data/local-ipv4 HTTP/1.1" status: 200 len: 147 time: 0.0157773
2026-07-23 12:00:02.950 47 INFO eventlet.wsgi.server [-] 10.100.0.11, "GET /2009-04-04/meta-data/public-ipv4 HTTP/1.1" status: 200 len: 149 time: 0.0271132
2026-07-23 12:00:02.968 47 INFO eventlet.wsgi.server [-] 10.100.0.11, "GET /2009-04-04/meta-data/hostname HTTP/1.1" status: 200 len: 200 time: 0.0126834
2026-07-23 12:00:02.985 47 INFO eventlet.wsgi.server [-] 10.100.0.11, "GET /2009-04-04/meta-data/local-hostname HTTP/1.1" status: 200 len: 200 time: 0.0110698
2026-07-23 12:00:03.005 47 INFO eventlet.wsgi.server [-] 10.100.0.11, "GET /2009-04-04/user-data HTTP/1.1" status: 200 len: 231 time: 0.0132141
2026-07-23 12:00:03.054 47 INFO eventlet.wsgi.server [-] 10.100.0.11, "GET /2009-04-04/meta-data/block-device-mapping HTTP/1.1" status: 200 len: 143 time: 0.0160356
2026-07-23 12:00:03.081 47 INFO eventlet.wsgi.server [-] 10.100.0.11, "GET /2009-04-04/meta-data/block-device-mapping/ami HTTP/1.1" status: 200 len: 138 time: 0.0207417
2026-07-23 12:00:03.101 47 INFO eventlet.wsgi.server [-] 10.100.0.11, "GET /2009-04-04/meta-data/block-device-mapping/root HTTP/1.1" status: 200 len: 143 time: 0.0130072
2026-07-23 12:00:03.120 47 INFO eventlet.wsgi.server [-] 10.100.0.11, "GET /2009-04-04/meta-data/public-hostname HTTP/1.1" status: 200 len: 200 time: 0.0112064
2026-07-23 12:00:03.143 47 INFO eventlet.wsgi.server [-] 10.100.0.11, "GET /2009-04-04/meta-data/placement/availability-zone HTTP/1.1" status: 200 len: 139 time: 0.0159907
2026-07-23 12:00:26.743 47 INFO eventlet.wsgi.server [-] 10.100.0.7, "GET /2009-04-04/meta-data/instance-id HTTP/1.1" status: 200 len: 146 time: 0.1901689
2026-07-23 12:00:26.770 47 INFO eventlet.wsgi.server [-] 10.100.0.7, "GET /2009-04-04/meta-data/public-keys HTTP/1.1" status: 200 len: 163 time: 0.0167365
2026-07-23 12:00:26.787 47 INFO eventlet.wsgi.server [-] 10.100.0.7, "GET /2009-04-04/meta-data/public-keys/0/openssh-key HTTP/1.1" status: 200 len: 341 time: 0.0138817
2026-07-23 12:00:26.813 46 INFO eventlet.wsgi.server [-] 10.100.0.7, "GET /2009-04-04/meta-data/instance-id HTTP/1.1" status: 200 len: 146 time: 0.0200341
2026-07-23 12:00:26.835 46 INFO eventlet.wsgi.server [-] 10.100.0.7, "GET /2009-04-04/meta-data/ami-launch-index HTTP/1.1" status: 200 len: 136 time: 0.0153818
2026-07-23 12:00:26.854 46 INFO eventlet.wsgi.server [-] 10.100.0.7, "GET /2009-04-04/meta-data/instance-type HTTP/1.1" status: 200 len: 142 time: 0.0126674
2026-07-23 12:00:26.878 46 INFO eventlet.wsgi.server [-] 10.100.0.7, "GET /2009-04-04/meta-data/local-ipv4 HTTP/1.1" status: 200 len: 146 time: 0.0160618
2026-07-23 12:00:26.897 46 INFO eventlet.wsgi.server [-] 10.100.0.7, "GET /2009-04-04/meta-data/public-ipv4 HTTP/1.1" status: 200 len: 149 time: 0.0136223
2026-07-23 12:00:26.919 46 INFO eventlet.wsgi.server [-] 10.100.0.7, "GET /2009-04-04/meta-data/hostname HTTP/1.1" status: 200 len: 193 time: 0.0140932
2026-07-23 12:00:26.937 47 INFO eventlet.wsgi.server [-] 10.100.0.7, "GET /2009-04-04/meta-data/local-hostname HTTP/1.1" status: 200 len: 193 time: 0.0110366
2026-07-23 12:00:26.966 46 INFO eventlet.wsgi.server [-] 10.100.0.7, "GET /2009-04-04/user-data HTTP/1.1" status: 200 len: 231 time: 0.0126553
2026-07-23 12:00:26.987 46 INFO eventlet.wsgi.server [-] 10.100.0.7, "GET /2009-04-04/meta-data/block-device-mapping HTTP/1.1" status: 200 len: 143 time: 0.0134747
2026-07-23 12:00:27.006 46 INFO eventlet.wsgi.server [-] 10.100.0.7, "GET /2009-04-04/meta-data/block-device-mapping/ami HTTP/1.1" status: 200 len: 138 time: 0.0132394
2026-07-23 12:00:27.023 46 INFO eventlet.wsgi.server [-] 10.100.0.7, "GET /2009-04-04/meta-data/block-device-mapping/root HTTP/1.1" status: 200 len: 143 time: 0.0115528
2026-07-23 12:00:27.050 47 INFO eventlet.wsgi.server [-] 10.100.0.7, "GET /2009-04-04/meta-data/public-hostname HTTP/1.1" status: 200 len: 193 time: 0.0196757
2026-07-23 12:00:27.075 47 INFO eventlet.wsgi.server [-] 10.100.0.7, "GET /2009-04-04/meta-data/placement/availability-zone HTTP/1.1" status: 200 len: 139 time: 0.0132611
2026-07-23 12:00:44.278 46 INFO eventlet.wsgi.server [-] 10.100.0.7, "GET /2009-04-04/meta-data/instance-id HTTP/1.1" status: 200 len: 146 time: 0.9515622
2026-07-23 12:00:44.304 46 INFO eventlet.wsgi.server [-] 10.100.0.7, "GET /2009-04-04/meta-data/public-keys HTTP/1.1" status: 200 len: 163 time: 0.0124733
2026-07-23 12:00:44.320 46 INFO eventlet.wsgi.server [-] 10.100.0.7, "GET /2009-04-04/meta-data/public-keys/0/openssh-key HTTP/1.1" status: 200 len: 341 time: 0.0115623
2026-07-23 12:00:44.352 47 INFO eventlet.wsgi.server [-] 10.100.0.7, "GET /2009-04-04/meta-data/instance-id HTTP/1.1" status: 200 len: 146 time: 0.0261583
2026-07-23 12:00:44.378 47 INFO eventlet.wsgi.server [-] 10.100.0.7, "GET /2009-04-04/meta-data/ami-launch-index HTTP/1.1" status: 200 len: 136 time: 0.0199196
2026-07-23 12:00:44.406 46 INFO eventlet.wsgi.server [-] 10.100.0.7, "GET /2009-04-04/meta-data/instance-type HTTP/1.1" status: 200 len: 142 time: 0.0180261
2026-07-23 12:00:44.433 47 INFO eventlet.wsgi.server [-] 10.100.0.7, "GET /2009-04-04/meta-data/local-ipv4 HTTP/1.1" status: 200 len: 146 time: 0.0198905
2026-07-23 12:00:44.451 46 INFO eventlet.wsgi.server [-] 10.100.0.7, "GET /2009-04-04/meta-data/public-ipv4 HTTP/1.1" status: 200 len: 149 time: 0.0131061
2026-07-23 12:00:44.471 46 INFO eventlet.wsgi.server [-] 10.100.0.7, "GET /2009-04-04/meta-data/hostname HTTP/1.1" status: 200 len: 193 time: 0.0144076
2026-07-23 12:00:44.497 47 INFO eventlet.wsgi.server [-] 10.100.0.7, "GET /2009-04-04/meta-data/local-hostname HTTP/1.1" status: 200 len: 193 time: 0.0176637
2026-07-23 12:00:44.520 47 INFO eventlet.wsgi.server [-] 10.100.0.7, "GET /2009-04-04/user-data HTTP/1.1" status: 200 len: 231 time: 0.0167058
2026-07-23 12:00:44.542 47 INFO eventlet.wsgi.server [-] 10.100.0.7, "GET /2009-04-04/meta-data/block-device-mapping HTTP/1.1" status: 200 len: 143 time: 0.0161371
2026-07-23 12:00:44.560 47 INFO eventlet.wsgi.server [-] 10.100.0.7, "GET /2009-04-04/meta-data/block-device-mapping/ami HTTP/1.1" status: 200 len: 138 time: 0.0121567
2026-07-23 12:00:44.579 47 INFO eventlet.wsgi.server [-] 10.100.0.7, "GET /2009-04-04/meta-data/block-device-mapping/root HTTP/1.1" status: 200 len: 143 time: 0.0138764
2026-07-23 12:00:44.598 47 INFO eventlet.wsgi.server [-] 10.100.0.7, "GET /2009-04-04/meta-data/public-hostname HTTP/1.1" status: 200 len: 193 time: 0.0148990
2026-07-23 12:00:44.616 47 INFO eventlet.wsgi.server [-] 10.100.0.7, "GET /2009-04-04/meta-data/placement/availability-zone HTTP/1.1" status: 200 len: 139 time: 0.0124593
2026-07-23 12:01:19.416 47 INFO eventlet.wsgi.server [-] 169.254.169.254, "GET / HTTP/1.1" status: 404 len: 176 time: 0.0076337
2026-07-23 12:02:08.033 47 INFO eventlet.wsgi.server [-] 10.100.0.8, "GET /2009-04-04/meta-data/instance-id HTTP/1.1" status: 200 len: 146 time: 1.6055613
2026-07-23 12:02:08.079 46 INFO eventlet.wsgi.server [-] 10.100.0.8, "GET /2009-04-04/meta-data/public-keys HTTP/1.1" status: 200 len: 176 time: 0.0314808
2026-07-23 12:02:08.097 46 INFO eventlet.wsgi.server [-] 10.100.0.8, "GET /2009-04-04/meta-data/public-keys/0/openssh-key HTTP/1.1" status: 200 len: 341 time: 0.0121570
2026-07-23 12:02:08.120 46 INFO eventlet.wsgi.server [-] 10.100.0.8, "GET /2009-04-04/meta-data/instance-id HTTP/1.1" status: 200 len: 146 time: 0.0171494
2026-07-23 12:02:08.140 46 INFO eventlet.wsgi.server [-] 10.100.0.8, "GET /2009-04-04/meta-data/ami-launch-index HTTP/1.1" status: 200 len: 136 time: 0.0132670
2026-07-23 12:02:08.158 46 INFO eventlet.wsgi.server [-] 10.100.0.8, "GET /2009-04-04/meta-data/instance-type HTTP/1.1" status: 200 len: 142 time: 0.0104761
2026-07-23 12:02:08.180 46 INFO eventlet.wsgi.server [-] 10.100.0.8, "GET /2009-04-04/meta-data/local-ipv4 HTTP/1.1" status: 200 len: 146 time: 0.0133169
2026-07-23 12:02:08.198 46 INFO eventlet.wsgi.server [-] 10.100.0.8, "GET /2009-04-04/meta-data/public-ipv4 HTTP/1.1" status: 200 len: 149 time: 0.0128181
2026-07-23 12:02:08.214 46 INFO eventlet.wsgi.server [-] 10.100.0.8, "GET /2009-04-04/meta-data/hostname HTTP/1.1" status: 200 len: 191 time: 0.0118272
2026-07-23 12:02:08.229 46 INFO eventlet.wsgi.server [-] 10.100.0.8, "GET /2009-04-04/meta-data/local-hostname HTTP/1.1" status: 200 len: 191 time: 0.0097399
2026-07-23 12:02:08.246 46 INFO neutron.agent.metadata.agent [-] The instance: 63f3f6c1-92a3-423b-a9f7-8a9f247dd514 is not present anymore, skipping cache...
2026-07-23 12:02:08.292 46 INFO eventlet.wsgi.server [-] 10.100.0.8, "GET /2009-04-04/user-data HTTP/1.1" status: 404 len: 297 time: 0.0581133
2026-07-23 12:02:08.320 46 INFO eventlet.wsgi.server [-] 10.100.0.8, "GET /2009-04-04/meta-data/block-device-mapping HTTP/1.1" status: 200 len: 143 time: 0.0115247
2026-07-23 12:02:08.336 46 INFO eventlet.wsgi.server [-] 10.100.0.8, "GET /2009-04-04/meta-data/block-device-mapping/ami HTTP/1.1" status: 200 len: 138 time: 0.0124209
2026-07-23 12:02:08.356 46 INFO eventlet.wsgi.server [-] 10.100.0.8, "GET /2009-04-04/meta-data/block-device-mapping/root HTTP/1.1" status: 200 len: 143 time: 0.0107300
2026-07-23 12:02:08.376 47 INFO eventlet.wsgi.server [-] 10.100.0.8, "GET /2009-04-04/meta-data/public-hostname HTTP/1.1" status: 200 len: 191 time: 0.0154464
2026-07-23 12:02:08.399 46 INFO eventlet.wsgi.server [-] 10.100.0.8, "GET /2009-04-04/meta-data/placement/availability-zone HTTP/1.1" status: 200 len: 139 time: 0.0127842
2026-07-23 12:02:48.155 47 INFO eventlet.wsgi.server [-] 10.100.0.5, "GET /2009-04-04/meta-data/instance-id HTTP/1.1" status: 200 len: 146 time: 1.2374160
2026-07-23 12:02:48.194 46 INFO eventlet.wsgi.server [-] 10.100.0.5, "GET /2009-04-04/meta-data/public-keys HTTP/1.1" status: 200 len: 175 time: 0.0315931
2026-07-23 12:02:48.211 46 INFO eventlet.wsgi.server [-] 10.100.0.5, "GET /2009-04-04/meta-data/public-keys/0/openssh-key HTTP/1.1" status: 200 len: 341 time: 0.0101407
2026-07-23 12:02:48.227 46 INFO eventlet.wsgi.server [-] 10.100.0.5, "GET /2009-04-04/meta-data/instance-id HTTP/1.1" status: 200 len: 146 time: 0.0087621
2026-07-23 12:02:48.244 46 INFO eventlet.wsgi.server [-] 10.100.0.5, "GET /2009-04-04/meta-data/ami-launch-index HTTP/1.1" status: 200 len: 136 time: 0.0100579
2026-07-23 12:02:48.263 46 INFO eventlet.wsgi.server [-] 10.100.0.5, "GET /2009-04-04/meta-data/instance-type HTTP/1.1" status: 200 len: 142 time: 0.0119641
2026-07-23 12:02:48.282 46 INFO eventlet.wsgi.server [-] 10.100.0.5, "GET /2009-04-04/meta-data/local-ipv4 HTTP/1.1" status: 200 len: 146 time: 0.0089195
2026-07-23 12:02:48.300 46 INFO eventlet.wsgi.server [-] 10.100.0.5, "GET /2009-04-04/meta-data/public-ipv4 HTTP/1.1" status: 200 len: 149 time: 0.0112982
2026-07-23 12:02:48.322 46 INFO eventlet.wsgi.server [-] 10.100.0.5, "GET /2009-04-04/meta-data/hostname HTTP/1.1" status: 200 len: 190 time: 0.0142877
2026-07-23 12:02:48.344 47 INFO eventlet.wsgi.server [-] 10.100.0.5, "GET /2009-04-04/meta-data/local-hostname HTTP/1.1" status: 200 len: 190 time: 0.0146520
2026-07-23 12:02:48.358 47 INFO neutron.agent.metadata.agent [-] The instance: 74a7ca86-b15c-479e-ab58-b69fc919a75d is not present anymore, skipping cache...
2026-07-23 12:02:48.414 47 INFO eventlet.wsgi.server [-] 10.100.0.5, "GET /2009-04-04/user-data HTTP/1.1" status: 404 len: 297 time: 0.0644245
2026-07-23 12:02:48.430 47 INFO eventlet.wsgi.server [-] 10.100.0.5, "GET /2009-04-04/meta-data/block-device-mapping HTTP/1.1" status: 200 len: 143 time: 0.0085208
2026-07-23 12:02:48.448 47 INFO eventlet.wsgi.server [-] 10.100.0.5, "GET /2009-04-04/meta-data/block-device-mapping/ami HTTP/1.1" status: 200 len: 138 time: 0.0131261
2026-07-23 12:02:48.463 47 INFO eventlet.wsgi.server [-] 10.100.0.5, "GET /2009-04-04/meta-data/block-device-mapping/root HTTP/1.1" status: 200 len: 143 time: 0.0091147
2026-07-23 12:02:48.480 47 INFO eventlet.wsgi.server [-] 10.100.0.5, "GET /2009-04-04/meta-data/public-hostname HTTP/1.1" status: 200 len: 190 time: 0.0107203
2026-07-23 12:02:48.498 47 INFO eventlet.wsgi.server [-] 10.100.0.5, "GET /2009-04-04/meta-data/placement/availability-zone HTTP/1.1" status: 200 len: 139 time: 0.0131898
2026-07-23 12:03:20.414 47 INFO eventlet.wsgi.server [-] 10.100.0.3, "GET /latest/meta-data/public-ipv4 HTTP/1.1" status: 200 len: 149 time: 0.2346706
2026-07-23 12:03:20.719 47 INFO eventlet.wsgi.server [-] 10.100.0.3, "POST /openstack/2013-10-17/password HTTP/1.1" status: 200 len: 134 time: 0.1832185
2026-07-23 12:03:49.305 46 INFO eventlet.wsgi.server [-] 169.254.169.254, "GET / HTTP/1.1" status: 404 len: 176 time: 0.0154281
2026-07-23 12:04:19.092 47 INFO eventlet.wsgi.server [-] 10.2.1.203, "GET /2009-04-04/meta-data/instance-id HTTP/1.1" status: 200 len: 146 time: 0.3460484
2026-07-23 12:04:19.126 46 INFO eventlet.wsgi.server [-] 10.2.1.203, "GET /2009-04-04/meta-data/public-keys HTTP/1.1" status: 200 len: 173 time: 0.0241077
2026-07-23 12:04:19.146 46 INFO eventlet.wsgi.server [-] 10.2.1.203, "GET /2009-04-04/meta-data/public-keys/0/openssh-key HTTP/1.1" status: 200 len: 341 time: 0.0147393
2026-07-23 12:04:19.163 46 INFO eventlet.wsgi.server [-] 10.2.1.203, "GET /2009-04-04/meta-data/instance-id HTTP/1.1" status: 200 len: 146 time: 0.0121064
2026-07-23 12:04:19.194 46 INFO eventlet.wsgi.server [-] 10.2.1.203, "GET /2009-04-04/meta-data/ami-launch-index HTTP/1.1" status: 200 len: 136 time: 0.0257423
2026-07-23 12:04:19.215 47 INFO eventlet.wsgi.server [-] 10.2.1.203, "GET /2009-04-04/meta-data/instance-type HTTP/1.1" status: 200 len: 142 time: 0.0122304
2026-07-23 12:04:19.234 47 INFO eventlet.wsgi.server [-] 10.2.1.203, "GET /2009-04-04/meta-data/local-ipv4 HTTP/1.1" status: 200 len: 146 time: 0.0130196
2026-07-23 12:04:19.254 47 INFO eventlet.wsgi.server [-] 10.2.1.203, "GET /2009-04-04/meta-data/public-ipv4 HTTP/1.1" status: 200 len: 149 time: 0.0134017
2026-07-23 12:04:19.273 47 INFO eventlet.wsgi.server [-] 10.2.1.203, "GET /2009-04-04/meta-data/hostname HTTP/1.1" status: 200 len: 185 time: 0.0128427
2026-07-23 12:04:19.326 47 INFO eventlet.wsgi.server [-] 10.2.1.203, "GET /2009-04-04/meta-data/local-hostname HTTP/1.1" status: 200 len: 185 time: 0.0132518
2026-07-23 12:04:19.349 47 INFO neutron.agent.metadata.agent [-] The instance: 6dbadbd8-ca7e-4f62-b8d6-79d8e04d4eea is not present anymore, skipping cache...
2026-07-23 12:04:19.514 47 INFO eventlet.wsgi.server [-] 10.2.1.203, "GET /2009-04-04/user-data HTTP/1.1" status: 404 len: 297 time: 0.1795533
2026-07-23 12:04:19.539 47 INFO eventlet.wsgi.server [-] 10.2.1.203, "GET /2009-04-04/meta-data/block-device-mapping HTTP/1.1" status: 200 len: 143 time: 0.0148518
2026-07-23 12:04:19.567 47 INFO eventlet.wsgi.server [-] 10.2.1.203, "GET /2009-04-04/meta-data/block-device-mapping/ami HTTP/1.1" status: 200 len: 138 time: 0.0223179
2026-07-23 12:04:19.587 47 INFO eventlet.wsgi.server [-] 10.2.1.203, "GET /2009-04-04/meta-data/block-device-mapping/root HTTP/1.1" status: 200 len: 143 time: 0.0121751
2026-07-23 12:04:19.605 47 INFO eventlet.wsgi.server [-] 10.2.1.203, "GET /2009-04-04/meta-data/public-hostname HTTP/1.1" status: 200 len: 185 time: 0.0103841
2026-07-23 12:04:19.625 46 INFO eventlet.wsgi.server [-] 10.2.1.203, "GET /2009-04-04/meta-data/placement/availability-zone HTTP/1.1" status: 200 len: 139 time: 0.0147169
2026-07-23 12:04:26.249 46 INFO eventlet.wsgi.server [-] 10.2.2.141, "GET /2009-04-04/meta-data/instance-id HTTP/1.1" status: 200 len: 146 time: 0.2183774
2026-07-23 12:04:26.279 47 INFO eventlet.wsgi.server [-] 10.2.2.141, "GET /2009-04-04/meta-data/public-keys HTTP/1.1" status: 200 len: 173 time: 0.0172374
2026-07-23 12:04:26.299 47 INFO eventlet.wsgi.server [-] 10.2.2.141, "GET /2009-04-04/meta-data/public-keys/0/openssh-key HTTP/1.1" status: 200 len: 341 time: 0.0140047
2026-07-23 12:04:26.319 46 INFO eventlet.wsgi.server [-] 10.2.2.141, "GET /2009-04-04/meta-data/instance-id HTTP/1.1" status: 200 len: 146 time: 0.0115860
2026-07-23 12:04:26.334 46 INFO eventlet.wsgi.server [-] 10.2.2.141, "GET /2009-04-04/meta-data/ami-launch-index HTTP/1.1" status: 200 len: 136 time: 0.0098503
2026-07-23 12:04:26.350 46 INFO eventlet.wsgi.server [-] 10.2.2.141, "GET /2009-04-04/meta-data/instance-type HTTP/1.1" status: 200 len: 142 time: 0.0104964
2026-07-23 12:04:26.365 46 INFO eventlet.wsgi.server [-] 10.2.2.141, "GET /2009-04-04/meta-data/local-ipv4 HTTP/1.1" status: 200 len: 146 time: 0.0103333
2026-07-23 12:04:26.384 46 INFO eventlet.wsgi.server [-] 10.2.2.141, "GET /2009-04-04/meta-data/public-ipv4 HTTP/1.1" status: 200 len: 149 time: 0.0129035
2026-07-23 12:04:26.402 46 INFO eventlet.wsgi.server [-] 10.2.2.141, "GET /2009-04-04/meta-data/hostname HTTP/1.1" status: 200 len: 185 time: 0.0126994
2026-07-23 12:04:26.424 47 INFO eventlet.wsgi.server [-] 10.2.2.141, "GET /2009-04-04/meta-data/local-hostname HTTP/1.1" status: 200 len: 185 time: 0.0137494
2026-07-23 12:04:26.476 47 INFO neutron.agent.metadata.agent [-] The instance: 36e745e1-444d-4d0c-86fb-d6323269acd4 is not present anymore, skipping cache...
2026-07-23 12:04:26.524 47 INFO eventlet.wsgi.server [-] 10.2.2.141, "GET /2009-04-04/user-data HTTP/1.1" status: 404 len: 297 time: 0.0624971
2026-07-23 12:04:26.549 47 INFO eventlet.wsgi.server [-] 10.2.2.141, "GET /2009-04-04/meta-data/block-device-mapping HTTP/1.1" status: 200 len: 143 time: 0.0121145
2026-07-23 12:04:26.566 47 INFO eventlet.wsgi.server [-] 10.2.2.141, "GET /2009-04-04/meta-data/block-device-mapping/ami HTTP/1.1" status: 200 len: 138 time: 0.0108886
2026-07-23 12:04:26.582 47 INFO eventlet.wsgi.server [-] 10.2.2.141, "GET /2009-04-04/meta-data/block-device-mapping/root HTTP/1.1" status: 200 len: 143 time: 0.0101700
2026-07-23 12:04:26.597 47 INFO eventlet.wsgi.server [-] 10.2.2.141, "GET /2009-04-04/meta-data/public-hostname HTTP/1.1" status: 200 len: 185 time: 0.0099919
2026-07-23 12:04:26.612 47 INFO eventlet.wsgi.server [-] 10.2.2.141, "GET /2009-04-04/meta-data/placement/availability-zone HTTP/1.1" status: 200 len: 139 time: 0.0105166
2026-07-23 12:04:29.298 47 INFO eventlet.wsgi.server [-] 169.254.169.254, "GET / HTTP/1.1" status: 404 len: 176 time: 0.0526643
2026-07-23 12:07:39.185 46 INFO eventlet.wsgi.server [-] 169.254.169.254, "GET / HTTP/1.1" status: 404 len: 176 time: 0.0046694
2026-07-23 12:10:49.217 47 INFO eventlet.wsgi.server [-] 169.254.169.254, "GET / HTTP/1.1" status: 404 len: 176 time: 0.0038722
2026-07-23 12:13:49.204 46 INFO eventlet.wsgi.server [-] 169.254.169.254, "GET / HTTP/1.1" status: 404 len: 176 time: 0.0052257
2026-07-23 12:13:59.172 46 INFO eventlet.wsgi.server [-] 169.254.169.254, "GET / HTTP/1.1" status: 404 len: 176 time: 0.0076029