Jul 15 00:47:12.437040 np0000185333 devstack@neutron-api.service[101809]: DEBUG neutron.api.extensions [None req-b7ea04d5-1342-4eca-a895-32bd5821f84c None None] Ext name="security-group" alias="security-group" description="The security groups extension." updated="2012-10-05T10:00:00-00:00" {{(pid=101809) _check_extension /opt/stack/neutron/neutron/api/extensions.py:415}}
Jul 15 00:47:12.437223 np0000185333 devstack@neutron-api.service[101809]: INFO neutron.api.extensions [None req-b7ea04d5-1342-4eca-a895-32bd5821f84c None None] Loaded extension: security-group
Jul 15 00:47:12.437305 np0000185333 devstack@neutron-api.service[101809]: DEBUG neutron.api.extensions [None req-b7ea04d5-1342-4eca-a895-32bd5821f84c None None] Loading extension file: segment.py {{(pid=101809) _load_all_extensions_from_path /opt/stack/neutron/neutron/api/extensions.py:449}}
Jul 15 00:47:12.437792 np0000185333 devstack@neutron-api.service[101809]: DEBUG neutron.api.extensions [None req-b7ea04d5-1342-4eca-a895-32bd5821f84c None None] Ext name="Segment" alias="segment" description="Segments extension." updated="2016-02-24T17:00:00-00:00" {{(pid=101809) _check_extension /opt/stack/neutron/neutron/api/extensions.py:415}}
Jul 15 00:47:12.437792 np0000185333 devstack@neutron-api.service[101809]: INFO neutron.api.extensions [None req-b7ea04d5-1342-4eca-a895-32bd5821f84c None None] Extension segment not supported by any of loaded plugins
Jul 15 00:47:12.438082 np0000185333 devstack@neutron-api.service[101809]: DEBUG neutron.api.extensions [None req-b7ea04d5-1342-4eca-a895-32bd5821f84c None None] Loading extension file: segments_peer_subnet_host_routes.py {{(pid=101809) _load_all_extensions_from_path /opt/stack/neutron/neutron/api/extensions.py:449}}
Jul 15 00:47:12.438082 np0000185333 devstack@neutron-api.service[101809]: DEBUG neutron.api.extensions [None req-b7ea04d5-1342-4eca-a895-32bd5821f84c None None] Ext name="Segments peer-subnet host routes" alias="segments-peer-subnet-host-routes" description="Add host routes to subnets on a routed network (segments)" updated="2018-06-12T10:00:00-00:00" {{(pid=101809) _check_extension /opt/stack/neutron/neutron/api/extensions.py:415}}
Jul 15 00:47:12.438537 np0000185333 devstack@neutron-api.service[101809]: INFO neutron.api.extensions [None req-b7ea04d5-1342-4eca-a895-32bd5821f84c None None] Extension segments-peer-subnet-host-routes not supported by any of loaded plugins
Jul 15 00:47:12.438537 np0000185333 devstack@neutron-api.service[101809]: DEBUG neutron.api.extensions [None req-b7ea04d5-1342-4eca-a895-32bd5821f84c None None] Loading extension file: servicetype.py {{(pid=101809) _load_all_extensions_from_path /opt/stack/neutron/neutron/api/extensions.py:449}}
Jul 15 00:47:12.438537 np0000185333 devstack@neutron-api.service[101809]: DEBUG neutron.api.extensions [None req-b7ea04d5-1342-4eca-a895-32bd5821f84c None None] Ext name="Neutron Service Type Management" alias="service-type" description="API for retrieving service providers for Neutron advanced services" updated="2013-01-20T00:00:00-00:00" {{(pid=101809) _check_extension /opt/stack/neutron/neutron/api/extensions.py:415}}
Jul 15 00:47:12.438857 np0000185333 devstack@neutron-api.service[101809]: INFO neutron.api.extensions [None req-b7ea04d5-1342-4eca-a895-32bd5821f84c None None] Loaded extension: service-type
Jul 15 00:47:12.438857 np0000185333 devstack@neutron-api.service[101809]: DEBUG neutron.api.extensions [None req-b7ea04d5-1342-4eca-a895-32bd5821f84c None None] Loading extension file: sorting.py {{(pid=101809) _load_all_extensions_from_path /opt/stack/neutron/neutron/api/extensions.py:449}}
Jul 15 00:47:12.439042 np0000185333 devstack@neutron-api.service[101809]: DEBUG neutron.api.extensions [None req-b7ea04d5-1342-4eca-a895-32bd5821f84c None None] Ext name="Sorting support" alias="sorting" description="Extension that indicates that sorting is enabled." updated="2016-06-12T00:00:00-00:00" {{(pid=101809) _check_extension /opt/stack/neutron/neutron/api/extensions.py:415}}
Jul 15 00:47:12.439144 np0000185333 devstack@neutron-api.service[101809]: INFO neutron.api.extensions [None req-b7ea04d5-1342-4eca-a895-32bd5821f84c None None] Loaded extension: sorting
Jul 15 00:47:12.439245 np0000185333 devstack@neutron-api.service[101809]: DEBUG neutron.api.extensions [None req-b7ea04d5-1342-4eca-a895-32bd5821f84c None None] Loading extension file: standard_attr_segment.py {{(pid=101809) _load_all_extensions_from_path /opt/stack/neutron/neutron/api/extensions.py:449}}
Jul 15 00:47:12.439450 np0000185333 devstack@neutron-api.service[101809]: DEBUG neutron.api.extensions [None req-b7ea04d5-1342-4eca-a895-32bd5821f84c None None] Ext name="Standard Attribute Segment Extension" alias="standard-attr-segment" description="Add standard attributes to Segment resource" updated="2018-04-09T10:00:00-00:00" {{(pid=101809) _check_extension /opt/stack/neutron/neutron/api/extensions.py:415}}
Jul 15 00:47:12.439625 np0000185333 devstack@neutron-api.service[101809]: INFO neutron.api.extensions [None req-b7ea04d5-1342-4eca-a895-32bd5821f84c None None] Extension standard-attr-segment not supported by any of loaded plugins
Jul 15 00:47:12.439712 np0000185333 devstack@neutron-api.service[101809]: DEBUG neutron.api.extensions [None req-b7ea04d5-1342-4eca-a895-32bd5821f84c None None] Loading extension file: standardattrdescription.py {{(pid=101809) _load_all_extensions_from_path /opt/stack/neutron/neutron/api/extensions.py:449}}
Jul 15 00:47:12.439923 np0000185333 devstack@neutron-api.service[101809]: DEBUG neutron.api.extensions [None req-b7ea04d5-1342-4eca-a895-32bd5821f84c None None] Ext name="standard-attr-description" alias="standard-attr-description" description="Extension to add descriptions to standard attributes" updated="2016-02-10T10:00:00-00:00" {{(pid=101809) _check_extension /opt/stack/neutron/neutron/api/extensions.py:415}}
Jul 15 00:47:12.440128 np0000185333 devstack@neutron-api.service[101809]: INFO neutron.api.extensions [None req-b7ea04d5-1342-4eca-a895-32bd5821f84c None None] Loaded extension: standard-attr-description
Jul 15 00:47:12.440210 np0000185333 devstack@neutron-api.service[101809]: DEBUG neutron.api.extensions [None req-b7ea04d5-1342-4eca-a895-32bd5821f84c None None] Loading extension file: stateful_security_group.py {{(pid=101809) _load_all_extensions_from_path /opt/stack/neutron/neutron/api/extensions.py:449}}
Jul 15 00:47:12.440320 np0000185333 devstack@neutron-api.service[101807]: DEBUG neutron.services.provider_configuration [None req-2a769319-1204-401d-8dc9-d0f0ec0b65d9 None None] Service providers = [] {{(pid=101807) parse_service_provider_opt /opt/stack/neutron/neutron/services/provider_configuration.py:170}}
Jul 15 00:47:12.440457 np0000185333 devstack@neutron-api.service[101809]: DEBUG neutron.api.extensions [None req-b7ea04d5-1342-4eca-a895-32bd5821f84c None None] Ext name="Stateful security group" alias="stateful-security-group" description="Indicates if the security group is stateful or not" updated="2019-11-26T09:00:00-00:00" {{(pid=101809) _check_extension /opt/stack/neutron/neutron/api/extensions.py:415}}
Jul 15 00:47:12.440537 np0000185333 devstack@neutron-api.service[101807]: DEBUG neutron.db.servicetype_db [None req-2a769319-1204-401d-8dc9-d0f0ec0b65d9 None None] Adding provider configuration for service L3_ROUTER_NAT {{(pid=101807) add_provider_configuration /opt/stack/neutron/neutron/db/servicetype_db.py:45}}
Jul 15 00:47:12.440632 np0000185333 devstack@neutron-api.service[101809]: INFO neutron.api.extensions [None req-b7ea04d5-1342-4eca-a895-32bd5821f84c None None] Loaded extension: stateful-security-group
Jul 15 00:47:12.440740 np0000185333 devstack@neutron-api.service[101809]: DEBUG neutron.api.extensions [None req-b7ea04d5-1342-4eca-a895-32bd5821f84c None None] Loading extension file: stdattrs_common.py {{(pid=101809) _load_all_extensions_from_path /opt/stack/neutron/neutron/api/extensions.py:449}}
Jul 15 00:47:12.440919 np0000185333 devstack@neutron-api.service[101809]: WARNING neutron.api.extensions [None req-b7ea04d5-1342-4eca-a895-32bd5821f84c None None] Did not find expected name "Stdattrs_common" in /opt/stack/neutron/neutron/extensions/stdattrs_common.py
Jul 15 00:47:12.441003 np0000185333 devstack@neutron-api.service[101809]: DEBUG neutron.api.extensions [None req-b7ea04d5-1342-4eca-a895-32bd5821f84c None None] Loading extension file: subnet_dns_publish_fixed_ip.py {{(pid=101809) _load_all_extensions_from_path /opt/stack/neutron/neutron/api/extensions.py:449}}
Jul 15 00:47:12.441252 np0000185333 devstack@neutron-api.service[101809]: DEBUG neutron.api.extensions [None req-b7ea04d5-1342-4eca-a895-32bd5821f84c None None] Ext name="Subnet DNS publish fixed IP" alias="subnet-dns-publish-fixed-ip" description="Support choosing to publish DNS records for IPs from a subnet" updated="2019-05-24T10:00:00-00:00" {{(pid=101809) _check_extension /opt/stack/neutron/neutron/api/extensions.py:415}}
Jul 15 00:47:12.441385 np0000185333 devstack@neutron-api.service[101809]: INFO neutron.api.extensions [None req-b7ea04d5-1342-4eca-a895-32bd5821f84c None None] Loaded extension: subnet-dns-publish-fixed-ip
Jul 15 00:47:12.441465 np0000185333 devstack@neutron-api.service[101809]: DEBUG neutron.api.extensions [None req-b7ea04d5-1342-4eca-a895-32bd5821f84c None None] Loading extension file: subnet_external_network.py {{(pid=101809) _load_all_extensions_from_path /opt/stack/neutron/neutron/api/extensions.py:449}}
Jul 15 00:47:12.441693 np0000185333 devstack@neutron-api.service[101809]: DEBUG neutron.api.extensions [None req-b7ea04d5-1342-4eca-a895-32bd5821f84c None None] Ext name="Subnet belongs to an external network" alias="subnet-external-network" description="Informs if the subnet belongs to an external network" updated="2024-02-05T18:00:00-00:00" {{(pid=101809) _check_extension /opt/stack/neutron/neutron/api/extensions.py:415}}
Jul 15 00:47:12.441836 np0000185333 devstack@neutron-api.service[101809]: INFO neutron.api.extensions [None req-b7ea04d5-1342-4eca-a895-32bd5821f84c None None] Loaded extension: subnet-external-network
Jul 15 00:47:12.441923 np0000185333 devstack@neutron-api.service[101809]: DEBUG neutron.api.extensions [None req-b7ea04d5-1342-4eca-a895-32bd5821f84c None None] Loading extension file: subnet_onboard.py {{(pid=101809) _load_all_extensions_from_path /opt/stack/neutron/neutron/api/extensions.py:449}}
Jul 15 00:47:12.442161 np0000185333 devstack@neutron-api.service[101809]: DEBUG neutron.api.extensions [None req-b7ea04d5-1342-4eca-a895-32bd5821f84c None None] Ext name="Subnet Onboard" alias="subnet_onboard" description="Provides support for onboarding subnets into subnet pools" updated="2018-12-18T09:00:00-00:00" {{(pid=101809) _check_extension /opt/stack/neutron/neutron/api/extensions.py:415}}
Jul 15 00:47:12.442276 np0000185333 devstack@neutron-api.service[101807]: DEBUG neutron_lib.callbacks.manager [None req-2a769319-1204-401d-8dc9-d0f0ec0b65d9 None None] Subscribe: > router precommit_create 55549900, False {{(pid=101807) subscribe /opt/stack/data/venv/lib/python3.12/site-packages/neutron_lib/callbacks/manager.py:52}}
Jul 15 00:47:12.442358 np0000185333 devstack@neutron-api.service[101809]: INFO neutron.api.extensions [None req-b7ea04d5-1342-4eca-a895-32bd5821f84c None None] Loaded extension: subnet_onboard
Jul 15 00:47:12.442486 np0000185333 devstack@neutron-api.service[101807]: DEBUG neutron_lib.callbacks.manager [None req-2a769319-1204-401d-8dc9-d0f0ec0b65d9 None None] Subscribe: > router_interface after_create 55550000, False {{(pid=101807) subscribe /opt/stack/data/venv/lib/python3.12/site-packages/neutron_lib/callbacks/manager.py:52}}
Jul 15 00:47:12.442568 np0000185333 devstack@neutron-api.service[101809]: DEBUG neutron.api.extensions [None req-b7ea04d5-1342-4eca-a895-32bd5821f84c None None] Loading extension file: subnet_segmentid_writable.py {{(pid=101809) _load_all_extensions_from_path /opt/stack/neutron/neutron/api/extensions.py:449}}
Jul 15 00:47:12.442673 np0000185333 devstack@neutron-api.service[101807]: DEBUG neutron_lib.callbacks.manager [None req-2a769319-1204-401d-8dc9-d0f0ec0b65d9 None None] Subscribe: > floatingip after_create 55550000, False {{(pid=101807) subscribe /opt/stack/data/venv/lib/python3.12/site-packages/neutron_lib/callbacks/manager.py:52}}
Jul 15 00:47:12.442764 np0000185333 devstack@neutron-api.service[101809]: DEBUG neutron.api.extensions [None req-b7ea04d5-1342-4eca-a895-32bd5821f84c None None] Ext name="Subnet SegmentID (writable)" alias="subnet-segmentid-writable" description="Provides a writable segment_id attribute for a subnet resource." updated="2018-03-12T00:00:00-00:00" {{(pid=101809) _check_extension /opt/stack/neutron/neutron/api/extensions.py:415}}
Jul 15 00:47:12.442851 np0000185333 devstack@neutron-api.service[101807]: DEBUG neutron_lib.callbacks.manager [None req-2a769319-1204-401d-8dc9-d0f0ec0b65d9 None None] Subscribe: > floatingip precommit_create 55550000, False {{(pid=101807) subscribe /opt/stack/data/venv/lib/python3.12/site-packages/neutron_lib/callbacks/manager.py:52}}
Jul 15 00:47:12.442941 np0000185333 devstack@neutron-api.service[101809]: INFO neutron.api.extensions [None req-b7ea04d5-1342-4eca-a895-32bd5821f84c None None] Extension subnet-segmentid-writable not supported by any of loaded plugins
Jul 15 00:47:12.443023 np0000185333 devstack@neutron-api.service[101807]: DEBUG neutron_lib.callbacks.manager [None req-2a769319-1204-401d-8dc9-d0f0ec0b65d9 None None] Subscribe: > floatingip precommit_update 55550000, False {{(pid=101807) subscribe /opt/stack/data/venv/lib/python3.12/site-packages/neutron_lib/callbacks/manager.py:52}}
Jul 15 00:47:12.443129 np0000185333 devstack@neutron-api.service[101809]: DEBUG neutron.api.extensions [None req-b7ea04d5-1342-4eca-a895-32bd5821f84c None None] Loading extension file: subnet_service_types.py {{(pid=101809) _load_all_extensions_from_path /opt/stack/neutron/neutron/api/extensions.py:449}}
Jul 15 00:47:12.443220 np0000185333 devstack@neutron-api.service[101807]: DEBUG neutron_lib.callbacks.manager [None req-2a769319-1204-401d-8dc9-d0f0ec0b65d9 None None] Subscribe: > floatingip after_delete 55550000, False {{(pid=101807) subscribe /opt/stack/data/venv/lib/python3.12/site-packages/neutron_lib/callbacks/manager.py:52}}
Jul 15 00:47:12.443220 np0000185333 devstack@neutron-api.service[101807]: DEBUG neutron_lib.callbacks.manager [None req-2a769319-1204-401d-8dc9-d0f0ec0b65d9 None None] Subscribe: > floatingip after_status_update 55550000, False {{(pid=101807) subscribe /opt/stack/data/venv/lib/python3.12/site-packages/neutron_lib/callbacks/manager.py:52}}
Jul 15 00:47:12.443407 np0000185333 devstack@neutron-api.service[101809]: DEBUG neutron.api.extensions [None req-b7ea04d5-1342-4eca-a895-32bd5821f84c None None] Ext name="Subnet service types" alias="subnet-service-types" description="Provides ability to set the subnet service_types field" updated="2016-03-15T18:00:00-00:00" {{(pid=101809) _check_extension /opt/stack/neutron/neutron/api/extensions.py:415}}
Jul 15 00:47:12.443559 np0000185333 devstack@neutron-api.service[101807]: DEBUG neutron_lib.callbacks.manager [None req-2a769319-1204-401d-8dc9-d0f0ec0b65d9 None None] Subscribe: > floatingip after_update 55550000, False {{(pid=101807) subscribe /opt/stack/data/venv/lib/python3.12/site-packages/neutron_lib/callbacks/manager.py:52}}
Jul 15 00:47:12.443651 np0000185333 devstack@neutron-api.service[101809]: INFO neutron.api.extensions [None req-b7ea04d5-1342-4eca-a895-32bd5821f84c None None] Loaded extension: subnet-service-types
Jul 15 00:47:12.443651 np0000185333 devstack@neutron-api.service[101809]: DEBUG neutron.api.extensions [None req-b7ea04d5-1342-4eca-a895-32bd5821f84c None None] Loading extension file: subnetallocation.py {{(pid=101809) _load_all_extensions_from_path /opt/stack/neutron/neutron/api/extensions.py:449}}
Jul 15 00:47:12.443943 np0000185333 devstack@neutron-api.service[101807]: DEBUG neutron_lib.callbacks.manager [None req-2a769319-1204-401d-8dc9-d0f0ec0b65d9 None None] Subscribe: > port_forwarding after_create 55550000, False {{(pid=101807) subscribe /opt/stack/data/venv/lib/python3.12/site-packages/neutron_lib/callbacks/manager.py:52}}
Jul 15 00:47:12.443943 np0000185333 devstack@neutron-api.service[101807]: DEBUG neutron_lib.callbacks.manager [None req-2a769319-1204-401d-8dc9-d0f0ec0b65d9 None None] Subscribe: > router_interface after_delete 55550000, False {{(pid=101807) subscribe /opt/stack/data/venv/lib/python3.12/site-packages/neutron_lib/callbacks/manager.py:52}}
Jul 15 00:47:12.444069 np0000185333 devstack@neutron-api.service[101809]: DEBUG neutron.api.extensions [None req-b7ea04d5-1342-4eca-a895-32bd5821f84c None None] Ext name="Subnet Allocation" alias="subnet_allocation" description="Enables allocation of subnets from a subnet pool" updated="2015-03-30T10:00:00-00:00" {{(pid=101809) _check_extension /opt/stack/neutron/neutron/api/extensions.py:415}}
Jul 15 00:47:12.444153 np0000185333 devstack@neutron-api.service[101807]: DEBUG neutron_lib.callbacks.manager [None req-2a769319-1204-401d-8dc9-d0f0ec0b65d9 None None] Subscribe: > router after_create 55550000, False {{(pid=101807) subscribe /opt/stack/data/venv/lib/python3.12/site-packages/neutron_lib/callbacks/manager.py:52}}
Jul 15 00:47:12.444236 np0000185333 devstack@neutron-api.service[101809]: INFO neutron.api.extensions [None req-b7ea04d5-1342-4eca-a895-32bd5821f84c None None] Loaded extension: subnet_allocation
Jul 15 00:47:12.444370 np0000185333 devstack@neutron-api.service[101807]: DEBUG neutron_lib.callbacks.manager [None req-2a769319-1204-401d-8dc9-d0f0ec0b65d9 None None] Subscribe: > router precommit_create 55550000, False {{(pid=101807) subscribe /opt/stack/data/venv/lib/python3.12/site-packages/neutron_lib/callbacks/manager.py:52}}
Jul 15 00:47:12.444458 np0000185333 devstack@neutron-api.service[101809]: DEBUG neutron.api.extensions [None req-b7ea04d5-1342-4eca-a895-32bd5821f84c None None] Loading extension file: subnetpool_prefix_ops.py {{(pid=101809) _load_all_extensions_from_path /opt/stack/neutron/neutron/api/extensions.py:449}}
Jul 15 00:47:12.444556 np0000185333 devstack@neutron-api.service[101807]: DEBUG neutron_lib.callbacks.manager [None req-2a769319-1204-401d-8dc9-d0f0ec0b65d9 None None] Subscribe: > router after_delete 55550000, False {{(pid=101807) subscribe /opt/stack/data/venv/lib/python3.12/site-packages/neutron_lib/callbacks/manager.py:52}}
Jul 15 00:47:12.444959 np0000185333 devstack@neutron-api.service[101809]: DEBUG neutron.api.extensions [None req-b7ea04d5-1342-4eca-a895-32bd5821f84c None None] Ext name="Subnet Pool Prefix Operations" alias="subnetpool-prefix-ops" description="Provides support for adjusting the prefix list of subnet pools" updated="2019-02-08T10:00:00-00:00" {{(pid=101809) _check_extension /opt/stack/neutron/neutron/api/extensions.py:415}}
Jul 15 00:47:12.445070 np0000185333 devstack@neutron-api.service[101807]: DEBUG neutron_lib.callbacks.manager [None req-2a769319-1204-401d-8dc9-d0f0ec0b65d9 None None] Subscribe: > router after_update 55550000, False {{(pid=101807) subscribe /opt/stack/data/venv/lib/python3.12/site-packages/neutron_lib/callbacks/manager.py:52}}
Jul 15 00:47:12.445070 np0000185333 devstack@neutron-api.service[101807]: DEBUG neutron.services.service_base [None req-2a769319-1204-401d-8dc9-d0f0ec0b65d9 None None] Loaded 'neutron.services.ovn_l3.service_providers.ovn.OvnDriver' provider for service L3_ROUTER_NAT {{(pid=101807) load_drivers /opt/stack/neutron/neutron/services/service_base.py:49}}
Jul 15 00:47:12.445214 np0000185333 devstack@neutron-api.service[101809]: INFO neutron.api.extensions [None req-b7ea04d5-1342-4eca-a895-32bd5821f84c None None] Loaded extension: subnetpool-prefix-ops
Jul 15 00:47:12.445214 np0000185333 devstack@neutron-api.service[101809]: DEBUG neutron.api.extensions [None req-b7ea04d5-1342-4eca-a895-32bd5821f84c None None] Loading extension file: tag_creation.py {{(pid=101809) _load_all_extensions_from_path /opt/stack/neutron/neutron/api/extensions.py:449}}
Jul 15 00:47:12.445331 np0000185333 devstack@neutron-api.service[101807]: DEBUG neutron_lib.callbacks.manager [None req-2a769319-1204-401d-8dc9-d0f0ec0b65d9 None None] Subscribe: > process after_init 55550001, True {{(pid=101807) subscribe /opt/stack/data/venv/lib/python3.12/site-packages/neutron_lib/callbacks/manager.py:52}}
Jul 15 00:47:12.445431 np0000185333 devstack@neutron-api.service[101809]: DEBUG neutron.api.extensions [None req-b7ea04d5-1342-4eca-a895-32bd5821f84c None None] Ext name="Tag creation extension" alias="tag-creation" description="Allow to create multiple tags for a resource" updated="2024-23-07T10:00:00-00:00" {{(pid=101809) _check_extension /opt/stack/neutron/neutron/api/extensions.py:415}}
Jul 15 00:47:12.445529 np0000185333 devstack@neutron-api.service[101807]: DEBUG neutron.manager [None req-2a769319-1204-401d-8dc9-d0f0ec0b65d9 None None] Successfully loaded L3_ROUTER_NAT plugin. Description: L3 Router Service Plugin for basic L3 forwarding using OVN {{(pid=101807) _create_and_add_service_plugin /opt/stack/neutron/neutron/manager.py:236}}
Jul 15 00:47:12.445623 np0000185333 devstack@neutron-api.service[101809]: INFO neutron.api.extensions [None req-b7ea04d5-1342-4eca-a895-32bd5821f84c None None] Loaded extension: tag-creation
Jul 15 00:47:12.445749 np0000185333 devstack@neutron-api.service[101807]: INFO neutron.manager [None req-2a769319-1204-401d-8dc9-d0f0ec0b65d9 None None] Loading Plugin: auto_allocate
Jul 15 00:47:12.445850 np0000185333 devstack@neutron-api.service[101809]: DEBUG neutron.api.extensions [None req-b7ea04d5-1342-4eca-a895-32bd5821f84c None None] Loading extension file: tag_ports_during_bulk_creation.py {{(pid=101809) _load_all_extensions_from_path /opt/stack/neutron/neutron/api/extensions.py:449}}
Jul 15 00:47:12.445850 np0000185333 devstack@neutron-api.service[101809]: DEBUG neutron.api.extensions [None req-b7ea04d5-1342-4eca-a895-32bd5821f84c None None] Ext name="Tag Ports During Bulk Creation" alias="tag-ports-during-bulk-creation" description="Allow to tag ports during bulk creation" updated="2019-12-29T19:00:00-00:00" {{(pid=101809) _check_extension /opt/stack/neutron/neutron/api/extensions.py:415}}
Jul 15 00:47:12.445850 np0000185333 devstack@neutron-api.service[101809]: INFO neutron.api.extensions [None req-b7ea04d5-1342-4eca-a895-32bd5821f84c None None] Extension tag-ports-during-bulk-creation not supported by any of loaded plugins
Jul 15 00:47:12.445850 np0000185333 devstack@neutron-api.service[101809]: DEBUG neutron.api.extensions [None req-b7ea04d5-1342-4eca-a895-32bd5821f84c None None] Loading extension file: tagging.py {{(pid=101809) _load_all_extensions_from_path /opt/stack/neutron/neutron/api/extensions.py:449}}
Jul 15 00:47:12.446449 np0000185333 devstack@neutron-api.service[101807]: DEBUG neutron_lib.callbacks.manager [None req-2a769319-1204-401d-8dc9-d0f0ec0b65d9 None None] Subscribe: network precommit_update 55550000, False {{(pid=101807) subscribe /opt/stack/data/venv/lib/python3.12/site-packages/neutron_lib/callbacks/manager.py:52}}
Jul 15 00:47:12.446602 np0000185333 devstack@neutron-api.service[101807]: DEBUG neutron_lib.callbacks.manager [None req-2a769319-1204-401d-8dc9-d0f0ec0b65d9 None None] Subscribe: network precommit_create 55550000, False {{(pid=101807) subscribe /opt/stack/data/venv/lib/python3.12/site-packages/neutron_lib/callbacks/manager.py:52}}
Jul 15 00:47:12.446699 np0000185333 devstack@neutron-api.service[101809]: DEBUG neutron.api.extensions [None req-b7ea04d5-1342-4eca-a895-32bd5821f84c None None] Ext name="Tag support for resources with standard attribute: port, subnet, subnetpool, network, security_group, router, floatingip, policy, trunk, network_segment_range" alias="standard-attr-tag" description="Enables to set tag on resources with standard attribute." updated="2017-01-01T00:00:00-00:00" {{(pid=101809) _check_extension /opt/stack/neutron/neutron/api/extensions.py:415}}
Jul 15 00:47:12.447076 np0000185333 devstack@neutron-api.service[101809]: INFO neutron.api.extensions [None req-b7ea04d5-1342-4eca-a895-32bd5821f84c None None] Loaded extension: standard-attr-tag
Jul 15 00:47:12.447215 np0000185333 devstack@neutron-api.service[101807]: DEBUG neutron.manager [None req-2a769319-1204-401d-8dc9-d0f0ec0b65d9 None None] Successfully loaded auto-allocated-topology plugin. Description: Auto Allocated Topology - aka get me a network. {{(pid=101807) _create_and_add_service_plugin /opt/stack/neutron/neutron/manager.py:236}}
Jul 15 00:47:12.447308 np0000185333 devstack@neutron-api.service[101809]: DEBUG neutron.api.extensions [None req-b7ea04d5-1342-4eca-a895-32bd5821f84c None None] Loading extension file: timestamp.py {{(pid=101809) _load_all_extensions_from_path /opt/stack/neutron/neutron/api/extensions.py:449}}
Jul 15 00:47:12.447589 np0000185333 devstack@neutron-api.service[101807]: INFO neutron.manager [None req-2a769319-1204-401d-8dc9-d0f0ec0b65d9 None None] Loading Plugin: tag
Jul 15 00:47:12.447883 np0000185333 devstack@neutron-api.service[101809]: DEBUG neutron.api.extensions [None req-b7ea04d5-1342-4eca-a895-32bd5821f84c None None] Ext name="Resource timestamps" alias="standard-attr-timestamp" description="Adds created_at and updated_at fields to all Neutron resources that have Neutron standard attributes." updated="2016-09-12T10:00:00-00:00" {{(pid=101809) _check_extension /opt/stack/neutron/neutron/api/extensions.py:415}}
Jul 15 00:47:12.447883 np0000185333 devstack@neutron-api.service[101809]: INFO neutron.api.extensions [None req-b7ea04d5-1342-4eca-a895-32bd5821f84c None None] Loaded extension: standard-attr-timestamp
Jul 15 00:47:12.447883 np0000185333 devstack@neutron-api.service[101809]: DEBUG neutron.api.extensions [None req-b7ea04d5-1342-4eca-a895-32bd5821f84c None None] Loading extension file: trunk.py {{(pid=101809) _load_all_extensions_from_path /opt/stack/neutron/neutron/api/extensions.py:449}}
Jul 15 00:47:12.447883 np0000185333 devstack@neutron-api.service[101809]: DEBUG neutron.api.extensions [None req-b7ea04d5-1342-4eca-a895-32bd5821f84c None None] Ext name="Trunk Extension" alias="trunk" description="Provides support for trunk ports" updated="2016-01-01T10:00:00-00:00" {{(pid=101809) _check_extension /opt/stack/neutron/neutron/api/extensions.py:415}}
Jul 15 00:47:12.447883 np0000185333 devstack@neutron-api.service[101809]: INFO neutron.api.extensions [None req-b7ea04d5-1342-4eca-a895-32bd5821f84c None None] Extension trunk not supported by any of loaded plugins
Jul 15 00:47:12.448275 np0000185333 devstack@neutron-api.service[101809]: DEBUG neutron.api.extensions [None req-b7ea04d5-1342-4eca-a895-32bd5821f84c None None] Loading extension file: trunk_details.py {{(pid=101809) _load_all_extensions_from_path /opt/stack/neutron/neutron/api/extensions.py:449}}
Jul 15 00:47:12.448275 np0000185333 devstack@neutron-api.service[101809]: DEBUG neutron.api.extensions [None req-b7ea04d5-1342-4eca-a895-32bd5821f84c None None] Ext name="Trunk port details" alias="trunk-details" description="Expose trunk port details" updated="2016-01-01T10:00:00-00:00" {{(pid=101809) _check_extension /opt/stack/neutron/neutron/api/extensions.py:415}}
Jul 15 00:47:12.448566 np0000185333 devstack@neutron-api.service[101809]: INFO neutron.api.extensions [None req-b7ea04d5-1342-4eca-a895-32bd5821f84c None None] Extension trunk-details not supported by any of loaded plugins
Jul 15 00:47:12.448566 np0000185333 devstack@neutron-api.service[101809]: DEBUG neutron.api.extensions [None req-b7ea04d5-1342-4eca-a895-32bd5821f84c None None] Loading extension file: uplink_status_propagation.py {{(pid=101809) _load_all_extensions_from_path /opt/stack/neutron/neutron/api/extensions.py:449}}
Jul 15 00:47:12.448846 np0000185333 devstack@neutron-api.service[101809]: DEBUG neutron.api.extensions [None req-b7ea04d5-1342-4eca-a895-32bd5821f84c None None] Ext name="Uplink status propagation extension" alias="uplink-status-propagation" description="Provides ability to propagate port uplink status." updated="2018-05-31T18:00:00-00:00" {{(pid=101809) _check_extension /opt/stack/neutron/neutron/api/extensions.py:415}}
Jul 15 00:47:12.448846 np0000185333 devstack@neutron-api.service[101809]: INFO neutron.api.extensions [None req-b7ea04d5-1342-4eca-a895-32bd5821f84c None None] Extension uplink-status-propagation not supported by any of loaded plugins
Jul 15 00:47:12.449153 np0000185333 devstack@neutron-api.service[101809]: DEBUG neutron.api.extensions [None req-b7ea04d5-1342-4eca-a895-32bd5821f84c None None] Loading extension file: uplink_status_propagation_updatable.py {{(pid=101809) _load_all_extensions_from_path /opt/stack/neutron/neutron/api/extensions.py:449}}
Jul 15 00:47:12.449153 np0000185333 devstack@neutron-api.service[101809]: DEBUG neutron.api.extensions [None req-b7ea04d5-1342-4eca-a895-32bd5821f84c None None] Ext name="Uplink status propagation updatable extension" alias="uplink-status-propagation-updatable" description="Provides ability to update the port uplink status." updated="2024-09-03T18:00:00-00:00" {{(pid=101809) _check_extension /opt/stack/neutron/neutron/api/extensions.py:415}}
Jul 15 00:47:12.449333 np0000185333 devstack@neutron-api.service[101809]: INFO neutron.api.extensions [None req-b7ea04d5-1342-4eca-a895-32bd5821f84c None None] Extension uplink-status-propagation-updatable not supported by any of loaded plugins
Jul 15 00:47:12.449604 np0000185333 devstack@neutron-api.service[101809]: DEBUG neutron.api.extensions [None req-b7ea04d5-1342-4eca-a895-32bd5821f84c None None] Loading extension file: vlantransparent.py {{(pid=101809) _load_all_extensions_from_path /opt/stack/neutron/neutron/api/extensions.py:449}}
Jul 15 00:47:12.449880 np0000185333 devstack@neutron-api.service[101809]: DEBUG neutron.api.extensions [None req-b7ea04d5-1342-4eca-a895-32bd5821f84c None None] Ext name="Vlantransparent" alias="vlan-transparent" description="Provides Vlan Transparent Networks" updated="2015-03-23T09:00:00-00:00" {{(pid=101809) _check_extension /opt/stack/neutron/neutron/api/extensions.py:415}}
Jul 15 00:47:12.449880 np0000185333 devstack@neutron-api.service[101809]: INFO neutron.api.extensions [None req-b7ea04d5-1342-4eca-a895-32bd5821f84c None None] Loaded extension: vlan-transparent
Jul 15 00:47:12.450932 np0000185333 devstack@neutron-api.service[101806]: [pid: 101806|app: 0|req: 1/1] 199.204.45.70 () {62 vars in 981 bytes} [Wed Jul 15 00:47:12 2026] GET /networking => generated 129 bytes in 3 msecs (HTTP/1.1 200) 3 headers in 91 bytes (1 switches on core 0)
Jul 15 00:47:12.451451 np0000185333 devstack@neutron-api.service[101807]: DEBUG neutron.manager [None req-2a769319-1204-401d-8dc9-d0f0ec0b65d9 None None] Successfully loaded TAG plugin. Description: Tag support {{(pid=101807) _create_and_add_service_plugin /opt/stack/neutron/neutron/manager.py:236}}
Jul 15 00:47:12.451451 np0000185333 devstack@neutron-api.service[101807]: INFO neutron.manager [None req-2a769319-1204-401d-8dc9-d0f0ec0b65d9 None None] Loading Plugin: timestamp
Jul 15 00:47:12.452281 np0000185333 devstack@neutron-api.service[101809]: INFO neutron.quota.resource_registry [None req-b7ea04d5-1342-4eca-a895-32bd5821f84c None None] Creating instance of TrackedResource for resource:network
Jul 15 00:47:12.452281 np0000185333 devstack@neutron-api.service[101809]: INFO neutron.quota.resource_registry [None req-b7ea04d5-1342-4eca-a895-32bd5821f84c None None] Creating instance of TrackedResource for resource:subnet
Jul 15 00:47:12.452641 np0000185333 devstack@neutron-api.service[101809]: INFO neutron.quota.resource_registry [None req-b7ea04d5-1342-4eca-a895-32bd5821f84c None None] Creating instance of TrackedResource for resource:subnetpool
Jul 15 00:47:12.452641 np0000185333 devstack@neutron-api.service[101809]: INFO neutron.quota.resource_registry [None req-b7ea04d5-1342-4eca-a895-32bd5821f84c None None] Creating instance of TrackedResource for resource:port
Jul 15 00:47:12.453378 np0000185333 devstack@neutron-api.service[101807]: DEBUG neutron.manager [None req-2a769319-1204-401d-8dc9-d0f0ec0b65d9 None None] Successfully loaded timestamp plugin. Description: Adds timestamps to Neutron resources with standard attributes {{(pid=101807) _create_and_add_service_plugin /opt/stack/neutron/neutron/manager.py:236}}
Jul 15 00:47:12.453378 np0000185333 devstack@neutron-api.service[101807]: INFO neutron.manager [None req-2a769319-1204-401d-8dc9-d0f0ec0b65d9 None None] Loading Plugin: network_ip_availability
Jul 15 00:47:12.454127 np0000185333 devstack@neutron-api.service[101809]: INFO neutron.quota.resource_registry [None req-b7ea04d5-1342-4eca-a895-32bd5821f84c None None] Creating instance of CountableResource for resource:router_route
Jul 15 00:47:12.454307 np0000185333 devstack@neutron-api.service[101809]: DEBUG neutron.api.v2.resource_helper [None req-b7ea04d5-1342-4eca-a895-32bd5821f84c None None] Service L3_ROUTER_NAT assigned prefix: {{(pid=101809) build_resource_info /opt/stack/neutron/neutron/api/v2/resource_helper.py:77}}
Jul 15 00:47:12.454662 np0000185333 devstack@neutron-api.service[101809]: DEBUG neutron.api.v2.resource_helper [None req-b7ea04d5-1342-4eca-a895-32bd5821f84c None None] Service FLAVORS assigned prefix: {{(pid=101809) build_resource_info /opt/stack/neutron/neutron/api/v2/resource_helper.py:77}}
Jul 15 00:47:12.455667 np0000185333 devstack@neutron-api.service[101809]: DEBUG neutron.api.v2.resource_helper [None req-b7ea04d5-1342-4eca-a895-32bd5821f84c None None] Service L3_ROUTER_NAT assigned prefix: {{(pid=101809) build_resource_info /opt/stack/neutron/neutron/api/v2/resource_helper.py:77}}
Jul 15 00:47:12.455762 np0000185333 devstack@neutron-api.service[101807]: DEBUG neutron.manager [None req-2a769319-1204-401d-8dc9-d0f0ec0b65d9 None None] Successfully loaded network-ip-availability plugin. Description: Provides IP availability data for each network and subnet. {{(pid=101807) _create_and_add_service_plugin /opt/stack/neutron/neutron/manager.py:236}}
Jul 15 00:47:12.455852 np0000185333 devstack@neutron-api.service[101807]: INFO neutron.manager [None req-2a769319-1204-401d-8dc9-d0f0ec0b65d9 None None] Loading Plugin: flavors
Jul 15 00:47:12.456034 np0000185333 devstack@neutron-api.service[101809]: DEBUG neutron.api.v2.resource_helper [None req-b7ea04d5-1342-4eca-a895-32bd5821f84c None None] Service L3_ROUTER_NAT assigned prefix: {{(pid=101809) build_resource_info /opt/stack/neutron/neutron/api/v2/resource_helper.py:77}}
Jul 15 00:47:12.456172 np0000185333 devstack@neutron-api.service[101809]: INFO neutron.quota.resource_registry [None req-b7ea04d5-1342-4eca-a895-32bd5821f84c None None] Creating instance of TrackedResource for resource:router
Jul 15 00:47:12.456554 np0000185333 devstack@neutron-api.service[101809]: INFO neutron.quota.resource_registry [None req-b7ea04d5-1342-4eca-a895-32bd5821f84c None None] Creating instance of TrackedResource for resource:floatingip
Jul 15 00:47:12.456797 np0000185333 devstack@neutron-api.service[101807]: DEBUG neutron.manager [None req-2a769319-1204-401d-8dc9-d0f0ec0b65d9 None None] Successfully loaded FLAVORS plugin. Description: Neutron Flavors and Service Profiles manager plugin {{(pid=101807) _create_and_add_service_plugin /opt/stack/neutron/neutron/manager.py:236}}
Jul 15 00:47:12.456984 np0000185333 devstack@neutron-api.service[101807]: INFO neutron.manager [None req-2a769319-1204-401d-8dc9-d0f0ec0b65d9 None None] Loading Plugin: revisions
Jul 15 00:47:12.457823 np0000185333 devstack@neutron-api.service[101809]: INFO neutron.quota.resource_registry [None req-b7ea04d5-1342-4eca-a895-32bd5821f84c None None] Creating instance of CountableResource for resource:rbac_policy
Jul 15 00:47:12.457970 np0000185333 devstack@neutron-api.service[101807]: DEBUG neutron.manager [None req-2a769319-1204-401d-8dc9-d0f0ec0b65d9 None None] Successfully loaded revision_plugin plugin. Description: Adds revision numbers to resources. {{(pid=101807) _create_and_add_service_plugin /opt/stack/neutron/neutron/manager.py:236}}
Jul 15 00:47:12.458231 np0000185333 devstack@neutron-api.service[101807]: DEBUG oslo_concurrency.lockutils [None req-2a769319-1204-401d-8dc9-d0f0ec0b65d9 None None] Lock "manager" "released" by "neutron.manager.NeutronManager._create_instance" :: held 4.795s {{(pid=101807) inner /opt/stack/data/venv/lib/python3.12/site-packages/oslo_concurrency/lockutils.py:543}}
Jul 15 00:47:12.458293 np0000185333 devstack@neutron-api.service[101807]: DEBUG neutron.api.extensions [None req-2a769319-1204-401d-8dc9-d0f0ec0b65d9 None None] get_extension_paths = OrderedDict({'/opt/stack/neutron/neutron/extensions': 1}) {{(pid=101807) get_extensions_path /opt/stack/neutron/neutron/api/extensions.py:640}}
Jul 15 00:47:12.458721 np0000185333 devstack@neutron-api.service[101807]: INFO neutron.api.extensions [None req-2a769319-1204-401d-8dc9-d0f0ec0b65d9 None None] Initializing extension manager.
Jul 15 00:47:12.458781 np0000185333 devstack@neutron-api.service[101809]: INFO neutron.quota.resource_registry [None req-b7ea04d5-1342-4eca-a895-32bd5821f84c None None] Creating instance of TrackedResource for resource:security_group
Jul 15 00:47:12.458836 np0000185333 devstack@neutron-api.service[101807]: DEBUG neutron.api.extensions [None req-2a769319-1204-401d-8dc9-d0f0ec0b65d9 None None] Loading extension file: __init__.py {{(pid=101807) _load_all_extensions_from_path /opt/stack/neutron/neutron/api/extensions.py:449}}
Jul 15 00:47:12.458836 np0000185333 devstack@neutron-api.service[101807]: DEBUG neutron.api.extensions [None req-2a769319-1204-401d-8dc9-d0f0ec0b65d9 None None] Loading extension file: __pycache__ {{(pid=101807) _load_all_extensions_from_path /opt/stack/neutron/neutron/api/extensions.py:449}}
Jul 15 00:47:12.458836 np0000185333 devstack@neutron-api.service[101807]: DEBUG neutron.api.extensions [None req-2a769319-1204-401d-8dc9-d0f0ec0b65d9 None None] Loading extension file: aap_reject_multicast.py {{(pid=101807) _load_all_extensions_from_path /opt/stack/neutron/neutron/api/extensions.py:449}}
Jul 15 00:47:12.459170 np0000185333 devstack@neutron-api.service[101809]: INFO neutron.quota.resource_registry [None req-b7ea04d5-1342-4eca-a895-32bd5821f84c None None] Creating instance of TrackedResource for resource:security_group_rule
Jul 15 00:47:12.459279 np0000185333 devstack@neutron-api.service[101807]: DEBUG neutron.api.extensions [None req-2a769319-1204-401d-8dc9-d0f0ec0b65d9 None None] Ext name="Allowed address pairs reject multicast extension" alias="aap-reject-multicast" description="Reject multicast addresses in Allowed Address Pairs" updated="2026-04-01T00:00:00-00:00" {{(pid=101807) _check_extension /opt/stack/neutron/neutron/api/extensions.py:415}}
Jul 15 00:47:12.459557 np0000185333 devstack@neutron-api.service[101807]: INFO neutron.api.extensions [None req-2a769319-1204-401d-8dc9-d0f0ec0b65d9 None None] Extension aap-reject-multicast not supported by any of loaded plugins
Jul 15 00:47:12.459772 np0000185333 devstack@neutron-api.service[101809]: DEBUG neutron.api.v2.resource_helper [None req-b7ea04d5-1342-4eca-a895-32bd5821f84c None None] Service CORE assigned prefix: {{(pid=101809) build_resource_info /opt/stack/neutron/neutron/api/v2/resource_helper.py:77}}
Jul 15 00:47:12.459950 np0000185333 devstack@neutron-api.service[101807]: DEBUG neutron.api.extensions [None req-2a769319-1204-401d-8dc9-d0f0ec0b65d9 None None] Loading extension file: address_group.py {{(pid=101807) _load_all_extensions_from_path /opt/stack/neutron/neutron/api/extensions.py:449}}
Jul 15 00:47:12.460043 np0000185333 devstack@neutron-api.service[101809]: INFO neutron.quota.resource_registry [None req-b7ea04d5-1342-4eca-a895-32bd5821f84c None None] Creating instance of TrackedResource for resource:subnetpool
Jul 15 00:47:12.460043 np0000185333 devstack@neutron-api.service[101809]: WARNING neutron.quota.resource_registry [None req-b7ea04d5-1342-4eca-a895-32bd5821f84c None None] subnetpool is already registered
Jul 15 00:47:12.460201 np0000185333 devstack@neutron-api.service[101807]: DEBUG neutron.api.extensions [None req-2a769319-1204-401d-8dc9-d0f0ec0b65d9 None None] Ext name="Address group" alias="address-group" description="Support address group" updated="2020-07-15T10:00:00-00:00" {{(pid=101807) _check_extension /opt/stack/neutron/neutron/api/extensions.py:415}}
Jul 15 00:47:12.460201 np0000185333 devstack@neutron-api.service[101807]: INFO neutron.api.extensions [None req-2a769319-1204-401d-8dc9-d0f0ec0b65d9 None None] Loaded extension: address-group
Jul 15 00:47:12.460318 np0000185333 devstack@neutron-api.service[101809]: DEBUG neutron.api.v2.resource_helper [None req-b7ea04d5-1342-4eca-a895-32bd5821f84c None None] Service CORE assigned prefix: {{(pid=101809) build_resource_info /opt/stack/neutron/neutron/api/v2/resource_helper.py:77}}
Jul 15 00:47:12.460666 np0000185333 devstack@neutron-api.service[101807]: DEBUG neutron.api.extensions [None req-2a769319-1204-401d-8dc9-d0f0ec0b65d9 None None] Loading extension file: address_scope.py {{(pid=101807) _load_all_extensions_from_path /opt/stack/neutron/neutron/api/extensions.py:449}}
Jul 15 00:47:12.460891 np0000185333 devstack@neutron-api.service[101809]: INFO neutron.quota.resource_registry [None req-b7ea04d5-1342-4eca-a895-32bd5821f84c None None] Creating instance of TrackedResource for resource:subnetpool
Jul 15 00:47:12.460891 np0000185333 devstack@neutron-api.service[101809]: WARNING neutron.quota.resource_registry [None req-b7ea04d5-1342-4eca-a895-32bd5821f84c None None] subnetpool is already registered
Jul 15 00:47:12.461034 np0000185333 devstack@neutron-api.service[101807]: DEBUG neutron.api.extensions [None req-2a769319-1204-401d-8dc9-d0f0ec0b65d9 None None] Ext name="Address scope" alias="address-scope" description="Address scopes extension." updated="2015-07-26T10:00:00-00:00" {{(pid=101807) _check_extension /opt/stack/neutron/neutron/api/extensions.py:415}}
Jul 15 00:47:12.461034 np0000185333 devstack@neutron-api.service[101807]: INFO neutron.api.extensions [None req-2a769319-1204-401d-8dc9-d0f0ec0b65d9 None None] Loaded extension: address-scope
Jul 15 00:47:12.461034 np0000185333 devstack@neutron-api.service[101807]: DEBUG neutron.api.extensions [None req-2a769319-1204-401d-8dc9-d0f0ec0b65d9 None None] Loading extension file: admin_state_down_before_update.py {{(pid=101807) _load_all_extensions_from_path /opt/stack/neutron/neutron/api/extensions.py:449}}
Jul 15 00:47:12.461034 np0000185333 devstack@neutron-api.service[101807]: DEBUG neutron.api.extensions [None req-2a769319-1204-401d-8dc9-d0f0ec0b65d9 None None] Ext name="Enforce Router's Admin State Down Before Update Extension" alias="router-admin-state-down-before-update" description="Ensure that the admin state of a router is DOWN (admin_state_up=False) before updating the distributed attribute" updated="2019-07-02T15:56:00" {{(pid=101807) _check_extension /opt/stack/neutron/neutron/api/extensions.py:415}}
Jul 15 00:47:12.461034 np0000185333 devstack@neutron-api.service[101807]: INFO neutron.api.extensions [None req-2a769319-1204-401d-8dc9-d0f0ec0b65d9 None None] Extension router-admin-state-down-before-update not supported by any of loaded plugins
Jul 15 00:47:12.461236 np0000185333 devstack@neutron-api.service[101807]: DEBUG neutron.api.extensions [None req-2a769319-1204-401d-8dc9-d0f0ec0b65d9 None None] Loading extension file: agent.py {{(pid=101807) _load_all_extensions_from_path /opt/stack/neutron/neutron/api/extensions.py:449}}
Jul 15 00:47:12.461511 np0000185333 devstack@neutron-api.service[101807]: DEBUG neutron.api.extensions [None req-2a769319-1204-401d-8dc9-d0f0ec0b65d9 None None] Ext name="agent" alias="agent" description="The agent management extension." updated="2013-02-03T10:00:00-00:00" {{(pid=101807) _check_extension /opt/stack/neutron/neutron/api/extensions.py:415}}
Jul 15 00:47:12.461709 np0000185333 devstack@neutron-api.service[101807]: INFO neutron.api.extensions [None req-2a769319-1204-401d-8dc9-d0f0ec0b65d9 None None] Loaded extension: agent
Jul 15 00:47:12.461709 np0000185333 devstack@neutron-api.service[101807]: DEBUG neutron.api.extensions [None req-2a769319-1204-401d-8dc9-d0f0ec0b65d9 None None] Loading extension file: agent_resources_synced.py {{(pid=101807) _load_all_extensions_from_path /opt/stack/neutron/neutron/api/extensions.py:449}}
Jul 15 00:47:12.461957 np0000185333 devstack@neutron-api.service[101807]: DEBUG neutron.api.extensions [None req-2a769319-1204-401d-8dc9-d0f0ec0b65d9 None None] Ext name="Agent's Resource View Synced to Placement" alias="agent-resources-synced" description="Stores success/failure of last sync to Placement" updated="2018-12-19T00:00:00-00:00" {{(pid=101807) _check_extension /opt/stack/neutron/neutron/api/extensions.py:415}}
Jul 15 00:47:12.462151 np0000185333 devstack@neutron-api.service[101807]: INFO neutron.api.extensions [None req-2a769319-1204-401d-8dc9-d0f0ec0b65d9 None None] Extension agent-resources-synced not supported by any of loaded plugins
Jul 15 00:47:12.462321 np0000185333 devstack@neutron-api.service[101807]: DEBUG neutron.api.extensions [None req-2a769319-1204-401d-8dc9-d0f0ec0b65d9 None None] Loading extension file: agent_sort_key.py {{(pid=101807) _load_all_extensions_from_path /opt/stack/neutron/neutron/api/extensions.py:449}}
Jul 15 00:47:12.462511 np0000185333 devstack@neutron-api.service[101807]: DEBUG neutron.api.extensions [None req-2a769319-1204-401d-8dc9-d0f0ec0b65d9 None None] Ext name="Agents Sort Key" alias="agent_sort_key" description="Enabling the keyword sort_key for sorting in agents." updated="2013-02-03T10:00:00-00:00" {{(pid=101807) _check_extension /opt/stack/neutron/neutron/api/extensions.py:415}}
Jul 15 00:47:12.462613 np0000185333 devstack@neutron-api.service[101809]: INFO neutron.quota.resource_registry [None req-b7ea04d5-1342-4eca-a895-32bd5821f84c None None] Creating instance of CountableResource for resource:router_route
Jul 15 00:47:12.462613 np0000185333 devstack@neutron-api.service[101809]: WARNING neutron.quota.resource_registry [None req-b7ea04d5-1342-4eca-a895-32bd5821f84c None None] router_route is already registered
Jul 15 00:47:12.462839 np0000185333 devstack@neutron-api.service[101807]: INFO neutron.api.extensions [None req-2a769319-1204-401d-8dc9-d0f0ec0b65d9 None None] Extension agent_sort_key not supported by any of loaded plugins
Jul 15 00:47:12.462839 np0000185333 devstack@neutron-api.service[101807]: DEBUG neutron.api.extensions [None req-2a769319-1204-401d-8dc9-d0f0ec0b65d9 None None] Loading extension file: allowedaddresspairs.py {{(pid=101807) _load_all_extensions_from_path /opt/stack/neutron/neutron/api/extensions.py:449}}
Jul 15 00:47:12.462951 np0000185333 devstack@neutron-api.service[101809]: DEBUG neutron.api.v2.resource_helper [None req-b7ea04d5-1342-4eca-a895-32bd5821f84c None None] Service L3_ROUTER_NAT assigned prefix: {{(pid=101809) build_resource_info /opt/stack/neutron/neutron/api/v2/resource_helper.py:77}}
Jul 15 00:47:12.463153 np0000185333 devstack@neutron-api.service[101809]: DEBUG neutron.api.v2.resource_helper [None req-b7ea04d5-1342-4eca-a895-32bd5821f84c None None] Service FLAVORS assigned prefix: {{(pid=101809) build_resource_info /opt/stack/neutron/neutron/api/v2/resource_helper.py:77}}
Jul 15 00:47:12.463457 np0000185333 devstack@neutron-api.service[101807]: DEBUG neutron.api.extensions [None req-2a769319-1204-401d-8dc9-d0f0ec0b65d9 None None] Ext name="Allowed Address Pairs" alias="allowed-address-pairs" description="Provides allowed address pairs" updated="2013-07-23T10:00:00-00:00" {{(pid=101807) _check_extension /opt/stack/neutron/neutron/api/extensions.py:415}}
Jul 15 00:47:12.463638 np0000185333 devstack@neutron-api.service[101807]: INFO neutron.api.extensions [None req-2a769319-1204-401d-8dc9-d0f0ec0b65d9 None None] Loaded extension: allowed-address-pairs
Jul 15 00:47:12.463831 np0000185333 devstack@neutron-api.service[101807]: DEBUG neutron.api.extensions [None req-2a769319-1204-401d-8dc9-d0f0ec0b65d9 None None] Loading extension file: auto_allocated_topology.py {{(pid=101807) _load_all_extensions_from_path /opt/stack/neutron/neutron/api/extensions.py:449}}
Jul 15 00:47:12.463971 np0000185333 devstack@neutron-api.service[101807]: DEBUG neutron.api.extensions [None req-2a769319-1204-401d-8dc9-d0f0ec0b65d9 None None] Ext name="Auto Allocated Topology Services" alias="auto-allocated-topology" description="Auto Allocated Topology Services." updated="2016-01-01T00:00:00-00:00" {{(pid=101807) _check_extension /opt/stack/neutron/neutron/api/extensions.py:415}}
Jul 15 00:47:12.464198 np0000185333 devstack@neutron-api.service[101809]: DEBUG neutron.api.v2.resource_helper [None req-b7ea04d5-1342-4eca-a895-32bd5821f84c None None] Service L3_ROUTER_NAT assigned prefix: {{(pid=101809) build_resource_info /opt/stack/neutron/neutron/api/v2/resource_helper.py:77}}
Jul 15 00:47:12.464295 np0000185333 devstack@neutron-api.service[101807]: INFO neutron.api.extensions [None req-2a769319-1204-401d-8dc9-d0f0ec0b65d9 None None] Loaded extension: auto-allocated-topology
Jul 15 00:47:12.464295 np0000185333 devstack@neutron-api.service[101807]: DEBUG neutron.api.extensions [None req-2a769319-1204-401d-8dc9-d0f0ec0b65d9 None None] Loading extension file: availability_zone.py {{(pid=101807) _load_all_extensions_from_path /opt/stack/neutron/neutron/api/extensions.py:449}}
Jul 15 00:47:12.464495 np0000185333 devstack@neutron-api.service[101809]: DEBUG neutron.api.v2.resource_helper [None req-b7ea04d5-1342-4eca-a895-32bd5821f84c None None] Service L3_ROUTER_NAT assigned prefix: {{(pid=101809) build_resource_info /opt/stack/neutron/neutron/api/v2/resource_helper.py:77}}
Jul 15 00:47:12.464495 np0000185333 devstack@neutron-api.service[101809]: INFO neutron.quota.resource_registry [None req-b7ea04d5-1342-4eca-a895-32bd5821f84c None None] Creating instance of TrackedResource for resource:router
