2026-07-21 07:16:56.754 15 INFO neutron.plugins.ml2.drivers.ovn.mech_driver.ovsdb.maintenance [None req-a5448ed9-1bb9-490e-912b-14d83ba5e228 - - - - - -] OVN maintenance task set_network_type finished in 0.008 seconds
2026-07-21 07:16:56.755 15 INFO neutron.plugins.ml2.drivers.ovn.mech_driver.ovsdb.maintenance [None req-a5448ed9-1bb9-490e-912b-14d83ba5e228 - - - - - -] OVN maintenance task update_mac_aging_settings finished in 0.001 seconds
2026-07-21 07:16:56.759 15 INFO neutron.plugins.ml2.drivers.ovn.mech_driver.ovsdb.maintenance [None req-a5448ed9-1bb9-490e-912b-14d83ba5e228 - - - - - -] OVN maintenance task update_router_distributed_flag finished in 0.003 seconds
2026-07-21 07:16:56.759 15 INFO neutron.plugins.ml2.drivers.ovn.mech_driver.ovsdb.maintenance [None req-a5448ed9-1bb9-490e-912b-14d83ba5e228 - - - - - -] OVN maintenance task update_router_static_routes finished in 0.000 seconds
2026-07-21 07:16:56.768 15 INFO neutron.plugins.ml2.drivers.ovn.mech_driver.ovsdb.maintenance [None req-a5448ed9-1bb9-490e-912b-14d83ba5e228 - - - - - -] OVN maintenance task update_security_group_with_address_group finished in 0.009 seconds
2026-07-21 07:16:59.465 10 INFO neutron.api.wsgi [-] 10.0.0.95 "GET / HTTP/1.1" status: 200 len: 246 time: 0.0058370 /var/lib/openstack/lib/python3.12/site-packages/pycadf/identifier.py:71: UserWarning: Invalid uuid: unknown. To ensure interoperability, identifiers should be a valid uuid. warnings.warn(('Invalid uuid: %s. To ensure interoperability, '
2026-07-21 07:17:04.647 9 INFO neutron.pecan_wsgi.hooks.translation [None req-c3e232d8-c323-4527-9295-7503714cf24d 421111714185435eaf4060f37620d73d 003e7d2f16a2437f854fc9eabb6974ab - - default default] GET failed (client error): The resource could not be found.
2026-07-21 07:17:04.648 9 INFO neutron.api.wsgi [None req-c3e232d8-c323-4527-9295-7503714cf24d 421111714185435eaf4060f37620d73d 003e7d2f16a2437f854fc9eabb6974ab - - default default] 199.204.45.156,10.0.0.95 "GET /v2.0/networks/public HTTP/1.1" status: 404 len: 290 time: 0.5829575
2026-07-21 07:17:04.668 9 INFO neutron.api.wsgi [None req-2f09bb58-6b57-4901-87cc-fa3f3afaf8d5 421111714185435eaf4060f37620d73d 003e7d2f16a2437f854fc9eabb6974ab - - default default] 199.204.45.156,10.0.0.95 "GET /v2.0/networks?name=public HTTP/1.1" status: 200 len: 189 time: 0.0155940
2026-07-21 07:17:04.950 9 INFO neutron.plugins.ml2.drivers.ovn.mech_driver.ovsdb.extensions.qos [None req-aeaa1e94-2ef4-45d3-8ef6-ee61bd9bae0a 421111714185435eaf4060f37620d73d 003e7d2f16a2437f854fc9eabb6974ab - - default default] Starting OVNClientQosExtension
2026-07-21 07:17:04.950 9 INFO neutron.plugins.ml2.drivers.ovn.mech_driver.ovsdb.extensions.placement [None req-aeaa1e94-2ef4-45d3-8ef6-ee61bd9bae0a 421111714185435eaf4060f37620d73d 003e7d2f16a2437f854fc9eabb6974ab - - default default] Starting OVNClientPlacementExtension
2026-07-21 07:17:04.983 9 INFO neutron.db.ovn_revision_numbers_db [None req-aeaa1e94-2ef4-45d3-8ef6-ee61bd9bae0a 421111714185435eaf4060f37620d73d 003e7d2f16a2437f854fc9eabb6974ab - - default default] Successfully bumped revision number for resource 05cd1ac5-787b-4caf-b9cb-ea208d4a61df (type: security_groups) to 1
2026-07-21 07:17:04.997 9 INFO neutron.db.ovn_revision_numbers_db [None req-aeaa1e94-2ef4-45d3-8ef6-ee61bd9bae0a 421111714185435eaf4060f37620d73d 003e7d2f16a2437f854fc9eabb6974ab - - default default] Successfully bumped revision number for resource 323963ab-c837-4ec8-9801-f0bcbafe6d3f (type: security_group_rules) to 0
2026-07-21 07:17:05.008 9 INFO neutron.db.ovn_revision_numbers_db [None req-aeaa1e94-2ef4-45d3-8ef6-ee61bd9bae0a 421111714185435eaf4060f37620d73d 003e7d2f16a2437f854fc9eabb6974ab - - default default] Successfully bumped revision number for resource c738fde4-6677-490f-a721-a438ab85c654 (type: security_group_rules) to 0
2026-07-21 07:17:05.019 9 INFO neutron.db.ovn_revision_numbers_db [None req-aeaa1e94-2ef4-45d3-8ef6-ee61bd9bae0a 421111714185435eaf4060f37620d73d 003e7d2f16a2437f854fc9eabb6974ab - - default default] Successfully bumped revision number for resource f9a6af7c-d1dd-4c60-9977-5103d39cc79d (type: security_group_rules) to 0
2026-07-21 07:17:05.031 9 INFO neutron.db.ovn_revision_numbers_db [None req-aeaa1e94-2ef4-45d3-8ef6-ee61bd9bae0a 421111714185435eaf4060f37620d73d 003e7d2f16a2437f854fc9eabb6974ab - - default default] Successfully bumped revision number for resource ff3ea6fc-ea80-4d94-b482-20175cb13d20 (type: security_group_rules) to 0
2026-07-21 07:17:05.101 9 WARNING neutron.services.revisions.revision_plugin [None req-aeaa1e94-2ef4-45d3-8ef6-ee61bd9bae0a 421111714185435eaf4060f37620d73d 003e7d2f16a2437f854fc9eabb6974ab - - default default] Could not find related network for resource to bump revision.
2026-07-21 07:17:05.128 9 INFO neutron.db.segments_db [None req-aeaa1e94-2ef4-45d3-8ef6-ee61bd9bae0a 421111714185435eaf4060f37620d73d 003e7d2f16a2437f854fc9eabb6974ab - - default default] Added segment c0c62ac5-ee76-4486-9ea6-061b2008eeb7 of type flat for network 02c42f21-0a1a-477f-93db-4e435fc558f5
2026-07-21 07:17:05.265 9 INFO neutron.db.ovn_revision_numbers_db [None req-aeaa1e94-2ef4-45d3-8ef6-ee61bd9bae0a 421111714185435eaf4060f37620d73d 003e7d2f16a2437f854fc9eabb6974ab - - default default] Successfully bumped revision number for resource 02c42f21-0a1a-477f-93db-4e435fc558f5 (type: networks) to 1
2026-07-21 07:17:05.495 9 WARNING neutron.scheduler.dhcp_agent_scheduler [None req-aeaa1e94-2ef4-45d3-8ef6-ee61bd9bae0a 421111714185435eaf4060f37620d73d 003e7d2f16a2437f854fc9eabb6974ab - - default default] No more DHCP agents
2026-07-21 07:17:05.496 9 WARNING neutron.api.rpc.agentnotifiers.dhcp_rpc_agent_api [None req-aeaa1e94-2ef4-45d3-8ef6-ee61bd9bae0a 421111714185435eaf4060f37620d73d 003e7d2f16a2437f854fc9eabb6974ab - - default default] Unable to schedule network 02c42f21-0a1a-477f-93db-4e435fc558f5: no agents available; will retry on subsequent port and subnet creation events.
2026-07-21 07:17:05.588 9 INFO neutron.db.ovn_revision_numbers_db [None req-aeaa1e94-2ef4-45d3-8ef6-ee61bd9bae0a 421111714185435eaf4060f37620d73d 003e7d2f16a2437f854fc9eabb6974ab - - default default] Successfully bumped revision number for resource 2d733d37-eb93-4243-8fc6-fd695f4d79b0 (type: ports) to 1
2026-07-21 07:17:05.610 9 INFO neutron.api.wsgi [None req-aeaa1e94-2ef4-45d3-8ef6-ee61bd9bae0a 421111714185435eaf4060f37620d73d 003e7d2f16a2437f854fc9eabb6974ab - - default default] 199.204.45.156,10.0.0.95 "POST /v2.0/networks HTTP/1.1" status: 201 len: 886 time: 0.9352021
2026-07-21 07:17:06.540 15 WARNING neutron.plugins.ml2.drivers.ovn.mech_driver.ovsdb.ovn_db_sync [None req-edf3579f-4be9-435d-8cf3-87985c506e2f - - - - - -] New host instance found in OVN SB DB, but not in Neutron. Add its SegmentHostMapping in Neutron
2026-07-21 07:17:06.755 9 INFO neutron.pecan_wsgi.hooks.translation [None req-1f8dd7e9-4a1a-4913-a9b4-fc87dca11444 421111714185435eaf4060f37620d73d 003e7d2f16a2437f854fc9eabb6974ab - - default default] GET failed (client error): The resource could not be found.
2026-07-21 07:17:06.757 9 INFO neutron.api.wsgi [None req-1f8dd7e9-4a1a-4913-a9b4-fc87dca11444 421111714185435eaf4060f37620d73d 003e7d2f16a2437f854fc9eabb6974ab - - default default] 199.204.45.156,10.0.0.95 "GET /v2.0/networks/public HTTP/1.1" status: 404 len: 290 time: 0.0301607
2026-07-21 07:17:06.787 9 INFO neutron.api.wsgi [None req-b77af321-fb6a-4e15-8353-c8ddb433f358 421111714185435eaf4060f37620d73d 003e7d2f16a2437f854fc9eabb6974ab - - default default] 199.204.45.156,10.0.0.95 "GET /v2.0/networks?name=public HTTP/1.1" status: 200 len: 890 time: 0.0277042
2026-07-21 07:17:06.798 15 INFO neutron.plugins.ml2.drivers.ovn.mech_driver.ovsdb.extensions.qos [None req-71356851-b3e3-47f0-85ec-80688d15040d - - - - - -] Starting OVNClientQosExtension
2026-07-21 07:17:06.814 9 INFO neutron.pecan_wsgi.hooks.translation [None req-2e757c1e-6b59-4417-888b-04d44256417b 421111714185435eaf4060f37620d73d 003e7d2f16a2437f854fc9eabb6974ab - - default default] GET failed (client error): The resource could not be found.
2026-07-21 07:17:06.815 9 INFO neutron.api.wsgi [None req-2e757c1e-6b59-4417-888b-04d44256417b 421111714185435eaf4060f37620d73d 003e7d2f16a2437f854fc9eabb6974ab - - default default] 199.204.45.156,10.0.0.95 "GET /v2.0/subnets/public-subnet?network_id=02c42f21-0a1a-477f-93db-4e435fc558f5 HTTP/1.1" status: 404 len: 295 time: 0.0190775
2026-07-21 07:17:06.816 15 INFO neutron.plugins.ml2.drivers.ovn.mech_driver.ovsdb.extensions.qos [None req-71356851-b3e3-47f0-85ec-80688d15040d - - - - - -] Starting OVNClientQosExtension
2026-07-21 07:17:06.835 9 INFO neutron.api.wsgi [None req-08d70450-0a2d-49ce-a120-33517118d61f 421111714185435eaf4060f37620d73d 003e7d2f16a2437f854fc9eabb6974ab - - default default] 199.204.45.156,10.0.0.95 "GET /v2.0/subnets?name=public-subnet&network_id=02c42f21-0a1a-477f-93db-4e435fc558f5 HTTP/1.1" status: 200 len: 188 time: 0.0157862
2026-07-21 07:17:07.048 9 WARNING neutron.scheduler.dhcp_agent_scheduler [None req-4f6112c0-495c-4b3c-9b22-4c6d0f609592 421111714185435eaf4060f37620d73d 003e7d2f16a2437f854fc9eabb6974ab - - default default] No more DHCP agents
2026-07-21 07:17:07.050 9 WARNING neutron.api.rpc.agentnotifiers.dhcp_rpc_agent_api [None req-4f6112c0-495c-4b3c-9b22-4c6d0f609592 421111714185435eaf4060f37620d73d 003e7d2f16a2437f854fc9eabb6974ab - - default default] Unable to schedule network 02c42f21-0a1a-477f-93db-4e435fc558f5: no agents available; will retry on subsequent port and subnet creation events.
2026-07-21 07:17:07.480 9 INFO neutron.db.ovn_revision_numbers_db [None req-1099b574-cd09-4efa-ac12-07a0afb618a0 - - - - - -] Successfully bumped revision number for resource 2d733d37-eb93-4243-8fc6-fd695f4d79b0 (type: ports) to 2
2026-07-21 07:17:07.515 9 INFO neutron.db.ovn_revision_numbers_db [None req-1099b574-cd09-4efa-ac12-07a0afb618a0 - - - - - -] Successfully bumped revision number for resource 2d85eb1f-0550-4718-bb15-eadc33691fc8 (type: subnets) to 0
2026-07-21 07:17:07.530 9 INFO neutron.api.wsgi [None req-4f6112c0-495c-4b3c-9b22-4c6d0f609592 421111714185435eaf4060f37620d73d 003e7d2f16a2437f854fc9eabb6974ab - - default default] 199.204.45.156,10.0.0.95 "POST /v2.0/subnets HTTP/1.1" status: 201 len: 844 time: 0.6892128
2026-07-21 07:17:09.454 9 INFO neutron.api.wsgi [-] 10.0.0.95 "GET / HTTP/1.1" status: 200 len: 246 time: 0.0024652
2026-07-21 07:17:24.453 9 INFO neutron.api.wsgi [-] 10.0.0.95 "GET / HTTP/1.1" status: 200 len: 246 time: 0.0018516
2026-07-21 07:17:39.455 10 INFO neutron.api.wsgi [-] 10.0.0.95 "GET / HTTP/1.1" status: 200 len: 246 time: 0.0027914
2026-07-21 07:17:54.460 9 INFO neutron.api.wsgi [-] 10.0.0.95 "GET / HTTP/1.1" status: 200 len: 246 time: 0.0015974
2026-07-21 07:17:54.467 10 INFO neutron.api.wsgi [-] 10.0.0.95 "GET / HTTP/1.1" status: 200 len: 246 time: 0.0019469
2026-07-21 07:18:09.454 10 INFO neutron.api.wsgi [-] 10.0.0.95 "GET / HTTP/1.1" status: 200 len: 246 time: 0.0023117
2026-07-21 07:18:09.454 9 INFO neutron.api.wsgi [-] 10.0.0.95 "GET / HTTP/1.1" status: 200 len: 246 time: 0.0029137
2026-07-21 07:18:24.458 9 INFO neutron.api.wsgi [-] 10.0.0.95 "GET / HTTP/1.1" status: 200 len: 246 time: 0.0048742
2026-07-21 07:18:24.464 9 INFO neutron.api.wsgi [-] 10.0.0.95 "GET / HTTP/1.1" status: 200 len: 246 time: 0.0046520
2026-07-21 07:18:39.452 9 INFO neutron.api.wsgi [-] 10.0.0.95 "GET / HTTP/1.1" status: 200 len: 246 time: 0.0012155
2026-07-21 07:18:39.454 10 INFO neutron.api.wsgi [-] 10.0.0.95 "GET / HTTP/1.1" status: 200 len: 246 time: 0.0027807
2026-07-21 07:18:54.453 9 INFO neutron.api.wsgi [-] 10.0.0.95 "GET / HTTP/1.1" status: 200 len: 246 time: 0.0019863
2026-07-21 07:18:54.453 10 INFO neutron.api.wsgi [-] 10.0.0.95 "GET / HTTP/1.1" status: 200 len: 246 time: 0.0027268
2026-07-21 07:19:09.454 9 INFO neutron.api.wsgi [-] 10.0.0.95 "GET / HTTP/1.1" status: 200 len: 246 time: 0.0032916
2026-07-21 07:19:09.458 9 INFO neutron.api.wsgi [-] 10.0.0.95 "GET / HTTP/1.1" status: 200 len: 246 time: 0.0023885
2026-07-21 07:19:24.454 10 INFO neutron.api.wsgi [-] 10.0.0.95 "GET / HTTP/1.1" status: 200 len: 246 time: 0.0023968
2026-07-21 07:19:24.454 9 INFO neutron.api.wsgi [-] 10.0.0.95 "GET / HTTP/1.1" status: 200 len: 246 time: 0.0022216
2026-07-21 07:19:39.454 10 INFO neutron.api.wsgi [-] 10.0.0.95 "GET / HTTP/1.1" status: 200 len: 246 time: 0.0028405
2026-07-21 07:19:39.457 10 INFO neutron.api.wsgi [-] 10.0.0.95 "GET / HTTP/1.1" status: 200 len: 246 time: 0.0019996
2026-07-21 07:19:54.452 10 INFO neutron.api.wsgi [-] 10.0.0.95 "GET / HTTP/1.1" status: 200 len: 246 time: 0.0015054
2026-07-21 07:19:54.456 9 INFO neutron.api.wsgi [-] 10.0.0.95 "GET / HTTP/1.1" status: 200 len: 246 time: 0.0051455
2026-07-21 07:20:09.454 9 INFO neutron.api.wsgi [-] 10.0.0.95 "GET / HTTP/1.1" status: 200 len: 246 time: 0.0024295
2026-07-21 07:20:09.454 10 INFO neutron.api.wsgi [-] 10.0.0.95 "GET / HTTP/1.1" status: 200 len: 246 time: 0.0023286
2026-07-21 07:20:24.453 9 INFO neutron.api.wsgi [-] 10.0.0.95 "GET / HTTP/1.1" status: 200 len: 246 time: 0.0025945
2026-07-21 07:20:24.454 10 INFO neutron.api.wsgi [-] 10.0.0.95 "GET / HTTP/1.1" status: 200 len: 246 time: 0.0030854
2026-07-21 07:20:39.453 10 INFO neutron.api.wsgi [-] 10.0.0.95 "GET / HTTP/1.1" status: 200 len: 246 time: 0.0023441
2026-07-21 07:20:39.455 9 INFO neutron.api.wsgi [-] 10.0.0.95 "GET / HTTP/1.1" status: 200 len: 246 time: 0.0037088
2026-07-21 07:20:54.452 9 INFO neutron.api.wsgi [-] 10.0.0.95 "GET / HTTP/1.1" status: 200 len: 246 time: 0.0016761
2026-07-21 07:20:54.453 10 INFO neutron.api.wsgi [-] 10.0.0.95 "GET / HTTP/1.1" status: 200 len: 246 time: 0.0026653
2026-07-21 07:21:09.454 9 INFO neutron.api.wsgi [-] 10.0.0.95 "GET / HTTP/1.1" status: 200 len: 246 time: 0.0024087
2026-07-21 07:21:09.454 10 INFO neutron.api.wsgi [-] 10.0.0.95 "GET / HTTP/1.1" status: 200 len: 246 time: 0.0029008
2026-07-21 07:21:24.454 10 INFO neutron.api.wsgi [-] 10.0.0.95 "GET / HTTP/1.1" status: 200 len: 246 time: 0.0026450
2026-07-21 07:21:24.456 10 INFO neutron.api.wsgi [-] 10.0.0.95 "GET / HTTP/1.1" status: 200 len: 246 time: 0.0013776
2026-07-21 07:21:39.454 10 INFO neutron.api.wsgi [-] 10.0.0.95 "GET / HTTP/1.1" status: 200 len: 246 time: 0.0022383
2026-07-21 07:21:39.457 10 INFO neutron.api.wsgi [-] 10.0.0.95 "GET / HTTP/1.1" status: 200 len: 246 time: 0.0024405 /var/lib/openstack/lib/python3.12/site-packages/pycadf/identifier.py:71: UserWarning: Invalid uuid: unknown. To ensure interoperability, identifiers should be a valid uuid. warnings.warn(('Invalid uuid: %s. To ensure interoperability, '
2026-07-21 07:21:46.591 10 INFO neutron.pecan_wsgi.hooks.translation [None req-4ed6723f-a8d6-4ed9-b51a-1f7acaaf099c 421111714185435eaf4060f37620d73d 003e7d2f16a2437f854fc9eabb6974ab - - default default] GET failed (client error): The resource could not be found.
2026-07-21 07:21:46.593 10 INFO neutron.api.wsgi [None req-4ed6723f-a8d6-4ed9-b51a-1f7acaaf099c 421111714185435eaf4060f37620d73d 003e7d2f16a2437f854fc9eabb6974ab - - default default] 199.204.45.156,10.0.0.95 "GET /v2.0/networks/lb-mgmt-net HTTP/1.1" status: 404 len: 295 time: 0.5875270
2026-07-21 07:21:46.615 10 INFO neutron.api.wsgi [None req-a3626e21-91a0-498e-97b0-106a003519f5 421111714185435eaf4060f37620d73d 003e7d2f16a2437f854fc9eabb6974ab - - default default] 199.204.45.156,10.0.0.95 "GET /v2.0/networks?name=lb-mgmt-net HTTP/1.1" status: 200 len: 189 time: 0.0171635
2026-07-21 07:21:46.842 10 INFO neutron.db.segments_db [None req-7ade8d4a-aeb5-4018-b44b-f7d4eedbf074 421111714185435eaf4060f37620d73d 003e7d2f16a2437f854fc9eabb6974ab - - default default] Added segment 15c92193-d34c-419f-828c-5fba2357204a of type geneve for network 02fdce5b-4a96-4140-99a9-3007f21a1eac
2026-07-21 07:21:47.035 10 INFO neutron.plugins.ml2.drivers.ovn.mech_driver.ovsdb.extensions.qos [None req-7ade8d4a-aeb5-4018-b44b-f7d4eedbf074 421111714185435eaf4060f37620d73d 003e7d2f16a2437f854fc9eabb6974ab - - default default] Starting OVNClientQosExtension
2026-07-21 07:21:47.035 10 INFO neutron.plugins.ml2.drivers.ovn.mech_driver.ovsdb.extensions.placement [None req-7ade8d4a-aeb5-4018-b44b-f7d4eedbf074 421111714185435eaf4060f37620d73d 003e7d2f16a2437f854fc9eabb6974ab - - default default] Starting OVNClientPlacementExtension
2026-07-21 07:21:47.069 10 INFO neutron.db.ovn_revision_numbers_db [None req-7ade8d4a-aeb5-4018-b44b-f7d4eedbf074 421111714185435eaf4060f37620d73d 003e7d2f16a2437f854fc9eabb6974ab - - default default] Successfully bumped revision number for resource 02fdce5b-4a96-4140-99a9-3007f21a1eac (type: networks) to 1
2026-07-21 07:21:47.270 10 WARNING neutron.scheduler.dhcp_agent_scheduler [None req-7ade8d4a-aeb5-4018-b44b-f7d4eedbf074 421111714185435eaf4060f37620d73d 003e7d2f16a2437f854fc9eabb6974ab - - default default] No more DHCP agents
2026-07-21 07:21:47.271 10 WARNING neutron.api.rpc.agentnotifiers.dhcp_rpc_agent_api [None req-7ade8d4a-aeb5-4018-b44b-f7d4eedbf074 421111714185435eaf4060f37620d73d 003e7d2f16a2437f854fc9eabb6974ab - - default default] Unable to schedule network 02fdce5b-4a96-4140-99a9-3007f21a1eac: no agents available; will retry on subsequent port and subnet creation events.
2026-07-21 07:21:47.380 10 INFO neutron.db.ovn_revision_numbers_db [None req-7ade8d4a-aeb5-4018-b44b-f7d4eedbf074 421111714185435eaf4060f37620d73d 003e7d2f16a2437f854fc9eabb6974ab - - default default] Successfully bumped revision number for resource 4f450ed8-42e1-4053-b80b-2601aeadbd7d (type: ports) to 1
2026-07-21 07:21:47.403 10 INFO neutron.api.wsgi [None req-7ade8d4a-aeb5-4018-b44b-f7d4eedbf074 421111714185435eaf4060f37620d73d 003e7d2f16a2437f854fc9eabb6974ab - - default default] 199.204.45.156,10.0.0.95 "POST /v2.0/networks HTTP/1.1" status: 201 len: 890 time: 0.7842047
2026-07-21 07:21:48.359 9 INFO neutron.pecan_wsgi.hooks.translation [None req-3047368d-544a-4eb1-901d-c60e6318d447 421111714185435eaf4060f37620d73d 003e7d2f16a2437f854fc9eabb6974ab - - default default] GET failed (client error): The resource could not be found.
2026-07-21 07:21:48.360 9 INFO neutron.api.wsgi [None req-3047368d-544a-4eb1-901d-c60e6318d447 421111714185435eaf4060f37620d73d 003e7d2f16a2437f854fc9eabb6974ab - - default default] 199.204.45.156,10.0.0.95 "GET /v2.0/networks/lb-mgmt-net HTTP/1.1" status: 404 len: 295 time: 0.0604014
2026-07-21 07:21:48.388 9 INFO neutron.api.wsgi [None req-a22f0d98-8eaf-4a06-8dc0-00425c8bae28 421111714185435eaf4060f37620d73d 003e7d2f16a2437f854fc9eabb6974ab - - default default] 199.204.45.156,10.0.0.95 "GET /v2.0/networks?name=lb-mgmt-net HTTP/1.1" status: 200 len: 875 time: 0.0260198
2026-07-21 07:21:48.406 9 INFO neutron.pecan_wsgi.hooks.translation [None req-7537f116-c876-4a95-b24d-e270ea21aaae 421111714185435eaf4060f37620d73d 003e7d2f16a2437f854fc9eabb6974ab - - default default] GET failed (client error): The resource could not be found.
2026-07-21 07:21:48.408 9 INFO neutron.api.wsgi [None req-7537f116-c876-4a95-b24d-e270ea21aaae 421111714185435eaf4060f37620d73d 003e7d2f16a2437f854fc9eabb6974ab - - default default] 199.204.45.156,10.0.0.95 "GET /v2.0/subnets/lb-mgmt-subnet?network_id=02fdce5b-4a96-4140-99a9-3007f21a1eac HTTP/1.1" status: 404 len: 296 time: 0.0147190
2026-07-21 07:21:48.421 9 INFO neutron.api.wsgi [None req-8e0b5830-a524-4000-87c2-fea85b7d45bd 421111714185435eaf4060f37620d73d 003e7d2f16a2437f854fc9eabb6974ab - - default default] 199.204.45.156,10.0.0.95 "GET /v2.0/subnets?name=lb-mgmt-subnet&network_id=02fdce5b-4a96-4140-99a9-3007f21a1eac HTTP/1.1" status: 200 len: 188 time: 0.0093386
2026-07-21 07:21:48.547 9 WARNING neutron.scheduler.dhcp_agent_scheduler [None req-ae9e9aaf-8ec8-4595-9b82-a24ee22dff14 421111714185435eaf4060f37620d73d 003e7d2f16a2437f854fc9eabb6974ab - - default default] No more DHCP agents
2026-07-21 07:21:48.548 9 WARNING neutron.api.rpc.agentnotifiers.dhcp_rpc_agent_api [None req-ae9e9aaf-8ec8-4595-9b82-a24ee22dff14 421111714185435eaf4060f37620d73d 003e7d2f16a2437f854fc9eabb6974ab - - default default] Unable to schedule network 02fdce5b-4a96-4140-99a9-3007f21a1eac: no agents available; will retry on subsequent port and subnet creation events.
2026-07-21 07:21:48.933 9 INFO neutron.db.ovn_revision_numbers_db [None req-48170953-1951-487d-a83c-8f2abddd6a82 - - - - - -] Successfully bumped revision number for resource 4f450ed8-42e1-4053-b80b-2601aeadbd7d (type: ports) to 2
2026-07-21 07:21:48.973 9 INFO neutron.db.ovn_revision_numbers_db [None req-48170953-1951-487d-a83c-8f2abddd6a82 - - - - - -] Successfully bumped revision number for resource 1ab22d1d-75a6-45ae-ac02-bb6e263089dc (type: subnets) to 0
2026-07-21 07:21:48.991 9 INFO neutron.api.wsgi [None req-ae9e9aaf-8ec8-4595-9b82-a24ee22dff14 421111714185435eaf4060f37620d73d 003e7d2f16a2437f854fc9eabb6974ab - - default default] 199.204.45.156,10.0.0.95 "POST /v2.0/subnets HTTP/1.1" status: 201 len: 831 time: 0.5658085
2026-07-21 07:21:50.002 10 INFO neutron.api.v2.resource [None req-c7cff818-9b86-4690-8804-f478993891e5 421111714185435eaf4060f37620d73d 003e7d2f16a2437f854fc9eabb6974ab - - default default] show failed (client error): The resource could not be found.
2026-07-21 07:21:50.004 10 INFO neutron.api.wsgi [None req-c7cff818-9b86-4690-8804-f478993891e5 421111714185435eaf4060f37620d73d 003e7d2f16a2437f854fc9eabb6974ab - - default default] 199.204.45.156,10.0.0.95 "GET /v2.0/security-groups/lb-health-mgr-sec-grp HTTP/1.1" status: 404 len: 313 time: 0.0548847
2026-07-21 07:21:50.038 10 INFO neutron.api.wsgi [None req-58db02f1-4420-4822-91e0-983c4881b079 421111714185435eaf4060f37620d73d 003e7d2f16a2437f854fc9eabb6974ab - - default default] 199.204.45.156,10.0.0.95 "GET /v2.0/security-groups?name=lb-health-mgr-sec-grp HTTP/1.1" status: 200 len: 197 time: 0.0313625
2026-07-21 07:21:50.201 10 INFO neutron.db.ovn_revision_numbers_db [None req-7b4a5f4b-b810-4126-8836-9874c722dcfe 421111714185435eaf4060f37620d73d 003e7d2f16a2437f854fc9eabb6974ab - - default default] Successfully bumped revision number for resource 676fd009-4643-49f3-80e6-9b8172095e6b (type: security_groups) to 1
2026-07-21 07:21:50.218 10 INFO neutron.db.ovn_revision_numbers_db [None req-7b4a5f4b-b810-4126-8836-9874c722dcfe 421111714185435eaf4060f37620d73d 003e7d2f16a2437f854fc9eabb6974ab - - default default] Successfully bumped revision number for resource b980e5e8-ae9f-4d32-b57b-d8b20fc9be7a (type: security_group_rules) to 0
2026-07-21 07:21:50.241 10 INFO neutron.db.ovn_revision_numbers_db [None req-7b4a5f4b-b810-4126-8836-9874c722dcfe 421111714185435eaf4060f37620d73d 003e7d2f16a2437f854fc9eabb6974ab - - default default] Successfully bumped revision number for resource fc3def7b-37c1-4c12-af00-23848e839abc (type: security_group_rules) to 0
2026-07-21 07:21:50.275 10 INFO neutron.api.wsgi [None req-7b4a5f4b-b810-4126-8836-9874c722dcfe 421111714185435eaf4060f37620d73d 003e7d2f16a2437f854fc9eabb6974ab - - default default] 199.204.45.156,10.0.0.95 "POST /v2.0/security-groups HTTP/1.1" status: 201 len: 1797 time: 0.2313290
2026-07-21 07:21:51.285 10 INFO neutron.api.wsgi [None req-93e3f918-5a9c-4c03-8ec0-83745f134908 421111714185435eaf4060f37620d73d 003e7d2f16a2437f854fc9eabb6974ab - - default default] 199.204.45.156,10.0.0.95 "GET /v2.0/security-groups/676fd009-4643-49f3-80e6-9b8172095e6b HTTP/1.1" status: 200 len: 1792 time: 0.0451851
2026-07-21 07:21:51.314 10 INFO neutron.api.wsgi [None req-c1e1e96e-4006-48c0-983a-67b9447392cc 421111714185435eaf4060f37620d73d 003e7d2f16a2437f854fc9eabb6974ab - - default default] 199.204.45.156,10.0.0.95 "GET /v2.0/security-groups/676fd009-4643-49f3-80e6-9b8172095e6b HTTP/1.1" status: 200 len: 1792 time: 0.0216484
2026-07-21 07:21:51.342 10 INFO neutron.api.wsgi [None req-29841690-b8b1-439b-afce-8b5e93717af0 421111714185435eaf4060f37620d73d 003e7d2f16a2437f854fc9eabb6974ab - - default default] 199.204.45.156,10.0.0.95 "GET /v2.0/security-groups/676fd009-4643-49f3-80e6-9b8172095e6b HTTP/1.1" status: 200 len: 1792 time: 0.0215673
2026-07-21 07:21:51.453 10 INFO neutron.db.ovn_revision_numbers_db [None req-309d4ee2-2315-49d8-88a9-b16a864af7be 421111714185435eaf4060f37620d73d 003e7d2f16a2437f854fc9eabb6974ab - - default default] Successfully bumped revision number for resource 2153a141-dbf8-4e8f-8372-d78ac4a1bac3 (type: security_group_rules) to 0
2026-07-21 07:21:51.485 10 INFO neutron.api.wsgi [None req-309d4ee2-2315-49d8-88a9-b16a864af7be 421111714185435eaf4060f37620d73d 003e7d2f16a2437f854fc9eabb6974ab - - default default] 199.204.45.156,10.0.0.95 "POST /v2.0/security-group-rules HTTP/1.1" status: 201 len: 781 time: 0.1372607
2026-07-21 07:21:52.328 9 INFO neutron.api.wsgi [None req-e8f2b758-9255-4677-9120-a1aa55c1470a 421111714185435eaf4060f37620d73d 003e7d2f16a2437f854fc9eabb6974ab - - default default] 199.204.45.156,10.0.0.95 "GET /v2.0/security-groups/676fd009-4643-49f3-80e6-9b8172095e6b HTTP/1.1" status: 200 len: 2406 time: 0.0498068
2026-07-21 07:21:52.360 9 INFO neutron.api.wsgi [None req-773c89f8-ae11-43a4-a16f-73501e1c9aba 421111714185435eaf4060f37620d73d 003e7d2f16a2437f854fc9eabb6974ab - - default default] 199.204.45.156,10.0.0.95 "GET /v2.0/security-groups/676fd009-4643-49f3-80e6-9b8172095e6b HTTP/1.1" status: 200 len: 2406 time: 0.0244629
2026-07-21 07:21:52.389 9 INFO neutron.api.wsgi [None req-d414ff3d-e97a-4125-bc90-849d56de0203 421111714185435eaf4060f37620d73d 003e7d2f16a2437f854fc9eabb6974ab - - default default] 199.204.45.156,10.0.0.95 "GET /v2.0/security-groups/676fd009-4643-49f3-80e6-9b8172095e6b HTTP/1.1" status: 200 len: 2406 time: 0.0220003
2026-07-21 07:21:52.497 9 INFO neutron.db.ovn_revision_numbers_db [None req-72d44091-f88f-4819-b7a7-f83c64d0bd57 421111714185435eaf4060f37620d73d 003e7d2f16a2437f854fc9eabb6974ab - - default default] Successfully bumped revision number for resource 783c91fa-ac4e-4ca7-a89e-57e78a576701 (type: security_group_rules) to 0
2026-07-21 07:21:52.530 9 INFO neutron.api.wsgi [None req-72d44091-f88f-4819-b7a7-f83c64d0bd57 421111714185435eaf4060f37620d73d 003e7d2f16a2437f854fc9eabb6974ab - - default default] 199.204.45.156,10.0.0.95 "POST /v2.0/security-group-rules HTTP/1.1" status: 201 len: 783 time: 0.1367927
2026-07-21 07:21:53.373 9 INFO neutron.api.wsgi [None req-8796c937-4021-4174-8725-ac78dc252971 421111714185435eaf4060f37620d73d 003e7d2f16a2437f854fc9eabb6974ab - - default default] 199.204.45.156,10.0.0.95 "GET /v2.0/security-groups/676fd009-4643-49f3-80e6-9b8172095e6b HTTP/1.1" status: 200 len: 3022 time: 0.0547533
2026-07-21 07:21:53.403 9 INFO neutron.api.wsgi [None req-fa1ace71-35cc-4866-8d79-cbdb1287f9f7 421111714185435eaf4060f37620d73d 003e7d2f16a2437f854fc9eabb6974ab - - default default] 199.204.45.156,10.0.0.95 "GET /v2.0/security-groups/676fd009-4643-49f3-80e6-9b8172095e6b HTTP/1.1" status: 200 len: 3022 time: 0.0241938
2026-07-21 07:21:53.435 9 INFO neutron.api.wsgi [None req-1a0aeea8-9edc-48b8-a4ba-3b5d277720a0 421111714185435eaf4060f37620d73d 003e7d2f16a2437f854fc9eabb6974ab - - default default] 199.204.45.156,10.0.0.95 "GET /v2.0/security-groups/676fd009-4643-49f3-80e6-9b8172095e6b HTTP/1.1" status: 200 len: 3022 time: 0.0243948
2026-07-21 07:21:53.550 9 INFO neutron.db.ovn_revision_numbers_db [None req-9221af1b-2227-4331-b45f-db9df3d28b98 421111714185435eaf4060f37620d73d 003e7d2f16a2437f854fc9eabb6974ab - - default default] Successfully bumped revision number for resource d18999e5-83cf-4538-b931-c18c8ff811cc (type: security_group_rules) to 0
2026-07-21 07:21:53.586 9 INFO neutron.api.wsgi [None req-9221af1b-2227-4331-b45f-db9df3d28b98 421111714185435eaf4060f37620d73d 003e7d2f16a2437f854fc9eabb6974ab - - default default] 199.204.45.156,10.0.0.95 "POST /v2.0/security-group-rules HTTP/1.1" status: 201 len: 783 time: 0.1448348
2026-07-21 07:21:54.453 10 INFO neutron.api.wsgi [-] 10.0.0.95 "GET / HTTP/1.1" status: 200 len: 246 time: 0.0017998
2026-07-21 07:21:54.456 10 INFO neutron.api.wsgi [-] 10.0.0.95 "GET / HTTP/1.1" status: 200 len: 246 time: 0.0021276
2026-07-21 07:21:54.502 9 INFO neutron.api.wsgi [None req-928be956-da89-4a48-8c86-5876af7a5a8a 421111714185435eaf4060f37620d73d 003e7d2f16a2437f854fc9eabb6974ab - - default default] 199.204.45.156,10.0.0.95 "GET /v2.0/security-groups/676fd009-4643-49f3-80e6-9b8172095e6b HTTP/1.1" status: 200 len: 3638 time: 0.0529468
2026-07-21 07:21:54.531 9 INFO neutron.api.wsgi [None req-a07f6659-69f9-44f8-93ef-b7076400c98b 421111714185435eaf4060f37620d73d 003e7d2f16a2437f854fc9eabb6974ab - - default default] 199.204.45.156,10.0.0.95 "GET /v2.0/security-groups/676fd009-4643-49f3-80e6-9b8172095e6b HTTP/1.1" status: 200 len: 3638 time: 0.0235231
2026-07-21 07:21:54.558 9 INFO neutron.api.wsgi [None req-f1869b5e-036b-4b56-9cb8-912eecd85e22 421111714185435eaf4060f37620d73d 003e7d2f16a2437f854fc9eabb6974ab - - default default] 199.204.45.156,10.0.0.95 "GET /v2.0/security-groups/676fd009-4643-49f3-80e6-9b8172095e6b HTTP/1.1" status: 200 len: 3638 time: 0.0204370
2026-07-21 07:21:54.675 9 INFO neutron.db.ovn_revision_numbers_db [None req-65fee452-02de-4d14-948b-023c4151a069 421111714185435eaf4060f37620d73d 003e7d2f16a2437f854fc9eabb6974ab - - default default] Successfully bumped revision number for resource be369734-2297-435f-b4b5-1f4a556f8579 (type: security_group_rules) to 0
2026-07-21 07:21:54.703 9 INFO neutron.api.wsgi [None req-65fee452-02de-4d14-948b-023c4151a069 421111714185435eaf4060f37620d73d 003e7d2f16a2437f854fc9eabb6974ab - - default default] 199.204.45.156,10.0.0.95 "POST /v2.0/security-group-rules HTTP/1.1" status: 201 len: 783 time: 0.1378646
2026-07-21 07:21:55.585 10 INFO neutron.api.wsgi [None req-7e76923d-92ca-40c3-ba1c-87715d39940c 421111714185435eaf4060f37620d73d 003e7d2f16a2437f854fc9eabb6974ab - - default default] 199.204.45.156,10.0.0.95 "GET /v2.0/security-groups/676fd009-4643-49f3-80e6-9b8172095e6b HTTP/1.1" status: 200 len: 4254 time: 0.0537732
2026-07-21 07:21:55.623 10 INFO neutron.api.wsgi [None req-f87d9fb5-cec0-4514-9f0a-83adcad85c19 421111714185435eaf4060f37620d73d 003e7d2f16a2437f854fc9eabb6974ab - - default default] 199.204.45.156,10.0.0.95 "GET /v2.0/security-groups/676fd009-4643-49f3-80e6-9b8172095e6b HTTP/1.1" status: 200 len: 4254 time: 0.0305345
2026-07-21 07:21:55.659 10 INFO neutron.api.wsgi [None req-5175aa71-9ecf-4540-ab03-aaeec72e160b 421111714185435eaf4060f37620d73d 003e7d2f16a2437f854fc9eabb6974ab - - default default] 199.204.45.156,10.0.0.95 "GET /v2.0/security-groups/676fd009-4643-49f3-80e6-9b8172095e6b HTTP/1.1" status: 200 len: 4254 time: 0.0310059
2026-07-21 07:21:55.781 10 INFO neutron.db.ovn_revision_numbers_db [None req-61c5ffb4-9c24-4185-9182-5761f62149bb 421111714185435eaf4060f37620d73d 003e7d2f16a2437f854fc9eabb6974ab - - default default] Successfully bumped revision number for resource fb44e37b-2a37-4919-b4ba-b961b436a13b (type: security_group_rules) to 0
2026-07-21 07:21:55.807 10 INFO neutron.api.wsgi [None req-61c5ffb4-9c24-4185-9182-5761f62149bb 421111714185435eaf4060f37620d73d 003e7d2f16a2437f854fc9eabb6974ab - - default default] 199.204.45.156,10.0.0.95 "POST /v2.0/security-group-rules HTTP/1.1" status: 201 len: 783 time: 0.1407409
2026-07-21 07:21:56.734 15 INFO neutron.db.ovn_revision_numbers_db [None req-a5448ed9-1bb9-490e-912b-14d83ba5e228 - - - - - -] Successfully bumped revision number for resource 02c42f21-0a1a-477f-93db-4e435fc558f5 (type: networks) to 2
2026-07-21 07:21:56.734 15 INFO neutron.plugins.ml2.drivers.ovn.mech_driver.ovsdb.maintenance [None req-a5448ed9-1bb9-490e-912b-14d83ba5e228 - - - - - -] OVN maintenance task check_for_inconsistencies finished in 0.104 seconds
2026-07-21 07:21:56.916 10 INFO neutron.api.wsgi [None req-cea6a278-9548-4f7d-b6a1-7dec89df3cf4 421111714185435eaf4060f37620d73d 003e7d2f16a2437f854fc9eabb6974ab - - default default] 199.204.45.156,10.0.0.95 "GET /v2.0/networks/02fdce5b-4a96-4140-99a9-3007f21a1eac HTTP/1.1" status: 200 len: 910 time: 0.0960705
2026-07-21 07:21:56.946 10 INFO neutron.pecan_wsgi.hooks.translation [None req-e7080130-f5e2-44f3-84d7-9fc552c849fd 421111714185435eaf4060f37620d73d 003e7d2f16a2437f854fc9eabb6974ab - - default default] GET failed (client error): The resource could not be found.
2026-07-21 07:21:56.948 10 INFO neutron.api.wsgi [None req-e7080130-f5e2-44f3-84d7-9fc552c849fd 421111714185435eaf4060f37620d73d 003e7d2f16a2437f854fc9eabb6974ab - - default default] 199.204.45.156,10.0.0.95 "GET /v2.0/ports/octavia-health-manager-port-instance?network_id=02fdce5b-4a96-4140-99a9-3007f21a1eac HTTP/1.1" status: 404 len: 314 time: 0.0262096
2026-07-21 07:21:57.001 10 INFO neutron.api.wsgi [None req-1929cc38-4efa-473e-ba69-008f75502147 421111714185435eaf4060f37620d73d 003e7d2f16a2437f854fc9eabb6974ab - - default default] 199.204.45.156,10.0.0.95 "GET /v2.0/ports?name=octavia-health-manager-port-instance&network_id=02fdce5b-4a96-4140-99a9-3007f21a1eac HTTP/1.1" status: 200 len: 186 time: 0.0510981
2026-07-21 07:21:57.039 10 INFO neutron.api.wsgi [None req-4e0318d1-5b84-4d30-bd17-0f4d0a1aff26 421111714185435eaf4060f37620d73d 003e7d2f16a2437f854fc9eabb6974ab - - default default] 199.204.45.156,10.0.0.95 "GET /v2.0/security-groups/676fd009-4643-49f3-80e6-9b8172095e6b HTTP/1.1" status: 200 len: 4870 time: 0.0334897
2026-07-21 07:21:57.330 10 WARNING neutron.scheduler.dhcp_agent_scheduler [None req-05d7857e-e16c-432a-a38f-bc2dca35a765 421111714185435eaf4060f37620d73d 003e7d2f16a2437f854fc9eabb6974ab - - default default] No more DHCP agents
2026-07-21 07:21:57.331 10 WARNING neutron.api.rpc.agentnotifiers.dhcp_rpc_agent_api [None req-05d7857e-e16c-432a-a38f-bc2dca35a765 421111714185435eaf4060f37620d73d 003e7d2f16a2437f854fc9eabb6974ab - - default default] Unable to schedule network 02fdce5b-4a96-4140-99a9-3007f21a1eac: no agents available; will retry on subsequent port and subnet creation events.
2026-07-21 07:21:57.443 10 INFO neutron.db.ovn_revision_numbers_db [None req-05d7857e-e16c-432a-a38f-bc2dca35a765 421111714185435eaf4060f37620d73d 003e7d2f16a2437f854fc9eabb6974ab - - default default] Successfully bumped revision number for resource ea9d6fb7-4968-4e2c-85a7-22295e8aadf0 (type: ports) to 1
2026-07-21 07:21:57.465 10 INFO neutron.api.wsgi [None req-05d7857e-e16c-432a-a38f-bc2dca35a765 421111714185435eaf4060f37620d73d 003e7d2f16a2437f854fc9eabb6974ab - - default default] 199.204.45.156,10.0.0.95 "POST /v2.0/ports HTTP/1.1" status: 201 len: 1281 time: 0.4159555 /var/lib/openstack/lib/python3.12/site-packages/pycadf/identifier.py:71: UserWarning: Invalid uuid: unknown. To ensure interoperability, identifiers should be a valid uuid. warnings.warn(('Invalid uuid: %s. To ensure interoperability, '
2026-07-21 07:22:03.105 10 INFO neutron.pecan_wsgi.hooks.translation [None req-b139104d-7d45-4cba-874c-1597306b8c2e 421111714185435eaf4060f37620d73d 003e7d2f16a2437f854fc9eabb6974ab - - default default] GET failed (client error): The resource could not be found.
2026-07-21 07:22:03.106 10 INFO neutron.api.wsgi [None req-b139104d-7d45-4cba-874c-1597306b8c2e 421111714185435eaf4060f37620d73d 003e7d2f16a2437f854fc9eabb6974ab - - default default] 199.204.45.156,10.0.0.95 "GET /v2.0/ports/octavia-health-manager-port-instance HTTP/1.1" status: 404 len: 314 time: 0.0446775
2026-07-21 07:22:03.159 10 INFO neutron.api.wsgi [None req-4ea22518-d065-4faf-b9a2-fa0fd6e35b8d 421111714185435eaf4060f37620d73d 003e7d2f16a2437f854fc9eabb6974ab - - default default] 199.204.45.156,10.0.0.95 "GET /v2.0/ports?name=octavia-health-manager-port-instance HTTP/1.1" status: 200 len: 1279 time: 0.0499754
2026-07-21 07:22:03.595 10 INFO neutron.db.ovn_revision_numbers_db [None req-e08535b8-6012-42c2-b313-26e1d7f072d4 421111714185435eaf4060f37620d73d 003e7d2f16a2437f854fc9eabb6974ab - - default default] Successfully bumped revision number for resource ea9d6fb7-4968-4e2c-85a7-22295e8aadf0 (type: ports) to 1
2026-07-21 07:22:03.796 10 INFO neutron.db.ovn_revision_numbers_db [None req-e08535b8-6012-42c2-b313-26e1d7f072d4 421111714185435eaf4060f37620d73d 003e7d2f16a2437f854fc9eabb6974ab - - default default] Successfully bumped revision number for resource ea9d6fb7-4968-4e2c-85a7-22295e8aadf0 (type: ports) to 4
2026-07-21 07:22:03.813 10 INFO neutron.api.wsgi [None req-e08535b8-6012-42c2-b313-26e1d7f072d4 421111714185435eaf4060f37620d73d 003e7d2f16a2437f854fc9eabb6974ab - - default default] 199.204.45.156,10.0.0.95 "PUT /v2.0/ports/ea9d6fb7-4968-4e2c-85a7-22295e8aadf0 HTTP/1.1" status: 200 len: 1394 time: 0.6457863
2026-07-21 07:22:05.316 9 INFO neutron.api.wsgi [None req-1e4f2145-2ce5-44c4-a914-d913e991fd10 421111714185435eaf4060f37620d73d 003e7d2f16a2437f854fc9eabb6974ab - - default default] 199.204.45.156,10.0.0.95 "GET /v2.0/ports HTTP/1.1" status: 200 len: 3511 time: 0.0880921 /var/lib/openstack/lib/python3.12/site-packages/pycadf/identifier.py:71: UserWarning: Invalid uuid: unknown. To ensure interoperability, identifiers should be a valid uuid. warnings.warn(('Invalid uuid: %s. To ensure interoperability, '
2026-07-21 07:22:06.272 10 INFO neutron.api.v2.resource [None req-6cb79876-a5a2-45c1-953f-75a6294eee7f 421111714185435eaf4060f37620d73d 003e7d2f16a2437f854fc9eabb6974ab - - default default] show failed (client error): The resource could not be found.
2026-07-21 07:22:06.273 10 INFO neutron.api.wsgi [None req-6cb79876-a5a2-45c1-953f-75a6294eee7f 421111714185435eaf4060f37620d73d 003e7d2f16a2437f854fc9eabb6974ab - - default default] 199.204.45.156,10.0.0.95 "GET /v2.0/security-groups/lb-mgmt-sec-grp HTTP/1.1" status: 404 len: 307 time: 0.0349042
2026-07-21 07:22:06.299 10 INFO neutron.api.wsgi [None req-f6a58ccf-cd75-4f73-a3e8-57dd3bc25ef9 421111714185435eaf4060f37620d73d 003e7d2f16a2437f854fc9eabb6974ab - - default default] 199.204.45.156,10.0.0.95 "GET /v2.0/security-groups?name=lb-mgmt-sec-grp HTTP/1.1" status: 200 len: 197 time: 0.0226924
2026-07-21 07:22:06.408 10 INFO neutron.db.ovn_revision_numbers_db [None req-283a9409-cf3a-4b3b-b20a-3aeef98ef7b7 421111714185435eaf4060f37620d73d 003e7d2f16a2437f854fc9eabb6974ab - - default default] Successfully bumped revision number for resource 10059294-a1a9-4883-9689-edb63fad1e08 (type: security_groups) to 1
2026-07-21 07:22:06.418 10 INFO neutron.db.ovn_revision_numbers_db [None req-283a9409-cf3a-4b3b-b20a-3aeef98ef7b7 421111714185435eaf4060f37620d73d 003e7d2f16a2437f854fc9eabb6974ab - - default default] Successfully bumped revision number for resource b8bb903b-e4cb-4b81-af2b-a8b94d647313 (type: security_group_rules) to 0
2026-07-21 07:22:06.431 10 INFO neutron.db.ovn_revision_numbers_db [None req-283a9409-cf3a-4b3b-b20a-3aeef98ef7b7 421111714185435eaf4060f37620d73d 003e7d2f16a2437f854fc9eabb6974ab - - default default] Successfully bumped revision number for resource bfb781c1-2b49-48a7-98c7-7848223e6966 (type: security_group_rules) to 0
2026-07-21 07:22:06.462 10 INFO neutron.api.wsgi [None req-283a9409-cf3a-4b3b-b20a-3aeef98ef7b7 421111714185435eaf4060f37620d73d 003e7d2f16a2437f854fc9eabb6974ab - - default default] 199.204.45.156,10.0.0.95 "POST /v2.0/security-groups HTTP/1.1" status: 201 len: 1791 time: 0.1571300
2026-07-21 07:22:07.356 9 INFO neutron.api.wsgi [None req-9a3e2a1b-4888-4494-a2b6-57c94214e9e8 421111714185435eaf4060f37620d73d 003e7d2f16a2437f854fc9eabb6974ab - - default default] 199.204.45.156,10.0.0.95 "GET /v2.0/security-groups/10059294-a1a9-4883-9689-edb63fad1e08 HTTP/1.1" status: 200 len: 1786 time: 0.0428658
2026-07-21 07:22:07.380 9 INFO neutron.api.wsgi [None req-85c29520-6a41-4078-9c37-a56fbb473027 421111714185435eaf4060f37620d73d 003e7d2f16a2437f854fc9eabb6974ab - - default default] 199.204.45.156,10.0.0.95 "GET /v2.0/security-groups/10059294-a1a9-4883-9689-edb63fad1e08 HTTP/1.1" status: 200 len: 1786 time: 0.0186715
2026-07-21 07:22:07.408 9 INFO neutron.api.wsgi [None req-67ea64c3-bb83-4c53-8761-b1844f325882 421111714185435eaf4060f37620d73d 003e7d2f16a2437f854fc9eabb6974ab - - default default] 199.204.45.156,10.0.0.95 "GET /v2.0/security-groups/10059294-a1a9-4883-9689-edb63fad1e08 HTTP/1.1" status: 200 len: 1786 time: 0.0195813
2026-07-21 07:22:07.521 9 INFO neutron.db.ovn_revision_numbers_db [None req-d3bf5fe9-38bb-44f0-9d6a-6fb468238f08 421111714185435eaf4060f37620d73d 003e7d2f16a2437f854fc9eabb6974ab - - default default] Successfully bumped revision number for resource 08b306ac-835f-4c00-9dda-ca5edb00f469 (type: security_group_rules) to 0
2026-07-21 07:22:07.547 9 INFO neutron.api.wsgi [None req-d3bf5fe9-38bb-44f0-9d6a-6fb468238f08 421111714185435eaf4060f37620d73d 003e7d2f16a2437f854fc9eabb6974ab - - default default] 199.204.45.156,10.0.0.95 "POST /v2.0/security-group-rules HTTP/1.1" status: 201 len: 803 time: 0.1313300
2026-07-21 07:22:08.463 10 INFO neutron.api.wsgi [None req-0dff3f39-7155-4a9c-a4be-b21f639d935f 421111714185435eaf4060f37620d73d 003e7d2f16a2437f854fc9eabb6974ab - - default default] 199.204.45.156,10.0.0.95 "GET /v2.0/security-groups/10059294-a1a9-4883-9689-edb63fad1e08 HTTP/1.1" status: 200 len: 2422 time: 0.0500886
2026-07-21 07:22:08.491 10 INFO neutron.api.wsgi [None req-741e31da-4734-4941-b7c4-e25a7420c468 421111714185435eaf4060f37620d73d 003e7d2f16a2437f854fc9eabb6974ab - - default default] 199.204.45.156,10.0.0.95 "GET /v2.0/security-groups/10059294-a1a9-4883-9689-edb63fad1e08 HTTP/1.1" status: 200 len: 2422 time: 0.0206244
2026-07-21 07:22:08.515 10 INFO neutron.api.wsgi [None req-d3c1ac28-d231-49ef-8169-6eabe0823e1a 421111714185435eaf4060f37620d73d 003e7d2f16a2437f854fc9eabb6974ab - - default default] 199.204.45.156,10.0.0.95 "GET /v2.0/security-groups/10059294-a1a9-4883-9689-edb63fad1e08 HTTP/1.1" status: 200 len: 2422 time: 0.0188580
2026-07-21 07:22:08.621 10 INFO neutron.db.ovn_revision_numbers_db [None req-b398fe96-b8fa-4331-a912-d5666578422a 421111714185435eaf4060f37620d73d 003e7d2f16a2437f854fc9eabb6974ab - - default default] Successfully bumped revision number for resource 5bba60dc-49ca-417f-8e3f-c1b226734b95 (type: security_group_rules) to 0
2026-07-21 07:22:08.645 10 INFO neutron.api.wsgi [None req-b398fe96-b8fa-4331-a912-d5666578422a 421111714185435eaf4060f37620d73d 003e7d2f16a2437f854fc9eabb6974ab - - default default] 199.204.45.156,10.0.0.95 "POST /v2.0/security-group-rules HTTP/1.1" status: 201 len: 807 time: 0.1240439
2026-07-21 07:22:09.453 9 INFO neutron.api.wsgi [-] 10.0.0.95 "GET / HTTP/1.1" status: 200 len: 246 time: 0.0016265
2026-07-21 07:22:09.454 10 INFO neutron.api.wsgi [-] 10.0.0.95 "GET / HTTP/1.1" status: 200 len: 246 time: 0.0025694
2026-07-21 07:22:24.453 9 INFO neutron.api.wsgi [-] 10.0.0.95 "GET / HTTP/1.1" status: 200 len: 246 time: 0.0022738
2026-07-21 07:22:24.454 10 INFO neutron.api.wsgi [-] 10.0.0.95 "GET / HTTP/1.1" status: 200 len: 246 time: 0.0030408
2026-07-21 07:22:39.455 9 INFO neutron.api.wsgi [-] 10.0.0.95 "GET / HTTP/1.1" status: 200 len: 246 time: 0.0034328
2026-07-21 07:22:39.455 10 INFO neutron.api.wsgi [-] 10.0.0.95 "GET / HTTP/1.1" status: 200 len: 246 time: 0.0041749
2026-07-21 07:22:54.454 9 INFO neutron.api.wsgi [-] 10.0.0.95 "GET / HTTP/1.1" status: 200 len: 246 time: 0.0023382
2026-07-21 07:22:54.457 9 INFO neutron.api.wsgi [-] 10.0.0.95 "GET / HTTP/1.1" status: 200 len: 246 time: 0.0020010
2026-07-21 07:23:08.160 10 INFO neutron.api.wsgi [None req-b4f9c965-d53e-45cb-aad4-243ad8677098 421111714185435eaf4060f37620d73d 003e7d2f16a2437f854fc9eabb6974ab - - default default] 199.204.45.156,10.0.0.95 "GET /v2.0/quotas/003e7d2f16a2437f854fc9eabb6974ab HTTP/1.1" status: 200 len: 467 time: 0.0117564 /var/lib/openstack/lib/python3.12/site-packages/neutron/extensions/quotasv2.py:139: UserWarning: Neutron quota engine will require "--force" parameter to set a quota limit without checking the resource usage. warnings.warn('Neutron quota engine will require "--force" '
2026-07-21 07:23:08.480 10 INFO neutron.api.wsgi [None req-3fd848dc-46ad-49ae-98f8-602cb3b72c39 421111714185435eaf4060f37620d73d 003e7d2f16a2437f854fc9eabb6974ab - - default default] 199.204.45.156,10.0.0.95 "PUT /v2.0/quotas/003e7d2f16a2437f854fc9eabb6974ab HTTP/1.1" status: 200 len: 466 time: 0.0259428
2026-07-21 07:23:09.454 9 INFO neutron.api.wsgi [-] 10.0.0.95 "GET / HTTP/1.1" status: 200 len: 246 time: 0.0024257
2026-07-21 07:23:09.455 10 INFO neutron.api.wsgi [-] 10.0.0.95 "GET / HTTP/1.1" status: 200 len: 246 time: 0.0034544
2026-07-21 07:23:24.453 10 INFO neutron.api.wsgi [-] 10.0.0.95 "GET / HTTP/1.1" status: 200 len: 246 time: 0.0020521
2026-07-21 07:23:24.458 9 INFO neutron.api.wsgi [-] 10.0.0.95 "GET / HTTP/1.1" status: 200 len: 246 time: 0.0068333
2026-07-21 07:23:39.454 10 INFO neutron.api.wsgi [-] 10.0.0.95 "GET / HTTP/1.1" status: 200 len: 246 time: 0.0022936
2026-07-21 07:23:39.456 10 INFO neutron.api.wsgi [-] 10.0.0.95 "GET / HTTP/1.1" status: 200 len: 246 time: 0.0012252
2026-07-21 07:23:54.455 10 INFO neutron.api.wsgi [-] 10.0.0.95 "GET / HTTP/1.1" status: 200 len: 246 time: 0.0030556
2026-07-21 07:23:54.458 10 INFO neutron.api.wsgi [-] 10.0.0.95 "GET / HTTP/1.1" status: 200 len: 246 time: 0.0021832
2026-07-21 07:24:09.454 9 INFO neutron.api.wsgi [-] 10.0.0.95 "GET / HTTP/1.1" status: 200 len: 246 time: 0.0023260
2026-07-21 07:24:09.457 9 INFO neutron.api.wsgi [-] 10.0.0.95 "GET / HTTP/1.1" status: 200 len: 246 time: 0.0021231
2026-07-21 07:24:24.453 9 INFO neutron.api.wsgi [-] 10.0.0.95 "GET / HTTP/1.1" status: 200 len: 246 time: 0.0018935
2026-07-21 07:24:24.455 9 INFO neutron.api.wsgi [-] 10.0.0.95 "GET / HTTP/1.1" status: 200 len: 246 time: 0.0013890
2026-07-21 07:24:39.453 9 INFO neutron.api.wsgi [-] 10.0.0.95 "GET / HTTP/1.1" status: 200 len: 246 time: 0.0016341
2026-07-21 07:24:39.453 10 INFO neutron.api.wsgi [-] 10.0.0.95 "GET / HTTP/1.1" status: 200 len: 246 time: 0.0018127
2026-07-21 07:24:54.454 9 INFO neutron.api.wsgi [-] 10.0.0.95 "GET / HTTP/1.1" status: 200 len: 246 time: 0.0030057
2026-07-21 07:24:54.454 10 INFO neutron.api.wsgi [-] 10.0.0.95 "GET / HTTP/1.1" status: 200 len: 246 time: 0.0034153
2026-07-21 07:25:09.454 9 INFO neutron.api.wsgi [-] 10.0.0.95 "GET / HTTP/1.1" status: 200 len: 246 time: 0.0026300
2026-07-21 07:25:09.458 9 INFO neutron.api.wsgi [-] 10.0.0.95 "GET / HTTP/1.1" status: 200 len: 246 time: 0.0026767
2026-07-21 07:25:24.453 9 INFO neutron.api.wsgi [-] 10.0.0.95 "GET / HTTP/1.1" status: 200 len: 246 time: 0.0021582
2026-07-21 07:25:24.456 9 INFO neutron.api.wsgi [-] 10.0.0.95 "GET / HTTP/1.1" status: 200 len: 246 time: 0.0010059
2026-07-21 07:25:39.453 10 INFO neutron.api.wsgi [-] 10.0.0.95 "GET / HTTP/1.1" status: 200 len: 246 time: 0.0015764
2026-07-21 07:25:39.454 9 INFO neutron.api.wsgi [-] 10.0.0.95 "GET / HTTP/1.1" status: 200 len: 246 time: 0.0028682
2026-07-21 07:25:54.453 9 INFO neutron.api.wsgi [-] 10.0.0.95 "GET / HTTP/1.1" status: 200 len: 246 time: 0.0017018
2026-07-21 07:25:54.454 10 INFO neutron.api.wsgi [-] 10.0.0.95 "GET / HTTP/1.1" status: 200 len: 246 time: 0.0019901
2026-07-21 07:26:09.453 10 INFO neutron.api.wsgi [-] 10.0.0.95 "GET / HTTP/1.1" status: 200 len: 246 time: 0.0015674
2026-07-21 07:26:09.455 10 INFO neutron.api.wsgi [-] 10.0.0.95 "GET / HTTP/1.1" status: 200 len: 246 time: 0.0011680
2026-07-21 07:26:24.453 9 INFO neutron.api.wsgi [-] 10.0.0.95 "GET / HTTP/1.1" status: 200 len: 246 time: 0.0015564
2026-07-21 07:26:24.455 10 INFO neutron.api.wsgi [-] 10.0.0.95 "GET / HTTP/1.1" status: 200 len: 246 time: 0.0033531
2026-07-21 07:26:39.453 9 INFO neutron.api.wsgi [-] 10.0.0.95 "GET / HTTP/1.1" status: 200 len: 246 time: 0.0018930
2026-07-21 07:26:39.454 10 INFO neutron.api.wsgi [-] 10.0.0.95 "GET / HTTP/1.1" status: 200 len: 246 time: 0.0022216
2026-07-21 07:26:54.454 9 INFO neutron.api.wsgi [-] 10.0.0.95 "GET / HTTP/1.1" status: 200 len: 246 time: 0.0022883
2026-07-21 07:26:54.456 9 INFO neutron.api.wsgi [-] 10.0.0.95 "GET / HTTP/1.1" status: 200 len: 246 time: 0.0014265
2026-07-21 07:26:56.760 15 INFO neutron.db.ovn_revision_numbers_db [None req-a5448ed9-1bb9-490e-912b-14d83ba5e228 - - - - - -] Successfully bumped revision number for resource 02fdce5b-4a96-4140-99a9-3007f21a1eac (type: networks) to 2
2026-07-21 07:26:56.813 15 INFO neutron.db.ovn_revision_numbers_db [None req-a5448ed9-1bb9-490e-912b-14d83ba5e228 - - - - - -] Successfully bumped revision number for resource 676fd009-4643-49f3-80e6-9b8172095e6b (type: security_groups) to 6
2026-07-21 07:26:56.864 15 INFO neutron.db.ovn_revision_numbers_db [None req-a5448ed9-1bb9-490e-912b-14d83ba5e228 - - - - - -] Successfully bumped revision number for resource 10059294-a1a9-4883-9689-edb63fad1e08 (type: security_groups) to 3
2026-07-21 07:26:56.865 15 INFO neutron.plugins.ml2.drivers.ovn.mech_driver.ovsdb.maintenance [None req-a5448ed9-1bb9-490e-912b-14d83ba5e228 - - - - - -] OVN maintenance task check_for_inconsistencies finished in 0.212 seconds
2026-07-21 07:27:09.455 9 INFO neutron.api.wsgi [-] 10.0.0.95 "GET / HTTP/1.1" status: 200 len: 246 time: 0.0035858
2026-07-21 07:27:09.457 10 INFO neutron.api.wsgi [-] 10.0.0.95 "GET / HTTP/1.1" status: 200 len: 246 time: 0.0060284
2026-07-21 07:27:24.454 9 INFO neutron.api.wsgi [-] 10.0.0.95 "GET / HTTP/1.1" status: 200 len: 246 time: 0.0029495
2026-07-21 07:27:24.455 10 INFO neutron.api.wsgi [-] 10.0.0.95 "GET / HTTP/1.1" status: 200 len: 246 time: 0.0039487
2026-07-21 07:27:39.454 9 INFO neutron.api.wsgi [-] 10.0.0.95 "GET / HTTP/1.1" status: 200 len: 246 time: 0.0024991
2026-07-21 07:27:39.454 10 INFO neutron.api.wsgi [-] 10.0.0.95 "GET / HTTP/1.1" status: 200 len: 246 time: 0.0027757
2026-07-21 07:27:54.453 9 INFO neutron.api.wsgi [-] 10.0.0.95 "GET / HTTP/1.1" status: 200 len: 246 time: 0.0014913
2026-07-21 07:27:54.454 10 INFO neutron.api.wsgi [-] 10.0.0.95 "GET / HTTP/1.1" status: 200 len: 246 time: 0.0025382
2026-07-21 07:28:09.454 10 INFO neutron.api.wsgi [-] 10.0.0.95 "GET / HTTP/1.1" status: 200 len: 246 time: 0.0025280
2026-07-21 07:28:09.454 9 INFO neutron.api.wsgi [-] 10.0.0.95 "GET / HTTP/1.1" status: 200 len: 246 time: 0.0032427
2026-07-21 07:28:24.452 9 INFO neutron.api.wsgi [-] 10.0.0.95 "GET / HTTP/1.1" status: 200 len: 246 time: 0.0011885
2026-07-21 07:28:24.455 9 INFO neutron.api.wsgi [-] 10.0.0.95 "GET / HTTP/1.1" status: 200 len: 246 time: 0.0019400
