+ COMMAND=start + start + for KEYSTONE_WSGI_SCRIPT in keystone-wsgi-public ++ type -p keystone-wsgi-public + cp -a /var/lib/openstack/bin/keystone-wsgi-public /var/www/cgi-bin/keystone/ + '[' -f /etc/apache2/envvars ']' + source /etc/apache2/envvars ++ unset HOME ++ '[' '' '!=' '' ']' ++ SUFFIX= ++ export APACHE_RUN_USER=www-data ++ APACHE_RUN_USER=www-data ++ export APACHE_RUN_GROUP=www-data ++ APACHE_RUN_GROUP=www-data ++ export APACHE_PID_FILE=/var/run/apache2/apache2.pid ++ APACHE_PID_FILE=/var/run/apache2/apache2.pid ++ export APACHE_RUN_DIR=/var/run/apache2 ++ APACHE_RUN_DIR=/var/run/apache2 ++ export APACHE_LOCK_DIR=/var/lock/apache2 ++ APACHE_LOCK_DIR=/var/lock/apache2 ++ export APACHE_LOG_DIR=/var/log/apache2 ++ APACHE_LOG_DIR=/var/log/apache2 ++ export LANG=C ++ LANG=C ++ export LANG + '[' -f /var/run/apache2/apache2.pid ']' + exec apache2 -DFOREGROUND AH00558: apache2: Could not reliably determine the server's fully qualified domain name, using 10.0.0.40. Set the 'ServerName' directive globally to suppress this message AH00558: apache2: Could not reliably determine the server's fully qualified domain name, using 10.0.0.40. Set the 'ServerName' directive globally to suppress this message
[Wed Jul 15 05:05:59.418014 2026] [mpm_event:notice] [pid 1:tid 140411330365312] AH00489: Apache/2.4.58 (Ubuntu) mod_wsgi/5.0.0 Python/3.12 configured -- resuming normal operations
[Wed Jul 15 05:05:59.418152 2026] [core:notice] [pid 1:tid 140411330365312] AH00094: Command line: 'apache2 -D FOREGROUND'
[Wed Jul 15 05:06:56.331753 2026] [wsgi:error] [pid 9:tid 140410692544192] /var/lib/openstack/lib/python3.12/site-packages/oslo_utils/importutils.py:77: EventletDeprecationWarning:
[Wed Jul 15 05:06:56.331811 2026] [wsgi:error] [pid 9:tid 140410692544192] Eventlet is deprecated. It is currently being maintained in bugfix mode, and
[Wed Jul 15 05:06:56.331813 2026] [wsgi:error] [pid 9:tid 140410692544192] we strongly recommend against using it for new projects.
[Wed Jul 15 05:06:56.331814 2026] [wsgi:error] [pid 9:tid 140410692544192]
[Wed Jul 15 05:06:56.331816 2026] [wsgi:error] [pid 9:tid 140410692544192] If you are already using Eventlet, we recommend migrating to a different
[Wed Jul 15 05:06:56.331817 2026] [wsgi:error] [pid 9:tid 140410692544192] framework. For more detail see
[Wed Jul 15 05:06:56.331818 2026] [wsgi:error] [pid 9:tid 140410692544192] https://eventlet.readthedocs.io/en/latest/asyncio/migration.html
[Wed Jul 15 05:06:56.331820 2026] [wsgi:error] [pid 9:tid 140410692544192]
[Wed Jul 15 05:06:56.331821 2026] [wsgi:error] [pid 9:tid 140410692544192] __import__(import_str)
[Wed Jul 15 05:06:56.405218 2026] [wsgi:error] [pid 10:tid 140410692544192] /var/lib/openstack/lib/python3.12/site-packages/oslo_utils/importutils.py:77: EventletDeprecationWarning:
[Wed Jul 15 05:06:56.405281 2026] [wsgi:error] [pid 10:tid 140410692544192] Eventlet is deprecated. It is currently being maintained in bugfix mode, and
[Wed Jul 15 05:06:56.405283 2026] [wsgi:error] [pid 10:tid 140410692544192] we strongly recommend against using it for new projects.
[Wed Jul 15 05:06:56.405284 2026] [wsgi:error] [pid 10:tid 140410692544192]
[Wed Jul 15 05:06:56.405285 2026] [wsgi:error] [pid 10:tid 140410692544192] If you are already using Eventlet, we recommend migrating to a different
[Wed Jul 15 05:06:56.405287 2026] [wsgi:error] [pid 10:tid 140410692544192] framework. For more detail see
[Wed Jul 15 05:06:56.405288 2026] [wsgi:error] [pid 10:tid 140410692544192] https://eventlet.readthedocs.io/en/latest/asyncio/migration.html
[Wed Jul 15 05:06:56.405289 2026] [wsgi:error] [pid 10:tid 140410692544192]
[Wed Jul 15 05:06:56.405290 2026] [wsgi:error] [pid 10:tid 140410692544192] __import__(import_str) 10.0.0.179 - - [15/Jul/2026:05:06:55 +0000] "GET /v3/ HTTP/1.1" 200 249 10.0.0.179 - - [15/Jul/2026:05:06:55 +0000] "GET /v3/ HTTP/1.1" 200 249
[Wed Jul 15 05:07:08.491187 2026] [wsgi:error] [pid 12:tid 140410692544192] /var/lib/openstack/lib/python3.12/site-packages/oslo_utils/importutils.py:77: EventletDeprecationWarning:
[Wed Jul 15 05:07:08.491241 2026] [wsgi:error] [pid 12:tid 140410692544192] Eventlet is deprecated. It is currently being maintained in bugfix mode, and
[Wed Jul 15 05:07:08.491243 2026] [wsgi:error] [pid 12:tid 140410692544192] we strongly recommend against using it for new projects.
[Wed Jul 15 05:07:08.491244 2026] [wsgi:error] [pid 12:tid 140410692544192]
[Wed Jul 15 05:07:08.491245 2026] [wsgi:error] [pid 12:tid 140410692544192] If you are already using Eventlet, we recommend migrating to a different
[Wed Jul 15 05:07:08.491247 2026] [wsgi:error] [pid 12:tid 140410692544192] framework. For more detail see
[Wed Jul 15 05:07:08.491248 2026] [wsgi:error] [pid 12:tid 140410692544192] https://eventlet.readthedocs.io/en/latest/asyncio/migration.html
[Wed Jul 15 05:07:08.491249 2026] [wsgi:error] [pid 12:tid 140410692544192]
[Wed Jul 15 05:07:08.491250 2026] [wsgi:error] [pid 12:tid 140410692544192] __import__(import_str) 10.0.0.188 - - [15/Jul/2026:05:07:07 +0000] "GET / HTTP/1.1" 300 295
[Wed Jul 15 05:07:14.119177 2026] [wsgi:error] [pid 11:tid 140410692544192] /var/lib/openstack/lib/python3.12/site-packages/oslo_utils/importutils.py:77: EventletDeprecationWarning:
[Wed Jul 15 05:07:14.119227 2026] [wsgi:error] [pid 11:tid 140410692544192] Eventlet is deprecated. It is currently being maintained in bugfix mode, and
[Wed Jul 15 05:07:14.119229 2026] [wsgi:error] [pid 11:tid 140410692544192] we strongly recommend against using it for new projects.
[Wed Jul 15 05:07:14.119231 2026] [wsgi:error] [pid 11:tid 140410692544192]
[Wed Jul 15 05:07:14.119232 2026] [wsgi:error] [pid 11:tid 140410692544192] If you are already using Eventlet, we recommend migrating to a different
[Wed Jul 15 05:07:14.119233 2026] [wsgi:error] [pid 11:tid 140410692544192] framework. For more detail see
[Wed Jul 15 05:07:14.119235 2026] [wsgi:error] [pid 11:tid 140410692544192] https://eventlet.readthedocs.io/en/latest/asyncio/migration.html
[Wed Jul 15 05:07:14.119236 2026] [wsgi:error] [pid 11:tid 140410692544192]
[Wed Jul 15 05:07:14.119237 2026] [wsgi:error] [pid 11:tid 140410692544192] __import__(import_str)
[Wed Jul 15 05:07:18.725995 2026] [wsgi:error] [pid 11:tid 140410692544192] [remote 10.0.0.188:37258] 2026-07-15 05:07:18.722 11 WARNING keystone.identity.core [None req-3551f883-ce21-4cbe-8a30-75ceca7ef9d4 - - - - - -] Invalid domain name (atmosphere) found in config file name: keystone.exception.DomainNotFound: Could not find domain: atmosphere.
[Wed Jul 15 05:07:18.783232 2026] [wsgi:error] [pid 11:tid 140410692544192] [remote 10.0.0.188:37258] 2026-07-15 05:07:18.782 11 WARNING keystone.common.password_hashing [None req-3551f883-ce21-4cbe-8a30-75ceca7ef9d4 - - - - - -] Truncating password to algorithm specific maximum length 72 characters.
[Wed Jul 15 05:07:19.065497 2026] [wsgi:error] [pid 11:tid 140410692544192] [remote 10.0.0.188:37258] 2026-07-15 05:07:19.065 11 WARNING keystone.common.fernet_utils [None req-3551f883-ce21-4cbe-8a30-75ceca7ef9d4 - - - - - -] key_repository is world readable: /etc/keystone/fernet-keys/ 10.0.0.188 - - [15/Jul/2026:05:07:13 +0000] "POST /v3/auth/tokens HTTP/1.1" 201 1360
[Wed Jul 15 05:07:19.460079 2026] [wsgi:error] [pid 9:tid 140410692544192] [remote 10.0.0.188:37258] 2026-07-15 05:07:19.457 9 WARNING keystone.identity.core [None req-ce79a85b-5a6d-4b49-bd2e-2f20326c28a9 - - - - - -] Invalid domain name (atmosphere) found in config file name: keystone.exception.DomainNotFound: Could not find domain: atmosphere. 10.0.0.188 - - [15/Jul/2026:05:07:19 +0000] "POST /v3/domains HTTP/1.1" 201 261 10.0.0.57 - - [15/Jul/2026:05:07:32 +0000] "GET / HTTP/1.1" 300 295
[Wed Jul 15 05:07:32.430522 2026] [wsgi:error] [pid 12:tid 140410692544192] [remote 10.0.0.57:37292] 2026-07-15 05:07:32.429 12 WARNING keystone.common.password_hashing [None req-83c9dd49-bbf6-4b39-ad2f-1ad40febb34b - - - - - -] Truncating password to algorithm specific maximum length 72 characters.
[Wed Jul 15 05:07:32.708775 2026] [wsgi:error] [pid 12:tid 140410692544192] [remote 10.0.0.57:37292] 2026-07-15 05:07:32.708 12 WARNING keystone.common.fernet_utils [None req-83c9dd49-bbf6-4b39-ad2f-1ad40febb34b - - - - - -] key_repository is world readable: /etc/keystone/fernet-keys/ 10.0.0.57 - - [15/Jul/2026:05:07:32 +0000] "POST /v3/auth/tokens HTTP/1.1" 201 1360 10.0.0.57 - - [15/Jul/2026:05:07:32 +0000] "GET /v3/roles/admin HTTP/1.1" 404 83
[Wed Jul 15 05:07:32.957786 2026] [wsgi:error] [pid 9:tid 140410692544192] [remote 10.0.0.57:37292] 2026-07-15 05:07:32.957 9 WARNING keystone.common.rbac_enforcer.enforcer [None req-c21b49f8-9ecc-4703-90fb-0d115837d0c0 7429e407c57c41d397cb9d67b7ec5d13 dfa958851cdf49ce9bd6e672cffef68a - - default default] Deprecated policy rules found. Use oslopolicy-policy-generator and oslopolicy-policy-upgrade to detect and resolve deprecated policies in your configuration. 10.0.0.57 - - [15/Jul/2026:05:07:32 +0000] "GET /v3/roles?name=admin HTTP/1.1" 200 389
[Wed Jul 15 05:07:33.545015 2026] [wsgi:error] [pid 10:tid 140410692544192] [remote 10.0.0.57:37292] 2026-07-15 05:07:33.544 10 WARNING keystone.common.rbac_enforcer.enforcer [None req-79845d07-b9da-4286-88ff-704463090bb2 7429e407c57c41d397cb9d67b7ec5d13 dfa958851cdf49ce9bd6e672cffef68a - - default default] Deprecated policy rules found. Use oslopolicy-policy-generator and oslopolicy-policy-upgrade to detect and resolve deprecated policies in your configuration. 10.0.0.57 - - [15/Jul/2026:05:07:33 +0000] "GET /v3/users/admin-RegionOne HTTP/1.1" 404 93
[Wed Jul 15 05:07:33.732216 2026] [wsgi:error] [pid 12:tid 140410692544192] [remote 10.0.0.57:37292] 2026-07-15 05:07:33.731 12 WARNING keystone.common.rbac_enforcer.enforcer [None req-6f05600c-2e2d-45eb-a6d5-1504e3d30399 7429e407c57c41d397cb9d67b7ec5d13 dfa958851cdf49ce9bd6e672cffef68a - - default default] Deprecated policy rules found. Use oslopolicy-policy-generator and oslopolicy-policy-upgrade to detect and resolve deprecated policies in your configuration. 10.0.0.57 - - [15/Jul/2026:05:07:33 +0000] "GET /v3/users?name=admin-RegionOne HTTP/1.1" 200 422
[Wed Jul 15 05:07:33.905750 2026] [wsgi:error] [pid 11:tid 140410692544192] [remote 10.0.0.57:37292] 2026-07-15 05:07:33.905 11 WARNING keystone.common.rbac_enforcer.enforcer [None req-1aa915e6-008d-41b0-8210-eae5d15de0e6 7429e407c57c41d397cb9d67b7ec5d13 dfa958851cdf49ce9bd6e672cffef68a - - default default] Deprecated policy rules found. Use oslopolicy-policy-generator and oslopolicy-policy-upgrade to detect and resolve deprecated policies in your configuration. 10.0.0.57 - - [15/Jul/2026:05:07:33 +0000] "GET /v3/domains/default HTTP/1.1" 200 224 10.0.0.57 - - [15/Jul/2026:05:07:33 +0000] "PUT /v3/domains/default/users/7429e407c57c41d397cb9d67b7ec5d13/roles/71747cd519904ce8bc394fcd98e3283f HTTP/1.1" 204 - 10.0.0.179 - - [15/Jul/2026:05:07:43 +0000] "GET / HTTP/1.1" 300 281 10.0.0.179 - - [15/Jul/2026:05:07:45 +0000] "GET /v3 HTTP/1.1" 200 266
[Wed Jul 15 05:07:45.395146 2026] [wsgi:error] [pid 11:tid 140410692544192] [remote 10.0.0.179:37114] 2026-07-15 05:07:45.394 11 WARNING keystone.common.password_hashing [None req-bad538d2-38a5-43ae-9268-14ed07baa5b2 - - - - - -] Truncating password to algorithm specific maximum length 72 characters.
[Wed Jul 15 05:07:45.673958 2026] [wsgi:error] [pid 11:tid 140410692544192] [remote 10.0.0.179:37114] 2026-07-15 05:07:45.673 11 WARNING keystone.common.fernet_utils [None req-bad538d2-38a5-43ae-9268-14ed07baa5b2 - - - - - -] key_repository is world readable: /etc/keystone/fernet-keys/ 10.0.0.179 - - [15/Jul/2026:05:07:45 +0000] "POST /v3/auth/tokens HTTP/1.1" 201 1360 10.0.0.179 - - [15/Jul/2026:05:07:45 +0000] "GET / HTTP/1.1" 300 281 10.0.0.179 - - [15/Jul/2026:05:07:45 +0000] "GET /v3/domains/atmosphere HTTP/1.1" 404 90 10.0.0.179 - - [15/Jul/2026:05:07:45 +0000] "GET /v3/domains?name=atmosphere HTTP/1.1" 200 370 10.0.0.179 - - [15/Jul/2026:05:07:46 +0000] "GET /v3/domains/f0649d5600a4433ea5f13cceabf89e5c HTTP/1.1" 200 247 10.0.0.179 - - [15/Jul/2026:05:07:46 +0000] "GET /v3 HTTP/1.1" 200 266
[Wed Jul 15 05:07:46.952331 2026] [wsgi:error] [pid 10:tid 140410692544192] [remote 10.0.0.179:37114] 2026-07-15 05:07:46.951 10 WARNING keystone.common.password_hashing [None req-4a420af0-d3a5-4a95-8912-2f4f5798ee4e - - - - - -] Truncating password to algorithm specific maximum length 72 characters.
[Wed Jul 15 05:07:47.238549 2026] [wsgi:error] [pid 10:tid 140410692544192] [remote 10.0.0.179:37114] 2026-07-15 05:07:47.238 10 WARNING keystone.common.fernet_utils [None req-4a420af0-d3a5-4a95-8912-2f4f5798ee4e - - - - - -] key_repository is world readable: /etc/keystone/fernet-keys/ 10.0.0.179 - - [15/Jul/2026:05:07:46 +0000] "POST /v3/auth/tokens HTTP/1.1" 201 1360 10.0.0.179 - - [15/Jul/2026:05:07:47 +0000] "GET / HTTP/1.1" 300 281 10.0.0.179 - - [15/Jul/2026:05:07:47 +0000] "GET /v3/OS-FEDERATION/identity_providers/atmosphere HTTP/1.1" 404 101 10.0.0.179 - - [15/Jul/2026:05:07:47 +0000] "GET /v3/OS-FEDERATION/identity_providers HTTP/1.1" 200 156 10.0.0.179 - - [15/Jul/2026:05:07:47 +0000] "PUT /v3/OS-FEDERATION/identity_providers/atmosphere HTTP/1.1" 201 342 10.0.0.179 - - [15/Jul/2026:05:07:48 +0000] "GET /v3 HTTP/1.1" 200 266
[Wed Jul 15 05:07:48.083530 2026] [wsgi:error] [pid 11:tid 140410692544192] [remote 10.0.0.179:37114] 2026-07-15 05:07:48.083 11 WARNING keystone.common.password_hashing [None req-08e08e41-b823-47f4-bab5-9ea69db80776 - - - - - -] Truncating password to algorithm specific maximum length 72 characters.
[Wed Jul 15 05:07:48.365354 2026] [wsgi:error] [pid 11:tid 140410692544192] [remote 10.0.0.179:37114] 2026-07-15 05:07:48.365 11 WARNING keystone.common.fernet_utils [None req-08e08e41-b823-47f4-bab5-9ea69db80776 - - - - - -] key_repository is world readable: /etc/keystone/fernet-keys/ 10.0.0.179 - - [15/Jul/2026:05:07:48 +0000] "POST /v3/auth/tokens HTTP/1.1" 201 1360 10.0.0.179 - - [15/Jul/2026:05:07:48 +0000] "GET / HTTP/1.1" 300 281 10.0.0.179 - - [15/Jul/2026:05:07:48 +0000] "GET /v3/OS-FEDERATION/mappings/atmosphere-openid HTTP/1.1" 404 98 10.0.0.179 - - [15/Jul/2026:05:07:48 +0000] "GET /v3/OS-FEDERATION/mappings HTTP/1.1" 200 136 10.0.0.179 - - [15/Jul/2026:05:07:48 +0000] "PUT /v3/OS-FEDERATION/mappings/atmosphere-openid HTTP/1.1" 201 357 10.0.0.179 - - [15/Jul/2026:05:07:49 +0000] "GET /v3 HTTP/1.1" 200 266
[Wed Jul 15 05:07:49.175950 2026] [wsgi:error] [pid 10:tid 140410692544192] [remote 10.0.0.179:39250] 2026-07-15 05:07:49.175 10 WARNING keystone.common.password_hashing [None req-90f7bf19-d488-428c-a89e-43b7f739ae42 - - - - - -] Truncating password to algorithm specific maximum length 72 characters.
[Wed Jul 15 05:07:49.479149 2026] [wsgi:error] [pid 10:tid 140410692544192] [remote 10.0.0.179:39250] 2026-07-15 05:07:49.478 10 WARNING keystone.common.fernet_utils [None req-90f7bf19-d488-428c-a89e-43b7f739ae42 - - - - - -] key_repository is world readable: /etc/keystone/fernet-keys/ 10.0.0.179 - - [15/Jul/2026:05:07:49 +0000] "POST /v3/auth/tokens HTTP/1.1" 201 1360 10.0.0.179 - - [15/Jul/2026:05:07:49 +0000] "GET / HTTP/1.1" 300 281 10.0.0.179 - - [15/Jul/2026:05:07:49 +0000] "GET /v3/OS-FEDERATION/identity_providers/atmosphere/protocols/openid?idp_id=atmosphere HTTP/1.1" 404 131 10.0.0.179 - - [15/Jul/2026:05:07:49 +0000] "GET /v3/OS-FEDERATION/identity_providers/atmosphere/protocols HTTP/1.1" 200 168 10.0.0.179 - - [15/Jul/2026:05:07:49 +0000] "PUT /v3/OS-FEDERATION/identity_providers/atmosphere/protocols/openid HTTP/1.1" 201 224 10.0.0.179 - - [15/Jul/2026:05:07:55 +0000] "GET /v3/ HTTP/1.1" 200 249 10.0.0.179 - - [15/Jul/2026:05:07:55 +0000] "GET /v3/ HTTP/1.1" 200 249 10.0.0.179 - - [15/Jul/2026:05:08:55 +0000] "GET /v3/ HTTP/1.1" 200 249 10.0.0.179 - - [15/Jul/2026:05:08:55 +0000] "GET /v3/ HTTP/1.1" 200 249 10.0.0.97 - - [15/Jul/2026:05:09:17 +0000] "GET / HTTP/1.1" 300 295
[Wed Jul 15 05:09:17.086873 2026] [wsgi:error] [pid 11:tid 140410692544192] [remote 10.0.0.97:47784] 2026-07-15 05:09:17.086 11 WARNING keystone.common.password_hashing [None req-f3cbd1af-7aa4-40c7-a11f-41a54772cd46 - - - - - -] Truncating password to algorithm specific maximum length 72 characters.
[Wed Jul 15 05:09:17.368469 2026] [wsgi:error] [pid 11:tid 140410692544192] [remote 10.0.0.97:47784] 2026-07-15 05:09:17.368 11 WARNING keystone.common.fernet_utils [None req-f3cbd1af-7aa4-40c7-a11f-41a54772cd46 - - - - - -] key_repository is world readable: /etc/keystone/fernet-keys/ 10.0.0.97 - - [15/Jul/2026:05:09:17 +0000] "POST /v3/auth/tokens HTTP/1.1" 201 1360 10.0.0.97 - - [15/Jul/2026:05:09:17 +0000] "GET /v3/services HTTP/1.1" 200 355 10.0.0.97 - - [15/Jul/2026:05:09:21 +0000] "GET / HTTP/1.1" 300 295
[Wed Jul 15 05:09:21.154651 2026] [wsgi:error] [pid 12:tid 140410692544192] [remote 10.0.0.97:47794] 2026-07-15 05:09:21.154 12 WARNING keystone.common.password_hashing [None req-ff4de105-f2d6-475e-adce-728c231b3e53 - - - - - -] Truncating password to algorithm specific maximum length 72 characters.
[Wed Jul 15 05:09:21.435341 2026] [wsgi:error] [pid 12:tid 140410692544192] [remote 10.0.0.97:47794] 2026-07-15 05:09:21.435 12 WARNING keystone.common.fernet_utils [None req-ff4de105-f2d6-475e-adce-728c231b3e53 - - - - - -] key_repository is world readable: /etc/keystone/fernet-keys/ 10.0.0.97 - - [15/Jul/2026:05:09:21 +0000] "POST /v3/auth/tokens HTTP/1.1" 201 1360 10.0.0.97 - - [15/Jul/2026:05:09:21 +0000] "GET /v3/services HTTP/1.1" 200 355 10.0.0.97 - - [15/Jul/2026:05:09:25 +0000] "GET / HTTP/1.1" 300 295
[Wed Jul 15 05:09:25.193333 2026] [wsgi:error] [pid 10:tid 140410692544192] [remote 10.0.0.97:47804] 2026-07-15 05:09:25.193 10 WARNING keystone.common.password_hashing [None req-6a803691-5f66-4978-b0bb-660de8f27f99 - - - - - -] Truncating password to algorithm specific maximum length 72 characters.
[Wed Jul 15 05:09:25.494108 2026] [wsgi:error] [pid 10:tid 140410692544192] [remote 10.0.0.97:47804] 2026-07-15 05:09:25.493 10 WARNING keystone.common.fernet_utils [None req-6a803691-5f66-4978-b0bb-660de8f27f99 - - - - - -] key_repository is world readable: /etc/keystone/fernet-keys/ 10.0.0.97 - - [15/Jul/2026:05:09:25 +0000] "POST /v3/auth/tokens HTTP/1.1" 201 1360 10.0.0.97 - - [15/Jul/2026:05:09:25 +0000] "GET /v3/services HTTP/1.1" 200 355 10.0.0.97 - - [15/Jul/2026:05:09:29 +0000] "GET / HTTP/1.1" 300 295
[Wed Jul 15 05:09:29.268841 2026] [wsgi:error] [pid 9:tid 140410692544192] [remote 10.0.0.97:38060] 2026-07-15 05:09:29.268 9 WARNING keystone.common.password_hashing [None req-f76777bd-3880-4388-90fc-ea69d215e17a - - - - - -] Truncating password to algorithm specific maximum length 72 characters.
[Wed Jul 15 05:09:29.579979 2026] [wsgi:error] [pid 9:tid 140410692544192] [remote 10.0.0.97:38060] 2026-07-15 05:09:29.579 9 WARNING keystone.common.fernet_utils [None req-f76777bd-3880-4388-90fc-ea69d215e17a - - - - - -] key_repository is world readable: /etc/keystone/fernet-keys/ 10.0.0.97 - - [15/Jul/2026:05:09:29 +0000] "POST /v3/auth/tokens HTTP/1.1" 201 1360 10.0.0.97 - - [15/Jul/2026:05:09:29 +0000] "POST /v3/services HTTP/1.1" 201 296 10.0.0.191 - - [15/Jul/2026:05:09:42 +0000] "GET / HTTP/1.1" 300 295
[Wed Jul 15 05:09:42.231770 2026] [wsgi:error] [pid 11:tid 140410692544192] [remote 10.0.0.191:48280] 2026-07-15 05:09:42.231 11 WARNING keystone.common.password_hashing [None req-2409f120-5cbe-4734-a0cb-a68070d8f52f - - - - - -] Truncating password to algorithm specific maximum length 72 characters. 10.0.0.191 - - [15/Jul/2026:05:09:42 +0000] "GET / HTTP/1.1" 300 295
[Wed Jul 15 05:09:42.413346 2026] [wsgi:error] [pid 10:tid 140410692544192] [remote 10.0.0.191:48284] 2026-07-15 05:09:42.413 10 WARNING keystone.common.password_hashing [None req-5cd538d2-7c66-455d-b24e-db1aaa0fe879 - - - - - -] Truncating password to algorithm specific maximum length 72 characters. 10.0.0.191 - - [15/Jul/2026:05:09:42 +0000] "GET / HTTP/1.1" 300 295
[Wed Jul 15 05:09:42.450961 2026] [wsgi:error] [pid 9:tid 140410692544192] [remote 10.0.0.191:48292] 2026-07-15 05:09:42.450 9 WARNING keystone.common.password_hashing [None req-0a084ae5-5d48-4c59-86c8-47b116dda01e - - - - - -] Truncating password to algorithm specific maximum length 72 characters.
[Wed Jul 15 05:09:42.515984 2026] [wsgi:error] [pid 11:tid 140410692544192] [remote 10.0.0.191:48280] 2026-07-15 05:09:42.515 11 WARNING keystone.common.fernet_utils [None req-2409f120-5cbe-4734-a0cb-a68070d8f52f - - - - - -] key_repository is world readable: /etc/keystone/fernet-keys/ 10.0.0.191 - - [15/Jul/2026:05:09:42 +0000] "POST /v3/auth/tokens HTTP/1.1" 201 1464 10.0.0.191 - - [15/Jul/2026:05:09:42 +0000] "GET /v3/services HTTP/1.1" 200 639
[Wed Jul 15 05:09:42.695160 2026] [wsgi:error] [pid 10:tid 140410692544192] [remote 10.0.0.191:48284] 2026-07-15 05:09:42.694 10 WARNING keystone.common.fernet_utils [None req-5cd538d2-7c66-455d-b24e-db1aaa0fe879 - - - - - -] key_repository is world readable: /etc/keystone/fernet-keys/ 10.0.0.191 - - [15/Jul/2026:05:09:42 +0000] "POST /v3/auth/tokens HTTP/1.1" 201 1464
[Wed Jul 15 05:09:42.733408 2026] [wsgi:error] [pid 9:tid 140410692544192] [remote 10.0.0.191:48292] 2026-07-15 05:09:42.733 9 WARNING keystone.common.fernet_utils [None req-0a084ae5-5d48-4c59-86c8-47b116dda01e - - - - - -] key_repository is world readable: /etc/keystone/fernet-keys/ 10.0.0.191 - - [15/Jul/2026:05:09:42 +0000] "POST /v3/auth/tokens HTTP/1.1" 201 1464 10.0.0.191 - - [15/Jul/2026:05:09:42 +0000] "GET /v3/services HTTP/1.1" 200 639 10.0.0.191 - - [15/Jul/2026:05:09:42 +0000] "GET /v3/services HTTP/1.1" 200 639 10.0.0.191 - - [15/Jul/2026:05:09:44 +0000] "GET / HTTP/1.1" 300 295
[Wed Jul 15 05:09:44.536670 2026] [wsgi:error] [pid 9:tid 140410692544192] [remote 10.0.0.191:48294] 2026-07-15 05:09:44.536 9 WARNING keystone.common.password_hashing [None req-19bc6940-6ba3-4b6b-b405-c2c4d03b6bf2 - - - - - -] Truncating password to algorithm specific maximum length 72 characters. 10.0.0.191 - - [15/Jul/2026:05:09:44 +0000] "GET / HTTP/1.1" 300 295
[Wed Jul 15 05:09:44.673259 2026] [wsgi:error] [pid 12:tid 140410692544192] [remote 10.0.0.191:48304] 2026-07-15 05:09:44.673 12 WARNING keystone.common.password_hashing [None req-e9a4f159-1392-456f-8ff3-9551e9af01a3 - - - - - -] Truncating password to algorithm specific maximum length 72 characters. 10.0.0.191 - - [15/Jul/2026:05:09:44 +0000] "GET / HTTP/1.1" 300 295
[Wed Jul 15 05:09:44.751821 2026] [wsgi:error] [pid 11:tid 140410692544192] [remote 10.0.0.191:48316] 2026-07-15 05:09:44.751 11 WARNING keystone.common.password_hashing [None req-f8cd8519-29ae-4d8f-b2c9-ef1a53bd72a4 - - - - - -] Truncating password to algorithm specific maximum length 72 characters.
[Wed Jul 15 05:09:44.809024 2026] [wsgi:error] [pid 9:tid 140410692544192] [remote 10.0.0.191:48294] 2026-07-15 05:09:44.808 9 WARNING keystone.common.fernet_utils [None req-19bc6940-6ba3-4b6b-b405-c2c4d03b6bf2 - - - - - -] key_repository is world readable: /etc/keystone/fernet-keys/ 10.0.0.191 - - [15/Jul/2026:05:09:44 +0000] "POST /v3/auth/tokens HTTP/1.1" 201 1464 10.0.0.191 - - [15/Jul/2026:05:09:44 +0000] "GET /v3/endpoints HTTP/1.1" 200 1227
[Wed Jul 15 05:09:44.944031 2026] [wsgi:error] [pid 12:tid 140410692544192] [remote 10.0.0.191:48304] 2026-07-15 05:09:44.943 12 WARNING keystone.common.fernet_utils [None req-e9a4f159-1392-456f-8ff3-9551e9af01a3 - - - - - -] key_repository is world readable: /etc/keystone/fernet-keys/ 10.0.0.191 - - [15/Jul/2026:05:09:44 +0000] "POST /v3/auth/tokens HTTP/1.1" 201 1464 10.0.0.191 - - [15/Jul/2026:05:09:44 +0000] "GET /v3/services/742cd78036f14063a0405c48c9c62de7 HTTP/1.1" 200 233 10.0.0.191 - - [15/Jul/2026:05:09:44 +0000] "GET /v3/services/742cd78036f14063a0405c48c9c62de7 HTTP/1.1" 200 233 10.0.0.191 - - [15/Jul/2026:05:09:44 +0000] "GET /v3/services/742cd78036f14063a0405c48c9c62de7 HTTP/1.1" 200 233
[Wed Jul 15 05:09:45.047285 2026] [wsgi:error] [pid 11:tid 140410692544192] [remote 10.0.0.191:48316] 2026-07-15 05:09:45.047 11 WARNING keystone.common.fernet_utils [None req-f8cd8519-29ae-4d8f-b2c9-ef1a53bd72a4 - - - - - -] key_repository is world readable: /etc/keystone/fernet-keys/ 10.0.0.191 - - [15/Jul/2026:05:09:44 +0000] "POST /v3/auth/tokens HTTP/1.1" 201 1464 10.0.0.191 - - [15/Jul/2026:05:09:45 +0000] "GET /v3/endpoints HTTP/1.1" 200 1227 10.0.0.191 - - [15/Jul/2026:05:09:45 +0000] "GET /v3/services/742cd78036f14063a0405c48c9c62de7 HTTP/1.1" 200 233 10.0.0.191 - - [15/Jul/2026:05:09:45 +0000] "GET /v3/services/742cd78036f14063a0405c48c9c62de7 HTTP/1.1" 200 233 10.0.0.191 - - [15/Jul/2026:05:09:45 +0000] "GET /v3/services/742cd78036f14063a0405c48c9c62de7 HTTP/1.1" 200 233 10.0.0.191 - - [15/Jul/2026:05:09:45 +0000] "GET /v3/endpoints HTTP/1.1" 200 1227 10.0.0.191 - - [15/Jul/2026:05:09:45 +0000] "GET /v3/services/742cd78036f14063a0405c48c9c62de7 HTTP/1.1" 200 233 10.0.0.191 - - [15/Jul/2026:05:09:45 +0000] "GET /v3/services/742cd78036f14063a0405c48c9c62de7 HTTP/1.1" 200 233 10.0.0.191 - - [15/Jul/2026:05:09:45 +0000] "GET /v3/services/742cd78036f14063a0405c48c9c62de7 HTTP/1.1" 200 233 10.0.0.191 - - [15/Jul/2026:05:09:46 +0000] "GET / HTTP/1.1" 300 295
[Wed Jul 15 05:09:46.790578 2026] [wsgi:error] [pid 10:tid 140410692544192] [remote 10.0.0.191:44414] 2026-07-15 05:09:46.790 10 WARNING keystone.common.password_hashing [None req-f45674dc-bd5d-4bb1-8eeb-13835602c7f1 - - - - - -] Truncating password to algorithm specific maximum length 72 characters. 10.0.0.191 - - [15/Jul/2026:05:09:46 +0000] "GET / HTTP/1.1" 300 295
[Wed Jul 15 05:09:46.860775 2026] [wsgi:error] [pid 11:tid 140410692544192] [remote 10.0.0.191:44430] 2026-07-15 05:09:46.860 11 WARNING keystone.common.password_hashing [None req-7e6a38b6-3c6f-4e4d-b996-fc3162a85db5 - - - - - -] Truncating password to algorithm specific maximum length 72 characters. 10.0.0.191 - - [15/Jul/2026:05:09:46 +0000] "GET / HTTP/1.1" 300 295
[Wed Jul 15 05:09:46.932173 2026] [wsgi:error] [pid 12:tid 140410692544192] [remote 10.0.0.191:44442] 2026-07-15 05:09:46.931 12 WARNING keystone.common.password_hashing [None req-c87905be-1cbd-4f89-93f6-62525295dfa3 - - - - - -] Truncating password to algorithm specific maximum length 72 characters.
[Wed Jul 15 05:09:47.063881 2026] [wsgi:error] [pid 10:tid 140410692544192] [remote 10.0.0.191:44414] 2026-07-15 05:09:47.063 10 WARNING keystone.common.fernet_utils [None req-f45674dc-bd5d-4bb1-8eeb-13835602c7f1 - - - - - -] key_repository is world readable: /etc/keystone/fernet-keys/ 10.0.0.191 - - [15/Jul/2026:05:09:46 +0000] "POST /v3/auth/tokens HTTP/1.1" 201 1464
[Wed Jul 15 05:09:47.136467 2026] [wsgi:error] [pid 11:tid 140410692544192] [remote 10.0.0.191:44430] 2026-07-15 05:09:47.136 11 WARNING keystone.common.fernet_utils [None req-7e6a38b6-3c6f-4e4d-b996-fc3162a85db5 - - - - - -] key_repository is world readable: /etc/keystone/fernet-keys/ 10.0.0.191 - - [15/Jul/2026:05:09:46 +0000] "POST /v3/auth/tokens HTTP/1.1" 201 1464 10.0.0.191 - - [15/Jul/2026:05:09:47 +0000] "GET /v3/services/1c04c24121ba4fc0b0b83a70544929b5 HTTP/1.1" 200 296
[Wed Jul 15 05:09:47.214717 2026] [wsgi:error] [pid 12:tid 140410692544192] [remote 10.0.0.191:44442] 2026-07-15 05:09:47.214 12 WARNING keystone.common.fernet_utils [None req-c87905be-1cbd-4f89-93f6-62525295dfa3 - - - - - -] key_repository is world readable: /etc/keystone/fernet-keys/ 10.0.0.191 - - [15/Jul/2026:05:09:47 +0000] "GET /v3/regions/RegionOne HTTP/1.1" 200 173 10.0.0.191 - - [15/Jul/2026:05:09:46 +0000] "POST /v3/auth/tokens HTTP/1.1" 201 1464 10.0.0.191 - - [15/Jul/2026:05:09:47 +0000] "GET /v3/services/1c04c24121ba4fc0b0b83a70544929b5 HTTP/1.1" 200 296 10.0.0.191 - - [15/Jul/2026:05:09:47 +0000] "GET /v3/regions/RegionOne HTTP/1.1" 200 173 10.0.0.191 - - [15/Jul/2026:05:09:47 +0000] "GET /v3/services/1c04c24121ba4fc0b0b83a70544929b5 HTTP/1.1" 200 296 10.0.0.191 - - [15/Jul/2026:05:09:47 +0000] "GET /v3/regions/RegionOne HTTP/1.1" 200 173 10.0.0.191 - - [15/Jul/2026:05:09:47 +0000] "POST /v3/endpoints HTTP/1.1" 201 380 10.0.0.191 - - [15/Jul/2026:05:09:47 +0000] "POST /v3/endpoints HTTP/1.1" 201 383 10.0.0.191 - - [15/Jul/2026:05:09:47 +0000] "POST /v3/endpoints HTTP/1.1" 201 370 10.0.0.191 - - [15/Jul/2026:05:09:49 +0000] "GET / HTTP/1.1" 300 295
[Wed Jul 15 05:09:49.069691 2026] [wsgi:error] [pid 11:tid 140410692544192] [remote 10.0.0.191:44454] 2026-07-15 05:09:49.069 11 WARNING keystone.common.password_hashing [None req-04a10936-8a93-4d64-a393-685dcef58e09 - - - - - -] Truncating password to algorithm specific maximum length 72 characters. 10.0.0.191 - - [15/Jul/2026:05:09:49 +0000] "GET / HTTP/1.1" 300 295 10.0.0.191 - - [15/Jul/2026:05:09:49 +0000] "GET / HTTP/1.1" 300 295
[Wed Jul 15 05:09:49.202198 2026] [wsgi:error] [pid 9:tid 140410692544192] [remote 10.0.0.191:44456] 2026-07-15 05:09:49.201 9 WARNING keystone.common.password_hashing [None req-24533dcb-ac2e-4c46-bba2-ce6819c6fd29 - - - - - -] Truncating password to algorithm specific maximum length 72 characters.
[Wed Jul 15 05:09:49.237412 2026] [wsgi:error] [pid 12:tid 140410692544192] [remote 10.0.0.191:44472] 2026-07-15 05:09:49.237 12 WARNING keystone.common.password_hashing [None req-a13bb4f4-1a8d-4d20-9058-782766792ef1 - - - - - -] Truncating password to algorithm specific maximum length 72 characters.
[Wed Jul 15 05:09:49.354323 2026] [wsgi:error] [pid 11:tid 140410692544192] [remote 10.0.0.191:44454] 2026-07-15 05:09:49.354 11 WARNING keystone.common.fernet_utils [None req-04a10936-8a93-4d64-a393-685dcef58e09 - - - - - -] key_repository is world readable: /etc/keystone/fernet-keys/ 10.0.0.191 - - [15/Jul/2026:05:09:49 +0000] "POST /v3/auth/tokens HTTP/1.1" 201 1992
[Wed Jul 15 05:09:49.501728 2026] [wsgi:error] [pid 9:tid 140410692544192] [remote 10.0.0.191:44456] 2026-07-15 05:09:49.501 9 WARNING keystone.common.fernet_utils [None req-24533dcb-ac2e-4c46-bba2-ce6819c6fd29 - - - - - -] key_repository is world readable: /etc/keystone/fernet-keys/ 10.0.0.191 - - [15/Jul/2026:05:09:49 +0000] "GET /v3/endpoints/c021e58f83824acc93a5c64fa1b0a52d HTTP/1.1" 200 380 10.0.0.191 - - [15/Jul/2026:05:09:49 +0000] "POST /v3/auth/tokens HTTP/1.1" 201 1992 10.0.0.191 - - [15/Jul/2026:05:09:49 +0000] "GET /v3/services/1c04c24121ba4fc0b0b83a70544929b5 HTTP/1.1" 200 296
[Wed Jul 15 05:09:49.525508 2026] [wsgi:error] [pid 12:tid 140410692544192] [remote 10.0.0.191:44472] 2026-07-15 05:09:49.525 12 WARNING keystone.common.fernet_utils [None req-a13bb4f4-1a8d-4d20-9058-782766792ef1 - - - - - -] key_repository is world readable: /etc/keystone/fernet-keys/ 10.0.0.191 - - [15/Jul/2026:05:09:49 +0000] "POST /v3/auth/tokens HTTP/1.1" 201 1992 10.0.0.191 - - [15/Jul/2026:05:09:49 +0000] "GET /v3/endpoints/4b963e8d180345eca066bd64aed34821 HTTP/1.1" 200 383 10.0.0.191 - - [15/Jul/2026:05:09:49 +0000] "GET /v3/services/1c04c24121ba4fc0b0b83a70544929b5 HTTP/1.1" 200 296 10.0.0.191 - - [15/Jul/2026:05:09:49 +0000] "GET /v3/endpoints/06c50a00b6414b489145158cc08e7624 HTTP/1.1" 200 370 10.0.0.191 - - [15/Jul/2026:05:09:49 +0000] "GET /v3/services/1c04c24121ba4fc0b0b83a70544929b5 HTTP/1.1" 200 296 10.0.0.179 - - [15/Jul/2026:05:09:55 +0000] "GET /v3/ HTTP/1.1" 200 249 10.0.0.179 - - [15/Jul/2026:05:09:55 +0000] "GET /v3/ HTTP/1.1" 200 249 10.0.0.233 - - [15/Jul/2026:05:10:02 +0000] "GET / HTTP/1.1" 300 295
[Wed Jul 15 05:10:02.378610 2026] [wsgi:error] [pid 12:tid 140410692544192] [remote 10.0.0.233:37816] 2026-07-15 05:10:02.378 12 WARNING keystone.common.password_hashing [None req-87edb597-f010-42de-8546-7e9a6fb3f66b - - - - - -] Truncating password to algorithm specific maximum length 72 characters.
[Wed Jul 15 05:10:02.652965 2026] [wsgi:error] [pid 12:tid 140410692544192] [remote 10.0.0.233:37816] 2026-07-15 05:10:02.652 12 WARNING keystone.common.fernet_utils [None req-87edb597-f010-42de-8546-7e9a6fb3f66b - - - - - -] key_repository is world readable: /etc/keystone/fernet-keys/ 10.0.0.233 - - [15/Jul/2026:05:10:02 +0000] "POST /v3/auth/tokens HTTP/1.1" 201 1992 10.0.0.233 - - [15/Jul/2026:05:10:02 +0000] "POST /v3/domains HTTP/1.1" 201 284 10.0.0.233 - - [15/Jul/2026:05:10:04 +0000] "GET / HTTP/1.1" 300 295
[Wed Jul 15 05:10:04.576745 2026] [wsgi:error] [pid 9:tid 140410692544192] [remote 10.0.0.233:37824] 2026-07-15 05:10:04.576 9 WARNING keystone.common.password_hashing [None req-08fba029-3923-4a9c-831c-ec964f67c2f9 - - - - - -] Truncating password to algorithm specific maximum length 72 characters.
[Wed Jul 15 05:10:04.854362 2026] [wsgi:error] [pid 9:tid 140410692544192] [remote 10.0.0.233:37824] 2026-07-15 05:10:04.854 9 WARNING keystone.common.fernet_utils [None req-08fba029-3923-4a9c-831c-ec964f67c2f9 - - - - - -] key_repository is world readable: /etc/keystone/fernet-keys/ 10.0.0.233 - - [15/Jul/2026:05:10:04 +0000] "POST /v3/auth/tokens HTTP/1.1" 201 1992
[Wed Jul 15 05:10:05.056641 2026] [wsgi:error] [pid 12:tid 140410692544192] [remote 10.0.0.233:37824] 2026-07-15 05:10:05.035 12 ERROR keystone.server.flask.application [None req-97322e20-1bcf-475e-9c16-f644c640e082 7429e407c57c41d397cb9d67b7ec5d13 dfa958851cdf49ce9bd6e672cffef68a - - default default] Conflict occurred attempting to store project - it is not permitted to have two projects acting as domains with the same name: service.: keystone.exception.Conflict: Conflict occurred attempting to store project - it is not permitted to have two projects acting as domains with the same name: service.
[Wed Jul 15 05:10:05.056675 2026] [wsgi:error] [pid 12:tid 140410692544192] [remote 10.0.0.233:37824] 2026-07-15 05:10:05.035 12 ERROR keystone.server.flask.application
Traceback (most recent call last):
[Wed Jul 15 05:10:05.056679 2026] [wsgi:error] [pid 12:tid 140410692544192] [remote 10.0.0.233:37824] 2026-07-15 05:10:05.035 12 ERROR keystone.server.flask.application
File "/var/lib/openstack/lib/python3.12/site-packages/sqlalchemy/engine/base.py", line 1969, in _exec_single_context
[Wed Jul 15 05:10:05.056681 2026] [wsgi:error] [pid 12:tid 140410692544192] [remote 10.0.0.233:37824] 2026-07-15 05:10:05.035 12 ERROR keystone.server.flask.application self.dialect.do_execute(
[Wed Jul 15 05:10:05.056684 2026] [wsgi:error] [pid 12:tid 140410692544192] [remote 10.0.0.233:37824] 2026-07-15 05:10:05.035 12 ERROR keystone.server.flask.application
File "/var/lib/openstack/lib/python3.12/site-packages/sqlalchemy/engine/default.py", line 952, in do_execute
[Wed Jul 15 05:10:05.056687 2026] [wsgi:error] [pid 12:tid 140410692544192] [remote 10.0.0.233:37824] 2026-07-15 05:10:05.035 12 ERROR keystone.server.flask.application cursor.execute(statement, parameters)
[Wed Jul 15 05:10:05.056689 2026] [wsgi:error] [pid 12:tid 140410692544192] [remote 10.0.0.233:37824] 2026-07-15 05:10:05.035 12 ERROR keystone.server.flask.application
File "/var/lib/openstack/lib/python3.12/site-packages/pymysql/cursors.py", line 159, in execute
[Wed Jul 15 05:10:05.056691 2026] [wsgi:error] [pid 12:tid 140410692544192] [remote 10.0.0.233:37824] 2026-07-15 05:10:05.035 12 ERROR keystone.server.flask.application result = self._query(query)
[Wed Jul 15 05:10:05.056693 2026] [wsgi:error] [pid 12:tid 140410692544192] [remote 10.0.0.233:37824] 2026-07-15 05:10:05.035 12 ERROR keystone.server.flask.application ^^^^^^^^^^^^^^^^^^
[Wed Jul 15 05:10:05.056695 2026] [wsgi:error] [pid 12:tid 140410692544192] [remote 10.0.0.233:37824] 2026-07-15 05:10:05.035 12 ERROR keystone.server.flask.application
File "/var/lib/openstack/lib/python3.12/site-packages/pymysql/cursors.py", line 330, in _query
[Wed Jul 15 05:10:05.056697 2026] [wsgi:error] [pid 12:tid 140410692544192] [remote 10.0.0.233:37824] 2026-07-15 05:10:05.035 12 ERROR keystone.server.flask.application conn.query(q)
[Wed Jul 15 05:10:05.056700 2026] [wsgi:error] [pid 12:tid 140410692544192] [remote 10.0.0.233:37824] 2026-07-15 05:10:05.035 12 ERROR keystone.server.flask.application
File "/var/lib/openstack/lib/python3.12/site-packages/pymysql/connections.py", line 582, in query
[Wed Jul 15 05:10:05.056702 2026] [wsgi:error] [pid 12:tid 140410692544192] [remote 10.0.0.233:37824] 2026-07-15 05:10:05.035 12 ERROR keystone.server.flask.application self._affected_rows = self._read_query_result(unbuffered=unbuffered)
[Wed Jul 15 05:10:05.056705 2026] [wsgi:error] [pid 12:tid 140410692544192] [remote 10.0.0.233:37824] 2026-07-15 05:10:05.035 12 ERROR keystone.server.flask.application ^^^^^^^^^^^^^^^^^^^^^^^^^^^^^^^^^^^^^^^^^^^^^^
[Wed Jul 15 05:10:05.056707 2026] [wsgi:error] [pid 12:tid 140410692544192] [remote 10.0.0.233:37824] 2026-07-15 05:10:05.035 12 ERROR keystone.server.flask.application
File "/var/lib/openstack/lib/python3.12/site-packages/pymysql/connections.py", line 847, in _read_query_result
[Wed Jul 15 05:10:05.056709 2026] [wsgi:error] [pid 12:tid 140410692544192] [remote 10.0.0.233:37824] 2026-07-15 05:10:05.035 12 ERROR keystone.server.flask.application result.read()
[Wed Jul 15 05:10:05.056714 2026] [wsgi:error] [pid 12:tid 140410692544192] [remote 10.0.0.233:37824] 2026-07-15 05:10:05.035 12 ERROR keystone.server.flask.application
File "/var/lib/openstack/lib/python3.12/site-packages/pymysql/connections.py", line 1245, in read
[Wed Jul 15 05:10:05.056716 2026] [wsgi:error] [pid 12:tid 140410692544192] [remote 10.0.0.233:37824] 2026-07-15 05:10:05.035 12 ERROR keystone.server.flask.application first_packet = self.connection._read_packet()
[Wed Jul 15 05:10:05.056718 2026] [wsgi:error] [pid 12:tid 140410692544192] [remote 10.0.0.233:37824] 2026-07-15 05:10:05.035 12 ERROR keystone.server.flask.application ^^^^^^^^^^^^^^^^^^^^^^^^^^^^^^
[Wed Jul 15 05:10:05.056720 2026] [wsgi:error] [pid 12:tid 140410692544192] [remote 10.0.0.233:37824] 2026-07-15 05:10:05.035 12 ERROR keystone.server.flask.application
File "/var/lib/openstack/lib/python3.12/site-packages/pymysql/connections.py", line 803, in _read_packet
[Wed Jul 15 05:10:05.056722 2026] [wsgi:error] [pid 12:tid 140410692544192] [remote 10.0.0.233:37824] 2026-07-15 05:10:05.035 12 ERROR keystone.server.flask.application packet.raise_for_error()
[Wed Jul 15 05:10:05.056724 2026] [wsgi:error] [pid 12:tid 140410692544192] [remote 10.0.0.233:37824] 2026-07-15 05:10:05.035 12 ERROR keystone.server.flask.application
File "/var/lib/openstack/lib/python3.12/site-packages/pymysql/protocol.py", line 219, in raise_for_error
[Wed Jul 15 05:10:05.056726 2026] [wsgi:error] [pid 12:tid 140410692544192] [remote 10.0.0.233:37824] 2026-07-15 05:10:05.035 12 ERROR keystone.server.flask.application err.raise_mysql_exception(self._data)
[Wed Jul 15 05:10:05.056727 2026] [wsgi:error] [pid 12:tid 140410692544192] [remote 10.0.0.233:37824] 2026-07-15 05:10:05.035 12 ERROR keystone.server.flask.application
File "/var/lib/openstack/lib/python3.12/site-packages/pymysql/err.py", line 154, in raise_mysql_exception
[Wed Jul 15 05:10:05.056729 2026] [wsgi:error] [pid 12:tid 140410692544192] [remote 10.0.0.233:37824] 2026-07-15 05:10:05.035 12 ERROR keystone.server.flask.application raise errorclass(errno, errval, sqlstate=sqlstate)
[Wed Jul 15 05:10:05.056731 2026] [wsgi:error] [pid 12:tid 140410692544192] [remote 10.0.0.233:37824] 2026-07-15 05:10:05.035 12 ERROR keystone.server.flask.application pymysql.err.IntegrityError: (1062, "Duplicate entry '<>-service' for key 'project.ixu_project_name_domain_id'")
[Wed Jul 15 05:10:05.056734 2026] [wsgi:error] [pid 12:tid 140410692544192] [remote 10.0.0.233:37824] 2026-07-15 05:10:05.035 12 ERROR keystone.server.flask.application
[Wed Jul 15 05:10:05.056736 2026] [wsgi:error] [pid 12:tid 140410692544192] [remote 10.0.0.233:37824] 2026-07-15 05:10:05.035 12 ERROR keystone.server.flask.application The above exception was the direct cause of the following exception:
[Wed Jul 15 05:10:05.056738 2026] [wsgi:error] [pid 12:tid 140410692544192] [remote 10.0.0.233:37824] 2026-07-15 05:10:05.035 12 ERROR keystone.server.flask.application
[Wed Jul 15 05:10:05.056773 2026] [wsgi:error] [pid 12:tid 140410692544192] [remote 10.0.0.233:37824] 2026-07-15 05:10:05.035 12 ERROR keystone.server.flask.application
Traceback (most recent call last):
[Wed Jul 15 05:10:05.056775 2026] [wsgi:error] [pid 12:tid 140410692544192] [remote 10.0.0.233:37824] 2026-07-15 05:10:05.035 12 ERROR keystone.server.flask.application
File "/var/lib/openstack/lib/python3.12/site-packages/keystone/common/sql/core.py", line 575, in wrapper
[Wed Jul 15 05:10:05.056778 2026] [wsgi:error] [pid 12:tid 140410692544192] [remote 10.0.0.233:37824] 2026-07-15 05:10:05.035 12 ERROR keystone.server.flask.application return method(*args, **kwargs)
[Wed Jul 15 05:10:05.056780 2026] [wsgi:error] [pid 12:tid 140410692544192] [remote 10.0.0.233:37824] 2026-07-15 05:10:05.035 12 ERROR keystone.server.flask.application ^^^^^^^^^^^^^^^^^^^^^^^
[Wed Jul 15 05:10:05.056782 2026] [wsgi:error] [pid 12:tid 140410692544192] [remote 10.0.0.233:37824] 2026-07-15 05:10:05.035 12 ERROR keystone.server.flask.application
File "/var/lib/openstack/lib/python3.12/site-packages/keystone/resource/backends/sql.py", line 278, in create_project
[Wed Jul 15 05:10:05.056784 2026] [wsgi:error] [pid 12:tid 140410692544192] [remote 10.0.0.233:37824] 2026-07-15 05:10:05.035 12 ERROR keystone.server.flask.application with sql.session_for_write() as session:
[Wed Jul 15 05:10:05.056787 2026] [wsgi:error] [pid 12:tid 140410692544192] [remote 10.0.0.233:37824] 2026-07-15 05:10:05.035 12 ERROR keystone.server.flask.application
File "/usr/lib/python3.12/contextlib.py", line 144, in __exit__
[Wed Jul 15 05:10:05.056789 2026] [wsgi:error] [pid 12:tid 140410692544192] [remote 10.0.0.233:37824] 2026-07-15 05:10:05.035 12 ERROR keystone.server.flask.application next(self.gen)
[Wed Jul 15 05:10:05.056791 2026] [wsgi:error] [pid 12:tid 140410692544192] [remote 10.0.0.233:37824] 2026-07-15 05:10:05.035 12 ERROR keystone.server.flask.application
File "/var/lib/openstack/lib/python3.12/site-packages/oslo_db/sqlalchemy/enginefacade.py", line 1175, in _transaction_scope
[Wed Jul 15 05:10:05.056793 2026] [wsgi:error] [pid 12:tid 140410692544192] [remote 10.0.0.233:37824] 2026-07-15 05:10:05.035 12 ERROR keystone.server.flask.application with current._produce_block(
[Wed Jul 15 05:10:05.056795 2026] [wsgi:error] [pid 12:tid 140410692544192] [remote 10.0.0.233:37824] 2026-07-15 05:10:05.035 12 ERROR keystone.server.flask.application
File "/usr/lib/python3.12/contextlib.py", line 144, in __exit__
[Wed Jul 15 05:10:05.056798 2026] [wsgi:error] [pid 12:tid 140410692544192] [remote 10.0.0.233:37824] 2026-07-15 05:10:05.035 12 ERROR keystone.server.flask.application next(self.gen)
[Wed Jul 15 05:10:05.056800 2026] [wsgi:error] [pid 12:tid 140410692544192] [remote 10.0.0.233:37824] 2026-07-15 05:10:05.035 12 ERROR keystone.server.flask.application
File "/var/lib/openstack/lib/python3.12/site-packages/oslo_db/sqlalchemy/enginefacade.py", line 837, in _session
[Wed Jul 15 05:10:05.056804 2026] [wsgi:error] [pid 12:tid 140410692544192] [remote 10.0.0.233:37824] 2026-07-15 05:10:05.035 12 ERROR keystone.server.flask.application with excutils.save_and_reraise_exception():
[Wed Jul 15 05:10:05.056806 2026] [wsgi:error] [pid 12:tid 140410692544192] [remote 10.0.0.233:37824] 2026-07-15 05:10:05.035 12 ERROR keystone.server.flask.application
File "/var/lib/openstack/lib/python3.12/site-packages/oslo_utils/excutils.py", line 266, in __exit__
[Wed Jul 15 05:10:05.056810 2026] [wsgi:error] [pid 12:tid 140410692544192] [remote 10.0.0.233:37824] 2026-07-15 05:10:05.035 12 ERROR keystone.server.flask.application self.force_reraise()
[Wed Jul 15 05:10:05.056813 2026] [wsgi:error] [pid 12:tid 140410692544192] [remote 10.0.0.233:37824] 2026-07-15 05:10:05.035 12 ERROR keystone.server.flask.application
File "/var/lib/openstack/lib/python3.12/site-packages/oslo_utils/excutils.py", line 232, in force_reraise
[Wed Jul 15 05:10:05.056816 2026] [wsgi:error] [pid 12:tid 140410692544192] [remote 10.0.0.233:37824] 2026-07-15 05:10:05.035 12 ERROR keystone.server.flask.application raise self.value
[Wed Jul 15 05:10:05.056818 2026] [wsgi:error] [pid 12:tid 140410692544192] [remote 10.0.0.233:37824] 2026-07-15 05:10:05.035 12 ERROR keystone.server.flask.application
File "/var/lib/openstack/lib/python3.12/site-packages/oslo_db/sqlalchemy/enginefacade.py", line 835, in _session
[Wed Jul 15 05:10:05.056822 2026] [wsgi:error] [pid 12:tid 140410692544192] [remote 10.0.0.233:37824] 2026-07-15 05:10:05.035 12 ERROR keystone.server.flask.application self._end_session_transaction(self.session)
[Wed Jul 15 05:10:05.056825 2026] [wsgi:error] [pid 12:tid 140410692544192] [remote 10.0.0.233:37824] 2026-07-15 05:10:05.035 12 ERROR keystone.server.flask.application
File "/var/lib/openstack/lib/python3.12/site-packages/oslo_db/sqlalchemy/enginefacade.py", line 748, in _end_session_transaction
[Wed Jul 15 05:10:05.056828 2026] [wsgi:error] [pid 12:tid 140410692544192] [remote 10.0.0.233:37824] 2026-07-15 05:10:05.035 12 ERROR keystone.server.flask.application session.commit()
[Wed Jul 15 05:10:05.056831 2026] [wsgi:error] [pid 12:tid 140410692544192] [remote 10.0.0.233:37824] 2026-07-15 05:10:05.035 12 ERROR keystone.server.flask.application
File "/var/lib/openstack/lib/python3.12/site-packages/sqlalchemy/orm/session.py", line 2034, in commit
[Wed Jul 15 05:10:05.056835 2026] [wsgi:error] [pid 12:tid 140410692544192] [remote 10.0.0.233:37824] 2026-07-15 05:10:05.035 12 ERROR keystone.server.flask.application trans.commit(_to_root=True)
[Wed Jul 15 05:10:05.056838 2026] [wsgi:error] [pid 12:tid 140410692544192] [remote 10.0.0.233:37824] 2026-07-15 05:10:05.035 12 ERROR keystone.server.flask.application File "", line 2, in commit
[Wed Jul 15 05:10:05.056841 2026] [wsgi:error] [pid 12:tid 140410692544192] [remote 10.0.0.233:37824] 2026-07-15 05:10:05.035 12 ERROR keystone.server.flask.application
File "/var/lib/openstack/lib/python3.12/site-packages/sqlalchemy/orm/state_changes.py", line 137, in _go
[Wed Jul 15 05:10:05.056844 2026] [wsgi:error] [pid 12:tid 140410692544192] [remote 10.0.0.233:37824] 2026-07-15 05:10:05.035 12 ERROR keystone.server.flask.application ret_value = fn(self, *arg, **kw)
[Wed Jul 15 05:10:05.056848 2026] [wsgi:error] [pid 12:tid 140410692544192] [remote 10.0.0.233:37824] 2026-07-15 05:10:05.035 12 ERROR keystone.server.flask.application ^^^^^^^^^^^^^^^^^^^^
[Wed Jul 15 05:10:05.056851 2026] [wsgi:error] [pid 12:tid 140410692544192] [remote 10.0.0.233:37824] 2026-07-15 05:10:05.035 12 ERROR keystone.server.flask.application
File "/var/lib/openstack/lib/python3.12/site-packages/sqlalchemy/orm/session.py", line 1315, in commit
[Wed Jul 15 05:10:05.056854 2026] [wsgi:error] [pid 12:tid 140410692544192] [remote 10.0.0.233:37824] 2026-07-15 05:10:05.035 12 ERROR keystone.server.flask.application self._prepare_impl()
[Wed Jul 15 05:10:05.056856 2026] [wsgi:error] [pid 12:tid 140410692544192] [remote 10.0.0.233:37824] 2026-07-15 05:10:05.035 12 ERROR keystone.server.flask.application File "", line 2, in _prepare_impl
[Wed Jul 15 05:10:05.056859 2026] [wsgi:error] [pid 12:tid 140410692544192] [remote 10.0.0.233:37824] 2026-07-15 05:10:05.035 12 ERROR keystone.server.flask.application
File "/var/lib/openstack/lib/python3.12/site-packages/sqlalchemy/orm/state_changes.py", line 137, in _go
[Wed Jul 15 05:10:05.056862 2026] [wsgi:error] [pid 12:tid 140410692544192] [remote 10.0.0.233:37824] 2026-07-15 05:10:05.035 12 ERROR keystone.server.flask.application ret_value = fn(self, *arg, **kw)
[Wed Jul 15 05:10:05.056864 2026] [wsgi:error] [pid 12:tid 140410692544192] [remote 10.0.0.233:37824] 2026-07-15 05:10:05.035 12 ERROR keystone.server.flask.application ^^^^^^^^^^^^^^^^^^^^
[Wed Jul 15 05:10:05.056866 2026] [wsgi:error] [pid 12:tid 140410692544192] [remote 10.0.0.233:37824] 2026-07-15 05:10:05.035 12 ERROR keystone.server.flask.application
File "/var/lib/openstack/lib/python3.12/site-packages/sqlalchemy/orm/session.py", line 1290, in _prepare_impl
[Wed Jul 15 05:10:05.056868 2026] [wsgi:error] [pid 12:tid 140410692544192] [remote 10.0.0.233:37824] 2026-07-15 05:10:05.035 12 ERROR keystone.server.flask.application self.session.flush()
[Wed Jul 15 05:10:05.056870 2026] [wsgi:error] [pid 12:tid 140410692544192] [remote 10.0.0.233:37824] 2026-07-15 05:10:05.035 12 ERROR keystone.server.flask.application
File "/var/lib/openstack/lib/python3.12/site-packages/sqlalchemy/orm/session.py", line 4352, in flush
[Wed Jul 15 05:10:05.056873 2026] [wsgi:error] [pid 12:tid 140410692544192] [remote 10.0.0.233:37824] 2026-07-15 05:10:05.035 12 ERROR keystone.server.flask.application self._flush(objects)
[Wed Jul 15 05:10:05.056875 2026] [wsgi:error] [pid 12:tid 140410692544192] [remote 10.0.0.233:37824] 2026-07-15 05:10:05.035 12 ERROR keystone.server.flask.application
File "/var/lib/openstack/lib/python3.12/site-packages/sqlalchemy/orm/session.py", line 4487, in _flush
[Wed Jul 15 05:10:05.056878 2026] [wsgi:error] [pid 12:tid 140410692544192] [remote 10.0.0.233:37824] 2026-07-15 05:10:05.035 12 ERROR keystone.server.flask.application with util.safe_reraise():
[Wed Jul 15 05:10:05.056880 2026] [wsgi:error] [pid 12:tid 140410692544192] [remote 10.0.0.233:37824] 2026-07-15 05:10:05.035 12 ERROR keystone.server.flask.application
File "/var/lib/openstack/lib/python3.12/site-packages/sqlalchemy/util/langhelpers.py", line 122, in __exit__
[Wed Jul 15 05:10:05.056883 2026] [wsgi:error] [pid 12:tid 140410692544192] [remote 10.0.0.233:37824] 2026-07-15 05:10:05.035 12 ERROR keystone.server.flask.application raise exc_value.with_traceback(exc_tb)
[Wed Jul 15 05:10:05.056885 2026] [wsgi:error] [pid 12:tid 140410692544192] [remote 10.0.0.233:37824] 2026-07-15 05:10:05.035 12 ERROR keystone.server.flask.application
File "/var/lib/openstack/lib/python3.12/site-packages/sqlalchemy/orm/session.py", line 4448, in _flush
[Wed Jul 15 05:10:05.056887 2026] [wsgi:error] [pid 12:tid 140410692544192] [remote 10.0.0.233:37824] 2026-07-15 05:10:05.035 12 ERROR keystone.server.flask.application flush_context.execute()
