+ COMMAND=start + start + for KEYSTONE_WSGI_SCRIPT in keystone-wsgi-public ++ type -p keystone-wsgi-public + cp -a /var/lib/openstack/bin/keystone-wsgi-public /var/www/cgi-bin/keystone/ + '[' -f /etc/apache2/envvars ']' + source /etc/apache2/envvars ++ unset HOME ++ '[' '' '!=' '' ']' ++ SUFFIX= ++ export APACHE_RUN_USER=www-data ++ APACHE_RUN_USER=www-data ++ export APACHE_RUN_GROUP=www-data ++ APACHE_RUN_GROUP=www-data ++ export APACHE_PID_FILE=/var/run/apache2/apache2.pid ++ APACHE_PID_FILE=/var/run/apache2/apache2.pid ++ export APACHE_RUN_DIR=/var/run/apache2 ++ APACHE_RUN_DIR=/var/run/apache2 ++ export APACHE_LOCK_DIR=/var/lock/apache2 ++ APACHE_LOCK_DIR=/var/lock/apache2 ++ export APACHE_LOG_DIR=/var/log/apache2 ++ APACHE_LOG_DIR=/var/log/apache2 ++ export LANG=C ++ LANG=C ++ export LANG + '[' -f /var/run/apache2/apache2.pid ']' + exec apache2 -DFOREGROUND AH00558: apache2: Could not reliably determine the server's fully qualified domain name, using 10.0.0.96. Set the 'ServerName' directive globally to suppress this message AH00558: apache2: Could not reliably determine the server's fully qualified domain name, using 10.0.0.96. Set the 'ServerName' directive globally to suppress this message
[Thu Jul 23 23:58:59.683038 2026] [mpm_event:notice] [pid 1:tid 140194815248256] AH00489: Apache/2.4.58 (Ubuntu) mod_wsgi/5.0.0 Python/3.12 configured -- resuming normal operations
[Thu Jul 23 23:58:59.683280 2026] [core:notice] [pid 1:tid 140194815248256] AH00094: Command line: 'apache2 -D FOREGROUND'
[Fri Jul 24 00:00:00.741590 2026] [wsgi:error] [pid 12:tid 140194177427136] /var/lib/openstack/lib/python3.12/site-packages/oslo_utils/importutils.py:77: EventletDeprecationWarning:
[Fri Jul 24 00:00:00.741633 2026] [wsgi:error] [pid 12:tid 140194177427136] Eventlet is deprecated. It is currently being maintained in bugfix mode, and
[Fri Jul 24 00:00:00.741635 2026] [wsgi:error] [pid 12:tid 140194177427136] we strongly recommend against using it for new projects.
[Fri Jul 24 00:00:00.741636 2026] [wsgi:error] [pid 12:tid 140194177427136]
[Fri Jul 24 00:00:00.741637 2026] [wsgi:error] [pid 12:tid 140194177427136] If you are already using Eventlet, we recommend migrating to a different
[Fri Jul 24 00:00:00.741639 2026] [wsgi:error] [pid 12:tid 140194177427136] framework. For more detail see
[Fri Jul 24 00:00:00.741640 2026] [wsgi:error] [pid 12:tid 140194177427136] https://eventlet.readthedocs.io/en/latest/asyncio/migration.html
[Fri Jul 24 00:00:00.741641 2026] [wsgi:error] [pid 12:tid 140194177427136]
[Fri Jul 24 00:00:00.741642 2026] [wsgi:error] [pid 12:tid 140194177427136] __import__(import_str)
[Fri Jul 24 00:00:00.765168 2026] [wsgi:error] [pid 10:tid 140194177427136] /var/lib/openstack/lib/python3.12/site-packages/oslo_utils/importutils.py:77: EventletDeprecationWarning:
[Fri Jul 24 00:00:00.765219 2026] [wsgi:error] [pid 10:tid 140194177427136] Eventlet is deprecated. It is currently being maintained in bugfix mode, and
[Fri Jul 24 00:00:00.765221 2026] [wsgi:error] [pid 10:tid 140194177427136] we strongly recommend against using it for new projects.
[Fri Jul 24 00:00:00.765223 2026] [wsgi:error] [pid 10:tid 140194177427136]
[Fri Jul 24 00:00:00.765224 2026] [wsgi:error] [pid 10:tid 140194177427136] If you are already using Eventlet, we recommend migrating to a different
[Fri Jul 24 00:00:00.765225 2026] [wsgi:error] [pid 10:tid 140194177427136] framework. For more detail see
[Fri Jul 24 00:00:00.765226 2026] [wsgi:error] [pid 10:tid 140194177427136] https://eventlet.readthedocs.io/en/latest/asyncio/migration.html
[Fri Jul 24 00:00:00.765227 2026] [wsgi:error] [pid 10:tid 140194177427136]
[Fri Jul 24 00:00:00.765228 2026] [wsgi:error] [pid 10:tid 140194177427136] __import__(import_str) 10.0.0.146 - - [23/Jul/2026:23:59:59 +0000] "GET /v3/ HTTP/1.1" 200 249 10.0.0.146 - - [23/Jul/2026:23:59:59 +0000] "GET /v3/ HTTP/1.1" 200 249
[Fri Jul 24 00:00:06.167869 2026] [wsgi:error] [pid 9:tid 140194177427136] /var/lib/openstack/lib/python3.12/site-packages/oslo_utils/importutils.py:77: EventletDeprecationWarning:
[Fri Jul 24 00:00:06.167913 2026] [wsgi:error] [pid 9:tid 140194177427136] Eventlet is deprecated. It is currently being maintained in bugfix mode, and
[Fri Jul 24 00:00:06.167915 2026] [wsgi:error] [pid 9:tid 140194177427136] we strongly recommend against using it for new projects.
[Fri Jul 24 00:00:06.167916 2026] [wsgi:error] [pid 9:tid 140194177427136]
[Fri Jul 24 00:00:06.167917 2026] [wsgi:error] [pid 9:tid 140194177427136] If you are already using Eventlet, we recommend migrating to a different
[Fri Jul 24 00:00:06.167919 2026] [wsgi:error] [pid 9:tid 140194177427136] framework. For more detail see
[Fri Jul 24 00:00:06.167920 2026] [wsgi:error] [pid 9:tid 140194177427136] https://eventlet.readthedocs.io/en/latest/asyncio/migration.html
[Fri Jul 24 00:00:06.167921 2026] [wsgi:error] [pid 9:tid 140194177427136]
[Fri Jul 24 00:00:06.167922 2026] [wsgi:error] [pid 9:tid 140194177427136] __import__(import_str) 10.0.0.146 - - [24/Jul/2026:00:00:05 +0000] "GET /v3/ HTTP/1.1" 200 249
[Fri Jul 24 00:00:13.691332 2026] [wsgi:error] [pid 11:tid 140194177427136] /var/lib/openstack/lib/python3.12/site-packages/oslo_utils/importutils.py:77: EventletDeprecationWarning:
[Fri Jul 24 00:00:13.691374 2026] [wsgi:error] [pid 11:tid 140194177427136] Eventlet is deprecated. It is currently being maintained in bugfix mode, and
[Fri Jul 24 00:00:13.691376 2026] [wsgi:error] [pid 11:tid 140194177427136] we strongly recommend against using it for new projects.
[Fri Jul 24 00:00:13.691377 2026] [wsgi:error] [pid 11:tid 140194177427136]
[Fri Jul 24 00:00:13.691378 2026] [wsgi:error] [pid 11:tid 140194177427136] If you are already using Eventlet, we recommend migrating to a different
[Fri Jul 24 00:00:13.691379 2026] [wsgi:error] [pid 11:tid 140194177427136] framework. For more detail see
[Fri Jul 24 00:00:13.691380 2026] [wsgi:error] [pid 11:tid 140194177427136] https://eventlet.readthedocs.io/en/latest/asyncio/migration.html
[Fri Jul 24 00:00:13.691381 2026] [wsgi:error] [pid 11:tid 140194177427136]
[Fri Jul 24 00:00:13.691382 2026] [wsgi:error] [pid 11:tid 140194177427136] __import__(import_str) 10.0.0.254 - - [24/Jul/2026:00:00:12 +0000] "GET / HTTP/1.1" 300 295
[Fri Jul 24 00:00:18.411984 2026] [wsgi:error] [pid 12:tid 140194177427136] [remote 10.0.0.254:33720] 2026-07-24 00:00:18.408 12 WARNING keystone.identity.core [None req-686711bf-28bb-4c26-a890-be09fd598a9d - - - - - -] Invalid domain name (atmosphere) found in config file name: keystone.exception.DomainNotFound: Could not find domain: atmosphere.
[Fri Jul 24 00:00:18.466505 2026] [wsgi:error] [pid 12:tid 140194177427136] [remote 10.0.0.254:33720] 2026-07-24 00:00:18.466 12 WARNING keystone.common.password_hashing [None req-686711bf-28bb-4c26-a890-be09fd598a9d - - - - - -] Truncating password to algorithm specific maximum length 72 characters.
[Fri Jul 24 00:00:18.750136 2026] [wsgi:error] [pid 12:tid 140194177427136] [remote 10.0.0.254:33720] 2026-07-24 00:00:18.749 12 WARNING keystone.common.fernet_utils [None req-686711bf-28bb-4c26-a890-be09fd598a9d - - - - - -] key_repository is world readable: /etc/keystone/fernet-keys/ 10.0.0.254 - - [24/Jul/2026:00:00:18 +0000] "POST /v3/auth/tokens HTTP/1.1" 201 1359
[Fri Jul 24 00:00:19.109600 2026] [wsgi:error] [pid 10:tid 140194177427136] [remote 10.0.0.254:33720] 2026-07-24 00:00:19.106 10 WARNING keystone.identity.core [None req-91c1be5c-297b-4373-bd1d-32f520671e50 - - - - - -] Invalid domain name (atmosphere) found in config file name: keystone.exception.DomainNotFound: Could not find domain: atmosphere. 10.0.0.254 - - [24/Jul/2026:00:00:18 +0000] "POST /v3/domains HTTP/1.1" 201 261 10.0.0.3 - - [24/Jul/2026:00:00:31 +0000] "GET / HTTP/1.1" 300 295
[Fri Jul 24 00:00:31.348954 2026] [wsgi:error] [pid 11:tid 140194177427136] [remote 10.0.0.3:53624] 2026-07-24 00:00:31.348 11 WARNING keystone.common.password_hashing [None req-35b01b0f-408d-409b-8549-11c231147c58 - - - - - -] Truncating password to algorithm specific maximum length 72 characters.
[Fri Jul 24 00:00:31.622956 2026] [wsgi:error] [pid 11:tid 140194177427136] [remote 10.0.0.3:53624] 2026-07-24 00:00:31.622 11 WARNING keystone.common.fernet_utils [None req-35b01b0f-408d-409b-8549-11c231147c58 - - - - - -] key_repository is world readable: /etc/keystone/fernet-keys/ 10.0.0.3 - - [24/Jul/2026:00:00:31 +0000] "POST /v3/auth/tokens HTTP/1.1" 201 1359 10.0.0.3 - - [24/Jul/2026:00:00:31 +0000] "GET /v3/roles/admin HTTP/1.1" 404 83
[Fri Jul 24 00:00:31.883037 2026] [wsgi:error] [pid 10:tid 140194177427136] [remote 10.0.0.3:53624] 2026-07-24 00:00:31.882 10 WARNING keystone.common.rbac_enforcer.enforcer [None req-327af759-6869-4959-9f52-956f7f726102 c4737dab54154e4884e833082fc33bb2 d5bf721af71644e4bc8914b086454e4e - - default default] Deprecated policy rules found. Use oslopolicy-policy-generator and oslopolicy-policy-upgrade to detect and resolve deprecated policies in your configuration. 10.0.0.3 - - [24/Jul/2026:00:00:31 +0000] "GET /v3/roles?name=admin HTTP/1.1" 200 389
[Fri Jul 24 00:00:32.349343 2026] [wsgi:error] [pid 9:tid 140194177427136] [remote 10.0.0.3:53624] 2026-07-24 00:00:32.349 9 WARNING keystone.common.rbac_enforcer.enforcer [None req-8c2a8813-6c4d-407f-ae25-dcfa3e6ddabf c4737dab54154e4884e833082fc33bb2 d5bf721af71644e4bc8914b086454e4e - - default default] Deprecated policy rules found. Use oslopolicy-policy-generator and oslopolicy-policy-upgrade to detect and resolve deprecated policies in your configuration. 10.0.0.3 - - [24/Jul/2026:00:00:31 +0000] "GET /v3/users/admin-RegionOne HTTP/1.1" 404 93
[Fri Jul 24 00:00:32.490319 2026] [wsgi:error] [pid 11:tid 140194177427136] [remote 10.0.0.3:53624] 2026-07-24 00:00:32.490 11 WARNING keystone.common.rbac_enforcer.enforcer [None req-373d8189-f2ef-47a1-937f-816994d12cec c4737dab54154e4884e833082fc33bb2 d5bf721af71644e4bc8914b086454e4e - - default default] Deprecated policy rules found. Use oslopolicy-policy-generator and oslopolicy-policy-upgrade to detect and resolve deprecated policies in your configuration. 10.0.0.3 - - [24/Jul/2026:00:00:32 +0000] "GET /v3/users?name=admin-RegionOne HTTP/1.1" 200 422
[Fri Jul 24 00:00:32.695911 2026] [wsgi:error] [pid 12:tid 140194177427136] [remote 10.0.0.3:53624] 2026-07-24 00:00:32.695 12 WARNING keystone.common.rbac_enforcer.enforcer [None req-975075c1-95a2-4ee6-9e7a-d024d6ea6572 c4737dab54154e4884e833082fc33bb2 d5bf721af71644e4bc8914b086454e4e - - default default] Deprecated policy rules found. Use oslopolicy-policy-generator and oslopolicy-policy-upgrade to detect and resolve deprecated policies in your configuration. 10.0.0.3 - - [24/Jul/2026:00:00:32 +0000] "GET /v3/domains/default HTTP/1.1" 200 224 10.0.0.3 - - [24/Jul/2026:00:00:32 +0000] "PUT /v3/domains/default/users/c4737dab54154e4884e833082fc33bb2/roles/2a02d7e0d3fc47878b8da45fc16dba69 HTTP/1.1" 204 - 10.0.0.146 - - [24/Jul/2026:00:00:43 +0000] "GET / HTTP/1.1" 300 280 10.0.0.146 - - [24/Jul/2026:00:00:44 +0000] "GET /v3 HTTP/1.1" 200 265
[Fri Jul 24 00:00:44.683427 2026] [wsgi:error] [pid 12:tid 140194177427136] [remote 10.0.0.146:36660] 2026-07-24 00:00:44.683 12 WARNING keystone.common.password_hashing [None req-02d5d88b-f5ff-4b56-a5c7-819e2bdf3a22 - - - - - -] Truncating password to algorithm specific maximum length 72 characters.
[Fri Jul 24 00:00:44.973620 2026] [wsgi:error] [pid 12:tid 140194177427136] [remote 10.0.0.146:36660] 2026-07-24 00:00:44.973 12 WARNING keystone.common.fernet_utils [None req-02d5d88b-f5ff-4b56-a5c7-819e2bdf3a22 - - - - - -] key_repository is world readable: /etc/keystone/fernet-keys/ 10.0.0.146 - - [24/Jul/2026:00:00:44 +0000] "POST /v3/auth/tokens HTTP/1.1" 201 1359 10.0.0.146 - - [24/Jul/2026:00:00:45 +0000] "GET / HTTP/1.1" 300 280 10.0.0.146 - - [24/Jul/2026:00:00:45 +0000] "GET /v3/domains/atmosphere HTTP/1.1" 404 90 10.0.0.146 - - [24/Jul/2026:00:00:45 +0000] "GET /v3/domains?name=atmosphere HTTP/1.1" 200 368 10.0.0.146 - - [24/Jul/2026:00:00:45 +0000] "GET /v3/domains/c5d0e7ea3db844bd9e7f070cf1920bee HTTP/1.1" 200 246 10.0.0.146 - - [24/Jul/2026:00:00:46 +0000] "GET /v3 HTTP/1.1" 200 265
[Fri Jul 24 00:00:46.062038 2026] [wsgi:error] [pid 9:tid 140194177427136] [remote 10.0.0.146:36660] 2026-07-24 00:00:46.061 9 WARNING keystone.common.password_hashing [None req-2247129e-94c2-4e35-8e11-0e7e89273f8d - - - - - -] Truncating password to algorithm specific maximum length 72 characters.
[Fri Jul 24 00:00:46.343413 2026] [wsgi:error] [pid 9:tid 140194177427136] [remote 10.0.0.146:36660] 2026-07-24 00:00:46.343 9 WARNING keystone.common.fernet_utils [None req-2247129e-94c2-4e35-8e11-0e7e89273f8d - - - - - -] key_repository is world readable: /etc/keystone/fernet-keys/ 10.0.0.146 - - [24/Jul/2026:00:00:46 +0000] "POST /v3/auth/tokens HTTP/1.1" 201 1359 10.0.0.146 - - [24/Jul/2026:00:00:46 +0000] "GET / HTTP/1.1" 300 280 10.0.0.146 - - [24/Jul/2026:00:00:46 +0000] "GET /v3/OS-FEDERATION/identity_providers/atmosphere HTTP/1.1" 404 101 10.0.0.146 - - [24/Jul/2026:00:00:46 +0000] "GET /v3/OS-FEDERATION/identity_providers HTTP/1.1" 200 155 10.0.0.146 - - [24/Jul/2026:00:00:46 +0000] "PUT /v3/OS-FEDERATION/identity_providers/atmosphere HTTP/1.1" 201 340 10.0.0.146 - - [24/Jul/2026:00:00:47 +0000] "GET /v3 HTTP/1.1" 200 265
[Fri Jul 24 00:00:47.091006 2026] [wsgi:error] [pid 12:tid 140194177427136] [remote 10.0.0.146:36660] 2026-07-24 00:00:47.090 12 WARNING keystone.common.password_hashing [None req-5dc34d1c-365e-451e-8328-ceea83b76b5e - - - - - -] Truncating password to algorithm specific maximum length 72 characters.
[Fri Jul 24 00:00:47.369650 2026] [wsgi:error] [pid 12:tid 140194177427136] [remote 10.0.0.146:36660] 2026-07-24 00:00:47.369 12 WARNING keystone.common.fernet_utils [None req-5dc34d1c-365e-451e-8328-ceea83b76b5e - - - - - -] key_repository is world readable: /etc/keystone/fernet-keys/ 10.0.0.146 - - [24/Jul/2026:00:00:47 +0000] "POST /v3/auth/tokens HTTP/1.1" 201 1359 10.0.0.146 - - [24/Jul/2026:00:00:47 +0000] "GET / HTTP/1.1" 300 280 10.0.0.146 - - [24/Jul/2026:00:00:47 +0000] "GET /v3/OS-FEDERATION/mappings/atmosphere-openid HTTP/1.1" 404 98 10.0.0.146 - - [24/Jul/2026:00:00:47 +0000] "GET /v3/OS-FEDERATION/mappings HTTP/1.1" 200 135 10.0.0.146 - - [24/Jul/2026:00:00:47 +0000] "PUT /v3/OS-FEDERATION/mappings/atmosphere-openid HTTP/1.1" 201 356 10.0.0.146 - - [24/Jul/2026:00:00:48 +0000] "GET /v3 HTTP/1.1" 200 265
[Fri Jul 24 00:00:48.110468 2026] [wsgi:error] [pid 9:tid 140194177427136] [remote 10.0.0.146:36660] 2026-07-24 00:00:48.110 9 WARNING keystone.common.password_hashing [None req-92479fd1-5213-429b-8c66-ed1a63682672 - - - - - -] Truncating password to algorithm specific maximum length 72 characters.
[Fri Jul 24 00:00:48.388813 2026] [wsgi:error] [pid 9:tid 140194177427136] [remote 10.0.0.146:36660] 2026-07-24 00:00:48.388 9 WARNING keystone.common.fernet_utils [None req-92479fd1-5213-429b-8c66-ed1a63682672 - - - - - -] key_repository is world readable: /etc/keystone/fernet-keys/ 10.0.0.146 - - [24/Jul/2026:00:00:48 +0000] "POST /v3/auth/tokens HTTP/1.1" 201 1359 10.0.0.146 - - [24/Jul/2026:00:00:48 +0000] "GET / HTTP/1.1" 300 280 10.0.0.146 - - [24/Jul/2026:00:00:48 +0000] "GET /v3/OS-FEDERATION/identity_providers/atmosphere/protocols/openid?idp_id=atmosphere HTTP/1.1" 404 131 10.0.0.146 - - [24/Jul/2026:00:00:48 +0000] "GET /v3/OS-FEDERATION/identity_providers/atmosphere/protocols HTTP/1.1" 200 167 10.0.0.146 - - [24/Jul/2026:00:00:48 +0000] "PUT /v3/OS-FEDERATION/identity_providers/atmosphere/protocols/openid HTTP/1.1" 201 222 10.0.0.146 - - [24/Jul/2026:00:00:59 +0000] "GET /v3/ HTTP/1.1" 200 249 10.0.0.146 - - [24/Jul/2026:00:00:59 +0000] "GET /v3/ HTTP/1.1" 200 249 10.0.0.146 - - [24/Jul/2026:00:01:59 +0000] "GET /v3/ HTTP/1.1" 200 249 10.0.0.146 - - [24/Jul/2026:00:01:59 +0000] "GET /v3/ HTTP/1.1" 200 249 10.0.0.95 - - [24/Jul/2026:00:02:11 +0000] "GET / HTTP/1.1" 300 295
[Fri Jul 24 00:02:11.040645 2026] [wsgi:error] [pid 12:tid 140194177427136] [remote 10.0.0.95:33600] 2026-07-24 00:02:11.040 12 WARNING keystone.common.password_hashing [None req-71c14208-831a-4bf8-a7cf-424ea735ddc5 - - - - - -] Truncating password to algorithm specific maximum length 72 characters.
[Fri Jul 24 00:02:11.311839 2026] [wsgi:error] [pid 12:tid 140194177427136] [remote 10.0.0.95:33600] 2026-07-24 00:02:11.311 12 WARNING keystone.common.fernet_utils [None req-71c14208-831a-4bf8-a7cf-424ea735ddc5 - - - - - -] key_repository is world readable: /etc/keystone/fernet-keys/ 10.0.0.95 - - [24/Jul/2026:00:02:11 +0000] "POST /v3/auth/tokens HTTP/1.1" 201 1359 10.0.0.95 - - [24/Jul/2026:00:02:11 +0000] "GET /v3/services HTTP/1.1" 200 355 10.0.0.95 - - [24/Jul/2026:00:02:14 +0000] "GET / HTTP/1.1" 300 295
[Fri Jul 24 00:02:14.936720 2026] [wsgi:error] [pid 11:tid 140194177427136] [remote 10.0.0.95:33616] 2026-07-24 00:02:14.936 11 WARNING keystone.common.password_hashing [None req-63e027b1-62bc-45a7-a556-4a16270769e2 - - - - - -] Truncating password to algorithm specific maximum length 72 characters.
[Fri Jul 24 00:02:15.216557 2026] [wsgi:error] [pid 11:tid 140194177427136] [remote 10.0.0.95:33616] 2026-07-24 00:02:15.216 11 WARNING keystone.common.fernet_utils [None req-63e027b1-62bc-45a7-a556-4a16270769e2 - - - - - -] key_repository is world readable: /etc/keystone/fernet-keys/ 10.0.0.95 - - [24/Jul/2026:00:02:14 +0000] "POST /v3/auth/tokens HTTP/1.1" 201 1359 10.0.0.95 - - [24/Jul/2026:00:02:15 +0000] "GET /v3/services HTTP/1.1" 200 355 10.0.0.95 - - [24/Jul/2026:00:02:18 +0000] "GET / HTTP/1.1" 300 295
[Fri Jul 24 00:02:18.932431 2026] [wsgi:error] [pid 9:tid 140194177427136] [remote 10.0.0.95:33624] 2026-07-24 00:02:18.932 9 WARNING keystone.common.password_hashing [None req-b551483c-cde1-4815-8d77-b85039d7f05b - - - - - -] Truncating password to algorithm specific maximum length 72 characters.
[Fri Jul 24 00:02:19.202026 2026] [wsgi:error] [pid 9:tid 140194177427136] [remote 10.0.0.95:33624] 2026-07-24 00:02:19.201 9 WARNING keystone.common.fernet_utils [None req-b551483c-cde1-4815-8d77-b85039d7f05b - - - - - -] key_repository is world readable: /etc/keystone/fernet-keys/ 10.0.0.95 - - [24/Jul/2026:00:02:18 +0000] "POST /v3/auth/tokens HTTP/1.1" 201 1359 10.0.0.95 - - [24/Jul/2026:00:02:19 +0000] "GET /v3/services HTTP/1.1" 200 355 10.0.0.95 - - [24/Jul/2026:00:02:22 +0000] "GET / HTTP/1.1" 300 295
[Fri Jul 24 00:02:22.844351 2026] [wsgi:error] [pid 10:tid 140194177427136] [remote 10.0.0.95:39666] 2026-07-24 00:02:22.843 10 WARNING keystone.common.password_hashing [None req-7290c38a-58df-4903-8efe-4f4115d3ba22 - - - - - -] Truncating password to algorithm specific maximum length 72 characters.
[Fri Jul 24 00:02:23.112135 2026] [wsgi:error] [pid 10:tid 140194177427136] [remote 10.0.0.95:39666] 2026-07-24 00:02:23.112 10 WARNING keystone.common.fernet_utils [None req-7290c38a-58df-4903-8efe-4f4115d3ba22 - - - - - -] key_repository is world readable: /etc/keystone/fernet-keys/ 10.0.0.95 - - [24/Jul/2026:00:02:22 +0000] "POST /v3/auth/tokens HTTP/1.1" 201 1359 10.0.0.95 - - [24/Jul/2026:00:02:23 +0000] "POST /v3/services HTTP/1.1" 201 296 10.0.0.32 - - [24/Jul/2026:00:02:35 +0000] "GET / HTTP/1.1" 300 295
[Fri Jul 24 00:02:35.335003 2026] [wsgi:error] [pid 12:tid 140194177427136] [remote 10.0.0.32:50924] 2026-07-24 00:02:35.334 12 WARNING keystone.common.password_hashing [None req-fa09a272-eec8-4b25-a09f-a9303cfdcb25 - - - - - -] Truncating password to algorithm specific maximum length 72 characters. 10.0.0.32 - - [24/Jul/2026:00:02:35 +0000] "GET / HTTP/1.1" 300 295 10.0.0.32 - - [24/Jul/2026:00:02:35 +0000] "GET / HTTP/1.1" 300 295
[Fri Jul 24 00:02:35.379279 2026] [wsgi:error] [pid 11:tid 140194177427136] [remote 10.0.0.32:50938] 2026-07-24 00:02:35.379 11 WARNING keystone.common.password_hashing [None req-23882ce4-3048-4678-98c0-2fd650ba09ae - - - - - -] Truncating password to algorithm specific maximum length 72 characters.
[Fri Jul 24 00:02:35.382795 2026] [wsgi:error] [pid 10:tid 140194177427136] [remote 10.0.0.32:50944] 2026-07-24 00:02:35.382 10 WARNING keystone.common.password_hashing [None req-88377713-e1d3-4baf-89cb-2b8e924d6429 - - - - - -] Truncating password to algorithm specific maximum length 72 characters.
[Fri Jul 24 00:02:35.629247 2026] [wsgi:error] [pid 12:tid 140194177427136] [remote 10.0.0.32:50924] 2026-07-24 00:02:35.629 12 WARNING keystone.common.fernet_utils [None req-fa09a272-eec8-4b25-a09f-a9303cfdcb25 - - - - - -] key_repository is world readable: /etc/keystone/fernet-keys/ 10.0.0.32 - - [24/Jul/2026:00:02:35 +0000] "POST /v3/auth/tokens HTTP/1.1" 201 1463
[Fri Jul 24 00:02:35.659809 2026] [wsgi:error] [pid 10:tid 140194177427136] [remote 10.0.0.32:50944] 2026-07-24 00:02:35.659 10 WARNING keystone.common.fernet_utils [None req-88377713-e1d3-4baf-89cb-2b8e924d6429 - - - - - -] key_repository is world readable: /etc/keystone/fernet-keys/ 10.0.0.32 - - [24/Jul/2026:00:02:35 +0000] "POST /v3/auth/tokens HTTP/1.1" 201 1463
[Fri Jul 24 00:02:35.672298 2026] [wsgi:error] [pid 11:tid 140194177427136] [remote 10.0.0.32:50938] 2026-07-24 00:02:35.672 11 WARNING keystone.common.fernet_utils [None req-23882ce4-3048-4678-98c0-2fd650ba09ae - - - - - -] key_repository is world readable: /etc/keystone/fernet-keys/ 10.0.0.32 - - [24/Jul/2026:00:02:35 +0000] "POST /v3/auth/tokens HTTP/1.1" 201 1463 10.0.0.32 - - [24/Jul/2026:00:02:35 +0000] "GET /v3/services HTTP/1.1" 200 639 10.0.0.32 - - [24/Jul/2026:00:02:35 +0000] "GET /v3/services HTTP/1.1" 200 639 10.0.0.32 - - [24/Jul/2026:00:02:35 +0000] "GET /v3/services HTTP/1.1" 200 639 10.0.0.32 - - [24/Jul/2026:00:02:37 +0000] "GET / HTTP/1.1" 300 295 10.0.0.32 - - [24/Jul/2026:00:02:37 +0000] "GET / HTTP/1.1" 300 295
[Fri Jul 24 00:02:37.270722 2026] [wsgi:error] [pid 9:tid 140194177427136] [remote 10.0.0.32:50956] 2026-07-24 00:02:37.270 9 WARNING keystone.common.password_hashing [None req-837c9cb0-1cfc-43c7-9c08-f33cffc4097b - - - - - -] Truncating password to algorithm specific maximum length 72 characters.
[Fri Jul 24 00:02:37.294966 2026] [wsgi:error] [pid 10:tid 140194177427136] [remote 10.0.0.32:50972] 2026-07-24 00:02:37.294 10 WARNING keystone.common.password_hashing [None req-a37c6190-4a73-4913-96a2-1c878b9e4c6c - - - - - -] Truncating password to algorithm specific maximum length 72 characters. 10.0.0.32 - - [24/Jul/2026:00:02:37 +0000] "GET / HTTP/1.1" 300 295
[Fri Jul 24 00:02:37.353231 2026] [wsgi:error] [pid 12:tid 140194177427136] [remote 10.0.0.32:50982] 2026-07-24 00:02:37.353 12 WARNING keystone.common.password_hashing [None req-fe28ec53-76e0-4a2e-8dd7-23becd3e62f0 - - - - - -] Truncating password to algorithm specific maximum length 72 characters.
[Fri Jul 24 00:02:37.560351 2026] [wsgi:error] [pid 9:tid 140194177427136] [remote 10.0.0.32:50956] 2026-07-24 00:02:37.560 9 WARNING keystone.common.fernet_utils [None req-837c9cb0-1cfc-43c7-9c08-f33cffc4097b - - - - - -] key_repository is world readable: /etc/keystone/fernet-keys/ 10.0.0.32 - - [24/Jul/2026:00:02:37 +0000] "POST /v3/auth/tokens HTTP/1.1" 201 1463
[Fri Jul 24 00:02:37.569436 2026] [wsgi:error] [pid 10:tid 140194177427136] [remote 10.0.0.32:50972] 2026-07-24 00:02:37.569 10 WARNING keystone.common.fernet_utils [None req-a37c6190-4a73-4913-96a2-1c878b9e4c6c - - - - - -] key_repository is world readable: /etc/keystone/fernet-keys/ 10.0.0.32 - - [24/Jul/2026:00:02:37 +0000] "POST /v3/auth/tokens HTTP/1.1" 201 1463
[Fri Jul 24 00:02:37.645252 2026] [wsgi:error] [pid 12:tid 140194177427136] [remote 10.0.0.32:50982] 2026-07-24 00:02:37.645 12 WARNING keystone.common.fernet_utils [None req-fe28ec53-76e0-4a2e-8dd7-23becd3e62f0 - - - - - -] key_repository is world readable: /etc/keystone/fernet-keys/ 10.0.0.32 - - [24/Jul/2026:00:02:37 +0000] "POST /v3/auth/tokens HTTP/1.1" 201 1463 10.0.0.32 - - [24/Jul/2026:00:02:37 +0000] "GET /v3/endpoints HTTP/1.1" 200 1226 10.0.0.32 - - [24/Jul/2026:00:02:37 +0000] "GET /v3/endpoints HTTP/1.1" 200 1226 10.0.0.32 - - [24/Jul/2026:00:02:37 +0000] "GET /v3/services/9a893eeafa084cc29a4661ea7ef67989 HTTP/1.1" 200 233 10.0.0.32 - - [24/Jul/2026:00:02:37 +0000] "GET /v3/services/9a893eeafa084cc29a4661ea7ef67989 HTTP/1.1" 200 233 10.0.0.32 - - [24/Jul/2026:00:02:37 +0000] "GET /v3/services/9a893eeafa084cc29a4661ea7ef67989 HTTP/1.1" 200 233 10.0.0.32 - - [24/Jul/2026:00:02:37 +0000] "GET /v3/services/9a893eeafa084cc29a4661ea7ef67989 HTTP/1.1" 200 233 10.0.0.32 - - [24/Jul/2026:00:02:37 +0000] "GET /v3/services/9a893eeafa084cc29a4661ea7ef67989 HTTP/1.1" 200 233 10.0.0.32 - - [24/Jul/2026:00:02:37 +0000] "GET /v3/services/9a893eeafa084cc29a4661ea7ef67989 HTTP/1.1" 200 233 10.0.0.32 - - [24/Jul/2026:00:02:37 +0000] "GET /v3/endpoints HTTP/1.1" 200 1226 10.0.0.32 - - [24/Jul/2026:00:02:37 +0000] "GET /v3/services/9a893eeafa084cc29a4661ea7ef67989 HTTP/1.1" 200 233 10.0.0.32 - - [24/Jul/2026:00:02:37 +0000] "GET /v3/services/9a893eeafa084cc29a4661ea7ef67989 HTTP/1.1" 200 233 10.0.0.32 - - [24/Jul/2026:00:02:37 +0000] "GET /v3/services/9a893eeafa084cc29a4661ea7ef67989 HTTP/1.1" 200 233 10.0.0.32 - - [24/Jul/2026:00:02:39 +0000] "GET / HTTP/1.1" 300 295 10.0.0.32 - - [24/Jul/2026:00:02:39 +0000] "GET / HTTP/1.1" 300 295
[Fri Jul 24 00:02:39.225567 2026] [wsgi:error] [pid 9:tid 140194177427136] [remote 10.0.0.32:50996] 2026-07-24 00:02:39.225 9 WARNING keystone.common.password_hashing [None req-c2fa402d-5125-4e3c-9b16-1fdea31a5085 - - - - - -] Truncating password to algorithm specific maximum length 72 characters.
[Fri Jul 24 00:02:39.237409 2026] [wsgi:error] [pid 11:tid 140194177427136] [remote 10.0.0.32:50998] 2026-07-24 00:02:39.237 11 WARNING keystone.common.password_hashing [None req-b6e39b92-175c-4034-a33b-b613142b2e06 - - - - - -] Truncating password to algorithm specific maximum length 72 characters. 10.0.0.32 - - [24/Jul/2026:00:02:39 +0000] "GET / HTTP/1.1" 300 295
[Fri Jul 24 00:02:39.326269 2026] [wsgi:error] [pid 10:tid 140194177427136] [remote 10.0.0.32:51004] 2026-07-24 00:02:39.326 10 WARNING keystone.common.password_hashing [None req-ab787e9a-e836-4772-bb45-b340b371d3de - - - - - -] Truncating password to algorithm specific maximum length 72 characters.
[Fri Jul 24 00:02:39.509532 2026] [wsgi:error] [pid 11:tid 140194177427136] [remote 10.0.0.32:50998] 2026-07-24 00:02:39.509 11 WARNING keystone.common.fernet_utils [None req-b6e39b92-175c-4034-a33b-b613142b2e06 - - - - - -] key_repository is world readable: /etc/keystone/fernet-keys/ 10.0.0.32 - - [24/Jul/2026:00:02:39 +0000] "POST /v3/auth/tokens HTTP/1.1" 201 1463
[Fri Jul 24 00:02:39.516771 2026] [wsgi:error] [pid 9:tid 140194177427136] [remote 10.0.0.32:50996] 2026-07-24 00:02:39.516 9 WARNING keystone.common.fernet_utils [None req-c2fa402d-5125-4e3c-9b16-1fdea31a5085 - - - - - -] key_repository is world readable: /etc/keystone/fernet-keys/ 10.0.0.32 - - [24/Jul/2026:00:02:39 +0000] "POST /v3/auth/tokens HTTP/1.1" 201 1463
[Fri Jul 24 00:02:39.611275 2026] [wsgi:error] [pid 10:tid 140194177427136] [remote 10.0.0.32:51004] 2026-07-24 00:02:39.611 10 WARNING keystone.common.fernet_utils [None req-ab787e9a-e836-4772-bb45-b340b371d3de - - - - - -] key_repository is world readable: /etc/keystone/fernet-keys/ 10.0.0.32 - - [24/Jul/2026:00:02:39 +0000] "POST /v3/auth/tokens HTTP/1.1" 201 1463 10.0.0.32 - - [24/Jul/2026:00:02:39 +0000] "GET /v3/services/6f025614f49343edb315bd1d6dbd882b HTTP/1.1" 200 296 10.0.0.32 - - [24/Jul/2026:00:02:39 +0000] "GET /v3/services/6f025614f49343edb315bd1d6dbd882b HTTP/1.1" 200 296 10.0.0.32 - - [24/Jul/2026:00:02:39 +0000] "GET /v3/regions/RegionOne HTTP/1.1" 200 173 10.0.0.32 - - [24/Jul/2026:00:02:39 +0000] "GET /v3/regions/RegionOne HTTP/1.1" 200 173 10.0.0.32 - - [24/Jul/2026:00:02:39 +0000] "GET /v3/services/6f025614f49343edb315bd1d6dbd882b HTTP/1.1" 200 296 10.0.0.32 - - [24/Jul/2026:00:02:39 +0000] "GET /v3/regions/RegionOne HTTP/1.1" 200 173 10.0.0.32 - - [24/Jul/2026:00:02:39 +0000] "POST /v3/endpoints HTTP/1.1" 201 380 10.0.0.32 - - [24/Jul/2026:00:02:39 +0000] "POST /v3/endpoints HTTP/1.1" 201 369 10.0.0.32 - - [24/Jul/2026:00:02:39 +0000] "POST /v3/endpoints HTTP/1.1" 201 383 10.0.0.32 - - [24/Jul/2026:00:02:41 +0000] "GET / HTTP/1.1" 300 295 10.0.0.32 - - [24/Jul/2026:00:02:41 +0000] "GET / HTTP/1.1" 300 295
[Fri Jul 24 00:02:41.291271 2026] [wsgi:error] [pid 9:tid 140194177427136] [remote 10.0.0.32:57132] 2026-07-24 00:02:41.291 9 WARNING keystone.common.password_hashing [None req-c2967c3c-1ab6-4dc5-9faa-49007153be40 - - - - - -] Truncating password to algorithm specific maximum length 72 characters.
[Fri Jul 24 00:02:41.309839 2026] [wsgi:error] [pid 12:tid 140194177427136] [remote 10.0.0.32:57148] 2026-07-24 00:02:41.309 12 WARNING keystone.common.password_hashing [None req-bcc1c1a8-734b-46e4-b213-371adb4daba8 - - - - - -] Truncating password to algorithm specific maximum length 72 characters. 10.0.0.32 - - [24/Jul/2026:00:02:41 +0000] "GET / HTTP/1.1" 300 295
[Fri Jul 24 00:02:41.540511 2026] [wsgi:error] [pid 10:tid 140194177427136] [remote 10.0.0.32:57154] 2026-07-24 00:02:41.540 10 WARNING keystone.common.password_hashing [None req-86294e5f-c8e1-423b-b772-e09feab591ba - - - - - -] Truncating password to algorithm specific maximum length 72 characters.
[Fri Jul 24 00:02:41.564360 2026] [wsgi:error] [pid 9:tid 140194177427136] [remote 10.0.0.32:57132] 2026-07-24 00:02:41.564 9 WARNING keystone.common.fernet_utils [None req-c2967c3c-1ab6-4dc5-9faa-49007153be40 - - - - - -] key_repository is world readable: /etc/keystone/fernet-keys/ 10.0.0.32 - - [24/Jul/2026:00:02:41 +0000] "POST /v3/auth/tokens HTTP/1.1" 201 1990
[Fri Jul 24 00:02:41.589813 2026] [wsgi:error] [pid 12:tid 140194177427136] [remote 10.0.0.32:57148] 2026-07-24 00:02:41.589 12 WARNING keystone.common.fernet_utils [None req-bcc1c1a8-734b-46e4-b213-371adb4daba8 - - - - - -] key_repository is world readable: /etc/keystone/fernet-keys/ 10.0.0.32 - - [24/Jul/2026:00:02:41 +0000] "POST /v3/auth/tokens HTTP/1.1" 201 1990 10.0.0.32 - - [24/Jul/2026:00:02:41 +0000] "GET /v3/endpoints/5736ad4e13d448b88188100fa817a817 HTTP/1.1" 200 369 10.0.0.32 - - [24/Jul/2026:00:02:41 +0000] "GET /v3/services/6f025614f49343edb315bd1d6dbd882b HTTP/1.1" 200 296 10.0.0.32 - - [24/Jul/2026:00:02:41 +0000] "GET /v3/endpoints/cb52fb03a9f54e93951699e2c019adda HTTP/1.1" 200 383 10.0.0.32 - - [24/Jul/2026:00:02:41 +0000] "GET /v3/services/6f025614f49343edb315bd1d6dbd882b HTTP/1.1" 200 296
[Fri Jul 24 00:02:41.818466 2026] [wsgi:error] [pid 10:tid 140194177427136] [remote 10.0.0.32:57154] 2026-07-24 00:02:41.818 10 WARNING keystone.common.fernet_utils [None req-86294e5f-c8e1-423b-b772-e09feab591ba - - - - - -] key_repository is world readable: /etc/keystone/fernet-keys/ 10.0.0.32 - - [24/Jul/2026:00:02:41 +0000] "POST /v3/auth/tokens HTTP/1.1" 201 1990 10.0.0.32 - - [24/Jul/2026:00:02:41 +0000] "GET /v3/endpoints/f3b1e9302e0f456588567d8af47f7f24 HTTP/1.1" 200 380 10.0.0.32 - - [24/Jul/2026:00:02:41 +0000] "GET /v3/services/6f025614f49343edb315bd1d6dbd882b HTTP/1.1" 200 296 10.0.0.209 - - [24/Jul/2026:00:02:54 +0000] "GET / HTTP/1.1" 300 295
[Fri Jul 24 00:02:54.462601 2026] [wsgi:error] [pid 10:tid 140194177427136] [remote 10.0.0.209:37478] 2026-07-24 00:02:54.462 10 WARNING keystone.common.password_hashing [None req-4401225d-15da-4526-9001-b6d6e3320e74 - - - - - -] Truncating password to algorithm specific maximum length 72 characters.
[Fri Jul 24 00:02:54.737274 2026] [wsgi:error] [pid 10:tid 140194177427136] [remote 10.0.0.209:37478] 2026-07-24 00:02:54.737 10 WARNING keystone.common.fernet_utils [None req-4401225d-15da-4526-9001-b6d6e3320e74 - - - - - -] key_repository is world readable: /etc/keystone/fernet-keys/ 10.0.0.209 - - [24/Jul/2026:00:02:54 +0000] "POST /v3/auth/tokens HTTP/1.1" 201 1990 10.0.0.209 - - [24/Jul/2026:00:02:54 +0000] "POST /v3/domains HTTP/1.1" 201 284 10.0.0.209 - - [24/Jul/2026:00:02:56 +0000] "GET / HTTP/1.1" 300 295
[Fri Jul 24 00:02:56.476159 2026] [wsgi:error] [pid 11:tid 140194177427136] [remote 10.0.0.209:37482] 2026-07-24 00:02:56.475 11 WARNING keystone.common.password_hashing [None req-a329fb7d-5367-4e63-8597-ba493b933e92 - - - - - -] Truncating password to algorithm specific maximum length 72 characters.
[Fri Jul 24 00:02:56.758718 2026] [wsgi:error] [pid 11:tid 140194177427136] [remote 10.0.0.209:37482] 2026-07-24 00:02:56.758 11 WARNING keystone.common.fernet_utils [None req-a329fb7d-5367-4e63-8597-ba493b933e92 - - - - - -] key_repository is world readable: /etc/keystone/fernet-keys/ 10.0.0.209 - - [24/Jul/2026:00:02:56 +0000] "POST /v3/auth/tokens HTTP/1.1" 201 1990
[Fri Jul 24 00:02:56.925294 2026] [wsgi:error] [pid 10:tid 140194177427136] [remote 10.0.0.209:37482] 2026-07-24 00:02:56.912 10 ERROR keystone.server.flask.application [None req-d2c29514-70ff-4c3b-b33f-93de8f4c8aa7 c4737dab54154e4884e833082fc33bb2 d5bf721af71644e4bc8914b086454e4e - - default default] Conflict occurred attempting to store project - it is not permitted to have two projects acting as domains with the same name: service.: keystone.exception.Conflict: Conflict occurred attempting to store project - it is not permitted to have two projects acting as domains with the same name: service.
[Fri Jul 24 00:02:56.925320 2026] [wsgi:error] [pid 10:tid 140194177427136] [remote 10.0.0.209:37482] 2026-07-24 00:02:56.912 10 ERROR keystone.server.flask.application
Traceback (most recent call last):
[Fri Jul 24 00:02:56.925323 2026] [wsgi:error] [pid 10:tid 140194177427136] [remote 10.0.0.209:37482] 2026-07-24 00:02:56.912 10 ERROR keystone.server.flask.application
File "/var/lib/openstack/lib/python3.12/site-packages/sqlalchemy/engine/base.py", line 1969, in _exec_single_context
[Fri Jul 24 00:02:56.925324 2026] [wsgi:error] [pid 10:tid 140194177427136] [remote 10.0.0.209:37482] 2026-07-24 00:02:56.912 10 ERROR keystone.server.flask.application self.dialect.do_execute(
[Fri Jul 24 00:02:56.925326 2026] [wsgi:error] [pid 10:tid 140194177427136] [remote 10.0.0.209:37482] 2026-07-24 00:02:56.912 10 ERROR keystone.server.flask.application
File "/var/lib/openstack/lib/python3.12/site-packages/sqlalchemy/engine/default.py", line 952, in do_execute
[Fri Jul 24 00:02:56.925343 2026] [wsgi:error] [pid 10:tid 140194177427136] [remote 10.0.0.209:37482] 2026-07-24 00:02:56.912 10 ERROR keystone.server.flask.application cursor.execute(statement, parameters)
[Fri Jul 24 00:02:56.925345 2026] [wsgi:error] [pid 10:tid 140194177427136] [remote 10.0.0.209:37482] 2026-07-24 00:02:56.912 10 ERROR keystone.server.flask.application
File "/var/lib/openstack/lib/python3.12/site-packages/pymysql/cursors.py", line 159, in execute
[Fri Jul 24 00:02:56.925347 2026] [wsgi:error] [pid 10:tid 140194177427136] [remote 10.0.0.209:37482] 2026-07-24 00:02:56.912 10 ERROR keystone.server.flask.application result = self._query(query)
[Fri Jul 24 00:02:56.925349 2026] [wsgi:error] [pid 10:tid 140194177427136] [remote 10.0.0.209:37482] 2026-07-24 00:02:56.912 10 ERROR keystone.server.flask.application ^^^^^^^^^^^^^^^^^^
[Fri Jul 24 00:02:56.925350 2026] [wsgi:error] [pid 10:tid 140194177427136] [remote 10.0.0.209:37482] 2026-07-24 00:02:56.912 10 ERROR keystone.server.flask.application
File "/var/lib/openstack/lib/python3.12/site-packages/pymysql/cursors.py", line 330, in _query
[Fri Jul 24 00:02:56.925352 2026] [wsgi:error] [pid 10:tid 140194177427136] [remote 10.0.0.209:37482] 2026-07-24 00:02:56.912 10 ERROR keystone.server.flask.application conn.query(q)
[Fri Jul 24 00:02:56.925353 2026] [wsgi:error] [pid 10:tid 140194177427136] [remote 10.0.0.209:37482] 2026-07-24 00:02:56.912 10 ERROR keystone.server.flask.application
File "/var/lib/openstack/lib/python3.12/site-packages/pymysql/connections.py", line 582, in query
[Fri Jul 24 00:02:56.925355 2026] [wsgi:error] [pid 10:tid 140194177427136] [remote 10.0.0.209:37482] 2026-07-24 00:02:56.912 10 ERROR keystone.server.flask.application self._affected_rows = self._read_query_result(unbuffered=unbuffered)
[Fri Jul 24 00:02:56.925356 2026] [wsgi:error] [pid 10:tid 140194177427136] [remote 10.0.0.209:37482] 2026-07-24 00:02:56.912 10 ERROR keystone.server.flask.application ^^^^^^^^^^^^^^^^^^^^^^^^^^^^^^^^^^^^^^^^^^^^^^
[Fri Jul 24 00:02:56.925357 2026] [wsgi:error] [pid 10:tid 140194177427136] [remote 10.0.0.209:37482] 2026-07-24 00:02:56.912 10 ERROR keystone.server.flask.application
File "/var/lib/openstack/lib/python3.12/site-packages/pymysql/connections.py", line 847, in _read_query_result
[Fri Jul 24 00:02:56.925359 2026] [wsgi:error] [pid 10:tid 140194177427136] [remote 10.0.0.209:37482] 2026-07-24 00:02:56.912 10 ERROR keystone.server.flask.application result.read()
[Fri Jul 24 00:02:56.925362 2026] [wsgi:error] [pid 10:tid 140194177427136] [remote 10.0.0.209:37482] 2026-07-24 00:02:56.912 10 ERROR keystone.server.flask.application
File "/var/lib/openstack/lib/python3.12/site-packages/pymysql/connections.py", line 1245, in read
[Fri Jul 24 00:02:56.925364 2026] [wsgi:error] [pid 10:tid 140194177427136] [remote 10.0.0.209:37482] 2026-07-24 00:02:56.912 10 ERROR keystone.server.flask.application first_packet = self.connection._read_packet()
[Fri Jul 24 00:02:56.925365 2026] [wsgi:error] [pid 10:tid 140194177427136] [remote 10.0.0.209:37482] 2026-07-24 00:02:56.912 10 ERROR keystone.server.flask.application ^^^^^^^^^^^^^^^^^^^^^^^^^^^^^^
[Fri Jul 24 00:02:56.925367 2026] [wsgi:error] [pid 10:tid 140194177427136] [remote 10.0.0.209:37482] 2026-07-24 00:02:56.912 10 ERROR keystone.server.flask.application
File "/var/lib/openstack/lib/python3.12/site-packages/pymysql/connections.py", line 803, in _read_packet
[Fri Jul 24 00:02:56.925368 2026] [wsgi:error] [pid 10:tid 140194177427136] [remote 10.0.0.209:37482] 2026-07-24 00:02:56.912 10 ERROR keystone.server.flask.application packet.raise_for_error()
[Fri Jul 24 00:02:56.925369 2026] [wsgi:error] [pid 10:tid 140194177427136] [remote 10.0.0.209:37482] 2026-07-24 00:02:56.912 10 ERROR keystone.server.flask.application
File "/var/lib/openstack/lib/python3.12/site-packages/pymysql/protocol.py", line 219, in raise_for_error
[Fri Jul 24 00:02:56.925371 2026] [wsgi:error] [pid 10:tid 140194177427136] [remote 10.0.0.209:37482] 2026-07-24 00:02:56.912 10 ERROR keystone.server.flask.application err.raise_mysql_exception(self._data)
[Fri Jul 24 00:02:56.925372 2026] [wsgi:error] [pid 10:tid 140194177427136] [remote 10.0.0.209:37482] 2026-07-24 00:02:56.912 10 ERROR keystone.server.flask.application
File "/var/lib/openstack/lib/python3.12/site-packages/pymysql/err.py", line 154, in raise_mysql_exception
[Fri Jul 24 00:02:56.925374 2026] [wsgi:error] [pid 10:tid 140194177427136] [remote 10.0.0.209:37482] 2026-07-24 00:02:56.912 10 ERROR keystone.server.flask.application raise errorclass(errno, errval, sqlstate=sqlstate)
[Fri Jul 24 00:02:56.925375 2026] [wsgi:error] [pid 10:tid 140194177427136] [remote 10.0.0.209:37482] 2026-07-24 00:02:56.912 10 ERROR keystone.server.flask.application pymysql.err.IntegrityError: (1062, "Duplicate entry '<>-service' for key 'project.ixu_project_name_domain_id'")
[Fri Jul 24 00:02:56.925376 2026] [wsgi:error] [pid 10:tid 140194177427136] [remote 10.0.0.209:37482] 2026-07-24 00:02:56.912 10 ERROR keystone.server.flask.application
[Fri Jul 24 00:02:56.925378 2026] [wsgi:error] [pid 10:tid 140194177427136] [remote 10.0.0.209:37482] 2026-07-24 00:02:56.912 10 ERROR keystone.server.flask.application The above exception was the direct cause of the following exception:
[Fri Jul 24 00:02:56.925379 2026] [wsgi:error] [pid 10:tid 140194177427136] [remote 10.0.0.209:37482] 2026-07-24 00:02:56.912 10 ERROR keystone.server.flask.application
[Fri Jul 24 00:02:56.925380 2026] [wsgi:error] [pid 10:tid 140194177427136] [remote 10.0.0.209:37482] 2026-07-24 00:02:56.912 10 ERROR keystone.server.flask.application
Traceback (most recent call last):
[Fri Jul 24 00:02:56.925390 2026] [wsgi:error] [pid 10:tid 140194177427136] [remote 10.0.0.209:37482] 2026-07-24 00:02:56.912 10 ERROR keystone.server.flask.application
File "/var/lib/openstack/lib/python3.12/site-packages/keystone/common/sql/core.py", line 575, in wrapper
[Fri Jul 24 00:02:56.925392 2026] [wsgi:error] [pid 10:tid 140194177427136] [remote 10.0.0.209:37482] 2026-07-24 00:02:56.912 10 ERROR keystone.server.flask.application return method(*args, **kwargs)
[Fri Jul 24 00:02:56.925394 2026] [wsgi:error] [pid 10:tid 140194177427136] [remote 10.0.0.209:37482] 2026-07-24 00:02:56.912 10 ERROR keystone.server.flask.application ^^^^^^^^^^^^^^^^^^^^^^^
[Fri Jul 24 00:02:56.925395 2026] [wsgi:error] [pid 10:tid 140194177427136] [remote 10.0.0.209:37482] 2026-07-24 00:02:56.912 10 ERROR keystone.server.flask.application
File "/var/lib/openstack/lib/python3.12/site-packages/keystone/resource/backends/sql.py", line 278, in create_project
[Fri Jul 24 00:02:56.925397 2026] [wsgi:error] [pid 10:tid 140194177427136] [remote 10.0.0.209:37482] 2026-07-24 00:02:56.912 10 ERROR keystone.server.flask.application with sql.session_for_write() as session:
[Fri Jul 24 00:02:56.925398 2026] [wsgi:error] [pid 10:tid 140194177427136] [remote 10.0.0.209:37482] 2026-07-24 00:02:56.912 10 ERROR keystone.server.flask.application
File "/usr/lib/python3.12/contextlib.py", line 144, in __exit__
[Fri Jul 24 00:02:56.925400 2026] [wsgi:error] [pid 10:tid 140194177427136] [remote 10.0.0.209:37482] 2026-07-24 00:02:56.912 10 ERROR keystone.server.flask.application next(self.gen)
[Fri Jul 24 00:02:56.925401 2026] [wsgi:error] [pid 10:tid 140194177427136] [remote 10.0.0.209:37482] 2026-07-24 00:02:56.912 10 ERROR keystone.server.flask.application
File "/var/lib/openstack/lib/python3.12/site-packages/oslo_db/sqlalchemy/enginefacade.py", line 1175, in _transaction_scope
[Fri Jul 24 00:02:56.925403 2026] [wsgi:error] [pid 10:tid 140194177427136] [remote 10.0.0.209:37482] 2026-07-24 00:02:56.912 10 ERROR keystone.server.flask.application with current._produce_block(
[Fri Jul 24 00:02:56.925404 2026] [wsgi:error] [pid 10:tid 140194177427136] [remote 10.0.0.209:37482] 2026-07-24 00:02:56.912 10 ERROR keystone.server.flask.application
File "/usr/lib/python3.12/contextlib.py", line 144, in __exit__
[Fri Jul 24 00:02:56.925406 2026] [wsgi:error] [pid 10:tid 140194177427136] [remote 10.0.0.209:37482] 2026-07-24 00:02:56.912 10 ERROR keystone.server.flask.application next(self.gen)
[Fri Jul 24 00:02:56.925407 2026] [wsgi:error] [pid 10:tid 140194177427136] [remote 10.0.0.209:37482] 2026-07-24 00:02:56.912 10 ERROR keystone.server.flask.application
File "/var/lib/openstack/lib/python3.12/site-packages/oslo_db/sqlalchemy/enginefacade.py", line 837, in _session
[Fri Jul 24 00:02:56.925409 2026] [wsgi:error] [pid 10:tid 140194177427136] [remote 10.0.0.209:37482] 2026-07-24 00:02:56.912 10 ERROR keystone.server.flask.application with excutils.save_and_reraise_exception():
[Fri Jul 24 00:02:56.925411 2026] [wsgi:error] [pid 10:tid 140194177427136] [remote 10.0.0.209:37482] 2026-07-24 00:02:56.912 10 ERROR keystone.server.flask.application
File "/var/lib/openstack/lib/python3.12/site-packages/oslo_utils/excutils.py", line 266, in __exit__
[Fri Jul 24 00:02:56.925412 2026] [wsgi:error] [pid 10:tid 140194177427136] [remote 10.0.0.209:37482] 2026-07-24 00:02:56.912 10 ERROR keystone.server.flask.application self.force_reraise()
[Fri Jul 24 00:02:56.925415 2026] [wsgi:error] [pid 10:tid 140194177427136] [remote 10.0.0.209:37482] 2026-07-24 00:02:56.912 10 ERROR keystone.server.flask.application
File "/var/lib/openstack/lib/python3.12/site-packages/oslo_utils/excutils.py", line 232, in force_reraise
[Fri Jul 24 00:02:56.925416 2026] [wsgi:error] [pid 10:tid 140194177427136] [remote 10.0.0.209:37482] 2026-07-24 00:02:56.912 10 ERROR keystone.server.flask.application raise self.value
[Fri Jul 24 00:02:56.925418 2026] [wsgi:error] [pid 10:tid 140194177427136] [remote 10.0.0.209:37482] 2026-07-24 00:02:56.912 10 ERROR keystone.server.flask.application
File "/var/lib/openstack/lib/python3.12/site-packages/oslo_db/sqlalchemy/enginefacade.py", line 835, in _session
[Fri Jul 24 00:02:56.925420 2026] [wsgi:error] [pid 10:tid 140194177427136] [remote 10.0.0.209:37482] 2026-07-24 00:02:56.912 10 ERROR keystone.server.flask.application self._end_session_transaction(self.session)
[Fri Jul 24 00:02:56.925422 2026] [wsgi:error] [pid 10:tid 140194177427136] [remote 10.0.0.209:37482] 2026-07-24 00:02:56.912 10 ERROR keystone.server.flask.application
File "/var/lib/openstack/lib/python3.12/site-packages/oslo_db/sqlalchemy/enginefacade.py", line 748, in _end_session_transaction
[Fri Jul 24 00:02:56.925424 2026] [wsgi:error] [pid 10:tid 140194177427136] [remote 10.0.0.209:37482] 2026-07-24 00:02:56.912 10 ERROR keystone.server.flask.application session.commit()
[Fri Jul 24 00:02:56.925426 2026] [wsgi:error] [pid 10:tid 140194177427136] [remote 10.0.0.209:37482] 2026-07-24 00:02:56.912 10 ERROR keystone.server.flask.application
File "/var/lib/openstack/lib/python3.12/site-packages/sqlalchemy/orm/session.py", line 2034, in commit
[Fri Jul 24 00:02:56.925428 2026] [wsgi:error] [pid 10:tid 140194177427136] [remote 10.0.0.209:37482] 2026-07-24 00:02:56.912 10 ERROR keystone.server.flask.application trans.commit(_to_root=True)
[Fri Jul 24 00:02:56.925431 2026] [wsgi:error] [pid 10:tid 140194177427136] [remote 10.0.0.209:37482] 2026-07-24 00:02:56.912 10 ERROR keystone.server.flask.application File "", line 2, in commit
[Fri Jul 24 00:02:56.925433 2026] [wsgi:error] [pid 10:tid 140194177427136] [remote 10.0.0.209:37482] 2026-07-24 00:02:56.912 10 ERROR keystone.server.flask.application
File "/var/lib/openstack/lib/python3.12/site-packages/sqlalchemy/orm/state_changes.py", line 137, in _go
[Fri Jul 24 00:02:56.925435 2026] [wsgi:error] [pid 10:tid 140194177427136] [remote 10.0.0.209:37482] 2026-07-24 00:02:56.912 10 ERROR keystone.server.flask.application ret_value = fn(self, *arg, **kw)
[Fri Jul 24 00:02:56.925436 2026] [wsgi:error] [pid 10:tid 140194177427136] [remote 10.0.0.209:37482] 2026-07-24 00:02:56.912 10 ERROR keystone.server.flask.application ^^^^^^^^^^^^^^^^^^^^
[Fri Jul 24 00:02:56.925438 2026] [wsgi:error] [pid 10:tid 140194177427136] [remote 10.0.0.209:37482] 2026-07-24 00:02:56.912 10 ERROR keystone.server.flask.application
File "/var/lib/openstack/lib/python3.12/site-packages/sqlalchemy/orm/session.py", line 1315, in commit
[Fri Jul 24 00:02:56.925440 2026] [wsgi:error] [pid 10:tid 140194177427136] [remote 10.0.0.209:37482] 2026-07-24 00:02:56.912 10 ERROR keystone.server.flask.application self._prepare_impl()
[Fri Jul 24 00:02:56.925442 2026] [wsgi:error] [pid 10:tid 140194177427136] [remote 10.0.0.209:37482] 2026-07-24 00:02:56.912 10 ERROR keystone.server.flask.application File "", line 2, in _prepare_impl
[Fri Jul 24 00:02:56.925444 2026] [wsgi:error] [pid 10:tid 140194177427136] [remote 10.0.0.209:37482] 2026-07-24 00:02:56.912 10 ERROR keystone.server.flask.application
File "/var/lib/openstack/lib/python3.12/site-packages/sqlalchemy/orm/state_changes.py", line 137, in _go
[Fri Jul 24 00:02:56.925446 2026] [wsgi:error] [pid 10:tid 140194177427136] [remote 10.0.0.209:37482] 2026-07-24 00:02:56.912 10 ERROR keystone.server.flask.application ret_value = fn(self, *arg, **kw)
[Fri Jul 24 00:02:56.925448 2026] [wsgi:error] [pid 10:tid 140194177427136] [remote 10.0.0.209:37482] 2026-07-24 00:02:56.912 10 ERROR keystone.server.flask.application ^^^^^^^^^^^^^^^^^^^^
[Fri Jul 24 00:02:56.925449 2026] [wsgi:error] [pid 10:tid 140194177427136] [remote 10.0.0.209:37482] 2026-07-24 00:02:56.912 10 ERROR keystone.server.flask.application
File "/var/lib/openstack/lib/python3.12/site-packages/sqlalchemy/orm/session.py", line 1290, in _prepare_impl
[Fri Jul 24 00:02:56.925451 2026] [wsgi:error] [pid 10:tid 140194177427136] [remote 10.0.0.209:37482] 2026-07-24 00:02:56.912 10 ERROR keystone.server.flask.application self.session.flush()
[Fri Jul 24 00:02:56.925453 2026] [wsgi:error] [pid 10:tid 140194177427136] [remote 10.0.0.209:37482] 2026-07-24 00:02:56.912 10 ERROR keystone.server.flask.application
File "/var/lib/openstack/lib/python3.12/site-packages/sqlalchemy/orm/session.py", line 4352, in flush
[Fri Jul 24 00:02:56.925456 2026] [wsgi:error] [pid 10:tid 140194177427136] [remote 10.0.0.209:37482] 2026-07-24 00:02:56.912 10 ERROR keystone.server.flask.application self._flush(objects)
[Fri Jul 24 00:02:56.925457 2026] [wsgi:error] [pid 10:tid 140194177427136] [remote 10.0.0.209:37482] 2026-07-24 00:02:56.912 10 ERROR keystone.server.flask.application
File "/var/lib/openstack/lib/python3.12/site-packages/sqlalchemy/orm/session.py", line 4487, in _flush
[Fri Jul 24 00:02:56.925459 2026] [wsgi:error] [pid 10:tid 140194177427136] [remote 10.0.0.209:37482] 2026-07-24 00:02:56.912 10 ERROR keystone.server.flask.application with util.safe_reraise():
[Fri Jul 24 00:02:56.925461 2026] [wsgi:error] [pid 10:tid 140194177427136] [remote 10.0.0.209:37482] 2026-07-24 00:02:56.912 10 ERROR keystone.server.flask.application
File "/var/lib/openstack/lib/python3.12/site-packages/sqlalchemy/util/langhelpers.py", line 122, in __exit__
[Fri Jul 24 00:02:56.925464 2026] [wsgi:error] [pid 10:tid 140194177427136] [remote 10.0.0.209:37482] 2026-07-24 00:02:56.912 10 ERROR keystone.server.flask.application raise exc_value.with_traceback(exc_tb)
[Fri Jul 24 00:02:56.925466 2026] [wsgi:error] [pid 10:tid 140194177427136] [remote 10.0.0.209:37482] 2026-07-24 00:02:56.912 10 ERROR keystone.server.flask.application
File "/var/lib/openstack/lib/python3.12/site-packages/sqlalchemy/orm/session.py", line 4448, in _flush
[Fri Jul 24 00:02:56.925468 2026] [wsgi:error] [pid 10:tid 140194177427136] [remote 10.0.0.209:37482] 2026-07-24 00:02:56.912 10 ERROR keystone.server.flask.application flush_context.execute()
[Fri Jul 24 00:02:56.925470 2026] [wsgi:error] [pid 10:tid 140194177427136] [remote 10.0.0.209:37482] 2026-07-24 00:02:56.912 10 ERROR keystone.server.flask.application
File "/var/lib/openstack/lib/python3.12/site-packages/sqlalchemy/orm/unitofwork.py", line 465, in execute
