2026-07-21 08:06:37.150 7 INFO cinder.api.openstack.wsgi [None req-22fe9999-d884-4d1f-b73c-df4509e767d1 398415545c95413e9f9e9cc2f07cf971 3a66deec33ae48f09ea47dcd51a60d34 - - default default] http://cinder-api.openstack.svc.cluster.local:8776/v3/3a66deec33ae48f09ea47dcd51a60d34/os-quota-sets/4be8b0587b4c4bd1b02b0736d601d009?usage=true returned with HTTP 200 [pid: 7|app: 0|req: 515/1031] 10.0.0.88 () {28 vars in 735 bytes} [Tue Jul 21 08:06:37 2026] GET /v3/3a66deec33ae48f09ea47dcd51a60d34/os-quota-sets/4be8b0587b4c4bd1b02b0736d601d009?usage=true => generated 847 bytes in 48 msecs (HTTP/1.1 200) 7 headers in 285 bytes (1 switches on core 0)
2026-07-21 08:06:37.164 8 INFO cinder.api.openstack.wsgi [None req-3d5a9215-e9f3-4a31-8cc1-b84039ad1d75 398415545c95413e9f9e9cc2f07cf971 3a66deec33ae48f09ea47dcd51a60d34 - - default default] GET http://cinder-api.openstack.svc.cluster.local:8776/v3/3a66deec33ae48f09ea47dcd51a60d34/os-quota-sets/5e5268acd67544a9b98a24b360fd82c5?usage=true
2026-07-21 08:06:37.199 8 INFO cinder.api.openstack.wsgi [None req-3d5a9215-e9f3-4a31-8cc1-b84039ad1d75 398415545c95413e9f9e9cc2f07cf971 3a66deec33ae48f09ea47dcd51a60d34 - - default default] http://cinder-api.openstack.svc.cluster.local:8776/v3/3a66deec33ae48f09ea47dcd51a60d34/os-quota-sets/5e5268acd67544a9b98a24b360fd82c5?usage=true returned with HTTP 200 [pid: 8|app: 0|req: 517/1032] 10.0.0.88 () {28 vars in 735 bytes} [Tue Jul 21 08:06:37 2026] GET /v3/3a66deec33ae48f09ea47dcd51a60d34/os-quota-sets/5e5268acd67544a9b98a24b360fd82c5?usage=true => generated 847 bytes in 41 msecs (HTTP/1.1 200) 7 headers in 285 bytes (1 switches on core 0)
2026-07-21 08:06:37.218 7 INFO cinder.api.openstack.wsgi [None req-5dac73a2-baa2-476b-8bb9-c137fbaf4a94 398415545c95413e9f9e9cc2f07cf971 3a66deec33ae48f09ea47dcd51a60d34 - - default default] GET http://cinder-api.openstack.svc.cluster.local:8776/v3/3a66deec33ae48f09ea47dcd51a60d34/os-quota-sets/7123ade8a80f4913b06a15377c219090?usage=true
2026-07-21 08:06:37.257 7 INFO cinder.api.openstack.wsgi [None req-5dac73a2-baa2-476b-8bb9-c137fbaf4a94 398415545c95413e9f9e9cc2f07cf971 3a66deec33ae48f09ea47dcd51a60d34 - - default default] http://cinder-api.openstack.svc.cluster.local:8776/v3/3a66deec33ae48f09ea47dcd51a60d34/os-quota-sets/7123ade8a80f4913b06a15377c219090?usage=true returned with HTTP 200 [pid: 7|app: 0|req: 516/1033] 10.0.0.88 () {28 vars in 735 bytes} [Tue Jul 21 08:06:37 2026] GET /v3/3a66deec33ae48f09ea47dcd51a60d34/os-quota-sets/7123ade8a80f4913b06a15377c219090?usage=true => generated 847 bytes in 51 msecs (HTTP/1.1 200) 7 headers in 285 bytes (1 switches on core 0)
2026-07-21 08:06:37.270 8 INFO cinder.api.openstack.wsgi [None req-a7fa475a-b346-4b6e-8926-5bbbe75d7dae 398415545c95413e9f9e9cc2f07cf971 3a66deec33ae48f09ea47dcd51a60d34 - - default default] GET http://cinder-api.openstack.svc.cluster.local:8776/v3/3a66deec33ae48f09ea47dcd51a60d34/os-quota-sets/723a88242946405ca51e67212e046a38?usage=true
2026-07-21 08:06:37.295 8 INFO cinder.api.openstack.wsgi [None req-a7fa475a-b346-4b6e-8926-5bbbe75d7dae 398415545c95413e9f9e9cc2f07cf971 3a66deec33ae48f09ea47dcd51a60d34 - - default default] http://cinder-api.openstack.svc.cluster.local:8776/v3/3a66deec33ae48f09ea47dcd51a60d34/os-quota-sets/723a88242946405ca51e67212e046a38?usage=true returned with HTTP 200 [pid: 8|app: 0|req: 518/1034] 10.0.0.88 () {28 vars in 735 bytes} [Tue Jul 21 08:06:37 2026] GET /v3/3a66deec33ae48f09ea47dcd51a60d34/os-quota-sets/723a88242946405ca51e67212e046a38?usage=true => generated 847 bytes in 33 msecs (HTTP/1.1 200) 7 headers in 285 bytes (1 switches on core 0)
2026-07-21 08:06:37.310 7 INFO cinder.api.openstack.wsgi [None req-44656567-eaea-4745-a4a2-e648ad591463 398415545c95413e9f9e9cc2f07cf971 3a66deec33ae48f09ea47dcd51a60d34 - - default default] GET http://cinder-api.openstack.svc.cluster.local:8776/v3/3a66deec33ae48f09ea47dcd51a60d34/os-quota-sets/9b8ca41399b142cd90daa2a10bb08f1e?usage=true
2026-07-21 08:06:37.341 7 INFO cinder.api.openstack.wsgi [None req-44656567-eaea-4745-a4a2-e648ad591463 398415545c95413e9f9e9cc2f07cf971 3a66deec33ae48f09ea47dcd51a60d34 - - default default] http://cinder-api.openstack.svc.cluster.local:8776/v3/3a66deec33ae48f09ea47dcd51a60d34/os-quota-sets/9b8ca41399b142cd90daa2a10bb08f1e?usage=true returned with HTTP 200 [pid: 7|app: 0|req: 517/1035] 10.0.0.88 () {28 vars in 735 bytes} [Tue Jul 21 08:06:37 2026] GET /v3/3a66deec33ae48f09ea47dcd51a60d34/os-quota-sets/9b8ca41399b142cd90daa2a10bb08f1e?usage=true => generated 847 bytes in 42 msecs (HTTP/1.1 200) 7 headers in 285 bytes (1 switches on core 0)
2026-07-21 08:06:37.356 8 INFO cinder.api.openstack.wsgi [None req-69d4723c-6ac7-4342-8b23-e82bad28467d 398415545c95413e9f9e9cc2f07cf971 3a66deec33ae48f09ea47dcd51a60d34 - - default default] GET http://cinder-api.openstack.svc.cluster.local:8776/v3/3a66deec33ae48f09ea47dcd51a60d34/os-quota-sets/a262e15f05214ca18fb3ec3c6caa5a20?usage=true
2026-07-21 08:06:37.389 8 INFO cinder.api.openstack.wsgi [None req-69d4723c-6ac7-4342-8b23-e82bad28467d 398415545c95413e9f9e9cc2f07cf971 3a66deec33ae48f09ea47dcd51a60d34 - - default default] http://cinder-api.openstack.svc.cluster.local:8776/v3/3a66deec33ae48f09ea47dcd51a60d34/os-quota-sets/a262e15f05214ca18fb3ec3c6caa5a20?usage=true returned with HTTP 200 [pid: 8|app: 0|req: 519/1036] 10.0.0.88 () {28 vars in 735 bytes} [Tue Jul 21 08:06:37 2026] GET /v3/3a66deec33ae48f09ea47dcd51a60d34/os-quota-sets/a262e15f05214ca18fb3ec3c6caa5a20?usage=true => generated 847 bytes in 43 msecs (HTTP/1.1 200) 7 headers in 285 bytes (1 switches on core 0)
2026-07-21 08:06:37.411 7 INFO cinder.api.openstack.wsgi [None req-09858228-59b3-4b1f-abf8-f4bca551f929 398415545c95413e9f9e9cc2f07cf971 3a66deec33ae48f09ea47dcd51a60d34 - - default default] GET http://cinder-api.openstack.svc.cluster.local:8776/v3/3a66deec33ae48f09ea47dcd51a60d34/os-quota-sets/aac68bbb7b4b4f5185943a3618275791?usage=true
2026-07-21 08:06:37.443 7 INFO cinder.api.openstack.wsgi [None req-09858228-59b3-4b1f-abf8-f4bca551f929 398415545c95413e9f9e9cc2f07cf971 3a66deec33ae48f09ea47dcd51a60d34 - - default default] http://cinder-api.openstack.svc.cluster.local:8776/v3/3a66deec33ae48f09ea47dcd51a60d34/os-quota-sets/aac68bbb7b4b4f5185943a3618275791?usage=true returned with HTTP 200 [pid: 7|app: 0|req: 518/1037] 10.0.0.88 () {28 vars in 735 bytes} [Tue Jul 21 08:06:37 2026] GET /v3/3a66deec33ae48f09ea47dcd51a60d34/os-quota-sets/aac68bbb7b4b4f5185943a3618275791?usage=true => generated 847 bytes in 47 msecs (HTTP/1.1 200) 7 headers in 285 bytes (1 switches on core 0)
2026-07-21 08:06:37.459 8 INFO cinder.api.openstack.wsgi [None req-4f8c4b54-b37a-484c-968a-af83cad59bca 398415545c95413e9f9e9cc2f07cf971 3a66deec33ae48f09ea47dcd51a60d34 - - default default] GET http://cinder-api.openstack.svc.cluster.local:8776/v3/3a66deec33ae48f09ea47dcd51a60d34/os-quota-sets/bf6654ebecc248df8b400dbd43baedb0?usage=true
2026-07-21 08:06:37.516 8 INFO cinder.api.openstack.wsgi [None req-4f8c4b54-b37a-484c-968a-af83cad59bca 398415545c95413e9f9e9cc2f07cf971 3a66deec33ae48f09ea47dcd51a60d34 - - default default] http://cinder-api.openstack.svc.cluster.local:8776/v3/3a66deec33ae48f09ea47dcd51a60d34/os-quota-sets/bf6654ebecc248df8b400dbd43baedb0?usage=true returned with HTTP 200 [pid: 8|app: 0|req: 520/1038] 10.0.0.88 () {28 vars in 735 bytes} [Tue Jul 21 08:06:37 2026] GET /v3/3a66deec33ae48f09ea47dcd51a60d34/os-quota-sets/bf6654ebecc248df8b400dbd43baedb0?usage=true => generated 847 bytes in 66 msecs (HTTP/1.1 200) 7 headers in 285 bytes (1 switches on core 0)
2026-07-21 08:06:37.531 7 INFO cinder.api.openstack.wsgi [None req-6b7091f3-6adf-4ae5-ae2f-79409c6ef262 398415545c95413e9f9e9cc2f07cf971 3a66deec33ae48f09ea47dcd51a60d34 - - default default] GET http://cinder-api.openstack.svc.cluster.local:8776/v3/3a66deec33ae48f09ea47dcd51a60d34/os-quota-sets/c377c57b1a54451588c6f058bf866da8?usage=true
2026-07-21 08:06:37.556 7 INFO cinder.api.openstack.wsgi [None req-6b7091f3-6adf-4ae5-ae2f-79409c6ef262 398415545c95413e9f9e9cc2f07cf971 3a66deec33ae48f09ea47dcd51a60d34 - - default default] http://cinder-api.openstack.svc.cluster.local:8776/v3/3a66deec33ae48f09ea47dcd51a60d34/os-quota-sets/c377c57b1a54451588c6f058bf866da8?usage=true returned with HTTP 200 [pid: 7|app: 0|req: 519/1039] 10.0.0.88 () {28 vars in 735 bytes} [Tue Jul 21 08:06:37 2026] GET /v3/3a66deec33ae48f09ea47dcd51a60d34/os-quota-sets/c377c57b1a54451588c6f058bf866da8?usage=true => generated 847 bytes in 35 msecs (HTTP/1.1 200) 7 headers in 285 bytes (1 switches on core 0)
2026-07-21 08:06:37.572 8 INFO cinder.api.openstack.wsgi [None req-a243c080-412d-448d-85fd-8eafbe6a548b 398415545c95413e9f9e9cc2f07cf971 3a66deec33ae48f09ea47dcd51a60d34 - - default default] GET http://cinder-api.openstack.svc.cluster.local:8776/v3/3a66deec33ae48f09ea47dcd51a60d34/os-quota-sets/c42fd11d956442dd99716a0feeb61ced?usage=true
2026-07-21 08:06:37.600 8 INFO cinder.api.openstack.wsgi [None req-a243c080-412d-448d-85fd-8eafbe6a548b 398415545c95413e9f9e9cc2f07cf971 3a66deec33ae48f09ea47dcd51a60d34 - - default default] http://cinder-api.openstack.svc.cluster.local:8776/v3/3a66deec33ae48f09ea47dcd51a60d34/os-quota-sets/c42fd11d956442dd99716a0feeb61ced?usage=true returned with HTTP 200 [pid: 8|app: 0|req: 521/1040] 10.0.0.88 () {28 vars in 735 bytes} [Tue Jul 21 08:06:37 2026] GET /v3/3a66deec33ae48f09ea47dcd51a60d34/os-quota-sets/c42fd11d956442dd99716a0feeb61ced?usage=true => generated 847 bytes in 39 msecs (HTTP/1.1 200) 7 headers in 285 bytes (1 switches on core 0)
2026-07-21 08:06:37.623 7 INFO cinder.api.openstack.wsgi [None req-8db23c5f-fe2a-4079-993e-92dbb457605e 398415545c95413e9f9e9cc2f07cf971 3a66deec33ae48f09ea47dcd51a60d34 - - default default] GET http://cinder-api.openstack.svc.cluster.local:8776/v3/3a66deec33ae48f09ea47dcd51a60d34/os-quota-sets/c4339e9e0df54cc9841b7cb290fc263b?usage=true
2026-07-21 08:06:37.646 7 INFO cinder.api.openstack.wsgi [None req-8db23c5f-fe2a-4079-993e-92dbb457605e 398415545c95413e9f9e9cc2f07cf971 3a66deec33ae48f09ea47dcd51a60d34 - - default default] http://cinder-api.openstack.svc.cluster.local:8776/v3/3a66deec33ae48f09ea47dcd51a60d34/os-quota-sets/c4339e9e0df54cc9841b7cb290fc263b?usage=true returned with HTTP 200 [pid: 7|app: 0|req: 520/1041] 10.0.0.88 () {28 vars in 735 bytes} [Tue Jul 21 08:06:37 2026] GET /v3/3a66deec33ae48f09ea47dcd51a60d34/os-quota-sets/c4339e9e0df54cc9841b7cb290fc263b?usage=true => generated 847 bytes in 35 msecs (HTTP/1.1 200) 7 headers in 285 bytes (1 switches on core 0)
2026-07-21 08:06:37.661 8 INFO cinder.api.openstack.wsgi [None req-31edc61b-b66b-4b74-8a2f-5fa5da91fe8f 398415545c95413e9f9e9cc2f07cf971 3a66deec33ae48f09ea47dcd51a60d34 - - default default] GET http://cinder-api.openstack.svc.cluster.local:8776/v3/3a66deec33ae48f09ea47dcd51a60d34/os-quota-sets/c8cacb3b46c1444780cbdb4b8f05cdb9?usage=true
2026-07-21 08:06:37.689 8 INFO cinder.api.openstack.wsgi [None req-31edc61b-b66b-4b74-8a2f-5fa5da91fe8f 398415545c95413e9f9e9cc2f07cf971 3a66deec33ae48f09ea47dcd51a60d34 - - default default] http://cinder-api.openstack.svc.cluster.local:8776/v3/3a66deec33ae48f09ea47dcd51a60d34/os-quota-sets/c8cacb3b46c1444780cbdb4b8f05cdb9?usage=true returned with HTTP 200 [pid: 8|app: 0|req: 522/1042] 10.0.0.88 () {28 vars in 735 bytes} [Tue Jul 21 08:06:37 2026] GET /v3/3a66deec33ae48f09ea47dcd51a60d34/os-quota-sets/c8cacb3b46c1444780cbdb4b8f05cdb9?usage=true => generated 845 bytes in 40 msecs (HTTP/1.1 200) 7 headers in 285 bytes (1 switches on core 0)
2026-07-21 08:06:37.705 7 INFO cinder.api.openstack.wsgi [None req-70effed9-21fd-4522-b485-20baecce234a 398415545c95413e9f9e9cc2f07cf971 3a66deec33ae48f09ea47dcd51a60d34 - - default default] GET http://cinder-api.openstack.svc.cluster.local:8776/v3/3a66deec33ae48f09ea47dcd51a60d34/os-quota-sets/e38b3f53aa5149eeafb3979aec7c593b?usage=true
2026-07-21 08:06:37.727 7 INFO cinder.api.openstack.wsgi [None req-70effed9-21fd-4522-b485-20baecce234a 398415545c95413e9f9e9cc2f07cf971 3a66deec33ae48f09ea47dcd51a60d34 - - default default] http://cinder-api.openstack.svc.cluster.local:8776/v3/3a66deec33ae48f09ea47dcd51a60d34/os-quota-sets/e38b3f53aa5149eeafb3979aec7c593b?usage=true returned with HTTP 200 [pid: 7|app: 0|req: 521/1043] 10.0.0.88 () {28 vars in 735 bytes} [Tue Jul 21 08:06:37 2026] GET /v3/3a66deec33ae48f09ea47dcd51a60d34/os-quota-sets/e38b3f53aa5149eeafb3979aec7c593b?usage=true => generated 847 bytes in 32 msecs (HTTP/1.1 200) 7 headers in 285 bytes (1 switches on core 0)
2026-07-21 08:06:37.738 8 INFO cinder.api.openstack.wsgi [None req-9c7b7473-29d8-485c-99ee-981c94d91ad8 398415545c95413e9f9e9cc2f07cf971 3a66deec33ae48f09ea47dcd51a60d34 - - default default] GET http://cinder-api.openstack.svc.cluster.local:8776/v3/3a66deec33ae48f09ea47dcd51a60d34/volumes/detail?all_tenants=true
2026-07-21 08:06:37.752 8 INFO cinder.volume.api [None req-9c7b7473-29d8-485c-99ee-981c94d91ad8 398415545c95413e9f9e9cc2f07cf971 3a66deec33ae48f09ea47dcd51a60d34 - - default default] Get all volumes completed successfully. /var/lib/openstack/lib/python3.12/site-packages/oslo_context/context.py:101: DeprecationWarning: Policy enforcement is depending on the value of is_admin. This key is deprecated. Please update your policy file to use the standard policy values. warnings.warn(
2026-07-21 08:06:37.758 8 INFO cinder.api.openstack.wsgi [None req-9c7b7473-29d8-485c-99ee-981c94d91ad8 398415545c95413e9f9e9cc2f07cf971 3a66deec33ae48f09ea47dcd51a60d34 - - default default] http://cinder-api.openstack.svc.cluster.local:8776/v3/3a66deec33ae48f09ea47dcd51a60d34/volumes/detail?all_tenants=true returned with HTTP 200 [pid: 8|app: 0|req: 523/1044] 10.0.0.88 () {28 vars in 683 bytes} [Tue Jul 21 08:06:37 2026] GET /v3/3a66deec33ae48f09ea47dcd51a60d34/volumes/detail?all_tenants=true => generated 1976 bytes in 28 msecs (HTTP/1.1 200) 7 headers in 286 bytes (1 switches on core 0)
2026-07-21 08:06:37.776 7 INFO cinder.api.openstack.wsgi [None req-8b0c9960-f251-4b93-888e-804f34e14ab7 398415545c95413e9f9e9cc2f07cf971 3a66deec33ae48f09ea47dcd51a60d34 - - default default] GET http://cinder-api.openstack.svc.cluster.local:8776/v3/3a66deec33ae48f09ea47dcd51a60d34/os-services
2026-07-21 08:06:37.783 7 INFO cinder.api.openstack.wsgi [None req-8b0c9960-f251-4b93-888e-804f34e14ab7 398415545c95413e9f9e9cc2f07cf971 3a66deec33ae48f09ea47dcd51a60d34 - - default default] http://cinder-api.openstack.svc.cluster.local:8776/v3/3a66deec33ae48f09ea47dcd51a60d34/os-services returned with HTTP 200 [pid: 7|app: 0|req: 522/1045] 10.0.0.88 () {28 vars in 644 bytes} [Tue Jul 21 08:06:37 2026] GET /v3/3a66deec33ae48f09ea47dcd51a60d34/os-services => generated 646 bytes in 17 msecs (HTTP/1.1 200) 7 headers in 285 bytes (1 switches on core 0)
2026-07-21 08:06:41.298 8 INFO cinder.api.openstack.wsgi [None req-9c7b7473-29d8-485c-99ee-981c94d91ad8 398415545c95413e9f9e9cc2f07cf971 3a66deec33ae48f09ea47dcd51a60d34 - - default default] GET http://10.0.0.157:8776/
2026-07-21 08:06:41.299 7 INFO cinder.api.openstack.wsgi [None req-8b0c9960-f251-4b93-888e-804f34e14ab7 398415545c95413e9f9e9cc2f07cf971 3a66deec33ae48f09ea47dcd51a60d34 - - default default] GET http://10.0.0.157:8776/
2026-07-21 08:06:41.299 8 INFO cinder.api.openstack.wsgi [None req-9c7b7473-29d8-485c-99ee-981c94d91ad8 398415545c95413e9f9e9cc2f07cf971 3a66deec33ae48f09ea47dcd51a60d34 - - default default] http://10.0.0.157:8776/ returned with HTTP 300
2026-07-21 08:06:41.300 7 INFO cinder.api.openstack.wsgi [None req-8b0c9960-f251-4b93-888e-804f34e14ab7 398415545c95413e9f9e9cc2f07cf971 3a66deec33ae48f09ea47dcd51a60d34 - - default default] http://10.0.0.157:8776/ returned with HTTP 300
2026-07-21 08:06:51.298 7 INFO cinder.api.openstack.wsgi [None req-8b0c9960-f251-4b93-888e-804f34e14ab7 398415545c95413e9f9e9cc2f07cf971 3a66deec33ae48f09ea47dcd51a60d34 - - default default] GET http://10.0.0.157:8776/
2026-07-21 08:06:51.298 8 INFO cinder.api.openstack.wsgi [None req-9c7b7473-29d8-485c-99ee-981c94d91ad8 398415545c95413e9f9e9cc2f07cf971 3a66deec33ae48f09ea47dcd51a60d34 - - default default] GET http://10.0.0.157:8776/
2026-07-21 08:06:51.300 8 INFO cinder.api.openstack.wsgi [None req-9c7b7473-29d8-485c-99ee-981c94d91ad8 398415545c95413e9f9e9cc2f07cf971 3a66deec33ae48f09ea47dcd51a60d34 - - default default] http://10.0.0.157:8776/ returned with HTTP 300
2026-07-21 08:06:51.300 7 INFO cinder.api.openstack.wsgi [None req-8b0c9960-f251-4b93-888e-804f34e14ab7 398415545c95413e9f9e9cc2f07cf971 3a66deec33ae48f09ea47dcd51a60d34 - - default default] http://10.0.0.157:8776/ returned with HTTP 300
2026-07-21 08:07:01.298 8 INFO cinder.api.openstack.wsgi [None req-9c7b7473-29d8-485c-99ee-981c94d91ad8 398415545c95413e9f9e9cc2f07cf971 3a66deec33ae48f09ea47dcd51a60d34 - - default default] GET http://10.0.0.157:8776/
2026-07-21 08:07:01.298 7 INFO cinder.api.openstack.wsgi [None req-8b0c9960-f251-4b93-888e-804f34e14ab7 398415545c95413e9f9e9cc2f07cf971 3a66deec33ae48f09ea47dcd51a60d34 - - default default] GET http://10.0.0.157:8776/
2026-07-21 08:07:01.299 7 INFO cinder.api.openstack.wsgi [None req-8b0c9960-f251-4b93-888e-804f34e14ab7 398415545c95413e9f9e9cc2f07cf971 3a66deec33ae48f09ea47dcd51a60d34 - - default default] http://10.0.0.157:8776/ returned with HTTP 300
2026-07-21 08:07:01.300 8 INFO cinder.api.openstack.wsgi [None req-9c7b7473-29d8-485c-99ee-981c94d91ad8 398415545c95413e9f9e9cc2f07cf971 3a66deec33ae48f09ea47dcd51a60d34 - - default default] http://10.0.0.157:8776/ returned with HTTP 300
2026-07-21 08:07:11.299 7 INFO cinder.api.openstack.wsgi [None req-8b0c9960-f251-4b93-888e-804f34e14ab7 398415545c95413e9f9e9cc2f07cf971 3a66deec33ae48f09ea47dcd51a60d34 - - default default] GET http://10.0.0.157:8776/
2026-07-21 08:07:11.300 7 INFO cinder.api.openstack.wsgi [None req-8b0c9960-f251-4b93-888e-804f34e14ab7 398415545c95413e9f9e9cc2f07cf971 3a66deec33ae48f09ea47dcd51a60d34 - - default default] http://10.0.0.157:8776/ returned with HTTP 300
2026-07-21 08:07:11.305 8 INFO cinder.api.openstack.wsgi [None req-9c7b7473-29d8-485c-99ee-981c94d91ad8 398415545c95413e9f9e9cc2f07cf971 3a66deec33ae48f09ea47dcd51a60d34 - - default default] GET http://10.0.0.157:8776/
2026-07-21 08:07:11.306 8 INFO cinder.api.openstack.wsgi [None req-9c7b7473-29d8-485c-99ee-981c94d91ad8 398415545c95413e9f9e9cc2f07cf971 3a66deec33ae48f09ea47dcd51a60d34 - - default default] http://10.0.0.157:8776/ returned with HTTP 300
2026-07-21 08:07:21.298 7 INFO cinder.api.openstack.wsgi [None req-8b0c9960-f251-4b93-888e-804f34e14ab7 398415545c95413e9f9e9cc2f07cf971 3a66deec33ae48f09ea47dcd51a60d34 - - default default] GET http://10.0.0.157:8776/
2026-07-21 08:07:21.299 7 INFO cinder.api.openstack.wsgi [None req-8b0c9960-f251-4b93-888e-804f34e14ab7 398415545c95413e9f9e9cc2f07cf971 3a66deec33ae48f09ea47dcd51a60d34 - - default default] http://10.0.0.157:8776/ returned with HTTP 300
2026-07-21 08:07:21.300 8 INFO cinder.api.openstack.wsgi [None req-9c7b7473-29d8-485c-99ee-981c94d91ad8 398415545c95413e9f9e9cc2f07cf971 3a66deec33ae48f09ea47dcd51a60d34 - - default default] GET http://10.0.0.157:8776/
2026-07-21 08:07:21.301 8 INFO cinder.api.openstack.wsgi [None req-9c7b7473-29d8-485c-99ee-981c94d91ad8 398415545c95413e9f9e9cc2f07cf971 3a66deec33ae48f09ea47dcd51a60d34 - - default default] http://10.0.0.157:8776/ returned with HTTP 300
2026-07-21 08:07:31.298 7 INFO cinder.api.openstack.wsgi [None req-8b0c9960-f251-4b93-888e-804f34e14ab7 398415545c95413e9f9e9cc2f07cf971 3a66deec33ae48f09ea47dcd51a60d34 - - default default] GET http://10.0.0.157:8776/
2026-07-21 08:07:31.298 8 INFO cinder.api.openstack.wsgi [None req-9c7b7473-29d8-485c-99ee-981c94d91ad8 398415545c95413e9f9e9cc2f07cf971 3a66deec33ae48f09ea47dcd51a60d34 - - default default] GET http://10.0.0.157:8776/
2026-07-21 08:07:31.299 7 INFO cinder.api.openstack.wsgi [None req-8b0c9960-f251-4b93-888e-804f34e14ab7 398415545c95413e9f9e9cc2f07cf971 3a66deec33ae48f09ea47dcd51a60d34 - - default default] http://10.0.0.157:8776/ returned with HTTP 300
2026-07-21 08:07:31.300 8 INFO cinder.api.openstack.wsgi [None req-9c7b7473-29d8-485c-99ee-981c94d91ad8 398415545c95413e9f9e9cc2f07cf971 3a66deec33ae48f09ea47dcd51a60d34 - - default default] http://10.0.0.157:8776/ returned with HTTP 300
2026-07-21 08:07:36.260 7 INFO cinder.api.openstack.wsgi [None req-885b4bec-4d96-4202-9a51-f9c8c1869dc6 398415545c95413e9f9e9cc2f07cf971 3a66deec33ae48f09ea47dcd51a60d34 - - default default] GET http://cinder-api.openstack.svc.cluster.local:8776/v3/3a66deec33ae48f09ea47dcd51a60d34/os-services
2026-07-21 08:07:36.266 7 INFO cinder.api.openstack.wsgi [None req-885b4bec-4d96-4202-9a51-f9c8c1869dc6 398415545c95413e9f9e9cc2f07cf971 3a66deec33ae48f09ea47dcd51a60d34 - - default default] http://cinder-api.openstack.svc.cluster.local:8776/v3/3a66deec33ae48f09ea47dcd51a60d34/os-services returned with HTTP 200 [pid: 7|app: 0|req: 529/1058] 10.0.0.88 () {28 vars in 644 bytes} [Tue Jul 21 08:07:36 2026] GET /v3/3a66deec33ae48f09ea47dcd51a60d34/os-services => generated 646 bytes in 165 msecs (HTTP/1.1 200) 7 headers in 285 bytes (1 switches on core 0) /var/lib/openstack/lib/python3.12/site-packages/pycadf/identifier.py:70: UserWarning: Invalid uuid: cinderv3. To ensure interoperability, identifiers should be a valid uuid. warnings.warn(('Invalid uuid: %s. To ensure interoperability, '
2026-07-21 08:07:36.280 8 INFO cinder.api.openstack.wsgi [None req-bcd0d254-bfcd-4a48-8642-1c343c040848 398415545c95413e9f9e9cc2f07cf971 3a66deec33ae48f09ea47dcd51a60d34 - - default default] GET http://cinder-api.openstack.svc.cluster.local:8776/v3/3a66deec33ae48f09ea47dcd51a60d34/volumes/detail?all_tenants=true
2026-07-21 08:07:36.297 8 INFO cinder.volume.api [None req-bcd0d254-bfcd-4a48-8642-1c343c040848 398415545c95413e9f9e9cc2f07cf971 3a66deec33ae48f09ea47dcd51a60d34 - - default default] Get all volumes completed successfully. /var/lib/openstack/lib/python3.12/site-packages/oslo_context/context.py:101: DeprecationWarning: Policy enforcement is depending on the value of is_admin. This key is deprecated. Please update your policy file to use the standard policy values. warnings.warn(
2026-07-21 08:07:36.303 8 INFO cinder.api.openstack.wsgi [None req-bcd0d254-bfcd-4a48-8642-1c343c040848 398415545c95413e9f9e9cc2f07cf971 3a66deec33ae48f09ea47dcd51a60d34 - - default default] http://cinder-api.openstack.svc.cluster.local:8776/v3/3a66deec33ae48f09ea47dcd51a60d34/volumes/detail?all_tenants=true returned with HTTP 200 [pid: 8|app: 0|req: 530/1059] 10.0.0.88 () {28 vars in 683 bytes} [Tue Jul 21 08:07:36 2026] GET /v3/3a66deec33ae48f09ea47dcd51a60d34/volumes/detail?all_tenants=true => generated 1976 bytes in 31 msecs (HTTP/1.1 200) 7 headers in 286 bytes (1 switches on core 0)
2026-07-21 08:07:36.316 7 INFO cinder.api.openstack.wsgi [None req-79983788-c9dc-4ad0-b29a-9775279b0621 398415545c95413e9f9e9cc2f07cf971 3a66deec33ae48f09ea47dcd51a60d34 - - default default] GET http://cinder-api.openstack.svc.cluster.local:8776/v3/3a66deec33ae48f09ea47dcd51a60d34/volumes/detail?all_tenants=true
2026-07-21 08:07:36.335 7 INFO cinder.volume.api [None req-79983788-c9dc-4ad0-b29a-9775279b0621 398415545c95413e9f9e9cc2f07cf971 3a66deec33ae48f09ea47dcd51a60d34 - - default default] Get all volumes completed successfully. /var/lib/openstack/lib/python3.12/site-packages/oslo_context/context.py:101: DeprecationWarning: Policy enforcement is depending on the value of is_admin. This key is deprecated. Please update your policy file to use the standard policy values. warnings.warn(
2026-07-21 08:07:36.342 7 INFO cinder.api.openstack.wsgi [None req-79983788-c9dc-4ad0-b29a-9775279b0621 398415545c95413e9f9e9cc2f07cf971 3a66deec33ae48f09ea47dcd51a60d34 - - default default] http://cinder-api.openstack.svc.cluster.local:8776/v3/3a66deec33ae48f09ea47dcd51a60d34/volumes/detail?all_tenants=true returned with HTTP 200 [pid: 7|app: 0|req: 530/1060] 10.0.0.88 () {28 vars in 683 bytes} [Tue Jul 21 08:07:36 2026] GET /v3/3a66deec33ae48f09ea47dcd51a60d34/volumes/detail?all_tenants=true => generated 1976 bytes in 32 msecs (HTTP/1.1 200) 7 headers in 286 bytes (1 switches on core 0) /var/lib/openstack/lib/python3.12/site-packages/pycadf/identifier.py:70: UserWarning: Invalid uuid: cinderv3. To ensure interoperability, identifiers should be a valid uuid. warnings.warn(('Invalid uuid: %s. To ensure interoperability, '
2026-07-21 08:07:36.394 8 INFO cinder.api.openstack.wsgi [None req-e9287971-500d-4143-96f5-9cb8b08e1486 398415545c95413e9f9e9cc2f07cf971 3a66deec33ae48f09ea47dcd51a60d34 - - default default] GET http://cinder-api.openstack.svc.cluster.local:8776/v3/3a66deec33ae48f09ea47dcd51a60d34/os-quota-sets/09e2bd5d3e274e10af1504f0b8bd76ea?usage=true
2026-07-21 08:07:36.424 8 INFO cinder.api.openstack.wsgi [None req-e9287971-500d-4143-96f5-9cb8b08e1486 398415545c95413e9f9e9cc2f07cf971 3a66deec33ae48f09ea47dcd51a60d34 - - default default] http://cinder-api.openstack.svc.cluster.local:8776/v3/3a66deec33ae48f09ea47dcd51a60d34/os-quota-sets/09e2bd5d3e274e10af1504f0b8bd76ea?usage=true returned with HTTP 200 [pid: 8|app: 0|req: 531/1061] 10.0.0.88 () {28 vars in 735 bytes} [Tue Jul 21 08:07:36 2026] GET /v3/3a66deec33ae48f09ea47dcd51a60d34/os-quota-sets/09e2bd5d3e274e10af1504f0b8bd76ea?usage=true => generated 847 bytes in 41 msecs (HTTP/1.1 200) 7 headers in 285 bytes (1 switches on core 0) /var/lib/openstack/lib/python3.12/site-packages/pycadf/identifier.py:70: UserWarning: Invalid uuid: cinderv3. To ensure interoperability, identifiers should be a valid uuid. warnings.warn(('Invalid uuid: %s. To ensure interoperability, '
2026-07-21 08:07:36.440 7 INFO cinder.api.openstack.wsgi [None req-4ad5438a-daad-4c66-8c07-8f38f5ba5bfb 398415545c95413e9f9e9cc2f07cf971 3a66deec33ae48f09ea47dcd51a60d34 - - default default] GET http://cinder-api.openstack.svc.cluster.local:8776/v3/3a66deec33ae48f09ea47dcd51a60d34/os-quota-sets/3a66deec33ae48f09ea47dcd51a60d34?usage=true
2026-07-21 08:07:36.479 7 INFO cinder.api.openstack.wsgi [None req-4ad5438a-daad-4c66-8c07-8f38f5ba5bfb 398415545c95413e9f9e9cc2f07cf971 3a66deec33ae48f09ea47dcd51a60d34 - - default default] http://cinder-api.openstack.svc.cluster.local:8776/v3/3a66deec33ae48f09ea47dcd51a60d34/os-quota-sets/3a66deec33ae48f09ea47dcd51a60d34?usage=true returned with HTTP 200 [pid: 7|app: 0|req: 531/1062] 10.0.0.88 () {28 vars in 735 bytes} [Tue Jul 21 08:07:36 2026] GET /v3/3a66deec33ae48f09ea47dcd51a60d34/os-quota-sets/3a66deec33ae48f09ea47dcd51a60d34?usage=true => generated 847 bytes in 49 msecs (HTTP/1.1 200) 7 headers in 285 bytes (1 switches on core 0)
2026-07-21 08:07:36.494 8 INFO cinder.api.openstack.wsgi [None req-7667805c-b2de-4f0a-a741-2b62a1c729e8 398415545c95413e9f9e9cc2f07cf971 3a66deec33ae48f09ea47dcd51a60d34 - - default default] GET http://cinder-api.openstack.svc.cluster.local:8776/v3/3a66deec33ae48f09ea47dcd51a60d34/os-quota-sets/4be8b0587b4c4bd1b02b0736d601d009?usage=true
2026-07-21 08:07:36.526 8 INFO cinder.api.openstack.wsgi [None req-7667805c-b2de-4f0a-a741-2b62a1c729e8 398415545c95413e9f9e9cc2f07cf971 3a66deec33ae48f09ea47dcd51a60d34 - - default default] http://cinder-api.openstack.svc.cluster.local:8776/v3/3a66deec33ae48f09ea47dcd51a60d34/os-quota-sets/4be8b0587b4c4bd1b02b0736d601d009?usage=true returned with HTTP 200 [pid: 8|app: 0|req: 532/1063] 10.0.0.88 () {28 vars in 735 bytes} [Tue Jul 21 08:07:36 2026] GET /v3/3a66deec33ae48f09ea47dcd51a60d34/os-quota-sets/4be8b0587b4c4bd1b02b0736d601d009?usage=true => generated 847 bytes in 42 msecs (HTTP/1.1 200) 7 headers in 285 bytes (1 switches on core 0)
2026-07-21 08:07:36.540 7 INFO cinder.api.openstack.wsgi [None req-2924decf-f8a8-4698-978e-116914f3dc53 398415545c95413e9f9e9cc2f07cf971 3a66deec33ae48f09ea47dcd51a60d34 - - default default] GET http://cinder-api.openstack.svc.cluster.local:8776/v3/3a66deec33ae48f09ea47dcd51a60d34/os-quota-sets/5918f81c227341c7b184b71a8d970056?usage=true
2026-07-21 08:07:36.561 7 INFO cinder.api.openstack.wsgi [None req-2924decf-f8a8-4698-978e-116914f3dc53 398415545c95413e9f9e9cc2f07cf971 3a66deec33ae48f09ea47dcd51a60d34 - - default default] http://cinder-api.openstack.svc.cluster.local:8776/v3/3a66deec33ae48f09ea47dcd51a60d34/os-quota-sets/5918f81c227341c7b184b71a8d970056?usage=true returned with HTTP 200 [pid: 7|app: 0|req: 532/1064] 10.0.0.88 () {28 vars in 735 bytes} [Tue Jul 21 08:07:36 2026] GET /v3/3a66deec33ae48f09ea47dcd51a60d34/os-quota-sets/5918f81c227341c7b184b71a8d970056?usage=true => generated 847 bytes in 31 msecs (HTTP/1.1 200) 7 headers in 285 bytes (1 switches on core 0)
2026-07-21 08:07:36.576 8 INFO cinder.api.openstack.wsgi [None req-1ca57b87-3c93-4925-8055-d289b0946705 398415545c95413e9f9e9cc2f07cf971 3a66deec33ae48f09ea47dcd51a60d34 - - default default] GET http://cinder-api.openstack.svc.cluster.local:8776/v3/3a66deec33ae48f09ea47dcd51a60d34/os-quota-sets/7123ade8a80f4913b06a15377c219090?usage=true
2026-07-21 08:07:36.600 8 INFO cinder.api.openstack.wsgi [None req-1ca57b87-3c93-4925-8055-d289b0946705 398415545c95413e9f9e9cc2f07cf971 3a66deec33ae48f09ea47dcd51a60d34 - - default default] http://cinder-api.openstack.svc.cluster.local:8776/v3/3a66deec33ae48f09ea47dcd51a60d34/os-quota-sets/7123ade8a80f4913b06a15377c219090?usage=true returned with HTTP 200 [pid: 8|app: 0|req: 533/1065] 10.0.0.88 () {28 vars in 735 bytes} [Tue Jul 21 08:07:36 2026] GET /v3/3a66deec33ae48f09ea47dcd51a60d34/os-quota-sets/7123ade8a80f4913b06a15377c219090?usage=true => generated 847 bytes in 35 msecs (HTTP/1.1 200) 7 headers in 285 bytes (1 switches on core 0)
2026-07-21 08:07:36.613 7 INFO cinder.api.openstack.wsgi [None req-07a051cf-87db-4934-8793-214aa6df6fa6 398415545c95413e9f9e9cc2f07cf971 3a66deec33ae48f09ea47dcd51a60d34 - - default default] GET http://cinder-api.openstack.svc.cluster.local:8776/v3/3a66deec33ae48f09ea47dcd51a60d34/os-quota-sets/723a88242946405ca51e67212e046a38?usage=true
2026-07-21 08:07:36.635 7 INFO cinder.api.openstack.wsgi [None req-07a051cf-87db-4934-8793-214aa6df6fa6 398415545c95413e9f9e9cc2f07cf971 3a66deec33ae48f09ea47dcd51a60d34 - - default default] http://cinder-api.openstack.svc.cluster.local:8776/v3/3a66deec33ae48f09ea47dcd51a60d34/os-quota-sets/723a88242946405ca51e67212e046a38?usage=true returned with HTTP 200 [pid: 7|app: 0|req: 533/1066] 10.0.0.88 () {28 vars in 735 bytes} [Tue Jul 21 08:07:36 2026] GET /v3/3a66deec33ae48f09ea47dcd51a60d34/os-quota-sets/723a88242946405ca51e67212e046a38?usage=true => generated 847 bytes in 31 msecs (HTTP/1.1 200) 7 headers in 285 bytes (1 switches on core 0)
2026-07-21 08:07:36.649 8 INFO cinder.api.openstack.wsgi [None req-ea64da50-1890-4093-9aaa-fbce2e528415 398415545c95413e9f9e9cc2f07cf971 3a66deec33ae48f09ea47dcd51a60d34 - - default default] GET http://cinder-api.openstack.svc.cluster.local:8776/v3/3a66deec33ae48f09ea47dcd51a60d34/os-quota-sets/83c566948c4e4deead033bad15a4fe9f?usage=true
2026-07-21 08:07:36.673 8 INFO cinder.api.openstack.wsgi [None req-ea64da50-1890-4093-9aaa-fbce2e528415 398415545c95413e9f9e9cc2f07cf971 3a66deec33ae48f09ea47dcd51a60d34 - - default default] http://cinder-api.openstack.svc.cluster.local:8776/v3/3a66deec33ae48f09ea47dcd51a60d34/os-quota-sets/83c566948c4e4deead033bad15a4fe9f?usage=true returned with HTTP 200 [pid: 8|app: 0|req: 534/1067] 10.0.0.88 () {28 vars in 735 bytes} [Tue Jul 21 08:07:36 2026] GET /v3/3a66deec33ae48f09ea47dcd51a60d34/os-quota-sets/83c566948c4e4deead033bad15a4fe9f?usage=true => generated 847 bytes in 34 msecs (HTTP/1.1 200) 7 headers in 285 bytes (1 switches on core 0)
2026-07-21 08:07:36.689 7 INFO cinder.api.openstack.wsgi [None req-f8c91144-81c4-43ff-a74b-26f5c3fd4628 398415545c95413e9f9e9cc2f07cf971 3a66deec33ae48f09ea47dcd51a60d34 - - default default] GET http://cinder-api.openstack.svc.cluster.local:8776/v3/3a66deec33ae48f09ea47dcd51a60d34/os-quota-sets/aac68bbb7b4b4f5185943a3618275791?usage=true
2026-07-21 08:07:36.712 7 INFO cinder.api.openstack.wsgi [None req-f8c91144-81c4-43ff-a74b-26f5c3fd4628 398415545c95413e9f9e9cc2f07cf971 3a66deec33ae48f09ea47dcd51a60d34 - - default default] http://cinder-api.openstack.svc.cluster.local:8776/v3/3a66deec33ae48f09ea47dcd51a60d34/os-quota-sets/aac68bbb7b4b4f5185943a3618275791?usage=true returned with HTTP 200 [pid: 7|app: 0|req: 534/1068] 10.0.0.88 () {28 vars in 735 bytes} [Tue Jul 21 08:07:36 2026] GET /v3/3a66deec33ae48f09ea47dcd51a60d34/os-quota-sets/aac68bbb7b4b4f5185943a3618275791?usage=true => generated 847 bytes in 32 msecs (HTTP/1.1 200) 7 headers in 285 bytes (1 switches on core 0)
2026-07-21 08:07:36.726 8 INFO cinder.api.openstack.wsgi [None req-d17e19ac-ec98-430b-a4d8-280128255245 398415545c95413e9f9e9cc2f07cf971 3a66deec33ae48f09ea47dcd51a60d34 - - default default] GET http://cinder-api.openstack.svc.cluster.local:8776/v3/3a66deec33ae48f09ea47dcd51a60d34/os-quota-sets/bf6654ebecc248df8b400dbd43baedb0?usage=true
2026-07-21 08:07:36.751 8 INFO cinder.api.openstack.wsgi [None req-d17e19ac-ec98-430b-a4d8-280128255245 398415545c95413e9f9e9cc2f07cf971 3a66deec33ae48f09ea47dcd51a60d34 - - default default] http://cinder-api.openstack.svc.cluster.local:8776/v3/3a66deec33ae48f09ea47dcd51a60d34/os-quota-sets/bf6654ebecc248df8b400dbd43baedb0?usage=true returned with HTTP 200 [pid: 8|app: 0|req: 535/1069] 10.0.0.88 () {28 vars in 735 bytes} [Tue Jul 21 08:07:36 2026] GET /v3/3a66deec33ae48f09ea47dcd51a60d34/os-quota-sets/bf6654ebecc248df8b400dbd43baedb0?usage=true => generated 847 bytes in 34 msecs (HTTP/1.1 200) 7 headers in 285 bytes (1 switches on core 0)
2026-07-21 08:07:36.764 7 INFO cinder.api.openstack.wsgi [None req-2ad61edb-bec5-43f3-bf8f-24de93025c5f 398415545c95413e9f9e9cc2f07cf971 3a66deec33ae48f09ea47dcd51a60d34 - - default default] GET http://cinder-api.openstack.svc.cluster.local:8776/v3/3a66deec33ae48f09ea47dcd51a60d34/os-quota-sets/c42fd11d956442dd99716a0feeb61ced?usage=true
2026-07-21 08:07:36.785 7 INFO cinder.api.openstack.wsgi [None req-2ad61edb-bec5-43f3-bf8f-24de93025c5f 398415545c95413e9f9e9cc2f07cf971 3a66deec33ae48f09ea47dcd51a60d34 - - default default] http://cinder-api.openstack.svc.cluster.local:8776/v3/3a66deec33ae48f09ea47dcd51a60d34/os-quota-sets/c42fd11d956442dd99716a0feeb61ced?usage=true returned with HTTP 200 [pid: 7|app: 0|req: 535/1070] 10.0.0.88 () {28 vars in 735 bytes} [Tue Jul 21 08:07:36 2026] GET /v3/3a66deec33ae48f09ea47dcd51a60d34/os-quota-sets/c42fd11d956442dd99716a0feeb61ced?usage=true => generated 847 bytes in 29 msecs (HTTP/1.1 200) 7 headers in 285 bytes (1 switches on core 0)
2026-07-21 08:07:36.798 8 INFO cinder.api.openstack.wsgi [None req-33f93986-8f7b-4483-921a-78be5fe599e3 398415545c95413e9f9e9cc2f07cf971 3a66deec33ae48f09ea47dcd51a60d34 - - default default] GET http://cinder-api.openstack.svc.cluster.local:8776/v3/3a66deec33ae48f09ea47dcd51a60d34/os-quota-sets/c4339e9e0df54cc9841b7cb290fc263b?usage=true
2026-07-21 08:07:36.821 8 INFO cinder.api.openstack.wsgi [None req-33f93986-8f7b-4483-921a-78be5fe599e3 398415545c95413e9f9e9cc2f07cf971 3a66deec33ae48f09ea47dcd51a60d34 - - default default] http://cinder-api.openstack.svc.cluster.local:8776/v3/3a66deec33ae48f09ea47dcd51a60d34/os-quota-sets/c4339e9e0df54cc9841b7cb290fc263b?usage=true returned with HTTP 200 [pid: 8|app: 0|req: 536/1071] 10.0.0.88 () {28 vars in 735 bytes} [Tue Jul 21 08:07:36 2026] GET /v3/3a66deec33ae48f09ea47dcd51a60d34/os-quota-sets/c4339e9e0df54cc9841b7cb290fc263b?usage=true => generated 847 bytes in 31 msecs (HTTP/1.1 200) 7 headers in 285 bytes (1 switches on core 0)
2026-07-21 08:07:36.833 7 INFO cinder.api.openstack.wsgi [None req-5f6016a7-b2ee-47c7-bce1-c66405826344 398415545c95413e9f9e9cc2f07cf971 3a66deec33ae48f09ea47dcd51a60d34 - - default default] GET http://cinder-api.openstack.svc.cluster.local:8776/v3/3a66deec33ae48f09ea47dcd51a60d34/os-quota-sets/c8cacb3b46c1444780cbdb4b8f05cdb9?usage=true
2026-07-21 08:07:36.861 7 INFO cinder.api.openstack.wsgi [None req-5f6016a7-b2ee-47c7-bce1-c66405826344 398415545c95413e9f9e9cc2f07cf971 3a66deec33ae48f09ea47dcd51a60d34 - - default default] http://cinder-api.openstack.svc.cluster.local:8776/v3/3a66deec33ae48f09ea47dcd51a60d34/os-quota-sets/c8cacb3b46c1444780cbdb4b8f05cdb9?usage=true returned with HTTP 200 [pid: 7|app: 0|req: 536/1072] 10.0.0.88 () {28 vars in 735 bytes} [Tue Jul 21 08:07:36 2026] GET /v3/3a66deec33ae48f09ea47dcd51a60d34/os-quota-sets/c8cacb3b46c1444780cbdb4b8f05cdb9?usage=true => generated 845 bytes in 37 msecs (HTTP/1.1 200) 7 headers in 285 bytes (1 switches on core 0)
2026-07-21 08:07:36.877 8 INFO cinder.api.openstack.wsgi [None req-40b51c75-28bc-443c-a185-c9e3529abcc9 398415545c95413e9f9e9cc2f07cf971 3a66deec33ae48f09ea47dcd51a60d34 - - default default] GET http://cinder-api.openstack.svc.cluster.local:8776/v3/3a66deec33ae48f09ea47dcd51a60d34/os-quota-sets/e38b3f53aa5149eeafb3979aec7c593b?usage=true
2026-07-21 08:07:36.894 8 INFO cinder.api.openstack.wsgi [None req-40b51c75-28bc-443c-a185-c9e3529abcc9 398415545c95413e9f9e9cc2f07cf971 3a66deec33ae48f09ea47dcd51a60d34 - - default default] http://cinder-api.openstack.svc.cluster.local:8776/v3/3a66deec33ae48f09ea47dcd51a60d34/os-quota-sets/e38b3f53aa5149eeafb3979aec7c593b?usage=true returned with HTTP 200 [pid: 8|app: 0|req: 537/1073] 10.0.0.88 () {28 vars in 735 bytes} [Tue Jul 21 08:07:36 2026] GET /v3/3a66deec33ae48f09ea47dcd51a60d34/os-quota-sets/e38b3f53aa5149eeafb3979aec7c593b?usage=true => generated 847 bytes in 26 msecs (HTTP/1.1 200) 7 headers in 285 bytes (1 switches on core 0)
2026-07-21 08:07:36.905 7 INFO cinder.api.openstack.wsgi [None req-c8ea8bdd-238e-4221-a5e2-ff947f1f24a2 398415545c95413e9f9e9cc2f07cf971 3a66deec33ae48f09ea47dcd51a60d34 - - default default] GET http://cinder-api.openstack.svc.cluster.local:8776/v3/3a66deec33ae48f09ea47dcd51a60d34/snapshots?all_tenants=true
2026-07-21 08:07:36.913 7 INFO cinder.volume.api [None req-c8ea8bdd-238e-4221-a5e2-ff947f1f24a2 398415545c95413e9f9e9cc2f07cf971 3a66deec33ae48f09ea47dcd51a60d34 - - default default] Get all snapshots completed successfully.
2026-07-21 08:07:36.913 7 INFO cinder.api.openstack.wsgi [None req-c8ea8bdd-238e-4221-a5e2-ff947f1f24a2 398415545c95413e9f9e9cc2f07cf971 3a66deec33ae48f09ea47dcd51a60d34 - - default default] http://cinder-api.openstack.svc.cluster.local:8776/v3/3a66deec33ae48f09ea47dcd51a60d34/snapshots?all_tenants=true returned with HTTP 200 [pid: 7|app: 0|req: 537/1074] 10.0.0.88 () {28 vars in 673 bytes} [Tue Jul 21 08:07:36 2026] GET /v3/3a66deec33ae48f09ea47dcd51a60d34/snapshots?all_tenants=true => generated 17 bytes in 16 msecs (HTTP/1.1 200) 7 headers in 284 bytes (1 switches on core 0)
2026-07-21 08:07:36.929 8 INFO cinder.api.openstack.wsgi [None req-efe09036-1254-4515-ac77-b5ba2e716f3b 398415545c95413e9f9e9cc2f07cf971 3a66deec33ae48f09ea47dcd51a60d34 - - default default] GET http://cinder-api.openstack.svc.cluster.local:8776/v3/3a66deec33ae48f09ea47dcd51a60d34/scheduler-stats/get_pools?detail=true
2026-07-21 08:07:37.433 8 INFO cinder.api.openstack.wsgi [None req-efe09036-1254-4515-ac77-b5ba2e716f3b 398415545c95413e9f9e9cc2f07cf971 3a66deec33ae48f09ea47dcd51a60d34 - - default default] http://cinder-api.openstack.svc.cluster.local:8776/v3/3a66deec33ae48f09ea47dcd51a60d34/scheduler-stats/get_pools?detail=true returned with HTTP 200 [pid: 8|app: 0|req: 538/1075] 10.0.0.88 () {28 vars in 695 bytes} [Tue Jul 21 08:07:36 2026] GET /v3/3a66deec33ae48f09ea47dcd51a60d34/scheduler-stats/get_pools?detail=true => generated 671 bytes in 514 msecs (HTTP/1.1 200) 7 headers in 285 bytes (1 switches on core 0)
2026-07-21 08:07:41.299 7 INFO cinder.api.openstack.wsgi [None req-c8ea8bdd-238e-4221-a5e2-ff947f1f24a2 398415545c95413e9f9e9cc2f07cf971 3a66deec33ae48f09ea47dcd51a60d34 - - default default] GET http://10.0.0.157:8776/
2026-07-21 08:07:41.299 8 INFO cinder.api.openstack.wsgi [None req-efe09036-1254-4515-ac77-b5ba2e716f3b 398415545c95413e9f9e9cc2f07cf971 3a66deec33ae48f09ea47dcd51a60d34 - - default default] GET http://10.0.0.157:8776/
2026-07-21 08:07:41.300 7 INFO cinder.api.openstack.wsgi [None req-c8ea8bdd-238e-4221-a5e2-ff947f1f24a2 398415545c95413e9f9e9cc2f07cf971 3a66deec33ae48f09ea47dcd51a60d34 - - default default] http://10.0.0.157:8776/ returned with HTTP 300
2026-07-21 08:07:41.300 8 INFO cinder.api.openstack.wsgi [None req-efe09036-1254-4515-ac77-b5ba2e716f3b 398415545c95413e9f9e9cc2f07cf971 3a66deec33ae48f09ea47dcd51a60d34 - - default default] http://10.0.0.157:8776/ returned with HTTP 300
2026-07-21 08:07:51.299 8 INFO cinder.api.openstack.wsgi [None req-efe09036-1254-4515-ac77-b5ba2e716f3b 398415545c95413e9f9e9cc2f07cf971 3a66deec33ae48f09ea47dcd51a60d34 - - default default] GET http://10.0.0.157:8776/
2026-07-21 08:07:51.298 7 INFO cinder.api.openstack.wsgi [None req-c8ea8bdd-238e-4221-a5e2-ff947f1f24a2 398415545c95413e9f9e9cc2f07cf971 3a66deec33ae48f09ea47dcd51a60d34 - - default default] GET http://10.0.0.157:8776/
2026-07-21 08:07:51.300 8 INFO cinder.api.openstack.wsgi [None req-efe09036-1254-4515-ac77-b5ba2e716f3b 398415545c95413e9f9e9cc2f07cf971 3a66deec33ae48f09ea47dcd51a60d34 - - default default] http://10.0.0.157:8776/ returned with HTTP 300
2026-07-21 08:07:51.300 7 INFO cinder.api.openstack.wsgi [None req-c8ea8bdd-238e-4221-a5e2-ff947f1f24a2 398415545c95413e9f9e9cc2f07cf971 3a66deec33ae48f09ea47dcd51a60d34 - - default default] http://10.0.0.157:8776/ returned with HTTP 300
2026-07-21 08:08:01.298 8 INFO cinder.api.openstack.wsgi [None req-efe09036-1254-4515-ac77-b5ba2e716f3b 398415545c95413e9f9e9cc2f07cf971 3a66deec33ae48f09ea47dcd51a60d34 - - default default] GET http://10.0.0.157:8776/
2026-07-21 08:08:01.298 7 INFO cinder.api.openstack.wsgi [None req-c8ea8bdd-238e-4221-a5e2-ff947f1f24a2 398415545c95413e9f9e9cc2f07cf971 3a66deec33ae48f09ea47dcd51a60d34 - - default default] GET http://10.0.0.157:8776/
2026-07-21 08:08:01.299 8 INFO cinder.api.openstack.wsgi [None req-efe09036-1254-4515-ac77-b5ba2e716f3b 398415545c95413e9f9e9cc2f07cf971 3a66deec33ae48f09ea47dcd51a60d34 - - default default] http://10.0.0.157:8776/ returned with HTTP 300
2026-07-21 08:08:01.300 7 INFO cinder.api.openstack.wsgi [None req-c8ea8bdd-238e-4221-a5e2-ff947f1f24a2 398415545c95413e9f9e9cc2f07cf971 3a66deec33ae48f09ea47dcd51a60d34 - - default default] http://10.0.0.157:8776/ returned with HTTP 300
2026-07-21 08:08:11.297 8 INFO cinder.api.openstack.wsgi [None req-efe09036-1254-4515-ac77-b5ba2e716f3b 398415545c95413e9f9e9cc2f07cf971 3a66deec33ae48f09ea47dcd51a60d34 - - default default] GET http://10.0.0.157:8776/
2026-07-21 08:08:11.298 7 INFO cinder.api.openstack.wsgi [None req-c8ea8bdd-238e-4221-a5e2-ff947f1f24a2 398415545c95413e9f9e9cc2f07cf971 3a66deec33ae48f09ea47dcd51a60d34 - - default default] GET http://10.0.0.157:8776/
2026-07-21 08:08:11.298 8 INFO cinder.api.openstack.wsgi [None req-efe09036-1254-4515-ac77-b5ba2e716f3b 398415545c95413e9f9e9cc2f07cf971 3a66deec33ae48f09ea47dcd51a60d34 - - default default] http://10.0.0.157:8776/ returned with HTTP 300
2026-07-21 08:08:11.299 7 INFO cinder.api.openstack.wsgi [None req-c8ea8bdd-238e-4221-a5e2-ff947f1f24a2 398415545c95413e9f9e9cc2f07cf971 3a66deec33ae48f09ea47dcd51a60d34 - - default default] http://10.0.0.157:8776/ returned with HTTP 300
2026-07-21 08:08:21.298 8 INFO cinder.api.openstack.wsgi [None req-efe09036-1254-4515-ac77-b5ba2e716f3b 398415545c95413e9f9e9cc2f07cf971 3a66deec33ae48f09ea47dcd51a60d34 - - default default] GET http://10.0.0.157:8776/
2026-07-21 08:08:21.298 8 INFO cinder.api.openstack.wsgi [None req-efe09036-1254-4515-ac77-b5ba2e716f3b 398415545c95413e9f9e9cc2f07cf971 3a66deec33ae48f09ea47dcd51a60d34 - - default default] http://10.0.0.157:8776/ returned with HTTP 300
2026-07-21 08:08:21.300 7 INFO cinder.api.openstack.wsgi [None req-c8ea8bdd-238e-4221-a5e2-ff947f1f24a2 398415545c95413e9f9e9cc2f07cf971 3a66deec33ae48f09ea47dcd51a60d34 - - default default] GET http://10.0.0.157:8776/
2026-07-21 08:08:21.301 7 INFO cinder.api.openstack.wsgi [None req-c8ea8bdd-238e-4221-a5e2-ff947f1f24a2 398415545c95413e9f9e9cc2f07cf971 3a66deec33ae48f09ea47dcd51a60d34 - - default default] http://10.0.0.157:8776/ returned with HTTP 300
2026-07-21 08:08:24.668 8 INFO cinder.api.openstack.wsgi [req-1d005c5a-1e20-4064-929f-b7eda5d86141 req-0ef2676c-0721-4d9b-bbfa-cc58499cd37f 398415545c95413e9f9e9cc2f07cf971 3a66deec33ae48f09ea47dcd51a60d34 - - default default] DELETE http://cinder-api.openstack.svc.cluster.local:8776/v3/3a66deec33ae48f09ea47dcd51a60d34/attachments/d17615db-b19b-4768-99f3-050af50907e5 /var/lib/openstack/lib/python3.12/site-packages/oslo_context/context.py:101: DeprecationWarning: Policy enforcement is depending on the value of is_admin. This key is deprecated. Please update your policy file to use the standard policy values. warnings.warn(
2026-07-21 08:08:25.251 8 INFO cinder.api.openstack.wsgi [req-1d005c5a-1e20-4064-929f-b7eda5d86141 req-0ef2676c-0721-4d9b-bbfa-cc58499cd37f 398415545c95413e9f9e9cc2f07cf971 3a66deec33ae48f09ea47dcd51a60d34 - - default default] http://cinder-api.openstack.svc.cluster.local:8776/v3/3a66deec33ae48f09ea47dcd51a60d34/attachments/d17615db-b19b-4768-99f3-050af50907e5 returned with HTTP 200 [pid: 8|app: 0|req: 544/1086] 199.19.213.186 () {38 vars in 1103 bytes} [Tue Jul 21 08:08:24 2026] DELETE /v3/3a66deec33ae48f09ea47dcd51a60d34/attachments/d17615db-b19b-4768-99f3-050af50907e5 => generated 19 bytes in 590 msecs (HTTP/1.1 200) 7 headers in 285 bytes (1 switches on core 0)
2026-07-21 08:08:25.267 7 INFO cinder.api.openstack.wsgi [req-1d005c5a-1e20-4064-929f-b7eda5d86141 req-ba5d0275-f379-4e34-a699-4b6c80d7b201 398415545c95413e9f9e9cc2f07cf971 3a66deec33ae48f09ea47dcd51a60d34 - - default default] DELETE http://cinder-api.openstack.svc.cluster.local:8776/v3/3a66deec33ae48f09ea47dcd51a60d34/volumes/65b0a83b-e016-41ee-a63c-2f63ef28341c
2026-07-21 08:08:25.268 7 INFO cinder.api.v3.volumes [req-1d005c5a-1e20-4064-929f-b7eda5d86141 req-ba5d0275-f379-4e34-a699-4b6c80d7b201 398415545c95413e9f9e9cc2f07cf971 3a66deec33ae48f09ea47dcd51a60d34 - - default default] Delete volume with id: 65b0a83b-e016-41ee-a63c-2f63ef28341c /var/lib/openstack/lib/python3.12/site-packages/oslo_context/context.py:101: DeprecationWarning: Policy enforcement is depending on the value of is_admin. This key is deprecated. Please update your policy file to use the standard policy values. warnings.warn(
2026-07-21 08:08:25.278 7 INFO cinder.volume.api [req-1d005c5a-1e20-4064-929f-b7eda5d86141 req-ba5d0275-f379-4e34-a699-4b6c80d7b201 398415545c95413e9f9e9cc2f07cf971 3a66deec33ae48f09ea47dcd51a60d34 - - default default] Volume info retrieved successfully.
2026-07-21 08:08:25.306 7 INFO cinder.volume.api [req-1d005c5a-1e20-4064-929f-b7eda5d86141 req-ba5d0275-f379-4e34-a699-4b6c80d7b201 398415545c95413e9f9e9cc2f07cf971 3a66deec33ae48f09ea47dcd51a60d34 - - default default] Delete volume request issued successfully.
2026-07-21 08:08:25.307 7 INFO cinder.api.openstack.wsgi [req-1d005c5a-1e20-4064-929f-b7eda5d86141 req-ba5d0275-f379-4e34-a699-4b6c80d7b201 398415545c95413e9f9e9cc2f07cf971 3a66deec33ae48f09ea47dcd51a60d34 - - default default] http://cinder-api.openstack.svc.cluster.local:8776/v3/3a66deec33ae48f09ea47dcd51a60d34/volumes/65b0a83b-e016-41ee-a63c-2f63ef28341c returned with HTTP 202 [pid: 7|app: 0|req: 543/1087] 199.19.213.186 () {36 vars in 1054 bytes} [Tue Jul 21 08:08:25 2026] DELETE /v3/3a66deec33ae48f09ea47dcd51a60d34/volumes/65b0a83b-e016-41ee-a63c-2f63ef28341c => generated 0 bytes in 48 msecs (HTTP/1.1 202) 6 headers in 233 bytes (1 switches on core 0)
2026-07-21 08:08:31.298 8 INFO cinder.api.openstack.wsgi [req-1d005c5a-1e20-4064-929f-b7eda5d86141 req-0ef2676c-0721-4d9b-bbfa-cc58499cd37f 398415545c95413e9f9e9cc2f07cf971 3a66deec33ae48f09ea47dcd51a60d34 - - default default] GET http://10.0.0.157:8776/
2026-07-21 08:08:31.298 7 INFO cinder.api.openstack.wsgi [req-1d005c5a-1e20-4064-929f-b7eda5d86141 req-ba5d0275-f379-4e34-a699-4b6c80d7b201 398415545c95413e9f9e9cc2f07cf971 3a66deec33ae48f09ea47dcd51a60d34 - - default default] GET http://10.0.0.157:8776/
2026-07-21 08:08:31.299 8 INFO cinder.api.openstack.wsgi [req-1d005c5a-1e20-4064-929f-b7eda5d86141 req-0ef2676c-0721-4d9b-bbfa-cc58499cd37f 398415545c95413e9f9e9cc2f07cf971 3a66deec33ae48f09ea47dcd51a60d34 - - default default] http://10.0.0.157:8776/ returned with HTTP 300
2026-07-21 08:08:31.300 7 INFO cinder.api.openstack.wsgi [req-1d005c5a-1e20-4064-929f-b7eda5d86141 req-ba5d0275-f379-4e34-a699-4b6c80d7b201 398415545c95413e9f9e9cc2f07cf971 3a66deec33ae48f09ea47dcd51a60d34 - - default default] http://10.0.0.157:8776/ returned with HTTP 300 /var/lib/openstack/lib/python3.12/site-packages/pycadf/identifier.py:70: UserWarning: Invalid uuid: cinderv3. To ensure interoperability, identifiers should be a valid uuid. warnings.warn(('Invalid uuid: %s. To ensure interoperability, '
2026-07-21 08:08:36.284 8 INFO cinder.api.openstack.wsgi [None req-9b1ec1f8-7429-4fe5-8c4e-c71c10634ae5 398415545c95413e9f9e9cc2f07cf971 3a66deec33ae48f09ea47dcd51a60d34 - - default default] GET http://cinder-api.openstack.svc.cluster.local:8776/v3/3a66deec33ae48f09ea47dcd51a60d34/os-quota-sets/09e2bd5d3e274e10af1504f0b8bd76ea?usage=true /var/lib/openstack/lib/python3.12/site-packages/oslo_context/context.py:101: DeprecationWarning: Policy enforcement is depending on the value of is_admin. This key is deprecated. Please update your policy file to use the standard policy values. warnings.warn(
