2026-07-21 08:01:31.967 8 INFO neutron.db.ovn_revision_numbers_db [None req-1640f2d7-2365-46f3-99f8-add7476ed542 d4ee3ca1f56a48548cab5a6b9b5addbd 6636f064759d4b27a8c06508edd2b8c3 - - default default] Successfully bumped revision number for resource 35c0701b-a16a-48df-991e-abc02b6eef2a (type: networks) to 1
2026-07-21 08:01:32.196 8 WARNING neutron.scheduler.dhcp_agent_scheduler [None req-1640f2d7-2365-46f3-99f8-add7476ed542 d4ee3ca1f56a48548cab5a6b9b5addbd 6636f064759d4b27a8c06508edd2b8c3 - - default default] No more DHCP agents
2026-07-21 08:01:32.198 8 WARNING neutron.api.rpc.agentnotifiers.dhcp_rpc_agent_api [None req-1640f2d7-2365-46f3-99f8-add7476ed542 d4ee3ca1f56a48548cab5a6b9b5addbd 6636f064759d4b27a8c06508edd2b8c3 - - default default] Unable to schedule network 35c0701b-a16a-48df-991e-abc02b6eef2a: no agents available; will retry on subsequent port and subnet creation events. [pid: 7|app: 0|req: 481/1001] 10.0.0.153 () {32 vars in 724 bytes} [Tue Jul 21 08:01:31 2026] DELETE /v2.0/routers/8165fabc-d823-4f81-9395-c1dece28ae87 => generated 0 bytes in 896 msecs (HTTP/1.1 204) 2 headers in 112 bytes (1 switches on core 0)
2026-07-21 08:01:32.253 8 INFO neutron.plugins.ml2.drivers.ovn.mech_driver.mech_driver [None req-c98b7bf2-6749-4e1e-bc5b-c57c7c55aaf5 - - - - - -] OVN reports status down for port: b199dfef-4758-4422-9171-37bbd91301aa
2026-07-21 08:01:32.324 8 INFO neutron.db.ovn_revision_numbers_db [None req-1640f2d7-2365-46f3-99f8-add7476ed542 d4ee3ca1f56a48548cab5a6b9b5addbd 6636f064759d4b27a8c06508edd2b8c3 - - default default] Successfully bumped revision number for resource b199dfef-4758-4422-9171-37bbd91301aa (type: ports) to 1 [pid: 8|app: 0|req: 521/1002] 10.0.0.153 () {34 vars in 670 bytes} [Tue Jul 21 08:01:31 2026] POST /v2.0/networks => generated 672 bytes in 673 msecs (HTTP/1.1 201) 4 headers in 162 bytes (1 switches on core 0) [pid: 7|app: 0|req: 482/1003] 10.0.0.153 () {32 vars in 724 bytes} [Tue Jul 21 08:01:32 2026] DELETE /v2.0/subnets/961d0de7-e792-41b5-8fe3-f5f872e60a38 => generated 0 bytes in 243 msecs (HTTP/1.1 204) 3 headers in 131 bytes (1 switches on core 0)
2026-07-21 08:01:32.615 7 INFO neutron_taas.services.taas.taas_plugin [None req-d0425720-a03c-4001-9859-a264b19a7be8 398415545c95413e9f9e9cc2f07cf971 3a66deec33ae48f09ea47dcd51a60d34 - - default default] TaaS: Handle Delete Port: 4a34f398-1339-4a3c-8245-c821512b93e6
2026-07-21 08:01:32.619 7 INFO neutron_taas.services.taas.tap_mirror_plugin [None req-d0425720-a03c-4001-9859-a264b19a7be8 398415545c95413e9f9e9cc2f07cf971 3a66deec33ae48f09ea47dcd51a60d34 - - default default] Tap Mirror: Handle Delete Port: 4a34f398-1339-4a3c-8245-c821512b93e6
2026-07-21 08:01:32.642 8 WARNING neutron.scheduler.dhcp_agent_scheduler [None req-28710403-3209-4cd9-9f2b-0e13518bbf64 d4ee3ca1f56a48548cab5a6b9b5addbd 6636f064759d4b27a8c06508edd2b8c3 - - default default] No more DHCP agents
2026-07-21 08:01:32.643 8 WARNING neutron.api.rpc.agentnotifiers.dhcp_rpc_agent_api [None req-28710403-3209-4cd9-9f2b-0e13518bbf64 d4ee3ca1f56a48548cab5a6b9b5addbd 6636f064759d4b27a8c06508edd2b8c3 - - default default] Unable to schedule network 7d9a3b74-fa07-4056-b2cb-8c97b3d4dd9b: no agents available; will retry on subsequent port and subnet creation events.
2026-07-21 08:01:32.698 8 INFO neutron.db.ovn_revision_numbers_db [None req-28710403-3209-4cd9-9f2b-0e13518bbf64 d4ee3ca1f56a48548cab5a6b9b5addbd 6636f064759d4b27a8c06508edd2b8c3 - - default default] Successfully bumped revision number for resource 39644a03-f036-4f9a-a62e-9998c5a26db5 (type: subnets) to 0 [pid: 8|app: 0|req: 522/1004] 10.0.0.153 () {34 vars in 669 bytes} [Tue Jul 21 08:01:32 2026] POST /v2.0/subnets => generated 646 bytes in 308 msecs (HTTP/1.1 201) 4 headers in 162 bytes (1 switches on core 0)
2026-07-21 08:01:32.839 7 INFO neutron.services.segments.plugin [-] Segment efcc72ff-129d-490f-9f05-b222c3168737 resource provider aggregate not found
2026-07-21 08:01:32.845 7 INFO neutron.services.segments.plugin [-] Segment efcc72ff-129d-490f-9f05-b222c3168737 resource provider aggregate not found
2026-07-21 08:01:32.871 7 INFO neutron.services.segments.plugin [-] Client error retrieving segment efcc72ff-129d-490f-9f05-b222c3168737 resource provider; error: Placement Client Error (4xx): {"errors": [{"status": 404, "title": "Not Found", "detail": "The resource could not be found.\n\n No resource provider with uuid efcc72ff-129d-490f-9f05-b222c3168737 found for delete ", "request_id": "req-a5f2488f-b069-438a-a6fb-b8407afa3094"}]}
2026-07-21 08:01:32.875 7 INFO neutron.services.segments.plugin [-] Client error retrieving segment efcc72ff-129d-490f-9f05-b222c3168737 resource provider; error: Placement Client Error (4xx): {"errors": [{"status": 404, "title": "Not Found", "detail": "The resource could not be found.\n\n No resource provider with uuid efcc72ff-129d-490f-9f05-b222c3168737 found for delete ", "request_id": "req-5e670d76-1b36-4eff-89cc-19a6e3e29d6c"}]} [pid: 7|app: 0|req: 483/1005] 10.0.0.153 () {32 vars in 726 bytes} [Tue Jul 21 08:01:32 2026] DELETE /v2.0/networks/cca07a1f-09cc-45eb-8d69-68501aa58487 => generated 0 bytes in 432 msecs (HTTP/1.1 204) 3 headers in 131 bytes (1 switches on core 0)
2026-07-21 08:01:32.948 8 WARNING neutron.scheduler.dhcp_agent_scheduler [None req-1f8c2a14-20bb-4d45-ab1d-96032387fe93 d4ee3ca1f56a48548cab5a6b9b5addbd 6636f064759d4b27a8c06508edd2b8c3 - - default default] No more DHCP agents
2026-07-21 08:01:32.950 8 WARNING neutron.api.rpc.agentnotifiers.dhcp_rpc_agent_api [None req-1f8c2a14-20bb-4d45-ab1d-96032387fe93 d4ee3ca1f56a48548cab5a6b9b5addbd 6636f064759d4b27a8c06508edd2b8c3 - - default default] Unable to schedule network 35c0701b-a16a-48df-991e-abc02b6eef2a: no agents available; will retry on subsequent port and subnet creation events.
2026-07-21 08:01:32.979 8 INFO neutron.db.ovn_revision_numbers_db [None req-1f8c2a14-20bb-4d45-ab1d-96032387fe93 d4ee3ca1f56a48548cab5a6b9b5addbd 6636f064759d4b27a8c06508edd2b8c3 - - default default] Successfully bumped revision number for resource c22a3b98-0110-46f2-9147-730fdefc2afa (type: subnets) to 0 [pid: 8|app: 0|req: 523/1006] 10.0.0.153 () {34 vars in 669 bytes} [Tue Jul 21 08:01:32 2026] POST /v2.0/subnets => generated 655 bytes in 278 msecs (HTTP/1.1 201) 4 headers in 162 bytes (1 switches on core 0)
2026-07-21 08:01:33.120 8 INFO neutron.db.ovn_revision_numbers_db [None req-3d0f9cab-82e3-43e5-b23f-5f6910c814f5 d4ee3ca1f56a48548cab5a6b9b5addbd 6636f064759d4b27a8c06508edd2b8c3 - - default default] Successfully bumped revision number for resource 0ae32be5-80b6-49db-94d6-ac8fc5b97ef8 (type: routers) to 1 [pid: 8|app: 0|req: 524/1007] 10.0.0.153 () {34 vars in 669 bytes} [Tue Jul 21 08:01:33 2026] POST /v2.0/routers => generated 606 bytes in 143 msecs (HTTP/1.1 201) 4 headers in 162 bytes (1 switches on core 0) [pid: 8|app: 0|req: 525/1008] 10.0.0.153 () {32 vars in 774 bytes} [Tue Jul 21 08:01:33 2026] GET /v2.0/security-groups?tenant_id=12385b45b19446aea6a6e9910e59acd2&name=default => generated 2921 bytes in 32 msecs (HTTP/1.1 200) 4 headers in 158 bytes (1 switches on core 0) [pid: 7|app: 0|req: 484/1009] 10.0.0.159 () {34 vars in 990 bytes} [Tue Jul 21 08:01:32 2026] GET /v2.0/ports?device_id=6a4c9ad5-9026-471b-9e21-f2db67005a2b => generated 1209 bytes in 437 msecs (HTTP/1.1 200) 4 headers in 158 bytes (1 switches on core 0)
2026-07-21 08:01:33.696 8 WARNING neutron.scheduler.dhcp_agent_scheduler [None req-d840508b-3a65-40ba-a183-72a75437ca96 d4ee3ca1f56a48548cab5a6b9b5addbd 6636f064759d4b27a8c06508edd2b8c3 - - default default] No more DHCP agents
2026-07-21 08:01:33.698 8 WARNING neutron.api.rpc.agentnotifiers.dhcp_rpc_agent_api [None req-d840508b-3a65-40ba-a183-72a75437ca96 d4ee3ca1f56a48548cab5a6b9b5addbd 6636f064759d4b27a8c06508edd2b8c3 - - default default] Unable to schedule network 7d9a3b74-fa07-4056-b2cb-8c97b3d4dd9b: no agents available; will retry on subsequent port and subnet creation events. [pid: 7|app: 0|req: 485/1010] 10.0.0.153 () {32 vars in 740 bytes} [Tue Jul 21 08:01:33 2026] DELETE /v2.0/security-groups/14b11d12-d1d3-45ea-9728-dcedfcb9ed80 => generated 0 bytes in 347 msecs (HTTP/1.1 204) 2 headers in 112 bytes (1 switches on core 0) [pid: 7|app: 0|req: 486/1011] 10.0.0.159 () {34 vars in 1040 bytes} [Tue Jul 21 08:01:33 2026] GET /v2.0/security-groups?id=3d4fb379-de30-4afd-8c87-58db0aa6aae6&fields=id&fields=name => generated 113 bytes in 61 msecs (HTTP/1.1 200) 4 headers in 157 bytes (1 switches on core 0)
2026-07-21 08:01:33.806 7 INFO neutron.plugins.ml2.drivers.ovn.mech_driver.mech_driver [None req-53cd7744-b92c-47ab-97e6-81666b44cb72 - - - - - -] OVN reports status down for port: 02f285ab-6932-46ff-b177-6123dedb5d46
2026-07-21 08:01:33.847 8 INFO neutron.db.ovn_revision_numbers_db [None req-d840508b-3a65-40ba-a183-72a75437ca96 d4ee3ca1f56a48548cab5a6b9b5addbd 6636f064759d4b27a8c06508edd2b8c3 - - default default] Successfully bumped revision number for resource 02f285ab-6932-46ff-b177-6123dedb5d46 (type: ports) to 1
2026-07-21 08:01:34.411 7 INFO neutron.plugins.ml2.drivers.ovn.mech_driver.mech_driver [None req-53cd7744-b92c-47ab-97e6-81666b44cb72 - - - - - -] OVN reports status up for port: 02f285ab-6932-46ff-b177-6123dedb5d46
2026-07-21 08:01:34.427 7 INFO neutron.plugins.ml2.plugin [None req-53cd7744-b92c-47ab-97e6-81666b44cb72 - - - - - -] Attempt 1 to provision port 02f285ab-6932-46ff-b177-6123dedb5d46
2026-07-21 08:01:34.517 8 WARNING neutron.scheduler.dhcp_agent_scheduler [None req-d840508b-3a65-40ba-a183-72a75437ca96 d4ee3ca1f56a48548cab5a6b9b5addbd 6636f064759d4b27a8c06508edd2b8c3 - - default default] No more DHCP agents
2026-07-21 08:01:34.519 8 WARNING neutron.api.rpc.agentnotifiers.dhcp_rpc_agent_api [None req-d840508b-3a65-40ba-a183-72a75437ca96 d4ee3ca1f56a48548cab5a6b9b5addbd 6636f064759d4b27a8c06508edd2b8c3 - - default default] Unable to schedule network 7d9a3b74-fa07-4056-b2cb-8c97b3d4dd9b: no agents available; will retry on subsequent port and subnet creation events.
2026-07-21 08:01:34.740 8 INFO neutron.db.ovn_revision_numbers_db [None req-d840508b-3a65-40ba-a183-72a75437ca96 d4ee3ca1f56a48548cab5a6b9b5addbd 6636f064759d4b27a8c06508edd2b8c3 - - default default] Successfully bumped revision number for resource 02f285ab-6932-46ff-b177-6123dedb5d46 (type: router_ports) to 1 [pid: 8|app: 0|req: 526/1012] 10.0.0.153 () {34 vars in 783 bytes} [Tue Jul 21 08:01:33 2026] PUT /v2.0/routers/0ae32be5-80b6-49db-94d6-ac8fc5b97ef8/add_router_interface => generated 309 bytes in 1568 msecs (HTTP/1.1 200) 4 headers in 157 bytes (1 switches on core 0) [pid: 7|app: 0|req: 487/1013] 10.0.0.153 () {32 vars in 717 bytes} [Tue Jul 21 08:01:34 2026] GET /v2.0/ports/02f285ab-6932-46ff-b177-6123dedb5d46 => generated 947 bytes in 125 msecs (HTTP/1.1 200) 4 headers in 157 bytes (1 switches on core 0)
2026-07-21 08:01:35.079 7 INFO neutron.db.ovn_revision_numbers_db [None req-53cd7744-b92c-47ab-97e6-81666b44cb72 - - - - - -] Successfully bumped revision number for resource 02f285ab-6932-46ff-b177-6123dedb5d46 (type: ports) to 2
2026-07-21 08:01:35.215 7 INFO neutron.db.ovn_revision_numbers_db [None req-df774437-7f53-4992-9863-f013a5b8a709 - - - - - -] Successfully bumped revision number for resource 02f285ab-6932-46ff-b177-6123dedb5d46 (type: router_ports) to 2
2026-07-21 08:01:35.452 8 WARNING neutron.scheduler.dhcp_agent_scheduler [None req-74521a0a-ff3a-4169-a716-c3dead0892d0 d4ee3ca1f56a48548cab5a6b9b5addbd 6636f064759d4b27a8c06508edd2b8c3 - - default default] No more DHCP agents
2026-07-21 08:01:35.457 8 WARNING neutron.api.rpc.agentnotifiers.dhcp_rpc_agent_api [None req-74521a0a-ff3a-4169-a716-c3dead0892d0 d4ee3ca1f56a48548cab5a6b9b5addbd 6636f064759d4b27a8c06508edd2b8c3 - - default default] Unable to schedule network 35c0701b-a16a-48df-991e-abc02b6eef2a: no agents available; will retry on subsequent port and subnet creation events.
2026-07-21 08:01:35.557 8 INFO neutron.plugins.ml2.drivers.ovn.mech_driver.mech_driver [None req-c98b7bf2-6749-4e1e-bc5b-c57c7c55aaf5 - - - - - -] OVN reports status down for port: 638afba0-fca0-49e3-b1b7-accbba69c06a
2026-07-21 08:01:35.644 8 INFO neutron.db.ovn_revision_numbers_db [None req-74521a0a-ff3a-4169-a716-c3dead0892d0 d4ee3ca1f56a48548cab5a6b9b5addbd 6636f064759d4b27a8c06508edd2b8c3 - - default default] Successfully bumped revision number for resource 638afba0-fca0-49e3-b1b7-accbba69c06a (type: ports) to 1
2026-07-21 08:01:35.947 7 INFO neutron.db.ovn_revision_numbers_db [None req-a1ba75c6-a6ca-43de-9cbb-34f2ba38405c 398415545c95413e9f9e9cc2f07cf971 3a66deec33ae48f09ea47dcd51a60d34 - - default default] Successfully bumped revision number for resource c991e271-47cb-4f47-a5d4-a91f7b407ca9 (type: security_groups) to 1
2026-07-21 08:01:35.979 7 INFO neutron.db.ovn_revision_numbers_db [None req-a1ba75c6-a6ca-43de-9cbb-34f2ba38405c 398415545c95413e9f9e9cc2f07cf971 3a66deec33ae48f09ea47dcd51a60d34 - - default default] Successfully bumped revision number for resource 3f57082e-0def-4f0d-9ccb-b82a9244fbdd (type: security_group_rules) to 0
2026-07-21 08:01:36.001 7 INFO neutron.db.ovn_revision_numbers_db [None req-a1ba75c6-a6ca-43de-9cbb-34f2ba38405c 398415545c95413e9f9e9cc2f07cf971 3a66deec33ae48f09ea47dcd51a60d34 - - default default] Successfully bumped revision number for resource 80c1306e-84da-4d3e-8382-27f0fa807cba (type: security_group_rules) to 0
2026-07-21 08:01:36.015 7 INFO neutron.db.ovn_revision_numbers_db [None req-a1ba75c6-a6ca-43de-9cbb-34f2ba38405c 398415545c95413e9f9e9cc2f07cf971 3a66deec33ae48f09ea47dcd51a60d34 - - default default] Successfully bumped revision number for resource 9af40c0f-3054-4fdb-a2e1-8dcea9d3255f (type: security_group_rules) to 0
2026-07-21 08:01:36.027 7 INFO neutron.db.ovn_revision_numbers_db [None req-a1ba75c6-a6ca-43de-9cbb-34f2ba38405c 398415545c95413e9f9e9cc2f07cf971 3a66deec33ae48f09ea47dcd51a60d34 - - default default] Successfully bumped revision number for resource ac38a13c-1529-42ee-96f4-98f7c21b902b (type: security_group_rules) to 0 [pid: 7|app: 0|req: 488/1014] 10.0.0.153 () {32 vars in 774 bytes} [Tue Jul 21 08:01:35 2026] GET /v2.0/security-groups?tenant_id=3443dab445224c9cb9b9bd801aa985d3&name=default => generated 2925 bytes in 497 msecs (HTTP/1.1 200) 4 headers in 158 bytes (1 switches on core 0)
2026-07-21 08:01:36.284 7 INFO neutron.db.ovn_revision_numbers_db [None req-05fc126f-182f-4fd0-8c4e-4a981f52d59d 398415545c95413e9f9e9cc2f07cf971 3a66deec33ae48f09ea47dcd51a60d34 - - default default] Successfully bumped revision number for resource 291e7738-337a-4b20-8e52-bac59a1a3576 (type: security_groups) to 1
2026-07-21 08:01:36.297 7 INFO neutron.db.ovn_revision_numbers_db [None req-05fc126f-182f-4fd0-8c4e-4a981f52d59d 398415545c95413e9f9e9cc2f07cf971 3a66deec33ae48f09ea47dcd51a60d34 - - default default] Successfully bumped revision number for resource 20e1f13f-7f4f-41c2-86e3-d6d11b5e9920 (type: security_group_rules) to 0
2026-07-21 08:01:36.310 8 INFO neutron.plugins.ml2.drivers.ovn.mech_driver.mech_driver [None req-c98b7bf2-6749-4e1e-bc5b-c57c7c55aaf5 - - - - - -] OVN reports status up for port: 638afba0-fca0-49e3-b1b7-accbba69c06a
2026-07-21 08:01:36.321 7 INFO neutron.db.ovn_revision_numbers_db [None req-05fc126f-182f-4fd0-8c4e-4a981f52d59d 398415545c95413e9f9e9cc2f07cf971 3a66deec33ae48f09ea47dcd51a60d34 - - default default] Successfully bumped revision number for resource 281ac9fd-8996-48c5-919a-2b8cd1bd40a9 (type: security_group_rules) to 0
2026-07-21 08:01:36.341 7 INFO neutron.db.ovn_revision_numbers_db [None req-05fc126f-182f-4fd0-8c4e-4a981f52d59d 398415545c95413e9f9e9cc2f07cf971 3a66deec33ae48f09ea47dcd51a60d34 - - default default] Successfully bumped revision number for resource 60d2b412-85d5-4b1d-b5ed-d7ae6a180a1d (type: security_group_rules) to 0
2026-07-21 08:01:36.358 7 INFO neutron.db.ovn_revision_numbers_db [None req-05fc126f-182f-4fd0-8c4e-4a981f52d59d 398415545c95413e9f9e9cc2f07cf971 3a66deec33ae48f09ea47dcd51a60d34 - - default default] Successfully bumped revision number for resource ab9fa7bf-7e05-490b-b074-4e0fcab732e3 (type: security_group_rules) to 0
2026-07-21 08:01:36.362 8 INFO neutron.plugins.ml2.plugin [None req-c98b7bf2-6749-4e1e-bc5b-c57c7c55aaf5 - - - - - -] Attempt 1 to provision port 638afba0-fca0-49e3-b1b7-accbba69c06a
2026-07-21 08:01:36.464 7 INFO neutron.db.segments_db [None req-05fc126f-182f-4fd0-8c4e-4a981f52d59d 398415545c95413e9f9e9cc2f07cf971 3a66deec33ae48f09ea47dcd51a60d34 - - default default] Added segment ac9e62a9-b44b-4e60-a16a-58968a602375 of type geneve for network 9923bfd6-a228-4fa2-88bf-652edd6a305a
2026-07-21 08:01:36.527 8 WARNING neutron.scheduler.dhcp_agent_scheduler [None req-74521a0a-ff3a-4169-a716-c3dead0892d0 d4ee3ca1f56a48548cab5a6b9b5addbd 6636f064759d4b27a8c06508edd2b8c3 - - default default] No more DHCP agents
2026-07-21 08:01:36.530 8 WARNING neutron.api.rpc.agentnotifiers.dhcp_rpc_agent_api [None req-74521a0a-ff3a-4169-a716-c3dead0892d0 d4ee3ca1f56a48548cab5a6b9b5addbd 6636f064759d4b27a8c06508edd2b8c3 - - default default] Unable to schedule network 35c0701b-a16a-48df-991e-abc02b6eef2a: no agents available; will retry on subsequent port and subnet creation events.
2026-07-21 08:01:36.589 7 INFO neutron.db.ovn_revision_numbers_db [None req-05fc126f-182f-4fd0-8c4e-4a981f52d59d 398415545c95413e9f9e9cc2f07cf971 3a66deec33ae48f09ea47dcd51a60d34 - - default default] Successfully bumped revision number for resource 9923bfd6-a228-4fa2-88bf-652edd6a305a (type: networks) to 1
2026-07-21 08:01:36.762 7 WARNING neutron.scheduler.dhcp_agent_scheduler [None req-05fc126f-182f-4fd0-8c4e-4a981f52d59d 398415545c95413e9f9e9cc2f07cf971 3a66deec33ae48f09ea47dcd51a60d34 - - default default] No more DHCP agents
2026-07-21 08:01:36.764 7 WARNING neutron.api.rpc.agentnotifiers.dhcp_rpc_agent_api [None req-05fc126f-182f-4fd0-8c4e-4a981f52d59d 398415545c95413e9f9e9cc2f07cf971 3a66deec33ae48f09ea47dcd51a60d34 - - default default] Unable to schedule network 9923bfd6-a228-4fa2-88bf-652edd6a305a: no agents available; will retry on subsequent port and subnet creation events.
2026-07-21 08:01:36.856 7 INFO neutron.db.ovn_revision_numbers_db [None req-05fc126f-182f-4fd0-8c4e-4a981f52d59d 398415545c95413e9f9e9cc2f07cf971 3a66deec33ae48f09ea47dcd51a60d34 - - default default] Successfully bumped revision number for resource f67d797f-162f-4157-9152-8b1275a4e970 (type: ports) to 1 [pid: 7|app: 0|req: 489/1015] 10.0.0.153 () {34 vars in 671 bytes} [Tue Jul 21 08:01:36 2026] POST /v2.0/networks => generated 785 bytes in 810 msecs (HTTP/1.1 201) 4 headers in 162 bytes (1 switches on core 0)
2026-07-21 08:01:36.938 8 INFO neutron.db.ovn_revision_numbers_db [None req-74521a0a-ff3a-4169-a716-c3dead0892d0 d4ee3ca1f56a48548cab5a6b9b5addbd 6636f064759d4b27a8c06508edd2b8c3 - - default default] Successfully bumped revision number for resource 638afba0-fca0-49e3-b1b7-accbba69c06a (type: router_ports) to 1 [pid: 8|app: 0|req: 527/1016] 10.0.0.153 () {34 vars in 783 bytes} [Tue Jul 21 08:01:34 2026] PUT /v2.0/routers/0ae32be5-80b6-49db-94d6-ac8fc5b97ef8/add_router_interface => generated 309 bytes in 2061 msecs (HTTP/1.1 200) 4 headers in 157 bytes (1 switches on core 0) [pid: 8|app: 0|req: 528/1017] 10.0.0.88 () {28 vars in 580 bytes} [Tue Jul 21 08:01:36 2026] GET /v2.0/agents => generated 1214 bytes in 171 msecs (HTTP/1.1 200) 4 headers in 158 bytes (1 switches on core 0) [pid: 7|app: 0|req: 490/1018] 10.0.0.153 () {32 vars in 740 bytes} [Tue Jul 21 08:01:36 2026] DELETE /v2.0/security-groups/c991e271-47cb-4f47-a5d4-a91f7b407ca9 => generated 0 bytes in 252 msecs (HTTP/1.1 204) 2 headers in 112 bytes (1 switches on core 0)
2026-07-21 08:01:37.154 8 INFO neutron.db.ovn_revision_numbers_db [None req-c98b7bf2-6749-4e1e-bc5b-c57c7c55aaf5 - - - - - -] Successfully bumped revision number for resource 638afba0-fca0-49e3-b1b7-accbba69c06a (type: ports) to 2 [pid: 7|app: 0|req: 491/1019] 10.0.0.153 () {32 vars in 717 bytes} [Tue Jul 21 08:01:37 2026] GET /v2.0/ports/638afba0-fca0-49e3-b1b7-accbba69c06a => generated 955 bytes in 76 msecs (HTTP/1.1 200) 4 headers in 157 bytes (1 switches on core 0)
2026-07-21 08:01:37.236 8 INFO neutron.plugins.ml2.drivers.ovn.mech_driver.mech_driver [None req-b87aea9c-d230-433a-9870-0bab1cd3637b - - - - - -] OVN reports status down for port: f67d797f-162f-4157-9152-8b1275a4e970 [pid: 7|app: 0|req: 492/1020] 10.0.0.88 () {28 vars in 590 bytes} [Tue Jul 21 08:01:37 2026] GET /v2.0/floatingips => generated 860 bytes in 38 msecs (HTTP/1.1 200) 4 headers in 157 bytes (1 switches on core 0) [pid: 7|app: 0|req: 493/1021] 10.0.0.153 () {32 vars in 717 bytes} [Tue Jul 21 08:01:37 2026] GET /v2.0/ports/638afba0-fca0-49e3-b1b7-accbba69c06a => generated 955 bytes in 33 msecs (HTTP/1.1 200) 4 headers in 157 bytes (1 switches on core 0) [pid: 7|app: 0|req: 494/1022] 10.0.0.88 () {28 vars in 598 bytes} [Tue Jul 21 08:01:37 2026] GET /v2.0/security-groups => generated 28970 bytes in 38 msecs (HTTP/1.1 200) 4 headers in 159 bytes (1 switches on core 0)
2026-07-21 08:01:37.427 8 WARNING neutron.scheduler.dhcp_agent_scheduler [None req-ef2b8374-4e08-4add-9db8-a889f3bf7cb8 398415545c95413e9f9e9cc2f07cf971 3a66deec33ae48f09ea47dcd51a60d34 - - default default] No more DHCP agents
2026-07-21 08:01:37.430 8 WARNING neutron.api.rpc.agentnotifiers.dhcp_rpc_agent_api [None req-ef2b8374-4e08-4add-9db8-a889f3bf7cb8 398415545c95413e9f9e9cc2f07cf971 3a66deec33ae48f09ea47dcd51a60d34 - - default default] Unable to schedule network 9923bfd6-a228-4fa2-88bf-652edd6a305a: no agents available; will retry on subsequent port and subnet creation events.
2026-07-21 08:01:37.542 8 INFO neutron.db.ovn_revision_numbers_db [None req-b87aea9c-d230-433a-9870-0bab1cd3637b - - - - - -] Successfully bumped revision number for resource 638afba0-fca0-49e3-b1b7-accbba69c06a (type: router_ports) to 2
2026-07-21 08:01:37.692 7 INFO neutron_taas.services.taas.taas_plugin [None req-f4a9814e-bdba-4b86-a9a3-00594c93d813 d4ee3ca1f56a48548cab5a6b9b5addbd 6636f064759d4b27a8c06508edd2b8c3 - - default default] TaaS: Handle Delete Port: 638afba0-fca0-49e3-b1b7-accbba69c06a
2026-07-21 08:01:37.703 7 INFO neutron_taas.services.taas.tap_mirror_plugin [None req-f4a9814e-bdba-4b86-a9a3-00594c93d813 d4ee3ca1f56a48548cab5a6b9b5addbd 6636f064759d4b27a8c06508edd2b8c3 - - default default] Tap Mirror: Handle Delete Port: 638afba0-fca0-49e3-b1b7-accbba69c06a
2026-07-21 08:01:37.984 8 INFO neutron.db.ovn_revision_numbers_db [None req-8def0f12-e8f4-462c-9abe-d4ca0893a743 - - - - - -] Successfully bumped revision number for resource f67d797f-162f-4157-9152-8b1275a4e970 (type: ports) to 2
2026-07-21 08:01:38.020 8 INFO neutron.db.ovn_revision_numbers_db [None req-8def0f12-e8f4-462c-9abe-d4ca0893a743 - - - - - -] Successfully bumped revision number for resource 11432807-9015-4e54-8843-1274933d4e97 (type: subnets) to 0 [pid: 8|app: 0|req: 529/1023] 10.0.0.153 () {34 vars in 669 bytes} [Tue Jul 21 08:01:37 2026] POST /v2.0/subnets => generated 691 bytes in 918 msecs (HTTP/1.1 201) 4 headers in 162 bytes (1 switches on core 0) [pid: 7|app: 0|req: 495/1024] 10.0.0.153 () {34 vars in 789 bytes} [Tue Jul 21 08:01:37 2026] PUT /v2.0/routers/0ae32be5-80b6-49db-94d6-ac8fc5b97ef8/remove_router_interface => generated 309 bytes in 739 msecs (HTTP/1.1 200) 4 headers in 157 bytes (1 switches on core 0) /var/lib/openstack/lib/python3.12/site-packages/pycadf/identifier.py:70: UserWarning: Invalid uuid: neutron. To ensure interoperability, identifiers should be a valid uuid. warnings.warn(('Invalid uuid: %s. To ensure interoperability, ' [pid: 8|app: 0|req: 530/1025] 10.0.0.88 () {28 vars in 582 bytes} [Tue Jul 21 08:01:38 2026] GET /v2.0/subnets => generated 3995 bytes in 57 msecs (HTTP/1.1 200) 4 headers in 158 bytes (1 switches on core 0)
2026-07-21 08:01:38.198 7 INFO neutron.db.ovn_revision_numbers_db [None req-1f65a80f-7bd0-46b4-b903-6bb3dfcfea99 398415545c95413e9f9e9cc2f07cf971 3a66deec33ae48f09ea47dcd51a60d34 - - default default] Successfully bumped revision number for resource 0551bf65-245e-4d93-bbbf-8366f6b66dc3 (type: security_groups) to 1
2026-07-21 08:01:38.214 7 INFO neutron.db.ovn_revision_numbers_db [None req-1f65a80f-7bd0-46b4-b903-6bb3dfcfea99 398415545c95413e9f9e9cc2f07cf971 3a66deec33ae48f09ea47dcd51a60d34 - - default default] Successfully bumped revision number for resource 17822598-197a-4791-8cb8-b1f3c7112d9f (type: security_group_rules) to 0
2026-07-21 08:01:38.229 7 INFO neutron.db.ovn_revision_numbers_db [None req-1f65a80f-7bd0-46b4-b903-6bb3dfcfea99 398415545c95413e9f9e9cc2f07cf971 3a66deec33ae48f09ea47dcd51a60d34 - - default default] Successfully bumped revision number for resource 36ee9b68-0fdb-4576-acfb-f0c7c0c9bb0b (type: security_group_rules) to 0
2026-07-21 08:01:38.238 7 INFO neutron.db.ovn_revision_numbers_db [None req-1f65a80f-7bd0-46b4-b903-6bb3dfcfea99 398415545c95413e9f9e9cc2f07cf971 3a66deec33ae48f09ea47dcd51a60d34 - - default default] Successfully bumped revision number for resource 926e9b2a-ea3b-4844-bf13-9fe9735fba4d (type: security_group_rules) to 0
2026-07-21 08:01:38.248 7 INFO neutron.db.ovn_revision_numbers_db [None req-1f65a80f-7bd0-46b4-b903-6bb3dfcfea99 398415545c95413e9f9e9cc2f07cf971 3a66deec33ae48f09ea47dcd51a60d34 - - default default] Successfully bumped revision number for resource ba9ac92f-6337-4b8e-b19e-3219e64a6e2e (type: security_group_rules) to 0 [pid: 7|app: 0|req: 496/1026] 10.0.0.153 () {32 vars in 774 bytes} [Tue Jul 21 08:01:38 2026] GET /v2.0/security-groups?tenant_id=de973eca4bf44bfcb7dac814a615b3f2&name=default => generated 2925 bytes in 223 msecs (HTTP/1.1 200) 4 headers in 158 bytes (1 switches on core 0) [pid: 7|app: 0|req: 497/1027] 10.0.0.153 () {32 vars in 717 bytes} [Tue Jul 21 08:01:38 2026] GET /v2.0/ports/02f285ab-6932-46ff-b177-6123dedb5d46 => generated 947 bytes in 38 msecs (HTTP/1.1 200) 4 headers in 157 bytes (1 switches on core 0)
2026-07-21 08:01:38.583 8 WARNING neutron.scheduler.dhcp_agent_scheduler [None req-e7c5f7be-88f9-4234-95d5-83ae2071b68c 398415545c95413e9f9e9cc2f07cf971 3a66deec33ae48f09ea47dcd51a60d34 - - default default] No more DHCP agents
2026-07-21 08:01:38.585 8 WARNING neutron.api.rpc.agentnotifiers.dhcp_rpc_agent_api [None req-e7c5f7be-88f9-4234-95d5-83ae2071b68c 398415545c95413e9f9e9cc2f07cf971 3a66deec33ae48f09ea47dcd51a60d34 - - default default] Unable to schedule network c35e8e40-df00-48af-89ad-01b913d7caad: no agents available; will retry on subsequent port and subnet creation events.
2026-07-21 08:01:38.745 8 INFO neutron.db.ovn_revision_numbers_db [None req-e7c5f7be-88f9-4234-95d5-83ae2071b68c 398415545c95413e9f9e9cc2f07cf971 3a66deec33ae48f09ea47dcd51a60d34 - - default default] Successfully bumped revision number for resource 6444805f-5793-4bc6-8516-3611ba0a2274 (type: ports) to 1
2026-07-21 08:01:39.019 7 INFO neutron.plugins.ml2.drivers.ovn.mech_driver.mech_driver [None req-df774437-7f53-4992-9863-f013a5b8a709 - - - - - -] OVN reports status down for port: 6444805f-5793-4bc6-8516-3611ba0a2274 [pid: 7|app: 0|req: 498/1028] 10.0.0.88 () {28 vars in 582 bytes} [Tue Jul 21 08:01:38 2026] GET /v2.0/subnets => generated 3995 bytes in 764 msecs (HTTP/1.1 200) 4 headers in 158 bytes (1 switches on core 0) [pid: 7|app: 0|req: 499/1029] 10.0.0.153 () {32 vars in 740 bytes} [Tue Jul 21 08:01:39 2026] DELETE /v2.0/security-groups/0551bf65-245e-4d93-bbbf-8366f6b66dc3 => generated 0 bytes in 297 msecs (HTTP/1.1 204) 2 headers in 112 bytes (1 switches on core 0)
2026-07-21 08:01:39.415 8 INFO neutron.plugins.ml2.drivers.ovn.mech_driver.ovsdb.commands [None req-e598239b-0166-46b5-a594-833d727d0308 - - - - - -] Schedule LRP lrp-6444805f-5793-4bc6-8516-3611ba0a2274 on gateway 045db296-edf2-451e-bd50-df74ccffe088 with priority 1
2026-07-21 08:01:39.433 7 INFO neutron.plugins.ml2.drivers.ovn.mech_driver.mech_driver [None req-df774437-7f53-4992-9863-f013a5b8a709 - - - - - -] OVN reports status up for port: 6444805f-5793-4bc6-8516-3611ba0a2274
2026-07-21 08:01:39.488 7 INFO neutron.plugins.ml2.plugin [None req-df774437-7f53-4992-9863-f013a5b8a709 - - - - - -] Attempt 1 to provision port 6444805f-5793-4bc6-8516-3611ba0a2274
2026-07-21 08:01:39.489 8 INFO neutron.plugins.ml2.drivers.ovn.mech_driver.ovsdb.ovsdb_monitor [None req-5be48b68-328c-4b84-b217-74d8ec40e512 - - - - - -] Router d4be7ac8-bbb2-4188-8613-119fd1b036a4 is bound to host instance
2026-07-21 08:01:39.493 8 INFO neutron.db.ovn_revision_numbers_db [None req-e7c5f7be-88f9-4234-95d5-83ae2071b68c 398415545c95413e9f9e9cc2f07cf971 3a66deec33ae48f09ea47dcd51a60d34 - - default default] Successfully bumped revision number for resource 6444805f-5793-4bc6-8516-3611ba0a2274 (type: router_ports) to 1
2026-07-21 08:01:39.622 8 INFO neutron.db.ovn_revision_numbers_db [None req-e7c5f7be-88f9-4234-95d5-83ae2071b68c 398415545c95413e9f9e9cc2f07cf971 3a66deec33ae48f09ea47dcd51a60d34 - - default default] Successfully bumped revision number for resource d4be7ac8-bbb2-4188-8613-119fd1b036a4 (type: routers) to 2 [pid: 8|app: 0|req: 531/1030] 10.0.0.153 () {34 vars in 669 bytes} [Tue Jul 21 08:01:38 2026] POST /v2.0/routers => generated 969 bytes in 1565 msecs (HTTP/1.1 201) 4 headers in 162 bytes (1 switches on core 0) [pid: 8|app: 0|req: 532/1031] 10.0.0.77 () {34 vars in 989 bytes} [Tue Jul 21 08:01:39 2026] GET /v2.0/ports?device_id=6a4c9ad5-9026-471b-9e21-f2db67005a2b => generated 971 bytes in 181 msecs (HTTP/1.1 200) 4 headers in 157 bytes (1 switches on core 0)
2026-07-21 08:01:39.845 7 INFO neutron_taas.services.taas.taas_plugin [None req-a84aa7a6-3ee3-40e6-9746-fc52d7c4a790 d4ee3ca1f56a48548cab5a6b9b5addbd 6636f064759d4b27a8c06508edd2b8c3 - - default default] TaaS: Handle Delete Port: 02f285ab-6932-46ff-b177-6123dedb5d46
2026-07-21 08:01:39.848 7 INFO neutron_taas.services.taas.tap_mirror_plugin [None req-a84aa7a6-3ee3-40e6-9746-fc52d7c4a790 d4ee3ca1f56a48548cab5a6b9b5addbd 6636f064759d4b27a8c06508edd2b8c3 - - default default] Tap Mirror: Handle Delete Port: 02f285ab-6932-46ff-b177-6123dedb5d46 [pid: 8|app: 0|req: 533/1032] 10.0.0.88 () {28 vars in 590 bytes} [Tue Jul 21 08:01:39 2026] GET /v2.0/subnetpools => generated 19 bytes in 32 msecs (HTTP/1.1 200) 4 headers in 156 bytes (1 switches on core 0) [pid: 7|app: 0|req: 500/1033] 10.0.0.153 () {34 vars in 789 bytes} [Tue Jul 21 08:01:39 2026] PUT /v2.0/routers/0ae32be5-80b6-49db-94d6-ac8fc5b97ef8/remove_router_interface => generated 309 bytes in 778 msecs (HTTP/1.1 200) 4 headers in 157 bytes (1 switches on core 0) /var/lib/openstack/lib/python3.12/site-packages/pycadf/identifier.py:70: UserWarning: Invalid uuid: neutron. To ensure interoperability, identifiers should be a valid uuid. warnings.warn(('Invalid uuid: %s. To ensure interoperability, ' [pid: 7|app: 0|req: 501/1034] 10.0.0.88 () {28 vars in 578 bytes} [Tue Jul 21 08:01:40 2026] GET /v2.0/ports => generated 14398 bytes in 85 msecs (HTTP/1.1 200) 4 headers in 159 bytes (1 switches on core 0) [pid: 7|app: 0|req: 502/1035] 10.0.0.77 () {34 vars in 970 bytes} [Tue Jul 21 08:01:40 2026] GET /v2.0/ports/93127f67-8c43-48ec-921f-4474df2c7821 => generated 968 bytes in 82 msecs (HTTP/1.1 200) 4 headers in 157 bytes (1 switches on core 0) [pid: 7|app: 0|req: 503/1036] 10.0.0.153 () {32 vars in 736 bytes} [Tue Jul 21 08:01:40 2026] GET /v2.0/ports?device_id=0ae32be5-80b6-49db-94d6-ac8fc5b97ef8 => generated 12 bytes in 21 msecs (HTTP/1.1 200) 4 headers in 156 bytes (1 switches on core 0) [pid: 7|app: 0|req: 504/1037] 10.0.0.88 () {28 vars in 584 bytes} [Tue Jul 21 08:01:40 2026] GET /v2.0/networks => generated 5463 bytes in 106 msecs (HTTP/1.1 200) 4 headers in 158 bytes (1 switches on core 0) [pid: 7|app: 0|req: 505/1038] 10.0.0.153 () {32 vars in 724 bytes} [Tue Jul 21 08:01:40 2026] DELETE /v2.0/routers/0ae32be5-80b6-49db-94d6-ac8fc5b97ef8 => generated 0 bytes in 234 msecs (HTTP/1.1 204) 2 headers in 112 bytes (1 switches on core 0) [pid: 7|app: 0|req: 506/1039] 10.0.0.88 () {28 vars in 618 bytes} [Tue Jul 21 08:01:40 2026] GET /v2.0/network-ip-availabilities => generated 2984 bytes in 14 msecs (HTTP/1.1 200) 4 headers in 158 bytes (1 switches on core 0)
2026-07-21 08:01:40.841 8 WARNING neutron.scheduler.dhcp_agent_scheduler [None req-c3cf394b-9c55-4e97-83c0-c861611f78cb 398415545c95413e9f9e9cc2f07cf971 3a66deec33ae48f09ea47dcd51a60d34 - - default default] No more DHCP agents
2026-07-21 08:01:40.845 8 WARNING neutron.api.rpc.agentnotifiers.dhcp_rpc_agent_api [None req-c3cf394b-9c55-4e97-83c0-c861611f78cb 398415545c95413e9f9e9cc2f07cf971 3a66deec33ae48f09ea47dcd51a60d34 - - default default] Unable to schedule network 9923bfd6-a228-4fa2-88bf-652edd6a305a: no agents available; will retry on subsequent port and subnet creation events. [pid: 7|app: 0|req: 507/1040] 10.0.0.153 () {32 vars in 724 bytes} [Tue Jul 21 08:01:40 2026] DELETE /v2.0/subnets/c22a3b98-0110-46f2-9147-730fdefc2afa => generated 0 bytes in 142 msecs (HTTP/1.1 204) 3 headers in 131 bytes (1 switches on core 0) [pid: 7|app: 0|req: 508/1041] 10.0.0.88 () {28 vars in 582 bytes} [Tue Jul 21 08:01:40 2026] GET /v2.0/routers => generated 1951 bytes in 86 msecs (HTTP/1.1 200) 4 headers in 158 bytes (1 switches on core 0) [pid: 7|app: 0|req: 509/1042] 10.0.0.153 () {32 vars in 724 bytes} [Tue Jul 21 08:01:40 2026] DELETE /v2.0/subnets/39644a03-f036-4f9a-a62e-9998c5a26db5 => generated 0 bytes in 160 msecs (HTTP/1.1 204) 3 headers in 131 bytes (1 switches on core 0)
2026-07-21 08:01:41.110 8 INFO neutron.db.ovn_revision_numbers_db [None req-c3cf394b-9c55-4e97-83c0-c861611f78cb 398415545c95413e9f9e9cc2f07cf971 3a66deec33ae48f09ea47dcd51a60d34 - - default default] Successfully bumped revision number for resource e8b52067-518b-404a-a7a9-e95d92535091 (type: ports) to 1 [pid: 7|app: 0|req: 510/1043] 10.0.0.88 () {28 vars in 623 bytes} [Tue Jul 21 08:01:41 2026] GET /v2.0/agents?binary=ovn-controller => generated 416 bytes in 12 msecs (HTTP/1.1 200) 4 headers in 157 bytes (1 switches on core 0)
2026-07-21 08:01:41.190 8 INFO neutron.db.ovn_revision_numbers_db [None req-9b4a4857-297c-4727-8a58-6846ddeef4af - - - - - -] Successfully bumped revision number for resource 6444805f-5793-4bc6-8516-3611ba0a2274 (type: ports) to 4 [pid: 7|app: 0|req: 511/1044] 199.19.213.186 () {34 vars in 1000 bytes} [Tue Jul 21 08:01:41 2026] GET /v2.0/subnets?network_id=dacccf9e-065e-4ba0-a59a-62ab2ceee9c0 => generated 684 bytes in 85 msecs (HTTP/1.1 200) 4 headers in 157 bytes (1 switches on core 0)
2026-07-21 08:01:41.348 7 INFO neutron_taas.services.taas.taas_plugin [None req-cc5af576-e537-47d6-bf94-c10996c1a93a d4ee3ca1f56a48548cab5a6b9b5addbd 6636f064759d4b27a8c06508edd2b8c3 - - default default] TaaS: Handle Delete Port: b199dfef-4758-4422-9171-37bbd91301aa
2026-07-21 08:01:41.352 7 INFO neutron_taas.services.taas.tap_mirror_plugin [None req-cc5af576-e537-47d6-bf94-c10996c1a93a d4ee3ca1f56a48548cab5a6b9b5addbd 6636f064759d4b27a8c06508edd2b8c3 - - default default] Tap Mirror: Handle Delete Port: b199dfef-4758-4422-9171-37bbd91301aa
2026-07-21 08:01:41.646 7 INFO neutron.services.segments.plugin [-] Segment 644309ff-b817-4c33-b5c7-ba04d63a1d43 resource provider aggregate not found
2026-07-21 08:01:41.656 7 INFO neutron.services.segments.plugin [-] Segment 644309ff-b817-4c33-b5c7-ba04d63a1d43 resource provider aggregate not found
2026-07-21 08:01:41.675 7 INFO neutron.services.segments.plugin [-] Client error retrieving segment 644309ff-b817-4c33-b5c7-ba04d63a1d43 resource provider; error: Placement Client Error (4xx): {"errors": [{"status": 404, "title": "Not Found", "detail": "The resource could not be found.\n\n No resource provider with uuid 644309ff-b817-4c33-b5c7-ba04d63a1d43 found for delete ", "request_id": "req-ea3a1829-51d1-4063-9780-27751ab97918"}]}
2026-07-21 08:01:41.676 7 INFO neutron.services.segments.plugin [-] Client error retrieving segment 644309ff-b817-4c33-b5c7-ba04d63a1d43 resource provider; error: Placement Client Error (4xx): {"errors": [{"status": 404, "title": "Not Found", "detail": "The resource could not be found.\n\n No resource provider with uuid 644309ff-b817-4c33-b5c7-ba04d63a1d43 found for delete ", "request_id": "req-804a512f-29d2-41d9-ae46-894f0ff75701"}]} [pid: 7|app: 0|req: 514/1047] 10.0.0.153 () {32 vars in 726 bytes} [Tue Jul 21 08:01:41 2026] DELETE /v2.0/networks/35c0701b-a16a-48df-991e-abc02b6eef2a => generated 0 bytes in 526 msecs (HTTP/1.1 204) 3 headers in 131 bytes (1 switches on core 0)
2026-07-21 08:01:41.799 7 INFO neutron.plugins.ml2.drivers.ovn.mech_driver.mech_driver [None req-df774437-7f53-4992-9863-f013a5b8a709 - - - - - -] OVN reports status down for port: e8b52067-518b-404a-a7a9-e95d92535091 [pid: 7|app: 0|req: 515/1048] 199.19.213.186 () {34 vars in 1146 bytes} [Tue Jul 21 08:01:41 2026] GET /v2.0/ports?device_id=6a4c9ad5-9026-471b-9e21-f2db67005a2b&device_owner=compute%3Anova&network_id=dacccf9e-065e-4ba0-a59a-62ab2ceee9c0 => generated 971 bytes in 107 msecs (HTTP/1.1 200) 4 headers in 157 bytes (1 switches on core 0)
2026-07-21 08:01:41.989 7 INFO neutron_taas.services.taas.taas_plugin [None req-23751354-85d3-4109-a1c1-26bd6ed7a337 d4ee3ca1f56a48548cab5a6b9b5addbd 6636f064759d4b27a8c06508edd2b8c3 - - default default] TaaS: Handle Delete Port: bcdfc4ee-1404-42e6-8c72-5e58715a4e86
2026-07-21 08:01:41.993 7 INFO neutron_taas.services.taas.tap_mirror_plugin [None req-23751354-85d3-4109-a1c1-26bd6ed7a337 d4ee3ca1f56a48548cab5a6b9b5addbd 6636f064759d4b27a8c06508edd2b8c3 - - default default] Tap Mirror: Handle Delete Port: bcdfc4ee-1404-42e6-8c72-5e58715a4e86
2026-07-21 08:01:41.995 8 INFO neutron.db.ovn_revision_numbers_db [None req-9b4a4857-297c-4727-8a58-6846ddeef4af - - - - - -] Successfully bumped revision number for resource 6444805f-5793-4bc6-8516-3611ba0a2274 (type: ports) to 5 [pid: 7|app: 0|req: 516/1049] 10.0.0.153 () {32 vars in 726 bytes} [Tue Jul 21 08:01:41 2026] DELETE /v2.0/networks/7d9a3b74-fa07-4056-b2cb-8c97b3d4dd9b => generated 0 bytes in 407 msecs (HTTP/1.1 204) 3 headers in 131 bytes (1 switches on core 0)
2026-07-21 08:01:42.340 7 INFO neutron.plugins.ml2.drivers.ovn.mech_driver.mech_driver [None req-df774437-7f53-4992-9863-f013a5b8a709 - - - - - -] OVN reports status up for port: e8b52067-518b-404a-a7a9-e95d92535091
2026-07-21 08:01:42.363 7 INFO neutron.plugins.ml2.plugin [None req-df774437-7f53-4992-9863-f013a5b8a709 - - - - - -] Attempt 1 to provision port e8b52067-518b-404a-a7a9-e95d92535091
2026-07-21 08:01:42.431 8 WARNING neutron.scheduler.dhcp_agent_scheduler [None req-c3cf394b-9c55-4e97-83c0-c861611f78cb 398415545c95413e9f9e9cc2f07cf971 3a66deec33ae48f09ea47dcd51a60d34 - - default default] No more DHCP agents
2026-07-21 08:01:42.432 8 WARNING neutron.api.rpc.agentnotifiers.dhcp_rpc_agent_api [None req-c3cf394b-9c55-4e97-83c0-c861611f78cb 398415545c95413e9f9e9cc2f07cf971 3a66deec33ae48f09ea47dcd51a60d34 - - default default] Unable to schedule network 9923bfd6-a228-4fa2-88bf-652edd6a305a: no agents available; will retry on subsequent port and subnet creation events.
2026-07-21 08:01:42.900 8 INFO neutron.db.ovn_revision_numbers_db [None req-c3cf394b-9c55-4e97-83c0-c861611f78cb 398415545c95413e9f9e9cc2f07cf971 3a66deec33ae48f09ea47dcd51a60d34 - - default default] Successfully bumped revision number for resource e8b52067-518b-404a-a7a9-e95d92535091 (type: router_ports) to 1 [pid: 8|app: 0|req: 534/1050] 10.0.0.153 () {34 vars in 783 bytes} [Tue Jul 21 08:01:39 2026] PUT /v2.0/routers/d4be7ac8-bbb2-4188-8613-119fd1b036a4/add_router_interface => generated 309 bytes in 3033 msecs (HTTP/1.1 200) 4 headers in 157 bytes (1 switches on core 0)
2026-07-21 08:01:43.000 8 INFO neutron.db.segments_db [None req-a5a96dd6-6951-454f-b940-19845c05028e d4ee3ca1f56a48548cab5a6b9b5addbd 6636f064759d4b27a8c06508edd2b8c3 - - default default] Added segment ad2a50c1-3e7f-4653-9949-fa9c27d955db of type geneve for network 98744466-9efd-46c2-be6b-004e40af70d8
2026-07-21 08:01:43.129 8 INFO neutron.db.ovn_revision_numbers_db [None req-a5a96dd6-6951-454f-b940-19845c05028e d4ee3ca1f56a48548cab5a6b9b5addbd 6636f064759d4b27a8c06508edd2b8c3 - - default default] Successfully bumped revision number for resource 98744466-9efd-46c2-be6b-004e40af70d8 (type: networks) to 1
2026-07-21 08:01:43.336 8 WARNING neutron.scheduler.dhcp_agent_scheduler [None req-a5a96dd6-6951-454f-b940-19845c05028e d4ee3ca1f56a48548cab5a6b9b5addbd 6636f064759d4b27a8c06508edd2b8c3 - - default default] No more DHCP agents
2026-07-21 08:01:43.337 8 WARNING neutron.api.rpc.agentnotifiers.dhcp_rpc_agent_api [None req-a5a96dd6-6951-454f-b940-19845c05028e d4ee3ca1f56a48548cab5a6b9b5addbd 6636f064759d4b27a8c06508edd2b8c3 - - default default] Unable to schedule network 98744466-9efd-46c2-be6b-004e40af70d8: no agents available; will retry on subsequent port and subnet creation events.
2026-07-21 08:01:43.466 8 INFO neutron.db.ovn_revision_numbers_db [None req-a5a96dd6-6951-454f-b940-19845c05028e d4ee3ca1f56a48548cab5a6b9b5addbd 6636f064759d4b27a8c06508edd2b8c3 - - default default] Successfully bumped revision number for resource 79fe734d-da08-4c92-842d-128e80d2395e (type: ports) to 1 [pid: 8|app: 0|req: 535/1051] 10.0.0.153 () {34 vars in 670 bytes} [Tue Jul 21 08:01:42 2026] POST /v2.0/networks => generated 672 bytes in 586 msecs (HTTP/1.1 201) 4 headers in 162 bytes (1 switches on core 0)
2026-07-21 08:01:43.503 7 INFO neutron.db.ovn_revision_numbers_db [None req-df774437-7f53-4992-9863-f013a5b8a709 - - - - - -] Successfully bumped revision number for resource e8b52067-518b-404a-a7a9-e95d92535091 (type: ports) to 2
2026-07-21 08:01:43.576 7 INFO neutron.db.ovn_revision_numbers_db [req-4aae00b4-59c8-416a-8f7e-49d6ca2ba919 req-494085b7-b83a-4c07-b051-827d6a59bdff 1cc64ca1ec1a44c098bf9793be506b5c 89ce3ba9055c4a748126a322311e838c - - default default] Successfully bumped revision number for resource 93127f67-8c43-48ec-921f-4474df2c7821 (type: ports) to 6 [pid: 7|app: 0|req: 517/1052] 199.19.213.186 () {38 vars in 1028 bytes} [Tue Jul 21 08:01:42 2026] PUT /v2.0/ports/93127f67-8c43-48ec-921f-4474df2c7821 => generated 1145 bytes in 1357 msecs (HTTP/1.1 200) 4 headers in 158 bytes (1 switches on core 0) /var/lib/openstack/lib/python3.12/site-packages/pycadf/identifier.py:70: UserWarning: Invalid uuid: neutron. To ensure interoperability, identifiers should be a valid uuid. warnings.warn(('Invalid uuid: %s. To ensure interoperability, '
2026-07-21 08:01:43.659 7 INFO neutron.notifiers.nova [-] Nova event matching ['req-e7ab5098-650b-4a78-bb4f-9909d9bdc04f'] response: {'name': 'network-changed', 'server_uuid': '6a4c9ad5-9026-471b-9e21-f2db67005a2b', 'tag': '93127f67-8c43-48ec-921f-4474df2c7821', 'status': 'completed', 'code': 200}
2026-07-21 08:01:43.706 7 INFO neutron.services.segments.plugin [-] Segment d9b6dd83-5f56-49e5-9124-b447b51644e0 resource provider aggregate not found
2026-07-21 08:01:43.720 7 INFO neutron.services.segments.plugin [-] Segment d9b6dd83-5f56-49e5-9124-b447b51644e0 resource provider aggregate not found
2026-07-21 08:01:43.737 7 INFO neutron.services.segments.plugin [-] Client error retrieving segment d9b6dd83-5f56-49e5-9124-b447b51644e0 resource provider; error: Placement Client Error (4xx): {"errors": [{"status": 404, "title": "Not Found", "detail": "The resource could not be found.\n\n No resource provider with uuid d9b6dd83-5f56-49e5-9124-b447b51644e0 found for delete ", "request_id": "req-76620508-c9cb-43c0-ac96-eeee04d23c03"}]}
2026-07-21 08:01:43.737 8 WARNING neutron.scheduler.dhcp_agent_scheduler [None req-ef111d88-7cc6-4dd1-8086-516f482e1cc2 d4ee3ca1f56a48548cab5a6b9b5addbd 6636f064759d4b27a8c06508edd2b8c3 - - default default] No more DHCP agents
2026-07-21 08:01:43.738 8 WARNING neutron.api.rpc.agentnotifiers.dhcp_rpc_agent_api [None req-ef111d88-7cc6-4dd1-8086-516f482e1cc2 d4ee3ca1f56a48548cab5a6b9b5addbd 6636f064759d4b27a8c06508edd2b8c3 - - default default] Unable to schedule network 98744466-9efd-46c2-be6b-004e40af70d8: no agents available; will retry on subsequent port and subnet creation events.
2026-07-21 08:01:43.739 7 INFO neutron.services.segments.plugin [-] Client error retrieving segment d9b6dd83-5f56-49e5-9124-b447b51644e0 resource provider; error: Placement Client Error (4xx): {"errors": [{"status": 404, "title": "Not Found", "detail": "The resource could not be found.\n\n No resource provider with uuid d9b6dd83-5f56-49e5-9124-b447b51644e0 found for delete ", "request_id": "req-02d64710-6adc-4f42-b202-b1626c2282ed"}]}
2026-07-21 08:01:43.769 8 INFO neutron.db.ovn_revision_numbers_db [None req-ef111d88-7cc6-4dd1-8086-516f482e1cc2 d4ee3ca1f56a48548cab5a6b9b5addbd 6636f064759d4b27a8c06508edd2b8c3 - - default default] Successfully bumped revision number for resource 2199d435-5815-41f5-b9ea-b7729e00cf6b (type: subnets) to 0 [pid: 8|app: 0|req: 536/1053] 10.0.0.153 () {34 vars in 669 bytes} [Tue Jul 21 08:01:43 2026] POST /v2.0/subnets => generated 646 bytes in 290 msecs (HTTP/1.1 201) 4 headers in 162 bytes (1 switches on core 0)
2026-07-21 08:01:43.866 7 INFO neutron.db.ovn_revision_numbers_db [None req-9ac927d9-2e60-48cb-909e-beaf32a99f79 - - - - - -] Successfully bumped revision number for resource e8b52067-518b-404a-a7a9-e95d92535091 (type: router_ports) to 2
2026-07-21 08:01:43.882 7 INFO neutron.db.ovn_revision_numbers_db [None req-08bddde8-9996-44fe-ab0e-41033d69171f cd2851d2efb74cb495c2fb1d663cc34a d7c63b3a239e4f61935c73dfee3c2868 - - default default] Successfully bumped revision number for resource 7458636e-ff1c-48ce-9482-7a91f77544a0 (type: security_groups) to 1
2026-07-21 08:01:43.920 7 INFO neutron.db.ovn_revision_numbers_db [None req-08bddde8-9996-44fe-ab0e-41033d69171f cd2851d2efb74cb495c2fb1d663cc34a d7c63b3a239e4f61935c73dfee3c2868 - - default default] Successfully bumped revision number for resource 463822a0-73be-4deb-a638-85dc94246155 (type: security_group_rules) to 0
2026-07-21 08:01:43.928 8 INFO neutron.db.ovn_revision_numbers_db [None req-b1a0cc62-32ef-4430-9f93-6f4d1df793ee d4ee3ca1f56a48548cab5a6b9b5addbd 6636f064759d4b27a8c06508edd2b8c3 - - default default] Successfully bumped revision number for resource 00d468a7-7ea8-4cd6-a615-dff4669a90ca (type: routers) to 1
2026-07-21 08:01:43.937 7 INFO neutron.plugins.ml2.drivers.ovn.mech_driver.mech_driver [None req-9ac927d9-2e60-48cb-909e-beaf32a99f79 - - - - - -] OVN reports status down for port: 79fe734d-da08-4c92-842d-128e80d2395e [pid: 8|app: 0|req: 537/1054] 10.0.0.153 () {34 vars in 669 bytes} [Tue Jul 21 08:01:43 2026] POST /v2.0/routers => generated 606 bytes in 145 msecs (HTTP/1.1 201) 4 headers in 162 bytes (1 switches on core 0)
2026-07-21 08:01:43.950 7 INFO neutron.db.ovn_revision_numbers_db [None req-08bddde8-9996-44fe-ab0e-41033d69171f cd2851d2efb74cb495c2fb1d663cc34a d7c63b3a239e4f61935c73dfee3c2868 - - default default] Successfully bumped revision number for resource 80aa62f9-9d4c-4d82-9719-90a4857de13e (type: security_group_rules) to 0 [pid: 7|app: 0|req: 518/1055] 10.0.0.153 () {34 vars in 685 bytes} [Tue Jul 21 08:01:43 2026] POST /v2.0/security-groups => generated 1659 bytes in 433 msecs (HTTP/1.1 201) 4 headers in 163 bytes (1 switches on core 0)
2026-07-21 08:01:44.186 7 INFO neutron.db.ovn_revision_numbers_db [None req-2203ccc0-9679-4ee9-a172-97e1714d477d cd2851d2efb74cb495c2fb1d663cc34a d7c63b3a239e4f61935c73dfee3c2868 - - default default] Successfully bumped revision number for resource 38c8d0bb-ad07-4ff8-be71-e0d940a166f2 (type: security_group_rules) to 0 [pid: 7|app: 0|req: 519/1056] 10.0.0.153 () {34 vars in 695 bytes} [Tue Jul 21 08:01:44 2026] POST /v2.0/security-group-rules => generated 597 bytes in 181 msecs (HTTP/1.1 201) 4 headers in 162 bytes (1 switches on core 0) [pid: 7|app: 0|req: 520/1057] 199.19.213.186 () {34 vars in 1080 bytes} [Tue Jul 21 08:01:44 2026] GET /v2.0/ports?tenant_id=89ce3ba9055c4a748126a322311e838c&device_id=6a4c9ad5-9026-471b-9e21-f2db67005a2b => generated 1386 bytes in 44 msecs (HTTP/1.1 200) 4 headers in 158 bytes (1 switches on core 0)
2026-07-21 08:01:44.416 7 INFO neutron.db.ovn_revision_numbers_db [None req-d73fcfab-e50c-423f-a321-89167a9c40f7 cd2851d2efb74cb495c2fb1d663cc34a d7c63b3a239e4f61935c73dfee3c2868 - - default default] Successfully bumped revision number for resource 528f800c-3c30-497f-bd34-eb9676857d41 (type: security_group_rules) to 0 [pid: 7|app: 0|req: 521/1058] 10.0.0.153 () {34 vars in 695 bytes} [Tue Jul 21 08:01:44 2026] POST /v2.0/security-group-rules => generated 602 bytes in 209 msecs (HTTP/1.1 201) 4 headers in 162 bytes (1 switches on core 0) [pid: 7|app: 0|req: 522/1059] 199.19.213.186 () {34 vars in 986 bytes} [Tue Jul 21 08:01:44 2026] GET /v2.0/networks?id=dacccf9e-065e-4ba0-a59a-62ab2ceee9c0 => generated 820 bytes in 60 msecs (HTTP/1.1 200) 4 headers in 157 bytes (1 switches on core 0)
2026-07-21 08:01:44.805 7 WARNING neutron.scheduler.dhcp_agent_scheduler [None req-c6d59424-42b0-4100-9496-8be1c6a71c86 cd2851d2efb74cb495c2fb1d663cc34a d7c63b3a239e4f61935c73dfee3c2868 - - default default] No more DHCP agents
2026-07-21 08:01:44.807 7 WARNING neutron.api.rpc.agentnotifiers.dhcp_rpc_agent_api [None req-c6d59424-42b0-4100-9496-8be1c6a71c86 cd2851d2efb74cb495c2fb1d663cc34a d7c63b3a239e4f61935c73dfee3c2868 - - default default] Unable to schedule network c35e8e40-df00-48af-89ad-01b913d7caad: no agents available; will retry on subsequent port and subnet creation events.
2026-07-21 08:01:45.016 8 WARNING neutron.scheduler.dhcp_agent_scheduler [None req-e1f276e7-b823-494a-9c3e-0ddf65655b10 d4ee3ca1f56a48548cab5a6b9b5addbd 6636f064759d4b27a8c06508edd2b8c3 - - default default] No more DHCP agents
2026-07-21 08:01:45.018 8 WARNING neutron.api.rpc.agentnotifiers.dhcp_rpc_agent_api [None req-e1f276e7-b823-494a-9c3e-0ddf65655b10 d4ee3ca1f56a48548cab5a6b9b5addbd 6636f064759d4b27a8c06508edd2b8c3 - - default default] Unable to schedule network 98744466-9efd-46c2-be6b-004e40af70d8: no agents available; will retry on subsequent port and subnet creation events.
