2026-07-21 08:02:24.563 7 INFO neutron.db.ovn_revision_numbers_db [None req-7f0e6fad-7dc0-4f9f-85bd-b51914ab9a64 398415545c95413e9f9e9cc2f07cf971 3a66deec33ae48f09ea47dcd51a60d34 - - default default] Successfully bumped revision number for resource 13d82d3d-9698-47e1-b391-bf113696c663 (type: security_groups) to 1 [pid: 8|app: 0|req: 697/1340] 10.0.0.153 () {32 vars in 720 bytes} [Tue Jul 21 08:02:24 2026] DELETE /v2.0/ports/7283fc6e-9dc4-4531-a03e-d8a2d82f1744 => generated 0 bytes in 301 msecs (HTTP/1.1 204) 3 headers in 131 bytes (1 switches on core 0)
2026-07-21 08:02:24.576 7 INFO neutron.db.ovn_revision_numbers_db [None req-7f0e6fad-7dc0-4f9f-85bd-b51914ab9a64 398415545c95413e9f9e9cc2f07cf971 3a66deec33ae48f09ea47dcd51a60d34 - - default default] Successfully bumped revision number for resource 22b13b5e-1fad-485a-9fb8-a1da1e8d9d5f (type: security_group_rules) to 0
2026-07-21 08:02:24.592 7 INFO neutron.db.ovn_revision_numbers_db [None req-7f0e6fad-7dc0-4f9f-85bd-b51914ab9a64 398415545c95413e9f9e9cc2f07cf971 3a66deec33ae48f09ea47dcd51a60d34 - - default default] Successfully bumped revision number for resource c90462fa-5a80-4a76-b046-56d9a5e629d5 (type: security_group_rules) to 0
2026-07-21 08:02:24.603 7 INFO neutron.db.ovn_revision_numbers_db [None req-7f0e6fad-7dc0-4f9f-85bd-b51914ab9a64 398415545c95413e9f9e9cc2f07cf971 3a66deec33ae48f09ea47dcd51a60d34 - - default default] Successfully bumped revision number for resource e4f2e738-05cc-43ee-8bc9-5a758347d8a4 (type: security_group_rules) to 0
2026-07-21 08:02:24.616 7 INFO neutron.db.ovn_revision_numbers_db [None req-7f0e6fad-7dc0-4f9f-85bd-b51914ab9a64 398415545c95413e9f9e9cc2f07cf971 3a66deec33ae48f09ea47dcd51a60d34 - - default default] Successfully bumped revision number for resource ee9c7cd8-5e8b-4f47-9bbe-23419b0b8cd7 (type: security_group_rules) to 0 [pid: 8|app: 0|req: 698/1341] 10.0.0.77 () {34 vars in 1001 bytes} [Tue Jul 21 08:02:24 2026] GET /v2.0/ports?tenant_id=5214dfe1ca584ef5afa844e3a7c919a8&fields=id => generated 103 bytes in 74 msecs (HTTP/1.1 200) 4 headers in 157 bytes (1 switches on core 0) [pid: 7|app: 0|req: 644/1342] 10.0.0.153 () {32 vars in 774 bytes} [Tue Jul 21 08:02:24 2026] GET /v2.0/security-groups?tenant_id=4dea13d68a9646879fcbdc2a0485a824&name=default => generated 2925 bytes in 280 msecs (HTTP/1.1 200) 4 headers in 158 bytes (1 switches on core 0) [pid: 7|app: 0|req: 645/1343] 10.0.0.77 () {34 vars in 1007 bytes} [Tue Jul 21 08:02:24 2026] GET /v2.0/networks/65c4d44f-c86b-4e8e-8707-a37b412d8895?fields=segments => generated 14 bytes in 38 msecs (HTTP/1.1 200) 4 headers in 156 bytes (1 switches on core 0) [pid: 8|app: 0|req: 699/1344] 10.0.0.153 () {32 vars in 643 bytes} [Tue Jul 21 08:02:24 2026] GET /v2.0/ports => generated 1537 bytes in 54 msecs (HTTP/1.1 200) 4 headers in 158 bytes (1 switches on core 0) [pid: 8|app: 0|req: 700/1345] 10.0.0.77 () {34 vars in 1107 bytes} [Tue Jul 21 08:02:24 2026] GET /v2.0/networks/65c4d44f-c86b-4e8e-8707-a37b412d8895?fields=provider%3Aphysical_network&fields=provider%3Anetwork_type => generated 79 bytes in 48 msecs (HTTP/1.1 200) 4 headers in 156 bytes (1 switches on core 0)
2026-07-21 08:02:24.765 8 INFO neutron.pecan_wsgi.hooks.translation [None req-6b4a3dc2-e049-46e4-af3e-e43db5cdd693 13d7cd360f3841be9ea110b3d1019d48 96a0344047ec43509af03d42f939cae9 - - default default] GET failed (client error): The resource could not be found. [pid: 8|app: 0|req: 701/1346] 10.0.0.153 () {32 vars in 717 bytes} [Tue Jul 21 08:02:24 2026] GET /v2.0/ports/7283fc6e-9dc4-4531-a03e-d8a2d82f1744 => generated 132 bytes in 15 msecs (HTTP/1.1 404) 4 headers in 164 bytes (1 switches on core 0) [pid: 8|app: 0|req: 702/1347] 10.0.0.153 () {32 vars in 643 bytes} [Tue Jul 21 08:02:24 2026] GET /v2.0/ports => generated 1537 bytes in 53 msecs (HTTP/1.1 200) 4 headers in 158 bytes (1 switches on core 0) [pid: 8|app: 0|req: 703/1348] 10.0.0.153 () {32 vars in 717 bytes} [Tue Jul 21 08:02:24 2026] GET /v2.0/ports/8a3cd00e-3a18-4c79-9c07-1aeea88da741 => generated 778 bytes in 41 msecs (HTTP/1.1 200) 4 headers in 157 bytes (1 switches on core 0)
2026-07-21 08:02:24.897 8 INFO neutron.pecan_wsgi.hooks.translation [None req-0c44393e-b414-47be-a2dd-46d7bde895f4 13d7cd360f3841be9ea110b3d1019d48 96a0344047ec43509af03d42f939cae9 - - default default] DELETE failed (client error): The resource could not be found. [pid: 8|app: 0|req: 704/1349] 10.0.0.153 () {32 vars in 720 bytes} [Tue Jul 21 08:02:24 2026] DELETE /v2.0/ports/fecd0a28-3bbf-4342-8652-4f8349841672 => generated 132 bytes in 18 msecs (HTTP/1.1 404) 4 headers in 164 bytes (1 switches on core 0)
2026-07-21 08:02:24.931 8 INFO neutron.pecan_wsgi.hooks.translation [None req-8ef14806-6282-4080-9d3c-5e8f6486cf42 13d7cd360f3841be9ea110b3d1019d48 96a0344047ec43509af03d42f939cae9 - - default default] DELETE failed (client error): The resource could not be found. [pid: 8|app: 0|req: 705/1350] 10.0.0.153 () {32 vars in 724 bytes} [Tue Jul 21 08:02:24 2026] DELETE /v2.0/subnets/004049e7-5b9c-4b87-8393-db4e83f1d746 => generated 136 bytes in 29 msecs (HTTP/1.1 404) 4 headers in 164 bytes (1 switches on core 0)
2026-07-21 08:02:24.957 8 INFO neutron.pecan_wsgi.hooks.translation [None req-f98a1ed9-73b2-4ab1-86d1-35d7043d4f6d 13d7cd360f3841be9ea110b3d1019d48 96a0344047ec43509af03d42f939cae9 - - default default] DELETE failed (client error): The resource could not be found. [pid: 8|app: 0|req: 706/1351] 10.0.0.153 () {32 vars in 724 bytes} [Tue Jul 21 08:02:24 2026] DELETE /v2.0/subnets/db8083f6-67e2-4a3e-8177-0ac73885c31f => generated 136 bytes in 18 msecs (HTTP/1.1 404) 4 headers in 164 bytes (1 switches on core 0) [pid: 7|app: 0|req: 646/1352] 10.0.0.153 () {32 vars in 740 bytes} [Tue Jul 21 08:02:24 2026] DELETE /v2.0/security-groups/13d82d3d-9698-47e1-b391-bf113696c663 => generated 0 bytes in 319 msecs (HTTP/1.1 204) 2 headers in 112 bytes (1 switches on core 0) [pid: 7|app: 0|req: 647/1353] 10.0.0.77 () {34 vars in 989 bytes} [Tue Jul 21 08:02:25 2026] GET /v2.0/ports?device_id=9cb008c1-6be4-40bc-99d3-f7e03e9a9763 => generated 12 bytes in 31 msecs (HTTP/1.1 200) 4 headers in 156 bytes (1 switches on core 0)
2026-07-21 08:02:25.108 8 INFO neutron_taas.services.taas.taas_plugin [None req-96605838-1f8d-4e59-9608-f45f2277eb4c 13d7cd360f3841be9ea110b3d1019d48 96a0344047ec43509af03d42f939cae9 - - default default] TaaS: Handle Delete Port: 8a3cd00e-3a18-4c79-9c07-1aeea88da741
2026-07-21 08:02:25.113 8 INFO neutron_taas.services.taas.tap_mirror_plugin [None req-96605838-1f8d-4e59-9608-f45f2277eb4c 13d7cd360f3841be9ea110b3d1019d48 96a0344047ec43509af03d42f939cae9 - - default default] Tap Mirror: Handle Delete Port: 8a3cd00e-3a18-4c79-9c07-1aeea88da741 [pid: 8|app: 0|req: 707/1354] 10.0.0.153 () {32 vars in 720 bytes} [Tue Jul 21 08:02:24 2026] DELETE /v2.0/ports/8a3cd00e-3a18-4c79-9c07-1aeea88da741 => generated 0 bytes in 293 msecs (HTTP/1.1 204) 3 headers in 131 bytes (1 switches on core 0)
2026-07-21 08:02:25.417 7 INFO neutron_taas.services.taas.taas_plugin [None req-ac947f9c-8286-4932-868c-f1f0c8764427 13d7cd360f3841be9ea110b3d1019d48 96a0344047ec43509af03d42f939cae9 - - default default] TaaS: Handle Delete Port: 67f29265-f44b-4d59-a579-2d0e7249d455
2026-07-21 08:02:25.422 7 INFO neutron_taas.services.taas.tap_mirror_plugin [None req-ac947f9c-8286-4932-868c-f1f0c8764427 13d7cd360f3841be9ea110b3d1019d48 96a0344047ec43509af03d42f939cae9 - - default default] Tap Mirror: Handle Delete Port: 67f29265-f44b-4d59-a579-2d0e7249d455
2026-07-21 08:02:25.632 7 INFO neutron.services.segments.plugin [-] Segment df04e9c6-17b5-4058-a5d8-894b24a3dee7 resource provider aggregate not found
2026-07-21 08:02:25.643 7 INFO neutron.services.segments.plugin [-] Segment df04e9c6-17b5-4058-a5d8-894b24a3dee7 resource provider aggregate not found
2026-07-21 08:02:25.655 7 INFO neutron.services.segments.plugin [-] Client error retrieving segment df04e9c6-17b5-4058-a5d8-894b24a3dee7 resource provider; error: Placement Client Error (4xx): {"errors": [{"status": 404, "title": "Not Found", "detail": "The resource could not be found.\n\n No resource provider with uuid df04e9c6-17b5-4058-a5d8-894b24a3dee7 found for delete ", "request_id": "req-bd612ad9-48fd-4c50-9617-326c1e980af6"}]}
2026-07-21 08:02:25.671 7 INFO neutron.services.segments.plugin [-] Client error retrieving segment df04e9c6-17b5-4058-a5d8-894b24a3dee7 resource provider; error: Placement Client Error (4xx): {"errors": [{"status": 404, "title": "Not Found", "detail": "The resource could not be found.\n\n No resource provider with uuid df04e9c6-17b5-4058-a5d8-894b24a3dee7 found for delete ", "request_id": "req-65c4fe77-9680-479d-9b6f-3094763c2782"}]} [pid: 7|app: 0|req: 648/1355] 10.0.0.153 () {32 vars in 726 bytes} [Tue Jul 21 08:02:25 2026] DELETE /v2.0/networks/df390168-6348-4edd-8e6f-95ad8c8a3d48 => generated 0 bytes in 432 msecs (HTTP/1.1 204) 3 headers in 131 bytes (1 switches on core 0) [pid: 7|app: 0|req: 650/1358] 10.0.0.77 () {34 vars in 989 bytes} [Tue Jul 21 08:02:26 2026] GET /v2.0/ports?device_id=9cb008c1-6be4-40bc-99d3-f7e03e9a9763 => generated 12 bytes in 20 msecs (HTTP/1.1 200) 4 headers in 156 bytes (1 switches on core 0) [pid: 8|app: 0|req: 709/1359] 10.0.0.153 () {32 vars in 774 bytes} [Tue Jul 21 08:02:26 2026] GET /v2.0/security-groups?tenant_id=96a0344047ec43509af03d42f939cae9&name=default => generated 2925 bytes in 277 msecs (HTTP/1.1 200) 4 headers in 158 bytes (1 switches on core 0) [pid: 7|app: 0|req: 651/1360] 10.0.0.153 () {32 vars in 740 bytes} [Tue Jul 21 08:02:26 2026] DELETE /v2.0/security-groups/f74ae2ad-c4b8-47cf-b00f-fd9639eb4384 => generated 0 bytes in 303 msecs (HTTP/1.1 204) 2 headers in 112 bytes (1 switches on core 0)
2026-07-21 08:02:26.729 8 INFO neutron.db.ovn_revision_numbers_db [None req-9d9f8163-f03b-4585-915b-23014cb8830c 398415545c95413e9f9e9cc2f07cf971 3a66deec33ae48f09ea47dcd51a60d34 - - default default] Successfully bumped revision number for resource 8e6da7d7-687b-4611-bbbe-68888d8792ca (type: security_groups) to 1
2026-07-21 08:02:26.742 8 INFO neutron.db.ovn_revision_numbers_db [None req-9d9f8163-f03b-4585-915b-23014cb8830c 398415545c95413e9f9e9cc2f07cf971 3a66deec33ae48f09ea47dcd51a60d34 - - default default] Successfully bumped revision number for resource 35169779-d2d1-4aa9-9462-1ee8571796ad (type: security_group_rules) to 0
2026-07-21 08:02:26.757 8 INFO neutron.db.ovn_revision_numbers_db [None req-9d9f8163-f03b-4585-915b-23014cb8830c 398415545c95413e9f9e9cc2f07cf971 3a66deec33ae48f09ea47dcd51a60d34 - - default default] Successfully bumped revision number for resource 7ad36826-a0cc-4c0d-805b-1a61521f1cb2 (type: security_group_rules) to 0
2026-07-21 08:02:26.770 8 INFO neutron.db.ovn_revision_numbers_db [None req-9d9f8163-f03b-4585-915b-23014cb8830c 398415545c95413e9f9e9cc2f07cf971 3a66deec33ae48f09ea47dcd51a60d34 - - default default] Successfully bumped revision number for resource 9c8b746b-ac8a-4bbe-b71e-f94fc2c68fa2 (type: security_group_rules) to 0
2026-07-21 08:02:26.784 8 INFO neutron.db.ovn_revision_numbers_db [None req-9d9f8163-f03b-4585-915b-23014cb8830c 398415545c95413e9f9e9cc2f07cf971 3a66deec33ae48f09ea47dcd51a60d34 - - default default] Successfully bumped revision number for resource da348372-10d7-4d74-9587-2a91d73380e1 (type: security_group_rules) to 0
2026-07-21 08:02:26.867 8 INFO neutron.db.segments_db [None req-9d9f8163-f03b-4585-915b-23014cb8830c 398415545c95413e9f9e9cc2f07cf971 3a66deec33ae48f09ea47dcd51a60d34 - - default default] Added segment ebd8a67c-f9ae-4d50-ae0c-0b915d81ca94 of type geneve for network d919fc01-a756-4bac-8ced-a4cda9b2856e
2026-07-21 08:02:26.979 8 INFO neutron.db.ovn_revision_numbers_db [None req-9d9f8163-f03b-4585-915b-23014cb8830c 398415545c95413e9f9e9cc2f07cf971 3a66deec33ae48f09ea47dcd51a60d34 - - default default] Successfully bumped revision number for resource d919fc01-a756-4bac-8ced-a4cda9b2856e (type: networks) to 1
2026-07-21 08:02:27.170 8 WARNING neutron.scheduler.dhcp_agent_scheduler [None req-9d9f8163-f03b-4585-915b-23014cb8830c 398415545c95413e9f9e9cc2f07cf971 3a66deec33ae48f09ea47dcd51a60d34 - - default default] No more DHCP agents
2026-07-21 08:02:27.171 8 WARNING neutron.api.rpc.agentnotifiers.dhcp_rpc_agent_api [None req-9d9f8163-f03b-4585-915b-23014cb8830c 398415545c95413e9f9e9cc2f07cf971 3a66deec33ae48f09ea47dcd51a60d34 - - default default] Unable to schedule network d919fc01-a756-4bac-8ced-a4cda9b2856e: no agents available; will retry on subsequent port and subnet creation events.
2026-07-21 08:02:27.244 7 INFO neutron.plugins.ml2.drivers.ovn.mech_driver.mech_driver [None req-ce5b736c-c639-4412-97ef-ab9d2024c462 - - - - - -] OVN reports status down for port: 14d8683e-a715-4917-a3e1-6f53c2ff350a
2026-07-21 08:02:27.262 8 INFO neutron.db.ovn_revision_numbers_db [None req-9d9f8163-f03b-4585-915b-23014cb8830c 398415545c95413e9f9e9cc2f07cf971 3a66deec33ae48f09ea47dcd51a60d34 - - default default] Successfully bumped revision number for resource 14d8683e-a715-4917-a3e1-6f53c2ff350a (type: ports) to 1 [pid: 8|app: 0|req: 710/1361] 10.0.0.153 () {34 vars in 671 bytes} [Tue Jul 21 08:02:26 2026] POST /v2.0/networks => generated 781 bytes in 820 msecs (HTTP/1.1 201) 4 headers in 162 bytes (1 switches on core 0) [pid: 7|app: 0|req: 652/1362] 10.0.0.77 () {34 vars in 989 bytes} [Tue Jul 21 08:02:27 2026] GET /v2.0/ports?device_id=9cb008c1-6be4-40bc-99d3-f7e03e9a9763 => generated 12 bytes in 30 msecs (HTTP/1.1 200) 4 headers in 156 bytes (1 switches on core 0)
2026-07-21 08:02:27.465 8 WARNING neutron.scheduler.dhcp_agent_scheduler [None req-6fc42288-493e-456c-86bb-c05d6ebc8cae 398415545c95413e9f9e9cc2f07cf971 3a66deec33ae48f09ea47dcd51a60d34 - - default default] No more DHCP agents
2026-07-21 08:02:27.467 8 WARNING neutron.api.rpc.agentnotifiers.dhcp_rpc_agent_api [None req-6fc42288-493e-456c-86bb-c05d6ebc8cae 398415545c95413e9f9e9cc2f07cf971 3a66deec33ae48f09ea47dcd51a60d34 - - default default] Unable to schedule network d919fc01-a756-4bac-8ced-a4cda9b2856e: no agents available; will retry on subsequent port and subnet creation events.
2026-07-21 08:02:28.030 8 INFO neutron.db.ovn_revision_numbers_db [None req-14034a1e-298b-45b6-8a1e-64ce19b52b5c - - - - - -] Successfully bumped revision number for resource 14d8683e-a715-4917-a3e1-6f53c2ff350a (type: ports) to 2
2026-07-21 08:02:28.083 8 INFO neutron.db.ovn_revision_numbers_db [None req-14034a1e-298b-45b6-8a1e-64ce19b52b5c - - - - - -] Successfully bumped revision number for resource 7849492d-801f-462d-9d0a-78712c6ed4e0 (type: subnets) to 0 [pid: 8|app: 0|req: 711/1363] 10.0.0.153 () {34 vars in 669 bytes} [Tue Jul 21 08:02:27 2026] POST /v2.0/subnets => generated 687 bytes in 803 msecs (HTTP/1.1 201) 4 headers in 162 bytes (1 switches on core 0) [pid: 8|app: 0|req: 712/1364] 10.0.0.77 () {34 vars in 989 bytes} [Tue Jul 21 08:02:28 2026] GET /v2.0/ports?device_id=9cb008c1-6be4-40bc-99d3-f7e03e9a9763 => generated 12 bytes in 29 msecs (HTTP/1.1 200) 4 headers in 156 bytes (1 switches on core 0)
2026-07-21 08:02:28.591 7 WARNING neutron.scheduler.dhcp_agent_scheduler [None req-dc6c0049-a0cf-47fc-bb08-130ebb66585e 398415545c95413e9f9e9cc2f07cf971 3a66deec33ae48f09ea47dcd51a60d34 - - default default] No more DHCP agents
2026-07-21 08:02:28.593 7 WARNING neutron.api.rpc.agentnotifiers.dhcp_rpc_agent_api [None req-dc6c0049-a0cf-47fc-bb08-130ebb66585e 398415545c95413e9f9e9cc2f07cf971 3a66deec33ae48f09ea47dcd51a60d34 - - default default] Unable to schedule network c35e8e40-df00-48af-89ad-01b913d7caad: no agents available; will retry on subsequent port and subnet creation events.
2026-07-21 08:02:28.702 7 INFO neutron.plugins.ml2.drivers.ovn.mech_driver.mech_driver [None req-ce5b736c-c639-4412-97ef-ab9d2024c462 - - - - - -] OVN reports status down for port: 8b76ee5d-e56b-43e8-b6d8-45035f19c125
2026-07-21 08:02:28.771 7 INFO neutron.db.ovn_revision_numbers_db [None req-dc6c0049-a0cf-47fc-bb08-130ebb66585e 398415545c95413e9f9e9cc2f07cf971 3a66deec33ae48f09ea47dcd51a60d34 - - default default] Successfully bumped revision number for resource 8b76ee5d-e56b-43e8-b6d8-45035f19c125 (type: ports) to 1
2026-07-21 08:02:28.939 8 INFO neutron.db.ovn_revision_numbers_db [None req-ba05dcfd-c303-41cb-ae45-8e29c7a5df1f 18432a275a954d17897a99c0b8fbcabb 03eec28e865a42c2929a852f35032213 - - default default] Successfully bumped revision number for resource 7d709281-5d94-45cb-b12f-2275d564b7eb (type: security_groups) to 1
2026-07-21 08:02:28.951 8 INFO neutron.db.ovn_revision_numbers_db [None req-ba05dcfd-c303-41cb-ae45-8e29c7a5df1f 18432a275a954d17897a99c0b8fbcabb 03eec28e865a42c2929a852f35032213 - - default default] Successfully bumped revision number for resource 3b86a3b0-5f07-4a84-a5bc-650d2bf42986 (type: security_group_rules) to 0
2026-07-21 08:02:28.964 8 INFO neutron.db.ovn_revision_numbers_db [None req-ba05dcfd-c303-41cb-ae45-8e29c7a5df1f 18432a275a954d17897a99c0b8fbcabb 03eec28e865a42c2929a852f35032213 - - default default] Successfully bumped revision number for resource 478b8b4a-3343-423f-8eeb-eb864745144f (type: security_group_rules) to 0
2026-07-21 08:02:28.981 8 INFO neutron.db.ovn_revision_numbers_db [None req-ba05dcfd-c303-41cb-ae45-8e29c7a5df1f 18432a275a954d17897a99c0b8fbcabb 03eec28e865a42c2929a852f35032213 - - default default] Successfully bumped revision number for resource df57bbc9-3c92-46ea-b03d-fac6f7d7ca28 (type: security_group_rules) to 0
2026-07-21 08:02:28.996 8 INFO neutron.db.ovn_revision_numbers_db [None req-ba05dcfd-c303-41cb-ae45-8e29c7a5df1f 18432a275a954d17897a99c0b8fbcabb 03eec28e865a42c2929a852f35032213 - - default default] Successfully bumped revision number for resource f004ef71-89a6-4d49-9f81-6e6d84e45a62 (type: security_group_rules) to 0
2026-07-21 08:02:29.080 8 INFO neutron.db.segments_db [None req-ba05dcfd-c303-41cb-ae45-8e29c7a5df1f 18432a275a954d17897a99c0b8fbcabb 03eec28e865a42c2929a852f35032213 - - default default] Added segment fe1927f3-2119-4cf9-9b2d-d6b475f832be of type geneve for network 8cb46082-a73b-419a-bd1c-fafe1bfd6413
2026-07-21 08:02:29.210 8 INFO neutron.db.ovn_revision_numbers_db [None req-ba05dcfd-c303-41cb-ae45-8e29c7a5df1f 18432a275a954d17897a99c0b8fbcabb 03eec28e865a42c2929a852f35032213 - - default default] Successfully bumped revision number for resource 8cb46082-a73b-419a-bd1c-fafe1bfd6413 (type: networks) to 1
2026-07-21 08:02:29.468 8 WARNING neutron.scheduler.dhcp_agent_scheduler [None req-ba05dcfd-c303-41cb-ae45-8e29c7a5df1f 18432a275a954d17897a99c0b8fbcabb 03eec28e865a42c2929a852f35032213 - - default default] No more DHCP agents
2026-07-21 08:02:29.470 8 WARNING neutron.api.rpc.agentnotifiers.dhcp_rpc_agent_api [None req-ba05dcfd-c303-41cb-ae45-8e29c7a5df1f 18432a275a954d17897a99c0b8fbcabb 03eec28e865a42c2929a852f35032213 - - default default] Unable to schedule network 8cb46082-a73b-419a-bd1c-fafe1bfd6413: no agents available; will retry on subsequent port and subnet creation events.
2026-07-21 08:02:29.547 7 INFO neutron.plugins.ml2.drivers.ovn.mech_driver.mech_driver [None req-ce5b736c-c639-4412-97ef-ab9d2024c462 - - - - - -] OVN reports status down for port: 564723d7-0984-4994-9aeb-31d2a813f556
2026-07-21 08:02:29.548 8 INFO neutron.db.ovn_revision_numbers_db [None req-ba05dcfd-c303-41cb-ae45-8e29c7a5df1f 18432a275a954d17897a99c0b8fbcabb 03eec28e865a42c2929a852f35032213 - - default default] Successfully bumped revision number for resource 564723d7-0984-4994-9aeb-31d2a813f556 (type: ports) to 1 [pid: 8|app: 0|req: 713/1365] 10.0.0.153 () {34 vars in 670 bytes} [Tue Jul 21 08:02:28 2026] POST /v2.0/networks => generated 683 bytes in 898 msecs (HTTP/1.1 201) 4 headers in 162 bytes (1 switches on core 0)
2026-07-21 08:02:29.601 7 INFO neutron.plugins.ml2.drivers.ovn.mech_driver.ovsdb.commands [None req-286e3033-13a5-4cb6-900a-c6045d36ed61 - - - - - -] Schedule LRP lrp-8b76ee5d-e56b-43e8-b6d8-45035f19c125 on gateway 045db296-edf2-451e-bd50-df74ccffe088 with priority 1 [pid: 8|app: 0|req: 714/1366] 199.19.213.186 () {34 vars in 986 bytes} [Tue Jul 21 08:02:29 2026] GET /v2.0/networks?id=65c4d44f-c86b-4e8e-8707-a37b412d8895 => generated 718 bytes in 76 msecs (HTTP/1.1 200) 4 headers in 157 bytes (1 switches on core 0) [pid: 8|app: 0|req: 715/1367] 10.0.0.77 () {34 vars in 989 bytes} [Tue Jul 21 08:02:29 2026] GET /v2.0/ports?device_id=9cb008c1-6be4-40bc-99d3-f7e03e9a9763 => generated 12 bytes in 36 msecs (HTTP/1.1 200) 4 headers in 156 bytes (1 switches on core 0)
2026-07-21 08:02:29.698 7 INFO neutron.plugins.ml2.drivers.ovn.mech_driver.mech_driver [None req-ce5b736c-c639-4412-97ef-ab9d2024c462 - - - - - -] OVN reports status up for port: 8b76ee5d-e56b-43e8-b6d8-45035f19c125
2026-07-21 08:02:29.731 7 INFO neutron.plugins.ml2.drivers.ovn.mech_driver.ovsdb.ovsdb_monitor [None req-b0ef7393-2984-4298-9555-a1c70e2facb9 - - - - - -] Router 85ab4fc2-67bb-45e5-90fe-d6afe5b08d3c is bound to host instance
2026-07-21 08:02:29.737 7 INFO neutron.plugins.ml2.plugin [None req-ce5b736c-c639-4412-97ef-ab9d2024c462 - - - - - -] Attempt 1 to provision port 8b76ee5d-e56b-43e8-b6d8-45035f19c125
2026-07-21 08:02:29.765 7 INFO neutron.db.ovn_revision_numbers_db [None req-dc6c0049-a0cf-47fc-bb08-130ebb66585e 398415545c95413e9f9e9cc2f07cf971 3a66deec33ae48f09ea47dcd51a60d34 - - default default] Successfully bumped revision number for resource 8b76ee5d-e56b-43e8-b6d8-45035f19c125 (type: router_ports) to 1
2026-07-21 08:02:29.926 8 WARNING neutron.scheduler.dhcp_agent_scheduler [None req-dbf0b83c-0f79-4e1a-bb2a-19765f40ebb1 18432a275a954d17897a99c0b8fbcabb 03eec28e865a42c2929a852f35032213 - - default default] No more DHCP agents
2026-07-21 08:02:29.927 8 WARNING neutron.api.rpc.agentnotifiers.dhcp_rpc_agent_api [None req-dbf0b83c-0f79-4e1a-bb2a-19765f40ebb1 18432a275a954d17897a99c0b8fbcabb 03eec28e865a42c2929a852f35032213 - - default default] Unable to schedule network 8cb46082-a73b-419a-bd1c-fafe1bfd6413: no agents available; will retry on subsequent port and subnet creation events.
2026-07-21 08:02:30.008 8 INFO neutron.db.ovn_revision_numbers_db [None req-dbf0b83c-0f79-4e1a-bb2a-19765f40ebb1 18432a275a954d17897a99c0b8fbcabb 03eec28e865a42c2929a852f35032213 - - default default] Successfully bumped revision number for resource b1fefbaa-84d2-4d94-833b-c78db8952bfc (type: ports) to 1
2026-07-21 08:02:30.035 7 INFO neutron.db.ovn_revision_numbers_db [None req-dc6c0049-a0cf-47fc-bb08-130ebb66585e 398415545c95413e9f9e9cc2f07cf971 3a66deec33ae48f09ea47dcd51a60d34 - - default default] Successfully bumped revision number for resource 85ab4fc2-67bb-45e5-90fe-d6afe5b08d3c (type: routers) to 2 [pid: 8|app: 0|req: 716/1368] 10.0.0.153 () {34 vars in 665 bytes} [Tue Jul 21 08:02:29 2026] POST /v2.0/ports => generated 775 bytes in 383 msecs (HTTP/1.1 201) 4 headers in 162 bytes (1 switches on core 0) /var/lib/openstack/lib/python3.12/site-packages/pycadf/identifier.py:70: UserWarning: Invalid uuid: neutron. To ensure interoperability, identifiers should be a valid uuid. warnings.warn(('Invalid uuid: %s. To ensure interoperability, ' [pid: 7|app: 0|req: 653/1369] 10.0.0.153 () {34 vars in 669 bytes} [Tue Jul 21 08:02:28 2026] POST /v2.0/routers => generated 965 bytes in 1962 msecs (HTTP/1.1 201) 4 headers in 162 bytes (1 switches on core 0) [pid: 8|app: 0|req: 717/1370] 199.19.213.186 () {34 vars in 1050 bytes} [Tue Jul 21 08:02:30 2026] GET /v2.0/security-groups?fields=id&fields=name&tenant_id=5214dfe1ca584ef5afa844e3a7c919a8 => generated 180 bytes in 35 msecs (HTTP/1.1 200) 4 headers in 157 bytes (1 switches on core 0)
2026-07-21 08:02:30.258 7 INFO neutron.db.segments_db [None req-4e6683fa-8970-4620-8884-bf9e00c9db6a 18432a275a954d17897a99c0b8fbcabb 03eec28e865a42c2929a852f35032213 - - default default] Added segment 5c7f85ad-5472-4814-af7a-78b40cfe61bc of type geneve for network 603e826f-9ba4-4d8e-8d0b-ec622751a8e3
2026-07-21 08:02:30.526 7 INFO neutron.db.ovn_revision_numbers_db [None req-4e6683fa-8970-4620-8884-bf9e00c9db6a 18432a275a954d17897a99c0b8fbcabb 03eec28e865a42c2929a852f35032213 - - default default] Successfully bumped revision number for resource 603e826f-9ba4-4d8e-8d0b-ec622751a8e3 (type: networks) to 1
2026-07-21 08:02:30.684 8 WARNING neutron.scheduler.dhcp_agent_scheduler [None req-7ac497ce-6380-4d91-a147-bd9b3a7ddbfe 398415545c95413e9f9e9cc2f07cf971 3a66deec33ae48f09ea47dcd51a60d34 - - default default] No more DHCP agents
2026-07-21 08:02:30.685 8 WARNING neutron.api.rpc.agentnotifiers.dhcp_rpc_agent_api [None req-7ac497ce-6380-4d91-a147-bd9b3a7ddbfe 398415545c95413e9f9e9cc2f07cf971 3a66deec33ae48f09ea47dcd51a60d34 - - default default] Unable to schedule network d919fc01-a756-4bac-8ced-a4cda9b2856e: no agents available; will retry on subsequent port and subnet creation events.
2026-07-21 08:02:30.822 8 INFO neutron.db.ovn_revision_numbers_db [None req-7ac497ce-6380-4d91-a147-bd9b3a7ddbfe 398415545c95413e9f9e9cc2f07cf971 3a66deec33ae48f09ea47dcd51a60d34 - - default default] Successfully bumped revision number for resource b47e361a-bfe4-46b9-a11d-f8fd9b0dca4c (type: ports) to 1
2026-07-21 08:02:30.921 7 WARNING neutron.scheduler.dhcp_agent_scheduler [None req-4e6683fa-8970-4620-8884-bf9e00c9db6a 18432a275a954d17897a99c0b8fbcabb 03eec28e865a42c2929a852f35032213 - - default default] No more DHCP agents
2026-07-21 08:02:30.925 7 WARNING neutron.api.rpc.agentnotifiers.dhcp_rpc_agent_api [None req-4e6683fa-8970-4620-8884-bf9e00c9db6a 18432a275a954d17897a99c0b8fbcabb 03eec28e865a42c2929a852f35032213 - - default default] Unable to schedule network 603e826f-9ba4-4d8e-8d0b-ec622751a8e3: no agents available; will retry on subsequent port and subnet creation events.
2026-07-21 08:02:31.106 7 INFO neutron.db.ovn_revision_numbers_db [None req-4e6683fa-8970-4620-8884-bf9e00c9db6a 18432a275a954d17897a99c0b8fbcabb 03eec28e865a42c2929a852f35032213 - - default default] Successfully bumped revision number for resource 523461ee-808d-438e-9704-8fe64868117a (type: ports) to 1 [pid: 7|app: 0|req: 654/1371] 10.0.0.153 () {34 vars in 670 bytes} [Tue Jul 21 08:02:30 2026] POST /v2.0/networks => generated 670 bytes in 1087 msecs (HTTP/1.1 201) 4 headers in 162 bytes (1 switches on core 0)
2026-07-21 08:02:31.509 8 WARNING neutron.scheduler.dhcp_agent_scheduler [None req-7ac497ce-6380-4d91-a147-bd9b3a7ddbfe 398415545c95413e9f9e9cc2f07cf971 3a66deec33ae48f09ea47dcd51a60d34 - - default default] No more DHCP agents
2026-07-21 08:02:31.511 8 WARNING neutron.api.rpc.agentnotifiers.dhcp_rpc_agent_api [None req-7ac497ce-6380-4d91-a147-bd9b3a7ddbfe 398415545c95413e9f9e9cc2f07cf971 3a66deec33ae48f09ea47dcd51a60d34 - - default default] Unable to schedule network d919fc01-a756-4bac-8ced-a4cda9b2856e: no agents available; will retry on subsequent port and subnet creation events.
2026-07-21 08:02:31.665 7 INFO neutron.db.ovn_revision_numbers_db [None req-11ac295e-1fe4-43e9-8929-5d9c5860209f - - - - - -] Successfully bumped revision number for resource 8b76ee5d-e56b-43e8-b6d8-45035f19c125 (type: ports) to 4
2026-07-21 08:02:31.729 7 WARNING neutron.scheduler.dhcp_agent_scheduler [req-64f13db4-ff0e-4c86-8fe8-89d70e324f18 req-e37f0ff3-71fe-4caf-a3be-96e3c1e852a8 3d8be567130b4800845866f46075a4b7 5214dfe1ca584ef5afa844e3a7c919a8 - - default default] No more DHCP agents
2026-07-21 08:02:31.731 7 WARNING neutron.api.rpc.agentnotifiers.dhcp_rpc_agent_api [req-64f13db4-ff0e-4c86-8fe8-89d70e324f18 req-e37f0ff3-71fe-4caf-a3be-96e3c1e852a8 3d8be567130b4800845866f46075a4b7 5214dfe1ca584ef5afa844e3a7c919a8 - - default default] Unable to schedule network 65c4d44f-c86b-4e8e-8707-a37b412d8895: no agents available; will retry on subsequent port and subnet creation events.
2026-07-21 08:02:31.940 8 INFO neutron.plugins.ml2.drivers.ovn.mech_driver.mech_driver [None req-b87aea9c-d230-433a-9870-0bab1cd3637b - - - - - -] OVN reports status down for port: 260f7ce9-35d9-4542-9fd5-abb353612118
2026-07-21 08:02:32.010 7 INFO neutron.db.ovn_revision_numbers_db [req-64f13db4-ff0e-4c86-8fe8-89d70e324f18 req-e37f0ff3-71fe-4caf-a3be-96e3c1e852a8 3d8be567130b4800845866f46075a4b7 5214dfe1ca584ef5afa844e3a7c919a8 - - default default] Successfully bumped revision number for resource 260f7ce9-35d9-4542-9fd5-abb353612118 (type: ports) to 1
2026-07-21 08:02:32.058 8 INFO neutron.db.ovn_revision_numbers_db [None req-7ac497ce-6380-4d91-a147-bd9b3a7ddbfe 398415545c95413e9f9e9cc2f07cf971 3a66deec33ae48f09ea47dcd51a60d34 - - default default] Successfully bumped revision number for resource b47e361a-bfe4-46b9-a11d-f8fd9b0dca4c (type: router_ports) to 1 [pid: 8|app: 0|req: 718/1372] 10.0.0.153 () {34 vars in 783 bytes} [Tue Jul 21 08:02:30 2026] PUT /v2.0/routers/85ab4fc2-67bb-45e5-90fe-d6afe5b08d3c/add_router_interface => generated 309 bytes in 1967 msecs (HTTP/1.1 200) 4 headers in 157 bytes (1 switches on core 0) [pid: 8|app: 0|req: 719/1373] 10.0.0.77 () {34 vars in 989 bytes} [Tue Jul 21 08:02:32 2026] GET /v2.0/ports?device_id=9cb008c1-6be4-40bc-99d3-f7e03e9a9763 => generated 957 bytes in 94 msecs (HTTP/1.1 200) 4 headers in 157 bytes (1 switches on core 0) [pid: 7|app: 0|req: 655/1374] 199.19.213.186 () {38 vars in 955 bytes} [Tue Jul 21 08:02:31 2026] POST /v2.0/ports => generated 954 bytes in 1066 msecs (HTTP/1.1 201) 4 headers in 162 bytes (1 switches on core 0)
2026-07-21 08:02:32.351 7 INFO neutron.db.ovn_revision_numbers_db [None req-11ac295e-1fe4-43e9-8929-5d9c5860209f - - - - - -] Successfully bumped revision number for resource 8b76ee5d-e56b-43e8-b6d8-45035f19c125 (type: ports) to 5
2026-07-21 08:02:32.408 8 WARNING neutron.scheduler.dhcp_agent_scheduler [None req-91451c60-efd5-4337-9dbd-4a9dfe90d3a9 18432a275a954d17897a99c0b8fbcabb 03eec28e865a42c2929a852f35032213 - - default default] No more DHCP agents
2026-07-21 08:02:32.411 8 WARNING neutron.api.rpc.agentnotifiers.dhcp_rpc_agent_api [None req-91451c60-efd5-4337-9dbd-4a9dfe90d3a9 18432a275a954d17897a99c0b8fbcabb 03eec28e865a42c2929a852f35032213 - - default default] Unable to schedule network 603e826f-9ba4-4d8e-8d0b-ec622751a8e3: no agents available; will retry on subsequent port and subnet creation events. /var/lib/openstack/lib/python3.12/site-packages/pycadf/identifier.py:70: UserWarning: Invalid uuid: neutron. To ensure interoperability, identifiers should be a valid uuid. warnings.warn(('Invalid uuid: %s. To ensure interoperability, '
2026-07-21 08:02:32.670 7 INFO neutron.db.ovn_revision_numbers_db [None req-d9bf43bc-dbc9-41db-bf75-01940e223e09 398415545c95413e9f9e9cc2f07cf971 3a66deec33ae48f09ea47dcd51a60d34 - - default default] Successfully bumped revision number for resource 1a3ed618-67e4-43ee-b1a7-5971ce0b7472 (type: security_groups) to 1
2026-07-21 08:02:32.684 7 INFO neutron.db.ovn_revision_numbers_db [None req-d9bf43bc-dbc9-41db-bf75-01940e223e09 398415545c95413e9f9e9cc2f07cf971 3a66deec33ae48f09ea47dcd51a60d34 - - default default] Successfully bumped revision number for resource 1c3e3b2e-8f57-4969-9ec7-c0b5f86e6d67 (type: security_group_rules) to 0
2026-07-21 08:02:32.702 7 INFO neutron.db.ovn_revision_numbers_db [None req-d9bf43bc-dbc9-41db-bf75-01940e223e09 398415545c95413e9f9e9cc2f07cf971 3a66deec33ae48f09ea47dcd51a60d34 - - default default] Successfully bumped revision number for resource 943d720e-e8fa-4db1-842d-2e6be3abaac5 (type: security_group_rules) to 0
2026-07-21 08:02:32.728 7 INFO neutron.db.ovn_revision_numbers_db [None req-d9bf43bc-dbc9-41db-bf75-01940e223e09 398415545c95413e9f9e9cc2f07cf971 3a66deec33ae48f09ea47dcd51a60d34 - - default default] Successfully bumped revision number for resource b0a20872-738f-4146-814d-1fddf1e2eb86 (type: security_group_rules) to 0
2026-07-21 08:02:32.744 7 INFO neutron.db.ovn_revision_numbers_db [None req-d9bf43bc-dbc9-41db-bf75-01940e223e09 398415545c95413e9f9e9cc2f07cf971 3a66deec33ae48f09ea47dcd51a60d34 - - default default] Successfully bumped revision number for resource dd43bf47-87e4-4427-87d0-2788a4830164 (type: security_group_rules) to 0 [pid: 7|app: 0|req: 656/1375] 10.0.0.153 () {32 vars in 774 bytes} [Tue Jul 21 08:02:32 2026] GET /v2.0/security-groups?tenant_id=ec139143bd5546e7b9e7cfc4e50aaf31&name=default => generated 2925 bytes in 562 msecs (HTTP/1.1 200) 4 headers in 158 bytes (1 switches on core 0)
2026-07-21 08:02:32.843 7 INFO neutron.plugins.ml2.drivers.ovn.mech_driver.mech_driver [None req-ce5b736c-c639-4412-97ef-ab9d2024c462 - - - - - -] OVN reports status down for port: b1fefbaa-84d2-4d94-833b-c78db8952bfc [pid: 7|app: 0|req: 657/1376] 10.0.0.77 () {34 vars in 1039 bytes} [Tue Jul 21 08:02:32 2026] GET /v2.0/security-groups?id=a4d02ffe-1493-43ae-b590-0d5a5e4cb693&fields=id&fields=name => generated 113 bytes in 57 msecs (HTTP/1.1 200) 4 headers in 157 bytes (1 switches on core 0)
2026-07-21 08:02:32.906 8 INFO neutron.db.ovn_revision_numbers_db [None req-f16f63a4-abd8-4f5f-876e-73fb5cd20c81 - - - - - -] Successfully bumped revision number for resource 523461ee-808d-438e-9704-8fe64868117a (type: ports) to 2
2026-07-21 08:02:32.935 8 INFO neutron.db.ovn_revision_numbers_db [None req-f16f63a4-abd8-4f5f-876e-73fb5cd20c81 - - - - - -] Successfully bumped revision number for resource baef9d5f-426b-4164-b09b-7f2af58cfd73 (type: subnets) to 0 [pid: 8|app: 0|req: 720/1377] 10.0.0.153 () {34 vars in 669 bytes} [Tue Jul 21 08:02:32 2026] POST /v2.0/subnets => generated 626 bytes in 787 msecs (HTTP/1.1 201) 4 headers in 162 bytes (1 switches on core 0)
2026-07-21 08:02:33.017 7 INFO neutron.plugins.ml2.drivers.ovn.mech_driver.mech_driver [None req-ce5b736c-c639-4412-97ef-ab9d2024c462 - - - - - -] OVN reports status down for port: b47e361a-bfe4-46b9-a11d-f8fd9b0dca4c
2026-07-21 08:02:33.180 7 INFO neutron.plugins.ml2.drivers.ovn.mech_driver.mech_driver [None req-ce5b736c-c639-4412-97ef-ab9d2024c462 - - - - - -] OVN reports status down for port: 523461ee-808d-438e-9704-8fe64868117a [pid: 8|app: 0|req: 721/1378] 10.0.0.153 () {32 vars in 740 bytes} [Tue Jul 21 08:02:32 2026] DELETE /v2.0/security-groups/1a3ed618-67e4-43ee-b1a7-5971ce0b7472 => generated 0 bytes in 264 msecs (HTTP/1.1 204) 2 headers in 112 bytes (1 switches on core 0)
2026-07-21 08:02:33.349 7 INFO neutron.plugins.ml2.drivers.ovn.mech_driver.mech_driver [None req-ce5b736c-c639-4412-97ef-ab9d2024c462 - - - - - -] OVN reports status up for port: b47e361a-bfe4-46b9-a11d-f8fd9b0dca4c
2026-07-21 08:02:33.390 7 INFO neutron.plugins.ml2.plugin [None req-ce5b736c-c639-4412-97ef-ab9d2024c462 - - - - - -] Attempt 1 to provision port b47e361a-bfe4-46b9-a11d-f8fd9b0dca4c
2026-07-21 08:02:33.519 8 WARNING neutron.scheduler.dhcp_agent_scheduler [None req-2f6955c3-b1cf-451a-aae3-f38f11a742fd 18432a275a954d17897a99c0b8fbcabb 03eec28e865a42c2929a852f35032213 - - default default] No more DHCP agents
2026-07-21 08:02:33.521 8 WARNING neutron.api.rpc.agentnotifiers.dhcp_rpc_agent_api [None req-2f6955c3-b1cf-451a-aae3-f38f11a742fd 18432a275a954d17897a99c0b8fbcabb 03eec28e865a42c2929a852f35032213 - - default default] Unable to schedule network 603e826f-9ba4-4d8e-8d0b-ec622751a8e3: no agents available; will retry on subsequent port and subnet creation events.
2026-07-21 08:02:33.642 7 INFO neutron.db.ovn_revision_numbers_db [req-64f13db4-ff0e-4c86-8fe8-89d70e324f18 req-9a89e0e7-186a-4b3d-bce3-1c95fbadc20f 8654dabfbcf94930b8ceb9e3462e827f c8cacb3b46c1444780cbdb4b8f05cdb9 - - 18519a6cd8e4423da2ffb2233dccf9f3 18519a6cd8e4423da2ffb2233dccf9f3] Successfully bumped revision number for resource 260f7ce9-35d9-4542-9fd5-abb353612118 (type: ports) to 2
2026-07-21 08:02:33.731 8 INFO neutron.db.ovn_revision_numbers_db [None req-2f6955c3-b1cf-451a-aae3-f38f11a742fd 18432a275a954d17897a99c0b8fbcabb 03eec28e865a42c2929a852f35032213 - - default default] Successfully bumped revision number for resource 203dc8fb-3c2b-4507-b485-86f8ed223f73 (type: ports) to 1 [pid: 8|app: 0|req: 722/1379] 10.0.0.153 () {34 vars in 665 bytes} [Tue Jul 21 08:02:33 2026] POST /v2.0/ports => generated 954 bytes in 541 msecs (HTTP/1.1 201) 4 headers in 162 bytes (1 switches on core 0) /var/lib/openstack/lib/python3.12/site-packages/pycadf/identifier.py:70: UserWarning: Invalid uuid: neutron. To ensure interoperability, identifiers should be a valid uuid. warnings.warn(('Invalid uuid: %s. To ensure interoperability, '
2026-07-21 08:02:33.872 8 INFO neutron.db.ovn_revision_numbers_db [None req-bf5e68a8-8d56-4380-8ed7-0417ca798a5b 398415545c95413e9f9e9cc2f07cf971 3a66deec33ae48f09ea47dcd51a60d34 - - default default] Successfully bumped revision number for resource 24720376-921e-4a30-8d31-fc60cbf046e9 (type: security_groups) to 1
2026-07-21 08:02:33.883 8 INFO neutron.db.ovn_revision_numbers_db [None req-bf5e68a8-8d56-4380-8ed7-0417ca798a5b 398415545c95413e9f9e9cc2f07cf971 3a66deec33ae48f09ea47dcd51a60d34 - - default default] Successfully bumped revision number for resource 623b8d50-2cda-4774-aea6-c352bbe4f816 (type: security_group_rules) to 0
2026-07-21 08:02:33.896 8 INFO neutron.db.ovn_revision_numbers_db [None req-bf5e68a8-8d56-4380-8ed7-0417ca798a5b 398415545c95413e9f9e9cc2f07cf971 3a66deec33ae48f09ea47dcd51a60d34 - - default default] Successfully bumped revision number for resource abcc3e1f-d68c-4814-afdc-e9f005257085 (type: security_group_rules) to 0
2026-07-21 08:02:33.912 8 INFO neutron.db.ovn_revision_numbers_db [None req-bf5e68a8-8d56-4380-8ed7-0417ca798a5b 398415545c95413e9f9e9cc2f07cf971 3a66deec33ae48f09ea47dcd51a60d34 - - default default] Successfully bumped revision number for resource d44d3c62-cf4f-48ff-949e-e87cb5186b7b (type: security_group_rules) to 0
2026-07-21 08:02:33.926 8 INFO neutron.db.ovn_revision_numbers_db [None req-bf5e68a8-8d56-4380-8ed7-0417ca798a5b 398415545c95413e9f9e9cc2f07cf971 3a66deec33ae48f09ea47dcd51a60d34 - - default default] Successfully bumped revision number for resource e1defce3-26fb-44b0-9b39-5d05a4c1caa7 (type: security_group_rules) to 0 [pid: 8|app: 0|req: 723/1380] 10.0.0.153 () {32 vars in 774 bytes} [Tue Jul 21 08:02:33 2026] GET /v2.0/security-groups?tenant_id=6122c07bd944420592ae2818175a0506&name=default => generated 2925 bytes in 201 msecs (HTTP/1.1 200) 4 headers in 158 bytes (1 switches on core 0)
2026-07-21 08:02:34.068 8 INFO neutron_taas.services.taas.taas_plugin [None req-f0e072f6-6fe2-47b7-ae83-12aebc7f06ed 18432a275a954d17897a99c0b8fbcabb 03eec28e865a42c2929a852f35032213 - - default default] TaaS: Handle Delete Port: 203dc8fb-3c2b-4507-b485-86f8ed223f73
2026-07-21 08:02:34.071 8 INFO neutron_taas.services.taas.tap_mirror_plugin [None req-f0e072f6-6fe2-47b7-ae83-12aebc7f06ed 18432a275a954d17897a99c0b8fbcabb 03eec28e865a42c2929a852f35032213 - - default default] Tap Mirror: Handle Delete Port: 203dc8fb-3c2b-4507-b485-86f8ed223f73
2026-07-21 08:02:34.194 7 INFO neutron.db.ovn_revision_numbers_db [req-64f13db4-ff0e-4c86-8fe8-89d70e324f18 req-9a89e0e7-186a-4b3d-bce3-1c95fbadc20f 8654dabfbcf94930b8ceb9e3462e827f c8cacb3b46c1444780cbdb4b8f05cdb9 - - 18519a6cd8e4423da2ffb2233dccf9f3 18519a6cd8e4423da2ffb2233dccf9f3] Successfully bumped revision number for resource 260f7ce9-35d9-4542-9fd5-abb353612118 (type: ports) to 4 [pid: 8|app: 0|req: 724/1381] 10.0.0.153 () {32 vars in 720 bytes} [Tue Jul 21 08:02:33 2026] DELETE /v2.0/ports/203dc8fb-3c2b-4507-b485-86f8ed223f73 => generated 0 bytes in 318 msecs (HTTP/1.1 204) 3 headers in 131 bytes (1 switches on core 0) [pid: 7|app: 0|req: 658/1382] 199.19.213.186 () {38 vars in 1028 bytes} [Tue Jul 21 08:02:32 2026] PUT /v2.0/ports/260f7ce9-35d9-4542-9fd5-abb353612118 => generated 1204 bytes in 1455 msecs (HTTP/1.1 200) 4 headers in 158 bytes (1 switches on core 0) /var/lib/openstack/lib/python3.12/site-packages/pycadf/identifier.py:70: UserWarning: Invalid uuid: neutron. To ensure interoperability, identifiers should be a valid uuid. warnings.warn(('Invalid uuid: %s. To ensure interoperability, ' [pid: 8|app: 0|req: 725/1383] 10.0.0.77 () {34 vars in 989 bytes} [Tue Jul 21 08:02:34 2026] GET /v2.0/ports?device_id=9cb008c1-6be4-40bc-99d3-f7e03e9a9763 => generated 969 bytes in 54 msecs (HTTP/1.1 200) 4 headers in 157 bytes (1 switches on core 0)
2026-07-21 08:02:34.349 8 INFO neutron.pecan_wsgi.hooks.translation [None req-56f2b482-4e00-44b1-b4f3-58c19b47867d 18432a275a954d17897a99c0b8fbcabb 03eec28e865a42c2929a852f35032213 - - default default] DELETE failed (client error): The resource could not be found.
2026-07-21 08:02:34.352 7 INFO neutron.notifiers.nova [-] Nova event matching ['req-7647cf40-d5a3-4a09-bd13-7c59ebaf1932'] response: {'name': 'network-changed', 'server_uuid': '9cb008c1-6be4-40bc-99d3-f7e03e9a9763', 'tag': '260f7ce9-35d9-4542-9fd5-abb353612118', 'status': 'completed', 'code': 200} [pid: 8|app: 0|req: 726/1384] 10.0.0.153 () {32 vars in 720 bytes} [Tue Jul 21 08:02:34 2026] DELETE /v2.0/ports/203dc8fb-3c2b-4507-b485-86f8ed223f73 => generated 132 bytes in 19 msecs (HTTP/1.1 404) 4 headers in 164 bytes (1 switches on core 0) [pid: 8|app: 0|req: 727/1385] 10.0.0.77 () {34 vars in 1039 bytes} [Tue Jul 21 08:02:34 2026] GET /v2.0/security-groups?id=a4d02ffe-1493-43ae-b590-0d5a5e4cb693&fields=id&fields=name => generated 113 bytes in 38 msecs (HTTP/1.1 200) 4 headers in 157 bytes (1 switches on core 0)
2026-07-21 08:02:34.411 8 INFO neutron.pecan_wsgi.hooks.translation [None req-05ecd364-2ed7-4e5a-88cd-30c3b0813061 18432a275a954d17897a99c0b8fbcabb 03eec28e865a42c2929a852f35032213 - - default default] GET failed (client error): The resource could not be found. [pid: 8|app: 0|req: 728/1386] 10.0.0.153 () {32 vars in 717 bytes} [Tue Jul 21 08:02:34 2026] GET /v2.0/ports/203dc8fb-3c2b-4507-b485-86f8ed223f73 => generated 132 bytes in 21 msecs (HTTP/1.1 404) 4 headers in 164 bytes (1 switches on core 0)
2026-07-21 08:02:34.505 7 INFO neutron.db.ovn_revision_numbers_db [None req-ce5b736c-c639-4412-97ef-ab9d2024c462 - - - - - -] Successfully bumped revision number for resource b47e361a-bfe4-46b9-a11d-f8fd9b0dca4c (type: ports) to 2 [pid: 8|app: 0|req: 729/1387] 10.0.0.153 () {32 vars in 724 bytes} [Tue Jul 21 08:02:34 2026] DELETE /v2.0/subnets/baef9d5f-426b-4164-b09b-7f2af58cfd73 => generated 0 bytes in 207 msecs (HTTP/1.1 204) 3 headers in 131 bytes (1 switches on core 0) [pid: 8|app: 0|req: 730/1388] 10.0.0.77 () {34 vars in 981 bytes} [Tue Jul 21 08:02:34 2026] GET /v2.0/networks?id=d919fc01-a756-4bac-8ced-a4cda9b2856e => generated 710 bytes in 60 msecs (HTTP/1.1 200) 4 headers in 157 bytes (1 switches on core 0) [pid: 7|app: 0|req: 659/1389] 10.0.0.153 () {32 vars in 740 bytes} [Tue Jul 21 08:02:34 2026] DELETE /v2.0/security-groups/24720376-921e-4a30-8d31-fc60cbf046e9 => generated 0 bytes in 461 msecs (HTTP/1.1 204) 2 headers in 112 bytes (1 switches on core 0)
2026-07-21 08:02:34.777 7 INFO neutron.db.ovn_revision_numbers_db [None req-2d96c2e8-ef70-4ce9-8c5a-8c9192fadbb3 - - - - - -] Successfully bumped revision number for resource b47e361a-bfe4-46b9-a11d-f8fd9b0dca4c (type: router_ports) to 2
2026-07-21 08:02:34.777 7 INFO neutron.plugins.ml2.drivers.ovn.mech_driver.mech_driver [None req-2d96c2e8-ef70-4ce9-8c5a-8c9192fadbb3 - - - - - -] OVN reports status down for port: 203dc8fb-3c2b-4507-b485-86f8ed223f73 [pid: 7|app: 0|req: 660/1390] 10.0.0.77 () {34 vars in 964 bytes} [Tue Jul 21 08:02:34 2026] GET /v2.0/quotas/dbdb04110afc468090a7ace30d6d189d => generated 292 bytes in 13 msecs (HTTP/1.1 200) 4 headers in 157 bytes (1 switches on core 0)
2026-07-21 08:02:34.823 8 INFO neutron_taas.services.taas.taas_plugin [None req-0d10988b-5ad4-4790-b877-324a98def235 18432a275a954d17897a99c0b8fbcabb 03eec28e865a42c2929a852f35032213 - - default default] TaaS: Handle Delete Port: 523461ee-808d-438e-9704-8fe64868117a
2026-07-21 08:02:34.827 8 INFO neutron_taas.services.taas.tap_mirror_plugin [None req-0d10988b-5ad4-4790-b877-324a98def235 18432a275a954d17897a99c0b8fbcabb 03eec28e865a42c2929a852f35032213 - - default default] Tap Mirror: Handle Delete Port: 523461ee-808d-438e-9704-8fe64868117a
2026-07-21 08:02:35.050 8 INFO neutron.services.segments.plugin [-] Segment 5c7f85ad-5472-4814-af7a-78b40cfe61bc resource provider aggregate not found
2026-07-21 08:02:35.056 8 INFO neutron.services.segments.plugin [-] Segment 5c7f85ad-5472-4814-af7a-78b40cfe61bc resource provider aggregate not found
2026-07-21 08:02:35.074 8 INFO neutron.services.segments.plugin [-] Client error retrieving segment 5c7f85ad-5472-4814-af7a-78b40cfe61bc resource provider; error: Placement Client Error (4xx): {"errors": [{"status": 404, "title": "Not Found", "detail": "The resource could not be found.\n\n No resource provider with uuid 5c7f85ad-5472-4814-af7a-78b40cfe61bc found for delete ", "request_id": "req-7e2c4687-5380-413e-9d48-19070cc9b549"}]}
2026-07-21 08:02:35.076 8 INFO neutron.services.segments.plugin [-] Client error retrieving segment 5c7f85ad-5472-4814-af7a-78b40cfe61bc resource provider; error: Placement Client Error (4xx): {"errors": [{"status": 404, "title": "Not Found", "detail": "The resource could not be found.\n\n No resource provider with uuid 5c7f85ad-5472-4814-af7a-78b40cfe61bc found for delete ", "request_id": "req-c28ed71c-509b-4289-9e38-550f76821fb0"}]} [pid: 8|app: 0|req: 731/1391] 10.0.0.153 () {32 vars in 726 bytes} [Tue Jul 21 08:02:34 2026] DELETE /v2.0/networks/603e826f-9ba4-4d8e-8d0b-ec622751a8e3 => generated 0 bytes in 424 msecs (HTTP/1.1 204) 3 headers in 131 bytes (1 switches on core 0) [pid: 8|app: 0|req: 732/1392] 199.19.213.186 () {34 vars in 1080 bytes} [Tue Jul 21 08:02:35 2026] GET /v2.0/ports?tenant_id=5214dfe1ca584ef5afa844e3a7c919a8&device_id=9cb008c1-6be4-40bc-99d3-f7e03e9a9763 => generated 1207 bytes in 36 msecs (HTTP/1.1 200) 4 headers in 158 bytes (1 switches on core 0)
2026-07-21 08:02:35.259 8 INFO neutron.db.segments_db [None req-2c9317ff-5321-4562-8bf5-871be256569c 18432a275a954d17897a99c0b8fbcabb 03eec28e865a42c2929a852f35032213 - - default default] Added segment 5336b521-0703-461c-9fae-eff680ca3e29 of type geneve for network 11994e2c-171d-4f34-a739-ae6d5d42aa8f
2026-07-21 08:02:35.407 8 INFO neutron.db.ovn_revision_numbers_db [None req-2c9317ff-5321-4562-8bf5-871be256569c 18432a275a954d17897a99c0b8fbcabb 03eec28e865a42c2929a852f35032213 - - default default] Successfully bumped revision number for resource 11994e2c-171d-4f34-a739-ae6d5d42aa8f (type: networks) to 1
2026-07-21 08:02:35.642 8 WARNING neutron.scheduler.dhcp_agent_scheduler [None req-2c9317ff-5321-4562-8bf5-871be256569c 18432a275a954d17897a99c0b8fbcabb 03eec28e865a42c2929a852f35032213 - - default default] No more DHCP agents
2026-07-21 08:02:35.643 8 WARNING neutron.api.rpc.agentnotifiers.dhcp_rpc_agent_api [None req-2c9317ff-5321-4562-8bf5-871be256569c 18432a275a954d17897a99c0b8fbcabb 03eec28e865a42c2929a852f35032213 - - default default] Unable to schedule network 11994e2c-171d-4f34-a739-ae6d5d42aa8f: no agents available; will retry on subsequent port and subnet creation events.
2026-07-21 08:02:35.742 8 INFO neutron.db.ovn_revision_numbers_db [None req-2c9317ff-5321-4562-8bf5-871be256569c 18432a275a954d17897a99c0b8fbcabb 03eec28e865a42c2929a852f35032213 - - default default] Successfully bumped revision number for resource 83c95619-5562-4c40-88c0-05a26b27af86 (type: ports) to 1
2026-07-21 08:02:35.756 7 INFO neutron.plugins.ml2.drivers.ovn.mech_driver.mech_driver [None req-2d96c2e8-ef70-4ce9-8c5a-8c9192fadbb3 - - - - - -] OVN reports status down for port: 83c95619-5562-4c40-88c0-05a26b27af86 [pid: 8|app: 0|req: 733/1393] 10.0.0.153 () {34 vars in 670 bytes} [Tue Jul 21 08:02:35 2026] POST /v2.0/networks => generated 669 bytes in 625 msecs (HTTP/1.1 201) 4 headers in 162 bytes (1 switches on core 0) [pid: 7|app: 0|req: 661/1394] 10.0.0.77 () {34 vars in 1001 bytes} [Tue Jul 21 08:02:34 2026] GET /v2.0/ports?tenant_id=dbdb04110afc468090a7ace30d6d189d&fields=id => generated 103 bytes in 989 msecs (HTTP/1.1 200) 4 headers in 157 bytes (1 switches on core 0) [pid: 8|app: 0|req: 734/1395] 199.19.213.186 () {34 vars in 1018 bytes} [Tue Jul 21 08:02:35 2026] GET /v2.0/networks?tenant_id=5214dfe1ca584ef5afa844e3a7c919a8&shared=False => generated 816 bytes in 58 msecs (HTTP/1.1 200) 4 headers in 157 bytes (1 switches on core 0) [pid: 7|app: 0|req: 662/1396] 10.0.0.77 () {34 vars in 989 bytes} [Tue Jul 21 08:02:35 2026] GET /v2.0/ports?device_id=9cb008c1-6be4-40bc-99d3-f7e03e9a9763 => generated 969 bytes in 55 msecs (HTTP/1.1 200) 4 headers in 157 bytes (1 switches on core 0) [pid: 7|app: 0|req: 663/1397] 10.0.0.77 () {34 vars in 1007 bytes} [Tue Jul 21 08:02:35 2026] GET /v2.0/networks/d919fc01-a756-4bac-8ced-a4cda9b2856e?fields=segments => generated 14 bytes in 68 msecs (HTTP/1.1 200) 4 headers in 156 bytes (1 switches on core 0) [pid: 7|app: 0|req: 664/1398] 199.19.213.186 () {34 vars in 930 bytes} [Tue Jul 21 08:02:35 2026] GET /v2.0/networks?shared=True => generated 791 bytes in 87 msecs (HTTP/1.1 200) 4 headers in 157 bytes (1 switches on core 0) [pid: 7|app: 0|req: 665/1399] 10.0.0.77 () {34 vars in 1039 bytes} [Tue Jul 21 08:02:35 2026] GET /v2.0/security-groups?id=a4d02ffe-1493-43ae-b590-0d5a5e4cb693&fields=id&fields=name => generated 113 bytes in 33 msecs (HTTP/1.1 200) 4 headers in 157 bytes (1 switches on core 0)
2026-07-21 08:02:36.068 8 WARNING neutron.scheduler.dhcp_agent_scheduler [None req-85dabe88-2cbd-4f60-910c-d73d0a9cf836 18432a275a954d17897a99c0b8fbcabb 03eec28e865a42c2929a852f35032213 - - default default] No more DHCP agents
