2026-07-21 08:05:59.291 7 INFO neutron.api.v2.resource [None req-0af9e105-8574-4f4f-8ba3-d5cab90949a3 f29fc917d575435dae677938f78c8a2f 375acb674cec42109f50d9827ebcebea - - default default] delete failed (client error): The resource could not be found. [pid: 7|app: 0|req: 1329/2656] 10.0.0.153 () {32 vars in 724 bytes} [Tue Jul 21 08:05:59 2026] DELETE /v2.0/routers/1b5b16b0-369c-45e5-903a-9f164afe80b3 => generated 135 bytes in 24 msecs (HTTP/1.1 404) 4 headers in 164 bytes (1 switches on core 0) [pid: 7|app: 0|req: 1330/2657] 10.0.0.153 () {32 vars in 736 bytes} [Tue Jul 21 08:05:59 2026] GET /v2.0/ports?device_id=9c903776-430b-4162-98e3-f8e4e8349eac => generated 12 bytes in 18 msecs (HTTP/1.1 200) 4 headers in 156 bytes (1 switches on core 0)
2026-07-21 08:05:59.340 7 INFO neutron.api.v2.resource [None req-2e992e3b-b682-4cb8-ae50-d9003884bd8f f29fc917d575435dae677938f78c8a2f 375acb674cec42109f50d9827ebcebea - - default default] delete failed (client error): The resource could not be found. [pid: 7|app: 0|req: 1331/2658] 10.0.0.153 () {32 vars in 724 bytes} [Tue Jul 21 08:05:59 2026] DELETE /v2.0/routers/9c903776-430b-4162-98e3-f8e4e8349eac => generated 135 bytes in 20 msecs (HTTP/1.1 404) 4 headers in 164 bytes (1 switches on core 0)
2026-07-21 08:05:59.367 7 INFO neutron.pecan_wsgi.hooks.translation [None req-a84c346f-ece3-4d11-9ec0-451525964bba f29fc917d575435dae677938f78c8a2f 375acb674cec42109f50d9827ebcebea - - default default] DELETE failed (client error): The resource could not be found. [pid: 7|app: 0|req: 1332/2659] 10.0.0.153 () {32 vars in 724 bytes} [Tue Jul 21 08:05:59 2026] DELETE /v2.0/subnets/c63f3ae0-297d-4b2b-8e0b-81c060ee69af => generated 136 bytes in 20 msecs (HTTP/1.1 404) 4 headers in 164 bytes (1 switches on core 0)
2026-07-21 08:05:59.389 8 INFO neutron_taas.services.taas.taas_plugin [None req-01cb8586-e8cd-453b-86d3-2b6f1be84532 85d0e42c316143b0ae3416d9e43c6115 09dff3e27a874d8e8db4ef4e62ef1638 - - default default] TaaS: Handle Delete Port: 819fb714-3b0a-49b1-a52b-28bcc56ffcb0
2026-07-21 08:05:59.391 8 INFO neutron_taas.services.taas.tap_mirror_plugin [None req-01cb8586-e8cd-453b-86d3-2b6f1be84532 85d0e42c316143b0ae3416d9e43c6115 09dff3e27a874d8e8db4ef4e62ef1638 - - default default] Tap Mirror: Handle Delete Port: 819fb714-3b0a-49b1-a52b-28bcc56ffcb0 [pid: 7|app: 0|req: 1333/2660] 10.0.0.153 () {32 vars in 736 bytes} [Tue Jul 21 08:05:59 2026] GET /v2.0/ports?device_id=e4fc50d8-7417-430f-8459-706334d1ea28 => generated 12 bytes in 24 msecs (HTTP/1.1 200) 4 headers in 156 bytes (1 switches on core 0)
2026-07-21 08:05:59.449 7 INFO neutron.api.v2.resource [None req-4d965a25-da29-4a90-b00c-4e6d1dd0d56a f29fc917d575435dae677938f78c8a2f 375acb674cec42109f50d9827ebcebea - - default default] delete failed (client error): The resource could not be found. [pid: 7|app: 0|req: 1334/2661] 10.0.0.153 () {32 vars in 724 bytes} [Tue Jul 21 08:05:59 2026] DELETE /v2.0/routers/e4fc50d8-7417-430f-8459-706334d1ea28 => generated 135 bytes in 44 msecs (HTTP/1.1 404) 4 headers in 164 bytes (1 switches on core 0)
2026-07-21 08:05:59.469 7 INFO neutron.pecan_wsgi.hooks.translation [None req-e1765994-48d6-41ee-99af-96697cbbbac7 f29fc917d575435dae677938f78c8a2f 375acb674cec42109f50d9827ebcebea - - default default] DELETE failed (client error): The resource could not be found. [pid: 7|app: 0|req: 1335/2662] 10.0.0.153 () {32 vars in 724 bytes} [Tue Jul 21 08:05:59 2026] DELETE /v2.0/subnets/b1dfc7d9-bbf2-4cae-801c-aa4aafc44622 => generated 136 bytes in 14 msecs (HTTP/1.1 404) 4 headers in 164 bytes (1 switches on core 0) [pid: 7|app: 0|req: 1336/2663] 10.0.0.153 () {32 vars in 736 bytes} [Tue Jul 21 08:05:59 2026] GET /v2.0/ports?device_id=8037ea0b-7fd0-4d7b-b960-12dead950a4f => generated 12 bytes in 16 msecs (HTTP/1.1 200) 4 headers in 156 bytes (1 switches on core 0)
2026-07-21 08:05:59.518 7 INFO neutron.api.v2.resource [None req-e8171ae8-7105-4fd4-a0ef-e51e328037a7 f29fc917d575435dae677938f78c8a2f 375acb674cec42109f50d9827ebcebea - - default default] delete failed (client error): The resource could not be found. [pid: 7|app: 0|req: 1337/2664] 10.0.0.153 () {32 vars in 724 bytes} [Tue Jul 21 08:05:59 2026] DELETE /v2.0/routers/8037ea0b-7fd0-4d7b-b960-12dead950a4f => generated 135 bytes in 23 msecs (HTTP/1.1 404) 4 headers in 164 bytes (1 switches on core 0)
2026-07-21 08:05:59.536 7 INFO neutron.pecan_wsgi.hooks.translation [None req-42458d70-05b0-4dcd-a376-d8dbd6c99ccc f29fc917d575435dae677938f78c8a2f 375acb674cec42109f50d9827ebcebea - - default default] DELETE failed (client error): The resource could not be found. [pid: 7|app: 0|req: 1338/2665] 10.0.0.153 () {32 vars in 724 bytes} [Tue Jul 21 08:05:59 2026] DELETE /v2.0/subnets/65f75b3d-311f-4bdd-890e-b27d46d0b67a => generated 136 bytes in 15 msecs (HTTP/1.1 404) 4 headers in 164 bytes (1 switches on core 0)
2026-07-21 08:05:59.556 7 INFO neutron.pecan_wsgi.hooks.translation [None req-24743d81-9901-4440-997a-cf8ddf1633c9 f29fc917d575435dae677938f78c8a2f 375acb674cec42109f50d9827ebcebea - - default default] DELETE failed (client error): The resource could not be found. [pid: 7|app: 0|req: 1339/2666] 10.0.0.153 () {32 vars in 724 bytes} [Tue Jul 21 08:05:59 2026] DELETE /v2.0/subnets/0b4258b8-eb4a-4946-b794-515dcdda1b8f => generated 136 bytes in 14 msecs (HTTP/1.1 404) 4 headers in 164 bytes (1 switches on core 0)
2026-07-21 08:05:59.763 8 INFO neutron.services.segments.plugin [-] Segment 6ba3679d-8a18-412e-8de7-a37080b37f4f resource provider aggregate not found
2026-07-21 08:05:59.774 8 INFO neutron.services.segments.plugin [-] Segment 6ba3679d-8a18-412e-8de7-a37080b37f4f resource provider aggregate not found
2026-07-21 08:05:59.785 8 INFO neutron.services.segments.plugin [-] Client error retrieving segment 6ba3679d-8a18-412e-8de7-a37080b37f4f resource provider; error: Placement Client Error (4xx): {"errors": [{"status": 404, "title": "Not Found", "detail": "The resource could not be found.\n\n No resource provider with uuid 6ba3679d-8a18-412e-8de7-a37080b37f4f found for delete ", "request_id": "req-d21b9299-08a6-4eb6-9e38-26e5c726b739"}]}
2026-07-21 08:05:59.803 8 INFO neutron.services.segments.plugin [-] Client error retrieving segment 6ba3679d-8a18-412e-8de7-a37080b37f4f resource provider; error: Placement Client Error (4xx): {"errors": [{"status": 404, "title": "Not Found", "detail": "The resource could not be found.\n\n No resource provider with uuid 6ba3679d-8a18-412e-8de7-a37080b37f4f found for delete ", "request_id": "req-6ba86235-82c8-44ac-b59f-482df3fc546c"}]} [pid: 8|app: 0|req: 1328/2667] 10.0.0.153 () {32 vars in 726 bytes} [Tue Jul 21 08:05:59 2026] DELETE /v2.0/networks/192bf1d8-186a-44e0-a758-2c153c37b55f => generated 0 bytes in 609 msecs (HTTP/1.1 204) 3 headers in 131 bytes (1 switches on core 0)
2026-07-21 08:05:59.934 7 INFO neutron.db.segments_db [None req-762db3b1-ccd7-4158-b51a-d0a68d5e8ac8 85d0e42c316143b0ae3416d9e43c6115 09dff3e27a874d8e8db4ef4e62ef1638 - - default default] Added segment 8145c4f5-a41f-4ee2-9f24-46c84024496c of type geneve for network 60e57840-bcf8-4531-9cd2-ca29466a9062
2026-07-21 08:06:00.055 7 INFO neutron.db.ovn_revision_numbers_db [None req-762db3b1-ccd7-4158-b51a-d0a68d5e8ac8 85d0e42c316143b0ae3416d9e43c6115 09dff3e27a874d8e8db4ef4e62ef1638 - - default default] Successfully bumped revision number for resource 60e57840-bcf8-4531-9cd2-ca29466a9062 (type: networks) to 1
2026-07-21 08:06:00.252 7 WARNING neutron.scheduler.dhcp_agent_scheduler [None req-762db3b1-ccd7-4158-b51a-d0a68d5e8ac8 85d0e42c316143b0ae3416d9e43c6115 09dff3e27a874d8e8db4ef4e62ef1638 - - default default] No more DHCP agents
2026-07-21 08:06:00.254 7 WARNING neutron.api.rpc.agentnotifiers.dhcp_rpc_agent_api [None req-762db3b1-ccd7-4158-b51a-d0a68d5e8ac8 85d0e42c316143b0ae3416d9e43c6115 09dff3e27a874d8e8db4ef4e62ef1638 - - default default] Unable to schedule network 60e57840-bcf8-4531-9cd2-ca29466a9062: no agents available; will retry on subsequent port and subnet creation events. [pid: 8|app: 0|req: 1329/2668] 10.0.0.153 () {32 vars in 774 bytes} [Tue Jul 21 08:06:00 2026] GET /v2.0/security-groups?tenant_id=375acb674cec42109f50d9827ebcebea&name=default => generated 2925 bytes in 149 msecs (HTTP/1.1 200) 4 headers in 158 bytes (1 switches on core 0)
2026-07-21 08:06:00.385 7 INFO neutron.db.ovn_revision_numbers_db [None req-762db3b1-ccd7-4158-b51a-d0a68d5e8ac8 85d0e42c316143b0ae3416d9e43c6115 09dff3e27a874d8e8db4ef4e62ef1638 - - default default] Successfully bumped revision number for resource 2a9d054d-be52-4f21-94fc-f8c2ca4788c8 (type: ports) to 1 [pid: 7|app: 0|req: 1340/2669] 10.0.0.153 () {34 vars in 670 bytes} [Tue Jul 21 08:05:59 2026] POST /v2.0/networks => generated 766 bytes in 587 msecs (HTTP/1.1 201) 4 headers in 162 bytes (1 switches on core 0) [pid: 8|app: 0|req: 1330/2670] 10.0.0.153 () {32 vars in 740 bytes} [Tue Jul 21 08:06:00 2026] DELETE /v2.0/security-groups/644b9917-ff43-49d6-8ee1-ff35390836e9 => generated 0 bytes in 297 msecs (HTTP/1.1 204) 2 headers in 112 bytes (1 switches on core 0)
2026-07-21 08:06:00.600 7 WARNING neutron.scheduler.dhcp_agent_scheduler [None req-ec69a1b0-ab31-41ab-a4a6-b5f99b36fec4 85d0e42c316143b0ae3416d9e43c6115 09dff3e27a874d8e8db4ef4e62ef1638 - - default default] No more DHCP agents
2026-07-21 08:06:00.601 7 WARNING neutron.api.rpc.agentnotifiers.dhcp_rpc_agent_api [None req-ec69a1b0-ab31-41ab-a4a6-b5f99b36fec4 85d0e42c316143b0ae3416d9e43c6115 09dff3e27a874d8e8db4ef4e62ef1638 - - default default] Unable to schedule network 60e57840-bcf8-4531-9cd2-ca29466a9062: no agents available; will retry on subsequent port and subnet creation events.
2026-07-21 08:06:01.060 7 INFO neutron.db.ovn_revision_numbers_db [None req-b16e612a-7b0a-4023-828a-7a265fc6ce18 - - - - - -] Successfully bumped revision number for resource 2a9d054d-be52-4f21-94fc-f8c2ca4788c8 (type: ports) to 2
2026-07-21 08:06:01.090 7 INFO neutron.db.ovn_revision_numbers_db [None req-b16e612a-7b0a-4023-828a-7a265fc6ce18 - - - - - -] Successfully bumped revision number for resource d81f371e-628a-46f2-83bb-ec9d62e3f9a9 (type: subnets) to 0 [pid: 7|app: 0|req: 1341/2671] 10.0.0.153 () {34 vars in 669 bytes} [Tue Jul 21 08:06:00 2026] POST /v2.0/subnets => generated 647 bytes in 680 msecs (HTTP/1.1 201) 4 headers in 162 bytes (1 switches on core 0) [pid: 8|app: 0|req: 1331/2672] 10.0.0.153 () {34 vars in 681 bytes} [Tue Jul 21 08:06:01 2026] POST /v2.0/rbac-policies => generated 324 bytes in 307 msecs (HTTP/1.1 201) 4 headers in 162 bytes (1 switches on core 0) [pid: 7|app: 0|req: 1342/2673] 10.0.0.153 () {32 vars in 723 bytes} [Tue Jul 21 08:06:01 2026] GET /v2.0/networks/60e57840-bcf8-4531-9cd2-ca29466a9062 => generated 692 bytes in 236 msecs (HTTP/1.1 200) 4 headers in 157 bytes (1 switches on core 0) [pid: 8|app: 0|req: 1332/2674] 10.0.0.153 () {32 vars in 623 bytes} [Tue Jul 21 08:06:02 2026] GET / => generated 151 bytes in 3 msecs (HTTP/1.1 200) 3 headers in 91 bytes (1 switches on core 0) [pid: 7|app: 0|req: 1343/2675] 10.0.0.153 () {32 vars in 633 bytes} [Tue Jul 21 08:06:02 2026] GET /v2.0/ => generated 632 bytes in 118 msecs (HTTP/1.1 200) 4 headers in 157 bytes (1 switches on core 0)
2026-07-21 08:06:02.534 8 INFO neutron.pecan_wsgi.hooks.translation [None req-5f2af975-5d77-48aa-829d-4dbecd4a40c9 ed49787afba64bad892347a0e5b14ed4 2977c14992d8493eb0d2cf75d393f68c - - default default] GET failed (client error): The resource could not be found. [pid: 8|app: 0|req: 1333/2676] 10.0.0.153 () {32 vars in 723 bytes} [Tue Jul 21 08:06:02 2026] GET /v2.0/networks/60e57840-bcf8-4531-9cd2-ca29466a9062 => generated 138 bytes in 59 msecs (HTTP/1.1 404) 4 headers in 164 bytes (1 switches on core 0)
2026-07-21 08:06:02.694 7 WARNING neutron.plugins.ml2.drivers.ovn.mech_driver.ovsdb.ovn_client [None req-119703f8-cdf7-46df-b6b9-b161d0925334 - - - - - -] No port found with ID 532616d2-5652-4a35-99b9-85f8a81462bb: RuntimeError: No port found with ID 532616d2-5652-4a35-99b9-85f8a81462bb
2026-07-21 08:06:02.695 7 INFO neutron.plugins.ml2.drivers.ovn.mech_driver.mech_driver [None req-119703f8-cdf7-46df-b6b9-b161d0925334 - - - - - -] OVN reports status down for port: 2a9d054d-be52-4f21-94fc-f8c2ca4788c8
2026-07-21 08:06:02.740 7 INFO neutron_taas.services.taas.taas_plugin [None req-371b5eee-7c4b-47b4-872e-0879b3909bfa 85d0e42c316143b0ae3416d9e43c6115 09dff3e27a874d8e8db4ef4e62ef1638 - - default default] TaaS: Handle Delete Port: 2a9d054d-be52-4f21-94fc-f8c2ca4788c8
2026-07-21 08:06:02.746 7 INFO neutron_taas.services.taas.tap_mirror_plugin [None req-371b5eee-7c4b-47b4-872e-0879b3909bfa 85d0e42c316143b0ae3416d9e43c6115 09dff3e27a874d8e8db4ef4e62ef1638 - - default default] Tap Mirror: Handle Delete Port: 2a9d054d-be52-4f21-94fc-f8c2ca4788c8
2026-07-21 08:06:03.170 7 INFO neutron.services.segments.plugin [-] Segment 8145c4f5-a41f-4ee2-9f24-46c84024496c resource provider aggregate not found
2026-07-21 08:06:03.171 7 INFO neutron.services.segments.plugin [-] Segment 8145c4f5-a41f-4ee2-9f24-46c84024496c resource provider aggregate not found
2026-07-21 08:06:03.192 7 INFO neutron.services.segments.plugin [-] Client error retrieving segment 8145c4f5-a41f-4ee2-9f24-46c84024496c resource provider; error: Placement Client Error (4xx): {"errors": [{"status": 404, "title": "Not Found", "detail": "The resource could not be found.\n\n No resource provider with uuid 8145c4f5-a41f-4ee2-9f24-46c84024496c found for delete ", "request_id": "req-53890a05-2388-4414-bfb1-8f836c0729db"}]}
2026-07-21 08:06:03.194 7 INFO neutron.services.segments.plugin [-] Client error retrieving segment 8145c4f5-a41f-4ee2-9f24-46c84024496c resource provider; error: Placement Client Error (4xx): {"errors": [{"status": 404, "title": "Not Found", "detail": "The resource could not be found.\n\n No resource provider with uuid 8145c4f5-a41f-4ee2-9f24-46c84024496c found for delete ", "request_id": "req-fde5e933-6818-4b4d-a1f8-72cb3b811535"}]} [pid: 7|app: 0|req: 1344/2677] 10.0.0.153 () {32 vars in 726 bytes} [Tue Jul 21 08:06:02 2026] DELETE /v2.0/networks/60e57840-bcf8-4531-9cd2-ca29466a9062 => generated 0 bytes in 699 msecs (HTTP/1.1 204) 3 headers in 131 bytes (1 switches on core 0)
2026-07-21 08:06:03.258 7 INFO neutron.pecan_wsgi.hooks.translation [None req-f31eff80-75e9-413a-b626-59a03d477f63 85d0e42c316143b0ae3416d9e43c6115 09dff3e27a874d8e8db4ef4e62ef1638 - - default default] DELETE failed (client error): The resource could not be found. [pid: 7|app: 0|req: 1345/2678] 10.0.0.153 () {32 vars in 724 bytes} [Tue Jul 21 08:06:03 2026] DELETE /v2.0/subnets/b57bf3b5-526b-4d98-8c73-958ecb47fc26 => generated 136 bytes in 17 msecs (HTTP/1.1 404) 4 headers in 164 bytes (1 switches on core 0)
2026-07-21 08:06:03.294 7 INFO neutron.pecan_wsgi.hooks.translation [None req-33b967dd-5871-4a55-82df-3ca6f3b5552b 85d0e42c316143b0ae3416d9e43c6115 09dff3e27a874d8e8db4ef4e62ef1638 - - default default] DELETE failed (client error): The resource could not be found. [pid: 7|app: 0|req: 1346/2679] 10.0.0.153 () {32 vars in 724 bytes} [Tue Jul 21 08:06:03 2026] DELETE /v2.0/subnets/f0b47b27-4c01-40e5-88f9-d10821dad23b => generated 136 bytes in 18 msecs (HTTP/1.1 404) 4 headers in 164 bytes (1 switches on core 0)
2026-07-21 08:06:03.316 7 INFO neutron.pecan_wsgi.hooks.translation [None req-c3687e8b-a488-4fac-93e8-e5cd3e9a3d01 85d0e42c316143b0ae3416d9e43c6115 09dff3e27a874d8e8db4ef4e62ef1638 - - default default] DELETE failed (client error): The resource could not be found. [pid: 7|app: 0|req: 1347/2680] 10.0.0.153 () {32 vars in 724 bytes} [Tue Jul 21 08:06:03 2026] DELETE /v2.0/subnets/d81f371e-628a-46f2-83bb-ec9d62e3f9a9 => generated 136 bytes in 16 msecs (HTTP/1.1 404) 4 headers in 164 bytes (1 switches on core 0)
2026-07-21 08:06:03.374 8 INFO neutron.db.ovn_revision_numbers_db [None req-cbadfeae-03ce-46df-8d02-7d3884da238e 398415545c95413e9f9e9cc2f07cf971 3a66deec33ae48f09ea47dcd51a60d34 - - default default] Successfully bumped revision number for resource ea1e7ad5-1a09-4875-a6f7-cc00cc919523 (type: security_groups) to 1
2026-07-21 08:06:03.395 8 INFO neutron.db.ovn_revision_numbers_db [None req-cbadfeae-03ce-46df-8d02-7d3884da238e 398415545c95413e9f9e9cc2f07cf971 3a66deec33ae48f09ea47dcd51a60d34 - - default default] Successfully bumped revision number for resource 9eb9d7e7-0069-4f63-ba20-7f4d8ee7a161 (type: security_group_rules) to 0
2026-07-21 08:06:03.413 8 INFO neutron.db.ovn_revision_numbers_db [None req-cbadfeae-03ce-46df-8d02-7d3884da238e 398415545c95413e9f9e9cc2f07cf971 3a66deec33ae48f09ea47dcd51a60d34 - - default default] Successfully bumped revision number for resource a0cd9083-6c9a-445d-a4a8-8cb3d667b40b (type: security_group_rules) to 0
2026-07-21 08:06:03.427 8 INFO neutron.db.ovn_revision_numbers_db [None req-cbadfeae-03ce-46df-8d02-7d3884da238e 398415545c95413e9f9e9cc2f07cf971 3a66deec33ae48f09ea47dcd51a60d34 - - default default] Successfully bumped revision number for resource a89f1378-4d54-414b-bf02-782784aee64a (type: security_group_rules) to 0
2026-07-21 08:06:03.441 8 INFO neutron.db.ovn_revision_numbers_db [None req-cbadfeae-03ce-46df-8d02-7d3884da238e 398415545c95413e9f9e9cc2f07cf971 3a66deec33ae48f09ea47dcd51a60d34 - - default default] Successfully bumped revision number for resource efd6073b-0b0c-4df3-b119-4c89552a0ea9 (type: security_group_rules) to 0 [pid: 8|app: 0|req: 1334/2681] 10.0.0.153 () {32 vars in 774 bytes} [Tue Jul 21 08:06:03 2026] GET /v2.0/security-groups?tenant_id=e99d3fdcb9644ba1b1db06a453813605&name=default => generated 2925 bytes in 418 msecs (HTTP/1.1 200) 4 headers in 158 bytes (1 switches on core 0) [pid: 7|app: 0|req: 1348/2682] 10.0.0.153 () {32 vars in 740 bytes} [Tue Jul 21 08:06:03 2026] DELETE /v2.0/security-groups/ea1e7ad5-1a09-4875-a6f7-cc00cc919523 => generated 0 bytes in 295 msecs (HTTP/1.1 204) 2 headers in 112 bytes (1 switches on core 0) [pid: 8|app: 0|req: 1335/2683] 10.0.0.153 () {32 vars in 774 bytes} [Tue Jul 21 08:06:04 2026] GET /v2.0/security-groups?tenant_id=09dff3e27a874d8e8db4ef4e62ef1638&name=default => generated 2925 bytes in 233 msecs (HTTP/1.1 200) 4 headers in 158 bytes (1 switches on core 0) [pid: 7|app: 0|req: 1349/2684] 10.0.0.153 () {32 vars in 740 bytes} [Tue Jul 21 08:06:04 2026] DELETE /v2.0/security-groups/8fc1ab2f-90d0-411e-b097-71586e8a4e55 => generated 0 bytes in 353 msecs (HTTP/1.1 204) 2 headers in 112 bytes (1 switches on core 0)
2026-07-21 08:06:05.145 8 INFO neutron.db.ovn_revision_numbers_db [None req-a7646bf3-5ecd-4563-bcd5-6d310f0859e8 398415545c95413e9f9e9cc2f07cf971 3a66deec33ae48f09ea47dcd51a60d34 - - default default] Successfully bumped revision number for resource 7c94d845-3ef1-4a04-baf2-4e59734206df (type: security_groups) to 1
2026-07-21 08:06:05.163 8 INFO neutron.db.ovn_revision_numbers_db [None req-a7646bf3-5ecd-4563-bcd5-6d310f0859e8 398415545c95413e9f9e9cc2f07cf971 3a66deec33ae48f09ea47dcd51a60d34 - - default default] Successfully bumped revision number for resource 241dcd9a-6360-42b1-8899-c4b20431bd19 (type: security_group_rules) to 0
2026-07-21 08:06:05.185 8 INFO neutron.db.ovn_revision_numbers_db [None req-a7646bf3-5ecd-4563-bcd5-6d310f0859e8 398415545c95413e9f9e9cc2f07cf971 3a66deec33ae48f09ea47dcd51a60d34 - - default default] Successfully bumped revision number for resource 4dbdf112-e007-4f8d-bec5-29334c51dcfd (type: security_group_rules) to 0
2026-07-21 08:06:05.209 8 INFO neutron.db.ovn_revision_numbers_db [None req-a7646bf3-5ecd-4563-bcd5-6d310f0859e8 398415545c95413e9f9e9cc2f07cf971 3a66deec33ae48f09ea47dcd51a60d34 - - default default] Successfully bumped revision number for resource 672ef12f-807d-4eef-b5d0-e922c0b272b7 (type: security_group_rules) to 0
2026-07-21 08:06:05.227 8 INFO neutron.db.ovn_revision_numbers_db [None req-a7646bf3-5ecd-4563-bcd5-6d310f0859e8 398415545c95413e9f9e9cc2f07cf971 3a66deec33ae48f09ea47dcd51a60d34 - - default default] Successfully bumped revision number for resource d0331d8e-ce48-4096-b757-b4bd3f360357 (type: security_group_rules) to 0 [pid: 8|app: 0|req: 1336/2685] 10.0.0.153 () {32 vars in 774 bytes} [Tue Jul 21 08:06:04 2026] GET /v2.0/security-groups?tenant_id=e2c31fc196714f62a15968383fd0f988&name=default => generated 2925 bytes in 290 msecs (HTTP/1.1 200) 4 headers in 158 bytes (1 switches on core 0) [pid: 7|app: 0|req: 1350/2686] 10.0.0.153 () {32 vars in 740 bytes} [Tue Jul 21 08:06:05 2026] DELETE /v2.0/security-groups/7c94d845-3ef1-4a04-baf2-4e59734206df => generated 0 bytes in 337 msecs (HTTP/1.1 204) 2 headers in 112 bytes (1 switches on core 0)
2026-07-21 08:06:05.960 8 INFO neutron.db.ovn_revision_numbers_db [None req-55baf586-6355-48f9-b710-7c0bdfc11815 398415545c95413e9f9e9cc2f07cf971 3a66deec33ae48f09ea47dcd51a60d34 - - default default] Successfully bumped revision number for resource 290c22ab-5bdb-4399-b4a2-8b486e8633bb (type: security_groups) to 1
2026-07-21 08:06:05.973 8 INFO neutron.db.ovn_revision_numbers_db [None req-55baf586-6355-48f9-b710-7c0bdfc11815 398415545c95413e9f9e9cc2f07cf971 3a66deec33ae48f09ea47dcd51a60d34 - - default default] Successfully bumped revision number for resource 74e7ec1c-b492-44a8-9503-1fb576f1c422 (type: security_group_rules) to 0
2026-07-21 08:06:05.986 8 INFO neutron.db.ovn_revision_numbers_db [None req-55baf586-6355-48f9-b710-7c0bdfc11815 398415545c95413e9f9e9cc2f07cf971 3a66deec33ae48f09ea47dcd51a60d34 - - default default] Successfully bumped revision number for resource 9ad12336-e8ff-46bd-9c13-ac9ad5953246 (type: security_group_rules) to 0
2026-07-21 08:06:06.001 8 INFO neutron.db.ovn_revision_numbers_db [None req-55baf586-6355-48f9-b710-7c0bdfc11815 398415545c95413e9f9e9cc2f07cf971 3a66deec33ae48f09ea47dcd51a60d34 - - default default] Successfully bumped revision number for resource e0605162-5a1a-472a-a890-6ebd8e745bf8 (type: security_group_rules) to 0
2026-07-21 08:06:06.015 8 INFO neutron.db.ovn_revision_numbers_db [None req-55baf586-6355-48f9-b710-7c0bdfc11815 398415545c95413e9f9e9cc2f07cf971 3a66deec33ae48f09ea47dcd51a60d34 - - default default] Successfully bumped revision number for resource ef6cb964-e9ac-49d7-a200-b4eb721ddfad (type: security_group_rules) to 0 [pid: 8|app: 0|req: 1337/2687] 10.0.0.153 () {32 vars in 774 bytes} [Tue Jul 21 08:06:05 2026] GET /v2.0/security-groups?tenant_id=2977c14992d8493eb0d2cf75d393f68c&name=default => generated 2925 bytes in 260 msecs (HTTP/1.1 200) 4 headers in 158 bytes (1 switches on core 0) [pid: 7|app: 0|req: 1351/2688] 10.0.0.153 () {32 vars in 740 bytes} [Tue Jul 21 08:06:06 2026] DELETE /v2.0/security-groups/290c22ab-5bdb-4399-b4a2-8b486e8633bb => generated 0 bytes in 310 msecs (HTTP/1.1 204) 2 headers in 112 bytes (1 switches on core 0)
2026-07-21 08:06:08.025 8 INFO neutron.db.ovn_revision_numbers_db [None req-66f53339-574b-4ef6-9f52-22e3d69f3557 398415545c95413e9f9e9cc2f07cf971 3a66deec33ae48f09ea47dcd51a60d34 - - default default] Successfully bumped revision number for resource 2b187ece-b473-4c49-8e02-983f89479466 (type: security_groups) to 1
2026-07-21 08:06:08.041 8 INFO neutron.db.ovn_revision_numbers_db [None req-66f53339-574b-4ef6-9f52-22e3d69f3557 398415545c95413e9f9e9cc2f07cf971 3a66deec33ae48f09ea47dcd51a60d34 - - default default] Successfully bumped revision number for resource 10f576b4-776d-471f-8a27-696fc16ec540 (type: security_group_rules) to 0
2026-07-21 08:06:08.053 8 INFO neutron.db.ovn_revision_numbers_db [None req-66f53339-574b-4ef6-9f52-22e3d69f3557 398415545c95413e9f9e9cc2f07cf971 3a66deec33ae48f09ea47dcd51a60d34 - - default default] Successfully bumped revision number for resource 91b3c906-5b5d-41fb-bea9-caa19127104a (type: security_group_rules) to 0
2026-07-21 08:06:08.065 8 INFO neutron.db.ovn_revision_numbers_db [None req-66f53339-574b-4ef6-9f52-22e3d69f3557 398415545c95413e9f9e9cc2f07cf971 3a66deec33ae48f09ea47dcd51a60d34 - - default default] Successfully bumped revision number for resource a23bd9b9-4980-457a-a73e-35b1941ddbd3 (type: security_group_rules) to 0
2026-07-21 08:06:08.078 8 INFO neutron.db.ovn_revision_numbers_db [None req-66f53339-574b-4ef6-9f52-22e3d69f3557 398415545c95413e9f9e9cc2f07cf971 3a66deec33ae48f09ea47dcd51a60d34 - - default default] Successfully bumped revision number for resource d7125b1c-b178-4821-a58d-c8fc4e7fa589 (type: security_group_rules) to 0 [pid: 8|app: 0|req: 1338/2689] 10.0.0.153 () {32 vars in 774 bytes} [Tue Jul 21 08:06:07 2026] GET /v2.0/security-groups?tenant_id=ac2e539ecdb0413c99cd911120472983&name=default => generated 2925 bytes in 397 msecs (HTTP/1.1 200) 4 headers in 158 bytes (1 switches on core 0) [pid: 7|app: 0|req: 1352/2690] 10.0.0.153 () {32 vars in 740 bytes} [Tue Jul 21 08:06:08 2026] DELETE /v2.0/security-groups/2b187ece-b473-4c49-8e02-983f89479466 => generated 0 bytes in 286 msecs (HTTP/1.1 204) 2 headers in 112 bytes (1 switches on core 0)
2026-07-21 08:06:11.099 8 INFO neutron.db.ovn_revision_numbers_db [None req-0f7aad3d-4bdf-41d4-851b-04868e97826b 398415545c95413e9f9e9cc2f07cf971 3a66deec33ae48f09ea47dcd51a60d34 - - default default] Successfully bumped revision number for resource 1e9a23f7-0b28-48b4-8be8-2f63f54a209a (type: security_groups) to 1
2026-07-21 08:06:11.113 8 INFO neutron.db.ovn_revision_numbers_db [None req-0f7aad3d-4bdf-41d4-851b-04868e97826b 398415545c95413e9f9e9cc2f07cf971 3a66deec33ae48f09ea47dcd51a60d34 - - default default] Successfully bumped revision number for resource 6f2fd882-2a51-496a-8107-083477ed357f (type: security_group_rules) to 0
2026-07-21 08:06:11.125 8 INFO neutron.db.ovn_revision_numbers_db [None req-0f7aad3d-4bdf-41d4-851b-04868e97826b 398415545c95413e9f9e9cc2f07cf971 3a66deec33ae48f09ea47dcd51a60d34 - - default default] Successfully bumped revision number for resource 97fa7713-f8cf-45b3-b958-f64435568e97 (type: security_group_rules) to 0
2026-07-21 08:06:11.139 8 INFO neutron.db.ovn_revision_numbers_db [None req-0f7aad3d-4bdf-41d4-851b-04868e97826b 398415545c95413e9f9e9cc2f07cf971 3a66deec33ae48f09ea47dcd51a60d34 - - default default] Successfully bumped revision number for resource afc52997-c90d-474e-be17-e29fbc36f797 (type: security_group_rules) to 0
2026-07-21 08:06:11.155 8 INFO neutron.db.ovn_revision_numbers_db [None req-0f7aad3d-4bdf-41d4-851b-04868e97826b 398415545c95413e9f9e9cc2f07cf971 3a66deec33ae48f09ea47dcd51a60d34 - - default default] Successfully bumped revision number for resource d6241740-6c8d-491d-b2ad-8e750e1f2efa (type: security_group_rules) to 0 [pid: 8|app: 0|req: 1339/2693] 10.0.0.153 () {32 vars in 774 bytes} [Tue Jul 21 08:06:10 2026] GET /v2.0/security-groups?tenant_id=f8c2ebdde33b41c792f5f156673f9f6e&name=default => generated 2925 bytes in 377 msecs (HTTP/1.1 200) 4 headers in 158 bytes (1 switches on core 0)
2026-07-21 08:06:11.297 7 INFO neutron.db.ovn_revision_numbers_db [None req-14ecd138-9012-49be-a935-96c6b879a007 5c934ecfa901422a8b94d1e1c61c37c3 d77e552d5f1249c0bf6dee3b2d40ef04 - - default default] Successfully bumped revision number for resource 895e0ce5-1b6f-4853-a54f-d12a9d388139 (type: security_groups) to 1
2026-07-21 08:06:11.315 7 INFO neutron.db.ovn_revision_numbers_db [None req-14ecd138-9012-49be-a935-96c6b879a007 5c934ecfa901422a8b94d1e1c61c37c3 d77e552d5f1249c0bf6dee3b2d40ef04 - - default default] Successfully bumped revision number for resource 2e4a6ce5-1c51-43bd-be08-bbf1a94e5915 (type: security_group_rules) to 0
2026-07-21 08:06:11.328 7 INFO neutron.db.ovn_revision_numbers_db [None req-14ecd138-9012-49be-a935-96c6b879a007 5c934ecfa901422a8b94d1e1c61c37c3 d77e552d5f1249c0bf6dee3b2d40ef04 - - default default] Successfully bumped revision number for resource 2e76b64d-5506-4ace-b469-5a456b3ab967 (type: security_group_rules) to 0
2026-07-21 08:06:11.352 7 INFO neutron.db.ovn_revision_numbers_db [None req-14ecd138-9012-49be-a935-96c6b879a007 5c934ecfa901422a8b94d1e1c61c37c3 d77e552d5f1249c0bf6dee3b2d40ef04 - - default default] Successfully bumped revision number for resource a2f11649-0e12-421d-b60e-a73949b30445 (type: security_group_rules) to 0
2026-07-21 08:06:11.387 7 INFO neutron.db.ovn_revision_numbers_db [None req-14ecd138-9012-49be-a935-96c6b879a007 5c934ecfa901422a8b94d1e1c61c37c3 d77e552d5f1249c0bf6dee3b2d40ef04 - - default default] Successfully bumped revision number for resource ea80a1a7-baf4-44c8-928a-ff9fc490db66 (type: security_group_rules) to 0
2026-07-21 08:06:11.505 7 INFO neutron.db.segments_db [None req-14ecd138-9012-49be-a935-96c6b879a007 5c934ecfa901422a8b94d1e1c61c37c3 d77e552d5f1249c0bf6dee3b2d40ef04 - - default default] Added segment fd6c3b76-1dbf-41ef-8843-332959b18372 of type geneve for network 27578eb2-81a1-4ba6-9c31-bc5978660fad [pid: 8|app: 0|req: 1340/2694] 10.0.0.153 () {32 vars in 740 bytes} [Tue Jul 21 08:06:11 2026] DELETE /v2.0/security-groups/1e9a23f7-0b28-48b4-8be8-2f63f54a209a => generated 0 bytes in 342 msecs (HTTP/1.1 204) 2 headers in 112 bytes (1 switches on core 0)
2026-07-21 08:06:11.649 7 INFO neutron.db.ovn_revision_numbers_db [None req-14ecd138-9012-49be-a935-96c6b879a007 5c934ecfa901422a8b94d1e1c61c37c3 d77e552d5f1249c0bf6dee3b2d40ef04 - - default default] Successfully bumped revision number for resource 27578eb2-81a1-4ba6-9c31-bc5978660fad (type: networks) to 1 [pid: 8|app: 0|req: 1341/2695] 199.19.213.186 () {30 vars in 703 bytes} [Tue Jul 21 08:06:11 2026] GET /v2.0/extensions/security-group => generated 170 bytes in 9 msecs (HTTP/1.1 200) 4 headers in 157 bytes (1 switches on core 0) [pid: 8|app: 0|req: 1342/2696] 199.19.213.186 () {30 vars in 705 bytes} [Tue Jul 21 08:06:11 2026] GET /v2.0/extensions/dns-integration => generated 172 bytes in 9 msecs (HTTP/1.1 200) 4 headers in 157 bytes (1 switches on core 0) [pid: 8|app: 0|req: 1343/2697] 199.19.213.186 () {30 vars in 681 bytes} [Tue Jul 21 08:06:11 2026] GET /v2.0/extensions/qos => generated 166 bytes in 8 msecs (HTTP/1.1 200) 4 headers in 157 bytes (1 switches on core 0) [pid: 8|app: 0|req: 1344/2698] 199.19.213.186 () {30 vars in 717 bytes} [Tue Jul 21 08:06:11 2026] GET /v2.0/extensions/allowed-address-pairs => generated 184 bytes in 4 msecs (HTTP/1.1 200) 4 headers in 157 bytes (1 switches on core 0) [pid: 8|app: 0|req: 1345/2699] 199.19.213.186 () {30 vars in 741 bytes} [Tue Jul 21 08:06:11 2026] GET /v2.0/subnets/96552c01-1b5d-4d76-bed8-87014f4ee9a5 => generated 676 bytes in 28 msecs (HTTP/1.1 200) 4 headers in 157 bytes (1 switches on core 0)
2026-07-21 08:06:11.831 7 WARNING neutron.scheduler.dhcp_agent_scheduler [None req-14ecd138-9012-49be-a935-96c6b879a007 5c934ecfa901422a8b94d1e1c61c37c3 d77e552d5f1249c0bf6dee3b2d40ef04 - - default default] No more DHCP agents
2026-07-21 08:06:11.833 7 WARNING neutron.api.rpc.agentnotifiers.dhcp_rpc_agent_api [None req-14ecd138-9012-49be-a935-96c6b879a007 5c934ecfa901422a8b94d1e1c61c37c3 d77e552d5f1249c0bf6dee3b2d40ef04 - - default default] Unable to schedule network 27578eb2-81a1-4ba6-9c31-bc5978660fad: no agents available; will retry on subsequent port and subnet creation events. [pid: 8|app: 0|req: 1346/2700] 199.19.213.186 () {30 vars in 769 bytes} [Tue Jul 21 08:06:11 2026] GET /v2.0/ports?device_id=db93c97a-f2ca-49fb-9322-e51a0de4d10c => generated 1217 bytes in 73 msecs (HTTP/1.1 200) 4 headers in 158 bytes (1 switches on core 0)
2026-07-21 08:06:11.922 8 INFO neutron.plugins.ml2.drivers.ovn.mech_driver.mech_driver [None req-e252a5fb-9173-4c01-bc74-9b63be73fee9 - - - - - -] OVN reports status down for port: c84c41fe-e3d7-4d9f-b360-cefeb8d541a9
2026-07-21 08:06:11.923 7 INFO neutron.db.ovn_revision_numbers_db [None req-14ecd138-9012-49be-a935-96c6b879a007 5c934ecfa901422a8b94d1e1c61c37c3 d77e552d5f1249c0bf6dee3b2d40ef04 - - default default] Successfully bumped revision number for resource c84c41fe-e3d7-4d9f-b360-cefeb8d541a9 (type: ports) to 1 [pid: 7|app: 0|req: 1355/2701] 10.0.0.153 () {34 vars in 670 bytes} [Tue Jul 21 08:06:11 2026] POST /v2.0/networks => generated 669 bytes in 896 msecs (HTTP/1.1 201) 4 headers in 162 bytes (1 switches on core 0)
2026-07-21 08:06:12.225 7 WARNING neutron.scheduler.dhcp_agent_scheduler [None req-cb7befc6-7dfd-4407-9bab-4d4bc55e5b9e 5c934ecfa901422a8b94d1e1c61c37c3 d77e552d5f1249c0bf6dee3b2d40ef04 - - default default] No more DHCP agents
2026-07-21 08:06:12.228 7 WARNING neutron.api.rpc.agentnotifiers.dhcp_rpc_agent_api [None req-cb7befc6-7dfd-4407-9bab-4d4bc55e5b9e 5c934ecfa901422a8b94d1e1c61c37c3 d77e552d5f1249c0bf6dee3b2d40ef04 - - default default] Unable to schedule network 27578eb2-81a1-4ba6-9c31-bc5978660fad: no agents available; will retry on subsequent port and subnet creation events.
2026-07-21 08:06:12.252 8 WARNING neutron.scheduler.dhcp_agent_scheduler [None req-05abc52f-b27c-4896-ad0d-0c849a7c0efb 398415545c95413e9f9e9cc2f07cf971 3a66deec33ae48f09ea47dcd51a60d34 - - default default] No more DHCP agents
2026-07-21 08:06:12.254 8 WARNING neutron.api.rpc.agentnotifiers.dhcp_rpc_agent_api [None req-05abc52f-b27c-4896-ad0d-0c849a7c0efb 398415545c95413e9f9e9cc2f07cf971 3a66deec33ae48f09ea47dcd51a60d34 - - default default] Unable to schedule network 968d02d1-7442-4c0e-ba18-243d80ed3d6a: no agents available; will retry on subsequent port and subnet creation events.
2026-07-21 08:06:12.298 7 INFO neutron.plugins.ml2.drivers.ovn.mech_driver.mech_driver [None req-119703f8-cdf7-46df-b6b9-b161d0925334 - - - - - -] OVN reports status down for port: 1f64142c-0040-4415-bc46-a8290c6e8877
2026-07-21 08:06:12.380 7 INFO neutron.db.ovn_revision_numbers_db [None req-cb7befc6-7dfd-4407-9bab-4d4bc55e5b9e 5c934ecfa901422a8b94d1e1c61c37c3 d77e552d5f1249c0bf6dee3b2d40ef04 - - default default] Successfully bumped revision number for resource 1f64142c-0040-4415-bc46-a8290c6e8877 (type: ports) to 1
2026-07-21 08:06:12.439 8 INFO neutron.plugins.ml2.drivers.ovn.mech_driver.mech_driver [None req-e252a5fb-9173-4c01-bc74-9b63be73fee9 - - - - - -] OVN reports status down for port: 7109af6c-4263-4873-aa05-affc0d458bbd [pid: 7|app: 0|req: 1356/2702] 10.0.0.153 () {34 vars in 664 bytes} [Tue Jul 21 08:06:11 2026] POST /v2.0/ports => generated 743 bytes in 554 msecs (HTTP/1.1 201) 4 headers in 162 bytes (1 switches on core 0)
2026-07-21 08:06:12.518 8 INFO neutron.db.ovn_revision_numbers_db [None req-05abc52f-b27c-4896-ad0d-0c849a7c0efb 398415545c95413e9f9e9cc2f07cf971 3a66deec33ae48f09ea47dcd51a60d34 - - default default] Successfully bumped revision number for resource 7109af6c-4263-4873-aa05-affc0d458bbd (type: ports) to 1 /var/lib/openstack/lib/python3.12/site-packages/pycadf/identifier.py:70: UserWarning: Invalid uuid: neutron. To ensure interoperability, identifiers should be a valid uuid. warnings.warn(('Invalid uuid: %s. To ensure interoperability, ' [pid: 8|app: 0|req: 1347/2703] 199.19.213.186 () {34 vars in 717 bytes} [Tue Jul 21 08:06:11 2026] POST /v2.0/ports => generated 1059 bytes in 671 msecs (HTTP/1.1 201) 4 headers in 163 bytes (1 switches on core 0)
2026-07-21 08:06:12.596 7 INFO neutron.db.segments_db [None req-5074eed2-528d-4c6c-bfcc-f81b11eadb48 5c934ecfa901422a8b94d1e1c61c37c3 d77e552d5f1249c0bf6dee3b2d40ef04 - - default default] Added segment a65dc963-a1bc-4ff5-af23-c03b6ee1d017 of type geneve for network fdd7ef44-62e3-4b74-8c90-c75f21abb33a
2026-07-21 08:06:12.712 7 INFO neutron.db.ovn_revision_numbers_db [None req-5074eed2-528d-4c6c-bfcc-f81b11eadb48 5c934ecfa901422a8b94d1e1c61c37c3 d77e552d5f1249c0bf6dee3b2d40ef04 - - default default] Successfully bumped revision number for resource fdd7ef44-62e3-4b74-8c90-c75f21abb33a (type: networks) to 1
2026-07-21 08:06:12.916 7 WARNING neutron.scheduler.dhcp_agent_scheduler [None req-5074eed2-528d-4c6c-bfcc-f81b11eadb48 5c934ecfa901422a8b94d1e1c61c37c3 d77e552d5f1249c0bf6dee3b2d40ef04 - - default default] No more DHCP agents
2026-07-21 08:06:12.918 7 WARNING neutron.api.rpc.agentnotifiers.dhcp_rpc_agent_api [None req-5074eed2-528d-4c6c-bfcc-f81b11eadb48 5c934ecfa901422a8b94d1e1c61c37c3 d77e552d5f1249c0bf6dee3b2d40ef04 - - default default] Unable to schedule network fdd7ef44-62e3-4b74-8c90-c75f21abb33a: no agents available; will retry on subsequent port and subnet creation events. [pid: 8|app: 0|req: 1348/2704] 10.0.0.77 () {34 vars in 970 bytes} [Tue Jul 21 08:06:12 2026] GET /v2.0/ports/7109af6c-4263-4873-aa05-affc0d458bbd => generated 1059 bytes in 299 msecs (HTTP/1.1 200) 4 headers in 158 bytes (1 switches on core 0) [pid: 8|app: 0|req: 1349/2705] 10.0.0.77 () {34 vars in 906 bytes} [Tue Jul 21 08:06:12 2026] GET /v2.0/extensions => generated 20541 bytes in 9 msecs (HTTP/1.1 200) 4 headers in 159 bytes (1 switches on core 0)
2026-07-21 08:06:12.985 7 INFO neutron.plugins.ml2.drivers.ovn.mech_driver.mech_driver [None req-119703f8-cdf7-46df-b6b9-b161d0925334 - - - - - -] OVN reports status down for port: 9c0fe063-50e8-4379-adc3-ee0e427411cf
2026-07-21 08:06:13.052 7 INFO neutron.db.ovn_revision_numbers_db [None req-5074eed2-528d-4c6c-bfcc-f81b11eadb48 5c934ecfa901422a8b94d1e1c61c37c3 d77e552d5f1249c0bf6dee3b2d40ef04 - - default default] Successfully bumped revision number for resource 9c0fe063-50e8-4379-adc3-ee0e427411cf (type: ports) to 1 [pid: 7|app: 0|req: 1357/2706] 10.0.0.153 () {34 vars in 670 bytes} [Tue Jul 21 08:06:12 2026] POST /v2.0/networks => generated 670 bytes in 591 msecs (HTTP/1.1 201) 4 headers in 162 bytes (1 switches on core 0)
2026-07-21 08:06:13.396 8 WARNING neutron.scheduler.dhcp_agent_scheduler [None req-6e994fe8-df5c-4426-8654-d17164d80fea 5c934ecfa901422a8b94d1e1c61c37c3 d77e552d5f1249c0bf6dee3b2d40ef04 - - default default] No more DHCP agents
2026-07-21 08:06:13.397 8 WARNING neutron.api.rpc.agentnotifiers.dhcp_rpc_agent_api [None req-6e994fe8-df5c-4426-8654-d17164d80fea 5c934ecfa901422a8b94d1e1c61c37c3 d77e552d5f1249c0bf6dee3b2d40ef04 - - default default] Unable to schedule network fdd7ef44-62e3-4b74-8c90-c75f21abb33a: no agents available; will retry on subsequent port and subnet creation events.
2026-07-21 08:06:13.471 8 INFO neutron.plugins.ml2.drivers.ovn.mech_driver.mech_driver [None req-e252a5fb-9173-4c01-bc74-9b63be73fee9 - - - - - -] OVN reports status down for port: 7fe6d3b0-6f92-4a48-a779-74939002b8c2
2026-07-21 08:06:13.544 8 INFO neutron.db.ovn_revision_numbers_db [None req-6e994fe8-df5c-4426-8654-d17164d80fea 5c934ecfa901422a8b94d1e1c61c37c3 d77e552d5f1249c0bf6dee3b2d40ef04 - - default default] Successfully bumped revision number for resource 7fe6d3b0-6f92-4a48-a779-74939002b8c2 (type: ports) to 1 [pid: 8|app: 0|req: 1350/2707] 10.0.0.153 () {34 vars in 664 bytes} [Tue Jul 21 08:06:13 2026] POST /v2.0/ports => generated 743 bytes in 529 msecs (HTTP/1.1 201) 4 headers in 162 bytes (1 switches on core 0)
2026-07-21 08:06:13.750 7 INFO neutron.db.segments_db [None req-8c82e4b9-74e2-4f57-8dc1-d33d23e3d083 5c934ecfa901422a8b94d1e1c61c37c3 d77e552d5f1249c0bf6dee3b2d40ef04 - - default default] Added segment d913391a-aebf-4f14-8eb6-39db033d898c of type geneve for network a813cd60-e771-4b2e-b447-39cbbdb8da2f
2026-07-21 08:06:13.889 7 INFO neutron.db.ovn_revision_numbers_db [None req-8c82e4b9-74e2-4f57-8dc1-d33d23e3d083 5c934ecfa901422a8b94d1e1c61c37c3 d77e552d5f1249c0bf6dee3b2d40ef04 - - default default] Successfully bumped revision number for resource a813cd60-e771-4b2e-b447-39cbbdb8da2f (type: networks) to 1
2026-07-21 08:06:14.088 7 WARNING neutron.scheduler.dhcp_agent_scheduler [None req-8c82e4b9-74e2-4f57-8dc1-d33d23e3d083 5c934ecfa901422a8b94d1e1c61c37c3 d77e552d5f1249c0bf6dee3b2d40ef04 - - default default] No more DHCP agents
2026-07-21 08:06:14.090 7 WARNING neutron.api.rpc.agentnotifiers.dhcp_rpc_agent_api [None req-8c82e4b9-74e2-4f57-8dc1-d33d23e3d083 5c934ecfa901422a8b94d1e1c61c37c3 d77e552d5f1249c0bf6dee3b2d40ef04 - - default default] Unable to schedule network a813cd60-e771-4b2e-b447-39cbbdb8da2f: no agents available; will retry on subsequent port and subnet creation events.
2026-07-21 08:06:14.158 7 INFO neutron.plugins.ml2.drivers.ovn.mech_driver.mech_driver [None req-119703f8-cdf7-46df-b6b9-b161d0925334 - - - - - -] OVN reports status down for port: dbdb40a3-e10b-425a-8341-572d8cd801d3 /var/lib/openstack/lib/python3.12/site-packages/pycadf/identifier.py:70: UserWarning: Invalid uuid: neutron. To ensure interoperability, identifiers should be a valid uuid. warnings.warn(('Invalid uuid: %s. To ensure interoperability, '
2026-07-21 08:06:14.224 7 INFO neutron.db.ovn_revision_numbers_db [None req-8c82e4b9-74e2-4f57-8dc1-d33d23e3d083 5c934ecfa901422a8b94d1e1c61c37c3 d77e552d5f1249c0bf6dee3b2d40ef04 - - default default] Successfully bumped revision number for resource dbdb40a3-e10b-425a-8341-572d8cd801d3 (type: ports) to 1 [pid: 8|app: 0|req: 1351/2708] 199.19.213.186 () {34 vars in 1262 bytes} [Tue Jul 21 08:06:13 2026] GET /v2.0/ports/7109af6c-4263-4873-aa05-affc0d458bbd?fields=binding%3Avnic_type&fields=binding%3Aprofile&fields=network_id&fields=resource_request&fields=numa_affinity_policy&fields=device_profile => generated 136 bytes in 233 msecs (HTTP/1.1 200) 4 headers in 157 bytes (1 switches on core 0) [pid: 8|app: 0|req: 1352/2709] 199.19.213.186 () {34 vars in 1012 bytes} [Tue Jul 21 08:06:14 2026] GET /v2.0/networks/968d02d1-7442-4c0e-ba18-243d80ed3d6a?fields=segments => generated 14 bytes in 46 msecs (HTTP/1.1 200) 4 headers in 156 bytes (1 switches on core 0) [pid: 7|app: 0|req: 1358/2710] 10.0.0.153 () {34 vars in 670 bytes} [Tue Jul 21 08:06:13 2026] POST /v2.0/networks => generated 670 bytes in 640 msecs (HTTP/1.1 201) 4 headers in 162 bytes (1 switches on core 0) [pid: 8|app: 0|req: 1353/2711] 199.19.213.186 () {34 vars in 1112 bytes} [Tue Jul 21 08:06:14 2026] GET /v2.0/networks/968d02d1-7442-4c0e-ba18-243d80ed3d6a?fields=provider%3Aphysical_network&fields=provider%3Anetwork_type => generated 79 bytes in 55 msecs (HTTP/1.1 200) 4 headers in 156 bytes (1 switches on core 0)
2026-07-21 08:06:14.580 7 WARNING neutron.scheduler.dhcp_agent_scheduler [None req-41058cbf-24e1-4408-8dde-e5e240588d67 5c934ecfa901422a8b94d1e1c61c37c3 d77e552d5f1249c0bf6dee3b2d40ef04 - - default default] No more DHCP agents
2026-07-21 08:06:14.582 7 WARNING neutron.api.rpc.agentnotifiers.dhcp_rpc_agent_api [None req-41058cbf-24e1-4408-8dde-e5e240588d67 5c934ecfa901422a8b94d1e1c61c37c3 d77e552d5f1249c0bf6dee3b2d40ef04 - - default default] Unable to schedule network a813cd60-e771-4b2e-b447-39cbbdb8da2f: no agents available; will retry on subsequent port and subnet creation events.
2026-07-21 08:06:14.638 8 INFO neutron.plugins.ml2.drivers.ovn.mech_driver.mech_driver [None req-e252a5fb-9173-4c01-bc74-9b63be73fee9 - - - - - -] OVN reports status down for port: adc6f531-e634-43b5-b922-ef7ff3c6c422
2026-07-21 08:06:14.676 7 INFO neutron.db.ovn_revision_numbers_db [None req-41058cbf-24e1-4408-8dde-e5e240588d67 5c934ecfa901422a8b94d1e1c61c37c3 d77e552d5f1249c0bf6dee3b2d40ef04 - - default default] Successfully bumped revision number for resource adc6f531-e634-43b5-b922-ef7ff3c6c422 (type: ports) to 1 [pid: 7|app: 0|req: 1359/2712] 10.0.0.153 () {34 vars in 664 bytes} [Tue Jul 21 08:06:14 2026] POST /v2.0/ports => generated 743 bytes in 450 msecs (HTTP/1.1 201) 4 headers in 162 bytes (1 switches on core 0) /var/lib/openstack/lib/python3.12/site-packages/pycadf/identifier.py:70: UserWarning: Invalid uuid: neutron. To ensure interoperability, identifiers should be a valid uuid. warnings.warn(('Invalid uuid: %s. To ensure interoperability, '
2026-07-21 08:06:14.870 8 INFO neutron.db.segments_db [None req-772dfa4b-5d64-419c-aa5f-6d25749c9dec 5c934ecfa901422a8b94d1e1c61c37c3 d77e552d5f1249c0bf6dee3b2d40ef04 - - default default] Added segment 8d0d584d-c499-4b7f-a1e8-b443890e0842 of type geneve for network 76a6b13a-9f43-4030-b795-5eb5fc8b35a4 [pid: 7|app: 0|req: 1360/2713] 199.19.213.186 () {34 vars in 975 bytes} [Tue Jul 21 08:06:14 2026] GET /v2.0/ports/7109af6c-4263-4873-aa05-affc0d458bbd => generated 1059 bytes in 41 msecs (HTTP/1.1 200) 4 headers in 158 bytes (1 switches on core 0) [pid: 7|app: 0|req: 1361/2714] 199.19.213.186 () {34 vars in 986 bytes} [Tue Jul 21 08:06:14 2026] GET /v2.0/networks?id=968d02d1-7442-4c0e-ba18-243d80ed3d6a => generated 844 bytes in 54 msecs (HTTP/1.1 200) 4 headers in 157 bytes (1 switches on core 0)
2026-07-21 08:06:15.032 8 INFO neutron.db.ovn_revision_numbers_db [None req-772dfa4b-5d64-419c-aa5f-6d25749c9dec 5c934ecfa901422a8b94d1e1c61c37c3 d77e552d5f1249c0bf6dee3b2d40ef04 - - default default] Successfully bumped revision number for resource 76a6b13a-9f43-4030-b795-5eb5fc8b35a4 (type: networks) to 1
2026-07-21 08:06:15.215 8 WARNING neutron.scheduler.dhcp_agent_scheduler [None req-772dfa4b-5d64-419c-aa5f-6d25749c9dec 5c934ecfa901422a8b94d1e1c61c37c3 d77e552d5f1249c0bf6dee3b2d40ef04 - - default default] No more DHCP agents
2026-07-21 08:06:15.217 8 WARNING neutron.api.rpc.agentnotifiers.dhcp_rpc_agent_api [None req-772dfa4b-5d64-419c-aa5f-6d25749c9dec 5c934ecfa901422a8b94d1e1c61c37c3 d77e552d5f1249c0bf6dee3b2d40ef04 - - default default] Unable to schedule network 76a6b13a-9f43-4030-b795-5eb5fc8b35a4: no agents available; will retry on subsequent port and subnet creation events.
2026-07-21 08:06:15.286 8 INFO neutron.plugins.ml2.drivers.ovn.mech_driver.mech_driver [None req-e252a5fb-9173-4c01-bc74-9b63be73fee9 - - - - - -] OVN reports status down for port: 3a59c424-64e3-4104-a5d4-91b145a7e961
2026-07-21 08:06:15.364 8 INFO neutron.db.ovn_revision_numbers_db [None req-772dfa4b-5d64-419c-aa5f-6d25749c9dec 5c934ecfa901422a8b94d1e1c61c37c3 d77e552d5f1249c0bf6dee3b2d40ef04 - - default default] Successfully bumped revision number for resource 3a59c424-64e3-4104-a5d4-91b145a7e961 (type: ports) to 1 [pid: 8|app: 0|req: 1354/2715] 10.0.0.153 () {34 vars in 670 bytes} [Tue Jul 21 08:06:14 2026] POST /v2.0/networks => generated 670 bytes in 662 msecs (HTTP/1.1 201) 4 headers in 162 bytes (1 switches on core 0)
2026-07-21 08:06:15.479 7 INFO neutron.db.ovn_revision_numbers_db [req-c7963023-a968-48e8-a2c0-82ff740ee1eb req-3df1c8f2-e238-4b0b-98eb-6dc2841112bc 8654dabfbcf94930b8ceb9e3462e827f c8cacb3b46c1444780cbdb4b8f05cdb9 - - 18519a6cd8e4423da2ffb2233dccf9f3 18519a6cd8e4423da2ffb2233dccf9f3] Successfully bumped revision number for resource 7109af6c-4263-4873-aa05-affc0d458bbd (type: ports) to 2
2026-07-21 08:06:15.695 8 WARNING neutron.scheduler.dhcp_agent_scheduler [None req-fa44ccbe-2363-4afb-a371-3a8608ac0bb4 5c934ecfa901422a8b94d1e1c61c37c3 d77e552d5f1249c0bf6dee3b2d40ef04 - - default default] No more DHCP agents
2026-07-21 08:06:15.699 8 WARNING neutron.api.rpc.agentnotifiers.dhcp_rpc_agent_api [None req-fa44ccbe-2363-4afb-a371-3a8608ac0bb4 5c934ecfa901422a8b94d1e1c61c37c3 d77e552d5f1249c0bf6dee3b2d40ef04 - - default default] Unable to schedule network 76a6b13a-9f43-4030-b795-5eb5fc8b35a4: no agents available; will retry on subsequent port and subnet creation events.
2026-07-21 08:06:15.716 7 INFO neutron.db.ovn_revision_numbers_db [req-c7963023-a968-48e8-a2c0-82ff740ee1eb req-3df1c8f2-e238-4b0b-98eb-6dc2841112bc 8654dabfbcf94930b8ceb9e3462e827f c8cacb3b46c1444780cbdb4b8f05cdb9 - - 18519a6cd8e4423da2ffb2233dccf9f3 18519a6cd8e4423da2ffb2233dccf9f3] Successfully bumped revision number for resource 7109af6c-4263-4873-aa05-affc0d458bbd (type: ports) to 4 [pid: 7|app: 0|req: 1362/2716] 199.19.213.186 () {38 vars in 1028 bytes} [Tue Jul 21 08:06:14 2026] PUT /v2.0/ports/7109af6c-4263-4873-aa05-affc0d458bbd => generated 1218 bytes in 791 msecs (HTTP/1.1 200) 4 headers in 158 bytes (1 switches on core 0)
2026-07-21 08:06:15.771 8 INFO neutron.plugins.ml2.drivers.ovn.mech_driver.mech_driver [None req-e252a5fb-9173-4c01-bc74-9b63be73fee9 - - - - - -] OVN reports status down for port: 6312f803-64c3-4366-b67a-7d38a44ef210
2026-07-21 08:06:15.809 7 INFO neutron.notifiers.nova [-] Nova event matching ['req-d9820295-d701-4d64-a796-9dee30960356'] response: {'name': 'network-changed', 'server_uuid': 'db93c97a-f2ca-49fb-9322-e51a0de4d10c', 'tag': '7109af6c-4263-4873-aa05-affc0d458bbd', 'status': 'completed', 'code': 200}
2026-07-21 08:06:15.847 8 INFO neutron.db.ovn_revision_numbers_db [None req-fa44ccbe-2363-4afb-a371-3a8608ac0bb4 5c934ecfa901422a8b94d1e1c61c37c3 d77e552d5f1249c0bf6dee3b2d40ef04 - - default default] Successfully bumped revision number for resource 6312f803-64c3-4366-b67a-7d38a44ef210 (type: ports) to 1 [pid: 8|app: 0|req: 1355/2717] 10.0.0.153 () {34 vars in 664 bytes} [Tue Jul 21 08:06:15 2026] POST /v2.0/ports => generated 743 bytes in 542 msecs (HTTP/1.1 201) 4 headers in 162 bytes (1 switches on core 0)
2026-07-21 08:06:16.083 7 INFO neutron.db.segments_db [None req-d9d5d828-64ee-4764-8e6d-f96c4dbd4477 5c934ecfa901422a8b94d1e1c61c37c3 d77e552d5f1249c0bf6dee3b2d40ef04 - - default default] Added segment b20b1393-a23f-40e2-ab22-b4c7fe4068bc of type geneve for network 445cf993-1071-4ad1-b86b-5cdd3a98bf9a
2026-07-21 08:06:16.228 7 INFO neutron.db.ovn_revision_numbers_db [None req-d9d5d828-64ee-4764-8e6d-f96c4dbd4477 5c934ecfa901422a8b94d1e1c61c37c3 d77e552d5f1249c0bf6dee3b2d40ef04 - - default default] Successfully bumped revision number for resource 445cf993-1071-4ad1-b86b-5cdd3a98bf9a (type: networks) to 1 /var/lib/openstack/lib/python3.12/site-packages/pycadf/identifier.py:70: UserWarning: Invalid uuid: neutron. To ensure interoperability, identifiers should be a valid uuid. warnings.warn(('Invalid uuid: %s. To ensure interoperability, ' [pid: 8|app: 0|req: 1356/2718] 199.19.213.186 () {34 vars in 1080 bytes} [Tue Jul 21 08:06:16 2026] GET /v2.0/ports?tenant_id=3a66deec33ae48f09ea47dcd51a60d34&device_id=db93c97a-f2ca-49fb-9322-e51a0de4d10c => generated 2427 bytes in 61 msecs (HTTP/1.1 200) 4 headers in 158 bytes (1 switches on core 0)
2026-07-21 08:06:16.419 7 WARNING neutron.scheduler.dhcp_agent_scheduler [None req-d9d5d828-64ee-4764-8e6d-f96c4dbd4477 5c934ecfa901422a8b94d1e1c61c37c3 d77e552d5f1249c0bf6dee3b2d40ef04 - - default default] No more DHCP agents
