2026-07-21 08:02:13.108 8 INFO neutron.services.segments.plugin [-] Client error retrieving segment 155c112e-22c0-4989-9f55-fd5b69d1ddb4 resource provider; error: Placement Client Error (4xx): {"errors": [{"status": 404, "title": "Not Found", "detail": "The resource could not be found.\n\n No resource provider with uuid 155c112e-22c0-4989-9f55-fd5b69d1ddb4 found for delete ", "request_id": "req-74d29243-86f9-4e6e-a668-41507d3615e7"}]}
2026-07-21 08:02:13.118 8 INFO neutron.services.segments.plugin [-] Segment 155c112e-22c0-4989-9f55-fd5b69d1ddb4 resource provider aggregate not found
2026-07-21 08:02:13.150 8 INFO neutron.services.segments.plugin [-] Client error retrieving segment 155c112e-22c0-4989-9f55-fd5b69d1ddb4 resource provider; error: Placement Client Error (4xx): {"errors": [{"status": 404, "title": "Not Found", "detail": "The resource could not be found.\n\n No resource provider with uuid 155c112e-22c0-4989-9f55-fd5b69d1ddb4 found for delete ", "request_id": "req-dea02363-f413-4cea-a962-f3dd62743430"}]}
2026-07-21 08:02:13.162 8 WARNING neutron.scheduler.dhcp_agent_scheduler [None req-a8b93b90-e18c-4196-ad02-faab57c5b717 398415545c95413e9f9e9cc2f07cf971 3a66deec33ae48f09ea47dcd51a60d34 - - default default] No more DHCP agents
2026-07-21 08:02:13.166 8 WARNING neutron.api.rpc.agentnotifiers.dhcp_rpc_agent_api [None req-a8b93b90-e18c-4196-ad02-faab57c5b717 398415545c95413e9f9e9cc2f07cf971 3a66deec33ae48f09ea47dcd51a60d34 - - default default] Unable to schedule network 65c4d44f-c86b-4e8e-8707-a37b412d8895: no agents available; will retry on subsequent port and subnet creation events.
2026-07-21 08:02:13.365 8 INFO neutron.db.ovn_revision_numbers_db [None req-a8b93b90-e18c-4196-ad02-faab57c5b717 398415545c95413e9f9e9cc2f07cf971 3a66deec33ae48f09ea47dcd51a60d34 - - default default] Successfully bumped revision number for resource 97394f6b-ea9c-40be-a97d-a2407ec6ee07 (type: ports) to 1
2026-07-21 08:02:13.404 7 INFO neutron.db.ovn_revision_numbers_db [None req-a0d1c5cb-c92a-40de-93ff-4b5ac63c522f 398415545c95413e9f9e9cc2f07cf971 3a66deec33ae48f09ea47dcd51a60d34 - - default default] Successfully bumped revision number for resource eab748db-d9ac-46b1-8a7c-7ca7af7eac3d (type: security_groups) to 1
2026-07-21 08:02:13.430 7 INFO neutron.db.ovn_revision_numbers_db [None req-a0d1c5cb-c92a-40de-93ff-4b5ac63c522f 398415545c95413e9f9e9cc2f07cf971 3a66deec33ae48f09ea47dcd51a60d34 - - default default] Successfully bumped revision number for resource 167ad4d5-d77e-4b95-b11d-7df32aacd4f5 (type: security_group_rules) to 0
2026-07-21 08:02:13.460 7 INFO neutron.db.ovn_revision_numbers_db [None req-a0d1c5cb-c92a-40de-93ff-4b5ac63c522f 398415545c95413e9f9e9cc2f07cf971 3a66deec33ae48f09ea47dcd51a60d34 - - default default] Successfully bumped revision number for resource 4b8628e4-cbea-4b23-87f1-6a6a2885d84c (type: security_group_rules) to 0
2026-07-21 08:02:13.489 7 INFO neutron.db.ovn_revision_numbers_db [None req-a0d1c5cb-c92a-40de-93ff-4b5ac63c522f 398415545c95413e9f9e9cc2f07cf971 3a66deec33ae48f09ea47dcd51a60d34 - - default default] Successfully bumped revision number for resource c8cdb237-b2e4-4ee5-9aad-470440671626 (type: security_group_rules) to 0
2026-07-21 08:02:13.499 7 INFO neutron.db.ovn_revision_numbers_db [None req-b0ef7393-2984-4298-9555-a1c70e2facb9 - - - - - -] Successfully bumped revision number for resource a4840ab2-d2a7-4455-b128-3f3dad6d4f92 (type: ports) to 5
2026-07-21 08:02:13.507 7 INFO neutron.db.ovn_revision_numbers_db [None req-a0d1c5cb-c92a-40de-93ff-4b5ac63c522f 398415545c95413e9f9e9cc2f07cf971 3a66deec33ae48f09ea47dcd51a60d34 - - default default] Successfully bumped revision number for resource d354f7c8-962d-4019-a162-15f84407bdf6 (type: security_group_rules) to 0 [pid: 7|app: 0|req: 615/1294] 10.0.0.153 () {32 vars in 774 bytes} [Tue Jul 21 08:02:13 2026] GET /v2.0/security-groups?tenant_id=779027000a38435eacef12e3328eecc7&name=default => generated 2925 bytes in 584 msecs (HTTP/1.1 200) 4 headers in 158 bytes (1 switches on core 0) [pid: 7|app: 0|req: 616/1295] 10.0.0.153 () {32 vars in 740 bytes} [Tue Jul 21 08:02:13 2026] DELETE /v2.0/security-groups/50ce53f1-8e7d-4bc6-93c1-1075633f15ed => generated 0 bytes in 318 msecs (HTTP/1.1 204) 2 headers in 112 bytes (1 switches on core 0)
2026-07-21 08:02:13.924 7 INFO neutron.api.v2.resource [None req-cd77b2fa-3847-4871-a3c2-6dc030d11ea6 cd2851d2efb74cb495c2fb1d663cc34a d7c63b3a239e4f61935c73dfee3c2868 - - default default] show failed (client error): The resource could not be found. [pid: 7|app: 0|req: 617/1296] 10.0.0.153 () {32 vars in 737 bytes} [Tue Jul 21 08:02:13 2026] GET /v2.0/security-groups/7458636e-ff1c-48ce-9482-7a91f77544a0 => generated 146 bytes in 14 msecs (HTTP/1.1 404) 4 headers in 164 bytes (1 switches on core 0)
2026-07-21 08:02:14.172 8 WARNING neutron.scheduler.dhcp_agent_scheduler [None req-a8b93b90-e18c-4196-ad02-faab57c5b717 398415545c95413e9f9e9cc2f07cf971 3a66deec33ae48f09ea47dcd51a60d34 - - default default] No more DHCP agents
2026-07-21 08:02:14.174 8 WARNING neutron.api.rpc.agentnotifiers.dhcp_rpc_agent_api [None req-a8b93b90-e18c-4196-ad02-faab57c5b717 398415545c95413e9f9e9cc2f07cf971 3a66deec33ae48f09ea47dcd51a60d34 - - default default] Unable to schedule network 65c4d44f-c86b-4e8e-8707-a37b412d8895: no agents available; will retry on subsequent port and subnet creation events. [pid: 7|app: 0|req: 618/1297] 10.0.0.153 () {32 vars in 740 bytes} [Tue Jul 21 08:02:13 2026] DELETE /v2.0/security-groups/eab748db-d9ac-46b1-8a7c-7ca7af7eac3d => generated 0 bytes in 329 msecs (HTTP/1.1 204) 2 headers in 112 bytes (1 switches on core 0)
2026-07-21 08:02:14.412 7 INFO neutron_taas.services.taas.taas_plugin [None req-3fff85e7-eac7-445a-b414-e88c027d8a00 cd2851d2efb74cb495c2fb1d663cc34a d7c63b3a239e4f61935c73dfee3c2868 - - default default] TaaS: Handle Delete Port: a273e091-156d-42a1-a375-4bffd7162c18
2026-07-21 08:02:14.416 7 INFO neutron_taas.services.taas.tap_mirror_plugin [None req-3fff85e7-eac7-445a-b414-e88c027d8a00 cd2851d2efb74cb495c2fb1d663cc34a d7c63b3a239e4f61935c73dfee3c2868 - - default default] Tap Mirror: Handle Delete Port: a273e091-156d-42a1-a375-4bffd7162c18 [pid: 7|app: 0|req: 619/1298] 10.0.0.153 () {32 vars in 732 bytes} [Tue Jul 21 08:02:14 2026] DELETE /v2.0/floatingips/a7accc7a-0aa0-452b-8770-044b70fe88e6 => generated 0 bytes in 377 msecs (HTTP/1.1 204) 2 headers in 112 bytes (1 switches on core 0)
2026-07-21 08:02:14.754 8 INFO neutron.db.ovn_revision_numbers_db [None req-a8b93b90-e18c-4196-ad02-faab57c5b717 398415545c95413e9f9e9cc2f07cf971 3a66deec33ae48f09ea47dcd51a60d34 - - default default] Successfully bumped revision number for resource 97394f6b-ea9c-40be-a97d-a2407ec6ee07 (type: router_ports) to 1 [pid: 8|app: 0|req: 680/1299] 10.0.0.153 () {34 vars in 783 bytes} [Tue Jul 21 08:02:11 2026] PUT /v2.0/routers/4e6be5a9-fdff-46ca-8fd8-9542174c0ea8/add_router_interface => generated 309 bytes in 2859 msecs (HTTP/1.1 200) 4 headers in 157 bytes (1 switches on core 0)
2026-07-21 08:02:14.924 7 INFO neutron.plugins.ml2.drivers.ovn.mech_driver.mech_driver [None req-1cf08405-2d7b-4766-aebc-d5668f184920 - - - - - -] OVN reports status down for port: 97394f6b-ea9c-40be-a97d-a2407ec6ee07
2026-07-21 08:02:14.963 7 INFO neutron.db.ovn_revision_numbers_db [None req-fe686447-3fc1-4d71-a1d2-a53a9a247590 398415545c95413e9f9e9cc2f07cf971 3a66deec33ae48f09ea47dcd51a60d34 - - default default] Successfully bumped revision number for resource d1aba9da-d50b-44f1-8d28-2baff6ece99e (type: security_groups) to 1
2026-07-21 08:02:14.991 7 INFO neutron.db.ovn_revision_numbers_db [None req-fe686447-3fc1-4d71-a1d2-a53a9a247590 398415545c95413e9f9e9cc2f07cf971 3a66deec33ae48f09ea47dcd51a60d34 - - default default] Successfully bumped revision number for resource 0352d42f-a7a2-4b8d-8dc6-5a80e02f7433 (type: security_group_rules) to 0
2026-07-21 08:02:15.013 7 INFO neutron.db.ovn_revision_numbers_db [None req-fe686447-3fc1-4d71-a1d2-a53a9a247590 398415545c95413e9f9e9cc2f07cf971 3a66deec33ae48f09ea47dcd51a60d34 - - default default] Successfully bumped revision number for resource 47d6e6c8-c370-4207-bdc7-a07abf2276dc (type: security_group_rules) to 0
2026-07-21 08:02:15.041 7 INFO neutron.db.ovn_revision_numbers_db [None req-fe686447-3fc1-4d71-a1d2-a53a9a247590 398415545c95413e9f9e9cc2f07cf971 3a66deec33ae48f09ea47dcd51a60d34 - - default default] Successfully bumped revision number for resource 5be0a242-07af-463d-9767-ccca079bc316 (type: security_group_rules) to 0
2026-07-21 08:02:15.053 7 INFO neutron.plugins.ml2.drivers.ovn.mech_driver.mech_driver [None req-1cf08405-2d7b-4766-aebc-d5668f184920 - - - - - -] OVN reports status up for port: 97394f6b-ea9c-40be-a97d-a2407ec6ee07
2026-07-21 08:02:15.065 7 INFO neutron.db.ovn_revision_numbers_db [None req-fe686447-3fc1-4d71-a1d2-a53a9a247590 398415545c95413e9f9e9cc2f07cf971 3a66deec33ae48f09ea47dcd51a60d34 - - default default] Successfully bumped revision number for resource d880ed6e-a997-435d-8b15-79c035ff9489 (type: security_group_rules) to 0
2026-07-21 08:02:15.077 7 INFO neutron.plugins.ml2.plugin [None req-1cf08405-2d7b-4766-aebc-d5668f184920 - - - - - -] Attempt 1 to provision port 97394f6b-ea9c-40be-a97d-a2407ec6ee07
2026-07-21 08:02:15.125 8 INFO neutron_taas.services.taas.taas_plugin [None req-d8e26ceb-5b66-45c0-8385-0d69ae379a7a 398415545c95413e9f9e9cc2f07cf971 3a66deec33ae48f09ea47dcd51a60d34 - - default default] TaaS: Handle Delete Port: e8b52067-518b-404a-a7a9-e95d92535091
2026-07-21 08:02:15.128 8 INFO neutron_taas.services.taas.tap_mirror_plugin [None req-d8e26ceb-5b66-45c0-8385-0d69ae379a7a 398415545c95413e9f9e9cc2f07cf971 3a66deec33ae48f09ea47dcd51a60d34 - - default default] Tap Mirror: Handle Delete Port: e8b52067-518b-404a-a7a9-e95d92535091 [pid: 7|app: 0|req: 620/1300] 10.0.0.153 () {32 vars in 774 bytes} [Tue Jul 21 08:02:14 2026] GET /v2.0/security-groups?tenant_id=c99f92d73bf341f0b95aa825161ab75a&name=default => generated 2925 bytes in 514 msecs (HTTP/1.1 200) 4 headers in 158 bytes (1 switches on core 0) [pid: 7|app: 0|req: 621/1301] 10.0.0.153 () {32 vars in 740 bytes} [Tue Jul 21 08:02:15 2026] DELETE /v2.0/security-groups/d1aba9da-d50b-44f1-8d28-2baff6ece99e => generated 0 bytes in 536 msecs (HTTP/1.1 204) 2 headers in 112 bytes (1 switches on core 0) [pid: 8|app: 0|req: 681/1302] 10.0.0.153 () {34 vars in 789 bytes} [Tue Jul 21 08:02:14 2026] PUT /v2.0/routers/d4be7ac8-bbb2-4188-8613-119fd1b036a4/remove_router_interface => generated 309 bytes in 1142 msecs (HTTP/1.1 200) 4 headers in 157 bytes (1 switches on core 0)
2026-07-21 08:02:15.969 7 INFO neutron.db.ovn_revision_numbers_db [None req-40ab8218-7777-4505-90c1-8c9dc2e9bed1 3d8be567130b4800845866f46075a4b7 5214dfe1ca584ef5afa844e3a7c919a8 - - default default] Successfully bumped revision number for resource a4d02ffe-1493-43ae-b590-0d5a5e4cb693 (type: security_groups) to 1
2026-07-21 08:02:15.976 7 INFO neutron.db.ovn_revision_numbers_db [None req-1cf08405-2d7b-4766-aebc-d5668f184920 - - - - - -] Successfully bumped revision number for resource 97394f6b-ea9c-40be-a97d-a2407ec6ee07 (type: ports) to 2
2026-07-21 08:02:15.994 7 INFO neutron.db.ovn_revision_numbers_db [None req-40ab8218-7777-4505-90c1-8c9dc2e9bed1 3d8be567130b4800845866f46075a4b7 5214dfe1ca584ef5afa844e3a7c919a8 - - default default] Successfully bumped revision number for resource 4a9d35c3-2187-4c84-a4cf-b58f5d7dcfb4 (type: security_group_rules) to 0
2026-07-21 08:02:16.027 7 INFO neutron.db.ovn_revision_numbers_db [None req-40ab8218-7777-4505-90c1-8c9dc2e9bed1 3d8be567130b4800845866f46075a4b7 5214dfe1ca584ef5afa844e3a7c919a8 - - default default] Successfully bumped revision number for resource b65a8418-55d6-45d4-8f76-df85792aebf4 (type: security_group_rules) to 0 [pid: 7|app: 0|req: 622/1303] 10.0.0.153 () {34 vars in 685 bytes} [Tue Jul 21 08:02:15 2026] POST /v2.0/security-groups => generated 1660 bytes in 424 msecs (HTTP/1.1 201) 4 headers in 163 bytes (1 switches on core 0) /var/lib/openstack/lib/python3.12/site-packages/pycadf/identifier.py:70: UserWarning: Invalid uuid: neutron. To ensure interoperability, identifiers should be a valid uuid. warnings.warn(('Invalid uuid: %s. To ensure interoperability, '
2026-07-21 08:02:16.283 7 INFO neutron.db.ovn_revision_numbers_db [None req-ce5b736c-c639-4412-97ef-ab9d2024c462 - - - - - -] Successfully bumped revision number for resource 97394f6b-ea9c-40be-a97d-a2407ec6ee07 (type: router_ports) to 2
2026-07-21 08:02:16.343 8 INFO neutron.db.ovn_revision_numbers_db [None req-af31a825-9d25-4eba-9cd0-cff77943ae28 13d7cd360f3841be9ea110b3d1019d48 96a0344047ec43509af03d42f939cae9 - - default default] Successfully bumped revision number for resource f74ae2ad-c4b8-47cf-b00f-fd9639eb4384 (type: security_groups) to 1
2026-07-21 08:02:16.358 8 INFO neutron.db.ovn_revision_numbers_db [None req-af31a825-9d25-4eba-9cd0-cff77943ae28 13d7cd360f3841be9ea110b3d1019d48 96a0344047ec43509af03d42f939cae9 - - default default] Successfully bumped revision number for resource 13612cc0-b943-4c31-b721-9ebde815ef71 (type: security_group_rules) to 0
2026-07-21 08:02:16.371 8 INFO neutron.db.ovn_revision_numbers_db [None req-af31a825-9d25-4eba-9cd0-cff77943ae28 13d7cd360f3841be9ea110b3d1019d48 96a0344047ec43509af03d42f939cae9 - - default default] Successfully bumped revision number for resource 3c05aedc-fdd2-410e-a8db-14c902f0d4d2 (type: security_group_rules) to 0
2026-07-21 08:02:16.386 8 INFO neutron.db.ovn_revision_numbers_db [None req-af31a825-9d25-4eba-9cd0-cff77943ae28 13d7cd360f3841be9ea110b3d1019d48 96a0344047ec43509af03d42f939cae9 - - default default] Successfully bumped revision number for resource 772fdf29-6003-4f5f-abbe-6eae3381a8af (type: security_group_rules) to 0
2026-07-21 08:02:16.403 8 INFO neutron.db.ovn_revision_numbers_db [None req-af31a825-9d25-4eba-9cd0-cff77943ae28 13d7cd360f3841be9ea110b3d1019d48 96a0344047ec43509af03d42f939cae9 - - default default] Successfully bumped revision number for resource cce1aa02-ae1c-4bfd-8eea-d4a70b91d478 (type: security_group_rules) to 0
2026-07-21 08:02:16.484 8 INFO neutron.db.segments_db [None req-af31a825-9d25-4eba-9cd0-cff77943ae28 13d7cd360f3841be9ea110b3d1019d48 96a0344047ec43509af03d42f939cae9 - - default default] Added segment df04e9c6-17b5-4058-a5d8-894b24a3dee7 of type geneve for network df390168-6348-4edd-8e6f-95ad8c8a3d48
2026-07-21 08:02:16.600 8 INFO neutron.db.ovn_revision_numbers_db [None req-af31a825-9d25-4eba-9cd0-cff77943ae28 13d7cd360f3841be9ea110b3d1019d48 96a0344047ec43509af03d42f939cae9 - - default default] Successfully bumped revision number for resource df390168-6348-4edd-8e6f-95ad8c8a3d48 (type: networks) to 1
2026-07-21 08:02:16.667 7 INFO neutron_taas.services.taas.taas_plugin [None req-aadd86a1-e1b1-4ce6-8db0-ff253c2a4aae 398415545c95413e9f9e9cc2f07cf971 3a66deec33ae48f09ea47dcd51a60d34 - - default default] TaaS: Handle Delete Port: 6444805f-5793-4bc6-8516-3611ba0a2274
2026-07-21 08:02:16.670 7 INFO neutron_taas.services.taas.tap_mirror_plugin [None req-aadd86a1-e1b1-4ce6-8db0-ff253c2a4aae 398415545c95413e9f9e9cc2f07cf971 3a66deec33ae48f09ea47dcd51a60d34 - - default default] Tap Mirror: Handle Delete Port: 6444805f-5793-4bc6-8516-3611ba0a2274
2026-07-21 08:02:16.775 8 WARNING neutron.scheduler.dhcp_agent_scheduler [None req-af31a825-9d25-4eba-9cd0-cff77943ae28 13d7cd360f3841be9ea110b3d1019d48 96a0344047ec43509af03d42f939cae9 - - default default] No more DHCP agents
2026-07-21 08:02:16.777 8 WARNING neutron.api.rpc.agentnotifiers.dhcp_rpc_agent_api [None req-af31a825-9d25-4eba-9cd0-cff77943ae28 13d7cd360f3841be9ea110b3d1019d48 96a0344047ec43509af03d42f939cae9 - - default default] Unable to schedule network df390168-6348-4edd-8e6f-95ad8c8a3d48: no agents available; will retry on subsequent port and subnet creation events.
2026-07-21 08:02:16.856 7 INFO neutron.plugins.ml2.drivers.ovn.mech_driver.mech_driver [None req-ce5b736c-c639-4412-97ef-ab9d2024c462 - - - - - -] OVN reports status down for port: 67f29265-f44b-4d59-a579-2d0e7249d455
2026-07-21 08:02:16.868 8 INFO neutron.db.ovn_revision_numbers_db [None req-af31a825-9d25-4eba-9cd0-cff77943ae28 13d7cd360f3841be9ea110b3d1019d48 96a0344047ec43509af03d42f939cae9 - - default default] Successfully bumped revision number for resource 67f29265-f44b-4d59-a579-2d0e7249d455 (type: ports) to 1 [pid: 8|app: 0|req: 682/1304] 10.0.0.153 () {34 vars in 670 bytes} [Tue Jul 21 08:02:15 2026] POST /v2.0/networks => generated 686 bytes in 987 msecs (HTTP/1.1 201) 4 headers in 162 bytes (1 switches on core 0)
2026-07-21 08:02:17.041 8 INFO neutron.db.ovn_revision_numbers_db [None req-c84cf77e-4aac-4d1d-ac0c-3edd18d8a91a 3d8be567130b4800845866f46075a4b7 5214dfe1ca584ef5afa844e3a7c919a8 - - default default] Successfully bumped revision number for resource adadbf87-ec76-451b-a9f0-fd3d3a756bad (type: security_group_rules) to 0 [pid: 8|app: 0|req: 683/1305] 10.0.0.153 () {34 vars in 695 bytes} [Tue Jul 21 08:02:16 2026] POST /v2.0/security-group-rules => generated 597 bytes in 181 msecs (HTTP/1.1 201) 4 headers in 162 bytes (1 switches on core 0) [pid: 7|app: 0|req: 623/1306] 10.0.0.153 () {32 vars in 724 bytes} [Tue Jul 21 08:02:16 2026] DELETE /v2.0/routers/d4be7ac8-bbb2-4188-8613-119fd1b036a4 => generated 0 bytes in 1109 msecs (HTTP/1.1 204) 2 headers in 112 bytes (1 switches on core 0)
2026-07-21 08:02:17.351 8 WARNING neutron.scheduler.dhcp_agent_scheduler [None req-12fc6a49-14e6-44a4-a4ff-49d49e65b2ca 13d7cd360f3841be9ea110b3d1019d48 96a0344047ec43509af03d42f939cae9 - - default default] No more DHCP agents
2026-07-21 08:02:17.353 8 WARNING neutron.api.rpc.agentnotifiers.dhcp_rpc_agent_api [None req-12fc6a49-14e6-44a4-a4ff-49d49e65b2ca 13d7cd360f3841be9ea110b3d1019d48 96a0344047ec43509af03d42f939cae9 - - default default] Unable to schedule network df390168-6348-4edd-8e6f-95ad8c8a3d48: no agents available; will retry on subsequent port and subnet creation events.
2026-07-21 08:02:17.389 7 INFO neutron.db.ovn_revision_numbers_db [None req-856fe613-58a9-445d-8c23-eac41ee88d0f 3d8be567130b4800845866f46075a4b7 5214dfe1ca584ef5afa844e3a7c919a8 - - default default] Successfully bumped revision number for resource a734f9c5-38e2-4d58-a199-a1400a575945 (type: security_group_rules) to 0 [pid: 7|app: 0|req: 624/1307] 10.0.0.153 () {34 vars in 695 bytes} [Tue Jul 21 08:02:17 2026] POST /v2.0/security-group-rules => generated 602 bytes in 239 msecs (HTTP/1.1 201) 4 headers in 162 bytes (1 switches on core 0)
2026-07-21 08:02:17.466 7 INFO neutron.plugins.ml2.drivers.ovn.mech_driver.mech_driver [None req-ce5b736c-c639-4412-97ef-ab9d2024c462 - - - - - -] OVN reports status down for port: 8a3cd00e-3a18-4c79-9c07-1aeea88da741
2026-07-21 08:02:17.483 8 INFO neutron.db.ovn_revision_numbers_db [None req-12fc6a49-14e6-44a4-a4ff-49d49e65b2ca 13d7cd360f3841be9ea110b3d1019d48 96a0344047ec43509af03d42f939cae9 - - default default] Successfully bumped revision number for resource 8a3cd00e-3a18-4c79-9c07-1aeea88da741 (type: ports) to 1 [pid: 8|app: 0|req: 684/1308] 10.0.0.153 () {34 vars in 665 bytes} [Tue Jul 21 08:02:17 2026] POST /v2.0/ports => generated 778 bytes in 466 msecs (HTTP/1.1 201) 4 headers in 162 bytes (1 switches on core 0) /var/lib/openstack/lib/python3.12/site-packages/pycadf/identifier.py:70: UserWarning: Invalid uuid: neutron. To ensure interoperability, identifiers should be a valid uuid. warnings.warn(('Invalid uuid: %s. To ensure interoperability, ' [pid: 7|app: 0|req: 625/1309] 10.0.0.153 () {32 vars in 724 bytes} [Tue Jul 21 08:02:17 2026] DELETE /v2.0/subnets/11432807-9015-4e54-8843-1274933d4e97 => generated 0 bytes in 303 msecs (HTTP/1.1 204) 3 headers in 131 bytes (1 switches on core 0)
2026-07-21 08:02:17.836 8 WARNING neutron.scheduler.dhcp_agent_scheduler [None req-71b745df-5d08-484e-96c4-3743ec16e09c 3d8be567130b4800845866f46075a4b7 5214dfe1ca584ef5afa844e3a7c919a8 - - default default] No more DHCP agents
2026-07-21 08:02:17.838 8 WARNING neutron.api.rpc.agentnotifiers.dhcp_rpc_agent_api [None req-71b745df-5d08-484e-96c4-3743ec16e09c 3d8be567130b4800845866f46075a4b7 5214dfe1ca584ef5afa844e3a7c919a8 - - default default] Unable to schedule network c35e8e40-df00-48af-89ad-01b913d7caad: no agents available; will retry on subsequent port and subnet creation events.
2026-07-21 08:02:17.870 7 INFO neutron.db.segments_db [None req-727a4030-8463-4f75-bbcc-967a1e4c3245 13d7cd360f3841be9ea110b3d1019d48 96a0344047ec43509af03d42f939cae9 - - default default] Added segment f3cb50fb-945f-4886-b369-4481edf2b73c of type geneve for network 89341f08-669b-4cdc-b7c3-dacfa0a8cd44
2026-07-21 08:02:18.004 7 INFO neutron.db.ovn_revision_numbers_db [None req-727a4030-8463-4f75-bbcc-967a1e4c3245 13d7cd360f3841be9ea110b3d1019d48 96a0344047ec43509af03d42f939cae9 - - default default] Successfully bumped revision number for resource 89341f08-669b-4cdc-b7c3-dacfa0a8cd44 (type: networks) to 1 [pid: 8|app: 0|req: 685/1310] 10.0.0.153 () {34 vars in 676 bytes} [Tue Jul 21 08:02:17 2026] POST /v2.0/floatingips => generated 552 bytes in 703 msecs (HTTP/1.1 201) 4 headers in 162 bytes (1 switches on core 0)
2026-07-21 08:02:18.320 7 WARNING neutron.scheduler.dhcp_agent_scheduler [None req-727a4030-8463-4f75-bbcc-967a1e4c3245 13d7cd360f3841be9ea110b3d1019d48 96a0344047ec43509af03d42f939cae9 - - default default] No more DHCP agents
2026-07-21 08:02:18.322 7 WARNING neutron.api.rpc.agentnotifiers.dhcp_rpc_agent_api [None req-727a4030-8463-4f75-bbcc-967a1e4c3245 13d7cd360f3841be9ea110b3d1019d48 96a0344047ec43509af03d42f939cae9 - - default default] Unable to schedule network 89341f08-669b-4cdc-b7c3-dacfa0a8cd44: no agents available; will retry on subsequent port and subnet creation events.
2026-07-21 08:02:18.419 8 INFO neutron.plugins.ml2.drivers.ovn.mech_driver.mech_driver [None req-b87aea9c-d230-433a-9870-0bab1cd3637b - - - - - -] OVN reports status down for port: ad42d876-5469-49f1-849e-9fe84ad6cb2a
2026-07-21 08:02:18.452 8 INFO neutron_taas.services.taas.taas_plugin [None req-8881602f-cc8c-466f-bd4a-c8d076e90be2 398415545c95413e9f9e9cc2f07cf971 3a66deec33ae48f09ea47dcd51a60d34 - - default default] TaaS: Handle Delete Port: f67d797f-162f-4157-9152-8b1275a4e970
2026-07-21 08:02:18.466 8 INFO neutron_taas.services.taas.tap_mirror_plugin [None req-8881602f-cc8c-466f-bd4a-c8d076e90be2 398415545c95413e9f9e9cc2f07cf971 3a66deec33ae48f09ea47dcd51a60d34 - - default default] Tap Mirror: Handle Delete Port: f67d797f-162f-4157-9152-8b1275a4e970
2026-07-21 08:02:18.477 7 INFO neutron.db.ovn_revision_numbers_db [None req-727a4030-8463-4f75-bbcc-967a1e4c3245 13d7cd360f3841be9ea110b3d1019d48 96a0344047ec43509af03d42f939cae9 - - default default] Successfully bumped revision number for resource ad42d876-5469-49f1-849e-9fe84ad6cb2a (type: ports) to 1 [pid: 7|app: 0|req: 626/1311] 10.0.0.153 () {34 vars in 670 bytes} [Tue Jul 21 08:02:17 2026] POST /v2.0/networks => generated 674 bytes in 745 msecs (HTTP/1.1 201) 4 headers in 162 bytes (1 switches on core 0)
2026-07-21 08:02:18.738 8 INFO neutron.services.segments.plugin [-] Segment ac9e62a9-b44b-4e60-a16a-58968a602375 resource provider aggregate not found
2026-07-21 08:02:18.743 8 INFO neutron.services.segments.plugin [-] Segment ac9e62a9-b44b-4e60-a16a-58968a602375 resource provider aggregate not found
2026-07-21 08:02:18.766 8 INFO neutron.services.segments.plugin [-] Client error retrieving segment ac9e62a9-b44b-4e60-a16a-58968a602375 resource provider; error: Placement Client Error (4xx): {"errors": [{"status": 404, "title": "Not Found", "detail": "The resource could not be found.\n\n No resource provider with uuid ac9e62a9-b44b-4e60-a16a-58968a602375 found for delete ", "request_id": "req-88f1f522-494b-4a71-ba09-c5387b3adbf5"}]}
2026-07-21 08:02:18.770 8 INFO neutron.services.segments.plugin [-] Client error retrieving segment ac9e62a9-b44b-4e60-a16a-58968a602375 resource provider; error: Placement Client Error (4xx): {"errors": [{"status": 404, "title": "Not Found", "detail": "The resource could not be found.\n\n No resource provider with uuid ac9e62a9-b44b-4e60-a16a-58968a602375 found for delete ", "request_id": "req-be5d0b43-0124-4d2e-bd98-51297277c0d1"}]}
2026-07-21 08:02:18.789 7 WARNING neutron.scheduler.dhcp_agent_scheduler [None req-d4ff6450-0c31-463b-9380-d8997bf2d56b 13d7cd360f3841be9ea110b3d1019d48 96a0344047ec43509af03d42f939cae9 - - default default] No more DHCP agents
2026-07-21 08:02:18.790 7 WARNING neutron.api.rpc.agentnotifiers.dhcp_rpc_agent_api [None req-d4ff6450-0c31-463b-9380-d8997bf2d56b 13d7cd360f3841be9ea110b3d1019d48 96a0344047ec43509af03d42f939cae9 - - default default] Unable to schedule network 89341f08-669b-4cdc-b7c3-dacfa0a8cd44: no agents available; will retry on subsequent port and subnet creation events. [pid: 8|app: 0|req: 686/1312] 10.0.0.153 () {32 vars in 726 bytes} [Tue Jul 21 08:02:18 2026] DELETE /v2.0/networks/9923bfd6-a228-4fa2-88bf-652edd6a305a => generated 0 bytes in 549 msecs (HTTP/1.1 204) 3 headers in 131 bytes (1 switches on core 0)
2026-07-21 08:02:18.820 7 INFO neutron.db.ovn_revision_numbers_db [None req-d4ff6450-0c31-463b-9380-d8997bf2d56b 13d7cd360f3841be9ea110b3d1019d48 96a0344047ec43509af03d42f939cae9 - - default default] Successfully bumped revision number for resource db8083f6-67e2-4a3e-8177-0ac73885c31f (type: subnets) to 0 [pid: 7|app: 0|req: 627/1313] 10.0.0.153 () {34 vars in 669 bytes} [Tue Jul 21 08:02:18 2026] POST /v2.0/subnets => generated 646 bytes in 318 msecs (HTTP/1.1 201) 4 headers in 162 bytes (1 switches on core 0) [pid: 7|app: 0|req: 628/1314] 10.0.0.153 () {32 vars in 774 bytes} [Tue Jul 21 08:02:18 2026] GET /v2.0/security-groups?tenant_id=d7c63b3a239e4f61935c73dfee3c2868&name=default => generated 2925 bytes in 42 msecs (HTTP/1.1 200) 4 headers in 158 bytes (1 switches on core 0)
2026-07-21 08:02:19.181 8 WARNING neutron.scheduler.dhcp_agent_scheduler [None req-a7fda264-672e-42f1-8a0f-c01df425302c 13d7cd360f3841be9ea110b3d1019d48 96a0344047ec43509af03d42f939cae9 - - default default] No more DHCP agents
2026-07-21 08:02:19.183 8 WARNING neutron.api.rpc.agentnotifiers.dhcp_rpc_agent_api [None req-a7fda264-672e-42f1-8a0f-c01df425302c 13d7cd360f3841be9ea110b3d1019d48 96a0344047ec43509af03d42f939cae9 - - default default] Unable to schedule network 89341f08-669b-4cdc-b7c3-dacfa0a8cd44: no agents available; will retry on subsequent port and subnet creation events.
2026-07-21 08:02:19.267 8 INFO neutron.plugins.ml2.drivers.ovn.mech_driver.mech_driver [None req-b87aea9c-d230-433a-9870-0bab1cd3637b - - - - - -] OVN reports status down for port: 2ea933d1-4d99-4d98-8443-9e016c0326b5 [pid: 7|app: 0|req: 629/1315] 10.0.0.153 () {32 vars in 740 bytes} [Tue Jul 21 08:02:19 2026] DELETE /v2.0/security-groups/291e7738-337a-4b20-8e52-bac59a1a3576 => generated 0 bytes in 328 msecs (HTTP/1.1 204) 2 headers in 112 bytes (1 switches on core 0)
2026-07-21 08:02:19.382 8 INFO neutron.db.ovn_revision_numbers_db [None req-a7fda264-672e-42f1-8a0f-c01df425302c 13d7cd360f3841be9ea110b3d1019d48 96a0344047ec43509af03d42f939cae9 - - default default] Successfully bumped revision number for resource 2ea933d1-4d99-4d98-8443-9e016c0326b5 (type: ports) to 1 [pid: 8|app: 0|req: 687/1316] 10.0.0.153 () {34 vars in 665 bytes} [Tue Jul 21 08:02:18 2026] POST /v2.0/ports => generated 958 bytes in 668 msecs (HTTP/1.1 201) 4 headers in 162 bytes (1 switches on core 0)
2026-07-21 08:02:19.673 7 INFO neutron_taas.services.taas.taas_plugin [None req-d3240dae-7a29-4981-b739-8aca0b294bea 13d7cd360f3841be9ea110b3d1019d48 96a0344047ec43509af03d42f939cae9 - - default default] TaaS: Handle Delete Port: 2ea933d1-4d99-4d98-8443-9e016c0326b5
2026-07-21 08:02:19.677 7 INFO neutron_taas.services.taas.tap_mirror_plugin [None req-d3240dae-7a29-4981-b739-8aca0b294bea 13d7cd360f3841be9ea110b3d1019d48 96a0344047ec43509af03d42f939cae9 - - default default] Tap Mirror: Handle Delete Port: 2ea933d1-4d99-4d98-8443-9e016c0326b5 /var/lib/openstack/lib/python3.12/site-packages/pycadf/identifier.py:70: UserWarning: Invalid uuid: neutron. To ensure interoperability, identifiers should be a valid uuid. warnings.warn(('Invalid uuid: %s. To ensure interoperability, ' [pid: 7|app: 0|req: 630/1317] 10.0.0.153 () {32 vars in 720 bytes} [Tue Jul 21 08:02:19 2026] DELETE /v2.0/ports/2ea933d1-4d99-4d98-8443-9e016c0326b5 => generated 0 bytes in 315 msecs (HTTP/1.1 204) 3 headers in 131 bytes (1 switches on core 0)
2026-07-21 08:02:19.870 7 INFO neutron.pecan_wsgi.hooks.translation [None req-0ee79c50-bee1-4400-90c2-ee1f5f9ba7ac 13d7cd360f3841be9ea110b3d1019d48 96a0344047ec43509af03d42f939cae9 - - default default] DELETE failed (client error): The resource could not be found. [pid: 7|app: 0|req: 631/1318] 10.0.0.153 () {32 vars in 720 bytes} [Tue Jul 21 08:02:19 2026] DELETE /v2.0/ports/2ea933d1-4d99-4d98-8443-9e016c0326b5 => generated 132 bytes in 38 msecs (HTTP/1.1 404) 4 headers in 164 bytes (1 switches on core 0)
2026-07-21 08:02:19.911 7 INFO neutron.pecan_wsgi.hooks.translation [None req-d35560b8-41a0-4fa5-bc66-0f94155ffda6 13d7cd360f3841be9ea110b3d1019d48 96a0344047ec43509af03d42f939cae9 - - default default] GET failed (client error): The resource could not be found. [pid: 7|app: 0|req: 632/1319] 10.0.0.153 () {32 vars in 717 bytes} [Tue Jul 21 08:02:19 2026] GET /v2.0/ports/2ea933d1-4d99-4d98-8443-9e016c0326b5 => generated 132 bytes in 34 msecs (HTTP/1.1 404) 4 headers in 164 bytes (1 switches on core 0)
2026-07-21 08:02:19.928 8 INFO neutron.db.ovn_revision_numbers_db [None req-11d154fd-e3eb-4cf2-b403-44ed1249d287 398415545c95413e9f9e9cc2f07cf971 3a66deec33ae48f09ea47dcd51a60d34 - - default default] Successfully bumped revision number for resource a30e4e55-afc7-4896-842e-0915018494f5 (type: security_groups) to 1
2026-07-21 08:02:19.944 8 INFO neutron.db.ovn_revision_numbers_db [None req-11d154fd-e3eb-4cf2-b403-44ed1249d287 398415545c95413e9f9e9cc2f07cf971 3a66deec33ae48f09ea47dcd51a60d34 - - default default] Successfully bumped revision number for resource e2cff62f-8215-4020-bdbf-a321aa659a21 (type: security_group_rules) to 0
2026-07-21 08:02:19.959 8 INFO neutron.db.ovn_revision_numbers_db [None req-11d154fd-e3eb-4cf2-b403-44ed1249d287 398415545c95413e9f9e9cc2f07cf971 3a66deec33ae48f09ea47dcd51a60d34 - - default default] Successfully bumped revision number for resource ed58b9fc-41d1-45ee-ae97-399c2a9552d4 (type: security_group_rules) to 0
2026-07-21 08:02:19.975 8 INFO neutron.db.ovn_revision_numbers_db [None req-11d154fd-e3eb-4cf2-b403-44ed1249d287 398415545c95413e9f9e9cc2f07cf971 3a66deec33ae48f09ea47dcd51a60d34 - - default default] Successfully bumped revision number for resource f544bd0c-8bb2-4c27-8f18-a24ef2b69b74 (type: security_group_rules) to 0
2026-07-21 08:02:19.994 8 INFO neutron.db.ovn_revision_numbers_db [None req-11d154fd-e3eb-4cf2-b403-44ed1249d287 398415545c95413e9f9e9cc2f07cf971 3a66deec33ae48f09ea47dcd51a60d34 - - default default] Successfully bumped revision number for resource fdb488af-95bd-4bfc-be18-654d59687633 (type: security_group_rules) to 0 [pid: 8|app: 0|req: 688/1320] 10.0.0.153 () {32 vars in 774 bytes} [Tue Jul 21 08:02:19 2026] GET /v2.0/security-groups?tenant_id=2013fb06e5da47a4a0452fc5339f9d72&name=default => generated 2925 bytes in 485 msecs (HTTP/1.1 200) 4 headers in 158 bytes (1 switches on core 0) [pid: 7|app: 0|req: 633/1321] 10.0.0.153 () {32 vars in 724 bytes} [Tue Jul 21 08:02:19 2026] DELETE /v2.0/subnets/db8083f6-67e2-4a3e-8177-0ac73885c31f => generated 0 bytes in 166 msecs (HTTP/1.1 204) 3 headers in 131 bytes (1 switches on core 0)
2026-07-21 08:02:20.259 7 INFO neutron_taas.services.taas.taas_plugin [None req-392cc3f5-2225-4098-b61d-07305686e2b4 13d7cd360f3841be9ea110b3d1019d48 96a0344047ec43509af03d42f939cae9 - - default default] TaaS: Handle Delete Port: ad42d876-5469-49f1-849e-9fe84ad6cb2a
2026-07-21 08:02:20.262 7 INFO neutron_taas.services.taas.tap_mirror_plugin [None req-392cc3f5-2225-4098-b61d-07305686e2b4 13d7cd360f3841be9ea110b3d1019d48 96a0344047ec43509af03d42f939cae9 - - default default] Tap Mirror: Handle Delete Port: ad42d876-5469-49f1-849e-9fe84ad6cb2a [pid: 8|app: 0|req: 689/1322] 10.0.0.153 () {32 vars in 740 bytes} [Tue Jul 21 08:02:20 2026] DELETE /v2.0/security-groups/a30e4e55-afc7-4896-842e-0915018494f5 => generated 0 bytes in 221 msecs (HTTP/1.1 204) 2 headers in 112 bytes (1 switches on core 0)
2026-07-21 08:02:20.483 7 INFO neutron.services.segments.plugin [-] Segment f3cb50fb-945f-4886-b369-4481edf2b73c resource provider aggregate not found
2026-07-21 08:02:20.489 7 INFO neutron.services.segments.plugin [-] Segment f3cb50fb-945f-4886-b369-4481edf2b73c resource provider aggregate not found
2026-07-21 08:02:20.511 7 INFO neutron.services.segments.plugin [-] Client error retrieving segment f3cb50fb-945f-4886-b369-4481edf2b73c resource provider; error: Placement Client Error (4xx): {"errors": [{"status": 404, "title": "Not Found", "detail": "The resource could not be found.\n\n No resource provider with uuid f3cb50fb-945f-4886-b369-4481edf2b73c found for delete ", "request_id": "req-2eff033d-7f5d-42c0-ac5b-346c6d847830"}]}
2026-07-21 08:02:20.518 7 INFO neutron.services.segments.plugin [-] Client error retrieving segment f3cb50fb-945f-4886-b369-4481edf2b73c resource provider; error: Placement Client Error (4xx): {"errors": [{"status": 404, "title": "Not Found", "detail": "The resource could not be found.\n\n No resource provider with uuid f3cb50fb-945f-4886-b369-4481edf2b73c found for delete ", "request_id": "req-ab01552d-6b9d-4154-9a53-49d18d1d1394"}]} [pid: 7|app: 0|req: 634/1323] 10.0.0.153 () {32 vars in 726 bytes} [Tue Jul 21 08:02:20 2026] DELETE /v2.0/networks/89341f08-669b-4cdc-b7c3-dacfa0a8cd44 => generated 0 bytes in 458 msecs (HTTP/1.1 204) 3 headers in 131 bytes (1 switches on core 0)
2026-07-21 08:02:20.645 8 INFO neutron.db.segments_db [None req-3c073c6d-bd15-4ccc-ab00-430eb5a52c8d 13d7cd360f3841be9ea110b3d1019d48 96a0344047ec43509af03d42f939cae9 - - default default] Added segment f61761a4-1367-4404-984e-8a9b56cb321e of type geneve for network 2c37d6d9-5e4f-4946-bd13-4410051afaf8
2026-07-21 08:02:20.776 8 INFO neutron.db.ovn_revision_numbers_db [None req-3c073c6d-bd15-4ccc-ab00-430eb5a52c8d 13d7cd360f3841be9ea110b3d1019d48 96a0344047ec43509af03d42f939cae9 - - default default] Successfully bumped revision number for resource 2c37d6d9-5e4f-4946-bd13-4410051afaf8 (type: networks) to 1
2026-07-21 08:02:20.945 8 WARNING neutron.scheduler.dhcp_agent_scheduler [None req-3c073c6d-bd15-4ccc-ab00-430eb5a52c8d 13d7cd360f3841be9ea110b3d1019d48 96a0344047ec43509af03d42f939cae9 - - default default] No more DHCP agents
2026-07-21 08:02:20.946 8 WARNING neutron.api.rpc.agentnotifiers.dhcp_rpc_agent_api [None req-3c073c6d-bd15-4ccc-ab00-430eb5a52c8d 13d7cd360f3841be9ea110b3d1019d48 96a0344047ec43509af03d42f939cae9 - - default default] Unable to schedule network 2c37d6d9-5e4f-4946-bd13-4410051afaf8: no agents available; will retry on subsequent port and subnet creation events.
2026-07-21 08:02:21.010 8 INFO neutron.plugins.ml2.drivers.ovn.mech_driver.mech_driver [None req-b87aea9c-d230-433a-9870-0bab1cd3637b - - - - - -] OVN reports status down for port: 02550a4e-1db8-4517-9435-0e33e20437dc
2026-07-21 08:02:21.081 8 INFO neutron.db.ovn_revision_numbers_db [None req-3c073c6d-bd15-4ccc-ab00-430eb5a52c8d 13d7cd360f3841be9ea110b3d1019d48 96a0344047ec43509af03d42f939cae9 - - default default] Successfully bumped revision number for resource 02550a4e-1db8-4517-9435-0e33e20437dc (type: ports) to 1 [pid: 8|app: 0|req: 690/1324] 10.0.0.153 () {34 vars in 670 bytes} [Tue Jul 21 08:02:20 2026] POST /v2.0/networks => generated 673 bytes in 594 msecs (HTTP/1.1 201) 4 headers in 162 bytes (1 switches on core 0)
2026-07-21 08:02:21.361 7 WARNING neutron.scheduler.dhcp_agent_scheduler [None req-7ca980f6-6495-4291-a015-9b1e32733b7f 13d7cd360f3841be9ea110b3d1019d48 96a0344047ec43509af03d42f939cae9 - - default default] No more DHCP agents
2026-07-21 08:02:21.363 7 WARNING neutron.api.rpc.agentnotifiers.dhcp_rpc_agent_api [None req-7ca980f6-6495-4291-a015-9b1e32733b7f 13d7cd360f3841be9ea110b3d1019d48 96a0344047ec43509af03d42f939cae9 - - default default] Unable to schedule network 2c37d6d9-5e4f-4946-bd13-4410051afaf8: no agents available; will retry on subsequent port and subnet creation events.
2026-07-21 08:02:21.409 7 INFO neutron.db.ovn_revision_numbers_db [None req-7ca980f6-6495-4291-a015-9b1e32733b7f 13d7cd360f3841be9ea110b3d1019d48 96a0344047ec43509af03d42f939cae9 - - default default] Successfully bumped revision number for resource 004049e7-5b9c-4b87-8393-db4e83f1d746 (type: subnets) to 0 [pid: 7|app: 0|req: 635/1325] 10.0.0.153 () {34 vars in 669 bytes} [Tue Jul 21 08:02:21 2026] POST /v2.0/subnets => generated 646 bytes in 286 msecs (HTTP/1.1 201) 4 headers in 162 bytes (1 switches on core 0)
2026-07-21 08:02:21.732 8 WARNING neutron.scheduler.dhcp_agent_scheduler [None req-36852fcb-7a7b-4d01-a144-814b15336322 13d7cd360f3841be9ea110b3d1019d48 96a0344047ec43509af03d42f939cae9 - - default default] No more DHCP agents
2026-07-21 08:02:21.733 8 WARNING neutron.api.rpc.agentnotifiers.dhcp_rpc_agent_api [None req-36852fcb-7a7b-4d01-a144-814b15336322 13d7cd360f3841be9ea110b3d1019d48 96a0344047ec43509af03d42f939cae9 - - default default] Unable to schedule network 2c37d6d9-5e4f-4946-bd13-4410051afaf8: no agents available; will retry on subsequent port and subnet creation events.
2026-07-21 08:02:21.821 7 INFO neutron.plugins.ml2.drivers.ovn.mech_driver.mech_driver [None req-ce5b736c-c639-4412-97ef-ab9d2024c462 - - - - - -] OVN reports status down for port: fecd0a28-3bbf-4342-8652-4f8349841672
2026-07-21 08:02:21.854 8 INFO neutron.db.ovn_revision_numbers_db [None req-36852fcb-7a7b-4d01-a144-814b15336322 13d7cd360f3841be9ea110b3d1019d48 96a0344047ec43509af03d42f939cae9 - - default default] Successfully bumped revision number for resource fecd0a28-3bbf-4342-8652-4f8349841672 (type: ports) to 1 [pid: 8|app: 0|req: 691/1326] 10.0.0.153 () {34 vars in 665 bytes} [Tue Jul 21 08:02:21 2026] POST /v2.0/ports => generated 927 bytes in 489 msecs (HTTP/1.1 201) 4 headers in 162 bytes (1 switches on core 0)
2026-07-21 08:02:22.079 7 INFO neutron_taas.services.taas.taas_plugin [None req-c2db3894-2829-498d-91cf-d6d51adf8c9c 13d7cd360f3841be9ea110b3d1019d48 96a0344047ec43509af03d42f939cae9 - - default default] TaaS: Handle Delete Port: fecd0a28-3bbf-4342-8652-4f8349841672
2026-07-21 08:02:22.082 7 INFO neutron_taas.services.taas.tap_mirror_plugin [None req-c2db3894-2829-498d-91cf-d6d51adf8c9c 13d7cd360f3841be9ea110b3d1019d48 96a0344047ec43509af03d42f939cae9 - - default default] Tap Mirror: Handle Delete Port: fecd0a28-3bbf-4342-8652-4f8349841672 [pid: 7|app: 0|req: 636/1327] 10.0.0.153 () {32 vars in 720 bytes} [Tue Jul 21 08:02:21 2026] DELETE /v2.0/ports/fecd0a28-3bbf-4342-8652-4f8349841672 => generated 0 bytes in 316 msecs (HTTP/1.1 204) 3 headers in 131 bytes (1 switches on core 0)
2026-07-21 08:02:22.284 8 INFO neutron.pecan_wsgi.hooks.translation [None req-a09a34e1-7e33-4e95-8b03-78d75bd19cab 13d7cd360f3841be9ea110b3d1019d48 96a0344047ec43509af03d42f939cae9 - - default default] GET failed (client error): The resource could not be found. [pid: 8|app: 0|req: 692/1328] 10.0.0.153 () {32 vars in 717 bytes} [Tue Jul 21 08:02:22 2026] GET /v2.0/ports/fecd0a28-3bbf-4342-8652-4f8349841672 => generated 132 bytes in 27 msecs (HTTP/1.1 404) 4 headers in 164 bytes (1 switches on core 0) [pid: 7|app: 0|req: 637/1329] 10.0.0.153 () {32 vars in 724 bytes} [Tue Jul 21 08:02:22 2026] DELETE /v2.0/subnets/004049e7-5b9c-4b87-8393-db4e83f1d746 => generated 0 bytes in 211 msecs (HTTP/1.1 204) 3 headers in 131 bytes (1 switches on core 0)
2026-07-21 08:02:22.663 8 INFO neutron_taas.services.taas.taas_plugin [None req-5e795e3e-bf9f-4492-8235-a8dec45bd7b3 13d7cd360f3841be9ea110b3d1019d48 96a0344047ec43509af03d42f939cae9 - - default default] TaaS: Handle Delete Port: 02550a4e-1db8-4517-9435-0e33e20437dc
2026-07-21 08:02:22.667 8 INFO neutron_taas.services.taas.tap_mirror_plugin [None req-5e795e3e-bf9f-4492-8235-a8dec45bd7b3 13d7cd360f3841be9ea110b3d1019d48 96a0344047ec43509af03d42f939cae9 - - default default] Tap Mirror: Handle Delete Port: 02550a4e-1db8-4517-9435-0e33e20437dc
2026-07-21 08:02:22.958 8 INFO neutron.services.segments.plugin [-] Segment f61761a4-1367-4404-984e-8a9b56cb321e resource provider aggregate not found
2026-07-21 08:02:22.967 8 INFO neutron.services.segments.plugin [-] Segment f61761a4-1367-4404-984e-8a9b56cb321e resource provider aggregate not found
2026-07-21 08:02:22.983 8 INFO neutron.services.segments.plugin [-] Client error retrieving segment f61761a4-1367-4404-984e-8a9b56cb321e resource provider; error: Placement Client Error (4xx): {"errors": [{"status": 404, "title": "Not Found", "detail": "The resource could not be found.\n\n No resource provider with uuid f61761a4-1367-4404-984e-8a9b56cb321e found for delete ", "request_id": "req-25d74818-0dae-4be9-ae64-772a1bd58e07"}]}
2026-07-21 08:02:22.992 8 INFO neutron.services.segments.plugin [-] Client error retrieving segment f61761a4-1367-4404-984e-8a9b56cb321e resource provider; error: Placement Client Error (4xx): {"errors": [{"status": 404, "title": "Not Found", "detail": "The resource could not be found.\n\n No resource provider with uuid f61761a4-1367-4404-984e-8a9b56cb321e found for delete ", "request_id": "req-58ba42cf-4c33-4c07-919c-adb34c46bf96"}]} [pid: 8|app: 0|req: 693/1330] 10.0.0.153 () {32 vars in 726 bytes} [Tue Jul 21 08:02:22 2026] DELETE /v2.0/networks/2c37d6d9-5e4f-4946-bd13-4410051afaf8 => generated 0 bytes in 496 msecs (HTTP/1.1 204) 3 headers in 131 bytes (1 switches on core 0)
2026-07-21 08:02:23.276 7 WARNING neutron.scheduler.dhcp_agent_scheduler [None req-6e3136b6-d16e-4065-8a96-803f9d1e0f47 13d7cd360f3841be9ea110b3d1019d48 96a0344047ec43509af03d42f939cae9 - - default default] No more DHCP agents
2026-07-21 08:02:23.277 7 WARNING neutron.api.rpc.agentnotifiers.dhcp_rpc_agent_api [None req-6e3136b6-d16e-4065-8a96-803f9d1e0f47 13d7cd360f3841be9ea110b3d1019d48 96a0344047ec43509af03d42f939cae9 - - default default] Unable to schedule network df390168-6348-4edd-8e6f-95ad8c8a3d48: no agents available; will retry on subsequent port and subnet creation events.
2026-07-21 08:02:23.358 7 INFO neutron.plugins.ml2.drivers.ovn.mech_driver.mech_driver [None req-ce5b736c-c639-4412-97ef-ab9d2024c462 - - - - - -] OVN reports status down for port: 7283fc6e-9dc4-4531-a03e-d8a2d82f1744
2026-07-21 08:02:23.455 7 INFO neutron.db.ovn_revision_numbers_db [None req-6e3136b6-d16e-4065-8a96-803f9d1e0f47 13d7cd360f3841be9ea110b3d1019d48 96a0344047ec43509af03d42f939cae9 - - default default] Successfully bumped revision number for resource 7283fc6e-9dc4-4531-a03e-d8a2d82f1744 (type: ports) to 1 [pid: 7|app: 0|req: 638/1331] 10.0.0.153 () {34 vars in 665 bytes} [Tue Jul 21 08:02:23 2026] POST /v2.0/ports => generated 778 bytes in 533 msecs (HTTP/1.1 201) 4 headers in 162 bytes (1 switches on core 0) /var/lib/openstack/lib/python3.12/site-packages/pycadf/identifier.py:70: UserWarning: Invalid uuid: neutron. To ensure interoperability, identifiers should be a valid uuid. warnings.warn(('Invalid uuid: %s. To ensure interoperability, '
2026-07-21 08:02:23.590 8 INFO neutron.db.ovn_revision_numbers_db [None req-3e84d505-3aaa-4a0d-8a46-e9fd35cf904c 398415545c95413e9f9e9cc2f07cf971 3a66deec33ae48f09ea47dcd51a60d34 - - default default] Successfully bumped revision number for resource 7633fa52-f4dc-4987-b328-71830dcbdc2e (type: security_groups) to 1 [pid: 7|app: 0|req: 639/1332] 10.0.0.77 () {34 vars in 1097 bytes} [Tue Jul 21 08:02:23 2026] GET /v2.0/security-groups?name=tempest-securitygroup--579541536&fields=id&tenant_id=5214dfe1ca584ef5afa844e3a7c919a8 => generated 69 bytes in 54 msecs (HTTP/1.1 200) 4 headers in 156 bytes (1 switches on core 0)
2026-07-21 08:02:23.607 8 INFO neutron.db.ovn_revision_numbers_db [None req-3e84d505-3aaa-4a0d-8a46-e9fd35cf904c 398415545c95413e9f9e9cc2f07cf971 3a66deec33ae48f09ea47dcd51a60d34 - - default default] Successfully bumped revision number for resource 07ede074-0dec-4130-8b2a-80c91381c35f (type: security_group_rules) to 0
2026-07-21 08:02:23.621 8 INFO neutron.db.ovn_revision_numbers_db [None req-3e84d505-3aaa-4a0d-8a46-e9fd35cf904c 398415545c95413e9f9e9cc2f07cf971 3a66deec33ae48f09ea47dcd51a60d34 - - default default] Successfully bumped revision number for resource 229623c8-e325-41a2-bdd3-cf3934430217 (type: security_group_rules) to 0
2026-07-21 08:02:23.635 8 INFO neutron.db.ovn_revision_numbers_db [None req-3e84d505-3aaa-4a0d-8a46-e9fd35cf904c 398415545c95413e9f9e9cc2f07cf971 3a66deec33ae48f09ea47dcd51a60d34 - - default default] Successfully bumped revision number for resource db19d1bc-6ef2-41cb-ba3c-4ff49954963c (type: security_group_rules) to 0
2026-07-21 08:02:23.651 8 INFO neutron.db.ovn_revision_numbers_db [None req-3e84d505-3aaa-4a0d-8a46-e9fd35cf904c 398415545c95413e9f9e9cc2f07cf971 3a66deec33ae48f09ea47dcd51a60d34 - - default default] Successfully bumped revision number for resource f8baad69-8292-4938-af1a-8256af5642fb (type: security_group_rules) to 0 [pid: 8|app: 0|req: 694/1333] 10.0.0.153 () {32 vars in 774 bytes} [Tue Jul 21 08:02:23 2026] GET /v2.0/security-groups?tenant_id=538296462acf46e88c969e6e2cf911b0&name=default => generated 2925 bytes in 476 msecs (HTTP/1.1 200) 4 headers in 158 bytes (1 switches on core 0)
2026-07-21 08:02:23.850 7 INFO neutron.db.ovn_revision_numbers_db [None req-a1714c97-6888-49f5-9e30-7431f15fa5a2 398415545c95413e9f9e9cc2f07cf971 3a66deec33ae48f09ea47dcd51a60d34 - - default default] Successfully bumped revision number for resource c1a18ee8-7f3a-4fcf-95ca-14a3e706ce8d (type: security_groups) to 1
2026-07-21 08:02:23.867 7 INFO neutron.db.ovn_revision_numbers_db [None req-a1714c97-6888-49f5-9e30-7431f15fa5a2 398415545c95413e9f9e9cc2f07cf971 3a66deec33ae48f09ea47dcd51a60d34 - - default default] Successfully bumped revision number for resource 09f4c694-003c-4e55-be50-89575d83268e (type: security_group_rules) to 0
2026-07-21 08:02:23.887 7 INFO neutron.db.ovn_revision_numbers_db [None req-a1714c97-6888-49f5-9e30-7431f15fa5a2 398415545c95413e9f9e9cc2f07cf971 3a66deec33ae48f09ea47dcd51a60d34 - - default default] Successfully bumped revision number for resource 8260c837-9f45-4a9c-bc00-ca1eb87c7fab (type: security_group_rules) to 0
2026-07-21 08:02:23.900 7 INFO neutron.db.ovn_revision_numbers_db [None req-a1714c97-6888-49f5-9e30-7431f15fa5a2 398415545c95413e9f9e9cc2f07cf971 3a66deec33ae48f09ea47dcd51a60d34 - - default default] Successfully bumped revision number for resource b34a5165-5677-4fde-b840-5f15ece8387b (type: security_group_rules) to 0
2026-07-21 08:02:23.922 7 INFO neutron.plugins.ml2.drivers.ovn.mech_driver.mech_driver [None req-ce5b736c-c639-4412-97ef-ab9d2024c462 - - - - - -] OVN reports status down for port: 7283fc6e-9dc4-4531-a03e-d8a2d82f1744
2026-07-21 08:02:23.927 7 INFO neutron.db.ovn_revision_numbers_db [None req-a1714c97-6888-49f5-9e30-7431f15fa5a2 398415545c95413e9f9e9cc2f07cf971 3a66deec33ae48f09ea47dcd51a60d34 - - default default] Successfully bumped revision number for resource ea602fa3-4ea8-4e98-886f-5f860afc38be (type: security_group_rules) to 0
2026-07-21 08:02:23.949 8 INFO neutron.db.ovn_revision_numbers_db [None req-ace9a8b8-64f6-47ae-a2e9-124abbb46254 13d7cd360f3841be9ea110b3d1019d48 96a0344047ec43509af03d42f939cae9 - - default default] Successfully bumped revision number for resource 7283fc6e-9dc4-4531-a03e-d8a2d82f1744 (type: ports) to 2 [pid: 7|app: 0|req: 640/1334] 10.0.0.153 () {32 vars in 774 bytes} [Tue Jul 21 08:02:23 2026] GET /v2.0/security-groups?tenant_id=94adc463814047ff9ffd57a70292b228&name=default => generated 2925 bytes in 392 msecs (HTTP/1.1 200) 4 headers in 158 bytes (1 switches on core 0) [pid: 8|app: 0|req: 695/1335] 10.0.0.153 () {34 vars in 737 bytes} [Tue Jul 21 08:02:23 2026] PUT /v2.0/ports/7283fc6e-9dc4-4531-a03e-d8a2d82f1744 => generated 752 bytes in 308 msecs (HTTP/1.1 200) 4 headers in 157 bytes (1 switches on core 0) /var/lib/openstack/lib/python3.12/site-packages/pycadf/identifier.py:70: UserWarning: Invalid uuid: neutron. To ensure interoperability, identifiers should be a valid uuid. warnings.warn(('Invalid uuid: %s. To ensure interoperability, ' [pid: 7|app: 0|req: 641/1336] 10.0.0.77 () {34 vars in 981 bytes} [Tue Jul 21 08:02:23 2026] GET /v2.0/networks?id=65c4d44f-c86b-4e8e-8707-a37b412d8895 => generated 718 bytes in 78 msecs (HTTP/1.1 200) 4 headers in 157 bytes (1 switches on core 0) [pid: 8|app: 0|req: 696/1337] 10.0.0.153 () {32 vars in 740 bytes} [Tue Jul 21 08:02:24 2026] DELETE /v2.0/security-groups/7633fa52-f4dc-4987-b328-71830dcbdc2e => generated 0 bytes in 262 msecs (HTTP/1.1 204) 2 headers in 112 bytes (1 switches on core 0) [pid: 7|app: 0|req: 642/1338] 10.0.0.153 () {32 vars in 740 bytes} [Tue Jul 21 08:02:24 2026] DELETE /v2.0/security-groups/c1a18ee8-7f3a-4fcf-95ca-14a3e706ce8d => generated 0 bytes in 278 msecs (HTTP/1.1 204) 2 headers in 112 bytes (1 switches on core 0) [pid: 7|app: 0|req: 643/1339] 10.0.0.77 () {34 vars in 964 bytes} [Tue Jul 21 08:02:24 2026] GET /v2.0/quotas/5214dfe1ca584ef5afa844e3a7c919a8 => generated 292 bytes in 16 msecs (HTTP/1.1 200) 4 headers in 157 bytes (1 switches on core 0)
2026-07-21 08:02:24.384 8 INFO neutron_taas.services.taas.taas_plugin [None req-5c42f7e0-83d5-4100-afd0-0620d6daff58 13d7cd360f3841be9ea110b3d1019d48 96a0344047ec43509af03d42f939cae9 - - default default] TaaS: Handle Delete Port: 7283fc6e-9dc4-4531-a03e-d8a2d82f1744
2026-07-21 08:02:24.387 8 INFO neutron_taas.services.taas.tap_mirror_plugin [None req-5c42f7e0-83d5-4100-afd0-0620d6daff58 13d7cd360f3841be9ea110b3d1019d48 96a0344047ec43509af03d42f939cae9 - - default default] Tap Mirror: Handle Delete Port: 7283fc6e-9dc4-4531-a03e-d8a2d82f1744
