2026-07-21 08:02:54.411 8 INFO neutron_taas.services.taas.tap_mirror_plugin [req-d627c151-c60c-4eca-9ee6-6a9f67419f88 req-b7ab8922-066c-4782-a797-bfee20b836d5 293456b9044b44bf8e8ac8eed8337e79 dbdb04110afc468090a7ace30d6d189d - - default default] Tap Mirror: Handle Delete Port: 9f59b26b-b199-4331-80dc-1ed4a66dc5c8 [pid: 8|app: 0|req: 809/1574] 199.19.213.186 () {36 vars in 997 bytes} [Tue Jul 21 08:02:54 2026] DELETE /v2.0/ports/9f59b26b-b199-4331-80dc-1ed4a66dc5c8 => generated 0 bytes in 350 msecs (HTTP/1.1 204) 3 headers in 131 bytes (1 switches on core 0)
2026-07-21 08:02:54.645 8 INFO neutron.notifiers.nova [-] Nova event matching ['req-94dc6e04-40e7-40d2-b2d3-eaa04719ab7a'] response: {'server_uuid': '9987e281-6d3d-474f-a0c7-4ca09a3255cf', 'name': 'network-vif-deleted', 'tag': '9f59b26b-b199-4331-80dc-1ed4a66dc5c8', 'status': 'completed', 'code': 200} [pid: 7|app: 0|req: 766/1575] 10.0.0.153 () {34 vars in 789 bytes} [Tue Jul 21 08:02:53 2026] PUT /v2.0/routers/4e6be5a9-fdff-46ca-8fd8-9542174c0ea8/remove_router_interface => generated 309 bytes in 1024 msecs (HTTP/1.1 200) 4 headers in 157 bytes (1 switches on core 0) /var/lib/openstack/lib/python3.12/site-packages/pycadf/identifier.py:70: UserWarning: Invalid uuid: neutron. To ensure interoperability, identifiers should be a valid uuid. warnings.warn(('Invalid uuid: %s. To ensure interoperability, '
2026-07-21 08:02:54.766 8 INFO neutron_taas.services.taas.taas_plugin [None req-98ea19af-51e3-421d-a162-b8e3d8446449 66e39f34c91546bfa0d47442652d6466 59ba1a8968ac4787851c22a2d6d38dbe - - default default] TaaS: Handle Delete Port: 47e810c0-d8d4-4dd6-8b58-a121f68eedd0
2026-07-21 08:02:54.769 8 INFO neutron_taas.services.taas.tap_mirror_plugin [None req-98ea19af-51e3-421d-a162-b8e3d8446449 66e39f34c91546bfa0d47442652d6466 59ba1a8968ac4787851c22a2d6d38dbe - - default default] Tap Mirror: Handle Delete Port: 47e810c0-d8d4-4dd6-8b58-a121f68eedd0
2026-07-21 08:02:54.973 8 INFO neutron.services.segments.plugin [-] Segment c570090a-aac5-47d6-adf4-6acd52f2d7d3 resource provider aggregate not found
2026-07-21 08:02:54.980 8 INFO neutron.services.segments.plugin [-] Segment c570090a-aac5-47d6-adf4-6acd52f2d7d3 resource provider aggregate not found
2026-07-21 08:02:54.998 8 INFO neutron.services.segments.plugin [-] Client error retrieving segment c570090a-aac5-47d6-adf4-6acd52f2d7d3 resource provider; error: Placement Client Error (4xx): {"errors": [{"status": 404, "title": "Not Found", "detail": "The resource could not be found.\n\n No resource provider with uuid c570090a-aac5-47d6-adf4-6acd52f2d7d3 found for delete ", "request_id": "req-5808f93d-1356-4270-82df-3cc21346cc8c"}]}
2026-07-21 08:02:54.999 7 INFO neutron.notifiers.nova [-] Nova event matching ['req-79776cba-eff4-48be-a4c1-80bceb427439'] response: {'server_uuid': '9987e281-6d3d-474f-a0c7-4ca09a3255cf', 'name': 'network-vif-unplugged', 'status': 'completed', 'tag': '9f59b26b-b199-4331-80dc-1ed4a66dc5c8', 'code': 200}
2026-07-21 08:02:55.005 8 INFO neutron.services.segments.plugin [-] Client error retrieving segment c570090a-aac5-47d6-adf4-6acd52f2d7d3 resource provider; error: Placement Client Error (4xx): {"errors": [{"status": 404, "title": "Not Found", "detail": "The resource could not be found.\n\n No resource provider with uuid c570090a-aac5-47d6-adf4-6acd52f2d7d3 found for delete ", "request_id": "req-9287d022-7df1-4fa4-adb1-42649947c43c"}]} [pid: 8|app: 0|req: 810/1576] 10.0.0.153 () {32 vars in 726 bytes} [Tue Jul 21 08:02:54 2026] DELETE /v2.0/networks/b75bf833-bbc6-41e6-9826-4552664d894b => generated 0 bytes in 460 msecs (HTTP/1.1 204) 3 headers in 131 bytes (1 switches on core 0) [pid: 8|app: 0|req: 811/1577] 10.0.0.77 () {34 vars in 989 bytes} [Tue Jul 21 08:02:55 2026] GET /v2.0/ports?device_id=9987e281-6d3d-474f-a0c7-4ca09a3255cf => generated 12 bytes in 17 msecs (HTTP/1.1 200) 4 headers in 156 bytes (1 switches on core 0)
2026-07-21 08:02:55.134 7 INFO neutron_taas.services.taas.taas_plugin [None req-9ec3e2dc-7643-4076-88ae-66ad0b539dab 398415545c95413e9f9e9cc2f07cf971 3a66deec33ae48f09ea47dcd51a60d34 - - default default] TaaS: Handle Delete Port: a4840ab2-d2a7-4455-b128-3f3dad6d4f92
2026-07-21 08:02:55.140 7 INFO neutron_taas.services.taas.tap_mirror_plugin [None req-9ec3e2dc-7643-4076-88ae-66ad0b539dab 398415545c95413e9f9e9cc2f07cf971 3a66deec33ae48f09ea47dcd51a60d34 - - default default] Tap Mirror: Handle Delete Port: a4840ab2-d2a7-4455-b128-3f3dad6d4f92
2026-07-21 08:02:55.211 8 INFO neutron_taas.services.taas.taas_plugin [None req-2a4a1925-bd37-48ab-9cc0-e26a8b823b71 66e39f34c91546bfa0d47442652d6466 59ba1a8968ac4787851c22a2d6d38dbe - - default default] TaaS: Handle Delete Port: 0e0c1f34-0a7d-498a-8277-1e0330091bb6
2026-07-21 08:02:55.214 8 INFO neutron_taas.services.taas.tap_mirror_plugin [None req-2a4a1925-bd37-48ab-9cc0-e26a8b823b71 66e39f34c91546bfa0d47442652d6466 59ba1a8968ac4787851c22a2d6d38dbe - - default default] Tap Mirror: Handle Delete Port: 0e0c1f34-0a7d-498a-8277-1e0330091bb6 [pid: 8|app: 0|req: 812/1578] 10.0.0.153 () {32 vars in 726 bytes} [Tue Jul 21 08:02:55 2026] DELETE /v2.0/networks/17ecd84c-4c24-4cbc-99b4-e9fba6807959 => generated 0 bytes in 437 msecs (HTTP/1.1 204) 3 headers in 131 bytes (1 switches on core 0) [pid: 8|app: 0|req: 813/1579] 10.0.0.10 () {32 vars in 801 bytes} [Tue Jul 21 08:02:55 2026] GET /v2.0/extensions => generated 20541 bytes in 112 msecs (HTTP/1.1 200) 4 headers in 159 bytes (1 switches on core 0) [pid: 7|app: 0|req: 767/1580] 10.0.0.153 () {32 vars in 724 bytes} [Tue Jul 21 08:02:54 2026] DELETE /v2.0/routers/4e6be5a9-fdff-46ca-8fd8-9542174c0ea8 => generated 0 bytes in 925 msecs (HTTP/1.1 204) 2 headers in 112 bytes (1 switches on core 0)
2026-07-21 08:02:55.759 8 INFO neutron_taas.services.taas.taas_plugin [None req-43102a41-b46f-48bc-b998-5d5d5abddfaf 66e39f34c91546bfa0d47442652d6466 59ba1a8968ac4787851c22a2d6d38dbe - - default default] TaaS: Handle Delete Port: eaf4ef36-cc6d-4927-a6fd-a906ad332e61
2026-07-21 08:02:55.762 8 INFO neutron_taas.services.taas.tap_mirror_plugin [None req-43102a41-b46f-48bc-b998-5d5d5abddfaf 66e39f34c91546bfa0d47442652d6466 59ba1a8968ac4787851c22a2d6d38dbe - - default default] Tap Mirror: Handle Delete Port: eaf4ef36-cc6d-4927-a6fd-a906ad332e61 [pid: 7|app: 0|req: 768/1581] 10.0.0.153 () {32 vars in 724 bytes} [Tue Jul 21 08:02:55 2026] DELETE /v2.0/subnets/fcb1f90c-5191-48f6-b2f6-baee918b9002 => generated 0 bytes in 191 msecs (HTTP/1.1 204) 3 headers in 131 bytes (1 switches on core 0) [pid: 7|app: 0|req: 769/1582] 10.0.0.10 () {30 vars in 723 bytes} [Tue Jul 21 08:02:55 2026] GET /v2.0/quotas/3155230dcd3a4da382e854843b9d45df/details => generated 847 bytes in 138 msecs (HTTP/1.1 200) 4 headers in 157 bytes (1 switches on core 0) [pid: 8|app: 0|req: 814/1583] 10.0.0.153 () {32 vars in 726 bytes} [Tue Jul 21 08:02:55 2026] DELETE /v2.0/networks/5b872e1b-1675-4358-812f-e78be7fc2dd1 => generated 0 bytes in 367 msecs (HTTP/1.1 204) 3 headers in 131 bytes (1 switches on core 0)
2026-07-21 08:02:56.101 7 INFO neutron_taas.services.taas.taas_plugin [None req-e8870698-16c6-4e8b-880d-22b5dd472d10 398415545c95413e9f9e9cc2f07cf971 3a66deec33ae48f09ea47dcd51a60d34 - - default default] TaaS: Handle Delete Port: 0e40de53-5da2-4867-8be1-c7181c43d9ee
2026-07-21 08:02:56.104 7 INFO neutron_taas.services.taas.tap_mirror_plugin [None req-e8870698-16c6-4e8b-880d-22b5dd472d10 398415545c95413e9f9e9cc2f07cf971 3a66deec33ae48f09ea47dcd51a60d34 - - default default] Tap Mirror: Handle Delete Port: 0e40de53-5da2-4867-8be1-c7181c43d9ee
2026-07-21 08:02:56.127 8 INFO neutron_taas.services.taas.taas_plugin [None req-c4f8bfab-987d-452f-8b05-50a4cc7a553c 66e39f34c91546bfa0d47442652d6466 59ba1a8968ac4787851c22a2d6d38dbe - - default default] TaaS: Handle Delete Port: e0f9396f-6a15-42c4-9eb5-116d8695fc71
2026-07-21 08:02:56.130 8 INFO neutron_taas.services.taas.tap_mirror_plugin [None req-c4f8bfab-987d-452f-8b05-50a4cc7a553c 66e39f34c91546bfa0d47442652d6466 59ba1a8968ac4787851c22a2d6d38dbe - - default default] Tap Mirror: Handle Delete Port: e0f9396f-6a15-42c4-9eb5-116d8695fc71
2026-07-21 08:02:56.327 7 INFO neutron.services.segments.plugin [-] Segment d77b89d5-f51a-4f94-ab81-0e9c46c7e7d1 resource provider aggregate not found
2026-07-21 08:02:56.330 7 INFO neutron.services.segments.plugin [-] Segment d77b89d5-f51a-4f94-ab81-0e9c46c7e7d1 resource provider aggregate not found
2026-07-21 08:02:56.350 7 INFO neutron.services.segments.plugin [-] Client error retrieving segment d77b89d5-f51a-4f94-ab81-0e9c46c7e7d1 resource provider; error: Placement Client Error (4xx): {"errors": [{"status": 404, "title": "Not Found", "detail": "The resource could not be found.\n\n No resource provider with uuid d77b89d5-f51a-4f94-ab81-0e9c46c7e7d1 found for delete ", "request_id": "req-23b7cab3-a726-46eb-a6e6-a4a96d167c5b"}]}
2026-07-21 08:02:56.370 7 INFO neutron.services.segments.plugin [-] Client error retrieving segment d77b89d5-f51a-4f94-ab81-0e9c46c7e7d1 resource provider; error: Placement Client Error (4xx): {"errors": [{"status": 404, "title": "Not Found", "detail": "The resource could not be found.\n\n No resource provider with uuid d77b89d5-f51a-4f94-ab81-0e9c46c7e7d1 found for delete ", "request_id": "req-c21a9af1-0642-44fe-88db-05e6232a4146"}]} [pid: 8|app: 0|req: 817/1586] 10.0.0.153 () {32 vars in 726 bytes} [Tue Jul 21 08:02:56 2026] DELETE /v2.0/networks/d2668cda-aef5-4293-b6cd-22badffdb8cb => generated 0 bytes in 387 msecs (HTTP/1.1 204) 3 headers in 131 bytes (1 switches on core 0) [pid: 7|app: 0|req: 770/1587] 10.0.0.153 () {32 vars in 726 bytes} [Tue Jul 21 08:02:55 2026] DELETE /v2.0/networks/65c4d44f-c86b-4e8e-8707-a37b412d8895 => generated 0 bytes in 412 msecs (HTTP/1.1 204) 3 headers in 131 bytes (1 switches on core 0) [pid: 8|app: 0|req: 818/1588] 10.0.0.77 () {34 vars in 989 bytes} [Tue Jul 21 08:02:56 2026] GET /v2.0/ports?device_id=9987e281-6d3d-474f-a0c7-4ca09a3255cf => generated 12 bytes in 27 msecs (HTTP/1.1 200) 4 headers in 156 bytes (1 switches on core 0) [pid: 7|app: 0|req: 771/1589] 10.0.0.153 () {32 vars in 774 bytes} [Tue Jul 21 08:02:56 2026] GET /v2.0/security-groups?tenant_id=5214dfe1ca584ef5afa844e3a7c919a8&name=default => generated 2925 bytes in 36 msecs (HTTP/1.1 200) 4 headers in 158 bytes (1 switches on core 0) [pid: 8|app: 0|req: 819/1590] 10.0.0.153 () {32 vars in 740 bytes} [Tue Jul 21 08:02:56 2026] DELETE /v2.0/security-groups/377ca2b6-a577-4203-b7f8-af5c0603a8fe => generated 0 bytes in 252 msecs (HTTP/1.1 204) 2 headers in 112 bytes (1 switches on core 0)
2026-07-21 08:02:57.020 8 INFO neutron.services.segments.plugin [-] Segment 4f2e77e8-f1d8-4230-bf99-39189e1c5897 resource provider aggregate not found
2026-07-21 08:02:57.026 8 INFO neutron.services.segments.plugin [-] Segment 4f2e77e8-f1d8-4230-bf99-39189e1c5897 resource provider aggregate not found
2026-07-21 08:02:57.037 8 INFO neutron.services.segments.plugin [-] Client error retrieving segment 4f2e77e8-f1d8-4230-bf99-39189e1c5897 resource provider; error: Placement Client Error (4xx): {"errors": [{"status": 404, "title": "Not Found", "detail": "The resource could not be found.\n\n No resource provider with uuid 4f2e77e8-f1d8-4230-bf99-39189e1c5897 found for delete ", "request_id": "req-5a50b39b-b28e-48ae-bf3c-f36bfcc118cd"}]}
2026-07-21 08:02:57.045 8 INFO neutron.services.segments.plugin [-] Client error retrieving segment 4f2e77e8-f1d8-4230-bf99-39189e1c5897 resource provider; error: Placement Client Error (4xx): {"errors": [{"status": 404, "title": "Not Found", "detail": "The resource could not be found.\n\n No resource provider with uuid 4f2e77e8-f1d8-4230-bf99-39189e1c5897 found for delete ", "request_id": "req-cfa50dac-d881-4d39-a9ea-097ffc09eb5f"}]}
2026-07-21 08:02:57.057 8 INFO neutron.services.segments.plugin [-] Segment 0cbdf5a8-3de2-441e-8df8-4828f276a5d8 resource provider aggregate not found
2026-07-21 08:02:57.061 8 INFO neutron.services.segments.plugin [-] Segment 0cbdf5a8-3de2-441e-8df8-4828f276a5d8 resource provider aggregate not found
2026-07-21 08:02:57.078 8 INFO neutron.services.segments.plugin [-] Client error retrieving segment 0cbdf5a8-3de2-441e-8df8-4828f276a5d8 resource provider; error: Placement Client Error (4xx): {"errors": [{"status": 404, "title": "Not Found", "detail": "The resource could not be found.\n\n No resource provider with uuid 0cbdf5a8-3de2-441e-8df8-4828f276a5d8 found for delete ", "request_id": "req-dea0cb74-d878-42b1-8461-eef34af0d54a"}]}
2026-07-21 08:02:57.081 8 INFO neutron.services.segments.plugin [-] Client error retrieving segment 0cbdf5a8-3de2-441e-8df8-4828f276a5d8 resource provider; error: Placement Client Error (4xx): {"errors": [{"status": 404, "title": "Not Found", "detail": "The resource could not be found.\n\n No resource provider with uuid 0cbdf5a8-3de2-441e-8df8-4828f276a5d8 found for delete ", "request_id": "req-debdd225-c978-4501-8fda-1bbc52e72566"}]}
2026-07-21 08:02:57.097 8 INFO neutron.services.segments.plugin [-] Segment fbc555c9-5c15-4386-be63-648a09153d8b resource provider aggregate not found
2026-07-21 08:02:57.097 8 INFO neutron.services.segments.plugin [-] Segment fbc555c9-5c15-4386-be63-648a09153d8b resource provider aggregate not found
2026-07-21 08:02:57.115 8 INFO neutron.services.segments.plugin [-] Client error retrieving segment fbc555c9-5c15-4386-be63-648a09153d8b resource provider; error: Placement Client Error (4xx): {"errors": [{"status": 404, "title": "Not Found", "detail": "The resource could not be found.\n\n No resource provider with uuid fbc555c9-5c15-4386-be63-648a09153d8b found for delete ", "request_id": "req-ffe4bded-ef63-4013-83d3-78c134567667"}]}
2026-07-21 08:02:57.121 8 INFO neutron.services.segments.plugin [-] Client error retrieving segment fbc555c9-5c15-4386-be63-648a09153d8b resource provider; error: Placement Client Error (4xx): {"errors": [{"status": 404, "title": "Not Found", "detail": "The resource could not be found.\n\n No resource provider with uuid fbc555c9-5c15-4386-be63-648a09153d8b found for delete ", "request_id": "req-e02ab284-3d9e-486f-952f-03b354a8ec43"}]} [pid: 7|app: 0|req: 772/1591] 10.0.0.153 () {32 vars in 774 bytes} [Tue Jul 21 08:02:56 2026] GET /v2.0/security-groups?tenant_id=59ba1a8968ac4787851c22a2d6d38dbe&name=default => generated 2925 bytes in 268 msecs (HTTP/1.1 200) 4 headers in 158 bytes (1 switches on core 0) [pid: 8|app: 0|req: 820/1592] 10.0.0.153 () {32 vars in 740 bytes} [Tue Jul 21 08:02:57 2026] DELETE /v2.0/security-groups/4fa4ecd0-59e5-4850-a243-d0fc83675889 => generated 0 bytes in 290 msecs (HTTP/1.1 204) 2 headers in 112 bytes (1 switches on core 0) [pid: 7|app: 0|req: 773/1593] 10.0.0.77 () {34 vars in 989 bytes} [Tue Jul 21 08:02:57 2026] GET /v2.0/ports?device_id=9987e281-6d3d-474f-a0c7-4ca09a3255cf => generated 12 bytes in 30 msecs (HTTP/1.1 200) 4 headers in 156 bytes (1 switches on core 0)
2026-07-21 08:02:58.957 8 INFO neutron.db.ovn_revision_numbers_db [None req-ba261c71-9d18-4d40-a42a-ae4569c2d5ca 398415545c95413e9f9e9cc2f07cf971 3a66deec33ae48f09ea47dcd51a60d34 - - default default] Successfully bumped revision number for resource d983f278-e53f-4d93-b6f5-e67af5deb8e7 (type: security_groups) to 1
2026-07-21 08:02:58.973 8 INFO neutron.db.ovn_revision_numbers_db [None req-ba261c71-9d18-4d40-a42a-ae4569c2d5ca 398415545c95413e9f9e9cc2f07cf971 3a66deec33ae48f09ea47dcd51a60d34 - - default default] Successfully bumped revision number for resource 16a30e7a-cd20-4c9c-8ce5-bb592d725cbd (type: security_group_rules) to 0
2026-07-21 08:02:59.007 8 INFO neutron.db.ovn_revision_numbers_db [None req-ba261c71-9d18-4d40-a42a-ae4569c2d5ca 398415545c95413e9f9e9cc2f07cf971 3a66deec33ae48f09ea47dcd51a60d34 - - default default] Successfully bumped revision number for resource 21167600-a7f6-47d9-ab05-ef4999723074 (type: security_group_rules) to 0
2026-07-21 08:02:59.023 8 INFO neutron.db.ovn_revision_numbers_db [None req-ba261c71-9d18-4d40-a42a-ae4569c2d5ca 398415545c95413e9f9e9cc2f07cf971 3a66deec33ae48f09ea47dcd51a60d34 - - default default] Successfully bumped revision number for resource 5f55eb24-8b36-456c-84ea-4d7d6f1dfab1 (type: security_group_rules) to 0
2026-07-21 08:02:59.037 8 INFO neutron.db.ovn_revision_numbers_db [None req-ba261c71-9d18-4d40-a42a-ae4569c2d5ca 398415545c95413e9f9e9cc2f07cf971 3a66deec33ae48f09ea47dcd51a60d34 - - default default] Successfully bumped revision number for resource f970b6f4-9bf4-40ab-8ab6-28bfb270cf7f (type: security_group_rules) to 0
2026-07-21 08:02:59.129 8 INFO neutron.db.segments_db [None req-ba261c71-9d18-4d40-a42a-ae4569c2d5ca 398415545c95413e9f9e9cc2f07cf971 3a66deec33ae48f09ea47dcd51a60d34 - - default default] Added segment e5ed32be-816a-4c5b-8db6-b40ec21c7dc0 of type geneve for network 007c92df-98e8-40f1-a7b6-4ef63437099d
2026-07-21 08:02:59.265 8 INFO neutron.db.ovn_revision_numbers_db [None req-ba261c71-9d18-4d40-a42a-ae4569c2d5ca 398415545c95413e9f9e9cc2f07cf971 3a66deec33ae48f09ea47dcd51a60d34 - - default default] Successfully bumped revision number for resource 007c92df-98e8-40f1-a7b6-4ef63437099d (type: networks) to 1 [pid: 7|app: 0|req: 774/1594] 10.0.0.10 () {32 vars in 801 bytes} [Tue Jul 21 08:02:59 2026] GET /v2.0/extensions => generated 20541 bytes in 9 msecs (HTTP/1.1 200) 4 headers in 159 bytes (1 switches on core 0)
2026-07-21 08:02:59.491 8 WARNING neutron.scheduler.dhcp_agent_scheduler [None req-ba261c71-9d18-4d40-a42a-ae4569c2d5ca 398415545c95413e9f9e9cc2f07cf971 3a66deec33ae48f09ea47dcd51a60d34 - - default default] No more DHCP agents
2026-07-21 08:02:59.492 8 WARNING neutron.api.rpc.agentnotifiers.dhcp_rpc_agent_api [None req-ba261c71-9d18-4d40-a42a-ae4569c2d5ca 398415545c95413e9f9e9cc2f07cf971 3a66deec33ae48f09ea47dcd51a60d34 - - default default] Unable to schedule network 007c92df-98e8-40f1-a7b6-4ef63437099d: no agents available; will retry on subsequent port and subnet creation events.
2026-07-21 08:02:59.566 7 INFO neutron.plugins.ml2.drivers.ovn.mech_driver.mech_driver [None req-d0962b2e-e4c0-47ca-8490-788d72ac2fad - - - - - -] OVN reports status down for port: 5f03cfe6-0ecd-4c91-93db-d6313a35a2b0
2026-07-21 08:02:59.590 8 INFO neutron.db.ovn_revision_numbers_db [None req-ba261c71-9d18-4d40-a42a-ae4569c2d5ca 398415545c95413e9f9e9cc2f07cf971 3a66deec33ae48f09ea47dcd51a60d34 - - default default] Successfully bumped revision number for resource 5f03cfe6-0ecd-4c91-93db-d6313a35a2b0 (type: ports) to 1 [pid: 8|app: 0|req: 821/1595] 10.0.0.153 () {34 vars in 671 bytes} [Tue Jul 21 08:02:58 2026] POST /v2.0/networks => generated 784 bytes in 929 msecs (HTTP/1.1 201) 4 headers in 162 bytes (1 switches on core 0) [pid: 7|app: 0|req: 775/1596] 10.0.0.10 () {30 vars in 723 bytes} [Tue Jul 21 08:02:59 2026] GET /v2.0/quotas/3155230dcd3a4da382e854843b9d45df/details => generated 847 bytes in 182 msecs (HTTP/1.1 200) 4 headers in 157 bytes (1 switches on core 0)
2026-07-21 08:02:59.782 8 WARNING neutron.scheduler.dhcp_agent_scheduler [None req-c3d781f3-2722-46b8-9d17-f6fa61aba0b5 398415545c95413e9f9e9cc2f07cf971 3a66deec33ae48f09ea47dcd51a60d34 - - default default] No more DHCP agents
2026-07-21 08:02:59.784 8 WARNING neutron.api.rpc.agentnotifiers.dhcp_rpc_agent_api [None req-c3d781f3-2722-46b8-9d17-f6fa61aba0b5 398415545c95413e9f9e9cc2f07cf971 3a66deec33ae48f09ea47dcd51a60d34 - - default default] Unable to schedule network 007c92df-98e8-40f1-a7b6-4ef63437099d: no agents available; will retry on subsequent port and subnet creation events.
2026-07-21 08:03:00.046 7 INFO neutron_taas.services.taas.taas_plugin [None req-0aa7e5c4-76fd-4933-a42c-ec814c3faf99 398415545c95413e9f9e9cc2f07cf971 3a66deec33ae48f09ea47dcd51a60d34 - - default default] TaaS: Handle Delete Port: b47e361a-bfe4-46b9-a11d-f8fd9b0dca4c
2026-07-21 08:03:00.048 7 INFO neutron_taas.services.taas.tap_mirror_plugin [None req-0aa7e5c4-76fd-4933-a42c-ec814c3faf99 398415545c95413e9f9e9cc2f07cf971 3a66deec33ae48f09ea47dcd51a60d34 - - default default] Tap Mirror: Handle Delete Port: b47e361a-bfe4-46b9-a11d-f8fd9b0dca4c
2026-07-21 08:03:00.196 8 INFO neutron.db.ovn_revision_numbers_db [None req-bff0b0a9-c348-412c-8a0d-ccd63e82dd52 - - - - - -] Successfully bumped revision number for resource 5f03cfe6-0ecd-4c91-93db-d6313a35a2b0 (type: ports) to 2
2026-07-21 08:03:00.232 8 INFO neutron.db.ovn_revision_numbers_db [None req-bff0b0a9-c348-412c-8a0d-ccd63e82dd52 - - - - - -] Successfully bumped revision number for resource e29fae93-9964-4a79-ba6c-194f3ea86511 (type: subnets) to 0 [pid: 8|app: 0|req: 822/1597] 10.0.0.153 () {34 vars in 669 bytes} [Tue Jul 21 08:02:59 2026] POST /v2.0/subnets => generated 690 bytes in 628 msecs (HTTP/1.1 201) 4 headers in 162 bytes (1 switches on core 0)
2026-07-21 08:03:00.734 8 WARNING neutron.scheduler.dhcp_agent_scheduler [None req-3f9eea47-3199-4414-957e-031cd44ae113 398415545c95413e9f9e9cc2f07cf971 3a66deec33ae48f09ea47dcd51a60d34 - - default default] No more DHCP agents
2026-07-21 08:03:00.736 8 WARNING neutron.api.rpc.agentnotifiers.dhcp_rpc_agent_api [None req-3f9eea47-3199-4414-957e-031cd44ae113 398415545c95413e9f9e9cc2f07cf971 3a66deec33ae48f09ea47dcd51a60d34 - - default default] Unable to schedule network c35e8e40-df00-48af-89ad-01b913d7caad: no agents available; will retry on subsequent port and subnet creation events. [pid: 7|app: 0|req: 776/1598] 10.0.0.153 () {34 vars in 789 bytes} [Tue Jul 21 08:02:59 2026] PUT /v2.0/routers/85ab4fc2-67bb-45e5-90fe-d6afe5b08d3c/remove_router_interface => generated 309 bytes in 1072 msecs (HTTP/1.1 200) 4 headers in 157 bytes (1 switches on core 0) /var/lib/openstack/lib/python3.12/site-packages/pycadf/identifier.py:70: UserWarning: Invalid uuid: neutron. To ensure interoperability, identifiers should be a valid uuid. warnings.warn(('Invalid uuid: %s. To ensure interoperability, '
2026-07-21 08:03:00.909 7 INFO neutron.plugins.ml2.drivers.ovn.mech_driver.mech_driver [None req-d0962b2e-e4c0-47ca-8490-788d72ac2fad - - - - - -] OVN reports status down for port: f146d248-6a54-4309-9eaa-878128ae8828
2026-07-21 08:03:00.915 8 INFO neutron.db.ovn_revision_numbers_db [None req-3f9eea47-3199-4414-957e-031cd44ae113 398415545c95413e9f9e9cc2f07cf971 3a66deec33ae48f09ea47dcd51a60d34 - - default default] Successfully bumped revision number for resource f146d248-6a54-4309-9eaa-878128ae8828 (type: ports) to 1
2026-07-21 08:03:01.385 7 INFO neutron_taas.services.taas.taas_plugin [None req-85c776c4-58e3-43a7-9116-d07bf8fc833d 398415545c95413e9f9e9cc2f07cf971 3a66deec33ae48f09ea47dcd51a60d34 - - default default] TaaS: Handle Delete Port: 8b76ee5d-e56b-43e8-b6d8-45035f19c125
2026-07-21 08:03:01.389 7 INFO neutron_taas.services.taas.tap_mirror_plugin [None req-85c776c4-58e3-43a7-9116-d07bf8fc833d 398415545c95413e9f9e9cc2f07cf971 3a66deec33ae48f09ea47dcd51a60d34 - - default default] Tap Mirror: Handle Delete Port: 8b76ee5d-e56b-43e8-b6d8-45035f19c125
2026-07-21 08:03:01.630 8 INFO neutron.plugins.ml2.drivers.ovn.mech_driver.ovsdb.commands [None req-e598239b-0166-46b5-a594-833d727d0308 - - - - - -] Schedule LRP lrp-f146d248-6a54-4309-9eaa-878128ae8828 on gateway 045db296-edf2-451e-bd50-df74ccffe088 with priority 1
2026-07-21 08:03:01.707 8 INFO neutron.db.ovn_revision_numbers_db [None req-3f9eea47-3199-4414-957e-031cd44ae113 398415545c95413e9f9e9cc2f07cf971 3a66deec33ae48f09ea47dcd51a60d34 - - default default] Successfully bumped revision number for resource f146d248-6a54-4309-9eaa-878128ae8828 (type: router_ports) to 1
2026-07-21 08:03:01.742 7 INFO neutron.plugins.ml2.drivers.ovn.mech_driver.mech_driver [None req-d0962b2e-e4c0-47ca-8490-788d72ac2fad - - - - - -] OVN reports status up for port: f146d248-6a54-4309-9eaa-878128ae8828
2026-07-21 08:03:01.779 7 INFO neutron.plugins.ml2.plugin [None req-d0962b2e-e4c0-47ca-8490-788d72ac2fad - - - - - -] Attempt 1 to provision port f146d248-6a54-4309-9eaa-878128ae8828
2026-07-21 08:03:01.794 8 INFO neutron.db.ovn_revision_numbers_db [None req-3f9eea47-3199-4414-957e-031cd44ae113 398415545c95413e9f9e9cc2f07cf971 3a66deec33ae48f09ea47dcd51a60d34 - - default default] Successfully bumped revision number for resource 4b0933f4-e1ed-4215-ba6c-dd4f1bcb4934 (type: routers) to 2
2026-07-21 08:03:01.805 7 INFO neutron.plugins.ml2.drivers.ovn.mech_driver.ovsdb.ovsdb_monitor [None req-11ac295e-1fe4-43e9-8929-5d9c5860209f - - - - - -] Router 4b0933f4-e1ed-4215-ba6c-dd4f1bcb4934 is bound to host instance [pid: 8|app: 0|req: 823/1599] 10.0.0.153 () {34 vars in 669 bytes} [Tue Jul 21 08:03:00 2026] POST /v2.0/routers => generated 968 bytes in 1562 msecs (HTTP/1.1 201) 4 headers in 162 bytes (1 switches on core 0) [pid: 7|app: 0|req: 777/1600] 10.0.0.153 () {32 vars in 724 bytes} [Tue Jul 21 08:03:00 2026] DELETE /v2.0/routers/85ab4fc2-67bb-45e5-90fe-d6afe5b08d3c => generated 0 bytes in 1402 msecs (HTTP/1.1 204) 2 headers in 112 bytes (1 switches on core 0)
2026-07-21 08:03:02.408 8 WARNING neutron.scheduler.dhcp_agent_scheduler [None req-f5c6498f-25ec-40de-a6e9-47b01186889b 398415545c95413e9f9e9cc2f07cf971 3a66deec33ae48f09ea47dcd51a60d34 - - default default] No more DHCP agents
2026-07-21 08:03:02.410 8 WARNING neutron.api.rpc.agentnotifiers.dhcp_rpc_agent_api [None req-f5c6498f-25ec-40de-a6e9-47b01186889b 398415545c95413e9f9e9cc2f07cf971 3a66deec33ae48f09ea47dcd51a60d34 - - default default] Unable to schedule network 007c92df-98e8-40f1-a7b6-4ef63437099d: no agents available; will retry on subsequent port and subnet creation events.
2026-07-21 08:03:02.583 8 INFO neutron.db.ovn_revision_numbers_db [None req-f5c6498f-25ec-40de-a6e9-47b01186889b 398415545c95413e9f9e9cc2f07cf971 3a66deec33ae48f09ea47dcd51a60d34 - - default default] Successfully bumped revision number for resource 84b820ae-2859-4a17-b702-f7948f74d576 (type: ports) to 1 [pid: 7|app: 0|req: 778/1601] 10.0.0.153 () {32 vars in 724 bytes} [Tue Jul 21 08:03:02 2026] DELETE /v2.0/subnets/7849492d-801f-462d-9d0a-78712c6ed4e0 => generated 0 bytes in 446 msecs (HTTP/1.1 204) 3 headers in 131 bytes (1 switches on core 0)
2026-07-21 08:03:02.970 7 INFO neutron_taas.services.taas.taas_plugin [None req-764495f6-eccf-4803-b4b1-bebb51539a3a 398415545c95413e9f9e9cc2f07cf971 3a66deec33ae48f09ea47dcd51a60d34 - - default default] TaaS: Handle Delete Port: 14d8683e-a715-4917-a3e1-6f53c2ff350a
2026-07-21 08:03:02.977 7 INFO neutron_taas.services.taas.tap_mirror_plugin [None req-764495f6-eccf-4803-b4b1-bebb51539a3a 398415545c95413e9f9e9cc2f07cf971 3a66deec33ae48f09ea47dcd51a60d34 - - default default] Tap Mirror: Handle Delete Port: 14d8683e-a715-4917-a3e1-6f53c2ff350a
2026-07-21 08:03:03.229 8 WARNING neutron.scheduler.dhcp_agent_scheduler [None req-f5c6498f-25ec-40de-a6e9-47b01186889b 398415545c95413e9f9e9cc2f07cf971 3a66deec33ae48f09ea47dcd51a60d34 - - default default] No more DHCP agents
2026-07-21 08:03:03.230 8 WARNING neutron.api.rpc.agentnotifiers.dhcp_rpc_agent_api [None req-f5c6498f-25ec-40de-a6e9-47b01186889b 398415545c95413e9f9e9cc2f07cf971 3a66deec33ae48f09ea47dcd51a60d34 - - default default] Unable to schedule network 007c92df-98e8-40f1-a7b6-4ef63437099d: no agents available; will retry on subsequent port and subnet creation events.
2026-07-21 08:03:03.390 7 INFO neutron.services.segments.plugin [-] Segment ebd8a67c-f9ae-4d50-ae0c-0b915d81ca94 resource provider aggregate not found
2026-07-21 08:03:03.395 7 INFO neutron.services.segments.plugin [-] Segment ebd8a67c-f9ae-4d50-ae0c-0b915d81ca94 resource provider aggregate not found
2026-07-21 08:03:03.426 7 INFO neutron.services.segments.plugin [-] Client error retrieving segment ebd8a67c-f9ae-4d50-ae0c-0b915d81ca94 resource provider; error: Placement Client Error (4xx): {"errors": [{"status": 404, "title": "Not Found", "detail": "The resource could not be found.\n\n No resource provider with uuid ebd8a67c-f9ae-4d50-ae0c-0b915d81ca94 found for delete ", "request_id": "req-30712a17-ff90-4340-a27b-cea6f9baf9cf"}]}
2026-07-21 08:03:03.431 7 INFO neutron.services.segments.plugin [-] Client error retrieving segment ebd8a67c-f9ae-4d50-ae0c-0b915d81ca94 resource provider; error: Placement Client Error (4xx): {"errors": [{"status": 404, "title": "Not Found", "detail": "The resource could not be found.\n\n No resource provider with uuid ebd8a67c-f9ae-4d50-ae0c-0b915d81ca94 found for delete ", "request_id": "req-55703a56-dfe0-43f1-b95b-52f88a0383a1"}]} [pid: 7|app: 0|req: 779/1602] 10.0.0.153 () {32 vars in 726 bytes} [Tue Jul 21 08:03:02 2026] DELETE /v2.0/networks/d919fc01-a756-4bac-8ced-a4cda9b2856e => generated 0 bytes in 815 msecs (HTTP/1.1 204) 3 headers in 131 bytes (1 switches on core 0)
2026-07-21 08:03:03.661 7 INFO neutron.db.ovn_revision_numbers_db [None req-2df020d3-ba87-4456-a9bb-8865c6478249 - - - - - -] Successfully bumped revision number for resource f146d248-6a54-4309-9eaa-878128ae8828 (type: ports) to 4
2026-07-21 08:03:03.837 8 INFO neutron.db.ovn_revision_numbers_db [None req-f5c6498f-25ec-40de-a6e9-47b01186889b 398415545c95413e9f9e9cc2f07cf971 3a66deec33ae48f09ea47dcd51a60d34 - - default default] Successfully bumped revision number for resource 84b820ae-2859-4a17-b702-f7948f74d576 (type: router_ports) to 1 [pid: 8|app: 0|req: 824/1603] 10.0.0.153 () {34 vars in 783 bytes} [Tue Jul 21 08:03:01 2026] PUT /v2.0/routers/4b0933f4-e1ed-4215-ba6c-dd4f1bcb4934/add_router_interface => generated 309 bytes in 2013 msecs (HTTP/1.1 200) 4 headers in 157 bytes (1 switches on core 0)
2026-07-21 08:03:04.167 8 INFO neutron.db.ovn_revision_numbers_db [None req-0266ddf6-67de-4d58-af58-e5140f9eb128 398415545c95413e9f9e9cc2f07cf971 3a66deec33ae48f09ea47dcd51a60d34 - - default default] Successfully bumped revision number for resource c7ec9f0a-3fe0-45d9-8833-37eb2f18e658 (type: security_groups) to 1
2026-07-21 08:03:04.181 8 INFO neutron.db.ovn_revision_numbers_db [None req-0266ddf6-67de-4d58-af58-e5140f9eb128 398415545c95413e9f9e9cc2f07cf971 3a66deec33ae48f09ea47dcd51a60d34 - - default default] Successfully bumped revision number for resource 17818a2d-25cb-4c0a-beb8-03ac758bf7f9 (type: security_group_rules) to 0
2026-07-21 08:03:04.192 7 INFO neutron.db.ovn_revision_numbers_db [None req-1282159e-b037-4a1c-ad61-11df56100033 398415545c95413e9f9e9cc2f07cf971 3a66deec33ae48f09ea47dcd51a60d34 - - default default] Successfully bumped revision number for resource 561cb9d9-95a5-4eaa-b145-c1afaa097c1d (type: security_groups) to 1
2026-07-21 08:03:04.200 8 INFO neutron.db.ovn_revision_numbers_db [None req-0266ddf6-67de-4d58-af58-e5140f9eb128 398415545c95413e9f9e9cc2f07cf971 3a66deec33ae48f09ea47dcd51a60d34 - - default default] Successfully bumped revision number for resource bad84f2d-1d85-4fd1-821d-57f8b5357ca5 (type: security_group_rules) to 0
2026-07-21 08:03:04.211 8 INFO neutron.db.ovn_revision_numbers_db [None req-0266ddf6-67de-4d58-af58-e5140f9eb128 398415545c95413e9f9e9cc2f07cf971 3a66deec33ae48f09ea47dcd51a60d34 - - default default] Successfully bumped revision number for resource e99e1497-6a70-479e-aba7-56f1cd220ea7 (type: security_group_rules) to 0
2026-07-21 08:03:04.221 7 INFO neutron.db.ovn_revision_numbers_db [None req-1282159e-b037-4a1c-ad61-11df56100033 398415545c95413e9f9e9cc2f07cf971 3a66deec33ae48f09ea47dcd51a60d34 - - default default] Successfully bumped revision number for resource 1c6f214a-adb9-4a03-a1c2-cfe3b62be0a0 (type: security_group_rules) to 0
2026-07-21 08:03:04.226 8 INFO neutron.db.ovn_revision_numbers_db [None req-0266ddf6-67de-4d58-af58-e5140f9eb128 398415545c95413e9f9e9cc2f07cf971 3a66deec33ae48f09ea47dcd51a60d34 - - default default] Successfully bumped revision number for resource ecb39d78-d4af-4dbc-9df8-783e3d33e27d (type: security_group_rules) to 0
2026-07-21 08:03:04.247 7 INFO neutron.db.ovn_revision_numbers_db [None req-1282159e-b037-4a1c-ad61-11df56100033 398415545c95413e9f9e9cc2f07cf971 3a66deec33ae48f09ea47dcd51a60d34 - - default default] Successfully bumped revision number for resource 4151c4cc-84bf-42a4-b36f-7a98cf4ae7b5 (type: security_group_rules) to 0 [pid: 8|app: 0|req: 825/1604] 10.0.0.153 () {32 vars in 774 bytes} [Tue Jul 21 08:03:03 2026] GET /v2.0/security-groups?tenant_id=3155230dcd3a4da382e854843b9d45df&name=default => generated 2925 bytes in 424 msecs (HTTP/1.1 200) 4 headers in 158 bytes (1 switches on core 0)
2026-07-21 08:03:04.281 7 INFO neutron.db.ovn_revision_numbers_db [None req-1282159e-b037-4a1c-ad61-11df56100033 398415545c95413e9f9e9cc2f07cf971 3a66deec33ae48f09ea47dcd51a60d34 - - default default] Successfully bumped revision number for resource 89cc2ed1-786d-4c6e-b51f-fe83607effff (type: security_group_rules) to 0 [pid: 8|app: 0|req: 826/1605] 10.0.0.153 () {32 vars in 774 bytes} [Tue Jul 21 08:03:04 2026] GET /v2.0/security-groups?tenant_id=dbdb04110afc468090a7ace30d6d189d&name=default => generated 2925 bytes in 35 msecs (HTTP/1.1 200) 4 headers in 158 bytes (1 switches on core 0)
2026-07-21 08:03:04.328 7 INFO neutron.db.ovn_revision_numbers_db [None req-1282159e-b037-4a1c-ad61-11df56100033 398415545c95413e9f9e9cc2f07cf971 3a66deec33ae48f09ea47dcd51a60d34 - - default default] Successfully bumped revision number for resource 9be1cb37-9067-4e94-b22b-6f410c0f72c8 (type: security_group_rules) to 0
2026-07-21 08:03:04.368 7 INFO neutron.plugins.ml2.drivers.ovn.mech_driver.mech_driver [None req-d0962b2e-e4c0-47ca-8490-788d72ac2fad - - - - - -] OVN reports status down for port: 84b820ae-2859-4a17-b702-f7948f74d576 [pid: 7|app: 0|req: 780/1606] 10.0.0.153 () {32 vars in 774 bytes} [Tue Jul 21 08:03:03 2026] GET /v2.0/security-groups?tenant_id=ab08e95a9fa74769a8a4899eee34909c&name=default => generated 2925 bytes in 1048 msecs (HTTP/1.1 200) 4 headers in 158 bytes (1 switches on core 0) [pid: 8|app: 0|req: 827/1607] 10.0.0.153 () {32 vars in 740 bytes} [Tue Jul 21 08:03:04 2026] DELETE /v2.0/security-groups/c7ec9f0a-3fe0-45d9-8833-37eb2f18e658 => generated 0 bytes in 282 msecs (HTTP/1.1 204) 2 headers in 112 bytes (1 switches on core 0)
2026-07-21 08:03:04.604 7 INFO neutron.plugins.ml2.drivers.ovn.mech_driver.mech_driver [None req-d0962b2e-e4c0-47ca-8490-788d72ac2fad - - - - - -] OVN reports status up for port: 84b820ae-2859-4a17-b702-f7948f74d576
2026-07-21 08:03:04.669 7 INFO neutron.plugins.ml2.plugin [None req-d0962b2e-e4c0-47ca-8490-788d72ac2fad - - - - - -] Attempt 1 to provision port 84b820ae-2859-4a17-b702-f7948f74d576
2026-07-21 08:03:04.764 7 INFO neutron.db.ovn_revision_numbers_db [None req-2df020d3-ba87-4456-a9bb-8865c6478249 - - - - - -] Successfully bumped revision number for resource f146d248-6a54-4309-9eaa-878128ae8828 (type: ports) to 5 [pid: 8|app: 0|req: 828/1608] 10.0.0.153 () {32 vars in 740 bytes} [Tue Jul 21 08:03:04 2026] DELETE /v2.0/security-groups/561cb9d9-95a5-4eaa-b145-c1afaa097c1d => generated 0 bytes in 255 msecs (HTTP/1.1 204) 2 headers in 112 bytes (1 switches on core 0)
2026-07-21 08:03:04.991 8 INFO neutron.db.ovn_revision_numbers_db [None req-10dd25e1-f02d-4d9f-8b28-f998833e9a10 777e9cabb282407a90535d8c315bef3a 4864692497dc46b8ae86ba0a5cf0beac - - default default] Successfully bumped revision number for resource ff709426-8b3c-4d76-b3d7-d5011c8a5c5a (type: security_groups) to 1
2026-07-21 08:03:05.013 8 INFO neutron.db.ovn_revision_numbers_db [None req-10dd25e1-f02d-4d9f-8b28-f998833e9a10 777e9cabb282407a90535d8c315bef3a 4864692497dc46b8ae86ba0a5cf0beac - - default default] Successfully bumped revision number for resource 26d6aad9-3528-4241-aaff-2488568f2224 (type: security_group_rules) to 0
2026-07-21 08:03:05.028 8 INFO neutron.db.ovn_revision_numbers_db [None req-10dd25e1-f02d-4d9f-8b28-f998833e9a10 777e9cabb282407a90535d8c315bef3a 4864692497dc46b8ae86ba0a5cf0beac - - default default] Successfully bumped revision number for resource d39f01d6-33be-4cc7-a4d3-8785bc8f5a16 (type: security_group_rules) to 0 [pid: 8|app: 0|req: 829/1609] 10.0.0.153 () {34 vars in 685 bytes} [Tue Jul 21 08:03:04 2026] POST /v2.0/security-groups => generated 1660 bytes in 232 msecs (HTTP/1.1 201) 4 headers in 163 bytes (1 switches on core 0)
2026-07-21 08:03:05.220 8 INFO neutron.db.ovn_revision_numbers_db [None req-b77c07cd-69f8-4f5f-b114-1dfc7f0ddf11 398415545c95413e9f9e9cc2f07cf971 3a66deec33ae48f09ea47dcd51a60d34 - - default default] Successfully bumped revision number for resource 2ce1f43c-b818-4f72-ac67-13ae7a6ca699 (type: security_groups) to 1
2026-07-21 08:03:05.232 8 INFO neutron.db.ovn_revision_numbers_db [None req-b77c07cd-69f8-4f5f-b114-1dfc7f0ddf11 398415545c95413e9f9e9cc2f07cf971 3a66deec33ae48f09ea47dcd51a60d34 - - default default] Successfully bumped revision number for resource 02bd772f-354e-486f-aede-6dfdf09a5741 (type: security_group_rules) to 0
2026-07-21 08:03:05.244 8 INFO neutron.db.ovn_revision_numbers_db [None req-b77c07cd-69f8-4f5f-b114-1dfc7f0ddf11 398415545c95413e9f9e9cc2f07cf971 3a66deec33ae48f09ea47dcd51a60d34 - - default default] Successfully bumped revision number for resource 0988da7a-ae81-4b7c-98b8-f3914d4b2609 (type: security_group_rules) to 0
2026-07-21 08:03:05.255 8 INFO neutron.db.ovn_revision_numbers_db [None req-b77c07cd-69f8-4f5f-b114-1dfc7f0ddf11 398415545c95413e9f9e9cc2f07cf971 3a66deec33ae48f09ea47dcd51a60d34 - - default default] Successfully bumped revision number for resource 61beeb1a-5883-4b79-93dc-4a8bfd956356 (type: security_group_rules) to 0
2026-07-21 08:03:05.266 8 INFO neutron.db.ovn_revision_numbers_db [None req-b77c07cd-69f8-4f5f-b114-1dfc7f0ddf11 398415545c95413e9f9e9cc2f07cf971 3a66deec33ae48f09ea47dcd51a60d34 - - default default] Successfully bumped revision number for resource 6902c00b-bbbd-46f2-bdd1-3eee1fa249a1 (type: security_group_rules) to 0 [pid: 8|app: 0|req: 830/1610] 10.0.0.153 () {32 vars in 774 bytes} [Tue Jul 21 08:03:05 2026] GET /v2.0/security-groups?tenant_id=b1e96833ac3348d0bb0c700423c7f230&name=default => generated 2925 bytes in 231 msecs (HTTP/1.1 200) 4 headers in 158 bytes (1 switches on core 0) [pid: 7|app: 0|req: 781/1611] 10.0.0.153 () {32 vars in 740 bytes} [Tue Jul 21 08:03:04 2026] DELETE /v2.0/security-groups/8e6da7d7-687b-4611-bbbe-68888d8792ca => generated 0 bytes in 799 msecs (HTTP/1.1 204) 2 headers in 112 bytes (1 switches on core 0)
2026-07-21 08:03:05.473 8 INFO neutron.db.ovn_revision_numbers_db [None req-53b1b9ab-6d28-42a0-bae5-60aa904ef87b 777e9cabb282407a90535d8c315bef3a 4864692497dc46b8ae86ba0a5cf0beac - - default default] Successfully bumped revision number for resource 49545c9c-d92f-462c-b3c2-2af7e4ac0c43 (type: security_group_rules) to 0 [pid: 8|app: 0|req: 831/1612] 10.0.0.153 () {34 vars in 695 bytes} [Tue Jul 21 08:03:05 2026] POST /v2.0/security-group-rules => generated 597 bytes in 217 msecs (HTTP/1.1 201) 4 headers in 162 bytes (1 switches on core 0)
2026-07-21 08:03:05.674 7 INFO neutron.db.ovn_revision_numbers_db [None req-d0962b2e-e4c0-47ca-8490-788d72ac2fad - - - - - -] Successfully bumped revision number for resource 84b820ae-2859-4a17-b702-f7948f74d576 (type: ports) to 2
2026-07-21 08:03:05.692 8 INFO neutron.db.ovn_revision_numbers_db [None req-d7694962-9327-43a9-bcae-164b021cef04 777e9cabb282407a90535d8c315bef3a 4864692497dc46b8ae86ba0a5cf0beac - - default default] Successfully bumped revision number for resource 8f39609e-ae82-4fc9-bd2e-ac6472a40fc4 (type: security_group_rules) to 0 [pid: 8|app: 0|req: 832/1613] 10.0.0.153 () {34 vars in 695 bytes} [Tue Jul 21 08:03:05 2026] POST /v2.0/security-group-rules => generated 602 bytes in 197 msecs (HTTP/1.1 201) 4 headers in 162 bytes (1 switches on core 0)
2026-07-21 08:03:05.901 7 INFO neutron.db.ovn_revision_numbers_db [None req-c16f2515-d91f-4f2e-9345-09d4225198fa - - - - - -] Successfully bumped revision number for resource 84b820ae-2859-4a17-b702-f7948f74d576 (type: router_ports) to 2 [pid: 7|app: 0|req: 782/1614] 10.0.0.153 () {32 vars in 740 bytes} [Tue Jul 21 08:03:05 2026] DELETE /v2.0/security-groups/2ce1f43c-b818-4f72-ac67-13ae7a6ca699 => generated 0 bytes in 552 msecs (HTTP/1.1 204) 2 headers in 112 bytes (1 switches on core 0)
2026-07-21 08:03:05.999 8 WARNING neutron.scheduler.dhcp_agent_scheduler [None req-bb4d8afd-b2a0-4b4d-a6cf-ffd1ca50a280 777e9cabb282407a90535d8c315bef3a 4864692497dc46b8ae86ba0a5cf0beac - - default default] No more DHCP agents
2026-07-21 08:03:06.001 8 WARNING neutron.api.rpc.agentnotifiers.dhcp_rpc_agent_api [None req-bb4d8afd-b2a0-4b4d-a6cf-ffd1ca50a280 777e9cabb282407a90535d8c315bef3a 4864692497dc46b8ae86ba0a5cf0beac - - default default] Unable to schedule network c35e8e40-df00-48af-89ad-01b913d7caad: no agents available; will retry on subsequent port and subnet creation events. [pid: 8|app: 0|req: 833/1615] 10.0.0.153 () {34 vars in 676 bytes} [Tue Jul 21 08:03:05 2026] POST /v2.0/floatingips => generated 552 bytes in 634 msecs (HTTP/1.1 201) 4 headers in 162 bytes (1 switches on core 0) [pid: 7|app: 0|req: 783/1616] 10.0.0.77 () {34 vars in 1097 bytes} [Tue Jul 21 08:03:06 2026] GET /v2.0/security-groups?name=tempest-securitygroup--295356555&fields=id&tenant_id=4864692497dc46b8ae86ba0a5cf0beac => generated 69 bytes in 38 msecs (HTTP/1.1 200) 4 headers in 156 bytes (1 switches on core 0) [pid: 8|app: 0|req: 834/1617] 10.0.0.77 () {34 vars in 981 bytes} [Tue Jul 21 08:03:06 2026] GET /v2.0/networks?id=007c92df-98e8-40f1-a7b6-4ef63437099d => generated 713 bytes in 58 msecs (HTTP/1.1 200) 4 headers in 157 bytes (1 switches on core 0) [pid: 7|app: 0|req: 784/1618] 10.0.0.77 () {34 vars in 964 bytes} [Tue Jul 21 08:03:06 2026] GET /v2.0/quotas/4864692497dc46b8ae86ba0a5cf0beac => generated 292 bytes in 17 msecs (HTTP/1.1 200) 4 headers in 157 bytes (1 switches on core 0) [pid: 8|app: 0|req: 835/1619] 10.0.0.77 () {34 vars in 1001 bytes} [Tue Jul 21 08:03:06 2026] GET /v2.0/ports?tenant_id=4864692497dc46b8ae86ba0a5cf0beac&fields=id => generated 103 bytes in 85 msecs (HTTP/1.1 200) 4 headers in 157 bytes (1 switches on core 0) [pid: 7|app: 0|req: 785/1620] 10.0.0.77 () {34 vars in 1007 bytes} [Tue Jul 21 08:03:07 2026] GET /v2.0/networks/007c92df-98e8-40f1-a7b6-4ef63437099d?fields=segments => generated 14 bytes in 47 msecs (HTTP/1.1 200) 4 headers in 156 bytes (1 switches on core 0) [pid: 8|app: 0|req: 836/1621] 10.0.0.77 () {34 vars in 1107 bytes} [Tue Jul 21 08:03:07 2026] GET /v2.0/networks/007c92df-98e8-40f1-a7b6-4ef63437099d?fields=provider%3Aphysical_network&fields=provider%3Anetwork_type => generated 79 bytes in 50 msecs (HTTP/1.1 200) 4 headers in 156 bytes (1 switches on core 0) [pid: 7|app: 0|req: 786/1622] 10.0.0.77 () {34 vars in 989 bytes} [Tue Jul 21 08:03:07 2026] GET /v2.0/ports?device_id=185909de-931f-4ccb-82f0-13dd29ec5f21 => generated 12 bytes in 28 msecs (HTTP/1.1 200) 4 headers in 156 bytes (1 switches on core 0) [pid: 8|app: 0|req: 837/1623] 10.0.0.77 () {34 vars in 989 bytes} [Tue Jul 21 08:03:08 2026] GET /v2.0/ports?device_id=185909de-931f-4ccb-82f0-13dd29ec5f21 => generated 12 bytes in 26 msecs (HTTP/1.1 200) 4 headers in 156 bytes (1 switches on core 0) [pid: 7|app: 0|req: 787/1624] 10.0.0.153 () {34 vars in 678 bytes} [Tue Jul 21 08:03:09 2026] POST /v2.0/qos/policies => generated 359 bytes in 306 msecs (HTTP/1.1 201) 4 headers in 162 bytes (1 switches on core 0) [pid: 7|app: 0|req: 788/1625] 10.0.0.153 () {34 vars in 678 bytes} [Tue Jul 21 08:03:09 2026] POST /v2.0/qos/policies => generated 359 bytes in 57 msecs (HTTP/1.1 201) 4 headers in 162 bytes (1 switches on core 0)
2026-07-21 08:03:09.440 8 INFO neutron.db.ovn_revision_numbers_db [None req-520c7725-cf70-4e67-a142-1051b64610db 9e5e7a2cf1d8401488011cacaed7ad25 ef9e88637c864ea5b3c71a6aab47a4c4 - - default default] Successfully bumped revision number for resource 51be7c9a-7eb8-43a8-82cc-3a8fca0e9e42 (type: security_groups) to 1 [pid: 7|app: 0|req: 789/1626] 10.0.0.153 () {34 vars in 678 bytes} [Tue Jul 21 08:03:09 2026] POST /v2.0/qos/policies => generated 359 bytes in 73 msecs (HTTP/1.1 201) 4 headers in 162 bytes (1 switches on core 0)
2026-07-21 08:03:09.455 8 INFO neutron.db.ovn_revision_numbers_db [None req-520c7725-cf70-4e67-a142-1051b64610db 9e5e7a2cf1d8401488011cacaed7ad25 ef9e88637c864ea5b3c71a6aab47a4c4 - - default default] Successfully bumped revision number for resource 5944a55a-0560-4a70-8f24-10b7c40fa476 (type: security_group_rules) to 0
2026-07-21 08:03:09.471 8 INFO neutron.db.ovn_revision_numbers_db [None req-520c7725-cf70-4e67-a142-1051b64610db 9e5e7a2cf1d8401488011cacaed7ad25 ef9e88637c864ea5b3c71a6aab47a4c4 - - default default] Successfully bumped revision number for resource 6b6cb08f-a327-453b-94a7-186a35d07832 (type: security_group_rules) to 0
2026-07-21 08:03:09.484 8 INFO neutron.db.ovn_revision_numbers_db [None req-520c7725-cf70-4e67-a142-1051b64610db 9e5e7a2cf1d8401488011cacaed7ad25 ef9e88637c864ea5b3c71a6aab47a4c4 - - default default] Successfully bumped revision number for resource a864585d-267a-4de0-a24b-ae2841b2ffcc (type: security_group_rules) to 0
2026-07-21 08:03:09.501 8 INFO neutron.db.ovn_revision_numbers_db [None req-520c7725-cf70-4e67-a142-1051b64610db 9e5e7a2cf1d8401488011cacaed7ad25 ef9e88637c864ea5b3c71a6aab47a4c4 - - default default] Successfully bumped revision number for resource e8301c9a-816f-4a71-8be4-8f80f5cbde85 (type: security_group_rules) to 0 [pid: 7|app: 0|req: 790/1627] 10.0.0.153 () {34 vars in 678 bytes} [Tue Jul 21 08:03:09 2026] POST /v2.0/qos/policies => generated 359 bytes in 59 msecs (HTTP/1.1 201) 4 headers in 162 bytes (1 switches on core 0) [pid: 7|app: 0|req: 791/1628] 10.0.0.77 () {34 vars in 989 bytes} [Tue Jul 21 08:03:09 2026] GET /v2.0/ports?device_id=185909de-931f-4ccb-82f0-13dd29ec5f21 => generated 12 bytes in 20 msecs (HTTP/1.1 200) 4 headers in 156 bytes (1 switches on core 0) [pid: 7|app: 0|req: 792/1629] 10.0.0.153 () {34 vars in 678 bytes} [Tue Jul 21 08:03:09 2026] POST /v2.0/qos/policies => generated 359 bytes in 47 msecs (HTTP/1.1 201) 4 headers in 162 bytes (1 switches on core 0)
2026-07-21 08:03:09.603 8 INFO neutron.db.segments_db [None req-520c7725-cf70-4e67-a142-1051b64610db 9e5e7a2cf1d8401488011cacaed7ad25 ef9e88637c864ea5b3c71a6aab47a4c4 - - default default] Added segment 2800908c-50fa-4045-8027-323bfbf68d4d of type geneve for network d09997c5-1822-4869-8373-1516d6a627c4 [pid: 7|app: 0|req: 793/1630] 10.0.0.153 () {34 vars in 753 bytes} [Tue Jul 21 08:03:09 2026] PUT /v2.0/policies/feecdafe-e9c7-4e4d-a965-2bb40540f122/tags => generated 17 bytes in 48 msecs (HTTP/1.1 200) 4 headers in 156 bytes (1 switches on core 0) [pid: 7|app: 0|req: 794/1631] 10.0.0.153 () {34 vars in 753 bytes} [Tue Jul 21 08:03:09 2026] PUT /v2.0/policies/1a43781b-add9-46e0-9c67-0faaa1a9ff28/tags => generated 25 bytes in 56 msecs (HTTP/1.1 200) 4 headers in 156 bytes (1 switches on core 0)
2026-07-21 08:03:09.725 8 INFO neutron.db.ovn_revision_numbers_db [None req-520c7725-cf70-4e67-a142-1051b64610db 9e5e7a2cf1d8401488011cacaed7ad25 ef9e88637c864ea5b3c71a6aab47a4c4 - - default default] Successfully bumped revision number for resource d09997c5-1822-4869-8373-1516d6a627c4 (type: networks) to 1 [pid: 7|app: 0|req: 795/1632] 10.0.0.153 () {34 vars in 753 bytes} [Tue Jul 21 08:03:09 2026] PUT /v2.0/policies/7469efdf-1bcb-43cc-858f-1dece1423b4f/tags => generated 34 bytes in 53 msecs (HTTP/1.1 200) 4 headers in 156 bytes (1 switches on core 0) [pid: 7|app: 0|req: 796/1633] 10.0.0.153 () {34 vars in 753 bytes} [Tue Jul 21 08:03:09 2026] PUT /v2.0/policies/b466930e-e94c-4d9e-9fec-dca3296dd123/tags => generated 19 bytes in 41 msecs (HTTP/1.1 200) 4 headers in 156 bytes (1 switches on core 0)
2026-07-21 08:03:09.920 8 WARNING neutron.scheduler.dhcp_agent_scheduler [None req-520c7725-cf70-4e67-a142-1051b64610db 9e5e7a2cf1d8401488011cacaed7ad25 ef9e88637c864ea5b3c71a6aab47a4c4 - - default default] No more DHCP agents
2026-07-21 08:03:09.922 8 WARNING neutron.api.rpc.agentnotifiers.dhcp_rpc_agent_api [None req-520c7725-cf70-4e67-a142-1051b64610db 9e5e7a2cf1d8401488011cacaed7ad25 ef9e88637c864ea5b3c71a6aab47a4c4 - - default default] Unable to schedule network d09997c5-1822-4869-8373-1516d6a627c4: no agents available; will retry on subsequent port and subnet creation events.
2026-07-21 08:03:09.993 7 INFO neutron.plugins.ml2.drivers.ovn.mech_driver.mech_driver [None req-c16f2515-d91f-4f2e-9345-09d4225198fa - - - - - -] OVN reports status down for port: 1efd6a64-1e65-425d-94a4-ee543105921d
2026-07-21 08:03:10.016 8 INFO neutron.db.ovn_revision_numbers_db [None req-520c7725-cf70-4e67-a142-1051b64610db 9e5e7a2cf1d8401488011cacaed7ad25 ef9e88637c864ea5b3c71a6aab47a4c4 - - default default] Successfully bumped revision number for resource 1efd6a64-1e65-425d-94a4-ee543105921d (type: ports) to 1 [pid: 8|app: 0|req: 838/1634] 10.0.0.153 () {34 vars in 671 bytes} [Tue Jul 21 08:03:09 2026] POST /v2.0/networks => generated 670 bytes in 970 msecs (HTTP/1.1 201) 4 headers in 162 bytes (1 switches on core 0)
2026-07-21 08:03:10.177 7 WARNING neutron.scheduler.dhcp_agent_scheduler [None req-1b967019-b7e6-45f8-adb6-16f77d99dfeb 20e1457a659b4e16a6253d8e8dba1ee0 6777b2464ee540998165c90868a17174 - - default default] No more DHCP agents
2026-07-21 08:03:10.178 7 WARNING neutron.api.rpc.agentnotifiers.dhcp_rpc_agent_api [None req-1b967019-b7e6-45f8-adb6-16f77d99dfeb 20e1457a659b4e16a6253d8e8dba1ee0 6777b2464ee540998165c90868a17174 - - default default] Unable to schedule network c35e8e40-df00-48af-89ad-01b913d7caad: no agents available; will retry on subsequent port and subnet creation events. [pid: 7|app: 0|req: 797/1635] 10.0.0.153 () {34 vars in 676 bytes} [Tue Jul 21 08:03:09 2026] POST /v2.0/floatingips => generated 552 bytes in 687 msecs (HTTP/1.1 201) 4 headers in 162 bytes (1 switches on core 0)
2026-07-21 08:03:10.547 8 WARNING neutron.scheduler.dhcp_agent_scheduler [None req-7340d886-b567-4afe-887d-4085a1d9d28c 9e5e7a2cf1d8401488011cacaed7ad25 ef9e88637c864ea5b3c71a6aab47a4c4 - - default default] No more DHCP agents
