+ COMMAND=start + start + for KEYSTONE_WSGI_SCRIPT in keystone-wsgi-public ++ type -p keystone-wsgi-public + cp -a /var/lib/openstack/bin/keystone-wsgi-public /var/www/cgi-bin/keystone/ + '[' -f /etc/apache2/envvars ']' + source /etc/apache2/envvars ++ unset HOME ++ '[' '' '!=' '' ']' ++ SUFFIX= ++ export APACHE_RUN_USER=www-data ++ APACHE_RUN_USER=www-data ++ export APACHE_RUN_GROUP=www-data ++ APACHE_RUN_GROUP=www-data ++ export APACHE_PID_FILE=/var/run/apache2/apache2.pid ++ APACHE_PID_FILE=/var/run/apache2/apache2.pid ++ export APACHE_RUN_DIR=/var/run/apache2 ++ APACHE_RUN_DIR=/var/run/apache2 ++ export APACHE_LOCK_DIR=/var/lock/apache2 ++ APACHE_LOCK_DIR=/var/lock/apache2 ++ export APACHE_LOG_DIR=/var/log/apache2 ++ APACHE_LOG_DIR=/var/log/apache2 ++ export LANG=C ++ LANG=C ++ export LANG + '[' -f /var/run/apache2/apache2.pid ']' + exec apache2 -DFOREGROUND AH00558: apache2: Could not reliably determine the server's fully qualified domain name, using 10.0.0.22. Set the 'ServerName' directive globally to suppress this message AH00558: apache2: Could not reliably determine the server's fully qualified domain name, using 10.0.0.22. Set the 'ServerName' directive globally to suppress this message
[Tue Jul 14 17:42:47.834848 2026] [mpm_event:notice] [pid 1:tid 139846147065728] AH00489: Apache/2.4.58 (Ubuntu) mod_wsgi/5.0.0 Python/3.12 configured -- resuming normal operations
[Tue Jul 14 17:42:47.835001 2026] [core:notice] [pid 1:tid 139846147065728] AH00094: Command line: 'apache2 -D FOREGROUND'
[Tue Jul 14 17:43:44.684192 2026] [wsgi:error] [pid 9:tid 139845509244608] /var/lib/openstack/lib/python3.12/site-packages/oslo_utils/importutils.py:77: EventletDeprecationWarning:
[Tue Jul 14 17:43:44.684247 2026] [wsgi:error] [pid 9:tid 139845509244608] Eventlet is deprecated. It is currently being maintained in bugfix mode, and
[Tue Jul 14 17:43:44.684250 2026] [wsgi:error] [pid 9:tid 139845509244608] we strongly recommend against using it for new projects.
[Tue Jul 14 17:43:44.684251 2026] [wsgi:error] [pid 9:tid 139845509244608]
[Tue Jul 14 17:43:44.684253 2026] [wsgi:error] [pid 9:tid 139845509244608] If you are already using Eventlet, we recommend migrating to a different
[Tue Jul 14 17:43:44.684254 2026] [wsgi:error] [pid 9:tid 139845509244608] framework. For more detail see
[Tue Jul 14 17:43:44.684256 2026] [wsgi:error] [pid 9:tid 139845509244608] https://eventlet.readthedocs.io/en/latest/asyncio/migration.html
[Tue Jul 14 17:43:44.684257 2026] [wsgi:error] [pid 9:tid 139845509244608]
[Tue Jul 14 17:43:44.684258 2026] [wsgi:error] [pid 9:tid 139845509244608] __import__(import_str)
[Tue Jul 14 17:43:44.694517 2026] [wsgi:error] [pid 12:tid 139845509244608] /var/lib/openstack/lib/python3.12/site-packages/oslo_utils/importutils.py:77: EventletDeprecationWarning:
[Tue Jul 14 17:43:44.694578 2026] [wsgi:error] [pid 12:tid 139845509244608] Eventlet is deprecated. It is currently being maintained in bugfix mode, and
[Tue Jul 14 17:43:44.694580 2026] [wsgi:error] [pid 12:tid 139845509244608] we strongly recommend against using it for new projects.
[Tue Jul 14 17:43:44.694582 2026] [wsgi:error] [pid 12:tid 139845509244608]
[Tue Jul 14 17:43:44.694583 2026] [wsgi:error] [pid 12:tid 139845509244608] If you are already using Eventlet, we recommend migrating to a different
[Tue Jul 14 17:43:44.694584 2026] [wsgi:error] [pid 12:tid 139845509244608] framework. For more detail see
[Tue Jul 14 17:43:44.694585 2026] [wsgi:error] [pid 12:tid 139845509244608] https://eventlet.readthedocs.io/en/latest/asyncio/migration.html
[Tue Jul 14 17:43:44.694586 2026] [wsgi:error] [pid 12:tid 139845509244608]
[Tue Jul 14 17:43:44.694587 2026] [wsgi:error] [pid 12:tid 139845509244608] __import__(import_str) 10.0.0.216 - - [14/Jul/2026:17:43:43 +0000] "GET /v3/ HTTP/1.1" 200 249 10.0.0.216 - - [14/Jul/2026:17:43:43 +0000] "GET /v3/ HTTP/1.1" 200 249
[Tue Jul 14 17:43:58.361531 2026] [wsgi:error] [pid 11:tid 139845509244608] /var/lib/openstack/lib/python3.12/site-packages/oslo_utils/importutils.py:77: EventletDeprecationWarning:
[Tue Jul 14 17:43:58.361576 2026] [wsgi:error] [pid 11:tid 139845509244608] Eventlet is deprecated. It is currently being maintained in bugfix mode, and
[Tue Jul 14 17:43:58.361578 2026] [wsgi:error] [pid 11:tid 139845509244608] we strongly recommend against using it for new projects.
[Tue Jul 14 17:43:58.361579 2026] [wsgi:error] [pid 11:tid 139845509244608]
[Tue Jul 14 17:43:58.361580 2026] [wsgi:error] [pid 11:tid 139845509244608] If you are already using Eventlet, we recommend migrating to a different
[Tue Jul 14 17:43:58.361581 2026] [wsgi:error] [pid 11:tid 139845509244608] framework. For more detail see
[Tue Jul 14 17:43:58.361582 2026] [wsgi:error] [pid 11:tid 139845509244608] https://eventlet.readthedocs.io/en/latest/asyncio/migration.html
[Tue Jul 14 17:43:58.361584 2026] [wsgi:error] [pid 11:tid 139845509244608]
[Tue Jul 14 17:43:58.361585 2026] [wsgi:error] [pid 11:tid 139845509244608] __import__(import_str) 10.0.0.25 - - [14/Jul/2026:17:43:57 +0000] "GET / HTTP/1.1" 300 295
[Tue Jul 14 17:44:04.556536 2026] [wsgi:error] [pid 10:tid 139845509244608] /var/lib/openstack/lib/python3.12/site-packages/oslo_utils/importutils.py:77: EventletDeprecationWarning:
[Tue Jul 14 17:44:04.556580 2026] [wsgi:error] [pid 10:tid 139845509244608] Eventlet is deprecated. It is currently being maintained in bugfix mode, and
[Tue Jul 14 17:44:04.556582 2026] [wsgi:error] [pid 10:tid 139845509244608] we strongly recommend against using it for new projects.
[Tue Jul 14 17:44:04.556583 2026] [wsgi:error] [pid 10:tid 139845509244608]
[Tue Jul 14 17:44:04.556584 2026] [wsgi:error] [pid 10:tid 139845509244608] If you are already using Eventlet, we recommend migrating to a different
[Tue Jul 14 17:44:04.556585 2026] [wsgi:error] [pid 10:tid 139845509244608] framework. For more detail see
[Tue Jul 14 17:44:04.556587 2026] [wsgi:error] [pid 10:tid 139845509244608] https://eventlet.readthedocs.io/en/latest/asyncio/migration.html
[Tue Jul 14 17:44:04.556588 2026] [wsgi:error] [pid 10:tid 139845509244608]
[Tue Jul 14 17:44:04.556589 2026] [wsgi:error] [pid 10:tid 139845509244608] __import__(import_str)
[Tue Jul 14 17:44:09.930790 2026] [wsgi:error] [pid 10:tid 139845509244608] [remote 10.0.0.25:55586] 2026-07-14 17:44:09.927 10 WARNING keystone.identity.core [None req-3d17a17a-002e-4251-a387-21534bd0a4d9 - - - - - -] Invalid domain name (atmosphere) found in config file name: keystone.exception.DomainNotFound: Could not find domain: atmosphere.
[Tue Jul 14 17:44:09.997504 2026] [wsgi:error] [pid 10:tid 139845509244608] [remote 10.0.0.25:55586] 2026-07-14 17:44:09.996 10 WARNING keystone.common.password_hashing [None req-3d17a17a-002e-4251-a387-21534bd0a4d9 - - - - - -] Truncating password to algorithm specific maximum length 72 characters.
[Tue Jul 14 17:44:10.307165 2026] [wsgi:error] [pid 10:tid 139845509244608] [remote 10.0.0.25:55586] 2026-07-14 17:44:10.306 10 WARNING keystone.common.fernet_utils [None req-3d17a17a-002e-4251-a387-21534bd0a4d9 - - - - - -] key_repository is world readable: /etc/keystone/fernet-keys/ 10.0.0.25 - - [14/Jul/2026:17:44:03 +0000] "POST /v3/auth/tokens HTTP/1.1" 201 1360
[Tue Jul 14 17:44:10.693601 2026] [wsgi:error] [pid 9:tid 139845509244608] [remote 10.0.0.25:55586] 2026-07-14 17:44:10.690 9 WARNING keystone.identity.core [None req-7054c4b3-5e47-4740-814e-3707a5aebedf - - - - - -] Invalid domain name (atmosphere) found in config file name: keystone.exception.DomainNotFound: Could not find domain: atmosphere. 10.0.0.25 - - [14/Jul/2026:17:44:10 +0000] "POST /v3/domains HTTP/1.1" 201 261 10.0.0.230 - - [14/Jul/2026:17:44:22 +0000] "GET / HTTP/1.1" 300 295
[Tue Jul 14 17:44:23.277186 2026] [wsgi:error] [pid 11:tid 139845509244608] [remote 10.0.0.230:44272] 2026-07-14 17:44:23.276 11 WARNING keystone.common.password_hashing [None req-23ce8ba6-07f2-4253-af60-65e4ebaf77e7 - - - - - -] Truncating password to algorithm specific maximum length 72 characters.
[Tue Jul 14 17:44:23.558806 2026] [wsgi:error] [pid 11:tid 139845509244608] [remote 10.0.0.230:44272] 2026-07-14 17:44:23.558 11 WARNING keystone.common.fernet_utils [None req-23ce8ba6-07f2-4253-af60-65e4ebaf77e7 - - - - - -] key_repository is world readable: /etc/keystone/fernet-keys/ 10.0.0.230 - - [14/Jul/2026:17:44:22 +0000] "POST /v3/auth/tokens HTTP/1.1" 201 1360 10.0.0.230 - - [14/Jul/2026:17:44:23 +0000] "GET /v3/roles/admin HTTP/1.1" 404 83
[Tue Jul 14 17:44:23.858139 2026] [wsgi:error] [pid 9:tid 139845509244608] [remote 10.0.0.230:44272] 2026-07-14 17:44:23.857 9 WARNING keystone.common.rbac_enforcer.enforcer [None req-dddbb3f8-cfa2-4138-a34a-e29f48bd030c caee15f605894228b0d2a2d2adf2c41e eee9f0c15dac461d8b393394731233e9 - - default default] Deprecated policy rules found. Use oslopolicy-policy-generator and oslopolicy-policy-upgrade to detect and resolve deprecated policies in your configuration. 10.0.0.230 - - [14/Jul/2026:17:44:23 +0000] "GET /v3/roles?name=admin HTTP/1.1" 200 389
[Tue Jul 14 17:44:24.475349 2026] [wsgi:error] [pid 12:tid 139845509244608] [remote 10.0.0.230:44272] 2026-07-14 17:44:24.475 12 WARNING keystone.common.rbac_enforcer.enforcer [None req-47cd3e06-65df-4478-8d2f-a6efc2807170 caee15f605894228b0d2a2d2adf2c41e eee9f0c15dac461d8b393394731233e9 - - default default] Deprecated policy rules found. Use oslopolicy-policy-generator and oslopolicy-policy-upgrade to detect and resolve deprecated policies in your configuration. 10.0.0.230 - - [14/Jul/2026:17:44:24 +0000] "GET /v3/users/admin-RegionOne HTTP/1.1" 404 93
[Tue Jul 14 17:44:24.630604 2026] [wsgi:error] [pid 11:tid 139845509244608] [remote 10.0.0.230:44272] 2026-07-14 17:44:24.630 11 WARNING keystone.common.rbac_enforcer.enforcer [None req-02b3fab8-fd58-440d-87f4-c83d976ed4e3 caee15f605894228b0d2a2d2adf2c41e eee9f0c15dac461d8b393394731233e9 - - default default] Deprecated policy rules found. Use oslopolicy-policy-generator and oslopolicy-policy-upgrade to detect and resolve deprecated policies in your configuration. 10.0.0.230 - - [14/Jul/2026:17:44:24 +0000] "GET /v3/users?name=admin-RegionOne HTTP/1.1" 200 422
[Tue Jul 14 17:44:24.810260 2026] [wsgi:error] [pid 10:tid 139845509244608] [remote 10.0.0.230:44272] 2026-07-14 17:44:24.809 10 WARNING keystone.common.rbac_enforcer.enforcer [None req-f2aa4e31-930e-4f36-b967-bcb136e5fe51 caee15f605894228b0d2a2d2adf2c41e eee9f0c15dac461d8b393394731233e9 - - default default] Deprecated policy rules found. Use oslopolicy-policy-generator and oslopolicy-policy-upgrade to detect and resolve deprecated policies in your configuration. 10.0.0.230 - - [14/Jul/2026:17:44:24 +0000] "GET /v3/domains/default HTTP/1.1" 200 224 10.0.0.230 - - [14/Jul/2026:17:44:24 +0000] "PUT /v3/domains/default/users/caee15f605894228b0d2a2d2adf2c41e/roles/49f4c10babe24d668dbe24115f4c0741 HTTP/1.1" 204 - 10.0.0.216 - - [14/Jul/2026:17:44:35 +0000] "GET / HTTP/1.1" 300 281 10.0.0.216 - - [14/Jul/2026:17:44:36 +0000] "GET /v3 HTTP/1.1" 200 266
[Tue Jul 14 17:44:36.979453 2026] [wsgi:error] [pid 10:tid 139845509244608] [remote 10.0.0.216:33166] 2026-07-14 17:44:36.979 10 WARNING keystone.common.password_hashing [None req-975dd15a-9974-4005-b20f-4392c8a99787 - - - - - -] Truncating password to algorithm specific maximum length 72 characters.
[Tue Jul 14 17:44:37.276561 2026] [wsgi:error] [pid 10:tid 139845509244608] [remote 10.0.0.216:33166] 2026-07-14 17:44:37.276 10 WARNING keystone.common.fernet_utils [None req-975dd15a-9974-4005-b20f-4392c8a99787 - - - - - -] key_repository is world readable: /etc/keystone/fernet-keys/ 10.0.0.216 - - [14/Jul/2026:17:44:36 +0000] "POST /v3/auth/tokens HTTP/1.1" 201 1360 10.0.0.216 - - [14/Jul/2026:17:44:37 +0000] "GET / HTTP/1.1" 300 281 10.0.0.216 - - [14/Jul/2026:17:44:37 +0000] "GET /v3/domains/atmosphere HTTP/1.1" 404 90 10.0.0.216 - - [14/Jul/2026:17:44:37 +0000] "GET /v3/domains?name=atmosphere HTTP/1.1" 200 370 10.0.0.216 - - [14/Jul/2026:17:44:37 +0000] "GET /v3/domains/4e3406a511c047a2a7d126a3197709e8 HTTP/1.1" 200 247 10.0.0.216 - - [14/Jul/2026:17:44:38 +0000] "GET /v3 HTTP/1.1" 200 266
[Tue Jul 14 17:44:38.488861 2026] [wsgi:error] [pid 12:tid 139845509244608] [remote 10.0.0.216:54822] 2026-07-14 17:44:38.488 12 WARNING keystone.common.password_hashing [None req-90209ba5-f25a-425d-811e-eb2505b80a3b - - - - - -] Truncating password to algorithm specific maximum length 72 characters.
[Tue Jul 14 17:44:38.777823 2026] [wsgi:error] [pid 12:tid 139845509244608] [remote 10.0.0.216:54822] 2026-07-14 17:44:38.777 12 WARNING keystone.common.fernet_utils [None req-90209ba5-f25a-425d-811e-eb2505b80a3b - - - - - -] key_repository is world readable: /etc/keystone/fernet-keys/ 10.0.0.216 - - [14/Jul/2026:17:44:38 +0000] "POST /v3/auth/tokens HTTP/1.1" 201 1360 10.0.0.216 - - [14/Jul/2026:17:44:38 +0000] "GET / HTTP/1.1" 300 281 10.0.0.216 - - [14/Jul/2026:17:44:38 +0000] "GET /v3/OS-FEDERATION/identity_providers/atmosphere HTTP/1.1" 404 101 10.0.0.216 - - [14/Jul/2026:17:44:38 +0000] "GET /v3/OS-FEDERATION/identity_providers HTTP/1.1" 200 156 10.0.0.216 - - [14/Jul/2026:17:44:38 +0000] "PUT /v3/OS-FEDERATION/identity_providers/atmosphere HTTP/1.1" 201 342 10.0.0.216 - - [14/Jul/2026:17:44:39 +0000] "GET /v3 HTTP/1.1" 200 266
[Tue Jul 14 17:44:39.598744 2026] [wsgi:error] [pid 10:tid 139845509244608] [remote 10.0.0.216:54822] 2026-07-14 17:44:39.598 10 WARNING keystone.common.password_hashing [None req-3dc942b9-0f92-469e-bf32-291d59d20bf5 - - - - - -] Truncating password to algorithm specific maximum length 72 characters.
[Tue Jul 14 17:44:39.888321 2026] [wsgi:error] [pid 10:tid 139845509244608] [remote 10.0.0.216:54822] 2026-07-14 17:44:39.888 10 WARNING keystone.common.fernet_utils [None req-3dc942b9-0f92-469e-bf32-291d59d20bf5 - - - - - -] key_repository is world readable: /etc/keystone/fernet-keys/ 10.0.0.216 - - [14/Jul/2026:17:44:39 +0000] "POST /v3/auth/tokens HTTP/1.1" 201 1360 10.0.0.216 - - [14/Jul/2026:17:44:39 +0000] "GET / HTTP/1.1" 300 281 10.0.0.216 - - [14/Jul/2026:17:44:39 +0000] "GET /v3/OS-FEDERATION/mappings/atmosphere-openid HTTP/1.1" 404 98 10.0.0.216 - - [14/Jul/2026:17:44:39 +0000] "GET /v3/OS-FEDERATION/mappings HTTP/1.1" 200 136 10.0.0.216 - - [14/Jul/2026:17:44:39 +0000] "PUT /v3/OS-FEDERATION/mappings/atmosphere-openid HTTP/1.1" 201 357 10.0.0.216 - - [14/Jul/2026:17:44:40 +0000] "GET /v3 HTTP/1.1" 200 266
[Tue Jul 14 17:44:40.700309 2026] [wsgi:error] [pid 12:tid 139845509244608] [remote 10.0.0.216:33166] 2026-07-14 17:44:40.700 12 WARNING keystone.common.password_hashing [None req-47c5a854-07f6-49b4-97de-3bf67a876083 - - - - - -] Truncating password to algorithm specific maximum length 72 characters.
[Tue Jul 14 17:44:40.977861 2026] [wsgi:error] [pid 12:tid 139845509244608] [remote 10.0.0.216:33166] 2026-07-14 17:44:40.977 12 WARNING keystone.common.fernet_utils [None req-47c5a854-07f6-49b4-97de-3bf67a876083 - - - - - -] key_repository is world readable: /etc/keystone/fernet-keys/ 10.0.0.216 - - [14/Jul/2026:17:44:40 +0000] "POST /v3/auth/tokens HTTP/1.1" 201 1360 10.0.0.216 - - [14/Jul/2026:17:44:40 +0000] "GET / HTTP/1.1" 300 281 10.0.0.216 - - [14/Jul/2026:17:44:41 +0000] "GET /v3/OS-FEDERATION/identity_providers/atmosphere/protocols/openid?idp_id=atmosphere HTTP/1.1" 404 131 10.0.0.216 - - [14/Jul/2026:17:44:41 +0000] "GET /v3/OS-FEDERATION/identity_providers/atmosphere/protocols HTTP/1.1" 200 168 10.0.0.216 - - [14/Jul/2026:17:44:41 +0000] "PUT /v3/OS-FEDERATION/identity_providers/atmosphere/protocols/openid HTTP/1.1" 201 224 10.0.0.216 - - [14/Jul/2026:17:44:43 +0000] "GET /v3/ HTTP/1.1" 200 249 10.0.0.216 - - [14/Jul/2026:17:44:43 +0000] "GET /v3/ HTTP/1.1" 200 249 10.0.0.216 - - [14/Jul/2026:17:45:43 +0000] "GET /v3/ HTTP/1.1" 200 249 10.0.0.216 - - [14/Jul/2026:17:45:43 +0000] "GET /v3/ HTTP/1.1" 200 249 10.0.0.164 - - [14/Jul/2026:17:46:07 +0000] "GET / HTTP/1.1" 300 295
[Tue Jul 14 17:46:07.647761 2026] [wsgi:error] [pid 10:tid 139845509244608] [remote 10.0.0.164:50466] 2026-07-14 17:46:07.647 10 WARNING keystone.common.password_hashing [None req-7f4d1793-6a71-4be5-b30f-c19c5c2f824e - - - - - -] Truncating password to algorithm specific maximum length 72 characters.
[Tue Jul 14 17:46:07.930142 2026] [wsgi:error] [pid 10:tid 139845509244608] [remote 10.0.0.164:50466] 2026-07-14 17:46:07.929 10 WARNING keystone.common.fernet_utils [None req-7f4d1793-6a71-4be5-b30f-c19c5c2f824e - - - - - -] key_repository is world readable: /etc/keystone/fernet-keys/ 10.0.0.164 - - [14/Jul/2026:17:46:07 +0000] "POST /v3/auth/tokens HTTP/1.1" 201 1360 10.0.0.164 - - [14/Jul/2026:17:46:08 +0000] "GET /v3/services HTTP/1.1" 200 355 10.0.0.164 - - [14/Jul/2026:17:46:11 +0000] "GET / HTTP/1.1" 300 295
[Tue Jul 14 17:46:11.804648 2026] [wsgi:error] [pid 11:tid 139845509244608] [remote 10.0.0.164:50478] 2026-07-14 17:46:11.804 11 WARNING keystone.common.password_hashing [None req-633653d5-1252-45aa-8e4f-78f3135742a9 - - - - - -] Truncating password to algorithm specific maximum length 72 characters.
[Tue Jul 14 17:46:12.086849 2026] [wsgi:error] [pid 11:tid 139845509244608] [remote 10.0.0.164:50478] 2026-07-14 17:46:12.086 11 WARNING keystone.common.fernet_utils [None req-633653d5-1252-45aa-8e4f-78f3135742a9 - - - - - -] key_repository is world readable: /etc/keystone/fernet-keys/ 10.0.0.164 - - [14/Jul/2026:17:46:11 +0000] "POST /v3/auth/tokens HTTP/1.1" 201 1360 10.0.0.164 - - [14/Jul/2026:17:46:12 +0000] "GET /v3/services HTTP/1.1" 200 355 10.0.0.164 - - [14/Jul/2026:17:46:15 +0000] "GET / HTTP/1.1" 300 295
[Tue Jul 14 17:46:15.898286 2026] [wsgi:error] [pid 12:tid 139845509244608] [remote 10.0.0.164:50490] 2026-07-14 17:46:15.898 12 WARNING keystone.common.password_hashing [None req-bd49db16-d7a3-4ecd-864a-8bd3d9c7ac7b - - - - - -] Truncating password to algorithm specific maximum length 72 characters.
[Tue Jul 14 17:46:16.180513 2026] [wsgi:error] [pid 12:tid 139845509244608] [remote 10.0.0.164:50490] 2026-07-14 17:46:16.180 12 WARNING keystone.common.fernet_utils [None req-bd49db16-d7a3-4ecd-864a-8bd3d9c7ac7b - - - - - -] key_repository is world readable: /etc/keystone/fernet-keys/ 10.0.0.164 - - [14/Jul/2026:17:46:15 +0000] "POST /v3/auth/tokens HTTP/1.1" 201 1360 10.0.0.164 - - [14/Jul/2026:17:46:16 +0000] "GET /v3/services HTTP/1.1" 200 355 10.0.0.164 - - [14/Jul/2026:17:46:19 +0000] "GET / HTTP/1.1" 300 295
[Tue Jul 14 17:46:20.020815 2026] [wsgi:error] [pid 9:tid 139845509244608] [remote 10.0.0.164:35996] 2026-07-14 17:46:20.020 9 WARNING keystone.common.password_hashing [None req-63f0237e-e3a2-4536-8561-bf428a889890 - - - - - -] Truncating password to algorithm specific maximum length 72 characters.
[Tue Jul 14 17:46:20.307398 2026] [wsgi:error] [pid 9:tid 139845509244608] [remote 10.0.0.164:35996] 2026-07-14 17:46:20.307 9 WARNING keystone.common.fernet_utils [None req-63f0237e-e3a2-4536-8561-bf428a889890 - - - - - -] key_repository is world readable: /etc/keystone/fernet-keys/ 10.0.0.164 - - [14/Jul/2026:17:46:19 +0000] "POST /v3/auth/tokens HTTP/1.1" 201 1360 10.0.0.164 - - [14/Jul/2026:17:46:20 +0000] "POST /v3/services HTTP/1.1" 201 296 10.0.0.188 - - [14/Jul/2026:17:46:32 +0000] "GET / HTTP/1.1" 300 295
[Tue Jul 14 17:46:32.886991 2026] [wsgi:error] [pid 10:tid 139845509244608] [remote 10.0.0.188:36306] 2026-07-14 17:46:32.886 10 WARNING keystone.common.password_hashing [None req-ba266144-a1db-409e-a9b6-03e02ffb68e5 - - - - - -] Truncating password to algorithm specific maximum length 72 characters. 10.0.0.188 - - [14/Jul/2026:17:46:33 +0000] "GET / HTTP/1.1" 300 295 10.0.0.188 - - [14/Jul/2026:17:46:33 +0000] "GET / HTTP/1.1" 300 295
[Tue Jul 14 17:46:33.168955 2026] [wsgi:error] [pid 12:tid 139845509244608] [remote 10.0.0.188:36312] 2026-07-14 17:46:33.168 12 WARNING keystone.common.password_hashing [None req-df40aad0-1210-4953-86d0-2977f191923e - - - - - -] Truncating password to algorithm specific maximum length 72 characters.
[Tue Jul 14 17:46:33.184963 2026] [wsgi:error] [pid 10:tid 139845509244608] [remote 10.0.0.188:36306] 2026-07-14 17:46:33.184 10 WARNING keystone.common.fernet_utils [None req-ba266144-a1db-409e-a9b6-03e02ffb68e5 - - - - - -] key_repository is world readable: /etc/keystone/fernet-keys/
[Tue Jul 14 17:46:33.189547 2026] [wsgi:error] [pid 9:tid 139845509244608] [remote 10.0.0.188:36328] 2026-07-14 17:46:33.189 9 WARNING keystone.common.password_hashing [None req-10464e4a-cd14-4e51-b51c-cbc389e5491b - - - - - -] Truncating password to algorithm specific maximum length 72 characters. 10.0.0.188 - - [14/Jul/2026:17:46:32 +0000] "POST /v3/auth/tokens HTTP/1.1" 201 1464 10.0.0.188 - - [14/Jul/2026:17:46:33 +0000] "GET /v3/services HTTP/1.1" 200 639
[Tue Jul 14 17:46:33.478655 2026] [wsgi:error] [pid 12:tid 139845509244608] [remote 10.0.0.188:36312] 2026-07-14 17:46:33.478 12 WARNING keystone.common.fernet_utils [None req-df40aad0-1210-4953-86d0-2977f191923e - - - - - -] key_repository is world readable: /etc/keystone/fernet-keys/
[Tue Jul 14 17:46:33.480447 2026] [wsgi:error] [pid 9:tid 139845509244608] [remote 10.0.0.188:36328] 2026-07-14 17:46:33.480 9 WARNING keystone.common.fernet_utils [None req-10464e4a-cd14-4e51-b51c-cbc389e5491b - - - - - -] key_repository is world readable: /etc/keystone/fernet-keys/ 10.0.0.188 - - [14/Jul/2026:17:46:33 +0000] "POST /v3/auth/tokens HTTP/1.1" 201 1464 10.0.0.188 - - [14/Jul/2026:17:46:33 +0000] "POST /v3/auth/tokens HTTP/1.1" 201 1464 10.0.0.188 - - [14/Jul/2026:17:46:33 +0000] "GET /v3/services HTTP/1.1" 200 639 10.0.0.188 - - [14/Jul/2026:17:46:33 +0000] "GET /v3/services HTTP/1.1" 200 639 10.0.0.188 - - [14/Jul/2026:17:46:35 +0000] "GET / HTTP/1.1" 300 295
[Tue Jul 14 17:46:35.046237 2026] [wsgi:error] [pid 9:tid 139845509244608] [remote 10.0.0.188:36344] 2026-07-14 17:46:35.046 9 WARNING keystone.common.password_hashing [None req-aee15521-9a00-45d8-8640-56d5b7054ad9 - - - - - -] Truncating password to algorithm specific maximum length 72 characters.
[Tue Jul 14 17:46:35.327614 2026] [wsgi:error] [pid 9:tid 139845509244608] [remote 10.0.0.188:36344] 2026-07-14 17:46:35.327 9 WARNING keystone.common.fernet_utils [None req-aee15521-9a00-45d8-8640-56d5b7054ad9 - - - - - -] key_repository is world readable: /etc/keystone/fernet-keys/ 10.0.0.188 - - [14/Jul/2026:17:46:35 +0000] "POST /v3/auth/tokens HTTP/1.1" 201 1464 10.0.0.188 - - [14/Jul/2026:17:46:35 +0000] "GET / HTTP/1.1" 300 295 10.0.0.188 - - [14/Jul/2026:17:46:35 +0000] "GET / HTTP/1.1" 300 295
[Tue Jul 14 17:46:35.437669 2026] [wsgi:error] [pid 11:tid 139845509244608] [remote 10.0.0.188:36356] 2026-07-14 17:46:35.437 11 WARNING keystone.common.password_hashing [None req-5fc31626-16b4-472f-82b8-0e77118f5880 - - - - - -] Truncating password to algorithm specific maximum length 72 characters.
[Tue Jul 14 17:46:35.455909 2026] [wsgi:error] [pid 9:tid 139845509244608] [remote 10.0.0.188:36362] 2026-07-14 17:46:35.455 9 WARNING keystone.common.password_hashing [None req-bfde79b5-d06e-4aea-bb4b-730ab0b23494 - - - - - -] Truncating password to algorithm specific maximum length 72 characters. 10.0.0.188 - - [14/Jul/2026:17:46:35 +0000] "GET /v3/endpoints HTTP/1.1" 200 1227 10.0.0.188 - - [14/Jul/2026:17:46:35 +0000] "GET /v3/services/71a4682903e244fa962a2e8ebd469b91 HTTP/1.1" 200 233 10.0.0.188 - - [14/Jul/2026:17:46:35 +0000] "GET /v3/services/71a4682903e244fa962a2e8ebd469b91 HTTP/1.1" 200 233 10.0.0.188 - - [14/Jul/2026:17:46:35 +0000] "GET /v3/services/71a4682903e244fa962a2e8ebd469b91 HTTP/1.1" 200 233
[Tue Jul 14 17:46:35.739910 2026] [wsgi:error] [pid 9:tid 139845509244608] [remote 10.0.0.188:36362] 2026-07-14 17:46:35.739 9 WARNING keystone.common.fernet_utils [None req-bfde79b5-d06e-4aea-bb4b-730ab0b23494 - - - - - -] key_repository is world readable: /etc/keystone/fernet-keys/ 10.0.0.188 - - [14/Jul/2026:17:46:35 +0000] "POST /v3/auth/tokens HTTP/1.1" 201 1464
[Tue Jul 14 17:46:35.784074 2026] [wsgi:error] [pid 11:tid 139845509244608] [remote 10.0.0.188:36356] 2026-07-14 17:46:35.783 11 WARNING keystone.common.fernet_utils [None req-5fc31626-16b4-472f-82b8-0e77118f5880 - - - - - -] key_repository is world readable: /etc/keystone/fernet-keys/ 10.0.0.188 - - [14/Jul/2026:17:46:35 +0000] "POST /v3/auth/tokens HTTP/1.1" 201 1464 10.0.0.188 - - [14/Jul/2026:17:46:35 +0000] "GET /v3/endpoints HTTP/1.1" 200 1227 10.0.0.188 - - [14/Jul/2026:17:46:35 +0000] "GET /v3/services/71a4682903e244fa962a2e8ebd469b91 HTTP/1.1" 200 233 10.0.0.188 - - [14/Jul/2026:17:46:35 +0000] "GET /v3/services/71a4682903e244fa962a2e8ebd469b91 HTTP/1.1" 200 233 10.0.0.188 - - [14/Jul/2026:17:46:35 +0000] "GET /v3/endpoints HTTP/1.1" 200 1227 10.0.0.188 - - [14/Jul/2026:17:46:35 +0000] "GET /v3/services/71a4682903e244fa962a2e8ebd469b91 HTTP/1.1" 200 233 10.0.0.188 - - [14/Jul/2026:17:46:35 +0000] "GET /v3/services/71a4682903e244fa962a2e8ebd469b91 HTTP/1.1" 200 233 10.0.0.188 - - [14/Jul/2026:17:46:35 +0000] "GET /v3/services/71a4682903e244fa962a2e8ebd469b91 HTTP/1.1" 200 233 10.0.0.188 - - [14/Jul/2026:17:46:36 +0000] "GET /v3/services/71a4682903e244fa962a2e8ebd469b91 HTTP/1.1" 200 233 10.0.0.188 - - [14/Jul/2026:17:46:37 +0000] "GET / HTTP/1.1" 300 295
[Tue Jul 14 17:46:37.223137 2026] [wsgi:error] [pid 12:tid 139845509244608] [remote 10.0.0.188:39524] 2026-07-14 17:46:37.222 12 WARNING keystone.common.password_hashing [None req-c0a305fe-5c01-4cec-9eb1-7ae2965fc4b7 - - - - - -] Truncating password to algorithm specific maximum length 72 characters.
[Tue Jul 14 17:46:37.498844 2026] [wsgi:error] [pid 12:tid 139845509244608] [remote 10.0.0.188:39524] 2026-07-14 17:46:37.498 12 WARNING keystone.common.fernet_utils [None req-c0a305fe-5c01-4cec-9eb1-7ae2965fc4b7 - - - - - -] key_repository is world readable: /etc/keystone/fernet-keys/ 10.0.0.188 - - [14/Jul/2026:17:46:37 +0000] "POST /v3/auth/tokens HTTP/1.1" 201 1464 10.0.0.188 - - [14/Jul/2026:17:46:37 +0000] "GET /v3/services/c8a2c5ee85414863995a30636059188e HTTP/1.1" 200 296 10.0.0.188 - - [14/Jul/2026:17:46:37 +0000] "GET /v3/regions/RegionOne HTTP/1.1" 200 173 10.0.0.188 - - [14/Jul/2026:17:46:37 +0000] "GET / HTTP/1.1" 300 295
[Tue Jul 14 17:46:37.706635 2026] [wsgi:error] [pid 11:tid 139845509244608] [remote 10.0.0.188:39528] 2026-07-14 17:46:37.706 11 WARNING keystone.common.password_hashing [None req-45d52b78-31af-4946-9d2a-65c1fbfb5ff4 - - - - - -] Truncating password to algorithm specific maximum length 72 characters. 10.0.0.188 - - [14/Jul/2026:17:46:37 +0000] "GET / HTTP/1.1" 300 295
[Tue Jul 14 17:46:37.772429 2026] [wsgi:error] [pid 12:tid 139845509244608] [remote 10.0.0.188:39540] 2026-07-14 17:46:37.772 12 WARNING keystone.common.password_hashing [None req-4c3ec8fa-565a-46ab-868c-90f667c9e156 - - - - - -] Truncating password to algorithm specific maximum length 72 characters. 10.0.0.188 - - [14/Jul/2026:17:46:37 +0000] "POST /v3/endpoints HTTP/1.1" 201 380
[Tue Jul 14 17:46:37.989501 2026] [wsgi:error] [pid 11:tid 139845509244608] [remote 10.0.0.188:39528] 2026-07-14 17:46:37.989 11 WARNING keystone.common.fernet_utils [None req-45d52b78-31af-4946-9d2a-65c1fbfb5ff4 - - - - - -] key_repository is world readable: /etc/keystone/fernet-keys/ 10.0.0.188 - - [14/Jul/2026:17:46:37 +0000] "POST /v3/auth/tokens HTTP/1.1" 201 1641
[Tue Jul 14 17:46:38.075299 2026] [wsgi:error] [pid 12:tid 139845509244608] [remote 10.0.0.188:39540] 2026-07-14 17:46:38.075 12 WARNING keystone.common.fernet_utils [None req-4c3ec8fa-565a-46ab-868c-90f667c9e156 - - - - - -] key_repository is world readable: /etc/keystone/fernet-keys/ 10.0.0.188 - - [14/Jul/2026:17:46:37 +0000] "POST /v3/auth/tokens HTTP/1.1" 201 1641 10.0.0.188 - - [14/Jul/2026:17:46:38 +0000] "GET /v3/services/c8a2c5ee85414863995a30636059188e HTTP/1.1" 200 296 10.0.0.188 - - [14/Jul/2026:17:46:38 +0000] "GET /v3/regions/RegionOne HTTP/1.1" 200 173 10.0.0.188 - - [14/Jul/2026:17:46:38 +0000] "GET /v3/services/c8a2c5ee85414863995a30636059188e HTTP/1.1" 200 296 10.0.0.188 - - [14/Jul/2026:17:46:38 +0000] "POST /v3/endpoints HTTP/1.1" 201 370 10.0.0.188 - - [14/Jul/2026:17:46:38 +0000] "GET /v3/regions/RegionOne HTTP/1.1" 200 173 10.0.0.188 - - [14/Jul/2026:17:46:38 +0000] "POST /v3/endpoints HTTP/1.1" 201 383 10.0.0.188 - - [14/Jul/2026:17:46:39 +0000] "GET / HTTP/1.1" 300 295
[Tue Jul 14 17:46:39.495870 2026] [wsgi:error] [pid 12:tid 139845509244608] [remote 10.0.0.188:39546] 2026-07-14 17:46:39.495 12 WARNING keystone.common.password_hashing [None req-a2f69ea9-6ccb-4faa-8da4-592daf346f0c - - - - - -] Truncating password to algorithm specific maximum length 72 characters.
[Tue Jul 14 17:46:39.772804 2026] [wsgi:error] [pid 12:tid 139845509244608] [remote 10.0.0.188:39546] 2026-07-14 17:46:39.772 12 WARNING keystone.common.fernet_utils [None req-a2f69ea9-6ccb-4faa-8da4-592daf346f0c - - - - - -] key_repository is world readable: /etc/keystone/fernet-keys/ 10.0.0.188 - - [14/Jul/2026:17:46:39 +0000] "POST /v3/auth/tokens HTTP/1.1" 201 1992 10.0.0.188 - - [14/Jul/2026:17:46:39 +0000] "GET / HTTP/1.1" 300 295 10.0.0.188 - - [14/Jul/2026:17:46:39 +0000] "GET / HTTP/1.1" 300 295
[Tue Jul 14 17:46:39.841530 2026] [wsgi:error] [pid 10:tid 139845509244608] [remote 10.0.0.188:39550] 2026-07-14 17:46:39.841 10 WARNING keystone.common.password_hashing [None req-b84dfa75-d65c-4fdc-b4da-7dd6150a847e - - - - - -] Truncating password to algorithm specific maximum length 72 characters.
[Tue Jul 14 17:46:39.859870 2026] [wsgi:error] [pid 12:tid 139845509244608] [remote 10.0.0.188:39556] 2026-07-14 17:46:39.859 12 WARNING keystone.common.password_hashing [None req-a53e8d06-2b06-4f08-a1ce-704aa7dbf4ae - - - - - -] Truncating password to algorithm specific maximum length 72 characters. 10.0.0.188 - - [14/Jul/2026:17:46:39 +0000] "GET /v3/endpoints/fc2598c15eec4ea59f56ef66b6af77a9 HTTP/1.1" 200 380 10.0.0.188 - - [14/Jul/2026:17:46:39 +0000] "GET /v3/services/c8a2c5ee85414863995a30636059188e HTTP/1.1" 200 296
[Tue Jul 14 17:46:40.142244 2026] [wsgi:error] [pid 12:tid 139845509244608] [remote 10.0.0.188:39556] 2026-07-14 17:46:40.142 12 WARNING keystone.common.fernet_utils [None req-a53e8d06-2b06-4f08-a1ce-704aa7dbf4ae - - - - - -] key_repository is world readable: /etc/keystone/fernet-keys/
[Tue Jul 14 17:46:40.142302 2026] [wsgi:error] [pid 10:tid 139845509244608] [remote 10.0.0.188:39550] 2026-07-14 17:46:40.142 10 WARNING keystone.common.fernet_utils [None req-b84dfa75-d65c-4fdc-b4da-7dd6150a847e - - - - - -] key_repository is world readable: /etc/keystone/fernet-keys/ 10.0.0.188 - - [14/Jul/2026:17:46:39 +0000] "POST /v3/auth/tokens HTTP/1.1" 201 1992 10.0.0.188 - - [14/Jul/2026:17:46:39 +0000] "POST /v3/auth/tokens HTTP/1.1" 201 1992 10.0.0.188 - - [14/Jul/2026:17:46:40 +0000] "GET /v3/endpoints/9227d424381648cc87514428c79d9c7a HTTP/1.1" 200 370 10.0.0.188 - - [14/Jul/2026:17:46:40 +0000] "GET /v3/endpoints/1887147ce8494d6cb5a24acb92da30d9 HTTP/1.1" 200 383 10.0.0.188 - - [14/Jul/2026:17:46:40 +0000] "GET /v3/services/c8a2c5ee85414863995a30636059188e HTTP/1.1" 200 296 10.0.0.188 - - [14/Jul/2026:17:46:40 +0000] "GET /v3/services/c8a2c5ee85414863995a30636059188e HTTP/1.1" 200 296 10.0.0.216 - - [14/Jul/2026:17:46:43 +0000] "GET /v3/ HTTP/1.1" 200 249 10.0.0.216 - - [14/Jul/2026:17:46:43 +0000] "GET /v3/ HTTP/1.1" 200 249 10.0.0.45 - - [14/Jul/2026:17:46:52 +0000] "GET / HTTP/1.1" 300 295
[Tue Jul 14 17:46:52.806123 2026] [wsgi:error] [pid 12:tid 139845509244608] [remote 10.0.0.45:33892] 2026-07-14 17:46:52.805 12 WARNING keystone.common.password_hashing [None req-6888d120-e3c6-4f34-91cc-515511a4eda0 - - - - - -] Truncating password to algorithm specific maximum length 72 characters.
[Tue Jul 14 17:46:53.095266 2026] [wsgi:error] [pid 12:tid 139845509244608] [remote 10.0.0.45:33892] 2026-07-14 17:46:53.095 12 WARNING keystone.common.fernet_utils [None req-6888d120-e3c6-4f34-91cc-515511a4eda0 - - - - - -] key_repository is world readable: /etc/keystone/fernet-keys/ 10.0.0.45 - - [14/Jul/2026:17:46:52 +0000] "POST /v3/auth/tokens HTTP/1.1" 201 1992 10.0.0.45 - - [14/Jul/2026:17:46:53 +0000] "POST /v3/domains HTTP/1.1" 201 284 10.0.0.45 - - [14/Jul/2026:17:46:54 +0000] "GET / HTTP/1.1" 300 295
[Tue Jul 14 17:46:54.861818 2026] [wsgi:error] [pid 10:tid 139845509244608] [remote 10.0.0.45:33904] 2026-07-14 17:46:54.861 10 WARNING keystone.common.password_hashing [None req-0bf775a1-3d33-4521-bcbb-d4d2362f8011 - - - - - -] Truncating password to algorithm specific maximum length 72 characters.
[Tue Jul 14 17:46:55.143146 2026] [wsgi:error] [pid 10:tid 139845509244608] [remote 10.0.0.45:33904] 2026-07-14 17:46:55.142 10 WARNING keystone.common.fernet_utils [None req-0bf775a1-3d33-4521-bcbb-d4d2362f8011 - - - - - -] key_repository is world readable: /etc/keystone/fernet-keys/ 10.0.0.45 - - [14/Jul/2026:17:46:54 +0000] "POST /v3/auth/tokens HTTP/1.1" 201 1992
[Tue Jul 14 17:46:55.327469 2026] [wsgi:error] [pid 12:tid 139845509244608] [remote 10.0.0.45:33904] 2026-07-14 17:46:55.312 12 ERROR keystone.server.flask.application [None req-05265c94-f80b-4582-8810-42176b0d0b45 caee15f605894228b0d2a2d2adf2c41e eee9f0c15dac461d8b393394731233e9 - - default default] Conflict occurred attempting to store project - it is not permitted to have two projects acting as domains with the same name: service.: keystone.exception.Conflict: Conflict occurred attempting to store project - it is not permitted to have two projects acting as domains with the same name: service.
[Tue Jul 14 17:46:55.327494 2026] [wsgi:error] [pid 12:tid 139845509244608] [remote 10.0.0.45:33904] 2026-07-14 17:46:55.312 12 ERROR keystone.server.flask.application
Traceback (most recent call last):
[Tue Jul 14 17:46:55.327496 2026] [wsgi:error] [pid 12:tid 139845509244608] [remote 10.0.0.45:33904] 2026-07-14 17:46:55.312 12 ERROR keystone.server.flask.application
File "/var/lib/openstack/lib/python3.12/site-packages/sqlalchemy/engine/base.py", line 1969, in _exec_single_context
[Tue Jul 14 17:46:55.327498 2026] [wsgi:error] [pid 12:tid 139845509244608] [remote 10.0.0.45:33904] 2026-07-14 17:46:55.312 12 ERROR keystone.server.flask.application self.dialect.do_execute(
[Tue Jul 14 17:46:55.327499 2026] [wsgi:error] [pid 12:tid 139845509244608] [remote 10.0.0.45:33904] 2026-07-14 17:46:55.312 12 ERROR keystone.server.flask.application
File "/var/lib/openstack/lib/python3.12/site-packages/sqlalchemy/engine/default.py", line 952, in do_execute
[Tue Jul 14 17:46:55.327501 2026] [wsgi:error] [pid 12:tid 139845509244608] [remote 10.0.0.45:33904] 2026-07-14 17:46:55.312 12 ERROR keystone.server.flask.application cursor.execute(statement, parameters)
[Tue Jul 14 17:46:55.327502 2026] [wsgi:error] [pid 12:tid 139845509244608] [remote 10.0.0.45:33904] 2026-07-14 17:46:55.312 12 ERROR keystone.server.flask.application
File "/var/lib/openstack/lib/python3.12/site-packages/pymysql/cursors.py", line 159, in execute
[Tue Jul 14 17:46:55.327504 2026] [wsgi:error] [pid 12:tid 139845509244608] [remote 10.0.0.45:33904] 2026-07-14 17:46:55.312 12 ERROR keystone.server.flask.application result = self._query(query)
[Tue Jul 14 17:46:55.327505 2026] [wsgi:error] [pid 12:tid 139845509244608] [remote 10.0.0.45:33904] 2026-07-14 17:46:55.312 12 ERROR keystone.server.flask.application ^^^^^^^^^^^^^^^^^^
[Tue Jul 14 17:46:55.327506 2026] [wsgi:error] [pid 12:tid 139845509244608] [remote 10.0.0.45:33904] 2026-07-14 17:46:55.312 12 ERROR keystone.server.flask.application
File "/var/lib/openstack/lib/python3.12/site-packages/pymysql/cursors.py", line 330, in _query
[Tue Jul 14 17:46:55.327508 2026] [wsgi:error] [pid 12:tid 139845509244608] [remote 10.0.0.45:33904] 2026-07-14 17:46:55.312 12 ERROR keystone.server.flask.application conn.query(q)
[Tue Jul 14 17:46:55.327509 2026] [wsgi:error] [pid 12:tid 139845509244608] [remote 10.0.0.45:33904] 2026-07-14 17:46:55.312 12 ERROR keystone.server.flask.application
File "/var/lib/openstack/lib/python3.12/site-packages/pymysql/connections.py", line 582, in query
[Tue Jul 14 17:46:55.327511 2026] [wsgi:error] [pid 12:tid 139845509244608] [remote 10.0.0.45:33904] 2026-07-14 17:46:55.312 12 ERROR keystone.server.flask.application self._affected_rows = self._read_query_result(unbuffered=unbuffered)
[Tue Jul 14 17:46:55.327512 2026] [wsgi:error] [pid 12:tid 139845509244608] [remote 10.0.0.45:33904] 2026-07-14 17:46:55.312 12 ERROR keystone.server.flask.application ^^^^^^^^^^^^^^^^^^^^^^^^^^^^^^^^^^^^^^^^^^^^^^
[Tue Jul 14 17:46:55.327514 2026] [wsgi:error] [pid 12:tid 139845509244608] [remote 10.0.0.45:33904] 2026-07-14 17:46:55.312 12 ERROR keystone.server.flask.application
File "/var/lib/openstack/lib/python3.12/site-packages/pymysql/connections.py", line 847, in _read_query_result
[Tue Jul 14 17:46:55.327515 2026] [wsgi:error] [pid 12:tid 139845509244608] [remote 10.0.0.45:33904] 2026-07-14 17:46:55.312 12 ERROR keystone.server.flask.application result.read()
[Tue Jul 14 17:46:55.327518 2026] [wsgi:error] [pid 12:tid 139845509244608] [remote 10.0.0.45:33904] 2026-07-14 17:46:55.312 12 ERROR keystone.server.flask.application
File "/var/lib/openstack/lib/python3.12/site-packages/pymysql/connections.py", line 1245, in read
[Tue Jul 14 17:46:55.327519 2026] [wsgi:error] [pid 12:tid 139845509244608] [remote 10.0.0.45:33904] 2026-07-14 17:46:55.312 12 ERROR keystone.server.flask.application first_packet = self.connection._read_packet()
[Tue Jul 14 17:46:55.327521 2026] [wsgi:error] [pid 12:tid 139845509244608] [remote 10.0.0.45:33904] 2026-07-14 17:46:55.312 12 ERROR keystone.server.flask.application ^^^^^^^^^^^^^^^^^^^^^^^^^^^^^^
[Tue Jul 14 17:46:55.327522 2026] [wsgi:error] [pid 12:tid 139845509244608] [remote 10.0.0.45:33904] 2026-07-14 17:46:55.312 12 ERROR keystone.server.flask.application
File "/var/lib/openstack/lib/python3.12/site-packages/pymysql/connections.py", line 803, in _read_packet
[Tue Jul 14 17:46:55.327523 2026] [wsgi:error] [pid 12:tid 139845509244608] [remote 10.0.0.45:33904] 2026-07-14 17:46:55.312 12 ERROR keystone.server.flask.application packet.raise_for_error()
[Tue Jul 14 17:46:55.327525 2026] [wsgi:error] [pid 12:tid 139845509244608] [remote 10.0.0.45:33904] 2026-07-14 17:46:55.312 12 ERROR keystone.server.flask.application
File "/var/lib/openstack/lib/python3.12/site-packages/pymysql/protocol.py", line 219, in raise_for_error
[Tue Jul 14 17:46:55.327526 2026] [wsgi:error] [pid 12:tid 139845509244608] [remote 10.0.0.45:33904] 2026-07-14 17:46:55.312 12 ERROR keystone.server.flask.application err.raise_mysql_exception(self._data)
[Tue Jul 14 17:46:55.327528 2026] [wsgi:error] [pid 12:tid 139845509244608] [remote 10.0.0.45:33904] 2026-07-14 17:46:55.312 12 ERROR keystone.server.flask.application
File "/var/lib/openstack/lib/python3.12/site-packages/pymysql/err.py", line 154, in raise_mysql_exception
[Tue Jul 14 17:46:55.327529 2026] [wsgi:error] [pid 12:tid 139845509244608] [remote 10.0.0.45:33904] 2026-07-14 17:46:55.312 12 ERROR keystone.server.flask.application raise errorclass(errno, errval, sqlstate=sqlstate)
[Tue Jul 14 17:46:55.327531 2026] [wsgi:error] [pid 12:tid 139845509244608] [remote 10.0.0.45:33904] 2026-07-14 17:46:55.312 12 ERROR keystone.server.flask.application pymysql.err.IntegrityError: (1062, "Duplicate entry '<>-service' for key 'project.ixu_project_name_domain_id'")
[Tue Jul 14 17:46:55.327532 2026] [wsgi:error] [pid 12:tid 139845509244608] [remote 10.0.0.45:33904] 2026-07-14 17:46:55.312 12 ERROR keystone.server.flask.application
[Tue Jul 14 17:46:55.327533 2026] [wsgi:error] [pid 12:tid 139845509244608] [remote 10.0.0.45:33904] 2026-07-14 17:46:55.312 12 ERROR keystone.server.flask.application The above exception was the direct cause of the following exception:
[Tue Jul 14 17:46:55.327535 2026] [wsgi:error] [pid 12:tid 139845509244608] [remote 10.0.0.45:33904] 2026-07-14 17:46:55.312 12 ERROR keystone.server.flask.application
[Tue Jul 14 17:46:55.327536 2026] [wsgi:error] [pid 12:tid 139845509244608] [remote 10.0.0.45:33904] 2026-07-14 17:46:55.312 12 ERROR keystone.server.flask.application
Traceback (most recent call last):
[Tue Jul 14 17:46:55.327537 2026] [wsgi:error] [pid 12:tid 139845509244608] [remote 10.0.0.45:33904] 2026-07-14 17:46:55.312 12 ERROR keystone.server.flask.application
File "/var/lib/openstack/lib/python3.12/site-packages/keystone/common/sql/core.py", line 575, in wrapper
[Tue Jul 14 17:46:55.327539 2026] [wsgi:error] [pid 12:tid 139845509244608] [remote 10.0.0.45:33904] 2026-07-14 17:46:55.312 12 ERROR keystone.server.flask.application return method(*args, **kwargs)
[Tue Jul 14 17:46:55.327540 2026] [wsgi:error] [pid 12:tid 139845509244608] [remote 10.0.0.45:33904] 2026-07-14 17:46:55.312 12 ERROR keystone.server.flask.application ^^^^^^^^^^^^^^^^^^^^^^^
[Tue Jul 14 17:46:55.327542 2026] [wsgi:error] [pid 12:tid 139845509244608] [remote 10.0.0.45:33904] 2026-07-14 17:46:55.312 12 ERROR keystone.server.flask.application
File "/var/lib/openstack/lib/python3.12/site-packages/keystone/resource/backends/sql.py", line 278, in create_project
[Tue Jul 14 17:46:55.327544 2026] [wsgi:error] [pid 12:tid 139845509244608] [remote 10.0.0.45:33904] 2026-07-14 17:46:55.312 12 ERROR keystone.server.flask.application with sql.session_for_write() as session:
[Tue Jul 14 17:46:55.327545 2026] [wsgi:error] [pid 12:tid 139845509244608] [remote 10.0.0.45:33904] 2026-07-14 17:46:55.312 12 ERROR keystone.server.flask.application
File "/usr/lib/python3.12/contextlib.py", line 144, in __exit__
[Tue Jul 14 17:46:55.327546 2026] [wsgi:error] [pid 12:tid 139845509244608] [remote 10.0.0.45:33904] 2026-07-14 17:46:55.312 12 ERROR keystone.server.flask.application next(self.gen)
[Tue Jul 14 17:46:55.327548 2026] [wsgi:error] [pid 12:tid 139845509244608] [remote 10.0.0.45:33904] 2026-07-14 17:46:55.312 12 ERROR keystone.server.flask.application
File "/var/lib/openstack/lib/python3.12/site-packages/oslo_db/sqlalchemy/enginefacade.py", line 1175, in _transaction_scope
[Tue Jul 14 17:46:55.327549 2026] [wsgi:error] [pid 12:tid 139845509244608] [remote 10.0.0.45:33904] 2026-07-14 17:46:55.312 12 ERROR keystone.server.flask.application with current._produce_block(
[Tue Jul 14 17:46:55.327551 2026] [wsgi:error] [pid 12:tid 139845509244608] [remote 10.0.0.45:33904] 2026-07-14 17:46:55.312 12 ERROR keystone.server.flask.application
File "/usr/lib/python3.12/contextlib.py", line 144, in __exit__
[Tue Jul 14 17:46:55.327552 2026] [wsgi:error] [pid 12:tid 139845509244608] [remote 10.0.0.45:33904] 2026-07-14 17:46:55.312 12 ERROR keystone.server.flask.application next(self.gen)
[Tue Jul 14 17:46:55.327553 2026] [wsgi:error] [pid 12:tid 139845509244608] [remote 10.0.0.45:33904] 2026-07-14 17:46:55.312 12 ERROR keystone.server.flask.application
File "/var/lib/openstack/lib/python3.12/site-packages/oslo_db/sqlalchemy/enginefacade.py", line 837, in _session
[Tue Jul 14 17:46:55.327555 2026] [wsgi:error] [pid 12:tid 139845509244608] [remote 10.0.0.45:33904] 2026-07-14 17:46:55.312 12 ERROR keystone.server.flask.application with excutils.save_and_reraise_exception():
[Tue Jul 14 17:46:55.327556 2026] [wsgi:error] [pid 12:tid 139845509244608] [remote 10.0.0.45:33904] 2026-07-14 17:46:55.312 12 ERROR keystone.server.flask.application
File "/var/lib/openstack/lib/python3.12/site-packages/oslo_utils/excutils.py", line 266, in __exit__
[Tue Jul 14 17:46:55.327558 2026] [wsgi:error] [pid 12:tid 139845509244608] [remote 10.0.0.45:33904] 2026-07-14 17:46:55.312 12 ERROR keystone.server.flask.application self.force_reraise()
[Tue Jul 14 17:46:55.327559 2026] [wsgi:error] [pid 12:tid 139845509244608] [remote 10.0.0.45:33904] 2026-07-14 17:46:55.312 12 ERROR keystone.server.flask.application
File "/var/lib/openstack/lib/python3.12/site-packages/oslo_utils/excutils.py", line 232, in force_reraise
[Tue Jul 14 17:46:55.327560 2026] [wsgi:error] [pid 12:tid 139845509244608] [remote 10.0.0.45:33904] 2026-07-14 17:46:55.312 12 ERROR keystone.server.flask.application raise self.value
[Tue Jul 14 17:46:55.327562 2026] [wsgi:error] [pid 12:tid 139845509244608] [remote 10.0.0.45:33904] 2026-07-14 17:46:55.312 12 ERROR keystone.server.flask.application
File "/var/lib/openstack/lib/python3.12/site-packages/oslo_db/sqlalchemy/enginefacade.py", line 835, in _session
[Tue Jul 14 17:46:55.327563 2026] [wsgi:error] [pid 12:tid 139845509244608] [remote 10.0.0.45:33904] 2026-07-14 17:46:55.312 12 ERROR keystone.server.flask.application self._end_session_transaction(self.session)
[Tue Jul 14 17:46:55.327564 2026] [wsgi:error] [pid 12:tid 139845509244608] [remote 10.0.0.45:33904] 2026-07-14 17:46:55.312 12 ERROR keystone.server.flask.application
File "/var/lib/openstack/lib/python3.12/site-packages/oslo_db/sqlalchemy/enginefacade.py", line 748, in _end_session_transaction
[Tue Jul 14 17:46:55.327567 2026] [wsgi:error] [pid 12:tid 139845509244608] [remote 10.0.0.45:33904] 2026-07-14 17:46:55.312 12 ERROR keystone.server.flask.application session.commit()
[Tue Jul 14 17:46:55.327568 2026] [wsgi:error] [pid 12:tid 139845509244608] [remote 10.0.0.45:33904] 2026-07-14 17:46:55.312 12 ERROR keystone.server.flask.application
File "/var/lib/openstack/lib/python3.12/site-packages/sqlalchemy/orm/session.py", line 2034, in commit
[Tue Jul 14 17:46:55.327571 2026] [wsgi:error] [pid 12:tid 139845509244608] [remote 10.0.0.45:33904] 2026-07-14 17:46:55.312 12 ERROR keystone.server.flask.application trans.commit(_to_root=True)
[Tue Jul 14 17:46:55.327572 2026] [wsgi:error] [pid 12:tid 139845509244608] [remote 10.0.0.45:33904] 2026-07-14 17:46:55.312 12 ERROR keystone.server.flask.application File "", line 2, in commit
[Tue Jul 14 17:46:55.327574 2026] [wsgi:error] [pid 12:tid 139845509244608] [remote 10.0.0.45:33904] 2026-07-14 17:46:55.312 12 ERROR keystone.server.flask.application
File "/var/lib/openstack/lib/python3.12/site-packages/sqlalchemy/orm/state_changes.py", line 137, in _go
[Tue Jul 14 17:46:55.327575 2026] [wsgi:error] [pid 12:tid 139845509244608] [remote 10.0.0.45:33904] 2026-07-14 17:46:55.312 12 ERROR keystone.server.flask.application ret_value = fn(self, *arg, **kw)
[Tue Jul 14 17:46:55.327577 2026] [wsgi:error] [pid 12:tid 139845509244608] [remote 10.0.0.45:33904] 2026-07-14 17:46:55.312 12 ERROR keystone.server.flask.application ^^^^^^^^^^^^^^^^^^^^
[Tue Jul 14 17:46:55.327578 2026] [wsgi:error] [pid 12:tid 139845509244608] [remote 10.0.0.45:33904] 2026-07-14 17:46:55.312 12 ERROR keystone.server.flask.application
File "/var/lib/openstack/lib/python3.12/site-packages/sqlalchemy/orm/session.py", line 1315, in commit
[Tue Jul 14 17:46:55.327579 2026] [wsgi:error] [pid 12:tid 139845509244608] [remote 10.0.0.45:33904] 2026-07-14 17:46:55.312 12 ERROR keystone.server.flask.application self._prepare_impl()
[Tue Jul 14 17:46:55.327581 2026] [wsgi:error] [pid 12:tid 139845509244608] [remote 10.0.0.45:33904] 2026-07-14 17:46:55.312 12 ERROR keystone.server.flask.application File "", line 2, in _prepare_impl
[Tue Jul 14 17:46:55.327582 2026] [wsgi:error] [pid 12:tid 139845509244608] [remote 10.0.0.45:33904] 2026-07-14 17:46:55.312 12 ERROR keystone.server.flask.application
File "/var/lib/openstack/lib/python3.12/site-packages/sqlalchemy/orm/state_changes.py", line 137, in _go
[Tue Jul 14 17:46:55.327583 2026] [wsgi:error] [pid 12:tid 139845509244608] [remote 10.0.0.45:33904] 2026-07-14 17:46:55.312 12 ERROR keystone.server.flask.application ret_value = fn(self, *arg, **kw)
[Tue Jul 14 17:46:55.327585 2026] [wsgi:error] [pid 12:tid 139845509244608] [remote 10.0.0.45:33904] 2026-07-14 17:46:55.312 12 ERROR keystone.server.flask.application ^^^^^^^^^^^^^^^^^^^^
[Tue Jul 14 17:46:55.327586 2026] [wsgi:error] [pid 12:tid 139845509244608] [remote 10.0.0.45:33904] 2026-07-14 17:46:55.312 12 ERROR keystone.server.flask.application
File "/var/lib/openstack/lib/python3.12/site-packages/sqlalchemy/orm/session.py", line 1290, in _prepare_impl
[Tue Jul 14 17:46:55.327588 2026] [wsgi:error] [pid 12:tid 139845509244608] [remote 10.0.0.45:33904] 2026-07-14 17:46:55.312 12 ERROR keystone.server.flask.application self.session.flush()
[Tue Jul 14 17:46:55.327589 2026] [wsgi:error] [pid 12:tid 139845509244608] [remote 10.0.0.45:33904] 2026-07-14 17:46:55.312 12 ERROR keystone.server.flask.application
File "/var/lib/openstack/lib/python3.12/site-packages/sqlalchemy/orm/session.py", line 4352, in flush
[Tue Jul 14 17:46:55.327590 2026] [wsgi:error] [pid 12:tid 139845509244608] [remote 10.0.0.45:33904] 2026-07-14 17:46:55.312 12 ERROR keystone.server.flask.application self._flush(objects)
[Tue Jul 14 17:46:55.327592 2026] [wsgi:error] [pid 12:tid 139845509244608] [remote 10.0.0.45:33904] 2026-07-14 17:46:55.312 12 ERROR keystone.server.flask.application
File "/var/lib/openstack/lib/python3.12/site-packages/sqlalchemy/orm/session.py", line 4487, in _flush
[Tue Jul 14 17:46:55.327594 2026] [wsgi:error] [pid 12:tid 139845509244608] [remote 10.0.0.45:33904] 2026-07-14 17:46:55.312 12 ERROR keystone.server.flask.application with util.safe_reraise():
[Tue Jul 14 17:46:55.327595 2026] [wsgi:error] [pid 12:tid 139845509244608] [remote 10.0.0.45:33904] 2026-07-14 17:46:55.312 12 ERROR keystone.server.flask.application
File "/var/lib/openstack/lib/python3.12/site-packages/sqlalchemy/util/langhelpers.py", line 122, in __exit__
[Tue Jul 14 17:46:55.327597 2026] [wsgi:error] [pid 12:tid 139845509244608] [remote 10.0.0.45:33904] 2026-07-14 17:46:55.312 12 ERROR keystone.server.flask.application raise exc_value.with_traceback(exc_tb)
[Tue Jul 14 17:46:55.327598 2026] [wsgi:error] [pid 12:tid 139845509244608] [remote 10.0.0.45:33904] 2026-07-14 17:46:55.312 12 ERROR keystone.server.flask.application
File "/var/lib/openstack/lib/python3.12/site-packages/sqlalchemy/orm/session.py", line 4448, in _flush
[Tue Jul 14 17:46:55.327599 2026] [wsgi:error] [pid 12:tid 139845509244608] [remote 10.0.0.45:33904] 2026-07-14 17:46:55.312 12 ERROR keystone.server.flask.application flush_context.execute()
[Tue Jul 14 17:46:55.327601 2026] [wsgi:error] [pid 12:tid 139845509244608] [remote 10.0.0.45:33904] 2026-07-14 17:46:55.312 12 ERROR keystone.server.flask.application
