2026-07-14 18:50:23.897 7 INFO neutron.services.segments.plugin [-] Client error retrieving segment 045a920c-df8e-4263-9916-cf9d7cee568b resource provider; error: Placement Client Error (4xx): {"errors": [{"status": 404, "title": "Not Found", "detail": "The resource could not be found.\n\n No resource provider with uuid 045a920c-df8e-4263-9916-cf9d7cee568b found for delete ", "request_id": "req-99a8e4dc-ee74-473d-9df5-0d3dd920ff00"}]}
2026-07-14 18:50:23.898 7 INFO neutron.services.segments.plugin [-] Client error retrieving segment 045a920c-df8e-4263-9916-cf9d7cee568b resource provider; error: Placement Client Error (4xx): {"errors": [{"status": 404, "title": "Not Found", "detail": "The resource could not be found.\n\n No resource provider with uuid 045a920c-df8e-4263-9916-cf9d7cee568b found for delete ", "request_id": "req-42bc56cd-1425-4302-919a-46195d86fa44"}]} [pid: 7|app: 0|req: 735/1400] 10.0.0.47 () {32 vars in 725 bytes} [Tue Jul 14 18:50:23 2026] DELETE /v2.0/networks/1fd08f60-4aca-4583-a84b-d09dc12ae435 => generated 0 bytes in 389 msecs (HTTP/1.1 204) 3 headers in 131 bytes (1 switches on core 0)
2026-07-14 18:50:24.476 8 WARNING neutron.db.securitygroups_db [None req-79940bb5-5761-425e-957c-e1710e19fdff caee15f605894228b0d2a2d2adf2c41e eee9f0c15dac461d8b393394731233e9 - - default default] project_id key not found in filters, using tenant_id instead. This support has been deprecated and will be removed in a future release. [pid: 8|app: 0|req: 666/1401] 10.0.0.47 () {32 vars in 773 bytes} [Tue Jul 14 18:50:24 2026] GET /v2.0/security-groups?tenant_id=6598f0d0924d4b97b7b20675add2d54b&name=default => generated 2925 bytes in 113 msecs (HTTP/1.1 200) 4 headers in 158 bytes (1 switches on core 0) [pid: 8|app: 0|req: 667/1402] 10.0.0.47 () {32 vars in 716 bytes} [Tue Jul 14 18:50:24 2026] GET /v2.0/ports/6980228b-9e14-4f41-8863-242422cc7a91 => generated 945 bytes in 37 msecs (HTTP/1.1 200) 4 headers in 157 bytes (1 switches on core 0) [pid: 7|app: 0|req: 736/1403] 10.0.0.47 () {32 vars in 739 bytes} [Tue Jul 14 18:50:24 2026] DELETE /v2.0/security-groups/402fcaea-664d-4e74-ab6d-b014a3023cb8 => generated 0 bytes in 185 msecs (HTTP/1.1 204) 2 headers in 112 bytes (1 switches on core 0) [pid: 8|app: 0|req: 668/1404] 10.0.0.47 () {32 vars in 716 bytes} [Tue Jul 14 18:50:24 2026] GET /v2.0/ports/7e429f28-99d0-4d1f-839c-8e19e81275e7 => generated 941 bytes in 36 msecs (HTTP/1.1 200) 4 headers in 157 bytes (1 switches on core 0)
2026-07-14 18:50:25.016 7 WARNING neutron.plugins.ml2.drivers.ovn.mech_driver.ovsdb.ovn_client [None req-fee00f6d-da4a-4911-ac8c-37aa75a27c66 - - - - - -] No hosting information found for port c5c8aa75-fc5f-4cff-8190-6d39300e0c32: RuntimeError: No hosting information found for port c5c8aa75-fc5f-4cff-8190-6d39300e0c32
2026-07-14 18:50:25.016 7 INFO neutron.plugins.ml2.drivers.ovn.mech_driver.mech_driver [None req-fee00f6d-da4a-4911-ac8c-37aa75a27c66 - - - - - -] OVN reports status down for port: 6980228b-9e14-4f41-8863-242422cc7a91
2026-07-14 18:50:25.083 7 WARNING neutron.plugins.ml2.drivers.ovn.mech_driver.ovsdb.ovn_client [None req-fee00f6d-da4a-4911-ac8c-37aa75a27c66 - - - - - -] Logical_Switch_Port 6980228b-9e14-4f41-8863-242422cc7a91 host information not removed, the port state is up
2026-07-14 18:50:25.174 7 INFO neutron.db.ovn_revision_numbers_db [None req-fee00f6d-da4a-4911-ac8c-37aa75a27c66 - - - - - -] Successfully bumped revision number for resource c5c8aa75-fc5f-4cff-8190-6d39300e0c32 (type: router_ports) to 2
2026-07-14 18:50:25.218 7 INFO neutron.plugins.ml2.drivers.ovn.mech_driver.mech_driver [None req-fee00f6d-da4a-4911-ac8c-37aa75a27c66 - - - - - -] OVN reports status up for port: 6980228b-9e14-4f41-8863-242422cc7a91
2026-07-14 18:50:25.228 7 INFO neutron.plugins.ml2.plugin [None req-fee00f6d-da4a-4911-ac8c-37aa75a27c66 - - - - - -] Attempt 1 to provision port 6980228b-9e14-4f41-8863-242422cc7a91
2026-07-14 18:50:25.621 7 INFO neutron.db.ovn_revision_numbers_db [None req-fee00f6d-da4a-4911-ac8c-37aa75a27c66 - - - - - -] Successfully bumped revision number for resource 6980228b-9e14-4f41-8863-242422cc7a91 (type: ports) to 2 [pid: 7|app: 0|req: 737/1405] 10.0.0.47 () {32 vars in 716 bytes} [Tue Jul 14 18:50:25 2026] GET /v2.0/ports/6980228b-9e14-4f41-8863-242422cc7a91 => generated 947 bytes in 85 msecs (HTTP/1.1 200) 4 headers in 157 bytes (1 switches on core 0) [pid: 7|app: 0|req: 738/1406] 10.0.0.47 () {32 vars in 716 bytes} [Tue Jul 14 18:50:25 2026] GET /v2.0/ports/7e429f28-99d0-4d1f-839c-8e19e81275e7 => generated 941 bytes in 85 msecs (HTTP/1.1 200) 4 headers in 157 bytes (1 switches on core 0)
2026-07-14 18:50:26.049 8 INFO neutron_taas.services.taas.taas_plugin [None req-e2529cde-e758-43ea-90f1-af583b88bf1e c2b9d64642a546479576ce2e5a72e441 d753aa7958df4adebf8fc3bac6b89f33 - - default default] TaaS: Handle Delete Port: 6980228b-9e14-4f41-8863-242422cc7a91
2026-07-14 18:50:26.056 8 INFO neutron_taas.services.taas.tap_mirror_plugin [None req-e2529cde-e758-43ea-90f1-af583b88bf1e c2b9d64642a546479576ce2e5a72e441 d753aa7958df4adebf8fc3bac6b89f33 - - default default] Tap Mirror: Handle Delete Port: 6980228b-9e14-4f41-8863-242422cc7a91 [pid: 8|app: 0|req: 669/1407] 10.0.0.47 () {34 vars in 788 bytes} [Tue Jul 14 18:50:25 2026] PUT /v2.0/routers/c09e6c33-7a43-4b2a-a49a-b4eb13bdd6f5/remove_router_interface => generated 310 bytes in 593 msecs (HTTP/1.1 200) 4 headers in 157 bytes (1 switches on core 0) [pid: 7|app: 0|req: 739/1408] 10.0.0.47 () {32 vars in 735 bytes} [Tue Jul 14 18:50:26 2026] GET /v2.0/ports?device_id=c09e6c33-7a43-4b2a-a49a-b4eb13bdd6f5 => generated 12 bytes in 22 msecs (HTTP/1.1 200) 4 headers in 156 bytes (1 switches on core 0) /var/lib/openstack/lib/python3.12/site-packages/pycadf/identifier.py:70: UserWarning: Invalid uuid: neutron. To ensure interoperability, identifiers should be a valid uuid. warnings.warn(('Invalid uuid: %s. To ensure interoperability, ' [pid: 8|app: 0|req: 670/1409] 10.0.0.47 () {32 vars in 723 bytes} [Tue Jul 14 18:50:26 2026] DELETE /v2.0/routers/c09e6c33-7a43-4b2a-a49a-b4eb13bdd6f5 => generated 0 bytes in 205 msecs (HTTP/1.1 204) 2 headers in 112 bytes (1 switches on core 0) [pid: 7|app: 0|req: 740/1410] 10.0.0.47 () {32 vars in 723 bytes} [Tue Jul 14 18:50:26 2026] DELETE /v2.0/subnets/b5317a86-da8a-451d-8830-79e24099edcf => generated 0 bytes in 164 msecs (HTTP/1.1 204) 3 headers in 131 bytes (1 switches on core 0) [pid: 8|app: 0|req: 671/1411] 10.0.0.47 () {32 vars in 723 bytes} [Tue Jul 14 18:50:26 2026] DELETE /v2.0/subnets/55dae604-b5fd-4792-9aaf-d32ee38841ad => generated 0 bytes in 193 msecs (HTTP/1.1 204) 3 headers in 131 bytes (1 switches on core 0) [pid: 8|app: 0|req: 672/1412] 10.0.0.47 () {32 vars in 716 bytes} [Tue Jul 14 18:50:26 2026] GET /v2.0/ports/7e429f28-99d0-4d1f-839c-8e19e81275e7 => generated 941 bytes in 47 msecs (HTTP/1.1 200) 4 headers in 157 bytes (1 switches on core 0)
2026-07-14 18:50:27.111 7 INFO neutron_taas.services.taas.taas_plugin [None req-57a0f877-4f15-4413-8fa9-d3c6df2f001e c2b9d64642a546479576ce2e5a72e441 d753aa7958df4adebf8fc3bac6b89f33 - - default default] TaaS: Handle Delete Port: 745bd468-9082-4241-984f-ff9b67d14bc7
2026-07-14 18:50:27.114 7 INFO neutron_taas.services.taas.tap_mirror_plugin [None req-57a0f877-4f15-4413-8fa9-d3c6df2f001e c2b9d64642a546479576ce2e5a72e441 d753aa7958df4adebf8fc3bac6b89f33 - - default default] Tap Mirror: Handle Delete Port: 745bd468-9082-4241-984f-ff9b67d14bc7
2026-07-14 18:50:27.343 7 INFO neutron.services.segments.plugin [-] Segment 5e029754-c4d6-4ecf-89a0-7aefafc9e0d5 resource provider aggregate not found
2026-07-14 18:50:27.347 7 INFO neutron.services.segments.plugin [-] Segment 5e029754-c4d6-4ecf-89a0-7aefafc9e0d5 resource provider aggregate not found
2026-07-14 18:50:27.366 7 INFO neutron.services.segments.plugin [-] Client error retrieving segment 5e029754-c4d6-4ecf-89a0-7aefafc9e0d5 resource provider; error: Placement Client Error (4xx): {"errors": [{"status": 404, "title": "Not Found", "detail": "The resource could not be found.\n\n No resource provider with uuid 5e029754-c4d6-4ecf-89a0-7aefafc9e0d5 found for delete ", "request_id": "req-32cc29ba-7c87-4790-b75b-ac4fe553a087"}]}
2026-07-14 18:50:27.366 7 INFO neutron.services.segments.plugin [-] Client error retrieving segment 5e029754-c4d6-4ecf-89a0-7aefafc9e0d5 resource provider; error: Placement Client Error (4xx): {"errors": [{"status": 404, "title": "Not Found", "detail": "The resource could not be found.\n\n No resource provider with uuid 5e029754-c4d6-4ecf-89a0-7aefafc9e0d5 found for delete ", "request_id": "req-cd24cef5-8626-4932-8b95-97e9b7534673"}]} [pid: 7|app: 0|req: 741/1413] 10.0.0.47 () {32 vars in 725 bytes} [Tue Jul 14 18:50:26 2026] DELETE /v2.0/networks/a6ba4312-a73e-4c2f-b2af-1b0e08d70d44 => generated 0 bytes in 438 msecs (HTTP/1.1 204) 3 headers in 131 bytes (1 switches on core 0)
2026-07-14 18:50:27.514 8 INFO neutron_taas.services.taas.taas_plugin [None req-7122c7bf-83a2-40a0-9dfc-f58732816192 c2b9d64642a546479576ce2e5a72e441 d753aa7958df4adebf8fc3bac6b89f33 - - default default] TaaS: Handle Delete Port: 0e9c69ff-3335-4fe1-9d9a-a211d74ae5f2
2026-07-14 18:50:27.517 8 INFO neutron_taas.services.taas.tap_mirror_plugin [None req-7122c7bf-83a2-40a0-9dfc-f58732816192 c2b9d64642a546479576ce2e5a72e441 d753aa7958df4adebf8fc3bac6b89f33 - - default default] Tap Mirror: Handle Delete Port: 0e9c69ff-3335-4fe1-9d9a-a211d74ae5f2
2026-07-14 18:50:27.728 8 INFO neutron.services.segments.plugin [-] Segment f36ecc9d-1e15-4215-857b-529b85b658a2 resource provider aggregate not found
2026-07-14 18:50:27.734 8 INFO neutron.services.segments.plugin [-] Segment f36ecc9d-1e15-4215-857b-529b85b658a2 resource provider aggregate not found
2026-07-14 18:50:27.751 8 INFO neutron.services.segments.plugin [-] Client error retrieving segment f36ecc9d-1e15-4215-857b-529b85b658a2 resource provider; error: Placement Client Error (4xx): {"errors": [{"status": 404, "title": "Not Found", "detail": "The resource could not be found.\n\n No resource provider with uuid f36ecc9d-1e15-4215-857b-529b85b658a2 found for delete ", "request_id": "req-e844b15e-8ae7-46ff-9b41-b01a05d695eb"}]}
2026-07-14 18:50:27.758 8 INFO neutron.services.segments.plugin [-] Client error retrieving segment f36ecc9d-1e15-4215-857b-529b85b658a2 resource provider; error: Placement Client Error (4xx): {"errors": [{"status": 404, "title": "Not Found", "detail": "The resource could not be found.\n\n No resource provider with uuid f36ecc9d-1e15-4215-857b-529b85b658a2 found for delete ", "request_id": "req-37ed172b-119b-435c-a0b3-93d1497e91c5"}]} [pid: 8|app: 0|req: 673/1414] 10.0.0.47 () {32 vars in 725 bytes} [Tue Jul 14 18:50:27 2026] DELETE /v2.0/networks/41626ac1-e320-4722-84e1-739da0d1e7bc => generated 0 bytes in 379 msecs (HTTP/1.1 204) 3 headers in 131 bytes (1 switches on core 0)
2026-07-14 18:50:27.886 7 INFO neutron.db.segments_db [None req-23baf541-e7b1-4e1a-86ec-8bc39106a4b3 c2b9d64642a546479576ce2e5a72e441 d753aa7958df4adebf8fc3bac6b89f33 - - default default] Added segment 2c6d869a-29ef-44e1-a2eb-90bc51e5ce9d of type geneve for network 6c6535eb-057c-460d-81c5-346a95e220e9
2026-07-14 18:50:28.041 7 INFO neutron.db.ovn_revision_numbers_db [None req-23baf541-e7b1-4e1a-86ec-8bc39106a4b3 c2b9d64642a546479576ce2e5a72e441 d753aa7958df4adebf8fc3bac6b89f33 - - default default] Successfully bumped revision number for resource 6c6535eb-057c-460d-81c5-346a95e220e9 (type: networks) to 1 [pid: 8|app: 0|req: 674/1415] 10.0.0.47 () {32 vars in 716 bytes} [Tue Jul 14 18:50:28 2026] GET /v2.0/ports/7e429f28-99d0-4d1f-839c-8e19e81275e7 => generated 941 bytes in 105 msecs (HTTP/1.1 200) 4 headers in 157 bytes (1 switches on core 0)
2026-07-14 18:50:28.200 8 WARNING neutron.plugins.ml2.drivers.ovn.mech_driver.ovsdb.ovn_client [None req-293fa453-b5eb-4fbf-a277-2010c90c53ca - - - - - -] No port found with ID 117d6c5a-008f-466e-af0d-588f4678e489: RuntimeError: No port found with ID 117d6c5a-008f-466e-af0d-588f4678e489
2026-07-14 18:50:28.247 7 WARNING neutron.scheduler.dhcp_agent_scheduler [None req-23baf541-e7b1-4e1a-86ec-8bc39106a4b3 c2b9d64642a546479576ce2e5a72e441 d753aa7958df4adebf8fc3bac6b89f33 - - default default] No more DHCP agents
2026-07-14 18:50:28.248 7 WARNING neutron.api.rpc.agentnotifiers.dhcp_rpc_agent_api [None req-23baf541-e7b1-4e1a-86ec-8bc39106a4b3 c2b9d64642a546479576ce2e5a72e441 d753aa7958df4adebf8fc3bac6b89f33 - - default default] Unable to schedule network 6c6535eb-057c-460d-81c5-346a95e220e9: no agents available; will retry on subsequent port and subnet creation events.
2026-07-14 18:50:28.302 8 INFO neutron.plugins.ml2.drivers.ovn.mech_driver.mech_driver [None req-293fa453-b5eb-4fbf-a277-2010c90c53ca - - - - - -] OVN reports status down for port: 2007a9a1-ea35-4096-893d-8b29170a9904
2026-07-14 18:50:28.327 7 INFO neutron.db.ovn_revision_numbers_db [None req-23baf541-e7b1-4e1a-86ec-8bc39106a4b3 c2b9d64642a546479576ce2e5a72e441 d753aa7958df4adebf8fc3bac6b89f33 - - default default] Successfully bumped revision number for resource 2007a9a1-ea35-4096-893d-8b29170a9904 (type: ports) to 1 [pid: 7|app: 0|req: 742/1416] 10.0.0.47 () {34 vars in 669 bytes} [Tue Jul 14 18:50:27 2026] POST /v2.0/networks => generated 672 bytes in 567 msecs (HTTP/1.1 201) 4 headers in 162 bytes (1 switches on core 0)
2026-07-14 18:50:28.538 8 WARNING neutron.scheduler.dhcp_agent_scheduler [None req-31eda553-9935-47d7-a81d-145b1e37423f c2b9d64642a546479576ce2e5a72e441 d753aa7958df4adebf8fc3bac6b89f33 - - default default] No more DHCP agents
2026-07-14 18:50:28.539 8 WARNING neutron.api.rpc.agentnotifiers.dhcp_rpc_agent_api [None req-31eda553-9935-47d7-a81d-145b1e37423f c2b9d64642a546479576ce2e5a72e441 d753aa7958df4adebf8fc3bac6b89f33 - - default default] Unable to schedule network 6c6535eb-057c-460d-81c5-346a95e220e9: no agents available; will retry on subsequent port and subnet creation events.
2026-07-14 18:50:28.567 8 INFO neutron.db.ovn_revision_numbers_db [None req-31eda553-9935-47d7-a81d-145b1e37423f c2b9d64642a546479576ce2e5a72e441 d753aa7958df4adebf8fc3bac6b89f33 - - default default] Successfully bumped revision number for resource ca82dadc-01a3-4652-9e07-2efe91521812 (type: subnets) to 0 [pid: 8|app: 0|req: 675/1417] 10.0.0.47 () {34 vars in 668 bytes} [Tue Jul 14 18:50:28 2026] POST /v2.0/subnets => generated 646 bytes in 226 msecs (HTTP/1.1 201) 4 headers in 162 bytes (1 switches on core 0)
2026-07-14 18:50:28.708 7 INFO neutron.db.ovn_revision_numbers_db [None req-01afb7d5-21ee-47bf-9c6d-2856444fcb33 c2b9d64642a546479576ce2e5a72e441 d753aa7958df4adebf8fc3bac6b89f33 - - default default] Successfully bumped revision number for resource b4c9774b-e8ce-4666-b064-1fb845c3d62b (type: routers) to 1 [pid: 7|app: 0|req: 743/1418] 10.0.0.47 () {34 vars in 668 bytes} [Tue Jul 14 18:50:28 2026] POST /v2.0/routers => generated 627 bytes in 135 msecs (HTTP/1.1 201) 4 headers in 162 bytes (1 switches on core 0)
2026-07-14 18:50:28.752 8 WARNING neutron.db.securitygroups_db [None req-cf32382a-1e1c-40d2-ae4c-1791f4a76c0d caee15f605894228b0d2a2d2adf2c41e eee9f0c15dac461d8b393394731233e9 - - default default] project_id key not found in filters, using tenant_id instead. This support has been deprecated and will be removed in a future release.
2026-07-14 18:50:28.894 8 INFO neutron.db.ovn_revision_numbers_db [None req-cf32382a-1e1c-40d2-ae4c-1791f4a76c0d caee15f605894228b0d2a2d2adf2c41e eee9f0c15dac461d8b393394731233e9 - - default default] Successfully bumped revision number for resource f5bdc0db-617e-4233-bbc4-5172b6b2bec1 (type: security_groups) to 1
2026-07-14 18:50:28.911 8 INFO neutron.db.ovn_revision_numbers_db [None req-cf32382a-1e1c-40d2-ae4c-1791f4a76c0d caee15f605894228b0d2a2d2adf2c41e eee9f0c15dac461d8b393394731233e9 - - default default] Successfully bumped revision number for resource 096cb87f-d577-41b1-99ab-77b71784e1d1 (type: security_group_rules) to 0
2026-07-14 18:50:28.924 8 INFO neutron.db.ovn_revision_numbers_db [None req-cf32382a-1e1c-40d2-ae4c-1791f4a76c0d caee15f605894228b0d2a2d2adf2c41e eee9f0c15dac461d8b393394731233e9 - - default default] Successfully bumped revision number for resource 36186062-15d7-4c61-be52-ca4ddf26521d (type: security_group_rules) to 0
2026-07-14 18:50:28.948 8 INFO neutron.db.ovn_revision_numbers_db [None req-cf32382a-1e1c-40d2-ae4c-1791f4a76c0d caee15f605894228b0d2a2d2adf2c41e eee9f0c15dac461d8b393394731233e9 - - default default] Successfully bumped revision number for resource 7239ca86-ce3c-4176-ad33-7a0e8544bec5 (type: security_group_rules) to 0
2026-07-14 18:50:28.962 8 INFO neutron.db.ovn_revision_numbers_db [None req-cf32382a-1e1c-40d2-ae4c-1791f4a76c0d caee15f605894228b0d2a2d2adf2c41e eee9f0c15dac461d8b393394731233e9 - - default default] Successfully bumped revision number for resource 8ef252d3-7147-4ea9-80bf-f5d907c0a54b (type: security_group_rules) to 0 [pid: 8|app: 0|req: 676/1419] 10.0.0.47 () {32 vars in 773 bytes} [Tue Jul 14 18:50:28 2026] GET /v2.0/security-groups?tenant_id=e247e1813e584d759b608b365fdc4926&name=default => generated 2925 bytes in 372 msecs (HTTP/1.1 200) 4 headers in 158 bytes (1 switches on core 0)
2026-07-14 18:50:29.083 7 WARNING neutron.scheduler.dhcp_agent_scheduler [None req-0aa0c87e-bf06-4f28-a961-b555c95ca1fc c2b9d64642a546479576ce2e5a72e441 d753aa7958df4adebf8fc3bac6b89f33 - - default default] No more DHCP agents
2026-07-14 18:50:29.084 7 WARNING neutron.api.rpc.agentnotifiers.dhcp_rpc_agent_api [None req-0aa0c87e-bf06-4f28-a961-b555c95ca1fc c2b9d64642a546479576ce2e5a72e441 d753aa7958df4adebf8fc3bac6b89f33 - - default default] Unable to schedule network 6c6535eb-057c-460d-81c5-346a95e220e9: no agents available; will retry on subsequent port and subnet creation events. [pid: 8|app: 0|req: 677/1420] 10.0.0.47 () {32 vars in 739 bytes} [Tue Jul 14 18:50:29 2026] DELETE /v2.0/security-groups/f5bdc0db-617e-4233-bbc4-5172b6b2bec1 => generated 0 bytes in 199 msecs (HTTP/1.1 204) 2 headers in 112 bytes (1 switches on core 0) [pid: 8|app: 0|req: 678/1421] 10.0.0.47 () {32 vars in 716 bytes} [Tue Jul 14 18:50:29 2026] GET /v2.0/ports/7e429f28-99d0-4d1f-839c-8e19e81275e7 => generated 941 bytes in 48 msecs (HTTP/1.1 200) 4 headers in 157 bytes (1 switches on core 0)
2026-07-14 18:50:29.267 7 INFO neutron.db.ovn_revision_numbers_db [None req-0aa0c87e-bf06-4f28-a961-b555c95ca1fc c2b9d64642a546479576ce2e5a72e441 d753aa7958df4adebf8fc3bac6b89f33 - - default default] Successfully bumped revision number for resource d1c61d07-d3b0-49bc-af7f-bcc1f4594da2 (type: ports) to 1 [pid: 7|app: 0|req: 744/1422] 10.0.0.47 () {34 vars in 664 bytes} [Tue Jul 14 18:50:28 2026] POST /v2.0/ports => generated 960 bytes in 562 msecs (HTTP/1.1 201) 4 headers in 162 bytes (1 switches on core 0) /var/lib/openstack/lib/python3.12/site-packages/pycadf/identifier.py:70: UserWarning: Invalid uuid: neutron. To ensure interoperability, identifiers should be a valid uuid. warnings.warn(('Invalid uuid: %s. To ensure interoperability, '
2026-07-14 18:50:29.306 7 WARNING neutron.db.securitygroups_db [None req-13fc696b-c151-4189-9458-d41e8b0f3177 caee15f605894228b0d2a2d2adf2c41e eee9f0c15dac461d8b393394731233e9 - - default default] project_id key not found in filters, using tenant_id instead. This support has been deprecated and will be removed in a future release.
2026-07-14 18:50:29.438 7 INFO neutron.db.ovn_revision_numbers_db [None req-13fc696b-c151-4189-9458-d41e8b0f3177 caee15f605894228b0d2a2d2adf2c41e eee9f0c15dac461d8b393394731233e9 - - default default] Successfully bumped revision number for resource b2c80485-0249-48b5-95fe-aea0cd564070 (type: security_groups) to 1
2026-07-14 18:50:29.453 7 INFO neutron.db.ovn_revision_numbers_db [None req-13fc696b-c151-4189-9458-d41e8b0f3177 caee15f605894228b0d2a2d2adf2c41e eee9f0c15dac461d8b393394731233e9 - - default default] Successfully bumped revision number for resource 79d6b074-4a49-4766-a783-dbcf48b9da62 (type: security_group_rules) to 0
2026-07-14 18:50:29.466 7 INFO neutron.db.ovn_revision_numbers_db [None req-13fc696b-c151-4189-9458-d41e8b0f3177 caee15f605894228b0d2a2d2adf2c41e eee9f0c15dac461d8b393394731233e9 - - default default] Successfully bumped revision number for resource a555272b-4a52-4bee-83d8-f35c12751412 (type: security_group_rules) to 0
2026-07-14 18:50:29.477 7 INFO neutron.db.ovn_revision_numbers_db [None req-13fc696b-c151-4189-9458-d41e8b0f3177 caee15f605894228b0d2a2d2adf2c41e eee9f0c15dac461d8b393394731233e9 - - default default] Successfully bumped revision number for resource b6bd51eb-a8fe-42e3-8786-621ba0a9596d (type: security_group_rules) to 0
2026-07-14 18:50:29.490 7 INFO neutron.db.ovn_revision_numbers_db [None req-13fc696b-c151-4189-9458-d41e8b0f3177 caee15f605894228b0d2a2d2adf2c41e eee9f0c15dac461d8b393394731233e9 - - default default] Successfully bumped revision number for resource dcb87b9c-8f8b-4556-af7b-940d472ea74b (type: security_group_rules) to 0 [pid: 7|app: 0|req: 745/1423] 10.0.0.47 () {32 vars in 773 bytes} [Tue Jul 14 18:50:29 2026] GET /v2.0/security-groups?tenant_id=bb03343605064838be10bccdde40a66b&name=default => generated 2925 bytes in 234 msecs (HTTP/1.1 200) 4 headers in 158 bytes (1 switches on core 0) [pid: 7|app: 0|req: 746/1424] 10.0.0.47 () {32 vars in 739 bytes} [Tue Jul 14 18:50:29 2026] DELETE /v2.0/security-groups/b2c80485-0249-48b5-95fe-aea0cd564070 => generated 0 bytes in 187 msecs (HTTP/1.1 204) 2 headers in 112 bytes (1 switches on core 0)
2026-07-14 18:50:29.808 8 INFO neutron.db.ovn_revision_numbers_db [None req-8c009311-4b93-43ba-b706-1e72fa5b6ac4 c2b9d64642a546479576ce2e5a72e441 d753aa7958df4adebf8fc3bac6b89f33 - - default default] Successfully bumped revision number for resource d1c61d07-d3b0-49bc-af7f-bcc1f4594da2 (type: ports) to 2
2026-07-14 18:50:30.021 7 WARNING neutron.db.securitygroups_db [None req-3c297137-dec1-42ed-939e-c75c1706291d caee15f605894228b0d2a2d2adf2c41e eee9f0c15dac461d8b393394731233e9 - - default default] project_id key not found in filters, using tenant_id instead. This support has been deprecated and will be removed in a future release.
2026-07-14 18:50:30.156 7 INFO neutron.db.ovn_revision_numbers_db [None req-3c297137-dec1-42ed-939e-c75c1706291d caee15f605894228b0d2a2d2adf2c41e eee9f0c15dac461d8b393394731233e9 - - default default] Successfully bumped revision number for resource 2b6f7f9b-203a-45ac-873f-fdd964422081 (type: security_groups) to 1
2026-07-14 18:50:30.171 7 INFO neutron.db.ovn_revision_numbers_db [None req-3c297137-dec1-42ed-939e-c75c1706291d caee15f605894228b0d2a2d2adf2c41e eee9f0c15dac461d8b393394731233e9 - - default default] Successfully bumped revision number for resource 11290188-e88d-44fd-a840-e2cd80329c93 (type: security_group_rules) to 0
2026-07-14 18:50:30.182 7 INFO neutron.db.ovn_revision_numbers_db [None req-3c297137-dec1-42ed-939e-c75c1706291d caee15f605894228b0d2a2d2adf2c41e eee9f0c15dac461d8b393394731233e9 - - default default] Successfully bumped revision number for resource 7fd9b006-6614-440d-8721-cb6d8489f181 (type: security_group_rules) to 0
2026-07-14 18:50:30.196 7 INFO neutron.db.ovn_revision_numbers_db [None req-3c297137-dec1-42ed-939e-c75c1706291d caee15f605894228b0d2a2d2adf2c41e eee9f0c15dac461d8b393394731233e9 - - default default] Successfully bumped revision number for resource 9c13d00e-37c0-45e2-a222-c6284a9d341c (type: security_group_rules) to 0
2026-07-14 18:50:30.209 7 INFO neutron.db.ovn_revision_numbers_db [None req-3c297137-dec1-42ed-939e-c75c1706291d caee15f605894228b0d2a2d2adf2c41e eee9f0c15dac461d8b393394731233e9 - - default default] Successfully bumped revision number for resource fa09fd4e-02db-41b8-9639-5cf5d8bb4ad6 (type: security_group_rules) to 0 [pid: 7|app: 0|req: 747/1425] 10.0.0.47 () {32 vars in 773 bytes} [Tue Jul 14 18:50:29 2026] GET /v2.0/security-groups?tenant_id=284731392d264dc6acbcb276d94548ae&name=default => generated 2925 bytes in 458 msecs (HTTP/1.1 200) 4 headers in 158 bytes (1 switches on core 0) [pid: 7|app: 0|req: 748/1426] 10.0.0.47 () {32 vars in 716 bytes} [Tue Jul 14 18:50:30 2026] GET /v2.0/ports/7e429f28-99d0-4d1f-839c-8e19e81275e7 => generated 941 bytes in 35 msecs (HTTP/1.1 200) 4 headers in 157 bytes (1 switches on core 0)
2026-07-14 18:50:30.460 8 WARNING neutron.scheduler.dhcp_agent_scheduler [None req-8c009311-4b93-43ba-b706-1e72fa5b6ac4 c2b9d64642a546479576ce2e5a72e441 d753aa7958df4adebf8fc3bac6b89f33 - - default default] No more DHCP agents
2026-07-14 18:50:30.462 8 WARNING neutron.api.rpc.agentnotifiers.dhcp_rpc_agent_api [None req-8c009311-4b93-43ba-b706-1e72fa5b6ac4 c2b9d64642a546479576ce2e5a72e441 d753aa7958df4adebf8fc3bac6b89f33 - - default default] Unable to schedule network 6c6535eb-057c-460d-81c5-346a95e220e9: no agents available; will retry on subsequent port and subnet creation events. [pid: 7|app: 0|req: 749/1427] 10.0.0.47 () {32 vars in 739 bytes} [Tue Jul 14 18:50:30 2026] DELETE /v2.0/security-groups/2b6f7f9b-203a-45ac-873f-fdd964422081 => generated 0 bytes in 180 msecs (HTTP/1.1 204) 2 headers in 112 bytes (1 switches on core 0)
2026-07-14 18:50:30.572 7 WARNING neutron.db.securitygroups_db [None req-401df712-6c05-4300-9226-f6f50f293d36 caee15f605894228b0d2a2d2adf2c41e eee9f0c15dac461d8b393394731233e9 - - default default] project_id key not found in filters, using tenant_id instead. This support has been deprecated and will be removed in a future release.
2026-07-14 18:50:30.634 8 INFO neutron.db.ovn_revision_numbers_db [None req-8c009311-4b93-43ba-b706-1e72fa5b6ac4 c2b9d64642a546479576ce2e5a72e441 d753aa7958df4adebf8fc3bac6b89f33 - - default default] Successfully bumped revision number for resource d1c61d07-d3b0-49bc-af7f-bcc1f4594da2 (type: router_ports) to 2 [pid: 8|app: 0|req: 679/1428] 10.0.0.47 () {34 vars in 782 bytes} [Tue Jul 14 18:50:29 2026] PUT /v2.0/routers/b4c9774b-e8ce-4666-b064-1fb845c3d62b/add_router_interface => generated 310 bytes in 1343 msecs (HTTP/1.1 200) 4 headers in 157 bytes (1 switches on core 0) /var/lib/openstack/lib/python3.12/site-packages/pycadf/identifier.py:70: UserWarning: Invalid uuid: neutron. To ensure interoperability, identifiers should be a valid uuid. warnings.warn(('Invalid uuid: %s. To ensure interoperability, ' [pid: 8|app: 0|req: 680/1429] 10.0.0.47 () {32 vars in 716 bytes} [Tue Jul 14 18:50:30 2026] GET /v2.0/ports/d1c61d07-d3b0-49bc-af7f-bcc1f4594da2 => generated 1020 bytes in 35 msecs (HTTP/1.1 200) 4 headers in 158 bytes (1 switches on core 0)
2026-07-14 18:50:30.767 7 INFO neutron.db.ovn_revision_numbers_db [None req-401df712-6c05-4300-9226-f6f50f293d36 caee15f605894228b0d2a2d2adf2c41e eee9f0c15dac461d8b393394731233e9 - - default default] Successfully bumped revision number for resource bfee2a82-0c73-4c81-9936-2815ee186e2c (type: security_groups) to 1
2026-07-14 18:50:30.783 7 INFO neutron.db.ovn_revision_numbers_db [None req-401df712-6c05-4300-9226-f6f50f293d36 caee15f605894228b0d2a2d2adf2c41e eee9f0c15dac461d8b393394731233e9 - - default default] Successfully bumped revision number for resource 1647ef73-fb07-44fb-967f-8fb59e254217 (type: security_group_rules) to 0
2026-07-14 18:50:30.800 7 INFO neutron.db.ovn_revision_numbers_db [None req-401df712-6c05-4300-9226-f6f50f293d36 caee15f605894228b0d2a2d2adf2c41e eee9f0c15dac461d8b393394731233e9 - - default default] Successfully bumped revision number for resource 7acd63c5-cffe-4849-83cb-6afa56ead7b9 (type: security_group_rules) to 0
2026-07-14 18:50:30.818 7 INFO neutron.db.ovn_revision_numbers_db [None req-401df712-6c05-4300-9226-f6f50f293d36 caee15f605894228b0d2a2d2adf2c41e eee9f0c15dac461d8b393394731233e9 - - default default] Successfully bumped revision number for resource 8a9e445e-fcc3-4228-b4a4-c8ffe70498b1 (type: security_group_rules) to 0
2026-07-14 18:50:30.831 7 INFO neutron.db.ovn_revision_numbers_db [None req-401df712-6c05-4300-9226-f6f50f293d36 caee15f605894228b0d2a2d2adf2c41e eee9f0c15dac461d8b393394731233e9 - - default default] Successfully bumped revision number for resource d10d3ee9-eb57-45de-b13d-d43a73bf1e1e (type: security_group_rules) to 0 [pid: 7|app: 0|req: 750/1430] 10.0.0.47 () {32 vars in 773 bytes} [Tue Jul 14 18:50:30 2026] GET /v2.0/security-groups?tenant_id=b1d035abe80c40f8b7ac84038f2d9b17&name=default => generated 2925 bytes in 303 msecs (HTTP/1.1 200) 4 headers in 158 bytes (1 switches on core 0)
2026-07-14 18:50:30.970 7 WARNING neutron.plugins.ml2.drivers.ovn.mech_driver.ovsdb.ovn_client [None req-f6106fd3-5637-462b-9005-c607cf763058 - - - - - -] No port found with ID 6980228b-9e14-4f41-8863-242422cc7a91: RuntimeError: No port found with ID 6980228b-9e14-4f41-8863-242422cc7a91
2026-07-14 18:50:30.982 8 INFO neutron_taas.services.taas.taas_plugin [None req-4b247d25-e9f2-47f6-9b57-7f5e9069ea94 c2b9d64642a546479576ce2e5a72e441 d753aa7958df4adebf8fc3bac6b89f33 - - default default] TaaS: Handle Delete Port: d1c61d07-d3b0-49bc-af7f-bcc1f4594da2
2026-07-14 18:50:30.985 8 INFO neutron_taas.services.taas.tap_mirror_plugin [None req-4b247d25-e9f2-47f6-9b57-7f5e9069ea94 c2b9d64642a546479576ce2e5a72e441 d753aa7958df4adebf8fc3bac6b89f33 - - default default] Tap Mirror: Handle Delete Port: d1c61d07-d3b0-49bc-af7f-bcc1f4594da2
2026-07-14 18:50:30.999 7 INFO neutron.plugins.ml2.drivers.ovn.mech_driver.mech_driver [None req-f6106fd3-5637-462b-9005-c607cf763058 - - - - - -] OVN reports status down for port: 7e429f28-99d0-4d1f-839c-8e19e81275e7
2026-07-14 18:50:31.107 7 WARNING neutron.plugins.ml2.drivers.ovn.mech_driver.ovsdb.ovn_client [None req-f6106fd3-5637-462b-9005-c607cf763058 - - - - - -] Logical_Switch_Port 7e429f28-99d0-4d1f-839c-8e19e81275e7 host information not removed, the port state is up
2026-07-14 18:50:31.108 7 INFO neutron.plugins.ml2.drivers.ovn.mech_driver.mech_driver [None req-f6106fd3-5637-462b-9005-c607cf763058 - - - - - -] OVN reports status up for port: 7e429f28-99d0-4d1f-839c-8e19e81275e7
2026-07-14 18:50:31.124 7 INFO neutron.plugins.ml2.plugin [None req-f6106fd3-5637-462b-9005-c607cf763058 - - - - - -] Attempt 1 to provision port 7e429f28-99d0-4d1f-839c-8e19e81275e7 [pid: 7|app: 0|req: 751/1431] 10.0.0.47 () {32 vars in 739 bytes} [Tue Jul 14 18:50:30 2026] DELETE /v2.0/security-groups/bfee2a82-0c73-4c81-9936-2815ee186e2c => generated 0 bytes in 330 msecs (HTTP/1.1 204) 2 headers in 112 bytes (1 switches on core 0) [pid: 8|app: 0|req: 681/1432] 10.0.0.47 () {34 vars in 788 bytes} [Tue Jul 14 18:50:30 2026] PUT /v2.0/routers/b4c9774b-e8ce-4666-b064-1fb845c3d62b/remove_router_interface => generated 310 bytes in 612 msecs (HTTP/1.1 200) 4 headers in 157 bytes (1 switches on core 0) /var/lib/openstack/lib/python3.12/site-packages/pycadf/identifier.py:70: UserWarning: Invalid uuid: neutron. To ensure interoperability, identifiers should be a valid uuid. warnings.warn(('Invalid uuid: %s. To ensure interoperability, ' [pid: 8|app: 0|req: 682/1433] 10.0.0.47 () {32 vars in 716 bytes} [Tue Jul 14 18:50:31 2026] GET /v2.0/ports/7e429f28-99d0-4d1f-839c-8e19e81275e7 => generated 943 bytes in 41 msecs (HTTP/1.1 200) 4 headers in 157 bytes (1 switches on core 0)
2026-07-14 18:50:31.458 7 INFO neutron.api.v2.resource [None req-d696b624-6a65-4996-98d2-26956e8a36be c2b9d64642a546479576ce2e5a72e441 d753aa7958df4adebf8fc3bac6b89f33 - - default default] remove_router_interface failed (client error): The resource could not be found. [pid: 7|app: 0|req: 752/1434] 10.0.0.47 () {34 vars in 788 bytes} [Tue Jul 14 18:50:31 2026] PUT /v2.0/routers/b4c9774b-e8ce-4666-b064-1fb845c3d62b/remove_router_interface => generated 197 bytes in 162 msecs (HTTP/1.1 404) 4 headers in 164 bytes (1 switches on core 0) [pid: 7|app: 0|req: 753/1435] 10.0.0.47 () {32 vars in 735 bytes} [Tue Jul 14 18:50:31 2026] GET /v2.0/ports?device_id=b4c9774b-e8ce-4666-b064-1fb845c3d62b => generated 12 bytes in 32 msecs (HTTP/1.1 200) 4 headers in 156 bytes (1 switches on core 0)
2026-07-14 18:50:31.655 8 INFO neutron_taas.services.taas.taas_plugin [None req-cf24ad48-50fc-47e1-9516-522d9a3e0d95 9fc119efb8b84705aad8a2ee551b87dd b357c3ca50c7410fb20d9dbb36b09192 - - default default] TaaS: Handle Delete Port: 7e429f28-99d0-4d1f-839c-8e19e81275e7
2026-07-14 18:50:31.658 8 INFO neutron_taas.services.taas.tap_mirror_plugin [None req-cf24ad48-50fc-47e1-9516-522d9a3e0d95 9fc119efb8b84705aad8a2ee551b87dd b357c3ca50c7410fb20d9dbb36b09192 - - default default] Tap Mirror: Handle Delete Port: 7e429f28-99d0-4d1f-839c-8e19e81275e7
2026-07-14 18:50:31.848 7 INFO neutron.db.ovn_revision_numbers_db [None req-f6106fd3-5637-462b-9005-c607cf763058 - - - - - -] Successfully bumped revision number for resource 7e429f28-99d0-4d1f-839c-8e19e81275e7 (type: ports) to 2 [pid: 7|app: 0|req: 754/1436] 10.0.0.47 () {32 vars in 723 bytes} [Tue Jul 14 18:50:31 2026] DELETE /v2.0/routers/b4c9774b-e8ce-4666-b064-1fb845c3d62b => generated 0 bytes in 440 msecs (HTTP/1.1 204) 2 headers in 112 bytes (1 switches on core 0)
2026-07-14 18:50:31.975 7 INFO neutron.plugins.ml2.drivers.ovn.mech_driver.mech_driver [None req-09baf00e-7c54-44d7-9995-9d446c90d036 - - - - - -] OVN reports status down for port: d1c61d07-d3b0-49bc-af7f-bcc1f4594da2
2026-07-14 18:50:31.995 7 INFO neutron.plugins.ml2.drivers.ovn.mech_driver.mech_driver [None req-09baf00e-7c54-44d7-9995-9d446c90d036 - - - - - -] OVN reports status up for port: d1c61d07-d3b0-49bc-af7f-bcc1f4594da2 [pid: 8|app: 0|req: 683/1437] 10.0.0.47 () {34 vars in 788 bytes} [Tue Jul 14 18:50:31 2026] PUT /v2.0/routers/f8f372f2-5b66-45c2-971b-ad9b8a9a52ba/remove_router_interface => generated 310 bytes in 703 msecs (HTTP/1.1 200) 4 headers in 157 bytes (1 switches on core 0) /var/lib/openstack/lib/python3.12/site-packages/pycadf/identifier.py:70: UserWarning: Invalid uuid: neutron. To ensure interoperability, identifiers should be a valid uuid. warnings.warn(('Invalid uuid: %s. To ensure interoperability, ' [pid: 8|app: 0|req: 684/1438] 10.0.0.47 () {32 vars in 716 bytes} [Tue Jul 14 18:50:32 2026] GET /v2.0/ports/c5c8aa75-fc5f-4cff-8190-6d39300e0c32 => generated 943 bytes in 99 msecs (HTTP/1.1 200) 4 headers in 157 bytes (1 switches on core 0) [pid: 7|app: 0|req: 755/1439] 10.0.0.47 () {32 vars in 723 bytes} [Tue Jul 14 18:50:31 2026] DELETE /v2.0/subnets/ca82dadc-01a3-4652-9e07-2efe91521812 => generated 0 bytes in 272 msecs (HTTP/1.1 204) 3 headers in 131 bytes (1 switches on core 0)
2026-07-14 18:50:32.355 7 INFO neutron_taas.services.taas.taas_plugin [None req-009791d5-3594-499a-91b6-ea3d23170c04 c2b9d64642a546479576ce2e5a72e441 d753aa7958df4adebf8fc3bac6b89f33 - - default default] TaaS: Handle Delete Port: 2007a9a1-ea35-4096-893d-8b29170a9904
2026-07-14 18:50:32.358 7 INFO neutron_taas.services.taas.tap_mirror_plugin [None req-009791d5-3594-499a-91b6-ea3d23170c04 c2b9d64642a546479576ce2e5a72e441 d753aa7958df4adebf8fc3bac6b89f33 - - default default] Tap Mirror: Handle Delete Port: 2007a9a1-ea35-4096-893d-8b29170a9904
2026-07-14 18:50:32.466 8 INFO neutron_taas.services.taas.taas_plugin [None req-fa5c9e17-92bc-4d16-8af9-e5b54732a804 9fc119efb8b84705aad8a2ee551b87dd b357c3ca50c7410fb20d9dbb36b09192 - - default default] TaaS: Handle Delete Port: c5c8aa75-fc5f-4cff-8190-6d39300e0c32
2026-07-14 18:50:32.469 8 INFO neutron_taas.services.taas.tap_mirror_plugin [None req-fa5c9e17-92bc-4d16-8af9-e5b54732a804 9fc119efb8b84705aad8a2ee551b87dd b357c3ca50c7410fb20d9dbb36b09192 - - default default] Tap Mirror: Handle Delete Port: c5c8aa75-fc5f-4cff-8190-6d39300e0c32
2026-07-14 18:50:32.601 7 INFO neutron.services.segments.plugin [-] Segment 2c6d869a-29ef-44e1-a2eb-90bc51e5ce9d resource provider aggregate not found
2026-07-14 18:50:32.621 7 INFO neutron.services.segments.plugin [-] Segment 2c6d869a-29ef-44e1-a2eb-90bc51e5ce9d resource provider aggregate not found
2026-07-14 18:50:32.630 7 INFO neutron.services.segments.plugin [-] Client error retrieving segment 2c6d869a-29ef-44e1-a2eb-90bc51e5ce9d resource provider; error: Placement Client Error (4xx): {"errors": [{"status": 404, "title": "Not Found", "detail": "The resource could not be found.\n\n No resource provider with uuid 2c6d869a-29ef-44e1-a2eb-90bc51e5ce9d found for delete ", "request_id": "req-4ca4d9c2-084f-4e24-b235-2c19a9665798"}]}
2026-07-14 18:50:32.642 7 INFO neutron.services.segments.plugin [-] Client error retrieving segment 2c6d869a-29ef-44e1-a2eb-90bc51e5ce9d resource provider; error: Placement Client Error (4xx): {"errors": [{"status": 404, "title": "Not Found", "detail": "The resource could not be found.\n\n No resource provider with uuid 2c6d869a-29ef-44e1-a2eb-90bc51e5ce9d found for delete ", "request_id": "req-9f5473fd-61e8-4fd8-bf0f-0f1e96edb7df"}]} [pid: 7|app: 0|req: 756/1440] 10.0.0.47 () {32 vars in 725 bytes} [Tue Jul 14 18:50:32 2026] DELETE /v2.0/networks/6c6535eb-057c-460d-81c5-346a95e220e9 => generated 0 bytes in 451 msecs (HTTP/1.1 204) 3 headers in 131 bytes (1 switches on core 0)
2026-07-14 18:50:32.787 7 INFO neutron.db.segments_db [None req-e40991e4-0e38-4c93-b6b2-d57bb578777e c2b9d64642a546479576ce2e5a72e441 d753aa7958df4adebf8fc3bac6b89f33 - - default default] Added segment ec1edcf9-3b2c-4332-b3a6-2b34e909891f of type geneve for network 8af6738d-e264-490c-ade9-7c91f65e2f52
2026-07-14 18:50:32.921 7 INFO neutron.db.ovn_revision_numbers_db [None req-e40991e4-0e38-4c93-b6b2-d57bb578777e c2b9d64642a546479576ce2e5a72e441 d753aa7958df4adebf8fc3bac6b89f33 - - default default] Successfully bumped revision number for resource 8af6738d-e264-490c-ade9-7c91f65e2f52 (type: networks) to 1 [pid: 8|app: 0|req: 685/1441] 10.0.0.47 () {34 vars in 788 bytes} [Tue Jul 14 18:50:32 2026] PUT /v2.0/routers/f8f372f2-5b66-45c2-971b-ad9b8a9a52ba/remove_router_interface => generated 310 bytes in 763 msecs (HTTP/1.1 200) 4 headers in 157 bytes (1 switches on core 0) /var/lib/openstack/lib/python3.12/site-packages/pycadf/identifier.py:70: UserWarning: Invalid uuid: neutron. To ensure interoperability, identifiers should be a valid uuid. warnings.warn(('Invalid uuid: %s. To ensure interoperability, ' [pid: 8|app: 0|req: 686/1442] 10.0.0.47 () {32 vars in 735 bytes} [Tue Jul 14 18:50:32 2026] GET /v2.0/ports?device_id=f8f372f2-5b66-45c2-971b-ad9b8a9a52ba => generated 12 bytes in 29 msecs (HTTP/1.1 200) 4 headers in 156 bytes (1 switches on core 0)
2026-07-14 18:50:33.139 7 WARNING neutron.scheduler.dhcp_agent_scheduler [None req-e40991e4-0e38-4c93-b6b2-d57bb578777e c2b9d64642a546479576ce2e5a72e441 d753aa7958df4adebf8fc3bac6b89f33 - - default default] No more DHCP agents
2026-07-14 18:50:33.140 7 WARNING neutron.api.rpc.agentnotifiers.dhcp_rpc_agent_api [None req-e40991e4-0e38-4c93-b6b2-d57bb578777e c2b9d64642a546479576ce2e5a72e441 d753aa7958df4adebf8fc3bac6b89f33 - - default default] Unable to schedule network 8af6738d-e264-490c-ade9-7c91f65e2f52: no agents available; will retry on subsequent port and subnet creation events.
2026-07-14 18:50:33.193 7 INFO neutron.plugins.ml2.drivers.ovn.mech_driver.mech_driver [None req-09baf00e-7c54-44d7-9995-9d446c90d036 - - - - - -] OVN reports status down for port: 7ab07007-5286-49e2-a89d-8f5063f5532d [pid: 8|app: 0|req: 687/1443] 10.0.0.47 () {32 vars in 723 bytes} [Tue Jul 14 18:50:32 2026] DELETE /v2.0/routers/f8f372f2-5b66-45c2-971b-ad9b8a9a52ba => generated 0 bytes in 300 msecs (HTTP/1.1 204) 2 headers in 112 bytes (1 switches on core 0)
2026-07-14 18:50:33.268 7 INFO neutron.db.ovn_revision_numbers_db [None req-e40991e4-0e38-4c93-b6b2-d57bb578777e c2b9d64642a546479576ce2e5a72e441 d753aa7958df4adebf8fc3bac6b89f33 - - default default] Successfully bumped revision number for resource 7ab07007-5286-49e2-a89d-8f5063f5532d (type: ports) to 1 [pid: 7|app: 0|req: 757/1444] 10.0.0.47 () {34 vars in 669 bytes} [Tue Jul 14 18:50:32 2026] POST /v2.0/networks => generated 672 bytes in 630 msecs (HTTP/1.1 201) 4 headers in 162 bytes (1 switches on core 0) [pid: 8|app: 0|req: 688/1445] 10.0.0.47 () {32 vars in 723 bytes} [Tue Jul 14 18:50:33 2026] DELETE /v2.0/subnets/7037db03-e199-4606-a288-34268e5e09e2 => generated 0 bytes in 168 msecs (HTTP/1.1 204) 3 headers in 131 bytes (1 switches on core 0)
2026-07-14 18:50:33.538 7 WARNING neutron.scheduler.dhcp_agent_scheduler [None req-59019420-dd57-495c-9a1c-b2e19c9654a4 c2b9d64642a546479576ce2e5a72e441 d753aa7958df4adebf8fc3bac6b89f33 - - default default] No more DHCP agents
2026-07-14 18:50:33.546 7 WARNING neutron.api.rpc.agentnotifiers.dhcp_rpc_agent_api [None req-59019420-dd57-495c-9a1c-b2e19c9654a4 c2b9d64642a546479576ce2e5a72e441 d753aa7958df4adebf8fc3bac6b89f33 - - default default] Unable to schedule network 8af6738d-e264-490c-ade9-7c91f65e2f52: no agents available; will retry on subsequent port and subnet creation events.
2026-07-14 18:50:33.594 7 INFO neutron.db.ovn_revision_numbers_db [None req-59019420-dd57-495c-9a1c-b2e19c9654a4 c2b9d64642a546479576ce2e5a72e441 d753aa7958df4adebf8fc3bac6b89f33 - - default default] Successfully bumped revision number for resource c9533948-3571-4f92-a283-bccb1249af7c (type: subnets) to 0 [pid: 7|app: 0|req: 758/1446] 10.0.0.47 () {34 vars in 668 bytes} [Tue Jul 14 18:50:33 2026] POST /v2.0/subnets => generated 646 bytes in 303 msecs (HTTP/1.1 201) 4 headers in 162 bytes (1 switches on core 0) [pid: 8|app: 0|req: 689/1447] 10.0.0.47 () {32 vars in 723 bytes} [Tue Jul 14 18:50:33 2026] DELETE /v2.0/subnets/24df0b65-f394-431f-a285-c43ec896a8f0 => generated 0 bytes in 180 msecs (HTTP/1.1 204) 3 headers in 131 bytes (1 switches on core 0)
2026-07-14 18:50:33.736 7 INFO neutron.db.ovn_revision_numbers_db [None req-922f8841-1678-467b-be2e-d33590f3ff3e c2b9d64642a546479576ce2e5a72e441 d753aa7958df4adebf8fc3bac6b89f33 - - default default] Successfully bumped revision number for resource c2cc0165-cd27-40d4-957f-3edcaf620814 (type: routers) to 1 [pid: 7|app: 0|req: 759/1448] 10.0.0.47 () {34 vars in 668 bytes} [Tue Jul 14 18:50:33 2026] POST /v2.0/routers => generated 627 bytes in 138 msecs (HTTP/1.1 201) 4 headers in 162 bytes (1 switches on core 0)
2026-07-14 18:50:33.763 8 INFO neutron_taas.services.taas.taas_plugin [None req-973edb25-d929-4513-a645-7f3d32049761 9fc119efb8b84705aad8a2ee551b87dd b357c3ca50c7410fb20d9dbb36b09192 - - default default] TaaS: Handle Delete Port: 574a624e-06bb-494e-833b-b406d6be89a4
2026-07-14 18:50:33.771 8 INFO neutron_taas.services.taas.tap_mirror_plugin [None req-973edb25-d929-4513-a645-7f3d32049761 9fc119efb8b84705aad8a2ee551b87dd b357c3ca50c7410fb20d9dbb36b09192 - - default default] Tap Mirror: Handle Delete Port: 574a624e-06bb-494e-833b-b406d6be89a4
2026-07-14 18:50:33.969 8 INFO neutron.services.segments.plugin [-] Segment 171c53d8-7c69-4aaa-90d0-6ad13629866f resource provider aggregate not found
2026-07-14 18:50:33.974 8 INFO neutron.services.segments.plugin [-] Segment 171c53d8-7c69-4aaa-90d0-6ad13629866f resource provider aggregate not found
2026-07-14 18:50:33.996 8 INFO neutron.services.segments.plugin [-] Client error retrieving segment 171c53d8-7c69-4aaa-90d0-6ad13629866f resource provider; error: Placement Client Error (4xx): {"errors": [{"status": 404, "title": "Not Found", "detail": "The resource could not be found.\n\n No resource provider with uuid 171c53d8-7c69-4aaa-90d0-6ad13629866f found for delete ", "request_id": "req-68ae0af0-6d1b-4228-a86d-316bcd10f84e"}]}
2026-07-14 18:50:34.003 8 INFO neutron.services.segments.plugin [-] Client error retrieving segment 171c53d8-7c69-4aaa-90d0-6ad13629866f resource provider; error: Placement Client Error (4xx): {"errors": [{"status": 404, "title": "Not Found", "detail": "The resource could not be found.\n\n No resource provider with uuid 171c53d8-7c69-4aaa-90d0-6ad13629866f found for delete ", "request_id": "req-60967145-b101-409c-ae6f-d0f55eb185f4"}]} [pid: 8|app: 0|req: 690/1449] 10.0.0.47 () {32 vars in 725 bytes} [Tue Jul 14 18:50:33 2026] DELETE /v2.0/networks/d838daab-d948-4f17-be7a-8324137990f0 => generated 0 bytes in 422 msecs (HTTP/1.1 204) 3 headers in 131 bytes (1 switches on core 0)
2026-07-14 18:50:34.190 8 INFO neutron_taas.services.taas.taas_plugin [None req-b7ebb8f9-0d38-4362-80bd-7048485f95cf 9fc119efb8b84705aad8a2ee551b87dd b357c3ca50c7410fb20d9dbb36b09192 - - default default] TaaS: Handle Delete Port: 1db3611e-36a4-46bb-b5f9-efeefb2f47ad
2026-07-14 18:50:34.193 8 INFO neutron_taas.services.taas.tap_mirror_plugin [None req-b7ebb8f9-0d38-4362-80bd-7048485f95cf 9fc119efb8b84705aad8a2ee551b87dd b357c3ca50c7410fb20d9dbb36b09192 - - default default] Tap Mirror: Handle Delete Port: 1db3611e-36a4-46bb-b5f9-efeefb2f47ad
2026-07-14 18:50:34.253 7 WARNING neutron.scheduler.dhcp_agent_scheduler [None req-d7c872e5-ff9f-478c-8c58-6d4b26545b49 c2b9d64642a546479576ce2e5a72e441 d753aa7958df4adebf8fc3bac6b89f33 - - default default] No more DHCP agents
2026-07-14 18:50:34.254 7 WARNING neutron.api.rpc.agentnotifiers.dhcp_rpc_agent_api [None req-d7c872e5-ff9f-478c-8c58-6d4b26545b49 c2b9d64642a546479576ce2e5a72e441 d753aa7958df4adebf8fc3bac6b89f33 - - default default] Unable to schedule network 8af6738d-e264-490c-ade9-7c91f65e2f52: no agents available; will retry on subsequent port and subnet creation events.
2026-07-14 18:50:34.360 7 INFO neutron.plugins.ml2.drivers.ovn.mech_driver.mech_driver [None req-09baf00e-7c54-44d7-9995-9d446c90d036 - - - - - -] OVN reports status down for port: 1cc280b2-2211-409c-bcf5-fcf12acea060
2026-07-14 18:50:34.413 7 INFO neutron.db.ovn_revision_numbers_db [None req-d7c872e5-ff9f-478c-8c58-6d4b26545b49 c2b9d64642a546479576ce2e5a72e441 d753aa7958df4adebf8fc3bac6b89f33 - - default default] Successfully bumped revision number for resource 1cc280b2-2211-409c-bcf5-fcf12acea060 (type: ports) to 1 [pid: 8|app: 0|req: 691/1450] 10.0.0.47 () {32 vars in 725 bytes} [Tue Jul 14 18:50:34 2026] DELETE /v2.0/networks/e455a819-1f86-4823-907b-8b6bcf9f2cbd => generated 0 bytes in 397 msecs (HTTP/1.1 204) 3 headers in 131 bytes (1 switches on core 0)
2026-07-14 18:50:34.545 8 INFO neutron.db.segments_db [None req-3e27959a-1274-43bd-9e38-6fbdd481c1e1 9fc119efb8b84705aad8a2ee551b87dd b357c3ca50c7410fb20d9dbb36b09192 - - default default] Added segment c7ae68d8-18cc-4c56-a41a-545f1ebcfd6a of type geneve for network 3cb6c1dd-0b80-4668-9537-962a02c1febf
2026-07-14 18:50:34.661 8 INFO neutron.db.ovn_revision_numbers_db [None req-3e27959a-1274-43bd-9e38-6fbdd481c1e1 9fc119efb8b84705aad8a2ee551b87dd b357c3ca50c7410fb20d9dbb36b09192 - - default default] Successfully bumped revision number for resource 3cb6c1dd-0b80-4668-9537-962a02c1febf (type: networks) to 1
2026-07-14 18:50:34.844 8 WARNING neutron.scheduler.dhcp_agent_scheduler [None req-3e27959a-1274-43bd-9e38-6fbdd481c1e1 9fc119efb8b84705aad8a2ee551b87dd b357c3ca50c7410fb20d9dbb36b09192 - - default default] No more DHCP agents
2026-07-14 18:50:34.846 8 WARNING neutron.api.rpc.agentnotifiers.dhcp_rpc_agent_api [None req-3e27959a-1274-43bd-9e38-6fbdd481c1e1 9fc119efb8b84705aad8a2ee551b87dd b357c3ca50c7410fb20d9dbb36b09192 - - default default] Unable to schedule network 3cb6c1dd-0b80-4668-9537-962a02c1febf: no agents available; will retry on subsequent port and subnet creation events.
2026-07-14 18:50:34.907 7 INFO neutron.plugins.ml2.drivers.ovn.mech_driver.mech_driver [None req-09baf00e-7c54-44d7-9995-9d446c90d036 - - - - - -] OVN reports status down for port: bfc26387-7521-49d4-8be2-88ce0d1a9a59
2026-07-14 18:50:34.936 8 INFO neutron.db.ovn_revision_numbers_db [None req-3e27959a-1274-43bd-9e38-6fbdd481c1e1 9fc119efb8b84705aad8a2ee551b87dd b357c3ca50c7410fb20d9dbb36b09192 - - default default] Successfully bumped revision number for resource bfc26387-7521-49d4-8be2-88ce0d1a9a59 (type: ports) to 1 [pid: 8|app: 0|req: 692/1451] 10.0.0.47 () {34 vars in 669 bytes} [Tue Jul 14 18:50:34 2026] POST /v2.0/networks => generated 667 bytes in 511 msecs (HTTP/1.1 201) 4 headers in 162 bytes (1 switches on core 0)
2026-07-14 18:50:35.035 7 INFO neutron.plugins.ml2.drivers.ovn.mech_driver.mech_driver [None req-09baf00e-7c54-44d7-9995-9d446c90d036 - - - - - -] OVN reports status up for port: 1cc280b2-2211-409c-bcf5-fcf12acea060
2026-07-14 18:50:35.067 7 INFO neutron.plugins.ml2.plugin [None req-09baf00e-7c54-44d7-9995-9d446c90d036 - - - - - -] Attempt 1 to provision port 1cc280b2-2211-409c-bcf5-fcf12acea060
2026-07-14 18:50:35.147 7 WARNING neutron.scheduler.dhcp_agent_scheduler [None req-d7c872e5-ff9f-478c-8c58-6d4b26545b49 c2b9d64642a546479576ce2e5a72e441 d753aa7958df4adebf8fc3bac6b89f33 - - default default] No more DHCP agents
2026-07-14 18:50:35.151 7 WARNING neutron.api.rpc.agentnotifiers.dhcp_rpc_agent_api [None req-d7c872e5-ff9f-478c-8c58-6d4b26545b49 c2b9d64642a546479576ce2e5a72e441 d753aa7958df4adebf8fc3bac6b89f33 - - default default] Unable to schedule network 8af6738d-e264-490c-ade9-7c91f65e2f52: no agents available; will retry on subsequent port and subnet creation events.
2026-07-14 18:50:35.212 8 WARNING neutron.db.securitygroups_db [None req-feee4b14-97a4-42f8-8a51-6b34368303aa caee15f605894228b0d2a2d2adf2c41e eee9f0c15dac461d8b393394731233e9 - - default default] project_id key not found in filters, using tenant_id instead. This support has been deprecated and will be removed in a future release.
2026-07-14 18:50:35.341 8 INFO neutron.db.ovn_revision_numbers_db [None req-feee4b14-97a4-42f8-8a51-6b34368303aa caee15f605894228b0d2a2d2adf2c41e eee9f0c15dac461d8b393394731233e9 - - default default] Successfully bumped revision number for resource 626da1ae-b8f9-416a-87e7-5783860d30ff (type: security_groups) to 1
2026-07-14 18:50:35.356 8 INFO neutron.db.ovn_revision_numbers_db [None req-feee4b14-97a4-42f8-8a51-6b34368303aa caee15f605894228b0d2a2d2adf2c41e eee9f0c15dac461d8b393394731233e9 - - default default] Successfully bumped revision number for resource 198334b0-0caa-4aaf-a242-790d154c7560 (type: security_group_rules) to 0
2026-07-14 18:50:35.370 8 INFO neutron.db.ovn_revision_numbers_db [None req-feee4b14-97a4-42f8-8a51-6b34368303aa caee15f605894228b0d2a2d2adf2c41e eee9f0c15dac461d8b393394731233e9 - - default default] Successfully bumped revision number for resource 615c1abc-5e1b-4f63-9526-e318e6803ba9 (type: security_group_rules) to 0
