2026-07-14 18:51:02.724 8 INFO neutron.db.ovn_revision_numbers_db [None req-2960b446-6e66-4b58-ab3a-70a06840cba1 caee15f605894228b0d2a2d2adf2c41e eee9f0c15dac461d8b393394731233e9 - - default default] Successfully bumped revision number for resource 2a79757b-4ead-474c-87ea-b7893d83b205 (type: security_groups) to 1
2026-07-14 18:51:02.735 8 INFO neutron.db.ovn_revision_numbers_db [None req-2960b446-6e66-4b58-ab3a-70a06840cba1 caee15f605894228b0d2a2d2adf2c41e eee9f0c15dac461d8b393394731233e9 - - default default] Successfully bumped revision number for resource 28fa3781-9295-4ce7-9b65-356029a53824 (type: security_group_rules) to 0
2026-07-14 18:51:02.757 8 INFO neutron.db.ovn_revision_numbers_db [None req-2960b446-6e66-4b58-ab3a-70a06840cba1 caee15f605894228b0d2a2d2adf2c41e eee9f0c15dac461d8b393394731233e9 - - default default] Successfully bumped revision number for resource 5cd08261-03ed-40c4-a684-4cf5005a01dc (type: security_group_rules) to 0
2026-07-14 18:51:02.768 8 INFO neutron.db.ovn_revision_numbers_db [None req-2960b446-6e66-4b58-ab3a-70a06840cba1 caee15f605894228b0d2a2d2adf2c41e eee9f0c15dac461d8b393394731233e9 - - default default] Successfully bumped revision number for resource d4a734e3-c4d9-4bc7-af57-34fb6d48a1f1 (type: security_group_rules) to 0
2026-07-14 18:51:02.780 8 INFO neutron.db.ovn_revision_numbers_db [None req-2960b446-6e66-4b58-ab3a-70a06840cba1 caee15f605894228b0d2a2d2adf2c41e eee9f0c15dac461d8b393394731233e9 - - default default] Successfully bumped revision number for resource e9cf29c5-ebef-462d-9b6c-418c21699ce9 (type: security_group_rules) to 0 [pid: 8|app: 0|req: 779/1670] 10.0.0.47 () {32 vars in 773 bytes} [Tue Jul 14 18:51:02 2026] GET /v2.0/security-groups?tenant_id=708826f2c0e84eb5a2e5bbc60898d1b0&name=default => generated 2925 bytes in 412 msecs (HTTP/1.1 200) 4 headers in 158 bytes (1 switches on core 0)
2026-07-14 18:51:02.923 7 INFO neutron.db.ovn_revision_numbers_db [None req-612f7c52-1350-4069-ac72-050a162fee9b 361cf6fc65bd45e38029763a279ce984 8dc68e71dd7a44efaaa1af056092ec92 - - default default] Successfully bumped revision number for resource 648c084e-2b15-463a-a279-e273576b0e38 (type: ports) to 2
2026-07-14 18:51:02.969 7 INFO neutron.db.ovn_revision_numbers_db [None req-612f7c52-1350-4069-ac72-050a162fee9b 361cf6fc65bd45e38029763a279ce984 8dc68e71dd7a44efaaa1af056092ec92 - - default default] Successfully bumped revision number for resource be9eba95-d554-4fff-b0b6-1cebbe6a9160 (type: subnets) to 0 [pid: 7|app: 0|req: 892/1671] 10.0.0.47 () {34 vars in 668 bytes} [Tue Jul 14 18:51:02 2026] POST /v2.0/subnets => generated 626 bytes in 774 msecs (HTTP/1.1 201) 4 headers in 162 bytes (1 switches on core 0) [pid: 8|app: 0|req: 780/1672] 10.0.0.47 () {32 vars in 739 bytes} [Tue Jul 14 18:51:02 2026] DELETE /v2.0/security-groups/2a79757b-4ead-474c-87ea-b7893d83b205 => generated 0 bytes in 245 msecs (HTTP/1.1 204) 2 headers in 112 bytes (1 switches on core 0)
2026-07-14 18:51:03.180 8 WARNING neutron.db.securitygroups_db [None req-64b42e96-f7c1-4c3d-b95f-fea31266dc7a caee15f605894228b0d2a2d2adf2c41e eee9f0c15dac461d8b393394731233e9 - - default default] project_id key not found in filters, using tenant_id instead. This support has been deprecated and will be removed in a future release.
2026-07-14 18:51:03.224 7 WARNING neutron.scheduler.dhcp_agent_scheduler [None req-6808e61b-0f5f-4dd2-a1a9-46276b2e67d5 361cf6fc65bd45e38029763a279ce984 8dc68e71dd7a44efaaa1af056092ec92 - - default default] No more DHCP agents
2026-07-14 18:51:03.225 7 WARNING neutron.api.rpc.agentnotifiers.dhcp_rpc_agent_api [None req-6808e61b-0f5f-4dd2-a1a9-46276b2e67d5 361cf6fc65bd45e38029763a279ce984 8dc68e71dd7a44efaaa1af056092ec92 - - default default] Unable to schedule network b4248bcb-6bc5-4655-88bf-2f363fd43d1d: no agents available; will retry on subsequent port and subnet creation events.
2026-07-14 18:51:03.313 8 INFO neutron.db.ovn_revision_numbers_db [None req-64b42e96-f7c1-4c3d-b95f-fea31266dc7a caee15f605894228b0d2a2d2adf2c41e eee9f0c15dac461d8b393394731233e9 - - default default] Successfully bumped revision number for resource 36592b9a-57ba-4867-ad99-016e4181f1a6 (type: security_groups) to 1
2026-07-14 18:51:03.329 8 INFO neutron.db.ovn_revision_numbers_db [None req-64b42e96-f7c1-4c3d-b95f-fea31266dc7a caee15f605894228b0d2a2d2adf2c41e eee9f0c15dac461d8b393394731233e9 - - default default] Successfully bumped revision number for resource 53527d1f-a4ab-4818-b23a-be412a22bba4 (type: security_group_rules) to 0
2026-07-14 18:51:03.357 7 INFO neutron.plugins.ml2.drivers.ovn.mech_driver.mech_driver [None req-7a52d9db-48bd-49fa-a311-093b7cf3b7fd - - - - - -] OVN reports status down for port: c1302231-8675-4328-b31e-bd08ec13cf09
2026-07-14 18:51:03.366 8 INFO neutron.db.ovn_revision_numbers_db [None req-64b42e96-f7c1-4c3d-b95f-fea31266dc7a caee15f605894228b0d2a2d2adf2c41e eee9f0c15dac461d8b393394731233e9 - - default default] Successfully bumped revision number for resource 79e5b8f6-1bb3-4d36-9a6e-484246e0497f (type: security_group_rules) to 0
2026-07-14 18:51:03.387 8 INFO neutron.db.ovn_revision_numbers_db [None req-64b42e96-f7c1-4c3d-b95f-fea31266dc7a caee15f605894228b0d2a2d2adf2c41e eee9f0c15dac461d8b393394731233e9 - - default default] Successfully bumped revision number for resource 7fd55068-9819-4f92-9549-fb5c502e948e (type: security_group_rules) to 0
2026-07-14 18:51:03.404 8 INFO neutron.db.ovn_revision_numbers_db [None req-64b42e96-f7c1-4c3d-b95f-fea31266dc7a caee15f605894228b0d2a2d2adf2c41e eee9f0c15dac461d8b393394731233e9 - - default default] Successfully bumped revision number for resource 90db6945-c814-44b5-8276-bdbe76327f79 (type: security_group_rules) to 0 [pid: 8|app: 0|req: 781/1673] 10.0.0.47 () {32 vars in 773 bytes} [Tue Jul 14 18:51:03 2026] GET /v2.0/security-groups?tenant_id=73ba1dd6e4d848c291e3afafd6384380&name=default => generated 2925 bytes in 271 msecs (HTTP/1.1 200) 4 headers in 158 bytes (1 switches on core 0)
2026-07-14 18:51:03.448 7 INFO neutron.db.ovn_revision_numbers_db [None req-6808e61b-0f5f-4dd2-a1a9-46276b2e67d5 361cf6fc65bd45e38029763a279ce984 8dc68e71dd7a44efaaa1af056092ec92 - - default default] Successfully bumped revision number for resource c1302231-8675-4328-b31e-bd08ec13cf09 (type: ports) to 1 [pid: 7|app: 0|req: 893/1674] 10.0.0.47 () {34 vars in 664 bytes} [Tue Jul 14 18:51:02 2026] POST /v2.0/ports => generated 915 bytes in 515 msecs (HTTP/1.1 201) 4 headers in 162 bytes (1 switches on core 0)
2026-07-14 18:51:03.670 7 INFO neutron_taas.services.taas.taas_plugin [None req-a0b2337b-2b12-4cb7-85bb-bae97478ed53 361cf6fc65bd45e38029763a279ce984 8dc68e71dd7a44efaaa1af056092ec92 - - default default] TaaS: Handle Delete Port: c1302231-8675-4328-b31e-bd08ec13cf09 [pid: 8|app: 0|req: 782/1675] 10.0.0.47 () {32 vars in 739 bytes} [Tue Jul 14 18:51:03 2026] DELETE /v2.0/security-groups/36592b9a-57ba-4867-ad99-016e4181f1a6 => generated 0 bytes in 219 msecs (HTTP/1.1 204) 2 headers in 112 bytes (1 switches on core 0)
2026-07-14 18:51:03.675 7 INFO neutron_taas.services.taas.tap_mirror_plugin [None req-a0b2337b-2b12-4cb7-85bb-bae97478ed53 361cf6fc65bd45e38029763a279ce984 8dc68e71dd7a44efaaa1af056092ec92 - - default default] Tap Mirror: Handle Delete Port: c1302231-8675-4328-b31e-bd08ec13cf09
2026-07-14 18:51:03.766 8 WARNING neutron.db.securitygroups_db [None req-9cb0ca9d-4e43-431d-b32c-f579aa228565 caee15f605894228b0d2a2d2adf2c41e eee9f0c15dac461d8b393394731233e9 - - default default] project_id key not found in filters, using tenant_id instead. This support has been deprecated and will be removed in a future release. [pid: 7|app: 0|req: 894/1676] 10.0.0.47 () {32 vars in 719 bytes} [Tue Jul 14 18:51:03 2026] DELETE /v2.0/ports/c1302231-8675-4328-b31e-bd08ec13cf09 => generated 0 bytes in 343 msecs (HTTP/1.1 204) 3 headers in 131 bytes (1 switches on core 0)
2026-07-14 18:51:03.882 7 INFO neutron.pecan_wsgi.hooks.translation [None req-310e77f7-50ad-4021-858a-4b77ae998705 361cf6fc65bd45e38029763a279ce984 8dc68e71dd7a44efaaa1af056092ec92 - - default default] GET failed (client error): The resource could not be found. [pid: 7|app: 0|req: 895/1677] 10.0.0.47 () {32 vars in 716 bytes} [Tue Jul 14 18:51:03 2026] GET /v2.0/ports/c1302231-8675-4328-b31e-bd08ec13cf09 => generated 132 bytes in 22 msecs (HTTP/1.1 404) 4 headers in 164 bytes (1 switches on core 0)
2026-07-14 18:51:03.940 8 INFO neutron.db.ovn_revision_numbers_db [None req-9cb0ca9d-4e43-431d-b32c-f579aa228565 caee15f605894228b0d2a2d2adf2c41e eee9f0c15dac461d8b393394731233e9 - - default default] Successfully bumped revision number for resource 8f440429-f8e9-4089-a8de-ae42e56f98ee (type: security_groups) to 1
2026-07-14 18:51:03.956 8 INFO neutron.db.ovn_revision_numbers_db [None req-9cb0ca9d-4e43-431d-b32c-f579aa228565 caee15f605894228b0d2a2d2adf2c41e eee9f0c15dac461d8b393394731233e9 - - default default] Successfully bumped revision number for resource 040439a4-241a-4a0a-bb96-5b91e3401cde (type: security_group_rules) to 0
2026-07-14 18:51:03.969 8 INFO neutron.db.ovn_revision_numbers_db [None req-9cb0ca9d-4e43-431d-b32c-f579aa228565 caee15f605894228b0d2a2d2adf2c41e eee9f0c15dac461d8b393394731233e9 - - default default] Successfully bumped revision number for resource 4fb089c8-4b85-4ccd-ab09-63feb4fe1785 (type: security_group_rules) to 0
2026-07-14 18:51:03.985 8 INFO neutron.db.ovn_revision_numbers_db [None req-9cb0ca9d-4e43-431d-b32c-f579aa228565 caee15f605894228b0d2a2d2adf2c41e eee9f0c15dac461d8b393394731233e9 - - default default] Successfully bumped revision number for resource 6dc6f1db-db4a-4b43-9bbd-7e29d94e5371 (type: security_group_rules) to 0
2026-07-14 18:51:04.004 8 INFO neutron.db.ovn_revision_numbers_db [None req-9cb0ca9d-4e43-431d-b32c-f579aa228565 caee15f605894228b0d2a2d2adf2c41e eee9f0c15dac461d8b393394731233e9 - - default default] Successfully bumped revision number for resource f29a267b-785f-45f5-80e8-bbfd79f70fdc (type: security_group_rules) to 0 [pid: 8|app: 0|req: 783/1678] 10.0.0.47 () {32 vars in 773 bytes} [Tue Jul 14 18:51:03 2026] GET /v2.0/security-groups?tenant_id=74504539781748b29c1b71e22a50c997&name=default => generated 2925 bytes in 302 msecs (HTTP/1.1 200) 4 headers in 158 bytes (1 switches on core 0) [pid: 7|app: 0|req: 896/1679] 10.0.0.47 () {32 vars in 723 bytes} [Tue Jul 14 18:51:03 2026] DELETE /v2.0/subnets/be9eba95-d554-4fff-b0b6-1cebbe6a9160 => generated 0 bytes in 253 msecs (HTTP/1.1 204) 3 headers in 131 bytes (1 switches on core 0)
2026-07-14 18:51:04.286 7 INFO neutron_taas.services.taas.taas_plugin [None req-9cf69d69-5ecd-44cb-8e6e-7af5222f9c9a 361cf6fc65bd45e38029763a279ce984 8dc68e71dd7a44efaaa1af056092ec92 - - default default] TaaS: Handle Delete Port: 648c084e-2b15-463a-a279-e273576b0e38
2026-07-14 18:51:04.289 7 INFO neutron_taas.services.taas.tap_mirror_plugin [None req-9cf69d69-5ecd-44cb-8e6e-7af5222f9c9a 361cf6fc65bd45e38029763a279ce984 8dc68e71dd7a44efaaa1af056092ec92 - - default default] Tap Mirror: Handle Delete Port: 648c084e-2b15-463a-a279-e273576b0e38 [pid: 8|app: 0|req: 784/1680] 10.0.0.47 () {32 vars in 739 bytes} [Tue Jul 14 18:51:04 2026] DELETE /v2.0/security-groups/8f440429-f8e9-4089-a8de-ae42e56f98ee => generated 0 bytes in 227 msecs (HTTP/1.1 204) 2 headers in 112 bytes (1 switches on core 0)
2026-07-14 18:51:04.479 7 INFO neutron.services.segments.plugin [-] Segment 52785ae9-94d0-458a-9da5-f7684b390e59 resource provider aggregate not found
2026-07-14 18:51:04.485 7 INFO neutron.services.segments.plugin [-] Segment 52785ae9-94d0-458a-9da5-f7684b390e59 resource provider aggregate not found
2026-07-14 18:51:04.504 7 INFO neutron.services.segments.plugin [-] Client error retrieving segment 52785ae9-94d0-458a-9da5-f7684b390e59 resource provider; error: Placement Client Error (4xx): {"errors": [{"status": 404, "title": "Not Found", "detail": "The resource could not be found.\n\n No resource provider with uuid 52785ae9-94d0-458a-9da5-f7684b390e59 found for delete ", "request_id": "req-04911baf-e740-4292-8619-749ab4225191"}]}
2026-07-14 18:51:04.510 7 INFO neutron.services.segments.plugin [-] Client error retrieving segment 52785ae9-94d0-458a-9da5-f7684b390e59 resource provider; error: Placement Client Error (4xx): {"errors": [{"status": 404, "title": "Not Found", "detail": "The resource could not be found.\n\n No resource provider with uuid 52785ae9-94d0-458a-9da5-f7684b390e59 found for delete ", "request_id": "req-ac39cbfa-f6d3-49e7-b2ca-6eb5dd1f0a28"}]} [pid: 7|app: 0|req: 897/1681] 10.0.0.47 () {32 vars in 725 bytes} [Tue Jul 14 18:51:04 2026] DELETE /v2.0/networks/b4248bcb-6bc5-4655-88bf-2f363fd43d1d => generated 0 bytes in 387 msecs (HTTP/1.1 204) 3 headers in 131 bytes (1 switches on core 0)
2026-07-14 18:51:04.606 8 INFO neutron.db.ovn_revision_numbers_db [None req-f32b82b8-0603-4c5b-ad07-e4228fd74ecc caee15f605894228b0d2a2d2adf2c41e eee9f0c15dac461d8b393394731233e9 - - default default] Successfully bumped revision number for resource 422f9c88-6d0f-4e7e-8980-4f74b2a9a217 (type: security_groups) to 1
2026-07-14 18:51:04.620 8 INFO neutron.db.ovn_revision_numbers_db [None req-f32b82b8-0603-4c5b-ad07-e4228fd74ecc caee15f605894228b0d2a2d2adf2c41e eee9f0c15dac461d8b393394731233e9 - - default default] Successfully bumped revision number for resource 018f3290-aede-4a7d-9607-0f0907541655 (type: security_group_rules) to 0
2026-07-14 18:51:04.631 8 INFO neutron.db.ovn_revision_numbers_db [None req-f32b82b8-0603-4c5b-ad07-e4228fd74ecc caee15f605894228b0d2a2d2adf2c41e eee9f0c15dac461d8b393394731233e9 - - default default] Successfully bumped revision number for resource 4619f56c-0548-4478-885d-2f01be1485dc (type: security_group_rules) to 0
2026-07-14 18:51:04.648 8 INFO neutron.db.ovn_revision_numbers_db [None req-f32b82b8-0603-4c5b-ad07-e4228fd74ecc caee15f605894228b0d2a2d2adf2c41e eee9f0c15dac461d8b393394731233e9 - - default default] Successfully bumped revision number for resource 4f6f391e-a3c5-4c84-b9bd-8e653acd0012 (type: security_group_rules) to 0
2026-07-14 18:51:04.665 8 INFO neutron.db.ovn_revision_numbers_db [None req-f32b82b8-0603-4c5b-ad07-e4228fd74ecc caee15f605894228b0d2a2d2adf2c41e eee9f0c15dac461d8b393394731233e9 - - default default] Successfully bumped revision number for resource d9df60a2-ffe9-4847-8b45-ce32dd42d828 (type: security_group_rules) to 0
2026-07-14 18:51:04.752 8 INFO neutron.db.segments_db [None req-f32b82b8-0603-4c5b-ad07-e4228fd74ecc caee15f605894228b0d2a2d2adf2c41e eee9f0c15dac461d8b393394731233e9 - - default default] Added segment 9a2abe03-906d-4955-8b1a-a3d3dc7c89f0 of type geneve for network 7cda5323-1410-4ab5-b9a3-650bb6648825
2026-07-14 18:51:04.843 7 WARNING neutron.scheduler.dhcp_agent_scheduler [None req-3876a61a-f0f7-4f14-9c82-7a54ea5be2bb 361cf6fc65bd45e38029763a279ce984 8dc68e71dd7a44efaaa1af056092ec92 - - default default] No more DHCP agents
2026-07-14 18:51:04.858 7 WARNING neutron.api.rpc.agentnotifiers.dhcp_rpc_agent_api [None req-3876a61a-f0f7-4f14-9c82-7a54ea5be2bb 361cf6fc65bd45e38029763a279ce984 8dc68e71dd7a44efaaa1af056092ec92 - - default default] Unable to schedule network 3d199d9d-abbe-4a21-aade-a8c97fa7a7da: no agents available; will retry on subsequent port and subnet creation events.
2026-07-14 18:51:04.878 8 INFO neutron.db.ovn_revision_numbers_db [None req-f32b82b8-0603-4c5b-ad07-e4228fd74ecc caee15f605894228b0d2a2d2adf2c41e eee9f0c15dac461d8b393394731233e9 - - default default] Successfully bumped revision number for resource 7cda5323-1410-4ab5-b9a3-650bb6648825 (type: networks) to 1
2026-07-14 18:51:04.924 7 INFO neutron.plugins.ml2.drivers.ovn.mech_driver.mech_driver [None req-7a52d9db-48bd-49fa-a311-093b7cf3b7fd - - - - - -] OVN reports status down for port: ff24e37e-27e2-4100-9c0e-b0c2645bc863
2026-07-14 18:51:04.983 7 INFO neutron.db.ovn_revision_numbers_db [None req-3876a61a-f0f7-4f14-9c82-7a54ea5be2bb 361cf6fc65bd45e38029763a279ce984 8dc68e71dd7a44efaaa1af056092ec92 - - default default] Successfully bumped revision number for resource ff24e37e-27e2-4100-9c0e-b0c2645bc863 (type: ports) to 1 [pid: 7|app: 0|req: 898/1682] 10.0.0.47 () {34 vars in 664 bytes} [Tue Jul 14 18:51:04 2026] POST /v2.0/ports => generated 774 bytes in 491 msecs (HTTP/1.1 201) 4 headers in 162 bytes (1 switches on core 0) /var/lib/openstack/lib/python3.12/site-packages/pycadf/identifier.py:70: UserWarning: Invalid uuid: neutron. To ensure interoperability, identifiers should be a valid uuid. warnings.warn(('Invalid uuid: %s. To ensure interoperability, '
2026-07-14 18:51:05.081 8 WARNING neutron.scheduler.dhcp_agent_scheduler [None req-f32b82b8-0603-4c5b-ad07-e4228fd74ecc caee15f605894228b0d2a2d2adf2c41e eee9f0c15dac461d8b393394731233e9 - - default default] No more DHCP agents
2026-07-14 18:51:05.083 8 WARNING neutron.api.rpc.agentnotifiers.dhcp_rpc_agent_api [None req-f32b82b8-0603-4c5b-ad07-e4228fd74ecc caee15f605894228b0d2a2d2adf2c41e eee9f0c15dac461d8b393394731233e9 - - default default] Unable to schedule network 7cda5323-1410-4ab5-b9a3-650bb6648825: no agents available; will retry on subsequent port and subnet creation events.
2026-07-14 18:51:05.131 8 INFO neutron.plugins.ml2.drivers.ovn.mech_driver.mech_driver [None req-3d7fd712-63ba-419e-9b63-916693a38db4 - - - - - -] OVN reports status down for port: f863b84b-e0fa-4464-b59c-785482feff4b
2026-07-14 18:51:05.195 8 INFO neutron.db.ovn_revision_numbers_db [None req-f32b82b8-0603-4c5b-ad07-e4228fd74ecc caee15f605894228b0d2a2d2adf2c41e eee9f0c15dac461d8b393394731233e9 - - default default] Successfully bumped revision number for resource f863b84b-e0fa-4464-b59c-785482feff4b (type: ports) to 1 [pid: 8|app: 0|req: 785/1683] 10.0.0.47 () {34 vars in 670 bytes} [Tue Jul 14 18:51:04 2026] POST /v2.0/networks => generated 782 bytes in 951 msecs (HTTP/1.1 201) 4 headers in 162 bytes (1 switches on core 0)
2026-07-14 18:51:05.327 7 INFO neutron.plugins.ml2.drivers.ovn.mech_driver.mech_driver [None req-7a52d9db-48bd-49fa-a311-093b7cf3b7fd - - - - - -] OVN reports status down for port: ff24e37e-27e2-4100-9c0e-b0c2645bc863
2026-07-14 18:51:05.381 7 INFO neutron.db.ovn_revision_numbers_db [None req-8173b140-fd39-43ab-afa7-048ee9adeb77 361cf6fc65bd45e38029763a279ce984 8dc68e71dd7a44efaaa1af056092ec92 - - default default] Successfully bumped revision number for resource ff24e37e-27e2-4100-9c0e-b0c2645bc863 (type: ports) to 2
2026-07-14 18:51:05.383 8 WARNING neutron.scheduler.dhcp_agent_scheduler [None req-511c64a7-6255-4163-991c-cbb9aefbc920 caee15f605894228b0d2a2d2adf2c41e eee9f0c15dac461d8b393394731233e9 - - default default] No more DHCP agents
2026-07-14 18:51:05.384 8 WARNING neutron.api.rpc.agentnotifiers.dhcp_rpc_agent_api [None req-511c64a7-6255-4163-991c-cbb9aefbc920 caee15f605894228b0d2a2d2adf2c41e eee9f0c15dac461d8b393394731233e9 - - default default] Unable to schedule network 7cda5323-1410-4ab5-b9a3-650bb6648825: no agents available; will retry on subsequent port and subnet creation events. [pid: 7|app: 0|req: 899/1684] 10.0.0.47 () {34 vars in 736 bytes} [Tue Jul 14 18:51:05 2026] PUT /v2.0/ports/ff24e37e-27e2-4100-9c0e-b0c2645bc863 => generated 752 bytes in 379 msecs (HTTP/1.1 200) 4 headers in 157 bytes (1 switches on core 0) /var/lib/openstack/lib/python3.12/site-packages/pycadf/identifier.py:70: UserWarning: Invalid uuid: neutron. To ensure interoperability, identifiers should be a valid uuid. warnings.warn(('Invalid uuid: %s. To ensure interoperability, '
2026-07-14 18:51:05.536 7 INFO neutron_taas.services.taas.taas_plugin [None req-fed15f15-64ab-4cd7-a5ed-a00b184c6cb8 361cf6fc65bd45e38029763a279ce984 8dc68e71dd7a44efaaa1af056092ec92 - - default default] TaaS: Handle Delete Port: ff24e37e-27e2-4100-9c0e-b0c2645bc863
2026-07-14 18:51:05.539 7 INFO neutron_taas.services.taas.tap_mirror_plugin [None req-fed15f15-64ab-4cd7-a5ed-a00b184c6cb8 361cf6fc65bd45e38029763a279ce984 8dc68e71dd7a44efaaa1af056092ec92 - - default default] Tap Mirror: Handle Delete Port: ff24e37e-27e2-4100-9c0e-b0c2645bc863 [pid: 7|app: 0|req: 900/1685] 10.0.0.47 () {32 vars in 719 bytes} [Tue Jul 14 18:51:05 2026] DELETE /v2.0/ports/ff24e37e-27e2-4100-9c0e-b0c2645bc863 => generated 0 bytes in 245 msecs (HTTP/1.1 204) 3 headers in 131 bytes (1 switches on core 0)
2026-07-14 18:51:05.804 8 INFO neutron.db.ovn_revision_numbers_db [None req-511c64a7-6255-4163-991c-cbb9aefbc920 caee15f605894228b0d2a2d2adf2c41e eee9f0c15dac461d8b393394731233e9 - - default default] Successfully bumped revision number for resource f863b84b-e0fa-4464-b59c-785482feff4b (type: ports) to 2
2026-07-14 18:51:05.811 7 WARNING neutron.db.securitygroups_db [None req-4c56e6f3-7632-4e0f-b321-20f22e16fff1 caee15f605894228b0d2a2d2adf2c41e eee9f0c15dac461d8b393394731233e9 - - default default] project_id key not found in filters, using tenant_id instead. This support has been deprecated and will be removed in a future release.
2026-07-14 18:51:05.840 8 INFO neutron.db.ovn_revision_numbers_db [None req-511c64a7-6255-4163-991c-cbb9aefbc920 caee15f605894228b0d2a2d2adf2c41e eee9f0c15dac461d8b393394731233e9 - - default default] Successfully bumped revision number for resource 31bcc091-1d34-4589-af82-ada7343f3d26 (type: subnets) to 0 [pid: 8|app: 0|req: 786/1686] 10.0.0.47 () {34 vars in 668 bytes} [Tue Jul 14 18:51:05 2026] POST /v2.0/subnets => generated 688 bytes in 605 msecs (HTTP/1.1 201) 4 headers in 162 bytes (1 switches on core 0) [pid: 8|app: 0|req: 787/1687] 10.0.0.47 () {32 vars in 642 bytes} [Tue Jul 14 18:51:05 2026] GET /v2.0/ports => generated 1534 bytes in 79 msecs (HTTP/1.1 200) 4 headers in 158 bytes (1 switches on core 0)
2026-07-14 18:51:05.938 7 INFO neutron.db.ovn_revision_numbers_db [None req-4c56e6f3-7632-4e0f-b321-20f22e16fff1 caee15f605894228b0d2a2d2adf2c41e eee9f0c15dac461d8b393394731233e9 - - default default] Successfully bumped revision number for resource 54c816a7-bf84-4192-9328-a777d82d4a69 (type: security_groups) to 1
2026-07-14 18:51:05.951 7 INFO neutron.db.ovn_revision_numbers_db [None req-4c56e6f3-7632-4e0f-b321-20f22e16fff1 caee15f605894228b0d2a2d2adf2c41e eee9f0c15dac461d8b393394731233e9 - - default default] Successfully bumped revision number for resource 0a8e2368-c332-4823-98d9-79654656c606 (type: security_group_rules) to 0
2026-07-14 18:51:05.964 7 INFO neutron.db.ovn_revision_numbers_db [None req-4c56e6f3-7632-4e0f-b321-20f22e16fff1 caee15f605894228b0d2a2d2adf2c41e eee9f0c15dac461d8b393394731233e9 - - default default] Successfully bumped revision number for resource 19c63d76-3d08-4102-9a0a-a089ae9f3ee8 (type: security_group_rules) to 0
2026-07-14 18:51:05.980 7 INFO neutron.db.ovn_revision_numbers_db [None req-4c56e6f3-7632-4e0f-b321-20f22e16fff1 caee15f605894228b0d2a2d2adf2c41e eee9f0c15dac461d8b393394731233e9 - - default default] Successfully bumped revision number for resource 48967204-575c-4083-96cb-f1f209eeff23 (type: security_group_rules) to 0
2026-07-14 18:51:05.991 7 INFO neutron.db.ovn_revision_numbers_db [None req-4c56e6f3-7632-4e0f-b321-20f22e16fff1 caee15f605894228b0d2a2d2adf2c41e eee9f0c15dac461d8b393394731233e9 - - default default] Successfully bumped revision number for resource cf2a377a-b584-428f-9d3a-36d01125d7bb (type: security_group_rules) to 0 [pid: 7|app: 0|req: 901/1688] 10.0.0.47 () {32 vars in 773 bytes} [Tue Jul 14 18:51:05 2026] GET /v2.0/security-groups?tenant_id=a46133fdce0a43898602c8eff570e02d&name=default => generated 2925 bytes in 369 msecs (HTTP/1.1 200) 4 headers in 158 bytes (1 switches on core 0)
2026-07-14 18:51:06.053 7 INFO neutron.pecan_wsgi.hooks.translation [None req-e7f60837-d3d5-4603-9d07-c5dd654b1ffa 361cf6fc65bd45e38029763a279ce984 8dc68e71dd7a44efaaa1af056092ec92 - - default default] GET failed (client error): The resource could not be found. [pid: 7|app: 0|req: 902/1689] 10.0.0.47 () {32 vars in 716 bytes} [Tue Jul 14 18:51:06 2026] GET /v2.0/ports/ff24e37e-27e2-4100-9c0e-b0c2645bc863 => generated 132 bytes in 19 msecs (HTTP/1.1 404) 4 headers in 164 bytes (1 switches on core 0) [pid: 7|app: 0|req: 903/1690] 10.0.0.47 () {32 vars in 739 bytes} [Tue Jul 14 18:51:06 2026] DELETE /v2.0/security-groups/54c816a7-bf84-4192-9328-a777d82d4a69 => generated 0 bytes in 191 msecs (HTTP/1.1 204) 2 headers in 112 bytes (1 switches on core 0) [pid: 7|app: 0|req: 904/1691] 10.0.0.47 () {32 vars in 642 bytes} [Tue Jul 14 18:51:06 2026] GET /v2.0/ports => generated 1534 bytes in 48 msecs (HTTP/1.1 200) 4 headers in 158 bytes (1 switches on core 0) [pid: 7|app: 0|req: 905/1692] 10.0.0.47 () {32 vars in 716 bytes} [Tue Jul 14 18:51:06 2026] GET /v2.0/ports/01ffe891-8112-47e7-9e52-bc609e8875b3 => generated 775 bytes in 41 msecs (HTTP/1.1 200) 4 headers in 157 bytes (1 switches on core 0)
2026-07-14 18:51:06.370 7 INFO neutron.pecan_wsgi.hooks.translation [None req-82eac32a-babd-41cc-b03f-d8516430a991 361cf6fc65bd45e38029763a279ce984 8dc68e71dd7a44efaaa1af056092ec92 - - default default] DELETE failed (client error): The resource could not be found. [pid: 7|app: 0|req: 906/1693] 10.0.0.47 () {32 vars in 719 bytes} [Tue Jul 14 18:51:06 2026] DELETE /v2.0/ports/c1302231-8675-4328-b31e-bd08ec13cf09 => generated 132 bytes in 23 msecs (HTTP/1.1 404) 4 headers in 164 bytes (1 switches on core 0)
2026-07-14 18:51:06.396 7 INFO neutron.pecan_wsgi.hooks.translation [None req-2cb27f46-e112-4803-8609-68af7500c9ce 361cf6fc65bd45e38029763a279ce984 8dc68e71dd7a44efaaa1af056092ec92 - - default default] DELETE failed (client error): The resource could not be found. [pid: 7|app: 0|req: 907/1694] 10.0.0.47 () {32 vars in 723 bytes} [Tue Jul 14 18:51:06 2026] DELETE /v2.0/subnets/be9eba95-d554-4fff-b0b6-1cebbe6a9160 => generated 136 bytes in 19 msecs (HTTP/1.1 404) 4 headers in 164 bytes (1 switches on core 0)
2026-07-14 18:51:06.406 8 WARNING neutron.scheduler.dhcp_agent_scheduler [None req-e6b4b2db-15ce-4e9f-96bb-0f5e07228648 caee15f605894228b0d2a2d2adf2c41e eee9f0c15dac461d8b393394731233e9 - - default default] No more DHCP agents
2026-07-14 18:51:06.408 8 WARNING neutron.api.rpc.agentnotifiers.dhcp_rpc_agent_api [None req-e6b4b2db-15ce-4e9f-96bb-0f5e07228648 caee15f605894228b0d2a2d2adf2c41e eee9f0c15dac461d8b393394731233e9 - - default default] Unable to schedule network 81b198e0-81c4-4ac8-a936-f06fb28cc479: no agents available; will retry on subsequent port and subnet creation events.
2026-07-14 18:51:06.418 7 INFO neutron.pecan_wsgi.hooks.translation [None req-d2220f7a-974b-4e19-b7ee-3d6c48bcc4fa 361cf6fc65bd45e38029763a279ce984 8dc68e71dd7a44efaaa1af056092ec92 - - default default] DELETE failed (client error): The resource could not be found. [pid: 7|app: 0|req: 908/1695] 10.0.0.47 () {32 vars in 723 bytes} [Tue Jul 14 18:51:06 2026] DELETE /v2.0/subnets/762aabb5-c2b6-4398-8baf-219febac6bbe => generated 136 bytes in 16 msecs (HTTP/1.1 404) 4 headers in 164 bytes (1 switches on core 0)
2026-07-14 18:51:06.543 8 INFO neutron.plugins.ml2.drivers.ovn.mech_driver.mech_driver [None req-3d7fd712-63ba-419e-9b63-916693a38db4 - - - - - -] OVN reports status down for port: 9b8d934c-b6d6-4fbd-81ab-be1c88135687
2026-07-14 18:51:06.571 7 INFO neutron_taas.services.taas.taas_plugin [None req-d9cd430c-fd11-4eba-8f7e-5095f5523eb5 361cf6fc65bd45e38029763a279ce984 8dc68e71dd7a44efaaa1af056092ec92 - - default default] TaaS: Handle Delete Port: 01ffe891-8112-47e7-9e52-bc609e8875b3
2026-07-14 18:51:06.574 7 INFO neutron_taas.services.taas.tap_mirror_plugin [None req-d9cd430c-fd11-4eba-8f7e-5095f5523eb5 361cf6fc65bd45e38029763a279ce984 8dc68e71dd7a44efaaa1af056092ec92 - - default default] Tap Mirror: Handle Delete Port: 01ffe891-8112-47e7-9e52-bc609e8875b3
2026-07-14 18:51:06.613 8 INFO neutron.db.ovn_revision_numbers_db [None req-e6b4b2db-15ce-4e9f-96bb-0f5e07228648 caee15f605894228b0d2a2d2adf2c41e eee9f0c15dac461d8b393394731233e9 - - default default] Successfully bumped revision number for resource 9b8d934c-b6d6-4fbd-81ab-be1c88135687 (type: ports) to 1 [pid: 7|app: 0|req: 909/1696] 10.0.0.47 () {32 vars in 719 bytes} [Tue Jul 14 18:51:06 2026] DELETE /v2.0/ports/01ffe891-8112-47e7-9e52-bc609e8875b3 => generated 0 bytes in 285 msecs (HTTP/1.1 204) 3 headers in 131 bytes (1 switches on core 0)
2026-07-14 18:51:06.716 7 WARNING neutron.db.securitygroups_db [None req-3d4062e6-bc7c-4e48-b8a8-731636fcec60 caee15f605894228b0d2a2d2adf2c41e eee9f0c15dac461d8b393394731233e9 - - default default] project_id key not found in filters, using tenant_id instead. This support has been deprecated and will be removed in a future release.
2026-07-14 18:51:06.894 7 INFO neutron.db.ovn_revision_numbers_db [None req-3d4062e6-bc7c-4e48-b8a8-731636fcec60 caee15f605894228b0d2a2d2adf2c41e eee9f0c15dac461d8b393394731233e9 - - default default] Successfully bumped revision number for resource 1d61bdbb-e232-44cc-9ec9-132e6c7be97f (type: security_groups) to 1
2026-07-14 18:51:06.921 7 INFO neutron.db.ovn_revision_numbers_db [None req-3d4062e6-bc7c-4e48-b8a8-731636fcec60 caee15f605894228b0d2a2d2adf2c41e eee9f0c15dac461d8b393394731233e9 - - default default] Successfully bumped revision number for resource 210e6db5-9287-4586-bc55-392da9844563 (type: security_group_rules) to 0
2026-07-14 18:51:06.936 7 INFO neutron.db.ovn_revision_numbers_db [None req-3d4062e6-bc7c-4e48-b8a8-731636fcec60 caee15f605894228b0d2a2d2adf2c41e eee9f0c15dac461d8b393394731233e9 - - default default] Successfully bumped revision number for resource 4a6aaed1-10ce-45e6-b2f2-a86279f90170 (type: security_group_rules) to 0
2026-07-14 18:51:06.948 7 INFO neutron.db.ovn_revision_numbers_db [None req-3d4062e6-bc7c-4e48-b8a8-731636fcec60 caee15f605894228b0d2a2d2adf2c41e eee9f0c15dac461d8b393394731233e9 - - default default] Successfully bumped revision number for resource bd7f70bc-55a3-4ff8-bc8b-85083cad7072 (type: security_group_rules) to 0
2026-07-14 18:51:06.962 7 INFO neutron.db.ovn_revision_numbers_db [None req-3d4062e6-bc7c-4e48-b8a8-731636fcec60 caee15f605894228b0d2a2d2adf2c41e eee9f0c15dac461d8b393394731233e9 - - default default] Successfully bumped revision number for resource c8988ca5-4573-467b-bd01-0b02509da4fa (type: security_group_rules) to 0 [pid: 7|app: 0|req: 910/1697] 10.0.0.47 () {32 vars in 773 bytes} [Tue Jul 14 18:51:06 2026] GET /v2.0/security-groups?tenant_id=17876ae1274240c784677ae0fd84b54d&name=default => generated 2925 bytes in 288 msecs (HTTP/1.1 200) 4 headers in 158 bytes (1 switches on core 0)
2026-07-14 18:51:07.130 7 INFO neutron_taas.services.taas.taas_plugin [None req-2a0eab56-766d-410e-a67c-47864faf6924 361cf6fc65bd45e38029763a279ce984 8dc68e71dd7a44efaaa1af056092ec92 - - default default] TaaS: Handle Delete Port: ec903d81-f3db-46e9-a5eb-01a090c8b35f
2026-07-14 18:51:07.132 7 INFO neutron_taas.services.taas.tap_mirror_plugin [None req-2a0eab56-766d-410e-a67c-47864faf6924 361cf6fc65bd45e38029763a279ce984 8dc68e71dd7a44efaaa1af056092ec92 - - default default] Tap Mirror: Handle Delete Port: ec903d81-f3db-46e9-a5eb-01a090c8b35f
2026-07-14 18:51:07.306 8 INFO neutron.plugins.ml2.drivers.ovn.mech_driver.mech_driver [None req-3d7fd712-63ba-419e-9b63-916693a38db4 - - - - - -] OVN reports status up for port: 9b8d934c-b6d6-4fbd-81ab-be1c88135687
2026-07-14 18:51:07.333 8 INFO neutron.plugins.ml2.drivers.ovn.mech_driver.ovsdb.ovsdb_monitor [None req-68eb11ee-71c1-4188-ad82-87761c24f066 - - - - - -] Router 42104694-82e0-4b4f-be58-a5090af01c37 is bound to host instance
2026-07-14 18:51:07.342 8 INFO neutron.plugins.ml2.plugin [None req-3d7fd712-63ba-419e-9b63-916693a38db4 - - - - - -] Attempt 1 to provision port 9b8d934c-b6d6-4fbd-81ab-be1c88135687
2026-07-14 18:51:07.384 7 INFO neutron.services.segments.plugin [-] Segment d962de9a-7702-4b47-8e59-6167d26e0743 resource provider aggregate not found
2026-07-14 18:51:07.393 7 INFO neutron.services.segments.plugin [-] Segment d962de9a-7702-4b47-8e59-6167d26e0743 resource provider aggregate not found
2026-07-14 18:51:07.393 8 INFO neutron.db.ovn_revision_numbers_db [None req-e6b4b2db-15ce-4e9f-96bb-0f5e07228648 caee15f605894228b0d2a2d2adf2c41e eee9f0c15dac461d8b393394731233e9 - - default default] Successfully bumped revision number for resource 9b8d934c-b6d6-4fbd-81ab-be1c88135687 (type: router_ports) to 1
2026-07-14 18:51:07.411 7 INFO neutron.services.segments.plugin [-] Client error retrieving segment d962de9a-7702-4b47-8e59-6167d26e0743 resource provider; error: Placement Client Error (4xx): {"errors": [{"status": 404, "title": "Not Found", "detail": "The resource could not be found.\n\n No resource provider with uuid d962de9a-7702-4b47-8e59-6167d26e0743 found for delete ", "request_id": "req-9e7d6a8f-fe4f-402f-8df2-b8a66d8e2b13"}]}
2026-07-14 18:51:07.418 7 INFO neutron.services.segments.plugin [-] Client error retrieving segment d962de9a-7702-4b47-8e59-6167d26e0743 resource provider; error: Placement Client Error (4xx): {"errors": [{"status": 404, "title": "Not Found", "detail": "The resource could not be found.\n\n No resource provider with uuid d962de9a-7702-4b47-8e59-6167d26e0743 found for delete ", "request_id": "req-42b3600d-2df7-40c6-bc5b-b0c292fdeb8e"}]} [pid: 7|app: 0|req: 911/1698] 10.0.0.47 () {32 vars in 725 bytes} [Tue Jul 14 18:51:07 2026] DELETE /v2.0/networks/3d199d9d-abbe-4a21-aade-a8c97fa7a7da => generated 0 bytes in 455 msecs (HTTP/1.1 204) 3 headers in 131 bytes (1 switches on core 0)
2026-07-14 18:51:07.608 8 INFO neutron.db.ovn_revision_numbers_db [None req-e6b4b2db-15ce-4e9f-96bb-0f5e07228648 caee15f605894228b0d2a2d2adf2c41e eee9f0c15dac461d8b393394731233e9 - - default default] Successfully bumped revision number for resource 42104694-82e0-4b4f-be58-a5090af01c37 (type: routers) to 2 [pid: 8|app: 0|req: 788/1699] 10.0.0.47 () {34 vars in 668 bytes} [Tue Jul 14 18:51:05 2026] POST /v2.0/routers => generated 987 bytes in 1705 msecs (HTTP/1.1 201) 4 headers in 162 bytes (1 switches on core 0) [pid: 7|app: 0|req: 912/1700] 10.0.0.47 () {32 vars in 739 bytes} [Tue Jul 14 18:51:07 2026] DELETE /v2.0/security-groups/1d61bdbb-e232-44cc-9ec9-132e6c7be97f => generated 0 bytes in 189 msecs (HTTP/1.1 204) 2 headers in 112 bytes (1 switches on core 0)
2026-07-14 18:51:08.141 7 WARNING neutron.scheduler.dhcp_agent_scheduler [None req-a9acbfe1-67f5-4318-a172-b32ef1fd8e16 caee15f605894228b0d2a2d2adf2c41e eee9f0c15dac461d8b393394731233e9 - - default default] No more DHCP agents
2026-07-14 18:51:08.143 7 WARNING neutron.api.rpc.agentnotifiers.dhcp_rpc_agent_api [None req-a9acbfe1-67f5-4318-a172-b32ef1fd8e16 caee15f605894228b0d2a2d2adf2c41e eee9f0c15dac461d8b393394731233e9 - - default default] Unable to schedule network 7cda5323-1410-4ab5-b9a3-650bb6648825: no agents available; will retry on subsequent port and subnet creation events.
2026-07-14 18:51:08.225 8 WARNING neutron.db.securitygroups_db [None req-36f35a90-a3c3-426e-af78-a4448a61a0f0 caee15f605894228b0d2a2d2adf2c41e eee9f0c15dac461d8b393394731233e9 - - default default] project_id key not found in filters, using tenant_id instead. This support has been deprecated and will be removed in a future release.
2026-07-14 18:51:08.294 7 INFO neutron.db.ovn_revision_numbers_db [None req-a9acbfe1-67f5-4318-a172-b32ef1fd8e16 caee15f605894228b0d2a2d2adf2c41e eee9f0c15dac461d8b393394731233e9 - - default default] Successfully bumped revision number for resource ce8eb2b6-146f-4cf3-9726-fbe3ebfedfad (type: ports) to 1 [pid: 8|app: 0|req: 791/1703] 10.0.0.47 () {32 vars in 773 bytes} [Tue Jul 14 18:51:07 2026] GET /v2.0/security-groups?tenant_id=8dc68e71dd7a44efaaa1af056092ec92&name=default => generated 2925 bytes in 330 msecs (HTTP/1.1 200) 4 headers in 158 bytes (1 switches on core 0)
2026-07-14 18:51:08.561 8 INFO neutron.db.ovn_revision_numbers_db [None req-fc085bf0-eef4-4f1d-ba1e-1e0b1782c834 - - - - - -] Successfully bumped revision number for resource 9b8d934c-b6d6-4fbd-81ab-be1c88135687 (type: ports) to 4 [pid: 8|app: 0|req: 792/1704] 10.0.0.47 () {32 vars in 739 bytes} [Tue Jul 14 18:51:08 2026] DELETE /v2.0/security-groups/67db25ae-4bc0-4a77-9ee0-7e158efc2548 => generated 0 bytes in 388 msecs (HTTP/1.1 204) 2 headers in 112 bytes (1 switches on core 0)
2026-07-14 18:51:08.951 8 INFO neutron.db.ovn_revision_numbers_db [None req-fc085bf0-eef4-4f1d-ba1e-1e0b1782c834 - - - - - -] Successfully bumped revision number for resource 9b8d934c-b6d6-4fbd-81ab-be1c88135687 (type: ports) to 5
2026-07-14 18:51:09.071 7 WARNING neutron.scheduler.dhcp_agent_scheduler [None req-a9acbfe1-67f5-4318-a172-b32ef1fd8e16 caee15f605894228b0d2a2d2adf2c41e eee9f0c15dac461d8b393394731233e9 - - default default] No more DHCP agents
2026-07-14 18:51:09.072 7 WARNING neutron.api.rpc.agentnotifiers.dhcp_rpc_agent_api [None req-a9acbfe1-67f5-4318-a172-b32ef1fd8e16 caee15f605894228b0d2a2d2adf2c41e eee9f0c15dac461d8b393394731233e9 - - default default] Unable to schedule network 7cda5323-1410-4ab5-b9a3-650bb6648825: no agents available; will retry on subsequent port and subnet creation events. [pid: 8|app: 0|req: 793/1705] 10.0.0.47 () {34 vars in 677 bytes} [Tue Jul 14 18:51:09 2026] POST /v2.0/qos/policies => generated 359 bytes in 176 msecs (HTTP/1.1 201) 4 headers in 162 bytes (1 switches on core 0) [pid: 8|app: 0|req: 794/1706] 10.0.0.47 () {34 vars in 677 bytes} [Tue Jul 14 18:51:09 2026] POST /v2.0/qos/policies => generated 359 bytes in 40 msecs (HTTP/1.1 201) 4 headers in 162 bytes (1 switches on core 0) [pid: 8|app: 0|req: 795/1707] 10.0.0.47 () {34 vars in 677 bytes} [Tue Jul 14 18:51:09 2026] POST /v2.0/qos/policies => generated 359 bytes in 43 msecs (HTTP/1.1 201) 4 headers in 162 bytes (1 switches on core 0) [pid: 8|app: 0|req: 796/1708] 10.0.0.47 () {34 vars in 677 bytes} [Tue Jul 14 18:51:09 2026] POST /v2.0/qos/policies => generated 359 bytes in 36 msecs (HTTP/1.1 201) 4 headers in 162 bytes (1 switches on core 0) [pid: 8|app: 0|req: 797/1709] 10.0.0.47 () {34 vars in 677 bytes} [Tue Jul 14 18:51:09 2026] POST /v2.0/qos/policies => generated 359 bytes in 37 msecs (HTTP/1.1 201) 4 headers in 162 bytes (1 switches on core 0)
2026-07-14 18:51:09.378 8 WARNING tagging [None req-517339e3-c5bb-46e7-baa2-a6266e539564 c0a7e03ab7e548e7864b1b3941c76bd1 6974f04b93d54884b592f263ec077029 - - default default] project_id key not found in request, using tenant_id instead. This support has been deprecated and will be removed in a future release. [pid: 8|app: 0|req: 798/1710] 10.0.0.47 () {34 vars in 752 bytes} [Tue Jul 14 18:51:09 2026] PUT /v2.0/policies/00e5fa10-11e1-4cd3-b724-b60ad04a36fc/tags => generated 17 bytes in 44 msecs (HTTP/1.1 200) 4 headers in 156 bytes (1 switches on core 0)
2026-07-14 18:51:09.428 8 WARNING tagging [None req-db3eb296-2415-489d-b772-002c17dfd3a1 c0a7e03ab7e548e7864b1b3941c76bd1 6974f04b93d54884b592f263ec077029 - - default default] project_id key not found in request, using tenant_id instead. This support has been deprecated and will be removed in a future release. [pid: 8|app: 0|req: 799/1711] 10.0.0.47 () {34 vars in 752 bytes} [Tue Jul 14 18:51:09 2026] PUT /v2.0/policies/2804880e-a795-46e4-8f09-6445089bee12/tags => generated 25 bytes in 44 msecs (HTTP/1.1 200) 4 headers in 156 bytes (1 switches on core 0)
2026-07-14 18:51:09.527 8 WARNING tagging [None req-805cf0b8-ca21-43fe-b814-3fc1cdb7d6b8 c0a7e03ab7e548e7864b1b3941c76bd1 6974f04b93d54884b592f263ec077029 - - default default] project_id key not found in request, using tenant_id instead. This support has been deprecated and will be removed in a future release.
2026-07-14 18:51:09.559 7 INFO neutron.db.ovn_revision_numbers_db [None req-a9acbfe1-67f5-4318-a172-b32ef1fd8e16 caee15f605894228b0d2a2d2adf2c41e eee9f0c15dac461d8b393394731233e9 - - default default] Successfully bumped revision number for resource ce8eb2b6-146f-4cf3-9726-fbe3ebfedfad (type: router_ports) to 1 [pid: 7|app: 0|req: 913/1712] 10.0.0.47 () {34 vars in 782 bytes} [Tue Jul 14 18:51:07 2026] PUT /v2.0/routers/42104694-82e0-4b4f-be58-a5090af01c37/add_router_interface => generated 310 bytes in 1919 msecs (HTTP/1.1 200) 4 headers in 157 bytes (1 switches on core 0)
2026-07-14 18:51:09.569 7 INFO neutron.common.ovn.utils [None req-7a52d9db-48bd-49fa-a311-093b7cf3b7fd - - - - - -] HA Chassis Group neutron-7cda5323-1410-4ab5-b9a3-650bb6648825 synchronized; highest priority chassis d7d1e86f-0641-4478-9f26-de435f8ceff9 [pid: 8|app: 0|req: 800/1713] 10.0.0.47 () {34 vars in 752 bytes} [Tue Jul 14 18:51:09 2026] PUT /v2.0/policies/904fe260-9244-42c7-88ed-69254395aded/tags => generated 34 bytes in 118 msecs (HTTP/1.1 200) 4 headers in 156 bytes (1 switches on core 0)
2026-07-14 18:51:09.622 7 WARNING tagging [None req-3d9ac596-8229-4bf5-94e4-f6f0d6045fe0 c0a7e03ab7e548e7864b1b3941c76bd1 6974f04b93d54884b592f263ec077029 - - default default] project_id key not found in request, using tenant_id instead. This support has been deprecated and will be removed in a future release. [pid: 7|app: 0|req: 914/1714] 10.0.0.47 () {34 vars in 752 bytes} [Tue Jul 14 18:51:09 2026] PUT /v2.0/policies/f60be4dd-6f38-4736-be6c-b2b71b2b04f7/tags => generated 19 bytes in 68 msecs (HTTP/1.1 200) 4 headers in 156 bytes (1 switches on core 0)
2026-07-14 18:51:09.996 8 INFO neutron.plugins.ml2.drivers.ovn.mech_driver.mech_driver [None req-3d7fd712-63ba-419e-9b63-916693a38db4 - - - - - -] OVN reports status down for port: ce8eb2b6-146f-4cf3-9726-fbe3ebfedfad
2026-07-14 18:51:10.086 8 WARNING neutron.plugins.ml2.drivers.ovn.mech_driver.ovsdb.ovn_client [None req-3d7fd712-63ba-419e-9b63-916693a38db4 - - - - - -] Logical_Switch_Port ce8eb2b6-146f-4cf3-9726-fbe3ebfedfad host information not removed, the port state is up
2026-07-14 18:51:10.086 8 INFO neutron.plugins.ml2.drivers.ovn.mech_driver.mech_driver [None req-3d7fd712-63ba-419e-9b63-916693a38db4 - - - - - -] OVN reports status up for port: ce8eb2b6-146f-4cf3-9726-fbe3ebfedfad
2026-07-14 18:51:10.099 8 INFO neutron.plugins.ml2.plugin [None req-3d7fd712-63ba-419e-9b63-916693a38db4 - - - - - -] Attempt 1 to provision port ce8eb2b6-146f-4cf3-9726-fbe3ebfedfad [pid: 8|app: 0|req: 801/1715] 10.0.0.47 () {32 vars in 673 bytes} [Tue Jul 14 18:51:10 2026] GET /v2.0/qos/policies?tags=red => generated 1101 bytes in 395 msecs (HTTP/1.1 200) 4 headers in 158 bytes (1 switches on core 0) [pid: 7|app: 0|req: 915/1716] 10.0.0.47 () {32 vars in 687 bytes} [Tue Jul 14 18:51:10 2026] GET /v2.0/qos/policies?tags=red%2Cblue => generated 747 bytes in 69 msecs (HTTP/1.1 200) 4 headers in 157 bytes (1 switches on core 0) [pid: 8|app: 0|req: 802/1717] 10.0.0.47 () {32 vars in 683 bytes} [Tue Jul 14 18:51:10 2026] GET /v2.0/qos/policies?tags-any=blue => generated 747 bytes in 122 msecs (HTTP/1.1 200) 4 headers in 157 bytes (1 switches on core 0)
2026-07-14 18:51:10.639 8 INFO neutron.db.ovn_revision_numbers_db [None req-3d7fd712-63ba-419e-9b63-916693a38db4 - - - - - -] Successfully bumped revision number for resource ce8eb2b6-146f-4cf3-9726-fbe3ebfedfad (type: ports) to 2 [pid: 7|app: 0|req: 916/1718] 10.0.0.47 () {32 vars in 695 bytes} [Tue Jul 14 18:51:10 2026] GET /v2.0/qos/policies?tags-any=red%2Cblue => generated 1101 bytes in 82 msecs (HTTP/1.1 200) 4 headers in 158 bytes (1 switches on core 0) [pid: 8|app: 0|req: 803/1719] 10.0.0.47 () {32 vars in 681 bytes} [Tue Jul 14 18:51:10 2026] GET /v2.0/qos/policies?not-tags=red => generated 719 bytes in 67 msecs (HTTP/1.1 200) 4 headers in 157 bytes (1 switches on core 0) [pid: 7|app: 0|req: 917/1720] 10.0.0.47 () {32 vars in 695 bytes} [Tue Jul 14 18:51:10 2026] GET /v2.0/qos/policies?not-tags=red%2Cblue => generated 1073 bytes in 83 msecs (HTTP/1.1 200) 4 headers in 158 bytes (1 switches on core 0) [pid: 8|app: 0|req: 804/1721] 10.0.0.47 () {32 vars in 691 bytes} [Tue Jul 14 18:51:10 2026] GET /v2.0/qos/policies?not-tags-any=blue => generated 1073 bytes in 78 msecs (HTTP/1.1 200) 4 headers in 158 bytes (1 switches on core 0) [pid: 7|app: 0|req: 918/1722] 10.0.0.47 () {32 vars in 703 bytes} [Tue Jul 14 18:51:10 2026] GET /v2.0/qos/policies?not-tags-any=red%2Cblue => generated 719 bytes in 66 msecs (HTTP/1.1 200) 4 headers in 157 bytes (1 switches on core 0) [pid: 8|app: 0|req: 805/1723] 10.0.0.47 () {32 vars in 733 bytes} [Tue Jul 14 18:51:11 2026] DELETE /v2.0/qos/policies/00e5fa10-11e1-4cd3-b724-b60ad04a36fc => generated 0 bytes in 69 msecs (HTTP/1.1 204) 2 headers in 112 bytes (1 switches on core 0) [pid: 7|app: 0|req: 919/1724] 10.0.0.47 () {32 vars in 733 bytes} [Tue Jul 14 18:51:11 2026] DELETE /v2.0/qos/policies/2804880e-a795-46e4-8f09-6445089bee12 => generated 0 bytes in 83 msecs (HTTP/1.1 204) 2 headers in 112 bytes (1 switches on core 0) [pid: 8|app: 0|req: 806/1725] 10.0.0.47 () {32 vars in 733 bytes} [Tue Jul 14 18:51:11 2026] DELETE /v2.0/qos/policies/904fe260-9244-42c7-88ed-69254395aded => generated 0 bytes in 54 msecs (HTTP/1.1 204) 2 headers in 112 bytes (1 switches on core 0) [pid: 7|app: 0|req: 920/1726] 10.0.0.47 () {32 vars in 733 bytes} [Tue Jul 14 18:51:11 2026] DELETE /v2.0/qos/policies/f60be4dd-6f38-4736-be6c-b2b71b2b04f7 => generated 0 bytes in 61 msecs (HTTP/1.1 204) 2 headers in 112 bytes (1 switches on core 0) [pid: 8|app: 0|req: 807/1727] 10.0.0.47 () {32 vars in 733 bytes} [Tue Jul 14 18:51:11 2026] DELETE /v2.0/qos/policies/26016364-b105-40f5-8cea-a61890c928a1 => generated 0 bytes in 58 msecs (HTTP/1.1 204) 2 headers in 112 bytes (1 switches on core 0) [pid: 8|app: 0|req: 808/1728] 10.0.0.244 () {34 vars in 982 bytes} [Tue Jul 14 18:51:11 2026] GET /v2.0/networks?id=7cda5323-1410-4ab5-b9a3-650bb6648825 => generated 711 bytes in 54 msecs (HTTP/1.1 200) 4 headers in 157 bytes (1 switches on core 0) [pid: 8|app: 0|req: 809/1729] 10.0.0.244 () {34 vars in 965 bytes} [Tue Jul 14 18:51:11 2026] GET /v2.0/quotas/31bac7eea1584f1291563e9b1f7a2402 => generated 312 bytes in 24 msecs (HTTP/1.1 200) 4 headers in 157 bytes (1 switches on core 0) [pid: 8|app: 0|req: 810/1730] 10.0.0.244 () {34 vars in 1002 bytes} [Tue Jul 14 18:51:12 2026] GET /v2.0/ports?tenant_id=31bac7eea1584f1291563e9b1f7a2402&fields=id => generated 103 bytes in 80 msecs (HTTP/1.1 200) 4 headers in 157 bytes (1 switches on core 0) [pid: 8|app: 0|req: 811/1731] 10.0.0.244 () {34 vars in 1008 bytes} [Tue Jul 14 18:51:12 2026] GET /v2.0/networks/7cda5323-1410-4ab5-b9a3-650bb6648825?fields=segments => generated 14 bytes in 56 msecs (HTTP/1.1 200) 4 headers in 156 bytes (1 switches on core 0) [pid: 8|app: 0|req: 812/1732] 10.0.0.244 () {34 vars in 1108 bytes} [Tue Jul 14 18:51:12 2026] GET /v2.0/networks/7cda5323-1410-4ab5-b9a3-650bb6648825?fields=provider%3Aphysical_network&fields=provider%3Anetwork_type => generated 79 bytes in 33 msecs (HTTP/1.1 200) 4 headers in 156 bytes (1 switches on core 0)
2026-07-14 18:51:12.246 7 WARNING neutron.db.securitygroups_db [None req-a1076f53-b065-4ae4-8ef0-dd65fed68084 caee15f605894228b0d2a2d2adf2c41e eee9f0c15dac461d8b393394731233e9 - - default default] project_id key not found in filters, using tenant_id instead. This support has been deprecated and will be removed in a future release. [pid: 8|app: 0|req: 813/1733] 10.0.0.115 () {28 vars in 599 bytes} [Tue Jul 14 18:51:12 2026] GET /v2.0/security-groups => generated 20305 bytes in 117 msecs (HTTP/1.1 200) 4 headers in 159 bytes (1 switches on core 0) [pid: 8|app: 0|req: 814/1734] 10.0.0.244 () {34 vars in 1070 bytes} [Tue Jul 14 18:51:12 2026] GET /v2.0/ports?fields=security_groups&fields=device_id&device_id=0b68cf08-c096-48a0-bb14-631739eacd54 => generated 12 bytes in 28 msecs (HTTP/1.1 200) 4 headers in 156 bytes (1 switches on core 0)
2026-07-14 18:51:12.369 7 INFO neutron.db.ovn_revision_numbers_db [None req-a1076f53-b065-4ae4-8ef0-dd65fed68084 caee15f605894228b0d2a2d2adf2c41e eee9f0c15dac461d8b393394731233e9 - - default default] Successfully bumped revision number for resource 077d459a-b3f4-40d4-91ef-0389334a90da (type: security_groups) to 1
2026-07-14 18:51:12.384 7 INFO neutron.db.ovn_revision_numbers_db [None req-a1076f53-b065-4ae4-8ef0-dd65fed68084 caee15f605894228b0d2a2d2adf2c41e eee9f0c15dac461d8b393394731233e9 - - default default] Successfully bumped revision number for resource 522995eb-521b-4cb0-8a65-048c8d7fec7e (type: security_group_rules) to 0
2026-07-14 18:51:12.402 7 INFO neutron.db.ovn_revision_numbers_db [None req-a1076f53-b065-4ae4-8ef0-dd65fed68084 caee15f605894228b0d2a2d2adf2c41e eee9f0c15dac461d8b393394731233e9 - - default default] Successfully bumped revision number for resource 8b1f7fe5-7a4e-4af1-bdae-259ae04bd9d8 (type: security_group_rules) to 0 [pid: 8|app: 0|req: 815/1735] 10.0.0.115 () {28 vars in 579 bytes} [Tue Jul 14 18:51:12 2026] GET /v2.0/ports => generated 8466 bytes in 56 msecs (HTTP/1.1 200) 4 headers in 158 bytes (1 switches on core 0)
2026-07-14 18:51:12.413 7 INFO neutron.db.ovn_revision_numbers_db [None req-a1076f53-b065-4ae4-8ef0-dd65fed68084 caee15f605894228b0d2a2d2adf2c41e eee9f0c15dac461d8b393394731233e9 - - default default] Successfully bumped revision number for resource d4c717e0-d9b0-4a80-9a7e-60f57c611f30 (type: security_group_rules) to 0
2026-07-14 18:51:12.424 7 INFO neutron.db.ovn_revision_numbers_db [None req-a1076f53-b065-4ae4-8ef0-dd65fed68084 caee15f605894228b0d2a2d2adf2c41e eee9f0c15dac461d8b393394731233e9 - - default default] Successfully bumped revision number for resource ecea36f1-6cba-4275-870f-853d5247dd2b (type: security_group_rules) to 0
2026-07-14 18:51:12.438 8 WARNING neutron.db.securitygroups_db [None req-5dbcce8b-35ab-4e83-b111-8e2b95b5af02 caee15f605894228b0d2a2d2adf2c41e eee9f0c15dac461d8b393394731233e9 - - default default] project_id key not found in filters, using tenant_id instead. This support has been deprecated and will be removed in a future release. [pid: 7|app: 0|req: 921/1736] 10.0.0.47 () {32 vars in 773 bytes} [Tue Jul 14 18:51:11 2026] GET /v2.0/security-groups?tenant_id=976e97d5a6444a5abaa7445a61428a3b&name=default => generated 2925 bytes in 557 msecs (HTTP/1.1 200) 4 headers in 158 bytes (1 switches on core 0) [pid: 7|app: 0|req: 922/1737] 10.0.0.115 () {28 vars in 619 bytes} [Tue Jul 14 18:51:12 2026] GET /v2.0/network-ip-availabilities => generated 2641 bytes in 15 msecs (HTTP/1.1 200) 4 headers in 158 bytes (1 switches on core 0)
