2026-07-14 18:49:58.207 8 INFO neutron.db.ovn_revision_numbers_db [None req-74c57089-1879-4e33-834d-a307608db7fb 2271887fc2f64e518e45b6f2756ceec0 555ce7753b1845159aa78f4585c2c087 - - default default] Successfully bumped revision number for resource 9e8db6e1-776d-4d08-a987-6a34dfd46f7c (type: security_group_rules) to 0
2026-07-14 18:49:58.215 8 INFO neutron.db.ovn_revision_numbers_db [None req-2a9b0add-3c91-463a-85b6-b285fb3e5cc5 - - - - - -] Successfully bumped revision number for resource 637b2719-4345-45eb-ac7c-94cdd111c788 (type: router_ports) to 2
2026-07-14 18:49:58.215 8 INFO neutron.plugins.ml2.drivers.ovn.mech_driver.mech_driver [None req-2a9b0add-3c91-463a-85b6-b285fb3e5cc5 - - - - - -] OVN reports status down for port: e26f7496-dc54-4073-ae84-43007119745c
2026-07-14 18:49:58.233 8 INFO neutron.db.ovn_revision_numbers_db [None req-74c57089-1879-4e33-834d-a307608db7fb 2271887fc2f64e518e45b6f2756ceec0 555ce7753b1845159aa78f4585c2c087 - - default default] Successfully bumped revision number for resource a3e83247-9aa3-4185-ae4b-7631d8b74cee (type: security_group_rules) to 0
2026-07-14 18:49:58.260 8 INFO neutron.db.ovn_revision_numbers_db [None req-74c57089-1879-4e33-834d-a307608db7fb 2271887fc2f64e518e45b6f2756ceec0 555ce7753b1845159aa78f4585c2c087 - - default default] Successfully bumped revision number for resource b8472328-30c9-4a12-8574-0499dcac661c (type: security_group_rules) to 0
2026-07-14 18:49:58.267 7 WARNING neutron.scheduler.dhcp_agent_scheduler [None req-15edb90f-f991-40fe-9620-03f75933748b dd1ea66dc4ec4b9d94c019d3e5bc1dea 65cc47be70f54427bcd186c386893058 - - default default] No more DHCP agents
2026-07-14 18:49:58.269 7 WARNING neutron.api.rpc.agentnotifiers.dhcp_rpc_agent_api [None req-15edb90f-f991-40fe-9620-03f75933748b dd1ea66dc4ec4b9d94c019d3e5bc1dea 65cc47be70f54427bcd186c386893058 - - default default] Unable to schedule network 264c5220-c2ad-4f81-a314-a00f03707ce8: no agents available; will retry on subsequent port and subnet creation events.
2026-07-14 18:49:58.316 7 INFO neutron.plugins.ml2.drivers.ovn.mech_driver.mech_driver [None req-1064712c-e92f-499d-955f-9314e96580e2 - - - - - -] OVN reports status down for port: ffda0193-53eb-4687-8e82-eb1923fbe6f7
2026-07-14 18:49:58.385 7 INFO neutron.db.ovn_revision_numbers_db [None req-15edb90f-f991-40fe-9620-03f75933748b dd1ea66dc4ec4b9d94c019d3e5bc1dea 65cc47be70f54427bcd186c386893058 - - default default] Successfully bumped revision number for resource ffda0193-53eb-4687-8e82-eb1923fbe6f7 (type: ports) to 1
2026-07-14 18:49:58.394 8 INFO neutron.plugins.ml2.drivers.ovn.mech_driver.mech_driver [None req-2a9b0add-3c91-463a-85b6-b285fb3e5cc5 - - - - - -] OVN reports status down for port: 8f463e94-c958-41b7-9032-1372b9cfb0ca
2026-07-14 18:49:58.409 8 INFO neutron.plugins.ml2.drivers.ovn.mech_driver.mech_driver [None req-2a9b0add-3c91-463a-85b6-b285fb3e5cc5 - - - - - -] OVN reports status down for port: 65b45c40-e7d8-4c07-8f57-28b6cd79f70b [pid: 7|app: 0|req: 651/1228] 10.0.0.47 () {34 vars in 669 bytes} [Tue Jul 14 18:49:57 2026] POST /v2.0/networks => generated 692 bytes in 614 msecs (HTTP/1.1 201) 4 headers in 162 bytes (1 switches on core 0)
2026-07-14 18:49:58.474 8 INFO neutron.db.segments_db [None req-74c57089-1879-4e33-834d-a307608db7fb 2271887fc2f64e518e45b6f2756ceec0 555ce7753b1845159aa78f4585c2c087 - - default default] Added segment 598e6980-d04c-4d71-9960-73280550723b of type geneve for network 033c9b07-da06-444f-82cd-385b77dbe724
2026-07-14 18:49:58.575 7 INFO neutron_taas.services.taas.taas_plugin [None req-72e50611-9449-4985-95d4-7f8e06c51a40 24f6572737604793a6ab9808ec217743 87e767c018974f8d96f0ed50f90a8084 - - default default] TaaS: Handle Delete Port: 470bd6b0-e6cd-4d6c-9f39-a46d06e37efa
2026-07-14 18:49:58.579 7 INFO neutron_taas.services.taas.tap_mirror_plugin [None req-72e50611-9449-4985-95d4-7f8e06c51a40 24f6572737604793a6ab9808ec217743 87e767c018974f8d96f0ed50f90a8084 - - default default] Tap Mirror: Handle Delete Port: 470bd6b0-e6cd-4d6c-9f39-a46d06e37efa
2026-07-14 18:49:58.599 8 INFO neutron.db.segments_db [None req-74c57089-1879-4e33-834d-a307608db7fb 2271887fc2f64e518e45b6f2756ceec0 555ce7753b1845159aa78f4585c2c087 - - default default] Added segment 2edfc3f0-861b-4a19-ab1f-7e5b636e780a of type geneve for network a23a3ae0-e6ed-4742-a563-799e15fdfe42 [pid: 7|app: 0|req: 652/1229] 10.0.0.47 () {32 vars in 719 bytes} [Tue Jul 14 18:49:58 2026] DELETE /v2.0/ports/470bd6b0-e6cd-4d6c-9f39-a46d06e37efa => generated 0 bytes in 317 msecs (HTTP/1.1 204) 3 headers in 131 bytes (1 switches on core 0)
2026-07-14 18:49:58.766 8 INFO neutron.db.ovn_revision_numbers_db [None req-74c57089-1879-4e33-834d-a307608db7fb 2271887fc2f64e518e45b6f2756ceec0 555ce7753b1845159aa78f4585c2c087 - - default default] Successfully bumped revision number for resource 033c9b07-da06-444f-82cd-385b77dbe724 (type: networks) to 1
2026-07-14 18:49:58.840 7 INFO neutron.db.segments_db [None req-8d7f3c1b-580d-4a26-9a97-a64ac54be5cd dd1ea66dc4ec4b9d94c019d3e5bc1dea 65cc47be70f54427bcd186c386893058 - - default default] Added segment 6cd62989-a3d3-486f-bd27-5ffa59722260 of type geneve for network dfc0c599-01fe-4296-ab14-6d35b6a3f6e3
2026-07-14 18:49:58.897 8 INFO neutron.services.segments.plugin [-] Segment 12e1ae07-10e4-42c7-86f8-2aeb3566e9d1 resource provider aggregate not found
2026-07-14 18:49:58.908 8 INFO neutron.services.segments.plugin [-] Segment 12e1ae07-10e4-42c7-86f8-2aeb3566e9d1 resource provider aggregate not found
2026-07-14 18:49:58.917 8 INFO neutron.services.segments.plugin [-] Client error retrieving segment 12e1ae07-10e4-42c7-86f8-2aeb3566e9d1 resource provider; error: Placement Client Error (4xx): {"errors": [{"status": 404, "title": "Not Found", "detail": "The resource could not be found.\n\n No resource provider with uuid 12e1ae07-10e4-42c7-86f8-2aeb3566e9d1 found for delete ", "request_id": "req-fa4eee6b-4ddc-4668-a7ad-3846e2eda6b2"}]}
2026-07-14 18:49:58.932 8 INFO neutron.services.segments.plugin [-] Client error retrieving segment 12e1ae07-10e4-42c7-86f8-2aeb3566e9d1 resource provider; error: Placement Client Error (4xx): {"errors": [{"status": 404, "title": "Not Found", "detail": "The resource could not be found.\n\n No resource provider with uuid 12e1ae07-10e4-42c7-86f8-2aeb3566e9d1 found for delete ", "request_id": "req-4fcaf13f-364a-4279-8ce0-ac3c91f10a6d"}]}
2026-07-14 18:49:58.960 7 INFO neutron.db.ovn_revision_numbers_db [None req-8d7f3c1b-580d-4a26-9a97-a64ac54be5cd dd1ea66dc4ec4b9d94c019d3e5bc1dea 65cc47be70f54427bcd186c386893058 - - default default] Successfully bumped revision number for resource dfc0c599-01fe-4296-ab14-6d35b6a3f6e3 (type: networks) to 1
2026-07-14 18:49:58.988 8 WARNING neutron.scheduler.dhcp_agent_scheduler [None req-74c57089-1879-4e33-834d-a307608db7fb 2271887fc2f64e518e45b6f2756ceec0 555ce7753b1845159aa78f4585c2c087 - - default default] No more DHCP agents
2026-07-14 18:49:58.990 8 WARNING neutron.api.rpc.agentnotifiers.dhcp_rpc_agent_api [None req-74c57089-1879-4e33-834d-a307608db7fb 2271887fc2f64e518e45b6f2756ceec0 555ce7753b1845159aa78f4585c2c087 - - default default] Unable to schedule network 033c9b07-da06-444f-82cd-385b77dbe724: no agents available; will retry on subsequent port and subnet creation events.
2026-07-14 18:49:59.053 8 INFO neutron.plugins.ml2.drivers.ovn.mech_driver.mech_driver [None req-2a9b0add-3c91-463a-85b6-b285fb3e5cc5 - - - - - -] OVN reports status down for port: 0a8a2bef-e4d0-4bfc-87b3-cb655032b6a0
2026-07-14 18:49:59.123 8 INFO neutron.db.ovn_revision_numbers_db [None req-74c57089-1879-4e33-834d-a307608db7fb 2271887fc2f64e518e45b6f2756ceec0 555ce7753b1845159aa78f4585c2c087 - - default default] Successfully bumped revision number for resource 0a8a2bef-e4d0-4bfc-87b3-cb655032b6a0 (type: ports) to 1
2026-07-14 18:49:59.208 7 WARNING neutron.scheduler.dhcp_agent_scheduler [None req-8d7f3c1b-580d-4a26-9a97-a64ac54be5cd dd1ea66dc4ec4b9d94c019d3e5bc1dea 65cc47be70f54427bcd186c386893058 - - default default] No more DHCP agents
2026-07-14 18:49:59.210 7 WARNING neutron.api.rpc.agentnotifiers.dhcp_rpc_agent_api [None req-8d7f3c1b-580d-4a26-9a97-a64ac54be5cd dd1ea66dc4ec4b9d94c019d3e5bc1dea 65cc47be70f54427bcd186c386893058 - - default default] Unable to schedule network dfc0c599-01fe-4296-ab14-6d35b6a3f6e3: no agents available; will retry on subsequent port and subnet creation events.
2026-07-14 18:49:59.234 8 INFO neutron.db.ovn_revision_numbers_db [None req-74c57089-1879-4e33-834d-a307608db7fb 2271887fc2f64e518e45b6f2756ceec0 555ce7753b1845159aa78f4585c2c087 - - default default] Successfully bumped revision number for resource a23a3ae0-e6ed-4742-a563-799e15fdfe42 (type: networks) to 1
2026-07-14 18:49:59.263 7 INFO neutron.plugins.ml2.drivers.ovn.mech_driver.mech_driver [None req-1064712c-e92f-499d-955f-9314e96580e2 - - - - - -] OVN reports status down for port: d717de96-e1e4-4dfc-ad76-8f7e467ff86c
2026-07-14 18:49:59.325 7 INFO neutron.db.ovn_revision_numbers_db [None req-8d7f3c1b-580d-4a26-9a97-a64ac54be5cd dd1ea66dc4ec4b9d94c019d3e5bc1dea 65cc47be70f54427bcd186c386893058 - - default default] Successfully bumped revision number for resource d717de96-e1e4-4dfc-ad76-8f7e467ff86c (type: ports) to 1 [pid: 7|app: 0|req: 653/1230] 10.0.0.47 () {34 vars in 669 bytes} [Tue Jul 14 18:49:58 2026] POST /v2.0/networks => generated 692 bytes in 650 msecs (HTTP/1.1 201) 4 headers in 162 bytes (1 switches on core 0) [pid: 7|app: 0|req: 654/1231] 10.0.0.244 () {34 vars in 1070 bytes} [Tue Jul 14 18:49:59 2026] GET /v2.0/ports?fields=security_groups&fields=device_id&device_id=2b3fe0d5-1026-408b-a4f1-0a22b759c552 => generated 12 bytes in 23 msecs (HTTP/1.1 200) 4 headers in 156 bytes (1 switches on core 0)
2026-07-14 18:49:59.422 7 INFO neutron.pecan_wsgi.hooks.translation [None req-4fa1662e-3f69-4ed0-bb58-f0066eb317e9 24f6572737604793a6ab9808ec217743 87e767c018974f8d96f0ed50f90a8084 - - default default] DELETE failed (client error): The resource could not be found. [pid: 7|app: 0|req: 655/1232] 10.0.0.47 () {32 vars in 719 bytes} [Tue Jul 14 18:49:59 2026] DELETE /v2.0/ports/470bd6b0-e6cd-4d6c-9f39-a46d06e37efa => generated 132 bytes in 17 msecs (HTTP/1.1 404) 4 headers in 164 bytes (1 switches on core 0)
2026-07-14 18:49:59.468 8 WARNING neutron.scheduler.dhcp_agent_scheduler [None req-74c57089-1879-4e33-834d-a307608db7fb 2271887fc2f64e518e45b6f2756ceec0 555ce7753b1845159aa78f4585c2c087 - - default default] No more DHCP agents
2026-07-14 18:49:59.470 8 WARNING neutron.api.rpc.agentnotifiers.dhcp_rpc_agent_api [None req-74c57089-1879-4e33-834d-a307608db7fb 2271887fc2f64e518e45b6f2756ceec0 555ce7753b1845159aa78f4585c2c087 - - default default] Unable to schedule network a23a3ae0-e6ed-4742-a563-799e15fdfe42: no agents available; will retry on subsequent port and subnet creation events.
2026-07-14 18:49:59.532 7 INFO neutron.plugins.ml2.drivers.ovn.mech_driver.mech_driver [None req-1064712c-e92f-499d-955f-9314e96580e2 - - - - - -] OVN reports status down for port: 4cf00780-e9de-46d9-ae1e-4dddb95ea120
2026-07-14 18:49:59.567 8 INFO neutron.db.ovn_revision_numbers_db [None req-74c57089-1879-4e33-834d-a307608db7fb 2271887fc2f64e518e45b6f2756ceec0 555ce7753b1845159aa78f4585c2c087 - - default default] Successfully bumped revision number for resource 4cf00780-e9de-46d9-ae1e-4dddb95ea120 (type: ports) to 1 [pid: 8|app: 0|req: 578/1233] 10.0.0.47 () {34 vars in 669 bytes} [Tue Jul 14 18:49:57 2026] POST /v2.0/networks => generated 1322 bytes in 1968 msecs (HTTP/1.1 201) 4 headers in 163 bytes (1 switches on core 0)
2026-07-14 18:49:59.615 8 INFO neutron.pecan_wsgi.hooks.translation [None req-3fae5e20-b1f5-4aba-bb2b-ca40da0ca4f6 24f6572737604793a6ab9808ec217743 87e767c018974f8d96f0ed50f90a8084 - - default default] GET failed (client error): The resource could not be found. [pid: 8|app: 0|req: 579/1234] 10.0.0.47 () {32 vars in 716 bytes} [Tue Jul 14 18:49:59 2026] GET /v2.0/ports/470bd6b0-e6cd-4d6c-9f39-a46d06e37efa => generated 132 bytes in 17 msecs (HTTP/1.1 404) 4 headers in 164 bytes (1 switches on core 0) [pid: 8|app: 0|req: 580/1235] 10.0.0.47 () {32 vars in 648 bytes} [Tue Jul 14 18:49:59 2026] GET /v2.0/networks => generated 1971 bytes in 59 msecs (HTTP/1.1 200) 4 headers in 158 bytes (1 switches on core 0) [pid: 8|app: 0|req: 581/1236] 10.0.0.47 () {32 vars in 723 bytes} [Tue Jul 14 18:49:59 2026] DELETE /v2.0/subnets/094af3f8-a5b5-4b0a-b37d-09660aadcc14 => generated 0 bytes in 141 msecs (HTTP/1.1 204) 3 headers in 131 bytes (1 switches on core 0)
2026-07-14 18:49:59.928 7 WARNING neutron.scheduler.dhcp_agent_scheduler [None req-3e4a7da6-79c0-434f-9366-1303597fee15 dd1ea66dc4ec4b9d94c019d3e5bc1dea 65cc47be70f54427bcd186c386893058 - - default default] No more DHCP agents
2026-07-14 18:49:59.929 7 WARNING neutron.api.rpc.agentnotifiers.dhcp_rpc_agent_api [None req-3e4a7da6-79c0-434f-9366-1303597fee15 dd1ea66dc4ec4b9d94c019d3e5bc1dea 65cc47be70f54427bcd186c386893058 - - default default] Unable to schedule network 264c5220-c2ad-4f81-a314-a00f03707ce8: no agents available; will retry on subsequent port and subnet creation events.
2026-07-14 18:49:59.938 8 INFO neutron_taas.services.taas.taas_plugin [None req-9ec7622c-b6ca-49ba-ac82-6e322efa27e1 2271887fc2f64e518e45b6f2756ceec0 555ce7753b1845159aa78f4585c2c087 - - default default] TaaS: Handle Delete Port: 0a8a2bef-e4d0-4bfc-87b3-cb655032b6a0
2026-07-14 18:49:59.941 8 INFO neutron_taas.services.taas.tap_mirror_plugin [None req-9ec7622c-b6ca-49ba-ac82-6e322efa27e1 2271887fc2f64e518e45b6f2756ceec0 555ce7753b1845159aa78f4585c2c087 - - default default] Tap Mirror: Handle Delete Port: 0a8a2bef-e4d0-4bfc-87b3-cb655032b6a0
2026-07-14 18:50:00.029 8 INFO neutron.plugins.ml2.drivers.ovn.mech_driver.mech_driver [None req-2a9b0add-3c91-463a-85b6-b285fb3e5cc5 - - - - - -] OVN reports status down for port: 47baa644-4907-46a1-9383-67fea22d4c12
2026-07-14 18:50:00.031 7 INFO neutron.db.ovn_revision_numbers_db [None req-3e4a7da6-79c0-434f-9366-1303597fee15 dd1ea66dc4ec4b9d94c019d3e5bc1dea 65cc47be70f54427bcd186c386893058 - - default default] Successfully bumped revision number for resource 47baa644-4907-46a1-9383-67fea22d4c12 (type: ports) to 1
2026-07-14 18:50:00.095 7 WARNING neutron.scheduler.dhcp_agent_scheduler [None req-3e4a7da6-79c0-434f-9366-1303597fee15 dd1ea66dc4ec4b9d94c019d3e5bc1dea 65cc47be70f54427bcd186c386893058 - - default default] No more DHCP agents
2026-07-14 18:50:00.096 7 WARNING neutron.api.rpc.agentnotifiers.dhcp_rpc_agent_api [None req-3e4a7da6-79c0-434f-9366-1303597fee15 dd1ea66dc4ec4b9d94c019d3e5bc1dea 65cc47be70f54427bcd186c386893058 - - default default] Unable to schedule network dfc0c599-01fe-4296-ab14-6d35b6a3f6e3: no agents available; will retry on subsequent port and subnet creation events.
2026-07-14 18:50:00.190 7 INFO neutron.plugins.ml2.drivers.ovn.mech_driver.mech_driver [None req-1064712c-e92f-499d-955f-9314e96580e2 - - - - - -] OVN reports status down for port: 95ea4f87-262c-4314-841a-b646088188bc
2026-07-14 18:50:00.271 7 INFO neutron.db.ovn_revision_numbers_db [None req-3e4a7da6-79c0-434f-9366-1303597fee15 dd1ea66dc4ec4b9d94c019d3e5bc1dea 65cc47be70f54427bcd186c386893058 - - default default] Successfully bumped revision number for resource 95ea4f87-262c-4314-841a-b646088188bc (type: ports) to 1 [pid: 8|app: 0|req: 582/1237] 10.0.0.47 () {32 vars in 725 bytes} [Tue Jul 14 18:49:59 2026] DELETE /v2.0/networks/033c9b07-da06-444f-82cd-385b77dbe724 => generated 0 bytes in 501 msecs (HTTP/1.1 204) 3 headers in 131 bytes (1 switches on core 0) [pid: 7|app: 0|req: 656/1238] 10.0.0.47 () {34 vars in 664 bytes} [Tue Jul 14 18:49:59 2026] POST /v2.0/ports => generated 1506 bytes in 946 msecs (HTTP/1.1 201) 4 headers in 163 bytes (1 switches on core 0) /var/lib/openstack/lib/python3.12/site-packages/pycadf/identifier.py:70: UserWarning: Invalid uuid: neutron. To ensure interoperability, identifiers should be a valid uuid. warnings.warn(('Invalid uuid: %s. To ensure interoperability, '
2026-07-14 18:50:00.441 8 INFO neutron_taas.services.taas.taas_plugin [None req-f152faab-99f7-4749-866b-078b3175014e 24f6572737604793a6ab9808ec217743 87e767c018974f8d96f0ed50f90a8084 - - default default] TaaS: Handle Delete Port: 65b45c40-e7d8-4c07-8f57-28b6cd79f70b
2026-07-14 18:50:00.444 8 INFO neutron_taas.services.taas.tap_mirror_plugin [None req-f152faab-99f7-4749-866b-078b3175014e 24f6572737604793a6ab9808ec217743 87e767c018974f8d96f0ed50f90a8084 - - default default] Tap Mirror: Handle Delete Port: 65b45c40-e7d8-4c07-8f57-28b6cd79f70b
2026-07-14 18:50:00.519 7 INFO neutron_taas.services.taas.taas_plugin [None req-a9d7ba1c-edcc-444c-a7ae-fd488c4aea06 2271887fc2f64e518e45b6f2756ceec0 555ce7753b1845159aa78f4585c2c087 - - default default] TaaS: Handle Delete Port: 4cf00780-e9de-46d9-ae1e-4dddb95ea120
2026-07-14 18:50:00.522 7 INFO neutron_taas.services.taas.tap_mirror_plugin [None req-a9d7ba1c-edcc-444c-a7ae-fd488c4aea06 2271887fc2f64e518e45b6f2756ceec0 555ce7753b1845159aa78f4585c2c087 - - default default] Tap Mirror: Handle Delete Port: 4cf00780-e9de-46d9-ae1e-4dddb95ea120
2026-07-14 18:50:00.748 7 INFO neutron.services.segments.plugin [-] Segment 2edfc3f0-861b-4a19-ab1f-7e5b636e780a resource provider aggregate not found
2026-07-14 18:50:00.758 7 INFO neutron.services.segments.plugin [-] Segment 2edfc3f0-861b-4a19-ab1f-7e5b636e780a resource provider aggregate not found
2026-07-14 18:50:00.763 7 INFO neutron.services.segments.plugin [-] Client error retrieving segment 2edfc3f0-861b-4a19-ab1f-7e5b636e780a resource provider; error: Placement Client Error (4xx): {"errors": [{"status": 404, "title": "Not Found", "detail": "The resource could not be found.\n\n No resource provider with uuid 2edfc3f0-861b-4a19-ab1f-7e5b636e780a found for delete ", "request_id": "req-5d8157b0-95f3-4c50-9c07-da1b407a1108"}]}
2026-07-14 18:50:00.778 7 INFO neutron.services.segments.plugin [-] Client error retrieving segment 2edfc3f0-861b-4a19-ab1f-7e5b636e780a resource provider; error: Placement Client Error (4xx): {"errors": [{"status": 404, "title": "Not Found", "detail": "The resource could not be found.\n\n No resource provider with uuid 2edfc3f0-861b-4a19-ab1f-7e5b636e780a found for delete ", "request_id": "req-e658cf90-860f-4522-8a6f-6afa6110d493"}]} [pid: 8|app: 0|req: 583/1239] 10.0.0.47 () {32 vars in 725 bytes} [Tue Jul 14 18:50:00 2026] DELETE /v2.0/networks/c73e6c22-2aaa-4b63-8e3f-f4935469e722 => generated 0 bytes in 467 msecs (HTTP/1.1 204) 3 headers in 131 bytes (1 switches on core 0) [pid: 7|app: 0|req: 657/1240] 10.0.0.47 () {32 vars in 725 bytes} [Tue Jul 14 18:50:00 2026] DELETE /v2.0/networks/a23a3ae0-e6ed-4742-a563-799e15fdfe42 => generated 0 bytes in 460 msecs (HTTP/1.1 204) 3 headers in 131 bytes (1 switches on core 0) [pid: 7|app: 0|req: 658/1241] 10.0.0.244 () {34 vars in 1070 bytes} [Tue Jul 14 18:50:00 2026] GET /v2.0/ports?fields=security_groups&fields=device_id&device_id=2b3fe0d5-1026-408b-a4f1-0a22b759c552 => generated 12 bytes in 19 msecs (HTTP/1.1 200) 4 headers in 156 bytes (1 switches on core 0)
2026-07-14 18:50:00.949 7 INFO neutron.db.segments_db [None req-815ef98c-01b2-4c79-b47b-812072ad65cc 24f6572737604793a6ab9808ec217743 87e767c018974f8d96f0ed50f90a8084 - - default default] Added segment 6d75986d-293f-4dcf-a752-498b04397c1e of type geneve for network 6aa9d9fc-4c56-444b-834b-e67ac98ce014
2026-07-14 18:50:00.957 8 INFO neutron.services.segments.plugin [-] Segment 598e6980-d04c-4d71-9960-73280550723b resource provider aggregate not found
2026-07-14 18:50:00.963 8 INFO neutron.services.segments.plugin [-] Segment 598e6980-d04c-4d71-9960-73280550723b resource provider aggregate not found [pid: 8|app: 0|req: 584/1242] 10.0.0.47 () {32 vars in 642 bytes} [Tue Jul 14 18:50:00 2026] GET /v2.0/ports => generated 3018 bytes in 199 msecs (HTTP/1.1 200) 4 headers in 158 bytes (1 switches on core 0)
2026-07-14 18:50:00.987 8 INFO neutron.services.segments.plugin [-] Client error retrieving segment 598e6980-d04c-4d71-9960-73280550723b resource provider; error: Placement Client Error (4xx): {"errors": [{"status": 404, "title": "Not Found", "detail": "The resource could not be found.\n\n No resource provider with uuid 598e6980-d04c-4d71-9960-73280550723b found for delete ", "request_id": "req-21b356ba-24ed-4d21-9363-f40167892b6e"}]}
2026-07-14 18:50:00.993 8 INFO neutron.services.segments.plugin [-] Client error retrieving segment 598e6980-d04c-4d71-9960-73280550723b resource provider; error: Placement Client Error (4xx): {"errors": [{"status": 404, "title": "Not Found", "detail": "The resource could not be found.\n\n No resource provider with uuid 598e6980-d04c-4d71-9960-73280550723b found for delete ", "request_id": "req-a76adef0-0e2c-4e99-b044-d0da9922e232"}]}
2026-07-14 18:50:01.019 8 INFO neutron.services.segments.plugin [-] Segment 7419aab5-96c3-4b10-85ba-b623db0987bc resource provider aggregate not found
2026-07-14 18:50:01.029 8 INFO neutron.services.segments.plugin [-] Segment 7419aab5-96c3-4b10-85ba-b623db0987bc resource provider aggregate not found
2026-07-14 18:50:01.043 8 INFO neutron.services.segments.plugin [-] Client error retrieving segment 7419aab5-96c3-4b10-85ba-b623db0987bc resource provider; error: Placement Client Error (4xx): {"errors": [{"status": 404, "title": "Not Found", "detail": "The resource could not be found.\n\n No resource provider with uuid 7419aab5-96c3-4b10-85ba-b623db0987bc found for delete ", "request_id": "req-337c0a4b-dee9-4d43-8807-91b23761b26f"}]}
2026-07-14 18:50:01.080 8 INFO neutron.services.segments.plugin [-] Client error retrieving segment 7419aab5-96c3-4b10-85ba-b623db0987bc resource provider; error: Placement Client Error (4xx): {"errors": [{"status": 404, "title": "Not Found", "detail": "The resource could not be found.\n\n No resource provider with uuid 7419aab5-96c3-4b10-85ba-b623db0987bc found for delete ", "request_id": "req-3a8eac4c-a7ff-4e33-9d96-7478c651e7ce"}]}
2026-07-14 18:50:01.098 7 INFO neutron.db.ovn_revision_numbers_db [None req-815ef98c-01b2-4c79-b47b-812072ad65cc 24f6572737604793a6ab9808ec217743 87e767c018974f8d96f0ed50f90a8084 - - default default] Successfully bumped revision number for resource 6aa9d9fc-4c56-444b-834b-e67ac98ce014 (type: networks) to 1 [pid: 8|app: 0|req: 585/1243] 10.0.0.47 () {32 vars in 648 bytes} [Tue Jul 14 18:50:00 2026] GET /v2.0/networks => generated 689 bytes in 119 msecs (HTTP/1.1 200) 4 headers in 157 bytes (1 switches on core 0)
2026-07-14 18:50:01.246 8 INFO neutron_taas.services.taas.taas_plugin [None req-97eddd18-ef2e-43af-b6ca-6a69acb2a9d2 dd1ea66dc4ec4b9d94c019d3e5bc1dea 65cc47be70f54427bcd186c386893058 - - default default] TaaS: Handle Delete Port: 47baa644-4907-46a1-9383-67fea22d4c12
2026-07-14 18:50:01.248 8 INFO neutron_taas.services.taas.tap_mirror_plugin [None req-97eddd18-ef2e-43af-b6ca-6a69acb2a9d2 dd1ea66dc4ec4b9d94c019d3e5bc1dea 65cc47be70f54427bcd186c386893058 - - default default] Tap Mirror: Handle Delete Port: 47baa644-4907-46a1-9383-67fea22d4c12 [pid: 8|app: 0|req: 586/1244] 10.0.0.47 () {32 vars in 719 bytes} [Tue Jul 14 18:50:01 2026] DELETE /v2.0/ports/47baa644-4907-46a1-9383-67fea22d4c12 => generated 0 bytes in 264 msecs (HTTP/1.1 204) 3 headers in 131 bytes (1 switches on core 0)
2026-07-14 18:50:01.418 7 WARNING neutron.scheduler.dhcp_agent_scheduler [None req-815ef98c-01b2-4c79-b47b-812072ad65cc 24f6572737604793a6ab9808ec217743 87e767c018974f8d96f0ed50f90a8084 - - default default] No more DHCP agents
2026-07-14 18:50:01.420 7 WARNING neutron.api.rpc.agentnotifiers.dhcp_rpc_agent_api [None req-815ef98c-01b2-4c79-b47b-812072ad65cc 24f6572737604793a6ab9808ec217743 87e767c018974f8d96f0ed50f90a8084 - - default default] Unable to schedule network 6aa9d9fc-4c56-444b-834b-e67ac98ce014: no agents available; will retry on subsequent port and subnet creation events.
2026-07-14 18:50:01.482 8 INFO neutron.db.segments_db [None req-5111a5f5-3c41-477a-8e86-baa6bc2c5402 2271887fc2f64e518e45b6f2756ceec0 555ce7753b1845159aa78f4585c2c087 - - default default] Added segment 45d4609a-5578-41d7-bf6e-d2e90b4d3198 of type geneve for network 20f5916e-d59e-4c9b-ae78-e8dc0cd7307a
2026-07-14 18:50:01.483 7 INFO neutron.plugins.ml2.drivers.ovn.mech_driver.mech_driver [None req-1064712c-e92f-499d-955f-9314e96580e2 - - - - - -] OVN reports status down for port: f0edb498-f067-4deb-8a72-1d37ca960125
2026-07-14 18:50:01.535 7 INFO neutron.db.ovn_revision_numbers_db [None req-815ef98c-01b2-4c79-b47b-812072ad65cc 24f6572737604793a6ab9808ec217743 87e767c018974f8d96f0ed50f90a8084 - - default default] Successfully bumped revision number for resource f0edb498-f067-4deb-8a72-1d37ca960125 (type: ports) to 1 [pid: 7|app: 0|req: 659/1245] 10.0.0.47 () {34 vars in 669 bytes} [Tue Jul 14 18:50:00 2026] POST /v2.0/networks => generated 674 bytes in 734 msecs (HTTP/1.1 201) 4 headers in 162 bytes (1 switches on core 0)
2026-07-14 18:50:01.623 8 INFO neutron.db.ovn_revision_numbers_db [None req-5111a5f5-3c41-477a-8e86-baa6bc2c5402 2271887fc2f64e518e45b6f2756ceec0 555ce7753b1845159aa78f4585c2c087 - - default default] Successfully bumped revision number for resource 20f5916e-d59e-4c9b-ae78-e8dc0cd7307a (type: networks) to 1
2026-07-14 18:50:01.733 7 INFO neutron_taas.services.taas.taas_plugin [None req-35e9cb9f-d2ce-4506-896b-4ad883bd20cd dd1ea66dc4ec4b9d94c019d3e5bc1dea 65cc47be70f54427bcd186c386893058 - - default default] TaaS: Handle Delete Port: 95ea4f87-262c-4314-841a-b646088188bc
2026-07-14 18:50:01.737 7 INFO neutron_taas.services.taas.tap_mirror_plugin [None req-35e9cb9f-d2ce-4506-896b-4ad883bd20cd dd1ea66dc4ec4b9d94c019d3e5bc1dea 65cc47be70f54427bcd186c386893058 - - default default] Tap Mirror: Handle Delete Port: 95ea4f87-262c-4314-841a-b646088188bc
2026-07-14 18:50:01.808 8 WARNING neutron.scheduler.dhcp_agent_scheduler [None req-5111a5f5-3c41-477a-8e86-baa6bc2c5402 2271887fc2f64e518e45b6f2756ceec0 555ce7753b1845159aa78f4585c2c087 - - default default] No more DHCP agents
2026-07-14 18:50:01.810 8 WARNING neutron.api.rpc.agentnotifiers.dhcp_rpc_agent_api [None req-5111a5f5-3c41-477a-8e86-baa6bc2c5402 2271887fc2f64e518e45b6f2756ceec0 555ce7753b1845159aa78f4585c2c087 - - default default] Unable to schedule network 20f5916e-d59e-4c9b-ae78-e8dc0cd7307a: no agents available; will retry on subsequent port and subnet creation events.
2026-07-14 18:50:01.894 8 INFO neutron.plugins.ml2.drivers.ovn.mech_driver.mech_driver [None req-2a9b0add-3c91-463a-85b6-b285fb3e5cc5 - - - - - -] OVN reports status down for port: e1d0a6c2-016f-4cde-b6d7-673205d60570 [pid: 7|app: 0|req: 660/1246] 10.0.0.47 () {32 vars in 719 bytes} [Tue Jul 14 18:50:01 2026] DELETE /v2.0/ports/95ea4f87-262c-4314-841a-b646088188bc => generated 0 bytes in 315 msecs (HTTP/1.1 204) 3 headers in 131 bytes (1 switches on core 0)
2026-07-14 18:50:01.973 8 INFO neutron.db.ovn_revision_numbers_db [None req-5111a5f5-3c41-477a-8e86-baa6bc2c5402 2271887fc2f64e518e45b6f2756ceec0 555ce7753b1845159aa78f4585c2c087 - - default default] Successfully bumped revision number for resource e1d0a6c2-016f-4cde-b6d7-673205d60570 (type: ports) to 1 [pid: 8|app: 0|req: 587/1247] 10.0.0.47 () {34 vars in 669 bytes} [Tue Jul 14 18:50:01 2026] POST /v2.0/networks => generated 688 bytes in 693 msecs (HTTP/1.1 201) 4 headers in 162 bytes (1 switches on core 0) [pid: 8|app: 0|req: 588/1248] 199.19.213.188 () {34 vars in 986 bytes} [Tue Jul 14 18:50:02 2026] GET /v2.0/networks?id=e5881f82-8d22-40a2-addf-855f304b876c => generated 714 bytes in 49 msecs (HTTP/1.1 200) 4 headers in 157 bytes (1 switches on core 0)
2026-07-14 18:50:02.135 7 WARNING neutron.scheduler.dhcp_agent_scheduler [None req-7ea42c98-065f-47bd-8ae2-0f9f931984d6 24f6572737604793a6ab9808ec217743 87e767c018974f8d96f0ed50f90a8084 - - default default] No more DHCP agents
2026-07-14 18:50:02.137 7 WARNING neutron.api.rpc.agentnotifiers.dhcp_rpc_agent_api [None req-7ea42c98-065f-47bd-8ae2-0f9f931984d6 24f6572737604793a6ab9808ec217743 87e767c018974f8d96f0ed50f90a8084 - - default default] Unable to schedule network 6aa9d9fc-4c56-444b-834b-e67ac98ce014: no agents available; will retry on subsequent port and subnet creation events. [pid: 8|app: 0|req: 589/1249] 10.0.0.47 () {32 vars in 642 bytes} [Tue Jul 14 18:50:02 2026] GET /v2.0/ports => generated 1523 bytes in 50 msecs (HTTP/1.1 200) 4 headers in 158 bytes (1 switches on core 0)
2026-07-14 18:50:02.184 7 INFO neutron.db.ovn_revision_numbers_db [None req-7ea42c98-065f-47bd-8ae2-0f9f931984d6 24f6572737604793a6ab9808ec217743 87e767c018974f8d96f0ed50f90a8084 - - default default] Successfully bumped revision number for resource c4ad3a42-4a37-4647-97bd-67d9d013db7d (type: subnets) to 0 [pid: 8|app: 0|req: 590/1250] 10.0.0.244 () {34 vars in 1070 bytes} [Tue Jul 14 18:50:02 2026] GET /v2.0/ports?fields=security_groups&fields=device_id&device_id=2b3fe0d5-1026-408b-a4f1-0a22b759c552 => generated 12 bytes in 26 msecs (HTTP/1.1 200) 4 headers in 156 bytes (1 switches on core 0) [pid: 7|app: 0|req: 661/1251] 10.0.0.47 () {34 vars in 668 bytes} [Tue Jul 14 18:50:01 2026] POST /v2.0/subnets => generated 646 bytes in 325 msecs (HTTP/1.1 201) 4 headers in 162 bytes (1 switches on core 0)
2026-07-14 18:50:02.234 7 WARNING neutron.db.securitygroups_db [req-077a32d9-59b8-4382-9317-eec660eb766c req-4e12b375-4dcd-410e-a6d5-52c7117f109c a2defc911ec64a03b8debb44f649dacb e0882df8a5b04e1d86ff45506b9be794 - - default default] project_id key not found in filters, using tenant_id instead. This support has been deprecated and will be removed in a future release. [pid: 7|app: 0|req: 662/1252] 199.19.213.188 () {34 vars in 1050 bytes} [Tue Jul 14 18:50:02 2026] GET /v2.0/security-groups?fields=id&fields=name&tenant_id=e0882df8a5b04e1d86ff45506b9be794 => generated 181 bytes in 73 msecs (HTTP/1.1 200) 4 headers in 157 bytes (1 switches on core 0)
2026-07-14 18:50:02.307 8 INFO neutron.db.segments_db [None req-011dcf5d-c1a3-45e6-824e-44fd468f14fa 2271887fc2f64e518e45b6f2756ceec0 555ce7753b1845159aa78f4585c2c087 - - default default] Added segment 474bc90b-5db7-42f3-89bf-1d1d9f43454a of type geneve for network 51f12c18-d0a6-47c8-98ea-41dadabed4e6
2026-07-14 18:50:02.399 7 INFO neutron.db.segments_db [None req-626da94a-7b23-4455-af05-30b294c8e6da dd1ea66dc4ec4b9d94c019d3e5bc1dea 65cc47be70f54427bcd186c386893058 - - default default] Added segment fd114da2-a535-40ff-b356-c13f9eb8409e of type geneve for network d9b3a191-2cc0-4b9a-af51-2caea4b1456a
2026-07-14 18:50:02.442 8 INFO neutron.db.ovn_revision_numbers_db [None req-011dcf5d-c1a3-45e6-824e-44fd468f14fa 2271887fc2f64e518e45b6f2756ceec0 555ce7753b1845159aa78f4585c2c087 - - default default] Successfully bumped revision number for resource 51f12c18-d0a6-47c8-98ea-41dadabed4e6 (type: networks) to 1
2026-07-14 18:50:02.538 7 INFO neutron.db.ovn_revision_numbers_db [None req-626da94a-7b23-4455-af05-30b294c8e6da dd1ea66dc4ec4b9d94c019d3e5bc1dea 65cc47be70f54427bcd186c386893058 - - default default] Successfully bumped revision number for resource d9b3a191-2cc0-4b9a-af51-2caea4b1456a (type: networks) to 1
2026-07-14 18:50:02.653 8 WARNING neutron.scheduler.dhcp_agent_scheduler [None req-011dcf5d-c1a3-45e6-824e-44fd468f14fa 2271887fc2f64e518e45b6f2756ceec0 555ce7753b1845159aa78f4585c2c087 - - default default] No more DHCP agents
2026-07-14 18:50:02.654 8 WARNING neutron.api.rpc.agentnotifiers.dhcp_rpc_agent_api [None req-011dcf5d-c1a3-45e6-824e-44fd468f14fa 2271887fc2f64e518e45b6f2756ceec0 555ce7753b1845159aa78f4585c2c087 - - default default] Unable to schedule network 51f12c18-d0a6-47c8-98ea-41dadabed4e6: no agents available; will retry on subsequent port and subnet creation events.
2026-07-14 18:50:02.720 7 INFO neutron.plugins.ml2.drivers.ovn.mech_driver.mech_driver [None req-1064712c-e92f-499d-955f-9314e96580e2 - - - - - -] OVN reports status down for port: 34d4733e-e768-4665-ae8d-f349647c3566
2026-07-14 18:50:02.741 8 INFO neutron.db.ovn_revision_numbers_db [None req-011dcf5d-c1a3-45e6-824e-44fd468f14fa 2271887fc2f64e518e45b6f2756ceec0 555ce7753b1845159aa78f4585c2c087 - - default default] Successfully bumped revision number for resource 34d4733e-e768-4665-ae8d-f349647c3566 (type: ports) to 1 [pid: 8|app: 0|req: 591/1253] 10.0.0.47 () {34 vars in 669 bytes} [Tue Jul 14 18:50:02 2026] POST /v2.0/networks => generated 687 bytes in 574 msecs (HTTP/1.1 201) 4 headers in 162 bytes (1 switches on core 0)
2026-07-14 18:50:02.784 7 WARNING neutron.scheduler.dhcp_agent_scheduler [None req-626da94a-7b23-4455-af05-30b294c8e6da dd1ea66dc4ec4b9d94c019d3e5bc1dea 65cc47be70f54427bcd186c386893058 - - default default] No more DHCP agents
2026-07-14 18:50:02.788 7 WARNING neutron.api.rpc.agentnotifiers.dhcp_rpc_agent_api [None req-626da94a-7b23-4455-af05-30b294c8e6da dd1ea66dc4ec4b9d94c019d3e5bc1dea 65cc47be70f54427bcd186c386893058 - - default default] Unable to schedule network d9b3a191-2cc0-4b9a-af51-2caea4b1456a: no agents available; will retry on subsequent port and subnet creation events.
2026-07-14 18:50:02.939 7 INFO neutron.plugins.ml2.drivers.ovn.mech_driver.mech_driver [None req-1064712c-e92f-499d-955f-9314e96580e2 - - - - - -] OVN reports status down for port: 67870ef6-daa1-4892-8ee0-648cb7ced994
2026-07-14 18:50:02.975 7 INFO neutron.db.ovn_revision_numbers_db [None req-626da94a-7b23-4455-af05-30b294c8e6da dd1ea66dc4ec4b9d94c019d3e5bc1dea 65cc47be70f54427bcd186c386893058 - - default default] Successfully bumped revision number for resource 67870ef6-daa1-4892-8ee0-648cb7ced994 (type: ports) to 1 [pid: 7|app: 0|req: 663/1254] 10.0.0.47 () {34 vars in 669 bytes} [Tue Jul 14 18:50:02 2026] POST /v2.0/networks => generated 692 bytes in 725 msecs (HTTP/1.1 201) 4 headers in 162 bytes (1 switches on core 0)
2026-07-14 18:50:03.151 8 WARNING neutron.scheduler.dhcp_agent_scheduler [None req-12c3d1b5-fdd9-4aad-bc32-f37f18b90652 24f6572737604793a6ab9808ec217743 87e767c018974f8d96f0ed50f90a8084 - - default default] No more DHCP agents
2026-07-14 18:50:03.153 8 WARNING neutron.api.rpc.agentnotifiers.dhcp_rpc_agent_api [None req-12c3d1b5-fdd9-4aad-bc32-f37f18b90652 24f6572737604793a6ab9808ec217743 87e767c018974f8d96f0ed50f90a8084 - - default default] Unable to schedule network 6aa9d9fc-4c56-444b-834b-e67ac98ce014: no agents available; will retry on subsequent port and subnet creation events.
2026-07-14 18:50:03.275 7 INFO neutron.plugins.ml2.drivers.ovn.mech_driver.mech_driver [None req-1064712c-e92f-499d-955f-9314e96580e2 - - - - - -] OVN reports status down for port: e56d94d0-fc5f-493c-8244-d7063649269b
2026-07-14 18:50:03.316 8 INFO neutron.db.ovn_revision_numbers_db [None req-12c3d1b5-fdd9-4aad-bc32-f37f18b90652 24f6572737604793a6ab9808ec217743 87e767c018974f8d96f0ed50f90a8084 - - default default] Successfully bumped revision number for resource e56d94d0-fc5f-493c-8244-d7063649269b (type: ports) to 1 [pid: 8|app: 0|req: 592/1255] 10.0.0.47 () {34 vars in 664 bytes} [Tue Jul 14 18:50:02 2026] POST /v2.0/ports => generated 927 bytes in 582 msecs (HTTP/1.1 201) 4 headers in 162 bytes (1 switches on core 0)
2026-07-14 18:50:03.468 7 WARNING neutron.scheduler.dhcp_agent_scheduler [req-077a32d9-59b8-4382-9317-eec660eb766c req-9b714334-a163-4d60-bf3a-fee9cff50e17 a2defc911ec64a03b8debb44f649dacb e0882df8a5b04e1d86ff45506b9be794 - - default default] No more DHCP agents
2026-07-14 18:50:03.469 7 WARNING neutron.api.rpc.agentnotifiers.dhcp_rpc_agent_api [req-077a32d9-59b8-4382-9317-eec660eb766c req-9b714334-a163-4d60-bf3a-fee9cff50e17 a2defc911ec64a03b8debb44f649dacb e0882df8a5b04e1d86ff45506b9be794 - - default default] Unable to schedule network e5881f82-8d22-40a2-addf-855f304b876c: no agents available; will retry on subsequent port and subnet creation events.
2026-07-14 18:50:03.629 8 INFO neutron.plugins.ml2.drivers.ovn.mech_driver.mech_driver [None req-2a9b0add-3c91-463a-85b6-b285fb3e5cc5 - - - - - -] OVN reports status down for port: 66de7d45-4ff2-4939-b13d-0ded4dd88331
2026-07-14 18:50:03.640 7 INFO neutron.db.ovn_revision_numbers_db [req-077a32d9-59b8-4382-9317-eec660eb766c req-9b714334-a163-4d60-bf3a-fee9cff50e17 a2defc911ec64a03b8debb44f649dacb e0882df8a5b04e1d86ff45506b9be794 - - default default] Successfully bumped revision number for resource 66de7d45-4ff2-4939-b13d-0ded4dd88331 (type: ports) to 1 [pid: 7|app: 0|req: 664/1256] 199.19.213.188 () {38 vars in 955 bytes} [Tue Jul 14 18:50:03 2026] POST /v2.0/ports => generated 958 bytes in 638 msecs (HTTP/1.1 201) 4 headers in 162 bytes (1 switches on core 0) /var/lib/openstack/lib/python3.12/site-packages/pycadf/identifier.py:70: UserWarning: Invalid uuid: neutron. To ensure interoperability, identifiers should be a valid uuid. warnings.warn(('Invalid uuid: %s. To ensure interoperability, '
2026-07-14 18:50:03.746 7 INFO neutron.db.segments_db [None req-a838b8a7-56b4-4608-91f5-70c2a35e9fab dd1ea66dc4ec4b9d94c019d3e5bc1dea 65cc47be70f54427bcd186c386893058 - - default default] Added segment 35cc09e2-b9f7-43c6-a50b-5a06355d4dbf of type geneve for network 1e7a6a8b-b7c6-493b-9f3d-a9fd1dcd3379
2026-07-14 18:50:03.859 7 INFO neutron.db.ovn_revision_numbers_db [None req-a838b8a7-56b4-4608-91f5-70c2a35e9fab dd1ea66dc4ec4b9d94c019d3e5bc1dea 65cc47be70f54427bcd186c386893058 - - default default] Successfully bumped revision number for resource 1e7a6a8b-b7c6-493b-9f3d-a9fd1dcd3379 (type: networks) to 1
2026-07-14 18:50:03.897 8 WARNING neutron.scheduler.dhcp_agent_scheduler [None req-ab2c0e1d-b3f1-4d25-b0b5-839002b41d2c 2271887fc2f64e518e45b6f2756ceec0 555ce7753b1845159aa78f4585c2c087 - - default default] No more DHCP agents
2026-07-14 18:50:03.898 8 WARNING neutron.api.rpc.agentnotifiers.dhcp_rpc_agent_api [None req-ab2c0e1d-b3f1-4d25-b0b5-839002b41d2c 2271887fc2f64e518e45b6f2756ceec0 555ce7753b1845159aa78f4585c2c087 - - default default] Unable to schedule network 20f5916e-d59e-4c9b-ae78-e8dc0cd7307a: no agents available; will retry on subsequent port and subnet creation events.
2026-07-14 18:50:03.978 7 INFO neutron.plugins.ml2.drivers.ovn.mech_driver.mech_driver [None req-1064712c-e92f-499d-955f-9314e96580e2 - - - - - -] OVN reports status down for port: a8ef4381-3a59-4f63-b057-8b635722b970
2026-07-14 18:50:04.005 8 INFO neutron.db.ovn_revision_numbers_db [None req-ab2c0e1d-b3f1-4d25-b0b5-839002b41d2c 2271887fc2f64e518e45b6f2756ceec0 555ce7753b1845159aa78f4585c2c087 - - default default] Successfully bumped revision number for resource a8ef4381-3a59-4f63-b057-8b635722b970 (type: ports) to 1
2026-07-14 18:50:04.063 8 WARNING neutron.scheduler.dhcp_agent_scheduler [None req-ab2c0e1d-b3f1-4d25-b0b5-839002b41d2c 2271887fc2f64e518e45b6f2756ceec0 555ce7753b1845159aa78f4585c2c087 - - default default] No more DHCP agents
2026-07-14 18:50:04.065 8 WARNING neutron.api.rpc.agentnotifiers.dhcp_rpc_agent_api [None req-ab2c0e1d-b3f1-4d25-b0b5-839002b41d2c 2271887fc2f64e518e45b6f2756ceec0 555ce7753b1845159aa78f4585c2c087 - - default default] Unable to schedule network 51f12c18-d0a6-47c8-98ea-41dadabed4e6: no agents available; will retry on subsequent port and subnet creation events.
2026-07-14 18:50:04.154 7 WARNING neutron.scheduler.dhcp_agent_scheduler [None req-a838b8a7-56b4-4608-91f5-70c2a35e9fab dd1ea66dc4ec4b9d94c019d3e5bc1dea 65cc47be70f54427bcd186c386893058 - - default default] No more DHCP agents
2026-07-14 18:50:04.158 7 WARNING neutron.api.rpc.agentnotifiers.dhcp_rpc_agent_api [None req-a838b8a7-56b4-4608-91f5-70c2a35e9fab dd1ea66dc4ec4b9d94c019d3e5bc1dea 65cc47be70f54427bcd186c386893058 - - default default] Unable to schedule network 1e7a6a8b-b7c6-493b-9f3d-a9fd1dcd3379: no agents available; will retry on subsequent port and subnet creation events.
2026-07-14 18:50:04.165 8 INFO neutron.db.ovn_revision_numbers_db [None req-ab2c0e1d-b3f1-4d25-b0b5-839002b41d2c 2271887fc2f64e518e45b6f2756ceec0 555ce7753b1845159aa78f4585c2c087 - - default default] Successfully bumped revision number for resource 95325157-a6fa-4f01-b780-a2246e9aa798 (type: ports) to 1 [pid: 8|app: 0|req: 593/1257] 10.0.0.47 () {34 vars in 664 bytes} [Tue Jul 14 18:50:03 2026] POST /v2.0/ports => generated 1505 bytes in 839 msecs (HTTP/1.1 201) 4 headers in 163 bytes (1 switches on core 0) /var/lib/openstack/lib/python3.12/site-packages/pycadf/identifier.py:70: UserWarning: Invalid uuid: neutron. To ensure interoperability, identifiers should be a valid uuid. warnings.warn(('Invalid uuid: %s. To ensure interoperability, '
2026-07-14 18:50:04.207 7 INFO neutron.plugins.ml2.drivers.ovn.mech_driver.mech_driver [None req-1064712c-e92f-499d-955f-9314e96580e2 - - - - - -] OVN reports status down for port: 95325157-a6fa-4f01-b780-a2246e9aa798 [pid: 8|app: 0|req: 594/1258] 10.0.0.244 () {34 vars in 1070 bytes} [Tue Jul 14 18:50:04 2026] GET /v2.0/ports?fields=security_groups&fields=device_id&device_id=2b3fe0d5-1026-408b-a4f1-0a22b759c552 => generated 123 bytes in 99 msecs (HTTP/1.1 200) 4 headers in 157 bytes (1 switches on core 0)
2026-07-14 18:50:04.299 7 INFO neutron.db.ovn_revision_numbers_db [None req-a838b8a7-56b4-4608-91f5-70c2a35e9fab dd1ea66dc4ec4b9d94c019d3e5bc1dea 65cc47be70f54427bcd186c386893058 - - default default] Successfully bumped revision number for resource 98b74a35-49aa-4f6d-aed0-da2b12a93e7f (type: ports) to 1
2026-07-14 18:50:04.328 7 INFO neutron.plugins.ml2.drivers.ovn.mech_driver.mech_driver [None req-1064712c-e92f-499d-955f-9314e96580e2 - - - - - -] OVN reports status down for port: 98b74a35-49aa-4f6d-aed0-da2b12a93e7f [pid: 7|app: 0|req: 665/1259] 10.0.0.47 () {34 vars in 669 bytes} [Tue Jul 14 18:50:03 2026] POST /v2.0/networks => generated 691 bytes in 680 msecs (HTTP/1.1 201) 4 headers in 162 bytes (1 switches on core 0)
2026-07-14 18:50:04.415 8 INFO neutron_taas.services.taas.taas_plugin [None req-503e1cd8-a103-4166-982d-3930ce19285e 24f6572737604793a6ab9808ec217743 87e767c018974f8d96f0ed50f90a8084 - - default default] TaaS: Handle Delete Port: e56d94d0-fc5f-493c-8244-d7063649269b
2026-07-14 18:50:04.418 8 INFO neutron_taas.services.taas.tap_mirror_plugin [None req-503e1cd8-a103-4166-982d-3930ce19285e 24f6572737604793a6ab9808ec217743 87e767c018974f8d96f0ed50f90a8084 - - default default] Tap Mirror: Handle Delete Port: e56d94d0-fc5f-493c-8244-d7063649269b [pid: 8|app: 0|req: 595/1260] 10.0.0.47 () {32 vars in 719 bytes} [Tue Jul 14 18:50:04 2026] DELETE /v2.0/ports/e56d94d0-fc5f-493c-8244-d7063649269b => generated 0 bytes in 271 msecs (HTTP/1.1 204) 3 headers in 131 bytes (1 switches on core 0) [pid: 8|app: 0|req: 596/1261] 10.0.0.47 () {32 vars in 642 bytes} [Tue Jul 14 18:50:04 2026] GET /v2.0/ports => generated 3017 bytes in 51 msecs (HTTP/1.1 200) 4 headers in 158 bytes (1 switches on core 0) [pid: 8|app: 0|req: 597/1262] 10.0.0.244 () {34 vars in 1040 bytes} [Tue Jul 14 18:50:04 2026] GET /v2.0/security-groups?id=802bf55c-a9c5-4bd8-ab94-7a2d46030443&fields=id&fields=name => generated 114 bytes in 25 msecs (HTTP/1.1 200) 4 headers in 157 bytes (1 switches on core 0)
2026-07-14 18:50:04.652 8 INFO neutron.pecan_wsgi.hooks.translation [None req-a8b2257f-89c4-4731-ae60-a4d5924cd836 24f6572737604793a6ab9808ec217743 87e767c018974f8d96f0ed50f90a8084 - - default default] GET failed (client error): The resource could not be found. [pid: 8|app: 0|req: 598/1263] 10.0.0.47 () {32 vars in 716 bytes} [Tue Jul 14 18:50:04 2026] GET /v2.0/ports/e56d94d0-fc5f-493c-8244-d7063649269b => generated 132 bytes in 15 msecs (HTTP/1.1 404) 4 headers in 164 bytes (1 switches on core 0)
2026-07-14 18:50:04.773 8 INFO neutron_taas.services.taas.taas_plugin [None req-3866f42f-bc50-4ab4-b4dd-c7935023929b 2271887fc2f64e518e45b6f2756ceec0 555ce7753b1845159aa78f4585c2c087 - - default default] TaaS: Handle Delete Port: a8ef4381-3a59-4f63-b057-8b635722b970
2026-07-14 18:50:04.776 8 INFO neutron_taas.services.taas.tap_mirror_plugin [None req-3866f42f-bc50-4ab4-b4dd-c7935023929b 2271887fc2f64e518e45b6f2756ceec0 555ce7753b1845159aa78f4585c2c087 - - default default] Tap Mirror: Handle Delete Port: a8ef4381-3a59-4f63-b057-8b635722b970
2026-07-14 18:50:04.819 7 INFO neutron.db.ovn_revision_numbers_db [req-077a32d9-59b8-4382-9317-eec660eb766c req-c38ccdf5-16e1-4734-a6a6-118f0ff05eac 84d077ea4467477cacefc7e5ef31289d e95c6c81640d47a4aae811c0bf766c4e - - 6555d5ae71dd44c1b0107054bc2055e6 6555d5ae71dd44c1b0107054bc2055e6] Successfully bumped revision number for resource 66de7d45-4ff2-4939-b13d-0ded4dd88331 (type: ports) to 2 [pid: 8|app: 0|req: 599/1264] 10.0.0.47 () {32 vars in 719 bytes} [Tue Jul 14 18:50:04 2026] DELETE /v2.0/ports/a8ef4381-3a59-4f63-b057-8b635722b970 => generated 0 bytes in 254 msecs (HTTP/1.1 204) 3 headers in 131 bytes (1 switches on core 0)
2026-07-14 18:50:05.038 7 INFO neutron.db.ovn_revision_numbers_db [req-077a32d9-59b8-4382-9317-eec660eb766c req-c38ccdf5-16e1-4734-a6a6-118f0ff05eac 84d077ea4467477cacefc7e5ef31289d e95c6c81640d47a4aae811c0bf766c4e - - 6555d5ae71dd44c1b0107054bc2055e6 6555d5ae71dd44c1b0107054bc2055e6] Successfully bumped revision number for resource 66de7d45-4ff2-4939-b13d-0ded4dd88331 (type: ports) to 4 [pid: 7|app: 0|req: 666/1265] 199.19.213.188 () {38 vars in 1028 bytes} [Tue Jul 14 18:50:04 2026] PUT /v2.0/ports/66de7d45-4ff2-4939-b13d-0ded4dd88331 => generated 1230 bytes in 720 msecs (HTTP/1.1 200) 4 headers in 158 bytes (1 switches on core 0) /var/lib/openstack/lib/python3.12/site-packages/pycadf/identifier.py:70: UserWarning: Invalid uuid: neutron. To ensure interoperability, identifiers should be a valid uuid. warnings.warn(('Invalid uuid: %s. To ensure interoperability, ' [pid: 8|app: 0|req: 600/1266] 10.0.0.47 () {32 vars in 723 bytes} [Tue Jul 14 18:50:04 2026] DELETE /v2.0/subnets/c4ad3a42-4a37-4647-97bd-67d9d013db7d => generated 0 bytes in 177 msecs (HTTP/1.1 204) 3 headers in 131 bytes (1 switches on core 0)
2026-07-14 18:50:05.112 7 INFO neutron.notifiers.nova [-] Nova event matching ['req-a28aff85-6282-4a33-8b9a-e6abdcd76edb'] response: {'name': 'network-changed', 'server_uuid': '2b3fe0d5-1026-408b-a4f1-0a22b759c552', 'tag': '66de7d45-4ff2-4939-b13d-0ded4dd88331', 'status': 'completed', 'code': 200}
2026-07-14 18:50:05.209 8 INFO neutron_taas.services.taas.taas_plugin [None req-388963bf-f344-4e91-9632-3d7f081799e3 2271887fc2f64e518e45b6f2756ceec0 555ce7753b1845159aa78f4585c2c087 - - default default] TaaS: Handle Delete Port: 95325157-a6fa-4f01-b780-a2246e9aa798
2026-07-14 18:50:05.213 8 INFO neutron_taas.services.taas.tap_mirror_plugin [None req-388963bf-f344-4e91-9632-3d7f081799e3 2271887fc2f64e518e45b6f2756ceec0 555ce7753b1845159aa78f4585c2c087 - - default default] Tap Mirror: Handle Delete Port: 95325157-a6fa-4f01-b780-a2246e9aa798 [pid: 8|app: 0|req: 601/1267] 10.0.0.47 () {32 vars in 719 bytes} [Tue Jul 14 18:50:05 2026] DELETE /v2.0/ports/95325157-a6fa-4f01-b780-a2246e9aa798 => generated 0 bytes in 248 msecs (HTTP/1.1 204) 3 headers in 131 bytes (1 switches on core 0)
2026-07-14 18:50:05.378 7 WARNING neutron.scheduler.dhcp_agent_scheduler [None req-7d7a75c0-8591-4e24-8aa6-9f0d655f3e68 dd1ea66dc4ec4b9d94c019d3e5bc1dea 65cc47be70f54427bcd186c386893058 - - default default] No more DHCP agents
2026-07-14 18:50:05.380 7 WARNING neutron.api.rpc.agentnotifiers.dhcp_rpc_agent_api [None req-7d7a75c0-8591-4e24-8aa6-9f0d655f3e68 dd1ea66dc4ec4b9d94c019d3e5bc1dea 65cc47be70f54427bcd186c386893058 - - default default] Unable to schedule network d9b3a191-2cc0-4b9a-af51-2caea4b1456a: no agents available; will retry on subsequent port and subnet creation events.
2026-07-14 18:50:05.416 7 INFO neutron.db.ovn_revision_numbers_db [None req-7d7a75c0-8591-4e24-8aa6-9f0d655f3e68 dd1ea66dc4ec4b9d94c019d3e5bc1dea 65cc47be70f54427bcd186c386893058 - - default default] Successfully bumped revision number for resource 2a04be5e-1899-4020-b186-e336190fdd4c (type: subnets) to 0
2026-07-14 18:50:05.467 7 WARNING neutron.scheduler.dhcp_agent_scheduler [None req-7d7a75c0-8591-4e24-8aa6-9f0d655f3e68 dd1ea66dc4ec4b9d94c019d3e5bc1dea 65cc47be70f54427bcd186c386893058 - - default default] No more DHCP agents
2026-07-14 18:50:05.469 7 WARNING neutron.api.rpc.agentnotifiers.dhcp_rpc_agent_api [None req-7d7a75c0-8591-4e24-8aa6-9f0d655f3e68 dd1ea66dc4ec4b9d94c019d3e5bc1dea 65cc47be70f54427bcd186c386893058 - - default default] Unable to schedule network 1e7a6a8b-b7c6-493b-9f3d-a9fd1dcd3379: no agents available; will retry on subsequent port and subnet creation events.
2026-07-14 18:50:05.495 8 INFO neutron_taas.services.taas.taas_plugin [None req-f8752e5e-a4e3-494b-8b30-1411e395c330 24f6572737604793a6ab9808ec217743 87e767c018974f8d96f0ed50f90a8084 - - default default] TaaS: Handle Delete Port: f0edb498-f067-4deb-8a72-1d37ca960125
2026-07-14 18:50:05.499 8 INFO neutron_taas.services.taas.tap_mirror_plugin [None req-f8752e5e-a4e3-494b-8b30-1411e395c330 24f6572737604793a6ab9808ec217743 87e767c018974f8d96f0ed50f90a8084 - - default default] Tap Mirror: Handle Delete Port: f0edb498-f067-4deb-8a72-1d37ca960125
2026-07-14 18:50:05.513 7 INFO neutron.db.ovn_revision_numbers_db [None req-7d7a75c0-8591-4e24-8aa6-9f0d655f3e68 dd1ea66dc4ec4b9d94c019d3e5bc1dea 65cc47be70f54427bcd186c386893058 - - default default] Successfully bumped revision number for resource f9181820-728a-4758-9a3d-767032bf08df (type: subnets) to 0 [pid: 7|app: 0|req: 667/1268] 10.0.0.47 () {34 vars in 668 bytes} [Tue Jul 14 18:50:05 2026] POST /v2.0/subnets => generated 1323 bytes in 469 msecs (HTTP/1.1 201) 4 headers in 163 bytes (1 switches on core 0) [pid: 7|app: 0|req: 668/1269] 10.0.0.47 () {32 vars in 642 bytes} [Tue Jul 14 18:50:05 2026] GET /v2.0/ports => generated 1523 bytes in 134 msecs (HTTP/1.1 200) 4 headers in 158 bytes (1 switches on core 0)
2026-07-14 18:50:05.680 8 INFO neutron.services.segments.plugin [-] Segment 6d75986d-293f-4dcf-a752-498b04397c1e resource provider aggregate not found
2026-07-14 18:50:05.686 8 INFO neutron.services.segments.plugin [-] Segment 6d75986d-293f-4dcf-a752-498b04397c1e resource provider aggregate not found
