2026-07-14 18:52:12.048 8 INFO neutron.api.v2.resource [None req-db05150a-53ab-4f63-b88f-eca19dd3d39c 65c64068eb614417b49eb3d85b6b598f 2f311d12328745dc99beec54349891fb - - default default] show failed (client error): The resource could not be found. [pid: 8|app: 0|req: 1052/2105] 10.0.0.47 () {32 vars in 744 bytes} [Tue Jul 14 18:52:11 2026] GET /v2.0/networks/b6ebc341-379b-42c8-9ea6-a2f63f52df57/tags/green => generated 99 bytes in 53 msecs (HTTP/1.1 404) 4 headers in 163 bytes (1 switches on core 0) [pid: 7|app: 0|req: 1054/2106] 10.0.0.47 () {32 vars in 677 bytes} [Tue Jul 14 18:52:12 2026] GET /v2.0/ports?not-tags-any=blue => generated 6008 bytes in 109 msecs (HTTP/1.1 200) 4 headers in 158 bytes (1 switches on core 0)
2026-07-14 18:52:12.184 8 INFO neutron_taas.services.taas.taas_plugin [None req-fca505b7-4c19-4a88-96ae-6db2be3f506c fc4ec4c1a7f1443099fc7586aca3786a 17435ac3022d4207b1d78e8ca4528462 - - default default] TaaS: Handle Delete Port: f09c4eeb-002b-4979-8448-b2545e92597e
2026-07-14 18:52:12.187 8 INFO neutron_taas.services.taas.tap_mirror_plugin [None req-fca505b7-4c19-4a88-96ae-6db2be3f506c fc4ec4c1a7f1443099fc7586aca3786a 17435ac3022d4207b1d78e8ca4528462 - - default default] Tap Mirror: Handle Delete Port: f09c4eeb-002b-4979-8448-b2545e92597e
2026-07-14 18:52:12.229 7 INFO neutron.db.segments_db [None req-224dbcad-1bbb-4165-bb04-5be62775e415 4cf4f76707064e328ead9ca21903bf40 47d7ed4cbc594873afff24f237644199 - - default default] Added segment 84191304-d9ac-47ba-a2ab-8102392c7a2f of type geneve for network 93ca865e-0e09-4699-bff5-cbe140f67f98
2026-07-14 18:52:12.339 7 INFO neutron.db.ovn_revision_numbers_db [None req-224dbcad-1bbb-4165-bb04-5be62775e415 4cf4f76707064e328ead9ca21903bf40 47d7ed4cbc594873afff24f237644199 - - default default] Successfully bumped revision number for resource 93ca865e-0e09-4699-bff5-cbe140f67f98 (type: networks) to 1
2026-07-14 18:52:12.379 8 INFO neutron.services.segments.plugin [-] Segment f1883423-c27f-4944-877e-64e5dc295c7d resource provider aggregate not found
2026-07-14 18:52:12.384 8 INFO neutron.services.segments.plugin [-] Segment f1883423-c27f-4944-877e-64e5dc295c7d resource provider aggregate not found
2026-07-14 18:52:12.398 8 INFO neutron.services.segments.plugin [-] Client error retrieving segment f1883423-c27f-4944-877e-64e5dc295c7d resource provider; error: Placement Client Error (4xx): {"errors": [{"status": 404, "title": "Not Found", "detail": "The resource could not be found.\n\n No resource provider with uuid f1883423-c27f-4944-877e-64e5dc295c7d found for delete ", "request_id": "req-7bcd5976-dec0-42cf-af9a-d52627405f1b"}]}
2026-07-14 18:52:12.403 8 INFO neutron.services.segments.plugin [-] Client error retrieving segment f1883423-c27f-4944-877e-64e5dc295c7d resource provider; error: Placement Client Error (4xx): {"errors": [{"status": 404, "title": "Not Found", "detail": "The resource could not be found.\n\n No resource provider with uuid f1883423-c27f-4944-877e-64e5dc295c7d found for delete ", "request_id": "req-e83cad19-13dc-4584-be62-51f9e4444bb4"}]} [pid: 8|app: 0|req: 1053/2107] 10.0.0.47 () {32 vars in 725 bytes} [Tue Jul 14 18:52:12 2026] DELETE /v2.0/networks/f9115da0-3f8b-41a0-9f75-d8ab90f7f583 => generated 0 bytes in 374 msecs (HTTP/1.1 204) 3 headers in 131 bytes (1 switches on core 0) [pid: 8|app: 0|req: 1054/2108] 10.0.0.47 () {32 vars in 743 bytes} [Tue Jul 14 18:52:12 2026] DELETE /v2.0/networks/b6ebc341-379b-42c8-9ea6-a2f63f52df57/tags/red => generated 0 bytes in 56 msecs (HTTP/1.1 204) 2 headers in 112 bytes (1 switches on core 0)
2026-07-14 18:52:12.523 7 WARNING neutron.scheduler.dhcp_agent_scheduler [None req-224dbcad-1bbb-4165-bb04-5be62775e415 4cf4f76707064e328ead9ca21903bf40 47d7ed4cbc594873afff24f237644199 - - default default] No more DHCP agents
2026-07-14 18:52:12.525 7 WARNING neutron.api.rpc.agentnotifiers.dhcp_rpc_agent_api [None req-224dbcad-1bbb-4165-bb04-5be62775e415 4cf4f76707064e328ead9ca21903bf40 47d7ed4cbc594873afff24f237644199 - - default default] Unable to schedule network 93ca865e-0e09-4699-bff5-cbe140f67f98: no agents available; will retry on subsequent port and subnet creation events. [pid: 8|app: 0|req: 1055/2109] 10.0.0.47 () {32 vars in 689 bytes} [Tue Jul 14 18:52:12 2026] GET /v2.0/ports?not-tags-any=red%2Cblue => generated 5268 bytes in 65 msecs (HTTP/1.1 200) 4 headers in 158 bytes (1 switches on core 0)
2026-07-14 18:52:12.583 8 INFO neutron.plugins.ml2.drivers.ovn.mech_driver.mech_driver [None req-4909f975-8938-4e68-88b8-b6235cc9d0bc - - - - - -] OVN reports status down for port: 991be939-1893-4618-aae3-e2e4f2d3b51c
2026-07-14 18:52:12.607 7 INFO neutron.db.ovn_revision_numbers_db [None req-224dbcad-1bbb-4165-bb04-5be62775e415 4cf4f76707064e328ead9ca21903bf40 47d7ed4cbc594873afff24f237644199 - - default default] Successfully bumped revision number for resource 991be939-1893-4618-aae3-e2e4f2d3b51c (type: ports) to 1 [pid: 8|app: 0|req: 1056/2110] 10.0.0.115 () {28 vars in 591 bytes} [Tue Jul 14 18:52:12 2026] GET /v2.0/floatingips => generated 19 bytes in 63 msecs (HTTP/1.1 200) 4 headers in 156 bytes (1 switches on core 0) [pid: 7|app: 0|req: 1055/2111] 10.0.0.47 () {34 vars in 669 bytes} [Tue Jul 14 18:52:12 2026] POST /v2.0/networks => generated 675 bytes in 489 msecs (HTTP/1.1 201) 4 headers in 162 bytes (1 switches on core 0) [pid: 7|app: 0|req: 1056/2112] 10.0.0.47 () {32 vars in 732 bytes} [Tue Jul 14 18:52:12 2026] GET /v2.0/networks/b6ebc341-379b-42c8-9ea6-a2f63f52df57/tags => generated 30 bytes in 44 msecs (HTTP/1.1 200) 4 headers in 156 bytes (1 switches on core 0)
2026-07-14 18:52:12.765 8 INFO neutron_taas.services.taas.taas_plugin [None req-5dfd210a-10f1-416c-9ac7-6c9796526a10 fc4ec4c1a7f1443099fc7586aca3786a 17435ac3022d4207b1d78e8ca4528462 - - default default] TaaS: Handle Delete Port: 7675efb2-3522-4a68-8543-698717d088ec
2026-07-14 18:52:12.767 8 INFO neutron_taas.services.taas.tap_mirror_plugin [None req-5dfd210a-10f1-416c-9ac7-6c9796526a10 fc4ec4c1a7f1443099fc7586aca3786a 17435ac3022d4207b1d78e8ca4528462 - - default default] Tap Mirror: Handle Delete Port: 7675efb2-3522-4a68-8543-698717d088ec
2026-07-14 18:52:12.843 7 INFO neutron_taas.services.taas.taas_plugin [None req-4e358927-8e1d-49d9-9127-d1ace4eec676 2db05e3f09494601a3089a75f660d4cc 6b517a6ac6f44d05802d82c98fec5177 - - default default] TaaS: Handle Delete Port: 8b67f8ff-9f13-40e2-bf10-bad0e9eb94a9
2026-07-14 18:52:12.847 7 INFO neutron_taas.services.taas.tap_mirror_plugin [None req-4e358927-8e1d-49d9-9127-d1ace4eec676 2db05e3f09494601a3089a75f660d4cc 6b517a6ac6f44d05802d82c98fec5177 - - default default] Tap Mirror: Handle Delete Port: 8b67f8ff-9f13-40e2-bf10-bad0e9eb94a9 [pid: 7|app: 0|req: 1057/2113] 10.0.0.47 () {32 vars in 719 bytes} [Tue Jul 14 18:52:12 2026] DELETE /v2.0/ports/8b67f8ff-9f13-40e2-bf10-bad0e9eb94a9 => generated 0 bytes in 327 msecs (HTTP/1.1 204) 3 headers in 131 bytes (1 switches on core 0) [pid: 8|app: 0|req: 1057/2114] 10.0.0.47 () {32 vars in 725 bytes} [Tue Jul 14 18:52:12 2026] DELETE /v2.0/networks/dcd20203-b24f-4cd7-bfb9-d2b38a88c83d => generated 0 bytes in 406 msecs (HTTP/1.1 204) 3 headers in 131 bytes (1 switches on core 0) [pid: 7|app: 0|req: 1058/2115] 10.0.0.115 () {28 vars in 579 bytes} [Tue Jul 14 18:52:13 2026] GET /v2.0/ports => generated 19524 bytes in 60 msecs (HTTP/1.1 200) 4 headers in 159 bytes (1 switches on core 0)
2026-07-14 18:52:13.121 7 INFO neutron.api.v2.resource [None req-04470934-ca07-4c92-829a-60c440e49cae 65c64068eb614417b49eb3d85b6b598f 2f311d12328745dc99beec54349891fb - - default default] delete failed (client error): The resource could not be found. [pid: 7|app: 0|req: 1059/2116] 10.0.0.47 () {32 vars in 747 bytes} [Tue Jul 14 18:52:13 2026] DELETE /v2.0/networks/b6ebc341-379b-42c8-9ea6-a2f63f52df57/tags/green => generated 99 bytes in 59 msecs (HTTP/1.1 404) 4 headers in 163 bytes (1 switches on core 0)
2026-07-14 18:52:13.190 8 WARNING neutron.scheduler.dhcp_agent_scheduler [None req-f2d6028c-af12-4260-8927-7ca678afdacc 4cf4f76707064e328ead9ca21903bf40 47d7ed4cbc594873afff24f237644199 - - default default] No more DHCP agents
2026-07-14 18:52:13.191 8 WARNING neutron.api.rpc.agentnotifiers.dhcp_rpc_agent_api [None req-f2d6028c-af12-4260-8927-7ca678afdacc 4cf4f76707064e328ead9ca21903bf40 47d7ed4cbc594873afff24f237644199 - - default default] Unable to schedule network 93ca865e-0e09-4699-bff5-cbe140f67f98: no agents available; will retry on subsequent port and subnet creation events.
2026-07-14 18:52:13.238 7 INFO neutron_taas.services.taas.taas_plugin [None req-5430fef6-d25c-4f60-a6d6-4466b79cca5d 2db05e3f09494601a3089a75f660d4cc 6b517a6ac6f44d05802d82c98fec5177 - - default default] TaaS: Handle Delete Port: 8a352008-69ab-43ab-bcaa-f7297534dc6d
2026-07-14 18:52:13.241 7 INFO neutron_taas.services.taas.tap_mirror_plugin [None req-5430fef6-d25c-4f60-a6d6-4466b79cca5d 2db05e3f09494601a3089a75f660d4cc 6b517a6ac6f44d05802d82c98fec5177 - - default default] Tap Mirror: Handle Delete Port: 8a352008-69ab-43ab-bcaa-f7297534dc6d [pid: 7|app: 0|req: 1060/2117] 10.0.0.47 () {32 vars in 719 bytes} [Tue Jul 14 18:52:13 2026] DELETE /v2.0/ports/8a352008-69ab-43ab-bcaa-f7297534dc6d => generated 0 bytes in 239 msecs (HTTP/1.1 204) 3 headers in 131 bytes (1 switches on core 0)
2026-07-14 18:52:13.493 7 INFO neutron_taas.services.taas.taas_plugin [None req-0c3f21c4-adc9-4adc-a9d7-31e253d8616f fc4ec4c1a7f1443099fc7586aca3786a 17435ac3022d4207b1d78e8ca4528462 - - default default] TaaS: Handle Delete Port: c0697a3c-788a-4375-b0b2-df9fbfcade19
2026-07-14 18:52:13.497 7 INFO neutron_taas.services.taas.tap_mirror_plugin [None req-0c3f21c4-adc9-4adc-a9d7-31e253d8616f fc4ec4c1a7f1443099fc7586aca3786a 17435ac3022d4207b1d78e8ca4528462 - - default default] Tap Mirror: Handle Delete Port: c0697a3c-788a-4375-b0b2-df9fbfcade19
2026-07-14 18:52:13.671 8 INFO neutron.db.ovn_revision_numbers_db [None req-f2d6028c-af12-4260-8927-7ca678afdacc 4cf4f76707064e328ead9ca21903bf40 47d7ed4cbc594873afff24f237644199 - - default default] Successfully bumped revision number for resource 991be939-1893-4618-aae3-e2e4f2d3b51c (type: ports) to 2
2026-07-14 18:52:13.692 7 INFO neutron.services.segments.plugin [-] Segment 411f104c-c897-4d05-adda-a8b2cdef56f2 resource provider aggregate not found
2026-07-14 18:52:13.699 7 INFO neutron.services.segments.plugin [-] Segment 411f104c-c897-4d05-adda-a8b2cdef56f2 resource provider aggregate not found
2026-07-14 18:52:13.707 8 INFO neutron.db.ovn_revision_numbers_db [None req-f2d6028c-af12-4260-8927-7ca678afdacc 4cf4f76707064e328ead9ca21903bf40 47d7ed4cbc594873afff24f237644199 - - default default] Successfully bumped revision number for resource 89490fe5-7b42-4ec3-bc81-d97ce87a915f (type: subnets) to 0
2026-07-14 18:52:13.713 7 INFO neutron.services.segments.plugin [-] Client error retrieving segment 411f104c-c897-4d05-adda-a8b2cdef56f2 resource provider; error: Placement Client Error (4xx): {"errors": [{"status": 404, "title": "Not Found", "detail": "The resource could not be found.\n\n No resource provider with uuid 411f104c-c897-4d05-adda-a8b2cdef56f2 found for delete ", "request_id": "req-ceec0387-ca18-455a-800c-36342718358b"}]}
2026-07-14 18:52:13.716 7 INFO neutron.services.segments.plugin [-] Client error retrieving segment 411f104c-c897-4d05-adda-a8b2cdef56f2 resource provider; error: Placement Client Error (4xx): {"errors": [{"status": 404, "title": "Not Found", "detail": "The resource could not be found.\n\n No resource provider with uuid 411f104c-c897-4d05-adda-a8b2cdef56f2 found for delete ", "request_id": "req-3cb34079-3c93-42e1-8879-92b17f0c5ac5"}]} [pid: 8|app: 0|req: 1058/2118] 10.0.0.47 () {34 vars in 668 bytes} [Tue Jul 14 18:52:13 2026] POST /v2.0/subnets => generated 655 bytes in 711 msecs (HTTP/1.1 201) 4 headers in 162 bytes (1 switches on core 0) [pid: 7|app: 0|req: 1061/2119] 10.0.0.47 () {32 vars in 725 bytes} [Tue Jul 14 18:52:13 2026] DELETE /v2.0/networks/5e9d6a57-ee09-4a10-a0dd-d59906e12f69 => generated 0 bytes in 378 msecs (HTTP/1.1 204) 3 headers in 131 bytes (1 switches on core 0) [pid: 8|app: 0|req: 1059/2120] 10.0.0.115 () {28 vars in 581 bytes} [Tue Jul 14 18:52:13 2026] GET /v2.0/agents => generated 1214 bytes in 14 msecs (HTTP/1.1 200) 4 headers in 158 bytes (1 switches on core 0) [pid: 7|app: 0|req: 1062/2121] 10.0.0.47 () {32 vars in 735 bytes} [Tue Jul 14 18:52:13 2026] DELETE /v2.0/networks/b6ebc341-379b-42c8-9ea6-a2f63f52df57/tags => generated 0 bytes in 58 msecs (HTTP/1.1 204) 2 headers in 112 bytes (1 switches on core 0)
2026-07-14 18:52:13.846 8 INFO neutron_taas.services.taas.taas_plugin [None req-f4738494-ac43-4e3c-954b-3b9e53e3e07b 2db05e3f09494601a3089a75f660d4cc 6b517a6ac6f44d05802d82c98fec5177 - - default default] TaaS: Handle Delete Port: 2df6120b-7e72-4651-9258-84c473d48ef5
2026-07-14 18:52:13.849 8 INFO neutron_taas.services.taas.tap_mirror_plugin [None req-f4738494-ac43-4e3c-954b-3b9e53e3e07b 2db05e3f09494601a3089a75f660d4cc 6b517a6ac6f44d05802d82c98fec5177 - - default default] Tap Mirror: Handle Delete Port: 2df6120b-7e72-4651-9258-84c473d48ef5 [pid: 8|app: 0|req: 1060/2122] 10.0.0.47 () {32 vars in 719 bytes} [Tue Jul 14 18:52:13 2026] DELETE /v2.0/ports/2df6120b-7e72-4651-9258-84c473d48ef5 => generated 0 bytes in 215 msecs (HTTP/1.1 204) 3 headers in 131 bytes (1 switches on core 0)
2026-07-14 18:52:14.024 7 WARNING neutron.scheduler.dhcp_agent_scheduler [None req-7e62e540-abe9-4b72-bf9e-f57068c8a68d 4cf4f76707064e328ead9ca21903bf40 47d7ed4cbc594873afff24f237644199 - - default default] No more DHCP agents
2026-07-14 18:52:14.027 7 WARNING neutron.api.rpc.agentnotifiers.dhcp_rpc_agent_api [None req-7e62e540-abe9-4b72-bf9e-f57068c8a68d 4cf4f76707064e328ead9ca21903bf40 47d7ed4cbc594873afff24f237644199 - - default default] Unable to schedule network 93ca865e-0e09-4699-bff5-cbe140f67f98: no agents available; will retry on subsequent port and subnet creation events.
2026-07-14 18:52:14.062 7 INFO neutron.db.ovn_revision_numbers_db [None req-7e62e540-abe9-4b72-bf9e-f57068c8a68d 4cf4f76707064e328ead9ca21903bf40 47d7ed4cbc594873afff24f237644199 - - default default] Successfully bumped revision number for resource f0bd9614-cd63-433f-abcd-81d721151395 (type: subnets) to 0 [pid: 7|app: 0|req: 1063/2123] 10.0.0.47 () {34 vars in 668 bytes} [Tue Jul 14 18:52:13 2026] POST /v2.0/subnets => generated 730 bytes in 288 msecs (HTTP/1.1 201) 4 headers in 162 bytes (1 switches on core 0)
2026-07-14 18:52:14.096 8 INFO neutron_taas.services.taas.taas_plugin [None req-99dd291e-f411-425e-bab3-4752954285b4 fc4ec4c1a7f1443099fc7586aca3786a 17435ac3022d4207b1d78e8ca4528462 - - default default] TaaS: Handle Delete Port: e54409ab-bec2-4b9a-9020-684b63ac08f4
2026-07-14 18:52:14.100 8 INFO neutron_taas.services.taas.tap_mirror_plugin [None req-99dd291e-f411-425e-bab3-4752954285b4 fc4ec4c1a7f1443099fc7586aca3786a 17435ac3022d4207b1d78e8ca4528462 - - default default] Tap Mirror: Handle Delete Port: e54409ab-bec2-4b9a-9020-684b63ac08f4 [pid: 7|app: 0|req: 1064/2124] 10.0.0.115 () {28 vars in 599 bytes} [Tue Jul 14 18:52:14 2026] GET /v2.0/security-groups => generated 29017 bytes in 46 msecs (HTTP/1.1 200) 4 headers in 159 bytes (1 switches on core 0) [pid: 7|app: 0|req: 1065/2125] 10.0.0.47 () {32 vars in 732 bytes} [Tue Jul 14 18:52:14 2026] GET /v2.0/networks/b6ebc341-379b-42c8-9ea6-a2f63f52df57/tags => generated 12 bytes in 36 msecs (HTTP/1.1 200) 4 headers in 156 bytes (1 switches on core 0)
2026-07-14 18:52:14.295 7 INFO neutron_taas.services.taas.taas_plugin [None req-27f3ceb4-8bd3-4fda-8b42-bc15742c805a 2db05e3f09494601a3089a75f660d4cc 6b517a6ac6f44d05802d82c98fec5177 - - default default] TaaS: Handle Delete Port: 716a5b47-3453-4691-a1da-6d14a8e9e42d
2026-07-14 18:52:14.298 7 INFO neutron_taas.services.taas.tap_mirror_plugin [None req-27f3ceb4-8bd3-4fda-8b42-bc15742c805a 2db05e3f09494601a3089a75f660d4cc 6b517a6ac6f44d05802d82c98fec5177 - - default default] Tap Mirror: Handle Delete Port: 716a5b47-3453-4691-a1da-6d14a8e9e42d [pid: 8|app: 0|req: 1061/2126] 10.0.0.47 () {32 vars in 725 bytes} [Tue Jul 14 18:52:13 2026] DELETE /v2.0/networks/6a0e8255-8d18-4b21-9472-815314bedf73 => generated 0 bytes in 357 msecs (HTTP/1.1 204) 3 headers in 131 bytes (1 switches on core 0) [pid: 7|app: 0|req: 1066/2127] 10.0.0.47 () {32 vars in 719 bytes} [Tue Jul 14 18:52:14 2026] DELETE /v2.0/ports/716a5b47-3453-4691-a1da-6d14a8e9e42d => generated 0 bytes in 243 msecs (HTTP/1.1 204) 3 headers in 131 bytes (1 switches on core 0)
2026-07-14 18:52:14.426 8 INFO neutron.services.segments.plugin [-] Segment d6078ec8-a3b8-43fc-ac4f-90b7356978f0 resource provider aggregate not found
2026-07-14 18:52:14.440 8 INFO neutron.services.segments.plugin [-] Segment d6078ec8-a3b8-43fc-ac4f-90b7356978f0 resource provider aggregate not found
2026-07-14 18:52:14.454 8 INFO neutron.services.segments.plugin [-] Client error retrieving segment d6078ec8-a3b8-43fc-ac4f-90b7356978f0 resource provider; error: Placement Client Error (4xx): {"errors": [{"status": 404, "title": "Not Found", "detail": "The resource could not be found.\n\n No resource provider with uuid d6078ec8-a3b8-43fc-ac4f-90b7356978f0 found for delete ", "request_id": "req-d7f9c906-0991-4bc1-aabf-47216f8a2d88"}]} [pid: 7|app: 0|req: 1067/2128] 10.0.0.115 () {28 vars in 583 bytes} [Tue Jul 14 18:52:14 2026] GET /v2.0/subnets => generated 5510 bytes in 41 msecs (HTTP/1.1 200) 4 headers in 158 bytes (1 switches on core 0)
2026-07-14 18:52:14.458 8 INFO neutron.services.segments.plugin [-] Client error retrieving segment d6078ec8-a3b8-43fc-ac4f-90b7356978f0 resource provider; error: Placement Client Error (4xx): {"errors": [{"status": 404, "title": "Not Found", "detail": "The resource could not be found.\n\n No resource provider with uuid d6078ec8-a3b8-43fc-ac4f-90b7356978f0 found for delete ", "request_id": "req-0ddfd7e1-1f12-469e-908b-eb02814826e8"}]}
2026-07-14 18:52:14.474 8 INFO neutron.services.segments.plugin [-] Segment 05fa9cf1-b9ef-4008-b1ea-587d424147fb resource provider aggregate not found
2026-07-14 18:52:14.481 8 INFO neutron.services.segments.plugin [-] Segment 05fa9cf1-b9ef-4008-b1ea-587d424147fb resource provider aggregate not found
2026-07-14 18:52:14.493 8 INFO neutron.services.segments.plugin [-] Client error retrieving segment 05fa9cf1-b9ef-4008-b1ea-587d424147fb resource provider; error: Placement Client Error (4xx): {"errors": [{"status": 404, "title": "Not Found", "detail": "The resource could not be found.\n\n No resource provider with uuid 05fa9cf1-b9ef-4008-b1ea-587d424147fb found for delete ", "request_id": "req-021e0d96-6782-47f5-a6fc-866195b23cb5"}]}
2026-07-14 18:52:14.497 8 INFO neutron.services.segments.plugin [-] Client error retrieving segment 05fa9cf1-b9ef-4008-b1ea-587d424147fb resource provider; error: Placement Client Error (4xx): {"errors": [{"status": 404, "title": "Not Found", "detail": "The resource could not be found.\n\n No resource provider with uuid 05fa9cf1-b9ef-4008-b1ea-587d424147fb found for delete ", "request_id": "req-9931e345-a0ae-4249-8564-62b552c30dfd"}]}
2026-07-14 18:52:14.593 7 INFO neutron_taas.services.taas.taas_plugin [None req-720192e7-53dc-4b53-ae78-a2c593940557 65c64068eb614417b49eb3d85b6b598f 2f311d12328745dc99beec54349891fb - - default default] TaaS: Handle Delete Port: d6a7e0a4-3013-461a-8ad3-b6be6f670152
2026-07-14 18:52:14.596 7 INFO neutron_taas.services.taas.tap_mirror_plugin [None req-720192e7-53dc-4b53-ae78-a2c593940557 65c64068eb614417b49eb3d85b6b598f 2f311d12328745dc99beec54349891fb - - default default] Tap Mirror: Handle Delete Port: d6a7e0a4-3013-461a-8ad3-b6be6f670152
2026-07-14 18:52:14.761 8 WARNING neutron.scheduler.dhcp_agent_scheduler [None req-dab5808a-860d-41c9-8ad7-98c54eb9f0a3 4cf4f76707064e328ead9ca21903bf40 47d7ed4cbc594873afff24f237644199 - - default default] No more DHCP agents
2026-07-14 18:52:14.762 8 WARNING neutron.api.rpc.agentnotifiers.dhcp_rpc_agent_api [None req-dab5808a-860d-41c9-8ad7-98c54eb9f0a3 4cf4f76707064e328ead9ca21903bf40 47d7ed4cbc594873afff24f237644199 - - default default] Unable to schedule network 81b198e0-81c4-4ac8-a936-f06fb28cc479: no agents available; will retry on subsequent port and subnet creation events. [pid: 7|app: 0|req: 1068/2129] 10.0.0.47 () {32 vars in 725 bytes} [Tue Jul 14 18:52:14 2026] DELETE /v2.0/networks/b6ebc341-379b-42c8-9ea6-a2f63f52df57 => generated 0 bytes in 346 msecs (HTTP/1.1 204) 3 headers in 131 bytes (1 switches on core 0)
2026-07-14 18:52:14.876 7 INFO neutron.plugins.ml2.drivers.ovn.mech_driver.mech_driver [None req-063f3e83-2927-4aa3-94b5-f1a224b1bbb0 - - - - - -] OVN reports status down for port: dca59eeb-eac2-4d9e-9909-591b93017550
2026-07-14 18:52:14.904 8 INFO neutron.db.ovn_revision_numbers_db [None req-dab5808a-860d-41c9-8ad7-98c54eb9f0a3 4cf4f76707064e328ead9ca21903bf40 47d7ed4cbc594873afff24f237644199 - - default default] Successfully bumped revision number for resource dca59eeb-eac2-4d9e-9909-591b93017550 (type: ports) to 1
2026-07-14 18:52:14.974 7 INFO neutron_taas.services.taas.taas_plugin [None req-53205ce7-66d0-484f-b9ac-a096349bfeda fc4ec4c1a7f1443099fc7586aca3786a 17435ac3022d4207b1d78e8ca4528462 - - default default] TaaS: Handle Delete Port: 6157e48c-4a89-4172-9b21-59e7c475c9a1
2026-07-14 18:52:14.978 7 INFO neutron_taas.services.taas.tap_mirror_plugin [None req-53205ce7-66d0-484f-b9ac-a096349bfeda fc4ec4c1a7f1443099fc7586aca3786a 17435ac3022d4207b1d78e8ca4528462 - - default default] Tap Mirror: Handle Delete Port: 6157e48c-4a89-4172-9b21-59e7c475c9a1 [pid: 7|app: 0|req: 1069/2130] 10.0.0.47 () {32 vars in 725 bytes} [Tue Jul 14 18:52:14 2026] DELETE /v2.0/networks/c73c682f-d874-440a-8166-9d9d7eacb6c5 => generated 0 bytes in 407 msecs (HTTP/1.1 204) 3 headers in 131 bytes (1 switches on core 0)
2026-07-14 18:52:15.317 7 INFO neutron_taas.services.taas.taas_plugin [None req-64e736a7-28e6-4b13-843c-d9accc06fa87 2db05e3f09494601a3089a75f660d4cc 6b517a6ac6f44d05802d82c98fec5177 - - default default] TaaS: Handle Delete Port: 35a26f17-3822-4802-98c2-b40b97fb7771
2026-07-14 18:52:15.321 7 INFO neutron_taas.services.taas.tap_mirror_plugin [None req-64e736a7-28e6-4b13-843c-d9accc06fa87 2db05e3f09494601a3089a75f660d4cc 6b517a6ac6f44d05802d82c98fec5177 - - default default] Tap Mirror: Handle Delete Port: 35a26f17-3822-4802-98c2-b40b97fb7771 [pid: 7|app: 0|req: 1070/2131] 10.0.0.47 () {32 vars in 719 bytes} [Tue Jul 14 18:52:15 2026] DELETE /v2.0/ports/35a26f17-3822-4802-98c2-b40b97fb7771 => generated 0 bytes in 218 msecs (HTTP/1.1 204) 3 headers in 131 bytes (1 switches on core 0)
2026-07-14 18:52:15.449 7 INFO neutron.plugins.ml2.drivers.ovn.mech_driver.mech_driver [None req-063f3e83-2927-4aa3-94b5-f1a224b1bbb0 - - - - - -] OVN reports status up for port: dca59eeb-eac2-4d9e-9909-591b93017550
2026-07-14 18:52:15.484 8 INFO neutron.db.ovn_revision_numbers_db [None req-dab5808a-860d-41c9-8ad7-98c54eb9f0a3 4cf4f76707064e328ead9ca21903bf40 47d7ed4cbc594873afff24f237644199 - - default default] Successfully bumped revision number for resource dca59eeb-eac2-4d9e-9909-591b93017550 (type: router_ports) to 1
2026-07-14 18:52:15.501 7 INFO neutron.plugins.ml2.plugin [None req-063f3e83-2927-4aa3-94b5-f1a224b1bbb0 - - - - - -] Attempt 1 to provision port dca59eeb-eac2-4d9e-9909-591b93017550
2026-07-14 18:52:15.539 8 INFO neutron.db.ovn_revision_numbers_db [None req-dab5808a-860d-41c9-8ad7-98c54eb9f0a3 4cf4f76707064e328ead9ca21903bf40 47d7ed4cbc594873afff24f237644199 - - default default] Successfully bumped revision number for resource 8c6c6532-e36d-4b75-91d6-66177f8892b8 (type: routers) to 2
2026-07-14 18:52:15.548 7 INFO neutron.plugins.ml2.drivers.ovn.mech_driver.ovsdb.ovsdb_monitor [None req-c12dd0dd-0763-4c52-b88e-ecbd832cebd8 - - - - - -] Router 8c6c6532-e36d-4b75-91d6-66177f8892b8 is bound to host instance [pid: 8|app: 0|req: 1062/2132] 10.0.0.47 () {34 vars in 668 bytes} [Tue Jul 14 18:52:14 2026] POST /v2.0/routers => generated 966 bytes in 1236 msecs (HTTP/1.1 201) 4 headers in 162 bytes (1 switches on core 0) [pid: 7|app: 0|req: 1071/2133] 10.0.0.115 () {28 vars in 583 bytes} [Tue Jul 14 18:52:15 2026] GET /v2.0/routers => generated 987 bytes in 172 msecs (HTTP/1.1 200) 4 headers in 157 bytes (1 switches on core 0)
2026-07-14 18:52:15.750 7 INFO neutron.services.segments.plugin [-] Segment e3d20e9f-6c60-40d0-a6e3-94a7ad106993 resource provider aggregate not found
2026-07-14 18:52:15.755 7 INFO neutron.services.segments.plugin [-] Segment e3d20e9f-6c60-40d0-a6e3-94a7ad106993 resource provider aggregate not found
2026-07-14 18:52:15.762 8 WARNING neutron.db.securitygroups_db [None req-bf5daabd-907c-44c1-9f27-c2ca44ff268c caee15f605894228b0d2a2d2adf2c41e eee9f0c15dac461d8b393394731233e9 - - default default] project_id key not found in filters, using tenant_id instead. This support has been deprecated and will be removed in a future release.
2026-07-14 18:52:15.781 7 INFO neutron.services.segments.plugin [-] Client error retrieving segment e3d20e9f-6c60-40d0-a6e3-94a7ad106993 resource provider; error: Placement Client Error (4xx): {"errors": [{"status": 404, "title": "Not Found", "detail": "The resource could not be found.\n\n No resource provider with uuid e3d20e9f-6c60-40d0-a6e3-94a7ad106993 found for delete ", "request_id": "req-423d270f-ba8e-4aef-ba5f-c09a5bcfbdaf"}]}
2026-07-14 18:52:15.785 7 INFO neutron.services.segments.plugin [-] Client error retrieving segment e3d20e9f-6c60-40d0-a6e3-94a7ad106993 resource provider; error: Placement Client Error (4xx): {"errors": [{"status": 404, "title": "Not Found", "detail": "The resource could not be found.\n\n No resource provider with uuid e3d20e9f-6c60-40d0-a6e3-94a7ad106993 found for delete ", "request_id": "req-03fe9a78-728b-44f5-b45b-aefe7ca68179"}]}
2026-07-14 18:52:15.807 7 INFO neutron.services.segments.plugin [-] Segment ff0c0d97-0dcb-423f-bed2-b2b44a3db5ac resource provider aggregate not found
2026-07-14 18:52:15.816 7 INFO neutron.services.segments.plugin [-] Segment ff0c0d97-0dcb-423f-bed2-b2b44a3db5ac resource provider aggregate not found
2026-07-14 18:52:15.833 7 INFO neutron.services.segments.plugin [-] Client error retrieving segment ff0c0d97-0dcb-423f-bed2-b2b44a3db5ac resource provider; error: Placement Client Error (4xx): {"errors": [{"status": 404, "title": "Not Found", "detail": "The resource could not be found.\n\n No resource provider with uuid ff0c0d97-0dcb-423f-bed2-b2b44a3db5ac found for delete ", "request_id": "req-d0495b78-467e-450b-9cdf-a588d5312900"}]}
2026-07-14 18:52:15.838 7 INFO neutron.services.segments.plugin [-] Client error retrieving segment ff0c0d97-0dcb-423f-bed2-b2b44a3db5ac resource provider; error: Placement Client Error (4xx): {"errors": [{"status": 404, "title": "Not Found", "detail": "The resource could not be found.\n\n No resource provider with uuid ff0c0d97-0dcb-423f-bed2-b2b44a3db5ac found for delete ", "request_id": "req-701f962e-a3e3-423d-88bb-612a993e0930"}]}
2026-07-14 18:52:15.913 8 INFO neutron.db.ovn_revision_numbers_db [None req-bf5daabd-907c-44c1-9f27-c2ca44ff268c caee15f605894228b0d2a2d2adf2c41e eee9f0c15dac461d8b393394731233e9 - - default default] Successfully bumped revision number for resource 1675b823-2736-4ef5-8e9b-634eabc664b4 (type: security_groups) to 1
2026-07-14 18:52:15.932 8 INFO neutron.db.ovn_revision_numbers_db [None req-bf5daabd-907c-44c1-9f27-c2ca44ff268c caee15f605894228b0d2a2d2adf2c41e eee9f0c15dac461d8b393394731233e9 - - default default] Successfully bumped revision number for resource 79629ae2-a562-4154-a79b-33fd60b9aeea (type: security_group_rules) to 0
2026-07-14 18:52:15.946 7 INFO neutron_taas.services.taas.taas_plugin [None req-6c8c2b10-f3cb-4cf4-ad55-a2f9c9387f58 2db05e3f09494601a3089a75f660d4cc 6b517a6ac6f44d05802d82c98fec5177 - - default default] TaaS: Handle Delete Port: c10f7d3a-d3b7-417d-a9cc-2f55049ef135
2026-07-14 18:52:15.947 8 INFO neutron.db.ovn_revision_numbers_db [None req-bf5daabd-907c-44c1-9f27-c2ca44ff268c caee15f605894228b0d2a2d2adf2c41e eee9f0c15dac461d8b393394731233e9 - - default default] Successfully bumped revision number for resource 9dcbecc9-99f3-4aaf-8e33-ab9c7843d4ce (type: security_group_rules) to 0
2026-07-14 18:52:15.951 7 INFO neutron_taas.services.taas.tap_mirror_plugin [None req-6c8c2b10-f3cb-4cf4-ad55-a2f9c9387f58 2db05e3f09494601a3089a75f660d4cc 6b517a6ac6f44d05802d82c98fec5177 - - default default] Tap Mirror: Handle Delete Port: c10f7d3a-d3b7-417d-a9cc-2f55049ef135
2026-07-14 18:52:15.958 8 INFO neutron.db.ovn_revision_numbers_db [None req-bf5daabd-907c-44c1-9f27-c2ca44ff268c caee15f605894228b0d2a2d2adf2c41e eee9f0c15dac461d8b393394731233e9 - - default default] Successfully bumped revision number for resource a59bf065-9795-4c3e-9cd7-c360d9d6f3bd (type: security_group_rules) to 0
2026-07-14 18:52:15.970 8 INFO neutron.db.ovn_revision_numbers_db [None req-bf5daabd-907c-44c1-9f27-c2ca44ff268c caee15f605894228b0d2a2d2adf2c41e eee9f0c15dac461d8b393394731233e9 - - default default] Successfully bumped revision number for resource f1141e2e-305a-4e93-92cb-dfa81d6fe2c3 (type: security_group_rules) to 0 [pid: 8|app: 0|req: 1063/2134] 10.0.0.47 () {32 vars in 773 bytes} [Tue Jul 14 18:52:15 2026] GET /v2.0/security-groups?tenant_id=265b1d1222aa411f9263134324afe395&name=default => generated 2925 bytes in 467 msecs (HTTP/1.1 200) 4 headers in 158 bytes (1 switches on core 0) [pid: 7|app: 0|req: 1072/2135] 10.0.0.47 () {32 vars in 725 bytes} [Tue Jul 14 18:52:15 2026] DELETE /v2.0/networks/be96bfae-d585-4787-9d65-e96af2f99fc9 => generated 0 bytes in 743 msecs (HTTP/1.1 204) 3 headers in 131 bytes (1 switches on core 0) [pid: 7|app: 0|req: 1073/2136] 10.0.0.115 () {28 vars in 624 bytes} [Tue Jul 14 18:52:16 2026] GET /v2.0/agents?binary=ovn-controller => generated 416 bytes in 34 msecs (HTTP/1.1 200) 4 headers in 157 bytes (1 switches on core 0)
2026-07-14 18:52:16.475 8 WARNING neutron.scheduler.dhcp_agent_scheduler [None req-917e999e-6529-426b-a0b0-a6247293e81a 4cf4f76707064e328ead9ca21903bf40 47d7ed4cbc594873afff24f237644199 - - default default] No more DHCP agents
2026-07-14 18:52:16.477 8 WARNING neutron.api.rpc.agentnotifiers.dhcp_rpc_agent_api [None req-917e999e-6529-426b-a0b0-a6247293e81a 4cf4f76707064e328ead9ca21903bf40 47d7ed4cbc594873afff24f237644199 - - default default] Unable to schedule network be3be85f-f96c-4028-82d6-de5dded89683: no agents available; will retry on subsequent port and subnet creation events.
2026-07-14 18:52:16.608 8 INFO neutron.db.ovn_revision_numbers_db [None req-917e999e-6529-426b-a0b0-a6247293e81a 4cf4f76707064e328ead9ca21903bf40 47d7ed4cbc594873afff24f237644199 - - default default] Successfully bumped revision number for resource cad967ac-913d-4725-9cc3-6a33640ce284 (type: ports) to 1 [pid: 7|app: 0|req: 1074/2137] 10.0.0.47 () {32 vars in 739 bytes} [Tue Jul 14 18:52:16 2026] DELETE /v2.0/security-groups/1675b823-2736-4ef5-8e9b-634eabc664b4 => generated 0 bytes in 331 msecs (HTTP/1.1 204) 2 headers in 112 bytes (1 switches on core 0)
2026-07-14 18:52:16.969 7 INFO neutron.db.ovn_revision_numbers_db [None req-ce5284ce-44f9-4d13-8e4e-62a2bc126f8f - - - - - -] Successfully bumped revision number for resource dca59eeb-eac2-4d9e-9909-591b93017550 (type: ports) to 4
2026-07-14 18:52:16.973 7 WARNING neutron.db.securitygroups_db [None req-09cff28a-9931-4ca5-aef3-495f88d3867c caee15f605894228b0d2a2d2adf2c41e eee9f0c15dac461d8b393394731233e9 - - default default] project_id key not found in filters, using tenant_id instead. This support has been deprecated and will be removed in a future release.
2026-07-14 18:52:17.217 7 INFO neutron.db.ovn_revision_numbers_db [None req-09cff28a-9931-4ca5-aef3-495f88d3867c caee15f605894228b0d2a2d2adf2c41e eee9f0c15dac461d8b393394731233e9 - - default default] Successfully bumped revision number for resource 45ce9ba3-d658-4f93-b244-fadfb294ec44 (type: security_groups) to 1
2026-07-14 18:52:17.236 7 INFO neutron.db.ovn_revision_numbers_db [None req-09cff28a-9931-4ca5-aef3-495f88d3867c caee15f605894228b0d2a2d2adf2c41e eee9f0c15dac461d8b393394731233e9 - - default default] Successfully bumped revision number for resource 0ace3186-d8fb-4d45-9007-95b7de8384cc (type: security_group_rules) to 0
2026-07-14 18:52:17.256 7 INFO neutron.db.ovn_revision_numbers_db [None req-09cff28a-9931-4ca5-aef3-495f88d3867c caee15f605894228b0d2a2d2adf2c41e eee9f0c15dac461d8b393394731233e9 - - default default] Successfully bumped revision number for resource 5b5c7f50-27d0-48a3-a5b1-9354c8d0e6dc (type: security_group_rules) to 0
2026-07-14 18:52:17.266 8 WARNING neutron.scheduler.dhcp_agent_scheduler [None req-917e999e-6529-426b-a0b0-a6247293e81a 4cf4f76707064e328ead9ca21903bf40 47d7ed4cbc594873afff24f237644199 - - default default] No more DHCP agents
2026-07-14 18:52:17.268 8 WARNING neutron.api.rpc.agentnotifiers.dhcp_rpc_agent_api [None req-917e999e-6529-426b-a0b0-a6247293e81a 4cf4f76707064e328ead9ca21903bf40 47d7ed4cbc594873afff24f237644199 - - default default] Unable to schedule network be3be85f-f96c-4028-82d6-de5dded89683: no agents available; will retry on subsequent port and subnet creation events.
2026-07-14 18:52:17.278 7 INFO neutron.db.ovn_revision_numbers_db [None req-09cff28a-9931-4ca5-aef3-495f88d3867c caee15f605894228b0d2a2d2adf2c41e eee9f0c15dac461d8b393394731233e9 - - default default] Successfully bumped revision number for resource 65ddb7ec-affb-4612-b9be-197188b291bd (type: security_group_rules) to 0
2026-07-14 18:52:17.303 7 INFO neutron.db.ovn_revision_numbers_db [None req-09cff28a-9931-4ca5-aef3-495f88d3867c caee15f605894228b0d2a2d2adf2c41e eee9f0c15dac461d8b393394731233e9 - - default default] Successfully bumped revision number for resource 97d9e480-783a-4128-b577-3933fa809734 (type: security_group_rules) to 0 [pid: 7|app: 0|req: 1075/2138] 10.0.0.47 () {32 vars in 773 bytes} [Tue Jul 14 18:52:16 2026] GET /v2.0/security-groups?tenant_id=43c0c9968d224e058ba57e431bcc220c&name=default => generated 2925 bytes in 668 msecs (HTTP/1.1 200) 4 headers in 158 bytes (1 switches on core 0)
2026-07-14 18:52:17.503 8 INFO neutron.db.ovn_revision_numbers_db [None req-917e999e-6529-426b-a0b0-a6247293e81a 4cf4f76707064e328ead9ca21903bf40 47d7ed4cbc594873afff24f237644199 - - default default] Successfully bumped revision number for resource cad967ac-913d-4725-9cc3-6a33640ce284 (type: router_ports) to 1 [pid: 8|app: 0|req: 1064/2139] 10.0.0.47 () {34 vars in 782 bytes} [Tue Jul 14 18:52:16 2026] PUT /v2.0/routers/8c6c6532-e36d-4b75-91d6-66177f8892b8/add_router_interface => generated 310 bytes in 1487 msecs (HTTP/1.1 200) 4 headers in 157 bytes (1 switches on core 0)
2026-07-14 18:52:17.656 7 INFO neutron_taas.services.taas.taas_plugin [None req-ef366baa-f357-49ef-9f13-19b08fb8ca36 2db05e3f09494601a3089a75f660d4cc 6b517a6ac6f44d05802d82c98fec5177 - - default default] TaaS: Handle Delete Port: 8089c6d0-030d-4abc-a644-cde34c2e4301
2026-07-14 18:52:17.662 7 INFO neutron_taas.services.taas.tap_mirror_plugin [None req-ef366baa-f357-49ef-9f13-19b08fb8ca36 2db05e3f09494601a3089a75f660d4cc 6b517a6ac6f44d05802d82c98fec5177 - - default default] Tap Mirror: Handle Delete Port: 8089c6d0-030d-4abc-a644-cde34c2e4301
2026-07-14 18:52:17.684 7 INFO neutron.db.ovn_revision_numbers_db [None req-ce5284ce-44f9-4d13-8e4e-62a2bc126f8f - - - - - -] Successfully bumped revision number for resource dca59eeb-eac2-4d9e-9909-591b93017550 (type: ports) to 5
2026-07-14 18:52:17.857 7 INFO neutron.services.segments.plugin [-] Segment 8bd39573-018c-4c32-8472-eb643c37b101 resource provider aggregate not found
2026-07-14 18:52:17.864 7 INFO neutron.services.segments.plugin [-] Segment 8bd39573-018c-4c32-8472-eb643c37b101 resource provider aggregate not found
2026-07-14 18:52:17.875 7 INFO neutron.services.segments.plugin [-] Client error retrieving segment 8bd39573-018c-4c32-8472-eb643c37b101 resource provider; error: Placement Client Error (4xx): {"errors": [{"status": 404, "title": "Not Found", "detail": "The resource could not be found.\n\n No resource provider with uuid 8bd39573-018c-4c32-8472-eb643c37b101 found for delete ", "request_id": "req-4fae7d4d-0449-4478-bf52-efba4def84b2"}]}
2026-07-14 18:52:17.887 7 INFO neutron.services.segments.plugin [-] Client error retrieving segment 8bd39573-018c-4c32-8472-eb643c37b101 resource provider; error: Placement Client Error (4xx): {"errors": [{"status": 404, "title": "Not Found", "detail": "The resource could not be found.\n\n No resource provider with uuid 8bd39573-018c-4c32-8472-eb643c37b101 found for delete ", "request_id": "req-fc5bd8bc-d93a-4dd9-9bc5-a2be0068cf4a"}]} [pid: 7|app: 0|req: 1076/2140] 10.0.0.47 () {32 vars in 725 bytes} [Tue Jul 14 18:52:17 2026] DELETE /v2.0/networks/63eb1f8a-06f2-44ea-92ef-e568265d1158 => generated 0 bytes in 583 msecs (HTTP/1.1 204) 3 headers in 131 bytes (1 switches on core 0)
2026-07-14 18:52:17.971 7 WARNING neutron.db.securitygroups_db [None req-79e3043e-ac10-40ed-b98d-70cd69cd9c75 caee15f605894228b0d2a2d2adf2c41e eee9f0c15dac461d8b393394731233e9 - - default default] project_id key not found in filters, using tenant_id instead. This support has been deprecated and will be removed in a future release. [pid: 7|app: 0|req: 1077/2141] 10.0.0.47 () {32 vars in 773 bytes} [Tue Jul 14 18:52:17 2026] GET /v2.0/security-groups?tenant_id=2f311d12328745dc99beec54349891fb&name=default => generated 2925 bytes in 37 msecs (HTTP/1.1 200) 4 headers in 158 bytes (1 switches on core 0) [pid: 8|app: 0|req: 1065/2142] 10.0.0.115 () {28 vars in 585 bytes} [Tue Jul 14 18:52:17 2026] GET /v2.0/networks => generated 7742 bytes in 554 msecs (HTTP/1.1 200) 4 headers in 158 bytes (1 switches on core 0) [pid: 7|app: 0|req: 1078/2143] 10.0.0.47 () {32 vars in 739 bytes} [Tue Jul 14 18:52:18 2026] DELETE /v2.0/security-groups/45ce9ba3-d658-4f93-b244-fadfb294ec44 => generated 0 bytes in 190 msecs (HTTP/1.1 204) 2 headers in 112 bytes (1 switches on core 0)
2026-07-14 18:52:18.311 7 INFO neutron_taas.services.taas.taas_plugin [None req-bed0f70f-f612-4ae5-b2d2-9b7415c49870 2db05e3f09494601a3089a75f660d4cc 6b517a6ac6f44d05802d82c98fec5177 - - default default] TaaS: Handle Delete Port: b93ac066-3b0b-4b9b-83af-e861efc34bbb
2026-07-14 18:52:18.315 7 INFO neutron_taas.services.taas.tap_mirror_plugin [None req-bed0f70f-f612-4ae5-b2d2-9b7415c49870 2db05e3f09494601a3089a75f660d4cc 6b517a6ac6f44d05802d82c98fec5177 - - default default] Tap Mirror: Handle Delete Port: b93ac066-3b0b-4b9b-83af-e861efc34bbb [pid: 7|app: 0|req: 1079/2144] 10.0.0.47 () {32 vars in 725 bytes} [Tue Jul 14 18:52:18 2026] DELETE /v2.0/networks/94a35c4c-4a10-44d6-b18f-510fa4780080 => generated 0 bytes in 326 msecs (HTTP/1.1 204) 3 headers in 131 bytes (1 switches on core 0)
2026-07-14 18:52:18.626 8 WARNING neutron.scheduler.dhcp_agent_scheduler [None req-8345b850-d7f6-4485-88ca-1c7684e007d5 4cf4f76707064e328ead9ca21903bf40 47d7ed4cbc594873afff24f237644199 - - default default] No more DHCP agents
2026-07-14 18:52:18.627 8 WARNING neutron.api.rpc.agentnotifiers.dhcp_rpc_agent_api [None req-8345b850-d7f6-4485-88ca-1c7684e007d5 4cf4f76707064e328ead9ca21903bf40 47d7ed4cbc594873afff24f237644199 - - default default] Unable to schedule network acda4d92-2821-4e6e-b975-b981a0ddbbbc: no agents available; will retry on subsequent port and subnet creation events.
2026-07-14 18:52:18.637 7 INFO neutron.plugins.ml2.drivers.ovn.mech_driver.mech_driver [None req-063f3e83-2927-4aa3-94b5-f1a224b1bbb0 - - - - - -] OVN reports status down for port: cad967ac-913d-4725-9cc3-6a33640ce284
2026-07-14 18:52:18.758 7 WARNING neutron.plugins.ml2.drivers.ovn.mech_driver.ovsdb.ovn_client [None req-063f3e83-2927-4aa3-94b5-f1a224b1bbb0 - - - - - -] Logical_Switch_Port cad967ac-913d-4725-9cc3-6a33640ce284 host information not removed, the port state is up
2026-07-14 18:52:18.759 7 INFO neutron.plugins.ml2.drivers.ovn.mech_driver.mech_driver [None req-063f3e83-2927-4aa3-94b5-f1a224b1bbb0 - - - - - -] OVN reports status up for port: cad967ac-913d-4725-9cc3-6a33640ce284
2026-07-14 18:52:18.766 8 INFO neutron.db.ovn_revision_numbers_db [None req-8345b850-d7f6-4485-88ca-1c7684e007d5 4cf4f76707064e328ead9ca21903bf40 47d7ed4cbc594873afff24f237644199 - - default default] Successfully bumped revision number for resource b57e92a8-980c-43ec-b90b-01577eca11fe (type: ports) to 1
2026-07-14 18:52:18.772 7 INFO neutron.plugins.ml2.plugin [None req-063f3e83-2927-4aa3-94b5-f1a224b1bbb0 - - - - - -] Attempt 1 to provision port cad967ac-913d-4725-9cc3-6a33640ce284 [pid: 7|app: 0|req: 1080/2145] 10.0.0.47 () {32 vars in 739 bytes} [Tue Jul 14 18:52:18 2026] DELETE /v2.0/security-groups/02335c5f-14e8-4d09-80e3-685df9d5e03c => generated 0 bytes in 284 msecs (HTTP/1.1 204) 2 headers in 112 bytes (1 switches on core 0) [pid: 7|app: 0|req: 1081/2146] 10.0.0.115 () {28 vars in 619 bytes} [Tue Jul 14 18:52:18 2026] GET /v2.0/network-ip-availabilities => generated 6363 bytes in 36 msecs (HTTP/1.1 200) 4 headers in 158 bytes (1 switches on core 0)
2026-07-14 18:52:18.848 7 WARNING neutron.db.securitygroups_db [None req-004fc3c7-82d8-496b-a5c6-eda5e5a8be07 caee15f605894228b0d2a2d2adf2c41e eee9f0c15dac461d8b393394731233e9 - - default default] project_id key not found in filters, using tenant_id instead. This support has been deprecated and will be removed in a future release.
2026-07-14 18:52:19.090 7 INFO neutron.db.ovn_revision_numbers_db [None req-004fc3c7-82d8-496b-a5c6-eda5e5a8be07 caee15f605894228b0d2a2d2adf2c41e eee9f0c15dac461d8b393394731233e9 - - default default] Successfully bumped revision number for resource 5ad7c8b3-dca9-40b6-964a-7ca59bb10300 (type: security_groups) to 1
2026-07-14 18:52:19.109 7 INFO neutron.db.ovn_revision_numbers_db [None req-004fc3c7-82d8-496b-a5c6-eda5e5a8be07 caee15f605894228b0d2a2d2adf2c41e eee9f0c15dac461d8b393394731233e9 - - default default] Successfully bumped revision number for resource 6fcbf910-f76d-42a7-809d-3b7af2753fd8 (type: security_group_rules) to 0
2026-07-14 18:52:19.137 7 INFO neutron.db.ovn_revision_numbers_db [None req-004fc3c7-82d8-496b-a5c6-eda5e5a8be07 caee15f605894228b0d2a2d2adf2c41e eee9f0c15dac461d8b393394731233e9 - - default default] Successfully bumped revision number for resource 786e9fc6-fd89-4836-92b2-0602138ebcdd (type: security_group_rules) to 0
2026-07-14 18:52:19.160 7 INFO neutron.db.ovn_revision_numbers_db [None req-004fc3c7-82d8-496b-a5c6-eda5e5a8be07 caee15f605894228b0d2a2d2adf2c41e eee9f0c15dac461d8b393394731233e9 - - default default] Successfully bumped revision number for resource d6bb7dce-810d-4f0e-8a72-240ad0ac7371 (type: security_group_rules) to 0
2026-07-14 18:52:19.183 7 INFO neutron.db.ovn_revision_numbers_db [None req-004fc3c7-82d8-496b-a5c6-eda5e5a8be07 caee15f605894228b0d2a2d2adf2c41e eee9f0c15dac461d8b393394731233e9 - - default default] Successfully bumped revision number for resource ea4307b6-629f-4a85-8ab9-edddb78a58f5 (type: security_group_rules) to 0 [pid: 7|app: 0|req: 1082/2147] 10.0.0.47 () {32 vars in 773 bytes} [Tue Jul 14 18:52:18 2026] GET /v2.0/security-groups?tenant_id=498143dde8a348b582b860e3c185a368&name=default => generated 2925 bytes in 395 msecs (HTTP/1.1 200) 4 headers in 158 bytes (1 switches on core 0)
2026-07-14 18:52:19.506 7 INFO neutron_taas.services.taas.taas_plugin [None req-27add2b8-102f-4c23-9ed9-51a55de34060 2db05e3f09494601a3089a75f660d4cc 6b517a6ac6f44d05802d82c98fec5177 - - default default] TaaS: Handle Delete Port: 5f5d08e3-29b0-4ebc-af5a-d05d081abe0b
2026-07-14 18:52:19.512 7 INFO neutron_taas.services.taas.tap_mirror_plugin [None req-27add2b8-102f-4c23-9ed9-51a55de34060 2db05e3f09494601a3089a75f660d4cc 6b517a6ac6f44d05802d82c98fec5177 - - default default] Tap Mirror: Handle Delete Port: 5f5d08e3-29b0-4ebc-af5a-d05d081abe0b
2026-07-14 18:52:19.544 7 INFO neutron.db.ovn_revision_numbers_db [None req-063f3e83-2927-4aa3-94b5-f1a224b1bbb0 - - - - - -] Successfully bumped revision number for resource cad967ac-913d-4725-9cc3-6a33640ce284 (type: ports) to 2
2026-07-14 18:52:19.642 8 WARNING neutron.scheduler.dhcp_agent_scheduler [None req-8345b850-d7f6-4485-88ca-1c7684e007d5 4cf4f76707064e328ead9ca21903bf40 47d7ed4cbc594873afff24f237644199 - - default default] No more DHCP agents
2026-07-14 18:52:19.643 8 WARNING neutron.api.rpc.agentnotifiers.dhcp_rpc_agent_api [None req-8345b850-d7f6-4485-88ca-1c7684e007d5 4cf4f76707064e328ead9ca21903bf40 47d7ed4cbc594873afff24f237644199 - - default default] Unable to schedule network acda4d92-2821-4e6e-b975-b981a0ddbbbc: no agents available; will retry on subsequent port and subnet creation events. [pid: 7|app: 0|req: 1083/2148] 10.0.0.47 () {32 vars in 725 bytes} [Tue Jul 14 18:52:19 2026] DELETE /v2.0/networks/144a71a7-1afa-42fd-b67e-991b4d868744 => generated 0 bytes in 619 msecs (HTTP/1.1 204) 3 headers in 131 bytes (1 switches on core 0)
2026-07-14 18:52:19.897 7 INFO neutron.services.segments.plugin [-] Segment 342be1cb-f6d5-4455-8323-3f467da83486 resource provider aggregate not found
2026-07-14 18:52:19.911 7 INFO neutron.services.segments.plugin [-] Segment 342be1cb-f6d5-4455-8323-3f467da83486 resource provider aggregate not found [pid: 7|app: 0|req: 1084/2149] 10.0.0.115 () {28 vars in 583 bytes} [Tue Jul 14 18:52:19 2026] GET /v2.0/subnets => generated 5510 bytes in 65 msecs (HTTP/1.1 200) 4 headers in 158 bytes (1 switches on core 0)
2026-07-14 18:52:19.932 7 INFO neutron.services.segments.plugin [-] Client error retrieving segment 342be1cb-f6d5-4455-8323-3f467da83486 resource provider; error: Placement Client Error (4xx): {"errors": [{"status": 404, "title": "Not Found", "detail": "The resource could not be found.\n\n No resource provider with uuid 342be1cb-f6d5-4455-8323-3f467da83486 found for delete ", "request_id": "req-8f6880d9-8ae4-4e44-86a1-9c614aada490"}]}
2026-07-14 18:52:19.964 7 INFO neutron.services.segments.plugin [-] Client error retrieving segment 342be1cb-f6d5-4455-8323-3f467da83486 resource provider; error: Placement Client Error (4xx): {"errors": [{"status": 404, "title": "Not Found", "detail": "The resource could not be found.\n\n No resource provider with uuid 342be1cb-f6d5-4455-8323-3f467da83486 found for delete ", "request_id": "req-82e0e27d-bdde-47e9-8c25-9dd4bfd72d8b"}]}
2026-07-14 18:52:19.972 7 INFO neutron.services.segments.plugin [-] Segment 85aa7587-6a6f-4ea2-ac27-1e6d878fb470 resource provider aggregate not found
2026-07-14 18:52:19.995 7 INFO neutron.services.segments.plugin [-] Client error retrieving segment 85aa7587-6a6f-4ea2-ac27-1e6d878fb470 resource provider; error: Placement Client Error (4xx): {"errors": [{"status": 404, "title": "Not Found", "detail": "The resource could not be found.\n\n No resource provider with uuid 85aa7587-6a6f-4ea2-ac27-1e6d878fb470 found for delete ", "request_id": "req-def738bd-be5e-4687-b293-eb039fd76320"}]}
2026-07-14 18:52:19.996 8 INFO neutron.db.ovn_revision_numbers_db [None req-8345b850-d7f6-4485-88ca-1c7684e007d5 4cf4f76707064e328ead9ca21903bf40 47d7ed4cbc594873afff24f237644199 - - default default] Successfully bumped revision number for resource b57e92a8-980c-43ec-b90b-01577eca11fe (type: router_ports) to 1
2026-07-14 18:52:20.001 7 INFO neutron.services.segments.plugin [-] Segment 85aa7587-6a6f-4ea2-ac27-1e6d878fb470 resource provider aggregate not found [pid: 8|app: 0|req: 1066/2150] 10.0.0.47 () {34 vars in 782 bytes} [Tue Jul 14 18:52:18 2026] PUT /v2.0/routers/8c6c6532-e36d-4b75-91d6-66177f8892b8/add_router_interface => generated 310 bytes in 1945 msecs (HTTP/1.1 200) 4 headers in 157 bytes (1 switches on core 0)
2026-07-14 18:52:20.022 7 INFO neutron.services.segments.plugin [-] Segment b9227f6d-5742-48f6-8b2e-249d32b75c03 resource provider aggregate not found
2026-07-14 18:52:20.029 7 INFO neutron.services.segments.plugin [-] Client error retrieving segment 85aa7587-6a6f-4ea2-ac27-1e6d878fb470 resource provider; error: Placement Client Error (4xx): {"errors": [{"status": 404, "title": "Not Found", "detail": "The resource could not be found.\n\n No resource provider with uuid 85aa7587-6a6f-4ea2-ac27-1e6d878fb470 found for delete ", "request_id": "req-9038c60a-29aa-49b6-86a0-5a515a4c1816"}]}
2026-07-14 18:52:20.032 8 INFO neutron.common.ovn.utils [None req-4909f975-8938-4e68-88b8-b6235cc9d0bc - - - - - -] HA Chassis Group neutron-acda4d92-2821-4e6e-b975-b981a0ddbbbc synchronized; highest priority chassis d7d1e86f-0641-4478-9f26-de435f8ceff9
2026-07-14 18:52:20.060 7 INFO neutron.services.segments.plugin [-] Segment b9227f6d-5742-48f6-8b2e-249d32b75c03 resource provider aggregate not found
2026-07-14 18:52:20.066 7 INFO neutron.services.segments.plugin [-] Client error retrieving segment b9227f6d-5742-48f6-8b2e-249d32b75c03 resource provider; error: Placement Client Error (4xx): {"errors": [{"status": 404, "title": "Not Found", "detail": "The resource could not be found.\n\n No resource provider with uuid b9227f6d-5742-48f6-8b2e-249d32b75c03 found for delete ", "request_id": "req-39b77d65-b7b7-4f18-8c0d-830f1fd759be"}]}
2026-07-14 18:52:20.082 7 INFO neutron.services.segments.plugin [-] Client error retrieving segment b9227f6d-5742-48f6-8b2e-249d32b75c03 resource provider; error: Placement Client Error (4xx): {"errors": [{"status": 404, "title": "Not Found", "detail": "The resource could not be found.\n\n No resource provider with uuid b9227f6d-5742-48f6-8b2e-249d32b75c03 found for delete ", "request_id": "req-5c18a4fe-13ef-4120-a72c-46b1c5288297"}]}
2026-07-14 18:52:20.186 8 INFO neutron_taas.services.taas.taas_plugin [None req-64074b82-5756-470d-b821-bef716d72618 2db05e3f09494601a3089a75f660d4cc 6b517a6ac6f44d05802d82c98fec5177 - - default default] TaaS: Handle Delete Port: e5afa8ab-ab73-472c-9602-53c34daa60ee
