2026-07-14 18:51:53.523 8 INFO neutron.services.segments.plugin [-] Segment 587df8b2-8214-4585-b966-0985e5c69246 resource provider aggregate not found [pid: 7|app: 0|req: 1006/1998] 10.0.0.47 () {32 vars in 723 bytes} [Tue Jul 14 18:51:52 2026] DELETE /v2.0/routers/787c9f6c-8508-48d5-bf8a-eede6ae8d86c => generated 0 bytes in 767 msecs (HTTP/1.1 204) 2 headers in 112 bytes (1 switches on core 0)
2026-07-14 18:51:53.547 8 INFO neutron.services.segments.plugin [-] Client error retrieving segment 587df8b2-8214-4585-b966-0985e5c69246 resource provider; error: Placement Client Error (4xx): {"errors": [{"status": 404, "title": "Not Found", "detail": "The resource could not be found.\n\n No resource provider with uuid 587df8b2-8214-4585-b966-0985e5c69246 found for delete ", "request_id": "req-7af176e4-1f28-44a5-92d7-4aea20dfcf2a"}]}
2026-07-14 18:51:53.550 8 INFO neutron.services.segments.plugin [-] Client error retrieving segment 587df8b2-8214-4585-b966-0985e5c69246 resource provider; error: Placement Client Error (4xx): {"errors": [{"status": 404, "title": "Not Found", "detail": "The resource could not be found.\n\n No resource provider with uuid 587df8b2-8214-4585-b966-0985e5c69246 found for delete ", "request_id": "req-e197ac02-48fb-4323-adf9-8d26c31720f1"}]} [pid: 8|app: 0|req: 993/1999] 10.0.0.47 () {32 vars in 725 bytes} [Tue Jul 14 18:51:53 2026] DELETE /v2.0/networks/2d4630b7-8e35-4985-830d-bb5fe5b8ae4b => generated 0 bytes in 425 msecs (HTTP/1.1 204) 3 headers in 131 bytes (1 switches on core 0) [pid: 8|app: 0|req: 994/2000] 10.0.0.244 () {34 vars in 1070 bytes} [Tue Jul 14 18:51:53 2026] GET /v2.0/ports?fields=security_groups&fields=device_id&device_id=bc918495-be9d-4fe7-bd85-2faa5e64467d => generated 12 bytes in 28 msecs (HTTP/1.1 200) 4 headers in 156 bytes (1 switches on core 0)
2026-07-14 18:51:53.700 7 WARNING neutron.scheduler.dhcp_agent_scheduler [None req-8dac4704-9cbc-4d53-9f9a-bd5c7f639352 d2d0d54d23a04c1591d568b8040d1eb5 cc37de6580504bf9bab1f49f96ce9c6a - - default default] No more DHCP agents
2026-07-14 18:51:53.702 7 WARNING neutron.api.rpc.agentnotifiers.dhcp_rpc_agent_api [None req-8dac4704-9cbc-4d53-9f9a-bd5c7f639352 d2d0d54d23a04c1591d568b8040d1eb5 cc37de6580504bf9bab1f49f96ce9c6a - - default default] Unable to schedule network 8d09ad39-bac3-47b3-8285-dfe7fc5018e6: no agents available; will retry on subsequent port and subnet creation events. [pid: 8|app: 0|req: 995/2001] 10.0.0.47 () {32 vars in 723 bytes} [Tue Jul 14 18:51:53 2026] DELETE /v2.0/subnets/80093786-dc4f-4098-b97d-518cacfa2a40 => generated 0 bytes in 173 msecs (HTTP/1.1 204) 3 headers in 131 bytes (1 switches on core 0) [pid: 8|app: 0|req: 996/2002] 10.0.0.244 () {34 vars in 990 bytes} [Tue Jul 14 18:51:53 2026] GET /v2.0/ports?device_id=bc918495-be9d-4fe7-bd85-2faa5e64467d => generated 12 bytes in 20 msecs (HTTP/1.1 200) 4 headers in 156 bytes (1 switches on core 0)
2026-07-14 18:51:53.921 8 INFO neutron_taas.services.taas.taas_plugin [None req-51e047e3-e20e-4240-9cba-1ab5d0311a33 caee15f605894228b0d2a2d2adf2c41e eee9f0c15dac461d8b393394731233e9 - - default default] TaaS: Handle Delete Port: 563e5804-a501-4feb-9b1c-b1845eb4f224
2026-07-14 18:51:53.924 8 INFO neutron_taas.services.taas.tap_mirror_plugin [None req-51e047e3-e20e-4240-9cba-1ab5d0311a33 caee15f605894228b0d2a2d2adf2c41e eee9f0c15dac461d8b393394731233e9 - - default default] Tap Mirror: Handle Delete Port: 563e5804-a501-4feb-9b1c-b1845eb4f224
2026-07-14 18:51:54.191 7 INFO neutron.db.ovn_revision_numbers_db [None req-8dac4704-9cbc-4d53-9f9a-bd5c7f639352 d2d0d54d23a04c1591d568b8040d1eb5 cc37de6580504bf9bab1f49f96ce9c6a - - default default] Successfully bumped revision number for resource 920b9add-2de4-4cfe-95c0-14a232deb224 (type: ports) to 2 [pid: 8|app: 0|req: 997/2003] 10.0.0.47 () {32 vars in 725 bytes} [Tue Jul 14 18:51:53 2026] DELETE /v2.0/networks/8c97d6cc-1966-427b-9029-2c49cb328e99 => generated 0 bytes in 396 msecs (HTTP/1.1 204) 3 headers in 131 bytes (1 switches on core 0)
2026-07-14 18:51:54.221 7 INFO neutron.db.ovn_revision_numbers_db [None req-8dac4704-9cbc-4d53-9f9a-bd5c7f639352 d2d0d54d23a04c1591d568b8040d1eb5 cc37de6580504bf9bab1f49f96ce9c6a - - default default] Successfully bumped revision number for resource 08d50290-6586-4fc2-841f-f2742c60d1ff (type: subnets) to 0 [pid: 7|app: 0|req: 1007/2004] 10.0.0.47 () {34 vars in 668 bytes} [Tue Jul 14 18:51:53 2026] POST /v2.0/subnets => generated 644 bytes in 703 msecs (HTTP/1.1 201) 4 headers in 162 bytes (1 switches on core 0) [pid: 8|app: 0|req: 998/2005] 10.0.0.47 () {32 vars in 739 bytes} [Tue Jul 14 18:51:54 2026] DELETE /v2.0/security-groups/8695a476-1599-491c-a97e-f59fb7c2edcf => generated 0 bytes in 195 msecs (HTTP/1.1 204) 2 headers in 112 bytes (1 switches on core 0)
2026-07-14 18:51:54.405 8 WARNING neutron.api.v2.base [None req-5cb325aa-0f98-4bf0-aec3-da400007fb62 d2d0d54d23a04c1591d568b8040d1eb5 cc37de6580504bf9bab1f49f96ce9c6a - - default default] An exception happened while processing the request body. The exception message is [Invalid input for target_tenant. Reason: 'None' is not a valid string.].: webob.exc.HTTPBadRequest: Invalid input for target_tenant. Reason: 'None' is not a valid string.
2026-07-14 18:51:54.406 8 INFO neutron.api.v2.resource [None req-5cb325aa-0f98-4bf0-aec3-da400007fb62 d2d0d54d23a04c1591d568b8040d1eb5 cc37de6580504bf9bab1f49f96ce9c6a - - default default] create failed (client error): Invalid input for target_tenant. Reason: 'None' is not a valid string. [pid: 8|app: 0|req: 999/2006] 10.0.0.47 () {34 vars in 680 bytes} [Tue Jul 14 18:51:54 2026] POST /v2.0/rbac-policies => generated 143 bytes in 10 msecs (HTTP/1.1 400) 4 headers in 166 bytes (1 switches on core 0)
2026-07-14 18:51:54.495 8 WARNING neutron.db.securitygroups_db [None req-37f9d81f-9428-4e01-8179-89bd526cba52 caee15f605894228b0d2a2d2adf2c41e eee9f0c15dac461d8b393394731233e9 - - default default] project_id key not found in filters, using tenant_id instead. This support has been deprecated and will be removed in a future release. [pid: 8|app: 0|req: 1000/2007] 10.0.0.47 () {32 vars in 773 bytes} [Tue Jul 14 18:51:54 2026] GET /v2.0/security-groups?tenant_id=fb532045650145bdba354bd6ea7194d8&name=default => generated 2925 bytes in 117 msecs (HTTP/1.1 200) 4 headers in 158 bytes (1 switches on core 0)
2026-07-14 18:51:54.532 7 INFO neutron_taas.services.taas.taas_plugin [None req-69da9004-8b0c-4009-987c-a689b0211757 caee15f605894228b0d2a2d2adf2c41e eee9f0c15dac461d8b393394731233e9 - - default default] TaaS: Handle Delete Port: 79ada656-c6ba-4265-98ed-47c38121d229
2026-07-14 18:51:54.534 7 INFO neutron_taas.services.taas.tap_mirror_plugin [None req-69da9004-8b0c-4009-987c-a689b0211757 caee15f605894228b0d2a2d2adf2c41e eee9f0c15dac461d8b393394731233e9 - - default default] Tap Mirror: Handle Delete Port: 79ada656-c6ba-4265-98ed-47c38121d229
2026-07-14 18:51:54.659 8 INFO neutron_taas.services.taas.taas_plugin [None req-297b8835-8e69-47be-a4ee-beff09b93e13 d2d0d54d23a04c1591d568b8040d1eb5 cc37de6580504bf9bab1f49f96ce9c6a - - default default] TaaS: Handle Delete Port: 920b9add-2de4-4cfe-95c0-14a232deb224
2026-07-14 18:51:54.662 8 INFO neutron_taas.services.taas.tap_mirror_plugin [None req-297b8835-8e69-47be-a4ee-beff09b93e13 d2d0d54d23a04c1591d568b8040d1eb5 cc37de6580504bf9bab1f49f96ce9c6a - - default default] Tap Mirror: Handle Delete Port: 920b9add-2de4-4cfe-95c0-14a232deb224 [pid: 8|app: 0|req: 1001/2008] 10.0.0.47 () {32 vars in 725 bytes} [Tue Jul 14 18:51:54 2026] DELETE /v2.0/networks/8d09ad39-bac3-47b3-8285-dfe7fc5018e6 => generated 0 bytes in 483 msecs (HTTP/1.1 204) 3 headers in 131 bytes (1 switches on core 0) [pid: 7|app: 0|req: 1008/2009] 10.0.0.47 () {34 vars in 788 bytes} [Tue Jul 14 18:51:54 2026] PUT /v2.0/routers/ddd980cc-a4e2-4e94-9ef0-8d10b17b4baf/remove_router_interface => generated 310 bytes in 899 msecs (HTTP/1.1 200) 4 headers in 157 bytes (1 switches on core 0) /var/lib/openstack/lib/python3.12/site-packages/pycadf/identifier.py:70: UserWarning: Invalid uuid: neutron. To ensure interoperability, identifiers should be a valid uuid. warnings.warn(('Invalid uuid: %s. To ensure interoperability, ' [pid: 7|app: 0|req: 1009/2010] 10.0.0.47 () {32 vars in 739 bytes} [Tue Jul 14 18:51:55 2026] DELETE /v2.0/security-groups/7f133c92-db32-4ac5-93d8-2ec206843f9a => generated 0 bytes in 191 msecs (HTTP/1.1 204) 2 headers in 112 bytes (1 switches on core 0)
2026-07-14 18:51:55.355 8 INFO neutron_taas.services.taas.taas_plugin [None req-32a7583e-7411-4167-9639-5ba51d9515fb ae21e76e499743d6a46e86aa9b7b2aea 2562b2251b6f4d74a11c51deb06637c9 - - default default] TaaS: Handle Delete Port: 7ccd002f-e6f5-4d9d-b009-ac3d21883543
2026-07-14 18:51:55.359 8 INFO neutron_taas.services.taas.tap_mirror_plugin [None req-32a7583e-7411-4167-9639-5ba51d9515fb ae21e76e499743d6a46e86aa9b7b2aea 2562b2251b6f4d74a11c51deb06637c9 - - default default] Tap Mirror: Handle Delete Port: 7ccd002f-e6f5-4d9d-b009-ac3d21883543
2026-07-14 18:51:55.435 7 INFO neutron.db.segments_db [None req-6679e0ff-45b4-47b0-9d92-cb53dacfd959 d2d0d54d23a04c1591d568b8040d1eb5 cc37de6580504bf9bab1f49f96ce9c6a - - default default] Added segment 37a40f13-81e0-4481-a6c0-2fbf44126cc9 of type geneve for network 150afdfd-664b-4631-9dc2-d5412fee4a11
2026-07-14 18:51:55.550 7 INFO neutron.db.ovn_revision_numbers_db [None req-6679e0ff-45b4-47b0-9d92-cb53dacfd959 d2d0d54d23a04c1591d568b8040d1eb5 cc37de6580504bf9bab1f49f96ce9c6a - - default default] Successfully bumped revision number for resource 150afdfd-664b-4631-9dc2-d5412fee4a11 (type: networks) to 1
2026-07-14 18:51:55.567 8 INFO neutron.services.segments.plugin [-] Segment 8cf81045-8506-4edd-8e88-782fd75939dd resource provider aggregate not found
2026-07-14 18:51:55.572 8 INFO neutron.services.segments.plugin [-] Segment 8cf81045-8506-4edd-8e88-782fd75939dd resource provider aggregate not found
2026-07-14 18:51:55.590 8 INFO neutron.services.segments.plugin [-] Client error retrieving segment 8cf81045-8506-4edd-8e88-782fd75939dd resource provider; error: Placement Client Error (4xx): {"errors": [{"status": 404, "title": "Not Found", "detail": "The resource could not be found.\n\n No resource provider with uuid 8cf81045-8506-4edd-8e88-782fd75939dd found for delete ", "request_id": "req-20939d5b-16ed-486d-b1e1-010683c2e2b5"}]}
2026-07-14 18:51:55.600 8 INFO neutron.services.segments.plugin [-] Client error retrieving segment 8cf81045-8506-4edd-8e88-782fd75939dd resource provider; error: Placement Client Error (4xx): {"errors": [{"status": 404, "title": "Not Found", "detail": "The resource could not be found.\n\n No resource provider with uuid 8cf81045-8506-4edd-8e88-782fd75939dd found for delete ", "request_id": "req-11d73bcc-ca4b-4d31-b30c-d33bf5129857"}]}
2026-07-14 18:51:55.613 8 INFO neutron.services.segments.plugin [-] Segment f916cd1f-a5f7-49ef-a2b5-65dd76f6ae9a resource provider aggregate not found
2026-07-14 18:51:55.614 8 INFO neutron.services.segments.plugin [-] Segment f916cd1f-a5f7-49ef-a2b5-65dd76f6ae9a resource provider aggregate not found
2026-07-14 18:51:55.636 8 INFO neutron.services.segments.plugin [-] Client error retrieving segment f916cd1f-a5f7-49ef-a2b5-65dd76f6ae9a resource provider; error: Placement Client Error (4xx): {"errors": [{"status": 404, "title": "Not Found", "detail": "The resource could not be found.\n\n No resource provider with uuid f916cd1f-a5f7-49ef-a2b5-65dd76f6ae9a found for delete ", "request_id": "req-769f65b2-fe03-4131-ad97-4e68bd6152d4"}]}
2026-07-14 18:51:55.637 8 INFO neutron.services.segments.plugin [-] Client error retrieving segment f916cd1f-a5f7-49ef-a2b5-65dd76f6ae9a resource provider; error: Placement Client Error (4xx): {"errors": [{"status": 404, "title": "Not Found", "detail": "The resource could not be found.\n\n No resource provider with uuid f916cd1f-a5f7-49ef-a2b5-65dd76f6ae9a found for delete ", "request_id": "req-fadf9f62-e173-4ac9-804f-94de4250317f"}]}
2026-07-14 18:51:55.726 7 WARNING neutron.scheduler.dhcp_agent_scheduler [None req-6679e0ff-45b4-47b0-9d92-cb53dacfd959 d2d0d54d23a04c1591d568b8040d1eb5 cc37de6580504bf9bab1f49f96ce9c6a - - default default] No more DHCP agents
2026-07-14 18:51:55.727 7 WARNING neutron.api.rpc.agentnotifiers.dhcp_rpc_agent_api [None req-6679e0ff-45b4-47b0-9d92-cb53dacfd959 d2d0d54d23a04c1591d568b8040d1eb5 cc37de6580504bf9bab1f49f96ce9c6a - - default default] Unable to schedule network 150afdfd-664b-4631-9dc2-d5412fee4a11: no agents available; will retry on subsequent port and subnet creation events.
2026-07-14 18:51:55.777 7 INFO neutron.plugins.ml2.drivers.ovn.mech_driver.mech_driver [None req-063f3e83-2927-4aa3-94b5-f1a224b1bbb0 - - - - - -] OVN reports status down for port: e8432c71-02fe-4303-8a06-87fa91f1d9c2
2026-07-14 18:51:55.826 7 INFO neutron.db.ovn_revision_numbers_db [None req-6679e0ff-45b4-47b0-9d92-cb53dacfd959 d2d0d54d23a04c1591d568b8040d1eb5 cc37de6580504bf9bab1f49f96ce9c6a - - default default] Successfully bumped revision number for resource e8432c71-02fe-4303-8a06-87fa91f1d9c2 (type: ports) to 1 [pid: 7|app: 0|req: 1010/2011] 10.0.0.47 () {34 vars in 669 bytes} [Tue Jul 14 18:51:55 2026] POST /v2.0/networks => generated 767 bytes in 527 msecs (HTTP/1.1 201) 4 headers in 162 bytes (1 switches on core 0) [pid: 8|app: 0|req: 1002/2012] 10.0.0.47 () {34 vars in 788 bytes} [Tue Jul 14 18:51:55 2026] PUT /v2.0/routers/2bf558ec-53ff-412e-90a4-3b6786762483/remove_router_interface => generated 310 bytes in 895 msecs (HTTP/1.1 200) 4 headers in 157 bytes (1 switches on core 0) /var/lib/openstack/lib/python3.12/site-packages/pycadf/identifier.py:70: UserWarning: Invalid uuid: neutron. To ensure interoperability, identifiers should be a valid uuid. warnings.warn(('Invalid uuid: %s. To ensure interoperability, '
2026-07-14 18:51:55.910 8 WARNING neutron.db.securitygroups_db [None req-fbd931f8-4177-406b-bc77-6a6088895bb8 caee15f605894228b0d2a2d2adf2c41e eee9f0c15dac461d8b393394731233e9 - - default default] project_id key not found in filters, using tenant_id instead. This support has been deprecated and will be removed in a future release.
2026-07-14 18:51:56.102 8 INFO neutron.db.ovn_revision_numbers_db [None req-fbd931f8-4177-406b-bc77-6a6088895bb8 caee15f605894228b0d2a2d2adf2c41e eee9f0c15dac461d8b393394731233e9 - - default default] Successfully bumped revision number for resource c31814ee-7037-400c-9d9f-af74bc350790 (type: security_groups) to 1
2026-07-14 18:51:56.117 8 INFO neutron.db.ovn_revision_numbers_db [None req-fbd931f8-4177-406b-bc77-6a6088895bb8 caee15f605894228b0d2a2d2adf2c41e eee9f0c15dac461d8b393394731233e9 - - default default] Successfully bumped revision number for resource 09f98226-1dd7-442a-bfc1-7b614b20d1fd (type: security_group_rules) to 0
2026-07-14 18:51:56.133 8 INFO neutron.db.ovn_revision_numbers_db [None req-fbd931f8-4177-406b-bc77-6a6088895bb8 caee15f605894228b0d2a2d2adf2c41e eee9f0c15dac461d8b393394731233e9 - - default default] Successfully bumped revision number for resource 2810ac6a-c91a-4c2d-827c-6390062b2301 (type: security_group_rules) to 0
2026-07-14 18:51:56.147 8 INFO neutron.db.ovn_revision_numbers_db [None req-fbd931f8-4177-406b-bc77-6a6088895bb8 caee15f605894228b0d2a2d2adf2c41e eee9f0c15dac461d8b393394731233e9 - - default default] Successfully bumped revision number for resource 9961de88-f7f9-4c54-9650-c8f922e769f7 (type: security_group_rules) to 0
2026-07-14 18:51:56.161 8 INFO neutron.db.ovn_revision_numbers_db [None req-fbd931f8-4177-406b-bc77-6a6088895bb8 caee15f605894228b0d2a2d2adf2c41e eee9f0c15dac461d8b393394731233e9 - - default default] Successfully bumped revision number for resource b07c9d4a-95c3-474f-9929-41ca40ae5334 (type: security_group_rules) to 0
2026-07-14 18:51:56.213 7 INFO neutron_taas.services.taas.taas_plugin [None req-390f7792-bb6c-4ba6-8123-0056182b3bf4 caee15f605894228b0d2a2d2adf2c41e eee9f0c15dac461d8b393394731233e9 - - default default] TaaS: Handle Delete Port: a4f1dec3-f6a5-483d-996c-8007cf2c9986
2026-07-14 18:51:56.216 7 INFO neutron_taas.services.taas.tap_mirror_plugin [None req-390f7792-bb6c-4ba6-8123-0056182b3bf4 caee15f605894228b0d2a2d2adf2c41e eee9f0c15dac461d8b393394731233e9 - - default default] Tap Mirror: Handle Delete Port: a4f1dec3-f6a5-483d-996c-8007cf2c9986 [pid: 8|app: 0|req: 1003/2013] 10.0.0.47 () {32 vars in 773 bytes} [Tue Jul 14 18:51:55 2026] GET /v2.0/security-groups?tenant_id=9641cd9db1a14f79899545e48a9b48aa&name=default => generated 2925 bytes in 327 msecs (HTTP/1.1 200) 4 headers in 158 bytes (1 switches on core 0)
2026-07-14 18:51:56.386 8 WARNING neutron.scheduler.dhcp_agent_scheduler [None req-4ee2bf1f-66e3-4015-9c11-7494bced4fcb d2d0d54d23a04c1591d568b8040d1eb5 cc37de6580504bf9bab1f49f96ce9c6a - - default default] No more DHCP agents
2026-07-14 18:51:56.387 8 WARNING neutron.api.rpc.agentnotifiers.dhcp_rpc_agent_api [None req-4ee2bf1f-66e3-4015-9c11-7494bced4fcb d2d0d54d23a04c1591d568b8040d1eb5 cc37de6580504bf9bab1f49f96ce9c6a - - default default] Unable to schedule network 150afdfd-664b-4631-9dc2-d5412fee4a11: no agents available; will retry on subsequent port and subnet creation events. [pid: 7|app: 0|req: 1011/2014] 10.0.0.47 () {32 vars in 723 bytes} [Tue Jul 14 18:51:55 2026] DELETE /v2.0/routers/ddd980cc-a4e2-4e94-9ef0-8d10b17b4baf => generated 0 bytes in 775 msecs (HTTP/1.1 204) 2 headers in 112 bytes (1 switches on core 0) [pid: 7|app: 0|req: 1012/2015] 10.0.0.47 () {32 vars in 723 bytes} [Tue Jul 14 18:51:56 2026] DELETE /v2.0/subnets/4623a6fd-759a-409b-94e1-b891fdf50b1d => generated 0 bytes in 190 msecs (HTTP/1.1 204) 3 headers in 131 bytes (1 switches on core 0)
2026-07-14 18:51:56.899 8 INFO neutron.db.ovn_revision_numbers_db [None req-4ee2bf1f-66e3-4015-9c11-7494bced4fcb d2d0d54d23a04c1591d568b8040d1eb5 cc37de6580504bf9bab1f49f96ce9c6a - - default default] Successfully bumped revision number for resource e8432c71-02fe-4303-8a06-87fa91f1d9c2 (type: ports) to 2
2026-07-14 18:51:56.942 8 INFO neutron.db.ovn_revision_numbers_db [None req-4ee2bf1f-66e3-4015-9c11-7494bced4fcb d2d0d54d23a04c1591d568b8040d1eb5 cc37de6580504bf9bab1f49f96ce9c6a - - default default] Successfully bumped revision number for resource 9b49d781-d270-4c1e-8b6b-008530a78529 (type: subnets) to 0 [pid: 8|app: 0|req: 1004/2016] 10.0.0.47 () {34 vars in 668 bytes} [Tue Jul 14 18:51:56 2026] POST /v2.0/subnets => generated 647 bytes in 725 msecs (HTTP/1.1 201) 4 headers in 162 bytes (1 switches on core 0) [pid: 7|app: 0|req: 1013/2017] 10.0.0.47 () {32 vars in 739 bytes} [Tue Jul 14 18:51:56 2026] DELETE /v2.0/security-groups/c31814ee-7037-400c-9d9f-af74bc350790 => generated 0 bytes in 208 msecs (HTTP/1.1 204) 2 headers in 112 bytes (1 switches on core 0) [pid: 8|app: 0|req: 1005/2018] 10.0.0.47 () {32 vars in 723 bytes} [Tue Jul 14 18:51:56 2026] DELETE /v2.0/subnets/cbb85ae8-866a-487d-aa14-cd8a5ca35841 => generated 0 bytes in 196 msecs (HTTP/1.1 204) 3 headers in 131 bytes (1 switches on core 0)
2026-07-14 18:51:57.159 8 WARNING neutron.api.v2.base [None req-8594968b-b6cd-4cdd-8611-503b8dd9033a d2d0d54d23a04c1591d568b8040d1eb5 cc37de6580504bf9bab1f49f96ce9c6a - - default default] An exception happened while processing the request body. The exception message is [Invalid input for target_tenant. Reason: '1234123412341234123412341234123412341234123412341234123412341234123412341234123412341234123412341234123412341234123412341234123412341234123412341234123412341234123412341234123412341234123412341234123412341234123412341234123412341234123412341234123412341234123412341234123412341234123412341234123412341234123412341234123412341234123412341234123412341234123412341234123412341234123412341234123412341234' exceeds maximum length of 255.].: webob.exc.HTTPBadRequest: Invalid input for target_tenant. Reason: '1234123412341234123412341234123412341234123412341234123412341234123412341234123412341234123412341234123412341234123412341234123412341234123412341234123412341234123412341234123412341234123412341234123412341234123412341234123412341234123412341234123412341234123412341234123412341234123412341234123412341234123412341234123412341234123412341234123412341234123412341234123412341234123412341234123412341234' exceeds maximum length of 255.
2026-07-14 18:51:57.160 8 INFO neutron.api.v2.resource [None req-8594968b-b6cd-4cdd-8611-503b8dd9033a d2d0d54d23a04c1591d568b8040d1eb5 cc37de6580504bf9bab1f49f96ce9c6a - - default default] create failed (client error): Invalid input for target_tenant. Reason: '1234123412341234123412341234123412341234123412341234123412341234123412341234123412341234123412341234123412341234123412341234123412341234123412341234123412341234123412341234123412341234123412341234123412341234123412341234123412341234123412341234123412341234123412341234123412341234123412341234123412341234123412341234123412341234123412341234123412341234123412341234123412341234123412341234123412341234' exceeds maximum length of 255. [pid: 8|app: 0|req: 1006/2019] 10.0.0.47 () {34 vars in 680 bytes} [Tue Jul 14 18:51:57 2026] POST /v2.0/rbac-policies => generated 547 bytes in 8 msecs (HTTP/1.1 400) 4 headers in 166 bytes (1 switches on core 0)
2026-07-14 18:51:57.297 8 INFO neutron_taas.services.taas.taas_plugin [None req-268951b5-7ad2-44b6-a6ce-556de5b81658 caee15f605894228b0d2a2d2adf2c41e eee9f0c15dac461d8b393394731233e9 - - default default] TaaS: Handle Delete Port: 06cc3a44-d475-43d4-a6a2-71d2a3b29035
2026-07-14 18:51:57.301 8 INFO neutron_taas.services.taas.tap_mirror_plugin [None req-268951b5-7ad2-44b6-a6ce-556de5b81658 caee15f605894228b0d2a2d2adf2c41e eee9f0c15dac461d8b393394731233e9 - - default default] Tap Mirror: Handle Delete Port: 06cc3a44-d475-43d4-a6a2-71d2a3b29035
2026-07-14 18:51:57.393 7 INFO neutron_taas.services.taas.taas_plugin [None req-d953b70f-7945-4e39-ad6b-0f5cde5229ce ae21e76e499743d6a46e86aa9b7b2aea 2562b2251b6f4d74a11c51deb06637c9 - - default default] TaaS: Handle Delete Port: 4b011586-083d-4ff9-9bb9-7f97c38dd406
2026-07-14 18:51:57.400 7 INFO neutron_taas.services.taas.tap_mirror_plugin [None req-d953b70f-7945-4e39-ad6b-0f5cde5229ce ae21e76e499743d6a46e86aa9b7b2aea 2562b2251b6f4d74a11c51deb06637c9 - - default default] Tap Mirror: Handle Delete Port: 4b011586-083d-4ff9-9bb9-7f97c38dd406 [pid: 8|app: 0|req: 1007/2020] 10.0.0.47 () {32 vars in 725 bytes} [Tue Jul 14 18:51:57 2026] DELETE /v2.0/networks/c9ef4b98-b43b-48e9-9f7f-600a707a4122 => generated 0 bytes in 401 msecs (HTTP/1.1 204) 3 headers in 131 bytes (1 switches on core 0)
2026-07-14 18:51:57.670 8 INFO neutron.services.segments.plugin [-] Segment 358e0fad-4d84-47d6-b56e-42a8f9ad7028 resource provider aggregate not found
2026-07-14 18:51:57.675 8 INFO neutron.services.segments.plugin [-] Segment 358e0fad-4d84-47d6-b56e-42a8f9ad7028 resource provider aggregate not found
2026-07-14 18:51:57.690 8 INFO neutron.services.segments.plugin [-] Client error retrieving segment 358e0fad-4d84-47d6-b56e-42a8f9ad7028 resource provider; error: Placement Client Error (4xx): {"errors": [{"status": 404, "title": "Not Found", "detail": "The resource could not be found.\n\n No resource provider with uuid 358e0fad-4d84-47d6-b56e-42a8f9ad7028 found for delete ", "request_id": "req-275cb77a-b14e-410e-a894-3e8fe3f1721b"}]}
2026-07-14 18:51:57.701 8 INFO neutron.services.segments.plugin [-] Client error retrieving segment 358e0fad-4d84-47d6-b56e-42a8f9ad7028 resource provider; error: Placement Client Error (4xx): {"errors": [{"status": 404, "title": "Not Found", "detail": "The resource could not be found.\n\n No resource provider with uuid 358e0fad-4d84-47d6-b56e-42a8f9ad7028 found for delete ", "request_id": "req-1556ddb8-ec0f-47f6-a499-4c61251f5c49"}]}
2026-07-14 18:51:57.752 8 INFO neutron_taas.services.taas.taas_plugin [None req-3213ab11-2234-4a18-95bd-371c01f54574 d2d0d54d23a04c1591d568b8040d1eb5 cc37de6580504bf9bab1f49f96ce9c6a - - default default] TaaS: Handle Delete Port: e8432c71-02fe-4303-8a06-87fa91f1d9c2
2026-07-14 18:51:57.756 8 INFO neutron_taas.services.taas.tap_mirror_plugin [None req-3213ab11-2234-4a18-95bd-371c01f54574 d2d0d54d23a04c1591d568b8040d1eb5 cc37de6580504bf9bab1f49f96ce9c6a - - default default] Tap Mirror: Handle Delete Port: e8432c71-02fe-4303-8a06-87fa91f1d9c2 [pid: 7|app: 0|req: 1014/2021] 10.0.0.47 () {32 vars in 723 bytes} [Tue Jul 14 18:51:57 2026] DELETE /v2.0/routers/2bf558ec-53ff-412e-90a4-3b6786762483 => generated 0 bytes in 858 msecs (HTTP/1.1 204) 2 headers in 112 bytes (1 switches on core 0)
2026-07-14 18:51:57.892 7 WARNING neutron.db.securitygroups_db [None req-aae84ec4-4cff-43d0-9916-63ca1139fdf0 caee15f605894228b0d2a2d2adf2c41e eee9f0c15dac461d8b393394731233e9 - - default default] project_id key not found in filters, using tenant_id instead. This support has been deprecated and will be removed in a future release. [pid: 7|app: 0|req: 1015/2022] 10.0.0.47 () {32 vars in 773 bytes} [Tue Jul 14 18:51:57 2026] GET /v2.0/security-groups?tenant_id=ff058605dde34f2483250b2d9f8b12ba&name=default => generated 2925 bytes in 36 msecs (HTTP/1.1 200) 4 headers in 158 bytes (1 switches on core 0)
2026-07-14 18:51:58.076 7 INFO neutron_taas.services.taas.taas_plugin [None req-5b07067d-9966-42b4-97fb-2995eb5ef3fe ae21e76e499743d6a46e86aa9b7b2aea 2562b2251b6f4d74a11c51deb06637c9 - - default default] TaaS: Handle Delete Port: bff58206-7535-42fe-8e2d-1ed281d2fdd8
2026-07-14 18:51:58.078 7 INFO neutron_taas.services.taas.tap_mirror_plugin [None req-5b07067d-9966-42b4-97fb-2995eb5ef3fe ae21e76e499743d6a46e86aa9b7b2aea 2562b2251b6f4d74a11c51deb06637c9 - - default default] Tap Mirror: Handle Delete Port: bff58206-7535-42fe-8e2d-1ed281d2fdd8 [pid: 8|app: 0|req: 1008/2023] 10.0.0.47 () {32 vars in 725 bytes} [Tue Jul 14 18:51:57 2026] DELETE /v2.0/networks/150afdfd-664b-4631-9dc2-d5412fee4a11 => generated 0 bytes in 594 msecs (HTTP/1.1 204) 3 headers in 131 bytes (1 switches on core 0)
2026-07-14 18:51:58.281 7 INFO neutron.services.segments.plugin [-] Segment fa80750d-403a-4498-b50d-69596f7f679f resource provider aggregate not found
2026-07-14 18:51:58.286 7 INFO neutron.services.segments.plugin [-] Segment fa80750d-403a-4498-b50d-69596f7f679f resource provider aggregate not found
2026-07-14 18:51:58.303 7 INFO neutron.services.segments.plugin [-] Client error retrieving segment fa80750d-403a-4498-b50d-69596f7f679f resource provider; error: Placement Client Error (4xx): {"errors": [{"status": 404, "title": "Not Found", "detail": "The resource could not be found.\n\n No resource provider with uuid fa80750d-403a-4498-b50d-69596f7f679f found for delete ", "request_id": "req-4f6b15a5-1308-4cc5-9843-1e9c375df5a0"}]}
2026-07-14 18:51:58.306 7 INFO neutron.services.segments.plugin [-] Client error retrieving segment fa80750d-403a-4498-b50d-69596f7f679f resource provider; error: Placement Client Error (4xx): {"errors": [{"status": 404, "title": "Not Found", "detail": "The resource could not be found.\n\n No resource provider with uuid fa80750d-403a-4498-b50d-69596f7f679f found for delete ", "request_id": "req-7599c26c-09b7-4516-bd85-b1eb20c55f63"}]} [pid: 7|app: 0|req: 1016/2024] 10.0.0.47 () {32 vars in 725 bytes} [Tue Jul 14 18:51:57 2026] DELETE /v2.0/networks/af4434cd-3bb8-4750-9a68-c304024402ab => generated 0 bytes in 442 msecs (HTTP/1.1 204) 3 headers in 131 bytes (1 switches on core 0) [pid: 8|app: 0|req: 1009/2025] 10.0.0.47 () {32 vars in 739 bytes} [Tue Jul 14 18:51:58 2026] DELETE /v2.0/security-groups/3e529d3e-8c82-4dd8-a57d-eb0de94bc262 => generated 0 bytes in 218 msecs (HTTP/1.1 204) 2 headers in 112 bytes (1 switches on core 0)
2026-07-14 18:51:58.448 7 INFO neutron.db.segments_db [None req-4f8d0f7c-2576-4423-b991-ce94d6dc1a18 d2d0d54d23a04c1591d568b8040d1eb5 cc37de6580504bf9bab1f49f96ce9c6a - - default default] Added segment c194082f-a095-4fad-9f22-9f0e5cfb1280 of type geneve for network 3c609940-808d-44d3-a6fa-8375ce6b03a3
2026-07-14 18:51:58.487 8 WARNING neutron.db.securitygroups_db [None req-4da5ba6d-02cf-45d3-949b-f284955defba caee15f605894228b0d2a2d2adf2c41e eee9f0c15dac461d8b393394731233e9 - - default default] project_id key not found in filters, using tenant_id instead. This support has been deprecated and will be removed in a future release. [pid: 8|app: 0|req: 1010/2026] 10.0.0.47 () {32 vars in 773 bytes} [Tue Jul 14 18:51:58 2026] GET /v2.0/security-groups?tenant_id=33dec3c15b2b424a9b08e4b57e4715d7&name=default => generated 2925 bytes in 35 msecs (HTTP/1.1 200) 4 headers in 158 bytes (1 switches on core 0)
2026-07-14 18:51:58.566 7 INFO neutron.db.ovn_revision_numbers_db [None req-4f8d0f7c-2576-4423-b991-ce94d6dc1a18 d2d0d54d23a04c1591d568b8040d1eb5 cc37de6580504bf9bab1f49f96ce9c6a - - default default] Successfully bumped revision number for resource 3c609940-808d-44d3-a6fa-8375ce6b03a3 (type: networks) to 1 [pid: 8|app: 0|req: 1011/2027] 10.0.0.47 () {32 vars in 739 bytes} [Tue Jul 14 18:51:58 2026] DELETE /v2.0/security-groups/e7cb65b8-fb0f-4a6a-a449-c65624b6439a => generated 0 bytes in 197 msecs (HTTP/1.1 204) 2 headers in 112 bytes (1 switches on core 0)
2026-07-14 18:51:58.726 7 WARNING neutron.scheduler.dhcp_agent_scheduler [None req-4f8d0f7c-2576-4423-b991-ce94d6dc1a18 d2d0d54d23a04c1591d568b8040d1eb5 cc37de6580504bf9bab1f49f96ce9c6a - - default default] No more DHCP agents
2026-07-14 18:51:58.727 7 WARNING neutron.api.rpc.agentnotifiers.dhcp_rpc_agent_api [None req-4f8d0f7c-2576-4423-b991-ce94d6dc1a18 d2d0d54d23a04c1591d568b8040d1eb5 cc37de6580504bf9bab1f49f96ce9c6a - - default default] Unable to schedule network 3c609940-808d-44d3-a6fa-8375ce6b03a3: no agents available; will retry on subsequent port and subnet creation events.
2026-07-14 18:51:58.777 7 INFO neutron.plugins.ml2.drivers.ovn.mech_driver.mech_driver [None req-063f3e83-2927-4aa3-94b5-f1a224b1bbb0 - - - - - -] OVN reports status down for port: 9ab2a1d5-74e6-46e9-a3c7-82ed8d18f222
2026-07-14 18:51:58.844 7 INFO neutron.db.ovn_revision_numbers_db [None req-4f8d0f7c-2576-4423-b991-ce94d6dc1a18 d2d0d54d23a04c1591d568b8040d1eb5 cc37de6580504bf9bab1f49f96ce9c6a - - default default] Successfully bumped revision number for resource 9ab2a1d5-74e6-46e9-a3c7-82ed8d18f222 (type: ports) to 1 [pid: 7|app: 0|req: 1017/2028] 10.0.0.47 () {34 vars in 669 bytes} [Tue Jul 14 18:51:58 2026] POST /v2.0/networks => generated 767 bytes in 529 msecs (HTTP/1.1 201) 4 headers in 162 bytes (1 switches on core 0)
2026-07-14 18:51:59.082 8 WARNING neutron.scheduler.dhcp_agent_scheduler [None req-7e3bbd3a-bfbe-406e-88e7-fdae3a78daa3 d2d0d54d23a04c1591d568b8040d1eb5 cc37de6580504bf9bab1f49f96ce9c6a - - default default] No more DHCP agents
2026-07-14 18:51:59.087 8 WARNING neutron.api.rpc.agentnotifiers.dhcp_rpc_agent_api [None req-7e3bbd3a-bfbe-406e-88e7-fdae3a78daa3 d2d0d54d23a04c1591d568b8040d1eb5 cc37de6580504bf9bab1f49f96ce9c6a - - default default] Unable to schedule network 3c609940-808d-44d3-a6fa-8375ce6b03a3: no agents available; will retry on subsequent port and subnet creation events.
2026-07-14 18:51:59.144 7 WARNING neutron.db.securitygroups_db [None req-6482e1ef-e9f2-48f4-adfe-f24f6571d9bf caee15f605894228b0d2a2d2adf2c41e eee9f0c15dac461d8b393394731233e9 - - default default] project_id key not found in filters, using tenant_id instead. This support has been deprecated and will be removed in a future release.
2026-07-14 18:51:59.296 7 INFO neutron.db.ovn_revision_numbers_db [None req-6482e1ef-e9f2-48f4-adfe-f24f6571d9bf caee15f605894228b0d2a2d2adf2c41e eee9f0c15dac461d8b393394731233e9 - - default default] Successfully bumped revision number for resource 75358bd3-e054-47d7-afd3-01e8cec385d8 (type: security_groups) to 1
2026-07-14 18:51:59.313 7 INFO neutron.db.ovn_revision_numbers_db [None req-6482e1ef-e9f2-48f4-adfe-f24f6571d9bf caee15f605894228b0d2a2d2adf2c41e eee9f0c15dac461d8b393394731233e9 - - default default] Successfully bumped revision number for resource 3e7b7437-2222-4227-b48a-b1f64030dbdc (type: security_group_rules) to 0
2026-07-14 18:51:59.329 7 INFO neutron.db.ovn_revision_numbers_db [None req-6482e1ef-e9f2-48f4-adfe-f24f6571d9bf caee15f605894228b0d2a2d2adf2c41e eee9f0c15dac461d8b393394731233e9 - - default default] Successfully bumped revision number for resource 6fa8991a-dc3f-48e4-bbb4-f6a8ef2cc77f (type: security_group_rules) to 0
2026-07-14 18:51:59.342 7 INFO neutron.db.ovn_revision_numbers_db [None req-6482e1ef-e9f2-48f4-adfe-f24f6571d9bf caee15f605894228b0d2a2d2adf2c41e eee9f0c15dac461d8b393394731233e9 - - default default] Successfully bumped revision number for resource b6f19738-6b02-4586-9105-f065e39d7223 (type: security_group_rules) to 0
2026-07-14 18:51:59.354 7 INFO neutron.db.ovn_revision_numbers_db [None req-6482e1ef-e9f2-48f4-adfe-f24f6571d9bf caee15f605894228b0d2a2d2adf2c41e eee9f0c15dac461d8b393394731233e9 - - default default] Successfully bumped revision number for resource bddfb8b0-883f-40eb-bf97-8ace7da8b029 (type: security_group_rules) to 0 [pid: 7|app: 0|req: 1018/2029] 10.0.0.47 () {32 vars in 773 bytes} [Tue Jul 14 18:51:59 2026] GET /v2.0/security-groups?tenant_id=17803a422ce641258d8bb3049f245c66&name=default => generated 2925 bytes in 380 msecs (HTTP/1.1 200) 4 headers in 158 bytes (1 switches on core 0) [pid: 7|app: 0|req: 1019/2030] 10.0.0.47 () {32 vars in 739 bytes} [Tue Jul 14 18:51:59 2026] DELETE /v2.0/security-groups/75358bd3-e054-47d7-afd3-01e8cec385d8 => generated 0 bytes in 201 msecs (HTTP/1.1 204) 2 headers in 112 bytes (1 switches on core 0)
2026-07-14 18:51:59.639 8 INFO neutron.db.ovn_revision_numbers_db [None req-7e3bbd3a-bfbe-406e-88e7-fdae3a78daa3 d2d0d54d23a04c1591d568b8040d1eb5 cc37de6580504bf9bab1f49f96ce9c6a - - default default] Successfully bumped revision number for resource 9ab2a1d5-74e6-46e9-a3c7-82ed8d18f222 (type: ports) to 2
2026-07-14 18:51:59.673 8 INFO neutron.db.ovn_revision_numbers_db [None req-7e3bbd3a-bfbe-406e-88e7-fdae3a78daa3 d2d0d54d23a04c1591d568b8040d1eb5 cc37de6580504bf9bab1f49f96ce9c6a - - default default] Successfully bumped revision number for resource 2637a898-705e-4c77-b6bd-57fd4122837d (type: subnets) to 0 [pid: 8|app: 0|req: 1012/2031] 10.0.0.47 () {34 vars in 668 bytes} [Tue Jul 14 18:51:58 2026] POST /v2.0/subnets => generated 647 bytes in 797 msecs (HTTP/1.1 201) 4 headers in 162 bytes (1 switches on core 0)
2026-07-14 18:51:59.712 8 INFO neutron.services.segments.plugin [-] Segment 37a40f13-81e0-4481-a6c0-2fbf44126cc9 resource provider aggregate not found
2026-07-14 18:51:59.719 8 INFO neutron.services.segments.plugin [-] Segment 37a40f13-81e0-4481-a6c0-2fbf44126cc9 resource provider aggregate not found
2026-07-14 18:51:59.733 8 WARNING neutron.db.securitygroups_db [None req-268dba3a-3267-46a1-8a95-b689d9e1ba7b caee15f605894228b0d2a2d2adf2c41e eee9f0c15dac461d8b393394731233e9 - - default default] project_id key not found in filters, using tenant_id instead. This support has been deprecated and will be removed in a future release.
2026-07-14 18:51:59.737 8 INFO neutron.services.segments.plugin [-] Client error retrieving segment 37a40f13-81e0-4481-a6c0-2fbf44126cc9 resource provider; error: Placement Client Error (4xx): {"errors": [{"status": 404, "title": "Not Found", "detail": "The resource could not be found.\n\n No resource provider with uuid 37a40f13-81e0-4481-a6c0-2fbf44126cc9 found for delete ", "request_id": "req-4128646b-018b-41d0-8a19-45773c48dff7"}]}
2026-07-14 18:51:59.738 8 INFO neutron.services.segments.plugin [-] Client error retrieving segment 37a40f13-81e0-4481-a6c0-2fbf44126cc9 resource provider; error: Placement Client Error (4xx): {"errors": [{"status": 404, "title": "Not Found", "detail": "The resource could not be found.\n\n No resource provider with uuid 37a40f13-81e0-4481-a6c0-2fbf44126cc9 found for delete ", "request_id": "req-7688abd7-c969-4689-a163-9fd3b4e885ea"}]} [pid: 8|app: 0|req: 1013/2032] 10.0.0.47 () {32 vars in 773 bytes} [Tue Jul 14 18:51:59 2026] GET /v2.0/security-groups?tenant_id=2562b2251b6f4d74a11c51deb06637c9&name=default => generated 2925 bytes in 32 msecs (HTTP/1.1 200) 4 headers in 158 bytes (1 switches on core 0) [pid: 7|app: 0|req: 1020/2033] 10.0.0.47 () {34 vars in 680 bytes} [Tue Jul 14 18:51:59 2026] POST /v2.0/rbac-policies => generated 324 bytes in 160 msecs (HTTP/1.1 201) 4 headers in 162 bytes (1 switches on core 0) [pid: 8|app: 0|req: 1014/2034] 10.0.0.47 () {32 vars in 739 bytes} [Tue Jul 14 18:51:59 2026] DELETE /v2.0/security-groups/3a3f4a62-5a92-4581-8d4b-e5e0dafc0799 => generated 0 bytes in 179 msecs (HTTP/1.1 204) 2 headers in 112 bytes (1 switches on core 0) [pid: 7|app: 0|req: 1021/2035] 10.0.0.47 () {32 vars in 722 bytes} [Tue Jul 14 18:52:00 2026] GET /v2.0/networks/3c609940-808d-44d3-a6fa-8375ce6b03a3 => generated 692 bytes in 249 msecs (HTTP/1.1 200) 4 headers in 157 bytes (1 switches on core 0)
2026-07-14 18:52:01.064 8 INFO neutron.pecan_wsgi.hooks.translation [None req-e2408f20-898c-408a-8330-fa8c6f24962e a01e4ef188c04f7cbbcc5cbbccc53109 577a4f69d6004085a14ce9f160754f16 - - default default] GET failed (client error): The resource could not be found. [pid: 8|app: 0|req: 1015/2036] 10.0.0.47 () {32 vars in 722 bytes} [Tue Jul 14 18:52:00 2026] GET /v2.0/networks/3c609940-808d-44d3-a6fa-8375ce6b03a3 => generated 138 bytes in 224 msecs (HTTP/1.1 404) 4 headers in 164 bytes (1 switches on core 0)
2026-07-14 18:52:01.243 7 INFO neutron_taas.services.taas.taas_plugin [None req-dae3bb49-1cc1-4cc7-9c5a-0c7fe2803ff6 d2d0d54d23a04c1591d568b8040d1eb5 cc37de6580504bf9bab1f49f96ce9c6a - - default default] TaaS: Handle Delete Port: 9ab2a1d5-74e6-46e9-a3c7-82ed8d18f222
2026-07-14 18:52:01.246 7 INFO neutron_taas.services.taas.tap_mirror_plugin [None req-dae3bb49-1cc1-4cc7-9c5a-0c7fe2803ff6 d2d0d54d23a04c1591d568b8040d1eb5 cc37de6580504bf9bab1f49f96ce9c6a - - default default] Tap Mirror: Handle Delete Port: 9ab2a1d5-74e6-46e9-a3c7-82ed8d18f222
2026-07-14 18:52:01.568 7 INFO neutron.services.segments.plugin [-] Segment c194082f-a095-4fad-9f22-9f0e5cfb1280 resource provider aggregate not found
2026-07-14 18:52:01.574 7 INFO neutron.services.segments.plugin [-] Segment c194082f-a095-4fad-9f22-9f0e5cfb1280 resource provider aggregate not found
2026-07-14 18:52:01.597 7 INFO neutron.services.segments.plugin [-] Client error retrieving segment c194082f-a095-4fad-9f22-9f0e5cfb1280 resource provider; error: Placement Client Error (4xx): {"errors": [{"status": 404, "title": "Not Found", "detail": "The resource could not be found.\n\n No resource provider with uuid c194082f-a095-4fad-9f22-9f0e5cfb1280 found for delete ", "request_id": "req-8da79a56-ce62-4dc9-aabf-aa683c1ef56e"}]}
2026-07-14 18:52:01.599 7 INFO neutron.services.segments.plugin [-] Client error retrieving segment c194082f-a095-4fad-9f22-9f0e5cfb1280 resource provider; error: Placement Client Error (4xx): {"errors": [{"status": 404, "title": "Not Found", "detail": "The resource could not be found.\n\n No resource provider with uuid c194082f-a095-4fad-9f22-9f0e5cfb1280 found for delete ", "request_id": "req-c5f5e9e8-789e-48a9-bf70-c96ae6276945"}]} [pid: 7|app: 0|req: 1022/2037] 10.0.0.47 () {32 vars in 725 bytes} [Tue Jul 14 18:52:01 2026] DELETE /v2.0/networks/3c609940-808d-44d3-a6fa-8375ce6b03a3 => generated 0 bytes in 549 msecs (HTTP/1.1 204) 3 headers in 131 bytes (1 switches on core 0)
2026-07-14 18:52:01.640 8 INFO neutron.pecan_wsgi.hooks.translation [None req-745481ca-b2a0-404b-b6ed-ae0df8f5b60a d2d0d54d23a04c1591d568b8040d1eb5 cc37de6580504bf9bab1f49f96ce9c6a - - default default] DELETE failed (client error): The resource could not be found. [pid: 8|app: 0|req: 1016/2038] 10.0.0.47 () {32 vars in 723 bytes} [Tue Jul 14 18:52:01 2026] DELETE /v2.0/subnets/08d50290-6586-4fc2-841f-f2742c60d1ff => generated 136 bytes in 17 msecs (HTTP/1.1 404) 4 headers in 164 bytes (1 switches on core 0)
2026-07-14 18:52:01.665 7 INFO neutron.pecan_wsgi.hooks.translation [None req-45a6e038-b5cb-4dac-ad3e-945b6f0304e0 d2d0d54d23a04c1591d568b8040d1eb5 cc37de6580504bf9bab1f49f96ce9c6a - - default default] DELETE failed (client error): The resource could not be found. [pid: 7|app: 0|req: 1023/2039] 10.0.0.47 () {32 vars in 723 bytes} [Tue Jul 14 18:52:01 2026] DELETE /v2.0/subnets/9b49d781-d270-4c1e-8b6b-008530a78529 => generated 136 bytes in 19 msecs (HTTP/1.1 404) 4 headers in 164 bytes (1 switches on core 0)
2026-07-14 18:52:01.683 8 INFO neutron.pecan_wsgi.hooks.translation [None req-f536ab8c-ecb8-4b39-8f6b-f2c05932aa11 d2d0d54d23a04c1591d568b8040d1eb5 cc37de6580504bf9bab1f49f96ce9c6a - - default default] DELETE failed (client error): The resource could not be found. [pid: 8|app: 0|req: 1017/2040] 10.0.0.47 () {32 vars in 723 bytes} [Tue Jul 14 18:52:01 2026] DELETE /v2.0/subnets/2637a898-705e-4c77-b6bd-57fd4122837d => generated 136 bytes in 14 msecs (HTTP/1.1 404) 4 headers in 164 bytes (1 switches on core 0)
2026-07-14 18:52:02.620 7 WARNING neutron.db.securitygroups_db [None req-ef815f4b-f45f-4cb1-bf2c-edcecd1d80eb caee15f605894228b0d2a2d2adf2c41e eee9f0c15dac461d8b393394731233e9 - - default default] project_id key not found in filters, using tenant_id instead. This support has been deprecated and will be removed in a future release.
2026-07-14 18:52:02.785 7 INFO neutron.db.ovn_revision_numbers_db [None req-ef815f4b-f45f-4cb1-bf2c-edcecd1d80eb caee15f605894228b0d2a2d2adf2c41e eee9f0c15dac461d8b393394731233e9 - - default default] Successfully bumped revision number for resource ef373973-4125-40b9-a126-67d07a4ffbad (type: security_groups) to 1
2026-07-14 18:52:02.798 7 INFO neutron.db.ovn_revision_numbers_db [None req-ef815f4b-f45f-4cb1-bf2c-edcecd1d80eb caee15f605894228b0d2a2d2adf2c41e eee9f0c15dac461d8b393394731233e9 - - default default] Successfully bumped revision number for resource 0a5a873a-4ca8-49a0-afe4-822b05d69de3 (type: security_group_rules) to 0
2026-07-14 18:52:02.811 7 INFO neutron.db.ovn_revision_numbers_db [None req-ef815f4b-f45f-4cb1-bf2c-edcecd1d80eb caee15f605894228b0d2a2d2adf2c41e eee9f0c15dac461d8b393394731233e9 - - default default] Successfully bumped revision number for resource 20b19c00-0784-42e4-bbbc-93c6ca0fcd75 (type: security_group_rules) to 0
2026-07-14 18:52:02.822 7 INFO neutron.db.ovn_revision_numbers_db [None req-ef815f4b-f45f-4cb1-bf2c-edcecd1d80eb caee15f605894228b0d2a2d2adf2c41e eee9f0c15dac461d8b393394731233e9 - - default default] Successfully bumped revision number for resource 510f8ec4-3549-4061-a2bd-00d617d14798 (type: security_group_rules) to 0
2026-07-14 18:52:02.839 7 INFO neutron.db.ovn_revision_numbers_db [None req-ef815f4b-f45f-4cb1-bf2c-edcecd1d80eb caee15f605894228b0d2a2d2adf2c41e eee9f0c15dac461d8b393394731233e9 - - default default] Successfully bumped revision number for resource f98c52c9-f3aa-4142-9da5-5c70f7d86339 (type: security_group_rules) to 0 [pid: 7|app: 0|req: 1024/2041] 10.0.0.47 () {32 vars in 773 bytes} [Tue Jul 14 18:52:02 2026] GET /v2.0/security-groups?tenant_id=577a4f69d6004085a14ce9f160754f16&name=default => generated 2925 bytes in 423 msecs (HTTP/1.1 200) 4 headers in 158 bytes (1 switches on core 0) [pid: 8|app: 0|req: 1018/2042] 10.0.0.47 () {32 vars in 739 bytes} [Tue Jul 14 18:52:02 2026] DELETE /v2.0/security-groups/ef373973-4125-40b9-a126-67d07a4ffbad => generated 0 bytes in 204 msecs (HTTP/1.1 204) 2 headers in 112 bytes (1 switches on core 0)
2026-07-14 18:52:03.198 8 WARNING neutron.db.securitygroups_db [None req-60492ea2-2892-409b-a802-3191bec47371 caee15f605894228b0d2a2d2adf2c41e eee9f0c15dac461d8b393394731233e9 - - default default] project_id key not found in filters, using tenant_id instead. This support has been deprecated and will be removed in a future release. [pid: 8|app: 0|req: 1019/2043] 10.0.0.47 () {32 vars in 773 bytes} [Tue Jul 14 18:52:03 2026] GET /v2.0/security-groups?tenant_id=cc37de6580504bf9bab1f49f96ce9c6a&name=default => generated 2925 bytes in 36 msecs (HTTP/1.1 200) 4 headers in 158 bytes (1 switches on core 0) [pid: 8|app: 0|req: 1020/2044] 10.0.0.47 () {32 vars in 739 bytes} [Tue Jul 14 18:52:03 2026] DELETE /v2.0/security-groups/9b14828b-9291-457f-9113-983a67d95ea4 => generated 0 bytes in 211 msecs (HTTP/1.1 204) 2 headers in 112 bytes (1 switches on core 0)
2026-07-14 18:52:03.511 7 INFO neutron.db.ovn_revision_numbers_db [None req-6ca11e18-a4de-42e1-b6cd-0be47d8350a1 2db05e3f09494601a3089a75f660d4cc 6b517a6ac6f44d05802d82c98fec5177 - - default default] Successfully bumped revision number for resource 611b6180-08f7-428b-a252-49a3f96c53de (type: security_groups) to 1
2026-07-14 18:52:03.523 7 INFO neutron.db.ovn_revision_numbers_db [None req-6ca11e18-a4de-42e1-b6cd-0be47d8350a1 2db05e3f09494601a3089a75f660d4cc 6b517a6ac6f44d05802d82c98fec5177 - - default default] Successfully bumped revision number for resource 349c89fb-3779-4ee3-8b73-f05173525022 (type: security_group_rules) to 0
2026-07-14 18:52:03.537 7 INFO neutron.db.ovn_revision_numbers_db [None req-6ca11e18-a4de-42e1-b6cd-0be47d8350a1 2db05e3f09494601a3089a75f660d4cc 6b517a6ac6f44d05802d82c98fec5177 - - default default] Successfully bumped revision number for resource 527170f0-e62d-4fad-8cef-e3b272d0e207 (type: security_group_rules) to 0
2026-07-14 18:52:03.553 7 INFO neutron.db.ovn_revision_numbers_db [None req-6ca11e18-a4de-42e1-b6cd-0be47d8350a1 2db05e3f09494601a3089a75f660d4cc 6b517a6ac6f44d05802d82c98fec5177 - - default default] Successfully bumped revision number for resource 553276f6-a067-4c3f-bf57-1fb6fdc43ba1 (type: security_group_rules) to 0
2026-07-14 18:52:03.566 7 INFO neutron.db.ovn_revision_numbers_db [None req-6ca11e18-a4de-42e1-b6cd-0be47d8350a1 2db05e3f09494601a3089a75f660d4cc 6b517a6ac6f44d05802d82c98fec5177 - - default default] Successfully bumped revision number for resource a50e49be-f7dc-4b54-8623-20e5bf1791c7 (type: security_group_rules) to 0
2026-07-14 18:52:03.585 8 WARNING neutron.db.securitygroups_db [None req-5f1c2c68-0470-406e-b883-f34479e6d73c caee15f605894228b0d2a2d2adf2c41e eee9f0c15dac461d8b393394731233e9 - - default default] project_id key not found in filters, using tenant_id instead. This support has been deprecated and will be removed in a future release.
2026-07-14 18:52:03.635 7 INFO neutron.db.segments_db [None req-6ca11e18-a4de-42e1-b6cd-0be47d8350a1 2db05e3f09494601a3089a75f660d4cc 6b517a6ac6f44d05802d82c98fec5177 - - default default] Added segment 8bd39573-018c-4c32-8472-eb643c37b101 of type geneve for network be96bfae-d585-4787-9d65-e96af2f99fc9
2026-07-14 18:52:03.713 8 INFO neutron.db.ovn_revision_numbers_db [None req-5f1c2c68-0470-406e-b883-f34479e6d73c caee15f605894228b0d2a2d2adf2c41e eee9f0c15dac461d8b393394731233e9 - - default default] Successfully bumped revision number for resource 5fe072b9-23b4-4284-bcd5-b1ffd71968ed (type: security_groups) to 1
2026-07-14 18:52:03.725 8 INFO neutron.db.ovn_revision_numbers_db [None req-5f1c2c68-0470-406e-b883-f34479e6d73c caee15f605894228b0d2a2d2adf2c41e eee9f0c15dac461d8b393394731233e9 - - default default] Successfully bumped revision number for resource 7056f2f8-b522-48d0-b035-dc293a580d5c (type: security_group_rules) to 0
2026-07-14 18:52:03.738 8 INFO neutron.db.ovn_revision_numbers_db [None req-5f1c2c68-0470-406e-b883-f34479e6d73c caee15f605894228b0d2a2d2adf2c41e eee9f0c15dac461d8b393394731233e9 - - default default] Successfully bumped revision number for resource 746ad5dd-6f0e-4af5-9000-c70f542452bd (type: security_group_rules) to 0
2026-07-14 18:52:03.751 8 INFO neutron.db.ovn_revision_numbers_db [None req-5f1c2c68-0470-406e-b883-f34479e6d73c caee15f605894228b0d2a2d2adf2c41e eee9f0c15dac461d8b393394731233e9 - - default default] Successfully bumped revision number for resource bac4f359-5224-4b9a-83b8-da9a9756baa9 (type: security_group_rules) to 0
2026-07-14 18:52:03.764 8 INFO neutron.db.ovn_revision_numbers_db [None req-5f1c2c68-0470-406e-b883-f34479e6d73c caee15f605894228b0d2a2d2adf2c41e eee9f0c15dac461d8b393394731233e9 - - default default] Successfully bumped revision number for resource d181d4c2-c606-4210-bf4e-09a9f7edd668 (type: security_group_rules) to 0
2026-07-14 18:52:03.808 7 INFO neutron.db.ovn_revision_numbers_db [None req-6ca11e18-a4de-42e1-b6cd-0be47d8350a1 2db05e3f09494601a3089a75f660d4cc 6b517a6ac6f44d05802d82c98fec5177 - - default default] Successfully bumped revision number for resource be96bfae-d585-4787-9d65-e96af2f99fc9 (type: networks) to 1 [pid: 8|app: 0|req: 1021/2045] 10.0.0.47 () {32 vars in 773 bytes} [Tue Jul 14 18:52:03 2026] GET /v2.0/security-groups?tenant_id=5f59b998bc6c4fe8894870540eafd655&name=default => generated 2925 bytes in 242 msecs (HTTP/1.1 200) 4 headers in 158 bytes (1 switches on core 0) [pid: 8|app: 0|req: 1022/2046] 10.0.0.47 () {32 vars in 739 bytes} [Tue Jul 14 18:52:03 2026] DELETE /v2.0/security-groups/5fe072b9-23b4-4284-bcd5-b1ffd71968ed => generated 0 bytes in 193 msecs (HTTP/1.1 204) 2 headers in 112 bytes (1 switches on core 0)
2026-07-14 18:52:04.040 7 WARNING neutron.scheduler.dhcp_agent_scheduler [None req-6ca11e18-a4de-42e1-b6cd-0be47d8350a1 2db05e3f09494601a3089a75f660d4cc 6b517a6ac6f44d05802d82c98fec5177 - - default default] No more DHCP agents
2026-07-14 18:52:04.043 7 WARNING neutron.api.rpc.agentnotifiers.dhcp_rpc_agent_api [None req-6ca11e18-a4de-42e1-b6cd-0be47d8350a1 2db05e3f09494601a3089a75f660d4cc 6b517a6ac6f44d05802d82c98fec5177 - - default default] Unable to schedule network be96bfae-d585-4787-9d65-e96af2f99fc9: no agents available; will retry on subsequent port and subnet creation events.
2026-07-14 18:52:04.122 8 INFO neutron.plugins.ml2.drivers.ovn.mech_driver.mech_driver [None req-4909f975-8938-4e68-88b8-b6235cc9d0bc - - - - - -] OVN reports status down for port: c10f7d3a-d3b7-417d-a9cc-2f55049ef135
2026-07-14 18:52:04.138 7 INFO neutron.db.ovn_revision_numbers_db [None req-6ca11e18-a4de-42e1-b6cd-0be47d8350a1 2db05e3f09494601a3089a75f660d4cc 6b517a6ac6f44d05802d82c98fec5177 - - default default] Successfully bumped revision number for resource c10f7d3a-d3b7-417d-a9cc-2f55049ef135 (type: ports) to 1 [pid: 7|app: 0|req: 1025/2047] 10.0.0.47 () {34 vars in 669 bytes} [Tue Jul 14 18:52:03 2026] POST /v2.0/networks => generated 670 bytes in 1022 msecs (HTTP/1.1 201) 4 headers in 162 bytes (1 switches on core 0)
