2026-07-14 18:53:23.464 7 WARNING tagging [None req-f0ac2d8c-0ccb-4f20-97ee-b720eb4892fe 477b44bcf753494691a8bda4c1c3c20e 3ee1660b67204ba796c188333698231b - - default default] project_id key not found in request, using tenant_id instead. This support has been deprecated and will be removed in a future release. [pid: 7|app: 0|req: 1292/2580] 10.0.0.47 () {34 vars in 748 bytes} [Tue Jul 14 18:53:23 2026] PUT /v2.0/trunks/1e9e7334-54d2-432c-88dc-68ab3079f7fe/tags => generated 19 bytes in 33 msecs (HTTP/1.1 200) 4 headers in 156 bytes (1 switches on core 0) [pid: 8|app: 0|req: 1289/2581] 10.0.0.47 () {32 vars in 661 bytes} [Tue Jul 14 18:53:23 2026] GET /v2.0/trunks?tags=red => generated 1252 bytes in 21 msecs (HTTP/1.1 200) 4 headers in 158 bytes (1 switches on core 0) [pid: 7|app: 0|req: 1293/2582] 10.0.0.47 () {32 vars in 675 bytes} [Tue Jul 14 18:53:23 2026] GET /v2.0/trunks?tags=red%2Cblue => generated 847 bytes in 20 msecs (HTTP/1.1 200) 4 headers in 157 bytes (1 switches on core 0) [pid: 8|app: 0|req: 1290/2583] 10.0.0.47 () {32 vars in 671 bytes} [Tue Jul 14 18:53:23 2026] GET /v2.0/trunks?tags-any=blue => generated 847 bytes in 22 msecs (HTTP/1.1 200) 4 headers in 157 bytes (1 switches on core 0) [pid: 7|app: 0|req: 1294/2584] 10.0.0.47 () {32 vars in 683 bytes} [Tue Jul 14 18:53:23 2026] GET /v2.0/trunks?tags-any=red%2Cblue => generated 1252 bytes in 19 msecs (HTTP/1.1 200) 4 headers in 158 bytes (1 switches on core 0) [pid: 8|app: 0|req: 1291/2585] 10.0.0.47 () {32 vars in 669 bytes} [Tue Jul 14 18:53:23 2026] GET /v2.0/trunks?not-tags=red => generated 819 bytes in 18 msecs (HTTP/1.1 200) 4 headers in 157 bytes (1 switches on core 0) [pid: 7|app: 0|req: 1295/2586] 10.0.0.47 () {32 vars in 683 bytes} [Tue Jul 14 18:53:23 2026] GET /v2.0/trunks?not-tags=red%2Cblue => generated 1224 bytes in 21 msecs (HTTP/1.1 200) 4 headers in 158 bytes (1 switches on core 0) [pid: 8|app: 0|req: 1292/2587] 10.0.0.47 () {32 vars in 679 bytes} [Tue Jul 14 18:53:23 2026] GET /v2.0/trunks?not-tags-any=blue => generated 1224 bytes in 23 msecs (HTTP/1.1 200) 4 headers in 158 bytes (1 switches on core 0) [pid: 7|app: 0|req: 1296/2588] 10.0.0.47 () {32 vars in 691 bytes} [Tue Jul 14 18:53:23 2026] GET /v2.0/trunks?not-tags-any=red%2Cblue => generated 819 bytes in 22 msecs (HTTP/1.1 200) 4 headers in 157 bytes (1 switches on core 0) [pid: 8|app: 0|req: 1293/2589] 10.0.0.47 () {32 vars in 718 bytes} [Tue Jul 14 18:53:23 2026] GET /v2.0/trunks/bb4c4b2b-2474-4eeb-830c-5edee2ff2821 => generated 414 bytes in 14 msecs (HTTP/1.1 200) 4 headers in 157 bytes (1 switches on core 0) [pid: 7|app: 0|req: 1297/2590] 10.0.0.47 () {32 vars in 716 bytes} [Tue Jul 14 18:53:23 2026] GET /v2.0/ports/25080aae-06ad-4cf8-a510-57f91f2bc4c4 => generated 826 bytes in 91 msecs (HTTP/1.1 200) 4 headers in 157 bytes (1 switches on core 0) [pid: 8|app: 0|req: 1294/2591] 10.0.0.47 () {32 vars in 721 bytes} [Tue Jul 14 18:53:23 2026] DELETE /v2.0/trunks/bb4c4b2b-2474-4eeb-830c-5edee2ff2821 => generated 0 bytes in 93 msecs (HTTP/1.1 204) 2 headers in 112 bytes (1 switches on core 0) [pid: 7|app: 0|req: 1298/2592] 10.0.0.47 () {32 vars in 718 bytes} [Tue Jul 14 18:53:23 2026] GET /v2.0/trunks/e54d71c9-8e0f-4dc7-bc6b-4392883faa3b => generated 422 bytes in 15 msecs (HTTP/1.1 200) 4 headers in 157 bytes (1 switches on core 0) [pid: 8|app: 0|req: 1295/2593] 10.0.0.47 () {32 vars in 716 bytes} [Tue Jul 14 18:53:23 2026] GET /v2.0/ports/f84ece92-7054-43af-8369-81f9e8fc5718 => generated 826 bytes in 70 msecs (HTTP/1.1 200) 4 headers in 157 bytes (1 switches on core 0) [pid: 7|app: 0|req: 1299/2594] 10.0.0.47 () {32 vars in 721 bytes} [Tue Jul 14 18:53:24 2026] DELETE /v2.0/trunks/e54d71c9-8e0f-4dc7-bc6b-4392883faa3b => generated 0 bytes in 97 msecs (HTTP/1.1 204) 2 headers in 112 bytes (1 switches on core 0) [pid: 8|app: 0|req: 1296/2595] 10.0.0.47 () {32 vars in 718 bytes} [Tue Jul 14 18:53:24 2026] GET /v2.0/trunks/fede6b63-8d0b-4d65-ac2f-287a40a1512e => generated 431 bytes in 17 msecs (HTTP/1.1 200) 4 headers in 157 bytes (1 switches on core 0) [pid: 7|app: 0|req: 1300/2596] 10.0.0.47 () {32 vars in 716 bytes} [Tue Jul 14 18:53:24 2026] GET /v2.0/ports/e16c06cb-50f9-4fd1-8dea-cc54d3dbc9c5 => generated 826 bytes in 78 msecs (HTTP/1.1 200) 4 headers in 157 bytes (1 switches on core 0) [pid: 8|app: 0|req: 1297/2597] 10.0.0.47 () {32 vars in 721 bytes} [Tue Jul 14 18:53:24 2026] DELETE /v2.0/trunks/fede6b63-8d0b-4d65-ac2f-287a40a1512e => generated 0 bytes in 70 msecs (HTTP/1.1 204) 2 headers in 112 bytes (1 switches on core 0) [pid: 7|app: 0|req: 1301/2598] 10.0.0.47 () {32 vars in 718 bytes} [Tue Jul 14 18:53:24 2026] GET /v2.0/trunks/1e9e7334-54d2-432c-88dc-68ab3079f7fe => generated 416 bytes in 17 msecs (HTTP/1.1 200) 4 headers in 157 bytes (1 switches on core 0) [pid: 8|app: 0|req: 1298/2599] 10.0.0.47 () {32 vars in 716 bytes} [Tue Jul 14 18:53:24 2026] GET /v2.0/ports/0aafbb3c-42c6-4466-91c5-53f9284e1ce0 => generated 826 bytes in 76 msecs (HTTP/1.1 200) 4 headers in 157 bytes (1 switches on core 0) [pid: 7|app: 0|req: 1302/2600] 10.0.0.47 () {32 vars in 721 bytes} [Tue Jul 14 18:53:24 2026] DELETE /v2.0/trunks/1e9e7334-54d2-432c-88dc-68ab3079f7fe => generated 0 bytes in 69 msecs (HTTP/1.1 204) 2 headers in 112 bytes (1 switches on core 0) [pid: 8|app: 0|req: 1299/2601] 10.0.0.47 () {32 vars in 718 bytes} [Tue Jul 14 18:53:24 2026] GET /v2.0/trunks/62e15b33-d504-4487-8918-8723120888b9 => generated 409 bytes in 17 msecs (HTTP/1.1 200) 4 headers in 157 bytes (1 switches on core 0) [pid: 7|app: 0|req: 1303/2602] 10.0.0.47 () {32 vars in 716 bytes} [Tue Jul 14 18:53:24 2026] GET /v2.0/ports/5254fac4-fb94-40c2-b3c8-8db1268cb471 => generated 826 bytes in 73 msecs (HTTP/1.1 200) 4 headers in 157 bytes (1 switches on core 0) [pid: 8|app: 0|req: 1300/2603] 10.0.0.47 () {32 vars in 721 bytes} [Tue Jul 14 18:53:24 2026] DELETE /v2.0/trunks/62e15b33-d504-4487-8918-8723120888b9 => generated 0 bytes in 74 msecs (HTTP/1.1 204) 2 headers in 112 bytes (1 switches on core 0)
2026-07-14 18:53:24.778 7 INFO neutron_taas.services.taas.taas_plugin [None req-250f0779-bee4-4b7a-9870-88dadfca7fec 477b44bcf753494691a8bda4c1c3c20e 3ee1660b67204ba796c188333698231b - - default default] TaaS: Handle Delete Port: 25080aae-06ad-4cf8-a510-57f91f2bc4c4
2026-07-14 18:53:24.782 7 INFO neutron_taas.services.taas.tap_mirror_plugin [None req-250f0779-bee4-4b7a-9870-88dadfca7fec 477b44bcf753494691a8bda4c1c3c20e 3ee1660b67204ba796c188333698231b - - default default] Tap Mirror: Handle Delete Port: 25080aae-06ad-4cf8-a510-57f91f2bc4c4 [pid: 7|app: 0|req: 1304/2604] 10.0.0.47 () {32 vars in 719 bytes} [Tue Jul 14 18:53:24 2026] DELETE /v2.0/ports/25080aae-06ad-4cf8-a510-57f91f2bc4c4 => generated 0 bytes in 235 msecs (HTTP/1.1 204) 3 headers in 131 bytes (1 switches on core 0)
2026-07-14 18:53:25.010 8 INFO neutron_taas.services.taas.taas_plugin [None req-31e9cfef-a591-4d61-b5ce-7d062b06b2ef 477b44bcf753494691a8bda4c1c3c20e 3ee1660b67204ba796c188333698231b - - default default] TaaS: Handle Delete Port: f84ece92-7054-43af-8369-81f9e8fc5718
2026-07-14 18:53:25.014 8 INFO neutron_taas.services.taas.tap_mirror_plugin [None req-31e9cfef-a591-4d61-b5ce-7d062b06b2ef 477b44bcf753494691a8bda4c1c3c20e 3ee1660b67204ba796c188333698231b - - default default] Tap Mirror: Handle Delete Port: f84ece92-7054-43af-8369-81f9e8fc5718 [pid: 8|app: 0|req: 1301/2605] 10.0.0.47 () {32 vars in 719 bytes} [Tue Jul 14 18:53:24 2026] DELETE /v2.0/ports/f84ece92-7054-43af-8369-81f9e8fc5718 => generated 0 bytes in 249 msecs (HTTP/1.1 204) 3 headers in 131 bytes (1 switches on core 0)
2026-07-14 18:53:25.267 7 INFO neutron_taas.services.taas.taas_plugin [None req-6da78a9d-f57e-4a65-b14c-1c370819fa6f 477b44bcf753494691a8bda4c1c3c20e 3ee1660b67204ba796c188333698231b - - default default] TaaS: Handle Delete Port: e16c06cb-50f9-4fd1-8dea-cc54d3dbc9c5
2026-07-14 18:53:25.270 7 INFO neutron_taas.services.taas.tap_mirror_plugin [None req-6da78a9d-f57e-4a65-b14c-1c370819fa6f 477b44bcf753494691a8bda4c1c3c20e 3ee1660b67204ba796c188333698231b - - default default] Tap Mirror: Handle Delete Port: e16c06cb-50f9-4fd1-8dea-cc54d3dbc9c5 [pid: 7|app: 0|req: 1305/2606] 10.0.0.47 () {32 vars in 719 bytes} [Tue Jul 14 18:53:25 2026] DELETE /v2.0/ports/e16c06cb-50f9-4fd1-8dea-cc54d3dbc9c5 => generated 0 bytes in 236 msecs (HTTP/1.1 204) 3 headers in 131 bytes (1 switches on core 0)
2026-07-14 18:53:25.514 8 INFO neutron_taas.services.taas.taas_plugin [None req-c0661155-ce16-46d5-855c-36b11b1e0cbc 477b44bcf753494691a8bda4c1c3c20e 3ee1660b67204ba796c188333698231b - - default default] TaaS: Handle Delete Port: 0aafbb3c-42c6-4466-91c5-53f9284e1ce0
2026-07-14 18:53:25.517 8 INFO neutron_taas.services.taas.tap_mirror_plugin [None req-c0661155-ce16-46d5-855c-36b11b1e0cbc 477b44bcf753494691a8bda4c1c3c20e 3ee1660b67204ba796c188333698231b - - default default] Tap Mirror: Handle Delete Port: 0aafbb3c-42c6-4466-91c5-53f9284e1ce0 [pid: 8|app: 0|req: 1302/2607] 10.0.0.47 () {32 vars in 719 bytes} [Tue Jul 14 18:53:25 2026] DELETE /v2.0/ports/0aafbb3c-42c6-4466-91c5-53f9284e1ce0 => generated 0 bytes in 238 msecs (HTTP/1.1 204) 3 headers in 131 bytes (1 switches on core 0)
2026-07-14 18:53:25.741 7 INFO neutron_taas.services.taas.taas_plugin [None req-97b2d4f1-d6f1-49d5-8b6b-4a4b796abb7a 477b44bcf753494691a8bda4c1c3c20e 3ee1660b67204ba796c188333698231b - - default default] TaaS: Handle Delete Port: 5254fac4-fb94-40c2-b3c8-8db1268cb471
2026-07-14 18:53:25.743 7 INFO neutron_taas.services.taas.tap_mirror_plugin [None req-97b2d4f1-d6f1-49d5-8b6b-4a4b796abb7a 477b44bcf753494691a8bda4c1c3c20e 3ee1660b67204ba796c188333698231b - - default default] Tap Mirror: Handle Delete Port: 5254fac4-fb94-40c2-b3c8-8db1268cb471 [pid: 7|app: 0|req: 1306/2608] 10.0.0.47 () {32 vars in 719 bytes} [Tue Jul 14 18:53:25 2026] DELETE /v2.0/ports/5254fac4-fb94-40c2-b3c8-8db1268cb471 => generated 0 bytes in 201 msecs (HTTP/1.1 204) 3 headers in 131 bytes (1 switches on core 0)
2026-07-14 18:53:25.949 8 INFO neutron_taas.services.taas.taas_plugin [None req-04d15004-4ec0-4ca4-a908-25d87bb414a4 477b44bcf753494691a8bda4c1c3c20e 3ee1660b67204ba796c188333698231b - - default default] TaaS: Handle Delete Port: 7f99c70d-0f60-4d08-9441-54f18577f0e1
2026-07-14 18:53:25.952 8 INFO neutron_taas.services.taas.tap_mirror_plugin [None req-04d15004-4ec0-4ca4-a908-25d87bb414a4 477b44bcf753494691a8bda4c1c3c20e 3ee1660b67204ba796c188333698231b - - default default] Tap Mirror: Handle Delete Port: 7f99c70d-0f60-4d08-9441-54f18577f0e1
2026-07-14 18:53:26.122 8 INFO neutron.services.segments.plugin [-] Segment 347c8c4e-9403-47c1-8233-9854c3100e7a resource provider aggregate not found
2026-07-14 18:53:26.133 8 INFO neutron.services.segments.plugin [-] Segment 347c8c4e-9403-47c1-8233-9854c3100e7a resource provider aggregate not found
2026-07-14 18:53:26.152 8 INFO neutron.services.segments.plugin [-] Client error retrieving segment 347c8c4e-9403-47c1-8233-9854c3100e7a resource provider; error: Placement Client Error (4xx): {"errors": [{"status": 404, "title": "Not Found", "detail": "The resource could not be found.\n\n No resource provider with uuid 347c8c4e-9403-47c1-8233-9854c3100e7a found for delete ", "request_id": "req-72f44ea9-7440-43e0-8023-830a073c8593"}]}
2026-07-14 18:53:26.158 8 INFO neutron.services.segments.plugin [-] Client error retrieving segment 347c8c4e-9403-47c1-8233-9854c3100e7a resource provider; error: Placement Client Error (4xx): {"errors": [{"status": 404, "title": "Not Found", "detail": "The resource could not be found.\n\n No resource provider with uuid 347c8c4e-9403-47c1-8233-9854c3100e7a found for delete ", "request_id": "req-3c011fab-a5c7-41a5-9369-f2fd6c7b929d"}]} [pid: 8|app: 0|req: 1303/2609] 10.0.0.47 () {32 vars in 725 bytes} [Tue Jul 14 18:53:25 2026] DELETE /v2.0/networks/b3f1c0b5-825d-451b-a906-4fc527a0a73c => generated 0 bytes in 345 msecs (HTTP/1.1 204) 3 headers in 131 bytes (1 switches on core 0)
2026-07-14 18:53:26.318 7 INFO neutron_taas.services.taas.taas_plugin [None req-97a26fd6-4f5c-4420-8253-b4909cd2c255 477b44bcf753494691a8bda4c1c3c20e 3ee1660b67204ba796c188333698231b - - default default] TaaS: Handle Delete Port: f6a69157-08c2-4c8d-ae09-57e1a4ae6ece
2026-07-14 18:53:26.321 7 INFO neutron_taas.services.taas.tap_mirror_plugin [None req-97a26fd6-4f5c-4420-8253-b4909cd2c255 477b44bcf753494691a8bda4c1c3c20e 3ee1660b67204ba796c188333698231b - - default default] Tap Mirror: Handle Delete Port: f6a69157-08c2-4c8d-ae09-57e1a4ae6ece
2026-07-14 18:53:26.515 7 INFO neutron.services.segments.plugin [-] Segment 708931ee-b404-431d-a869-7f7813ed531c resource provider aggregate not found
2026-07-14 18:53:26.522 7 INFO neutron.services.segments.plugin [-] Segment 708931ee-b404-431d-a869-7f7813ed531c resource provider aggregate not found
2026-07-14 18:53:26.542 7 INFO neutron.services.segments.plugin [-] Client error retrieving segment 708931ee-b404-431d-a869-7f7813ed531c resource provider; error: Placement Client Error (4xx): {"errors": [{"status": 404, "title": "Not Found", "detail": "The resource could not be found.\n\n No resource provider with uuid 708931ee-b404-431d-a869-7f7813ed531c found for delete ", "request_id": "req-6bfc7625-b0b8-47af-8e3d-2cc306d5e9cb"}]}
2026-07-14 18:53:26.557 7 INFO neutron.services.segments.plugin [-] Client error retrieving segment 708931ee-b404-431d-a869-7f7813ed531c resource provider; error: Placement Client Error (4xx): {"errors": [{"status": 404, "title": "Not Found", "detail": "The resource could not be found.\n\n No resource provider with uuid 708931ee-b404-431d-a869-7f7813ed531c found for delete ", "request_id": "req-752d864e-2a93-45d3-9639-08f38e3a0952"}]} [pid: 7|app: 0|req: 1307/2610] 10.0.0.47 () {32 vars in 725 bytes} [Tue Jul 14 18:53:26 2026] DELETE /v2.0/networks/c8e01b73-49f7-454c-94ac-cae83315e43f => generated 0 bytes in 390 msecs (HTTP/1.1 204) 3 headers in 131 bytes (1 switches on core 0)
2026-07-14 18:53:26.709 8 INFO neutron_taas.services.taas.taas_plugin [None req-095e8138-04ce-4e6b-ab27-6996ae1a0a29 477b44bcf753494691a8bda4c1c3c20e 3ee1660b67204ba796c188333698231b - - default default] TaaS: Handle Delete Port: 59d5a43a-8d79-445f-9450-f3200e8b49de
2026-07-14 18:53:26.712 8 INFO neutron_taas.services.taas.tap_mirror_plugin [None req-095e8138-04ce-4e6b-ab27-6996ae1a0a29 477b44bcf753494691a8bda4c1c3c20e 3ee1660b67204ba796c188333698231b - - default default] Tap Mirror: Handle Delete Port: 59d5a43a-8d79-445f-9450-f3200e8b49de [pid: 8|app: 0|req: 1304/2611] 10.0.0.47 () {32 vars in 725 bytes} [Tue Jul 14 18:53:26 2026] DELETE /v2.0/networks/b9c52c30-884c-4470-a829-47f6fb7fe5b4 => generated 0 bytes in 345 msecs (HTTP/1.1 204) 3 headers in 131 bytes (1 switches on core 0)
2026-07-14 18:53:27.092 7 INFO neutron_taas.services.taas.taas_plugin [None req-41b5f4cd-2b4a-4334-a2e2-8a06109e345b 477b44bcf753494691a8bda4c1c3c20e 3ee1660b67204ba796c188333698231b - - default default] TaaS: Handle Delete Port: 74136d69-8c9b-425b-9e51-2576340dd351
2026-07-14 18:53:27.097 7 INFO neutron_taas.services.taas.tap_mirror_plugin [None req-41b5f4cd-2b4a-4334-a2e2-8a06109e345b 477b44bcf753494691a8bda4c1c3c20e 3ee1660b67204ba796c188333698231b - - default default] Tap Mirror: Handle Delete Port: 74136d69-8c9b-425b-9e51-2576340dd351 [pid: 7|app: 0|req: 1308/2612] 10.0.0.47 () {32 vars in 725 bytes} [Tue Jul 14 18:53:26 2026] DELETE /v2.0/networks/30edb00a-ce3c-455f-973e-868ed1b08078 => generated 0 bytes in 351 msecs (HTTP/1.1 204) 3 headers in 131 bytes (1 switches on core 0)
2026-07-14 18:53:27.957 8 INFO neutron_taas.services.taas.taas_plugin [None req-68f32e68-089e-467b-ba25-f22376463783 477b44bcf753494691a8bda4c1c3c20e 3ee1660b67204ba796c188333698231b - - default default] TaaS: Handle Delete Port: 2c1eb671-4892-4b31-be3b-9a0dbf27ebe4
2026-07-14 18:53:27.960 8 INFO neutron_taas.services.taas.tap_mirror_plugin [None req-68f32e68-089e-467b-ba25-f22376463783 477b44bcf753494691a8bda4c1c3c20e 3ee1660b67204ba796c188333698231b - - default default] Tap Mirror: Handle Delete Port: 2c1eb671-4892-4b31-be3b-9a0dbf27ebe4
2026-07-14 18:53:28.168 8 INFO neutron.services.segments.plugin [-] Segment 199808f5-d1c1-4e4d-accc-f8b962902cbf resource provider aggregate not found
2026-07-14 18:53:28.185 8 INFO neutron.services.segments.plugin [-] Client error retrieving segment 199808f5-d1c1-4e4d-accc-f8b962902cbf resource provider; error: Placement Client Error (4xx): {"errors": [{"status": 404, "title": "Not Found", "detail": "The resource could not be found.\n\n No resource provider with uuid 199808f5-d1c1-4e4d-accc-f8b962902cbf found for delete ", "request_id": "req-e55aa9c9-30ab-49a1-92ed-6d4b12c0ad04"}]}
2026-07-14 18:53:28.186 8 INFO neutron.services.segments.plugin [-] Segment 199808f5-d1c1-4e4d-accc-f8b962902cbf resource provider aggregate not found
2026-07-14 18:53:28.204 8 INFO neutron.services.segments.plugin [-] Client error retrieving segment 199808f5-d1c1-4e4d-accc-f8b962902cbf resource provider; error: Placement Client Error (4xx): {"errors": [{"status": 404, "title": "Not Found", "detail": "The resource could not be found.\n\n No resource provider with uuid 199808f5-d1c1-4e4d-accc-f8b962902cbf found for delete ", "request_id": "req-3f306001-c4d6-43df-88f8-327719b9b4a9"}]}
2026-07-14 18:53:28.219 8 INFO neutron.services.segments.plugin [-] Segment c054c8f7-e305-4445-9e2e-8355c02c30b1 resource provider aggregate not found
2026-07-14 18:53:28.238 8 INFO neutron.services.segments.plugin [-] Client error retrieving segment c054c8f7-e305-4445-9e2e-8355c02c30b1 resource provider; error: Placement Client Error (4xx): {"errors": [{"status": 404, "title": "Not Found", "detail": "The resource could not be found.\n\n No resource provider with uuid c054c8f7-e305-4445-9e2e-8355c02c30b1 found for delete ", "request_id": "req-da25d391-18af-4f51-bce1-49eff91ecb9f"}]} [pid: 8|app: 0|req: 1305/2613] 10.0.0.47 () {32 vars in 725 bytes} [Tue Jul 14 18:53:27 2026] DELETE /v2.0/networks/0e4e1a24-b12b-408d-8139-260dd9536c9f => generated 0 bytes in 957 msecs (HTTP/1.1 204) 3 headers in 131 bytes (1 switches on core 0)
2026-07-14 18:53:28.572 7 INFO neutron.services.segments.plugin [-] Segment ae4dee13-a9b9-455e-94d6-85983e7d2c41 resource provider aggregate not found
2026-07-14 18:53:28.577 7 INFO neutron.services.segments.plugin [-] Segment ae4dee13-a9b9-455e-94d6-85983e7d2c41 resource provider aggregate not found
2026-07-14 18:53:28.588 7 INFO neutron.services.segments.plugin [-] Client error retrieving segment ae4dee13-a9b9-455e-94d6-85983e7d2c41 resource provider; error: Placement Client Error (4xx): {"errors": [{"status": 404, "title": "Not Found", "detail": "The resource could not be found.\n\n No resource provider with uuid ae4dee13-a9b9-455e-94d6-85983e7d2c41 found for delete ", "request_id": "req-fb00a490-0a9e-4083-8af7-4fab5df1236c"}]}
2026-07-14 18:53:28.590 7 INFO neutron.services.segments.plugin [-] Client error retrieving segment ae4dee13-a9b9-455e-94d6-85983e7d2c41 resource provider; error: Placement Client Error (4xx): {"errors": [{"status": 404, "title": "Not Found", "detail": "The resource could not be found.\n\n No resource provider with uuid ae4dee13-a9b9-455e-94d6-85983e7d2c41 found for delete ", "request_id": "req-92738c33-9584-4e01-aedb-99556b495cb6"}]}
2026-07-14 18:53:29.193 7 WARNING neutron.db.securitygroups_db [None req-acc99fb4-6b83-49b1-9568-8dc33ee1bf95 caee15f605894228b0d2a2d2adf2c41e eee9f0c15dac461d8b393394731233e9 - - default default] project_id key not found in filters, using tenant_id instead. This support has been deprecated and will be removed in a future release. [pid: 7|app: 0|req: 1309/2614] 10.0.0.47 () {32 vars in 773 bytes} [Tue Jul 14 18:53:29 2026] GET /v2.0/security-groups?tenant_id=3ee1660b67204ba796c188333698231b&name=default => generated 2929 bytes in 200 msecs (HTTP/1.1 200) 4 headers in 158 bytes (1 switches on core 0) [pid: 8|app: 0|req: 1306/2615] 10.0.0.47 () {32 vars in 739 bytes} [Tue Jul 14 18:53:29 2026] DELETE /v2.0/security-groups/a00c85bc-856a-46d8-ac6c-8993511451bd => generated 0 bytes in 193 msecs (HTTP/1.1 204) 2 headers in 112 bytes (1 switches on core 0)
2026-07-14 18:53:29.509 7 WARNING neutron.db.securitygroups_db [None req-ad938117-f291-4be0-9646-b8eae2b46968 caee15f605894228b0d2a2d2adf2c41e eee9f0c15dac461d8b393394731233e9 - - default default] project_id key not found in filters, using tenant_id instead. This support has been deprecated and will be removed in a future release.
2026-07-14 18:53:29.639 7 INFO neutron.db.ovn_revision_numbers_db [None req-ad938117-f291-4be0-9646-b8eae2b46968 caee15f605894228b0d2a2d2adf2c41e eee9f0c15dac461d8b393394731233e9 - - default default] Successfully bumped revision number for resource 1f2810a2-7be9-4b6e-8f19-cf13fb18af64 (type: security_groups) to 1
2026-07-14 18:53:29.674 7 INFO neutron.db.ovn_revision_numbers_db [None req-ad938117-f291-4be0-9646-b8eae2b46968 caee15f605894228b0d2a2d2adf2c41e eee9f0c15dac461d8b393394731233e9 - - default default] Successfully bumped revision number for resource 32a65ba6-d8fc-4406-8036-2ffcd69a2726 (type: security_group_rules) to 0
2026-07-14 18:53:29.704 7 INFO neutron.db.ovn_revision_numbers_db [None req-ad938117-f291-4be0-9646-b8eae2b46968 caee15f605894228b0d2a2d2adf2c41e eee9f0c15dac461d8b393394731233e9 - - default default] Successfully bumped revision number for resource 36011989-0dc3-4cea-8d7b-b3d7bf035172 (type: security_group_rules) to 0
2026-07-14 18:53:29.718 7 INFO neutron.db.ovn_revision_numbers_db [None req-ad938117-f291-4be0-9646-b8eae2b46968 caee15f605894228b0d2a2d2adf2c41e eee9f0c15dac461d8b393394731233e9 - - default default] Successfully bumped revision number for resource 96c9d41f-867e-437b-be41-ac02ac5a9130 (type: security_group_rules) to 0
2026-07-14 18:53:29.730 7 INFO neutron.db.ovn_revision_numbers_db [None req-ad938117-f291-4be0-9646-b8eae2b46968 caee15f605894228b0d2a2d2adf2c41e eee9f0c15dac461d8b393394731233e9 - - default default] Successfully bumped revision number for resource b1425f14-9f91-4557-9dcd-1dbb788bb605 (type: security_group_rules) to 0 [pid: 7|app: 0|req: 1310/2616] 10.0.0.47 () {32 vars in 773 bytes} [Tue Jul 14 18:53:29 2026] GET /v2.0/security-groups?tenant_id=bce15a8eb5b349c289eea531f8ee2c16&name=default => generated 2929 bytes in 271 msecs (HTTP/1.1 200) 4 headers in 158 bytes (1 switches on core 0) [pid: 8|app: 0|req: 1307/2617] 10.0.0.47 () {32 vars in 739 bytes} [Tue Jul 14 18:53:29 2026] DELETE /v2.0/security-groups/1f2810a2-7be9-4b6e-8f19-cf13fb18af64 => generated 0 bytes in 165 msecs (HTTP/1.1 204) 2 headers in 112 bytes (1 switches on core 0)
2026-07-14 18:53:30.139 7 WARNING neutron.db.securitygroups_db [None req-376a6760-adba-4460-8476-8652b5cb0ab4 caee15f605894228b0d2a2d2adf2c41e eee9f0c15dac461d8b393394731233e9 - - default default] project_id key not found in filters, using tenant_id instead. This support has been deprecated and will be removed in a future release.
2026-07-14 18:53:30.203 8 INFO neutron.services.segments.plugin [-] Segment c054c8f7-e305-4445-9e2e-8355c02c30b1 resource provider aggregate not found
2026-07-14 18:53:30.218 8 INFO neutron.services.segments.plugin [-] Client error retrieving segment c054c8f7-e305-4445-9e2e-8355c02c30b1 resource provider; error: Placement Client Error (4xx): {"errors": [{"status": 404, "title": "Not Found", "detail": "The resource could not be found.\n\n No resource provider with uuid c054c8f7-e305-4445-9e2e-8355c02c30b1 found for delete ", "request_id": "req-35fe2c04-266c-4e79-b76a-2160fb45b1a1"}]}
2026-07-14 18:53:30.265 7 INFO neutron.db.ovn_revision_numbers_db [None req-376a6760-adba-4460-8476-8652b5cb0ab4 caee15f605894228b0d2a2d2adf2c41e eee9f0c15dac461d8b393394731233e9 - - default default] Successfully bumped revision number for resource e5880de8-0fb5-466f-8b1a-300aa8707bfa (type: security_groups) to 1
2026-07-14 18:53:30.277 7 INFO neutron.db.ovn_revision_numbers_db [None req-376a6760-adba-4460-8476-8652b5cb0ab4 caee15f605894228b0d2a2d2adf2c41e eee9f0c15dac461d8b393394731233e9 - - default default] Successfully bumped revision number for resource 665c7aac-a710-432f-b989-a2f757d49cc8 (type: security_group_rules) to 0
2026-07-14 18:53:30.288 7 INFO neutron.db.ovn_revision_numbers_db [None req-376a6760-adba-4460-8476-8652b5cb0ab4 caee15f605894228b0d2a2d2adf2c41e eee9f0c15dac461d8b393394731233e9 - - default default] Successfully bumped revision number for resource 71abbf11-0729-4478-889b-14d2ac4867ec (type: security_group_rules) to 0
2026-07-14 18:53:30.301 7 INFO neutron.db.ovn_revision_numbers_db [None req-376a6760-adba-4460-8476-8652b5cb0ab4 caee15f605894228b0d2a2d2adf2c41e eee9f0c15dac461d8b393394731233e9 - - default default] Successfully bumped revision number for resource 7f715861-23fa-4f58-ad98-8004b4f57707 (type: security_group_rules) to 0
2026-07-14 18:53:30.314 7 INFO neutron.db.ovn_revision_numbers_db [None req-376a6760-adba-4460-8476-8652b5cb0ab4 caee15f605894228b0d2a2d2adf2c41e eee9f0c15dac461d8b393394731233e9 - - default default] Successfully bumped revision number for resource 90882522-a7cc-494a-a38a-267971f13e65 (type: security_group_rules) to 0 [pid: 7|app: 0|req: 1311/2618] 10.0.0.47 () {32 vars in 773 bytes} [Tue Jul 14 18:53:30 2026] GET /v2.0/security-groups?tenant_id=32487185fafb4846b599c7a60e4c9c96&name=default => generated 2929 bytes in 219 msecs (HTTP/1.1 200) 4 headers in 158 bytes (1 switches on core 0) [pid: 8|app: 0|req: 1308/2619] 10.0.0.47 () {32 vars in 739 bytes} [Tue Jul 14 18:53:30 2026] DELETE /v2.0/security-groups/e5880de8-0fb5-466f-8b1a-300aa8707bfa => generated 0 bytes in 190 msecs (HTTP/1.1 204) 2 headers in 112 bytes (1 switches on core 0)
2026-07-14 18:53:34.121 7 INFO neutron.db.ovn_revision_numbers_db [None req-742441e9-f1c3-4236-a04e-6cb2bd45046f c0795833ec1b4defa201854572119406 e3040e7ee75d4beca87cb04a91f1aa80 - - default default] Successfully bumped revision number for resource 71772fec-d52e-4fb6-8f10-269566c81264 (type: security_groups) to 1
2026-07-14 18:53:34.139 7 INFO neutron.db.ovn_revision_numbers_db [None req-742441e9-f1c3-4236-a04e-6cb2bd45046f c0795833ec1b4defa201854572119406 e3040e7ee75d4beca87cb04a91f1aa80 - - default default] Successfully bumped revision number for resource 1f46c5f4-7541-4243-a9ca-04cda0d70476 (type: security_group_rules) to 0
2026-07-14 18:53:34.158 7 INFO neutron.db.ovn_revision_numbers_db [None req-742441e9-f1c3-4236-a04e-6cb2bd45046f c0795833ec1b4defa201854572119406 e3040e7ee75d4beca87cb04a91f1aa80 - - default default] Successfully bumped revision number for resource 47f76c50-d342-49c1-8d93-bac39006d34d (type: security_group_rules) to 0
2026-07-14 18:53:34.170 7 INFO neutron.db.ovn_revision_numbers_db [None req-742441e9-f1c3-4236-a04e-6cb2bd45046f c0795833ec1b4defa201854572119406 e3040e7ee75d4beca87cb04a91f1aa80 - - default default] Successfully bumped revision number for resource 8aeb9eef-2fab-4e62-8ab5-347c07d10538 (type: security_group_rules) to 0
2026-07-14 18:53:34.184 7 INFO neutron.db.ovn_revision_numbers_db [None req-742441e9-f1c3-4236-a04e-6cb2bd45046f c0795833ec1b4defa201854572119406 e3040e7ee75d4beca87cb04a91f1aa80 - - default default] Successfully bumped revision number for resource 8d343872-e69a-4cd7-93a4-b37c8e285b8b (type: security_group_rules) to 0
2026-07-14 18:53:34.261 7 INFO neutron.db.segments_db [None req-742441e9-f1c3-4236-a04e-6cb2bd45046f c0795833ec1b4defa201854572119406 e3040e7ee75d4beca87cb04a91f1aa80 - - default default] Added segment 93db19f6-7a51-4928-a35f-1171f8628610 of type geneve for network 6e090450-bb88-4941-8e14-aae48ac02e09
2026-07-14 18:53:34.377 7 INFO neutron.db.ovn_revision_numbers_db [None req-742441e9-f1c3-4236-a04e-6cb2bd45046f c0795833ec1b4defa201854572119406 e3040e7ee75d4beca87cb04a91f1aa80 - - default default] Successfully bumped revision number for resource 6e090450-bb88-4941-8e14-aae48ac02e09 (type: networks) to 1
2026-07-14 18:53:34.548 7 WARNING neutron.scheduler.dhcp_agent_scheduler [None req-742441e9-f1c3-4236-a04e-6cb2bd45046f c0795833ec1b4defa201854572119406 e3040e7ee75d4beca87cb04a91f1aa80 - - default default] No more DHCP agents
2026-07-14 18:53:34.550 7 WARNING neutron.api.rpc.agentnotifiers.dhcp_rpc_agent_api [None req-742441e9-f1c3-4236-a04e-6cb2bd45046f c0795833ec1b4defa201854572119406 e3040e7ee75d4beca87cb04a91f1aa80 - - default default] Unable to schedule network 6e090450-bb88-4941-8e14-aae48ac02e09: no agents available; will retry on subsequent port and subnet creation events.
2026-07-14 18:53:34.608 8 INFO neutron.plugins.ml2.drivers.ovn.mech_driver.mech_driver [None req-4909f975-8938-4e68-88b8-b6235cc9d0bc - - - - - -] OVN reports status down for port: f85df03f-e528-4345-b1f0-3fb938ef4521
2026-07-14 18:53:34.621 7 INFO neutron.db.ovn_revision_numbers_db [None req-742441e9-f1c3-4236-a04e-6cb2bd45046f c0795833ec1b4defa201854572119406 e3040e7ee75d4beca87cb04a91f1aa80 - - default default] Successfully bumped revision number for resource f85df03f-e528-4345-b1f0-3fb938ef4521 (type: ports) to 1 [pid: 7|app: 0|req: 1312/2620] 10.0.0.47 () {34 vars in 669 bytes} [Tue Jul 14 18:53:33 2026] POST /v2.0/networks => generated 670 bytes in 853 msecs (HTTP/1.1 201) 4 headers in 162 bytes (1 switches on core 0)
2026-07-14 18:53:34.917 8 WARNING neutron.scheduler.dhcp_agent_scheduler [None req-bb1faf8f-afda-460e-acfc-3adeef834c73 c0795833ec1b4defa201854572119406 e3040e7ee75d4beca87cb04a91f1aa80 - - default default] No more DHCP agents
2026-07-14 18:53:34.919 8 WARNING neutron.api.rpc.agentnotifiers.dhcp_rpc_agent_api [None req-bb1faf8f-afda-460e-acfc-3adeef834c73 c0795833ec1b4defa201854572119406 e3040e7ee75d4beca87cb04a91f1aa80 - - default default] Unable to schedule network 6e090450-bb88-4941-8e14-aae48ac02e09: no agents available; will retry on subsequent port and subnet creation events.
2026-07-14 18:53:34.982 7 INFO neutron.plugins.ml2.drivers.ovn.mech_driver.mech_driver [None req-c6f2d7bf-f750-4e40-8fe2-07d17e31458d - - - - - -] OVN reports status down for port: 36e2835b-f79d-4f7e-bf5c-44aa5e4945c1
2026-07-14 18:53:35.009 8 INFO neutron.db.ovn_revision_numbers_db [None req-bb1faf8f-afda-460e-acfc-3adeef834c73 c0795833ec1b4defa201854572119406 e3040e7ee75d4beca87cb04a91f1aa80 - - default default] Successfully bumped revision number for resource 36e2835b-f79d-4f7e-bf5c-44aa5e4945c1 (type: ports) to 1 [pid: 8|app: 0|req: 1309/2621] 10.0.0.47 () {34 vars in 663 bytes} [Tue Jul 14 18:53:34 2026] POST /v2.0/ports => generated 743 bytes in 385 msecs (HTTP/1.1 201) 4 headers in 162 bytes (1 switches on core 0) [pid: 7|app: 0|req: 1313/2622] 10.0.0.47 () {34 vars in 665 bytes} [Tue Jul 14 18:53:35 2026] POST /v2.0/trunks => generated 409 bytes in 210 msecs (HTTP/1.1 201) 4 headers in 162 bytes (1 switches on core 0) /var/lib/openstack/lib/python3.12/site-packages/pycadf/identifier.py:70: UserWarning: Invalid uuid: neutron. To ensure interoperability, identifiers should be a valid uuid. warnings.warn(('Invalid uuid: %s. To ensure interoperability, '
2026-07-14 18:53:35.274 8 WARNING tagging [None req-c5b16bd1-2d58-43d4-8ddd-f8e32e17bcc4 c0795833ec1b4defa201854572119406 e3040e7ee75d4beca87cb04a91f1aa80 - - default default] project_id key not found in request, using tenant_id instead. This support has been deprecated and will be removed in a future release. [pid: 8|app: 0|req: 1310/2623] 10.0.0.47 () {34 vars in 748 bytes} [Tue Jul 14 18:53:35 2026] PUT /v2.0/trunks/6ef1fe5a-3445-4ed4-a6c9-fea2280423bb/tags => generated 25 bytes in 42 msecs (HTTP/1.1 200) 4 headers in 156 bytes (1 switches on core 0)
2026-07-14 18:53:35.326 7 WARNING tagging [None req-661e6cea-6dbf-438b-9535-dfaf5a284ce0 c0795833ec1b4defa201854572119406 e3040e7ee75d4beca87cb04a91f1aa80 - - default default] project_id key not found in request, using tenant_id instead. This support has been deprecated and will be removed in a future release. [pid: 7|app: 0|req: 1314/2624] 10.0.0.47 () {32 vars in 728 bytes} [Tue Jul 14 18:53:35 2026] GET /v2.0/trunks/6ef1fe5a-3445-4ed4-a6c9-fea2280423bb/tags => generated 25 bytes in 36 msecs (HTTP/1.1 200) 4 headers in 156 bytes (1 switches on core 0)
2026-07-14 18:53:35.368 8 WARNING tagging [None req-6244ea65-6dad-4056-8f15-30b9a12934f5 c0795833ec1b4defa201854572119406 e3040e7ee75d4beca87cb04a91f1aa80 - - default default] project_id key not found in request, using tenant_id instead. This support has been deprecated and will be removed in a future release. [pid: 8|app: 0|req: 1311/2625] 10.0.0.47 () {34 vars in 759 bytes} [Tue Jul 14 18:53:35 2026] PUT /v2.0/trunks/6ef1fe5a-3445-4ed4-a6c9-fea2280423bb/tags/green => generated 4 bytes in 53 msecs (HTTP/1.1 201) 4 headers in 160 bytes (1 switches on core 0)
2026-07-14 18:53:35.415 7 WARNING tagging [None req-4074cffb-37c3-4e80-86b7-3bb1e8719c9b c0795833ec1b4defa201854572119406 e3040e7ee75d4beca87cb04a91f1aa80 - - default default] project_id key not found in request, using tenant_id instead. This support has been deprecated and will be removed in a future release. [pid: 7|app: 0|req: 1315/2626] 10.0.0.47 () {32 vars in 728 bytes} [Tue Jul 14 18:53:35 2026] GET /v2.0/trunks/6ef1fe5a-3445-4ed4-a6c9-fea2280423bb/tags => generated 34 bytes in 21 msecs (HTTP/1.1 200) 4 headers in 156 bytes (1 switches on core 0)
2026-07-14 18:53:35.443 8 WARNING tagging [None req-4b391f75-1824-4763-80e3-de2c12293d61 c0795833ec1b4defa201854572119406 e3040e7ee75d4beca87cb04a91f1aa80 - - default default] project_id key not found in request, using tenant_id instead. This support has been deprecated and will be removed in a future release. [pid: 8|app: 0|req: 1312/2627] 10.0.0.47 () {34 vars in 755 bytes} [Tue Jul 14 18:53:35 2026] PUT /v2.0/trunks/6ef1fe5a-3445-4ed4-a6c9-fea2280423bb/tags/red => generated 4 bytes in 33 msecs (HTTP/1.1 201) 4 headers in 160 bytes (1 switches on core 0)
2026-07-14 18:53:35.481 7 WARNING tagging [None req-5186cf2b-dbf4-466f-b97b-f9b274e60cc0 c0795833ec1b4defa201854572119406 e3040e7ee75d4beca87cb04a91f1aa80 - - default default] project_id key not found in request, using tenant_id instead. This support has been deprecated and will be removed in a future release. [pid: 7|app: 0|req: 1316/2628] 10.0.0.47 () {32 vars in 728 bytes} [Tue Jul 14 18:53:35 2026] GET /v2.0/trunks/6ef1fe5a-3445-4ed4-a6c9-fea2280423bb/tags => generated 34 bytes in 24 msecs (HTTP/1.1 200) 4 headers in 156 bytes (1 switches on core 0)
2026-07-14 18:53:35.510 8 WARNING tagging [None req-2c42599c-e6e2-43f1-a645-e0905d7158ef c0795833ec1b4defa201854572119406 e3040e7ee75d4beca87cb04a91f1aa80 - - default default] project_id key not found in request, using tenant_id instead. This support has been deprecated and will be removed in a future release. [pid: 8|app: 0|req: 1313/2629] 10.0.0.47 () {34 vars in 777 bytes} [Tue Jul 14 18:53:35 2026] PUT /v2.0/trunks/6ef1fe5a-3445-4ed4-a6c9-fea2280423bb/tags/black.or.white => generated 4 bytes in 45 msecs (HTTP/1.1 201) 4 headers in 160 bytes (1 switches on core 0)
2026-07-14 18:53:35.558 7 WARNING tagging [None req-76275d48-164b-4ba5-83e6-bb8ad3bd1dce c0795833ec1b4defa201854572119406 e3040e7ee75d4beca87cb04a91f1aa80 - - default default] project_id key not found in request, using tenant_id instead. This support has been deprecated and will be removed in a future release. [pid: 7|app: 0|req: 1317/2630] 10.0.0.47 () {32 vars in 728 bytes} [Tue Jul 14 18:53:35 2026] GET /v2.0/trunks/6ef1fe5a-3445-4ed4-a6c9-fea2280423bb/tags => generated 52 bytes in 21 msecs (HTTP/1.1 200) 4 headers in 156 bytes (1 switches on core 0)
2026-07-14 18:53:35.587 8 WARNING tagging [None req-47f84c23-9f2b-4e53-930c-1a0bbc6eb592 c0795833ec1b4defa201854572119406 e3040e7ee75d4beca87cb04a91f1aa80 - - default default] project_id key not found in request, using tenant_id instead. This support has been deprecated and will be removed in a future release. [pid: 8|app: 0|req: 1314/2631] 10.0.0.47 () {34 vars in 748 bytes} [Tue Jul 14 18:53:35 2026] PUT /v2.0/trunks/6ef1fe5a-3445-4ed4-a6c9-fea2280423bb/tags => generated 37 bytes in 43 msecs (HTTP/1.1 200) 4 headers in 156 bytes (1 switches on core 0)
2026-07-14 18:53:35.633 7 WARNING tagging [None req-4bee0062-9175-4aa2-a42c-548755e69285 c0795833ec1b4defa201854572119406 e3040e7ee75d4beca87cb04a91f1aa80 - - default default] project_id key not found in request, using tenant_id instead. This support has been deprecated and will be removed in a future release. [pid: 7|app: 0|req: 1318/2632] 10.0.0.47 () {32 vars in 728 bytes} [Tue Jul 14 18:53:35 2026] GET /v2.0/trunks/6ef1fe5a-3445-4ed4-a6c9-fea2280423bb/tags => generated 37 bytes in 22 msecs (HTTP/1.1 200) 4 headers in 156 bytes (1 switches on core 0)
2026-07-14 18:53:35.663 8 WARNING tagging [None req-0012d420-abc0-462c-87c4-8f75829ef1b9 c0795833ec1b4defa201854572119406 e3040e7ee75d4beca87cb04a91f1aa80 - - default default] project_id key not found in request, using tenant_id instead. This support has been deprecated and will be removed in a future release. [pid: 8|app: 0|req: 1315/2633] 10.0.0.47 () {32 vars in 736 bytes} [Tue Jul 14 18:53:35 2026] GET /v2.0/trunks/6ef1fe5a-3445-4ed4-a6c9-fea2280423bb/tags/red => generated 0 bytes in 26 msecs (HTTP/1.1 204) 2 headers in 112 bytes (1 switches on core 0)
2026-07-14 18:53:35.690 7 WARNING tagging [None req-648d3f47-cfd2-436d-a9b2-c5678e8cf880 c0795833ec1b4defa201854572119406 e3040e7ee75d4beca87cb04a91f1aa80 - - default default] project_id key not found in request, using tenant_id instead. This support has been deprecated and will be removed in a future release.
2026-07-14 18:53:35.697 7 INFO neutron.api.v2.resource [None req-648d3f47-cfd2-436d-a9b2-c5678e8cf880 c0795833ec1b4defa201854572119406 e3040e7ee75d4beca87cb04a91f1aa80 - - default default] show failed (client error): The resource could not be found. [pid: 7|app: 0|req: 1319/2634] 10.0.0.47 () {32 vars in 740 bytes} [Tue Jul 14 18:53:35 2026] GET /v2.0/trunks/6ef1fe5a-3445-4ed4-a6c9-fea2280423bb/tags/green => generated 99 bytes in 21 msecs (HTTP/1.1 404) 4 headers in 163 bytes (1 switches on core 0)
2026-07-14 18:53:35.716 8 WARNING tagging [None req-cd0f8705-13d7-46cd-89a8-05a6e4d08c5f c0795833ec1b4defa201854572119406 e3040e7ee75d4beca87cb04a91f1aa80 - - default default] project_id key not found in request, using tenant_id instead. This support has been deprecated and will be removed in a future release. [pid: 8|app: 0|req: 1316/2635] 10.0.0.47 () {32 vars in 739 bytes} [Tue Jul 14 18:53:35 2026] DELETE /v2.0/trunks/6ef1fe5a-3445-4ed4-a6c9-fea2280423bb/tags/red => generated 0 bytes in 35 msecs (HTTP/1.1 204) 2 headers in 112 bytes (1 switches on core 0)
2026-07-14 18:53:35.758 7 WARNING tagging [None req-42a54d2f-10ba-4eab-95d0-03c880114ba1 c0795833ec1b4defa201854572119406 e3040e7ee75d4beca87cb04a91f1aa80 - - default default] project_id key not found in request, using tenant_id instead. This support has been deprecated and will be removed in a future release. [pid: 7|app: 0|req: 1320/2636] 10.0.0.47 () {32 vars in 728 bytes} [Tue Jul 14 18:53:35 2026] GET /v2.0/trunks/6ef1fe5a-3445-4ed4-a6c9-fea2280423bb/tags => generated 30 bytes in 22 msecs (HTTP/1.1 200) 4 headers in 156 bytes (1 switches on core 0)
2026-07-14 18:53:35.785 8 WARNING tagging [None req-bd97e5ee-b768-4753-98ee-ef0ea15dea11 c0795833ec1b4defa201854572119406 e3040e7ee75d4beca87cb04a91f1aa80 - - default default] project_id key not found in request, using tenant_id instead. This support has been deprecated and will be removed in a future release.
2026-07-14 18:53:35.797 8 INFO neutron.api.v2.resource [None req-bd97e5ee-b768-4753-98ee-ef0ea15dea11 c0795833ec1b4defa201854572119406 e3040e7ee75d4beca87cb04a91f1aa80 - - default default] delete failed (client error): The resource could not be found. [pid: 8|app: 0|req: 1317/2637] 10.0.0.47 () {32 vars in 743 bytes} [Tue Jul 14 18:53:35 2026] DELETE /v2.0/trunks/6ef1fe5a-3445-4ed4-a6c9-fea2280423bb/tags/green => generated 99 bytes in 26 msecs (HTTP/1.1 404) 4 headers in 163 bytes (1 switches on core 0)
2026-07-14 18:53:35.816 7 WARNING tagging [None req-3b038a1d-749e-4be1-9c31-fd355fc95c28 c0795833ec1b4defa201854572119406 e3040e7ee75d4beca87cb04a91f1aa80 - - default default] project_id key not found in request, using tenant_id instead. This support has been deprecated and will be removed in a future release. [pid: 7|app: 0|req: 1321/2638] 10.0.0.47 () {32 vars in 731 bytes} [Tue Jul 14 18:53:35 2026] DELETE /v2.0/trunks/6ef1fe5a-3445-4ed4-a6c9-fea2280423bb/tags => generated 0 bytes in 36 msecs (HTTP/1.1 204) 2 headers in 112 bytes (1 switches on core 0)
2026-07-14 18:53:35.860 8 WARNING tagging [None req-7905ce8a-25d3-47dd-b2aa-fe7a72ae38ae c0795833ec1b4defa201854572119406 e3040e7ee75d4beca87cb04a91f1aa80 - - default default] project_id key not found in request, using tenant_id instead. This support has been deprecated and will be removed in a future release. [pid: 8|app: 0|req: 1318/2639] 10.0.0.47 () {32 vars in 728 bytes} [Tue Jul 14 18:53:35 2026] GET /v2.0/trunks/6ef1fe5a-3445-4ed4-a6c9-fea2280423bb/tags => generated 12 bytes in 25 msecs (HTTP/1.1 200) 4 headers in 156 bytes (1 switches on core 0) [pid: 7|app: 0|req: 1322/2640] 10.0.0.47 () {32 vars in 718 bytes} [Tue Jul 14 18:53:35 2026] GET /v2.0/trunks/6ef1fe5a-3445-4ed4-a6c9-fea2280423bb => generated 409 bytes in 16 msecs (HTTP/1.1 200) 4 headers in 157 bytes (1 switches on core 0) [pid: 8|app: 0|req: 1319/2641] 10.0.0.47 () {32 vars in 716 bytes} [Tue Jul 14 18:53:35 2026] GET /v2.0/ports/36e2835b-f79d-4f7e-bf5c-44aa5e4945c1 => generated 826 bytes in 40 msecs (HTTP/1.1 200) 4 headers in 157 bytes (1 switches on core 0) [pid: 7|app: 0|req: 1323/2642] 10.0.0.47 () {32 vars in 721 bytes} [Tue Jul 14 18:53:35 2026] DELETE /v2.0/trunks/6ef1fe5a-3445-4ed4-a6c9-fea2280423bb => generated 0 bytes in 88 msecs (HTTP/1.1 204) 2 headers in 112 bytes (1 switches on core 0)
2026-07-14 18:53:36.199 8 INFO neutron_taas.services.taas.taas_plugin [None req-89e99b02-43e5-405d-9f3c-06c61ea7e29e c0795833ec1b4defa201854572119406 e3040e7ee75d4beca87cb04a91f1aa80 - - default default] TaaS: Handle Delete Port: 36e2835b-f79d-4f7e-bf5c-44aa5e4945c1
2026-07-14 18:53:36.204 8 INFO neutron_taas.services.taas.tap_mirror_plugin [None req-89e99b02-43e5-405d-9f3c-06c61ea7e29e c0795833ec1b4defa201854572119406 e3040e7ee75d4beca87cb04a91f1aa80 - - default default] Tap Mirror: Handle Delete Port: 36e2835b-f79d-4f7e-bf5c-44aa5e4945c1 [pid: 8|app: 0|req: 1320/2643] 10.0.0.47 () {32 vars in 719 bytes} [Tue Jul 14 18:53:36 2026] DELETE /v2.0/ports/36e2835b-f79d-4f7e-bf5c-44aa5e4945c1 => generated 0 bytes in 299 msecs (HTTP/1.1 204) 3 headers in 131 bytes (1 switches on core 0)
2026-07-14 18:53:36.472 7 INFO neutron_taas.services.taas.taas_plugin [None req-840a4f8c-127f-4c4d-a144-464d3e9163b5 c0795833ec1b4defa201854572119406 e3040e7ee75d4beca87cb04a91f1aa80 - - default default] TaaS: Handle Delete Port: f85df03f-e528-4345-b1f0-3fb938ef4521
2026-07-14 18:53:36.475 7 INFO neutron_taas.services.taas.tap_mirror_plugin [None req-840a4f8c-127f-4c4d-a144-464d3e9163b5 c0795833ec1b4defa201854572119406 e3040e7ee75d4beca87cb04a91f1aa80 - - default default] Tap Mirror: Handle Delete Port: f85df03f-e528-4345-b1f0-3fb938ef4521
2026-07-14 18:53:36.695 7 INFO neutron.services.segments.plugin [-] Segment 93db19f6-7a51-4928-a35f-1171f8628610 resource provider aggregate not found
2026-07-14 18:53:36.702 7 INFO neutron.services.segments.plugin [-] Segment 93db19f6-7a51-4928-a35f-1171f8628610 resource provider aggregate not found
2026-07-14 18:53:36.721 7 INFO neutron.services.segments.plugin [-] Client error retrieving segment 93db19f6-7a51-4928-a35f-1171f8628610 resource provider; error: Placement Client Error (4xx): {"errors": [{"status": 404, "title": "Not Found", "detail": "The resource could not be found.\n\n No resource provider with uuid 93db19f6-7a51-4928-a35f-1171f8628610 found for delete ", "request_id": "req-3c7383f9-400b-470c-8ce5-9dc248de0fe7"}]}
2026-07-14 18:53:36.724 7 INFO neutron.services.segments.plugin [-] Client error retrieving segment 93db19f6-7a51-4928-a35f-1171f8628610 resource provider; error: Placement Client Error (4xx): {"errors": [{"status": 404, "title": "Not Found", "detail": "The resource could not be found.\n\n No resource provider with uuid 93db19f6-7a51-4928-a35f-1171f8628610 found for delete ", "request_id": "req-53a5d889-7376-4223-aa38-40cb30fdd934"}]} [pid: 7|app: 0|req: 1324/2644] 10.0.0.47 () {32 vars in 725 bytes} [Tue Jul 14 18:53:36 2026] DELETE /v2.0/networks/6e090450-bb88-4941-8e14-aae48ac02e09 => generated 0 bytes in 407 msecs (HTTP/1.1 204) 3 headers in 131 bytes (1 switches on core 0)
2026-07-14 18:53:37.578 8 WARNING neutron.db.securitygroups_db [None req-2394d311-a813-49ec-b2df-b1c70fb552cc caee15f605894228b0d2a2d2adf2c41e eee9f0c15dac461d8b393394731233e9 - - default default] project_id key not found in filters, using tenant_id instead. This support has been deprecated and will be removed in a future release. [pid: 8|app: 0|req: 1322/2647] 10.0.0.47 () {32 vars in 773 bytes} [Tue Jul 14 18:53:37 2026] GET /v2.0/security-groups?tenant_id=e3040e7ee75d4beca87cb04a91f1aa80&name=default => generated 2929 bytes in 145 msecs (HTTP/1.1 200) 4 headers in 158 bytes (1 switches on core 0) [pid: 7|app: 0|req: 1326/2648] 10.0.0.47 () {32 vars in 739 bytes} [Tue Jul 14 18:53:37 2026] DELETE /v2.0/security-groups/71772fec-d52e-4fb6-8f10-269566c81264 => generated 0 bytes in 212 msecs (HTTP/1.1 204) 2 headers in 112 bytes (1 switches on core 0)
2026-07-14 18:53:37.938 8 WARNING neutron.db.securitygroups_db [None req-e27f2960-74b9-49ad-81d3-1500fd59f76f caee15f605894228b0d2a2d2adf2c41e eee9f0c15dac461d8b393394731233e9 - - default default] project_id key not found in filters, using tenant_id instead. This support has been deprecated and will be removed in a future release.
2026-07-14 18:53:38.103 8 INFO neutron.db.ovn_revision_numbers_db [None req-e27f2960-74b9-49ad-81d3-1500fd59f76f caee15f605894228b0d2a2d2adf2c41e eee9f0c15dac461d8b393394731233e9 - - default default] Successfully bumped revision number for resource 3cbded06-fb30-4bf0-b18e-b9c07b24c94f (type: security_groups) to 1
2026-07-14 18:53:38.118 8 INFO neutron.db.ovn_revision_numbers_db [None req-e27f2960-74b9-49ad-81d3-1500fd59f76f caee15f605894228b0d2a2d2adf2c41e eee9f0c15dac461d8b393394731233e9 - - default default] Successfully bumped revision number for resource 0f03ac4b-dccd-40ee-a7ab-bbc10ac17127 (type: security_group_rules) to 0
2026-07-14 18:53:38.140 8 INFO neutron.db.ovn_revision_numbers_db [None req-e27f2960-74b9-49ad-81d3-1500fd59f76f caee15f605894228b0d2a2d2adf2c41e eee9f0c15dac461d8b393394731233e9 - - default default] Successfully bumped revision number for resource ac1d1a26-91af-40d9-a50d-23b0ada91fb0 (type: security_group_rules) to 0
2026-07-14 18:53:38.160 8 INFO neutron.db.ovn_revision_numbers_db [None req-e27f2960-74b9-49ad-81d3-1500fd59f76f caee15f605894228b0d2a2d2adf2c41e eee9f0c15dac461d8b393394731233e9 - - default default] Successfully bumped revision number for resource b2742e91-aaff-418f-ba2f-2fe105fd8e31 (type: security_group_rules) to 0
