2026-07-14 18:50:53.592 7 INFO neutron.db.ovn_revision_numbers_db [None req-d587a14c-911a-4bd1-bf05-a4a5e68f2174 965640ed2c114ce9bc4d5c0c8d58b94c 03422c6d162a4c88bc96fe6e02a3f8d9 - - default default] Successfully bumped revision number for resource d5f98e61-e660-4035-a886-4c672d199b0f (type: security_groups) to 1
2026-07-14 18:50:53.607 7 INFO neutron.db.ovn_revision_numbers_db [None req-d587a14c-911a-4bd1-bf05-a4a5e68f2174 965640ed2c114ce9bc4d5c0c8d58b94c 03422c6d162a4c88bc96fe6e02a3f8d9 - - default default] Successfully bumped revision number for resource 02a218b8-e93c-467b-91aa-1adc4e39b597 (type: security_group_rules) to 0
2026-07-14 18:50:53.618 7 INFO neutron.db.ovn_revision_numbers_db [None req-d587a14c-911a-4bd1-bf05-a4a5e68f2174 965640ed2c114ce9bc4d5c0c8d58b94c 03422c6d162a4c88bc96fe6e02a3f8d9 - - default default] Successfully bumped revision number for resource a6dec5df-9fbf-4d69-8d89-e0911e4e6d32 (type: security_group_rules) to 0 [pid: 8|app: 0|req: 745/1596] 10.0.0.47 () {32 vars in 723 bytes} [Tue Jul 14 18:50:53 2026] DELETE /v2.0/subnets/eb0adabd-74a5-4ec2-8d3a-d918cfb6c42e => generated 0 bytes in 162 msecs (HTTP/1.1 204) 3 headers in 131 bytes (1 switches on core 0) [pid: 7|app: 0|req: 852/1597] 10.0.0.47 () {34 vars in 683 bytes} [Tue Jul 14 18:50:53 2026] POST /v2.0/security-groups => generated 1624 bytes in 213 msecs (HTTP/1.1 201) 4 headers in 163 bytes (1 switches on core 0)
2026-07-14 18:50:53.741 8 INFO neutron_taas.services.taas.taas_plugin [None req-9197048b-4844-43ff-acf9-2ad4c0b2a27e 3a8ef78803654f929b33428bdf0613f0 f0caa08b34454015a14b6937aa6d393a - - default default] TaaS: Handle Delete Port: d4a905c0-4d89-45fc-bf3c-5139dfd8e0ab
2026-07-14 18:50:53.743 8 INFO neutron_taas.services.taas.tap_mirror_plugin [None req-9197048b-4844-43ff-acf9-2ad4c0b2a27e 3a8ef78803654f929b33428bdf0613f0 f0caa08b34454015a14b6937aa6d393a - - default default] Tap Mirror: Handle Delete Port: d4a905c0-4d89-45fc-bf3c-5139dfd8e0ab
2026-07-14 18:50:53.796 7 WARNING neutron.db.securitygroups_db [None req-a6f5a31f-2e48-40c2-ba12-48cf233a999b caee15f605894228b0d2a2d2adf2c41e eee9f0c15dac461d8b393394731233e9 - - default default] project_id key not found in filters, using tenant_id instead. This support has been deprecated and will be removed in a future release. [pid: 7|app: 0|req: 853/1598] 10.0.0.47 () {32 vars in 773 bytes} [Tue Jul 14 18:50:53 2026] GET /v2.0/security-groups?tenant_id=b357c3ca50c7410fb20d9dbb36b09192&name=default => generated 2925 bytes in 169 msecs (HTTP/1.1 200) 4 headers in 158 bytes (1 switches on core 0) [pid: 8|app: 0|req: 746/1599] 10.0.0.47 () {32 vars in 725 bytes} [Tue Jul 14 18:50:53 2026] DELETE /v2.0/networks/5357da0f-5713-47dd-bbb5-e9d3bb55a024 => generated 0 bytes in 281 msecs (HTTP/1.1 204) 3 headers in 131 bytes (1 switches on core 0)
2026-07-14 18:50:53.991 7 INFO neutron.db.ovn_revision_numbers_db [None req-36954c04-315b-4e62-af0a-50756ab84fbc 965640ed2c114ce9bc4d5c0c8d58b94c 03422c6d162a4c88bc96fe6e02a3f8d9 - - default default] Successfully bumped revision number for resource 7fefdc95-a392-42c9-b1d3-71525742c343 (type: security_group_rules) to 0 [pid: 7|app: 0|req: 854/1600] 10.0.0.47 () {34 vars in 694 bytes} [Tue Jul 14 18:50:53 2026] POST /v2.0/security-group-rules => generated 601 bytes in 200 msecs (HTTP/1.1 201) 4 headers in 162 bytes (1 switches on core 0) [pid: 7|app: 0|req: 855/1601] 10.0.0.47 () {32 vars in 746 bytes} [Tue Jul 14 18:50:54 2026] GET /v2.0/security-group-rules/7fefdc95-a392-42c9-b1d3-71525742c343 => generated 601 bytes in 23 msecs (HTTP/1.1 200) 4 headers in 157 bytes (1 switches on core 0) [pid: 7|app: 0|req: 856/1602] 10.0.0.47 () {32 vars in 672 bytes} [Tue Jul 14 18:50:54 2026] GET /v2.0/security-group-rules => generated 4138 bytes in 103 msecs (HTTP/1.1 200) 4 headers in 158 bytes (1 switches on core 0) [pid: 8|app: 0|req: 747/1603] 10.0.0.47 () {32 vars in 739 bytes} [Tue Jul 14 18:50:53 2026] DELETE /v2.0/security-groups/ab22649b-9074-4f0d-b3b8-85afb2dd08b3 => generated 0 bytes in 260 msecs (HTTP/1.1 204) 2 headers in 112 bytes (1 switches on core 0) [pid: 7|app: 0|req: 857/1604] 10.0.0.47 () {32 vars in 749 bytes} [Tue Jul 14 18:50:54 2026] DELETE /v2.0/security-group-rules/7fefdc95-a392-42c9-b1d3-71525742c343 => generated 0 bytes in 119 msecs (HTTP/1.1 204) 2 headers in 112 bytes (1 switches on core 0) [pid: 8|app: 0|req: 748/1605] 10.0.0.47 () {32 vars in 672 bytes} [Tue Jul 14 18:50:54 2026] GET /v2.0/security-group-rules => generated 3560 bytes in 81 msecs (HTTP/1.1 200) 4 headers in 158 bytes (1 switches on core 0)
2026-07-14 18:50:54.495 7 INFO neutron.db.ovn_revision_numbers_db [None req-0c393451-71a0-4075-ad40-8b7ea1597f43 965640ed2c114ce9bc4d5c0c8d58b94c 03422c6d162a4c88bc96fe6e02a3f8d9 - - default default] Successfully bumped revision number for resource 6bf016ca-107b-4f44-b310-ec481ea039c7 (type: security_group_rules) to 0 [pid: 7|app: 0|req: 858/1606] 10.0.0.47 () {34 vars in 694 bytes} [Tue Jul 14 18:50:54 2026] POST /v2.0/security-group-rules => generated 601 bytes in 137 msecs (HTTP/1.1 201) 4 headers in 162 bytes (1 switches on core 0) [pid: 7|app: 0|req: 859/1607] 10.0.0.47 () {32 vars in 746 bytes} [Tue Jul 14 18:50:54 2026] GET /v2.0/security-group-rules/6bf016ca-107b-4f44-b310-ec481ea039c7 => generated 601 bytes in 15 msecs (HTTP/1.1 200) 4 headers in 157 bytes (1 switches on core 0) [pid: 7|app: 0|req: 860/1608] 10.0.0.47 () {32 vars in 672 bytes} [Tue Jul 14 18:50:54 2026] GET /v2.0/security-group-rules => generated 4138 bytes in 55 msecs (HTTP/1.1 200) 4 headers in 158 bytes (1 switches on core 0)
2026-07-14 18:50:54.630 8 WARNING neutron.db.securitygroups_db [None req-167bf07c-d30a-4257-9861-c0bae58a2936 caee15f605894228b0d2a2d2adf2c41e eee9f0c15dac461d8b393394731233e9 - - default default] project_id key not found in filters, using tenant_id instead. This support has been deprecated and will be removed in a future release. [pid: 8|app: 0|req: 749/1609] 10.0.0.47 () {32 vars in 773 bytes} [Tue Jul 14 18:50:54 2026] GET /v2.0/security-groups?tenant_id=f0caa08b34454015a14b6937aa6d393a&name=default => generated 2925 bytes in 227 msecs (HTTP/1.1 200) 4 headers in 158 bytes (1 switches on core 0) [pid: 7|app: 0|req: 861/1610] 10.0.0.47 () {32 vars in 749 bytes} [Tue Jul 14 18:50:54 2026] DELETE /v2.0/security-group-rules/6bf016ca-107b-4f44-b310-ec481ea039c7 => generated 0 bytes in 137 msecs (HTTP/1.1 204) 2 headers in 112 bytes (1 switches on core 0) [pid: 7|app: 0|req: 862/1611] 10.0.0.47 () {32 vars in 672 bytes} [Tue Jul 14 18:50:54 2026] GET /v2.0/security-group-rules => generated 3560 bytes in 68 msecs (HTTP/1.1 200) 4 headers in 158 bytes (1 switches on core 0) [pid: 8|app: 0|req: 750/1612] 10.0.0.47 () {32 vars in 739 bytes} [Tue Jul 14 18:50:54 2026] DELETE /v2.0/security-groups/11507327-0ff4-43f3-9773-5bf318bc5062 => generated 0 bytes in 174 msecs (HTTP/1.1 204) 2 headers in 112 bytes (1 switches on core 0)
2026-07-14 18:50:54.948 7 INFO neutron.db.ovn_revision_numbers_db [None req-8ade9c6e-9bbe-4065-8d1f-4943711f3b78 965640ed2c114ce9bc4d5c0c8d58b94c 03422c6d162a4c88bc96fe6e02a3f8d9 - - default default] Successfully bumped revision number for resource 3388ec62-f50b-49d7-a47e-e17f6c6bd8c7 (type: security_group_rules) to 0 [pid: 7|app: 0|req: 863/1613] 10.0.0.47 () {34 vars in 694 bytes} [Tue Jul 14 18:50:54 2026] POST /v2.0/security-group-rules => generated 602 bytes in 152 msecs (HTTP/1.1 201) 4 headers in 162 bytes (1 switches on core 0) [pid: 8|app: 0|req: 751/1614] 10.0.0.47 () {32 vars in 746 bytes} [Tue Jul 14 18:50:54 2026] GET /v2.0/security-group-rules/3388ec62-f50b-49d7-a47e-e17f6c6bd8c7 => generated 602 bytes in 23 msecs (HTTP/1.1 200) 4 headers in 157 bytes (1 switches on core 0)
2026-07-14 18:50:55.072 8 INFO neutron.services.segments.plugin [-] Segment 967a6c65-7f17-4a41-8de3-adfe0d550f5f resource provider aggregate not found
2026-07-14 18:50:55.074 8 INFO neutron.services.segments.plugin [-] Segment 967a6c65-7f17-4a41-8de3-adfe0d550f5f resource provider aggregate not found
2026-07-14 18:50:55.093 8 INFO neutron.services.segments.plugin [-] Client error retrieving segment 967a6c65-7f17-4a41-8de3-adfe0d550f5f resource provider; error: Placement Client Error (4xx): {"errors": [{"status": 404, "title": "Not Found", "detail": "The resource could not be found.\n\n No resource provider with uuid 967a6c65-7f17-4a41-8de3-adfe0d550f5f found for delete ", "request_id": "req-c6fa534d-0b18-4cb8-9ba5-cc457666ba4c"}]} [pid: 7|app: 0|req: 864/1615] 10.0.0.47 () {32 vars in 672 bytes} [Tue Jul 14 18:50:55 2026] GET /v2.0/security-group-rules => generated 4139 bytes in 71 msecs (HTTP/1.1 200) 4 headers in 158 bytes (1 switches on core 0)
2026-07-14 18:50:55.097 8 INFO neutron.services.segments.plugin [-] Client error retrieving segment 967a6c65-7f17-4a41-8de3-adfe0d550f5f resource provider; error: Placement Client Error (4xx): {"errors": [{"status": 404, "title": "Not Found", "detail": "The resource could not be found.\n\n No resource provider with uuid 967a6c65-7f17-4a41-8de3-adfe0d550f5f found for delete ", "request_id": "req-28aa0304-00ab-4b16-b2a9-1b4a3820990e"}]} [pid: 8|app: 0|req: 752/1616] 10.0.0.47 () {32 vars in 749 bytes} [Tue Jul 14 18:50:55 2026] DELETE /v2.0/security-group-rules/3388ec62-f50b-49d7-a47e-e17f6c6bd8c7 => generated 0 bytes in 125 msecs (HTTP/1.1 204) 2 headers in 112 bytes (1 switches on core 0) [pid: 8|app: 0|req: 753/1617] 10.0.0.47 () {32 vars in 672 bytes} [Tue Jul 14 18:50:55 2026] GET /v2.0/security-group-rules => generated 3560 bytes in 60 msecs (HTTP/1.1 200) 4 headers in 158 bytes (1 switches on core 0) [pid: 8|app: 0|req: 754/1618] 10.0.0.47 () {32 vars in 739 bytes} [Tue Jul 14 18:50:55 2026] DELETE /v2.0/security-groups/d5f98e61-e660-4035-a886-4c672d199b0f => generated 0 bytes in 122 msecs (HTTP/1.1 204) 2 headers in 112 bytes (1 switches on core 0) [pid: 8|app: 0|req: 755/1619] 10.0.0.47 () {32 vars in 662 bytes} [Tue Jul 14 18:50:55 2026] GET /v2.0/security-groups => generated 2925 bytes in 39 msecs (HTTP/1.1 200) 4 headers in 158 bytes (1 switches on core 0) [pid: 8|app: 0|req: 756/1620] 10.0.0.47 () {32 vars in 662 bytes} [Tue Jul 14 18:50:55 2026] GET /v2.0/security-groups => generated 2925 bytes in 28 msecs (HTTP/1.1 200) 4 headers in 158 bytes (1 switches on core 0)
2026-07-14 18:50:55.615 7 WARNING neutron.scheduler.dhcp_agent_scheduler [None req-b8108f4e-f196-45f7-ad55-eb107ca3ac54 604ba5257ea74123a9fc12aef7cc7dd7 74504539781748b29c1b71e22a50c997 - - default default] No more DHCP agents
2026-07-14 18:50:55.617 7 WARNING neutron.api.rpc.agentnotifiers.dhcp_rpc_agent_api [None req-b8108f4e-f196-45f7-ad55-eb107ca3ac54 604ba5257ea74123a9fc12aef7cc7dd7 74504539781748b29c1b71e22a50c997 - - default default] Unable to schedule network 81b198e0-81c4-4ac8-a936-f06fb28cc479: no agents available; will retry on subsequent port and subnet creation events. [pid: 7|app: 0|req: 865/1621] 10.0.0.47 () {34 vars in 675 bytes} [Tue Jul 14 18:50:55 2026] POST /v2.0/floatingips => generated 552 bytes in 751 msecs (HTTP/1.1 201) 4 headers in 162 bytes (1 switches on core 0)
2026-07-14 18:50:56.022 8 WARNING neutron.db.securitygroups_db [None req-32fdac10-24ee-4c1a-9791-26baa931d25c caee15f605894228b0d2a2d2adf2c41e eee9f0c15dac461d8b393394731233e9 - - default default] project_id key not found in filters, using tenant_id instead. This support has been deprecated and will be removed in a future release. [pid: 8|app: 0|req: 757/1622] 10.0.0.47 () {32 vars in 773 bytes} [Tue Jul 14 18:50:55 2026] GET /v2.0/security-groups?tenant_id=03422c6d162a4c88bc96fe6e02a3f8d9&name=default => generated 2925 bytes in 147 msecs (HTTP/1.1 200) 4 headers in 158 bytes (1 switches on core 0) [pid: 8|app: 0|req: 758/1623] 10.0.0.47 () {32 vars in 622 bytes} [Tue Jul 14 18:50:56 2026] GET / => generated 151 bytes in 1 msecs (HTTP/1.1 200) 3 headers in 91 bytes (1 switches on core 0)
2026-07-14 18:50:56.202 7 WARNING neutron.scheduler.dhcp_agent_scheduler [None req-11abea51-3ba0-47e9-9935-ba40628048db 604ba5257ea74123a9fc12aef7cc7dd7 74504539781748b29c1b71e22a50c997 - - default default] No more DHCP agents
2026-07-14 18:50:56.204 7 WARNING neutron.api.rpc.agentnotifiers.dhcp_rpc_agent_api [None req-11abea51-3ba0-47e9-9935-ba40628048db 604ba5257ea74123a9fc12aef7cc7dd7 74504539781748b29c1b71e22a50c997 - - default default] Unable to schedule network 81b198e0-81c4-4ac8-a936-f06fb28cc479: no agents available; will retry on subsequent port and subnet creation events. [pid: 8|app: 0|req: 759/1624] 10.0.0.47 () {32 vars in 739 bytes} [Tue Jul 14 18:50:56 2026] DELETE /v2.0/security-groups/0c26e603-edd2-4564-8ee3-404e69d20376 => generated 0 bytes in 222 msecs (HTTP/1.1 204) 2 headers in 112 bytes (1 switches on core 0) [pid: 8|app: 0|req: 760/1625] 10.0.0.47 () {32 vars in 632 bytes} [Tue Jul 14 18:50:56 2026] GET /v2.0/ => generated 632 bytes in 158 msecs (HTTP/1.1 200) 4 headers in 157 bytes (1 switches on core 0) [pid: 7|app: 0|req: 866/1626] 10.0.0.47 () {34 vars in 675 bytes} [Tue Jul 14 18:50:55 2026] POST /v2.0/floatingips => generated 552 bytes in 627 msecs (HTTP/1.1 201) 4 headers in 162 bytes (1 switches on core 0)
2026-07-14 18:50:56.811 8 WARNING neutron.scheduler.dhcp_agent_scheduler [None req-46e6138e-f774-4abf-9104-969ce255403e 604ba5257ea74123a9fc12aef7cc7dd7 74504539781748b29c1b71e22a50c997 - - default default] No more DHCP agents
2026-07-14 18:50:56.812 8 WARNING neutron.api.rpc.agentnotifiers.dhcp_rpc_agent_api [None req-46e6138e-f774-4abf-9104-969ce255403e 604ba5257ea74123a9fc12aef7cc7dd7 74504539781748b29c1b71e22a50c997 - - default default] Unable to schedule network 81b198e0-81c4-4ac8-a936-f06fb28cc479: no agents available; will retry on subsequent port and subnet creation events.
2026-07-14 18:50:56.964 7 INFO neutron.db.ovn_revision_numbers_db [None req-25811146-0d8f-4a12-b8fd-e3786179cbdb 361cf6fc65bd45e38029763a279ce984 8dc68e71dd7a44efaaa1af056092ec92 - - default default] Successfully bumped revision number for resource 67db25ae-4bc0-4a77-9ee0-7e158efc2548 (type: security_groups) to 1
2026-07-14 18:50:56.980 7 INFO neutron.db.ovn_revision_numbers_db [None req-25811146-0d8f-4a12-b8fd-e3786179cbdb 361cf6fc65bd45e38029763a279ce984 8dc68e71dd7a44efaaa1af056092ec92 - - default default] Successfully bumped revision number for resource 3605e657-7ec5-4645-b154-ae5b9c7d2c4e (type: security_group_rules) to 0
2026-07-14 18:50:57.007 7 INFO neutron.db.ovn_revision_numbers_db [None req-25811146-0d8f-4a12-b8fd-e3786179cbdb 361cf6fc65bd45e38029763a279ce984 8dc68e71dd7a44efaaa1af056092ec92 - - default default] Successfully bumped revision number for resource 4578ba3d-a3de-45f6-b00f-14fba36c4ced (type: security_group_rules) to 0
2026-07-14 18:50:57.021 7 INFO neutron.db.ovn_revision_numbers_db [None req-25811146-0d8f-4a12-b8fd-e3786179cbdb 361cf6fc65bd45e38029763a279ce984 8dc68e71dd7a44efaaa1af056092ec92 - - default default] Successfully bumped revision number for resource 9c983e2d-1ce2-448e-b2a5-790cd65d7504 (type: security_group_rules) to 0
2026-07-14 18:50:57.045 7 INFO neutron.db.ovn_revision_numbers_db [None req-25811146-0d8f-4a12-b8fd-e3786179cbdb 361cf6fc65bd45e38029763a279ce984 8dc68e71dd7a44efaaa1af056092ec92 - - default default] Successfully bumped revision number for resource e8a84854-5f6e-47c1-a9d8-29744688ae00 (type: security_group_rules) to 0
2026-07-14 18:50:57.134 7 INFO neutron.db.segments_db [None req-25811146-0d8f-4a12-b8fd-e3786179cbdb 361cf6fc65bd45e38029763a279ce984 8dc68e71dd7a44efaaa1af056092ec92 - - default default] Added segment d962de9a-7702-4b47-8e59-6167d26e0743 of type geneve for network 3d199d9d-abbe-4a21-aade-a8c97fa7a7da [pid: 8|app: 0|req: 761/1627] 10.0.0.47 () {34 vars in 675 bytes} [Tue Jul 14 18:50:56 2026] POST /v2.0/floatingips => generated 552 bytes in 610 msecs (HTTP/1.1 201) 4 headers in 162 bytes (1 switches on core 0)
2026-07-14 18:50:57.209 8 WARNING neutron.db.securitygroups_db [None req-5dc930df-630d-4678-ab4c-b02173c06c7d caee15f605894228b0d2a2d2adf2c41e eee9f0c15dac461d8b393394731233e9 - - default default] project_id key not found in filters, using tenant_id instead. This support has been deprecated and will be removed in a future release.
2026-07-14 18:50:57.276 7 INFO neutron.db.ovn_revision_numbers_db [None req-25811146-0d8f-4a12-b8fd-e3786179cbdb 361cf6fc65bd45e38029763a279ce984 8dc68e71dd7a44efaaa1af056092ec92 - - default default] Successfully bumped revision number for resource 3d199d9d-abbe-4a21-aade-a8c97fa7a7da (type: networks) to 1
2026-07-14 18:50:57.346 8 INFO neutron.db.ovn_revision_numbers_db [None req-5dc930df-630d-4678-ab4c-b02173c06c7d caee15f605894228b0d2a2d2adf2c41e eee9f0c15dac461d8b393394731233e9 - - default default] Successfully bumped revision number for resource 85206799-090d-4101-ad9d-4942ff0840f4 (type: security_groups) to 1
2026-07-14 18:50:57.360 8 INFO neutron.db.ovn_revision_numbers_db [None req-5dc930df-630d-4678-ab4c-b02173c06c7d caee15f605894228b0d2a2d2adf2c41e eee9f0c15dac461d8b393394731233e9 - - default default] Successfully bumped revision number for resource 60a7e7f3-d1c7-488b-80a1-10e505646ba0 (type: security_group_rules) to 0
2026-07-14 18:50:57.371 8 INFO neutron.db.ovn_revision_numbers_db [None req-5dc930df-630d-4678-ab4c-b02173c06c7d caee15f605894228b0d2a2d2adf2c41e eee9f0c15dac461d8b393394731233e9 - - default default] Successfully bumped revision number for resource 91db807b-34fb-47c3-bde7-0fe013281a5e (type: security_group_rules) to 0
2026-07-14 18:50:57.383 8 INFO neutron.db.ovn_revision_numbers_db [None req-5dc930df-630d-4678-ab4c-b02173c06c7d caee15f605894228b0d2a2d2adf2c41e eee9f0c15dac461d8b393394731233e9 - - default default] Successfully bumped revision number for resource aad065e0-208d-41d5-a085-3c55768ef5f5 (type: security_group_rules) to 0
2026-07-14 18:50:57.394 8 INFO neutron.db.ovn_revision_numbers_db [None req-5dc930df-630d-4678-ab4c-b02173c06c7d caee15f605894228b0d2a2d2adf2c41e eee9f0c15dac461d8b393394731233e9 - - default default] Successfully bumped revision number for resource eaad487b-2293-4592-83b0-b711046ea5c7 (type: security_group_rules) to 0 [pid: 8|app: 0|req: 762/1628] 10.0.0.47 () {32 vars in 773 bytes} [Tue Jul 14 18:50:57 2026] GET /v2.0/security-groups?tenant_id=8952d2abbadf42378e540ca165f2f086&name=default => generated 2925 bytes in 269 msecs (HTTP/1.1 200) 4 headers in 158 bytes (1 switches on core 0)
2026-07-14 18:50:57.504 7 WARNING neutron.scheduler.dhcp_agent_scheduler [None req-25811146-0d8f-4a12-b8fd-e3786179cbdb 361cf6fc65bd45e38029763a279ce984 8dc68e71dd7a44efaaa1af056092ec92 - - default default] No more DHCP agents
2026-07-14 18:50:57.506 7 WARNING neutron.api.rpc.agentnotifiers.dhcp_rpc_agent_api [None req-25811146-0d8f-4a12-b8fd-e3786179cbdb 361cf6fc65bd45e38029763a279ce984 8dc68e71dd7a44efaaa1af056092ec92 - - default default] Unable to schedule network 3d199d9d-abbe-4a21-aade-a8c97fa7a7da: no agents available; will retry on subsequent port and subnet creation events.
2026-07-14 18:50:57.575 8 INFO neutron.plugins.ml2.drivers.ovn.mech_driver.mech_driver [None req-3d7fd712-63ba-419e-9b63-916693a38db4 - - - - - -] OVN reports status down for port: ec903d81-f3db-46e9-a5eb-01a090c8b35f
2026-07-14 18:50:57.607 7 INFO neutron.db.ovn_revision_numbers_db [None req-25811146-0d8f-4a12-b8fd-e3786179cbdb 361cf6fc65bd45e38029763a279ce984 8dc68e71dd7a44efaaa1af056092ec92 - - default default] Successfully bumped revision number for resource ec903d81-f3db-46e9-a5eb-01a090c8b35f (type: ports) to 1 [pid: 7|app: 0|req: 867/1629] 10.0.0.47 () {34 vars in 669 bytes} [Tue Jul 14 18:50:56 2026] POST /v2.0/networks => generated 683 bytes in 994 msecs (HTTP/1.1 201) 4 headers in 162 bytes (1 switches on core 0)
2026-07-14 18:50:57.729 8 WARNING neutron.scheduler.dhcp_agent_scheduler [None req-f32aaaa5-5747-4d17-924c-9cc3453bbe5a 604ba5257ea74123a9fc12aef7cc7dd7 74504539781748b29c1b71e22a50c997 - - default default] No more DHCP agents
2026-07-14 18:50:57.731 8 WARNING neutron.api.rpc.agentnotifiers.dhcp_rpc_agent_api [None req-f32aaaa5-5747-4d17-924c-9cc3453bbe5a 604ba5257ea74123a9fc12aef7cc7dd7 74504539781748b29c1b71e22a50c997 - - default default] Unable to schedule network 81b198e0-81c4-4ac8-a936-f06fb28cc479: no agents available; will retry on subsequent port and subnet creation events. [pid: 7|app: 0|req: 868/1630] 10.0.0.47 () {32 vars in 739 bytes} [Tue Jul 14 18:50:57 2026] DELETE /v2.0/security-groups/85206799-090d-4101-ad9d-4942ff0840f4 => generated 0 bytes in 194 msecs (HTTP/1.1 204) 2 headers in 112 bytes (1 switches on core 0) [pid: 8|app: 0|req: 763/1631] 10.0.0.47 () {34 vars in 675 bytes} [Tue Jul 14 18:50:57 2026] POST /v2.0/floatingips => generated 552 bytes in 583 msecs (HTTP/1.1 201) 4 headers in 162 bytes (1 switches on core 0)
2026-07-14 18:50:58.056 7 WARNING neutron.scheduler.dhcp_agent_scheduler [None req-b052a500-0d4a-45e2-b49e-79cbc84a8779 361cf6fc65bd45e38029763a279ce984 8dc68e71dd7a44efaaa1af056092ec92 - - default default] No more DHCP agents
2026-07-14 18:50:58.060 7 WARNING neutron.api.rpc.agentnotifiers.dhcp_rpc_agent_api [None req-b052a500-0d4a-45e2-b49e-79cbc84a8779 361cf6fc65bd45e38029763a279ce984 8dc68e71dd7a44efaaa1af056092ec92 - - default default] Unable to schedule network 3d199d9d-abbe-4a21-aade-a8c97fa7a7da: no agents available; will retry on subsequent port and subnet creation events.
2026-07-14 18:50:58.124 7 INFO neutron.plugins.ml2.drivers.ovn.mech_driver.mech_driver [None req-7a52d9db-48bd-49fa-a311-093b7cf3b7fd - - - - - -] OVN reports status down for port: 01ffe891-8112-47e7-9e52-bc609e8875b3
2026-07-14 18:50:58.185 7 INFO neutron.db.ovn_revision_numbers_db [None req-b052a500-0d4a-45e2-b49e-79cbc84a8779 361cf6fc65bd45e38029763a279ce984 8dc68e71dd7a44efaaa1af056092ec92 - - default default] Successfully bumped revision number for resource 01ffe891-8112-47e7-9e52-bc609e8875b3 (type: ports) to 1 [pid: 7|app: 0|req: 869/1632] 10.0.0.47 () {34 vars in 664 bytes} [Tue Jul 14 18:50:57 2026] POST /v2.0/ports => generated 775 bytes in 383 msecs (HTTP/1.1 201) 4 headers in 162 bytes (1 switches on core 0)
2026-07-14 18:50:58.297 8 WARNING neutron.scheduler.dhcp_agent_scheduler [None req-ef88c943-404a-437c-8895-7d08f8c41383 604ba5257ea74123a9fc12aef7cc7dd7 74504539781748b29c1b71e22a50c997 - - default default] No more DHCP agents
2026-07-14 18:50:58.299 8 WARNING neutron.api.rpc.agentnotifiers.dhcp_rpc_agent_api [None req-ef88c943-404a-437c-8895-7d08f8c41383 604ba5257ea74123a9fc12aef7cc7dd7 74504539781748b29c1b71e22a50c997 - - default default] Unable to schedule network 81b198e0-81c4-4ac8-a936-f06fb28cc479: no agents available; will retry on subsequent port and subnet creation events. /var/lib/openstack/lib/python3.12/site-packages/pycadf/identifier.py:70: UserWarning: Invalid uuid: neutron. To ensure interoperability, identifiers should be a valid uuid. warnings.warn(('Invalid uuid: %s. To ensure interoperability, ' [pid: 7|app: 0|req: 870/1633] 10.0.0.47 () {34 vars in 675 bytes} [Tue Jul 14 18:50:58 2026] POST /v2.0/subnetpools => generated 548 bytes in 230 msecs (HTTP/1.1 201) 4 headers in 162 bytes (1 switches on core 0)
2026-07-14 18:50:58.533 7 INFO neutron.db.segments_db [None req-9ab9b7f0-8f1a-485b-b816-49a3f3cba837 361cf6fc65bd45e38029763a279ce984 8dc68e71dd7a44efaaa1af056092ec92 - - default default] Added segment 93b1c094-c5a5-42fb-b122-11b961fab705 of type geneve for network 75a67612-0f25-46c8-b770-1498fe6268d5 [pid: 8|app: 0|req: 764/1634] 10.0.0.47 () {34 vars in 675 bytes} [Tue Jul 14 18:50:58 2026] POST /v2.0/floatingips => generated 552 bytes in 546 msecs (HTTP/1.1 201) 4 headers in 162 bytes (1 switches on core 0) [pid: 8|app: 0|req: 765/1635] 10.0.0.47 () {32 vars in 728 bytes} [Tue Jul 14 18:50:58 2026] GET /v2.0/subnetpools/a60d6d06-0e16-47f4-8473-3185cdb58214 => generated 548 bytes in 22 msecs (HTTP/1.1 200) 4 headers in 157 bytes (1 switches on core 0)
2026-07-14 18:50:58.611 8 WARNING tagging [None req-f6e05f4d-a1c4-4cef-9dab-b9f75b2eaacf 604ba5257ea74123a9fc12aef7cc7dd7 74504539781748b29c1b71e22a50c997 - - default default] project_id key not found in request, using tenant_id instead. This support has been deprecated and will be removed in a future release.
2026-07-14 18:50:58.652 7 INFO neutron.db.ovn_revision_numbers_db [None req-9ab9b7f0-8f1a-485b-b816-49a3f3cba837 361cf6fc65bd45e38029763a279ce984 8dc68e71dd7a44efaaa1af056092ec92 - - default default] Successfully bumped revision number for resource 75a67612-0f25-46c8-b770-1498fe6268d5 (type: networks) to 1 [pid: 8|app: 0|req: 766/1636] 10.0.0.47 () {34 vars in 758 bytes} [Tue Jul 14 18:50:58 2026] PUT /v2.0/floatingips/a442d8d8-c0ec-4d24-bff1-af438e835e55/tags => generated 17 bytes in 91 msecs (HTTP/1.1 200) 4 headers in 156 bytes (1 switches on core 0) [pid: 8|app: 0|req: 767/1637] 10.0.0.47 () {34 vars in 748 bytes} [Tue Jul 14 18:50:58 2026] PUT /v2.0/subnetpools/a60d6d06-0e16-47f4-8473-3185cdb58214 => generated 501 bytes in 59 msecs (HTTP/1.1 200) 4 headers in 157 bytes (1 switches on core 0)
2026-07-14 18:50:58.764 8 WARNING tagging [None req-1ec7189a-71b6-45ff-b2f9-1230b5539ad8 604ba5257ea74123a9fc12aef7cc7dd7 74504539781748b29c1b71e22a50c997 - - default default] project_id key not found in request, using tenant_id instead. This support has been deprecated and will be removed in a future release. [pid: 8|app: 0|req: 768/1638] 10.0.0.47 () {34 vars in 758 bytes} [Tue Jul 14 18:50:58 2026] PUT /v2.0/floatingips/a2690202-1f18-4a8b-80d0-2ce8a78990f1/tags => generated 25 bytes in 55 msecs (HTTP/1.1 200) 4 headers in 156 bytes (1 switches on core 0)
2026-07-14 18:50:58.832 7 WARNING neutron.scheduler.dhcp_agent_scheduler [None req-9ab9b7f0-8f1a-485b-b816-49a3f3cba837 361cf6fc65bd45e38029763a279ce984 8dc68e71dd7a44efaaa1af056092ec92 - - default default] No more DHCP agents
2026-07-14 18:50:58.834 7 WARNING neutron.api.rpc.agentnotifiers.dhcp_rpc_agent_api [None req-9ab9b7f0-8f1a-485b-b816-49a3f3cba837 361cf6fc65bd45e38029763a279ce984 8dc68e71dd7a44efaaa1af056092ec92 - - default default] Unable to schedule network 75a67612-0f25-46c8-b770-1498fe6268d5: no agents available; will retry on subsequent port and subnet creation events. [pid: 8|app: 0|req: 769/1639] 10.0.0.47 () {32 vars in 731 bytes} [Tue Jul 14 18:50:58 2026] DELETE /v2.0/subnetpools/a60d6d06-0e16-47f4-8473-3185cdb58214 => generated 0 bytes in 51 msecs (HTTP/1.1 204) 2 headers in 112 bytes (1 switches on core 0)
2026-07-14 18:50:58.867 8 WARNING tagging [None req-2ba58919-322f-4630-8a14-e1172563ad52 604ba5257ea74123a9fc12aef7cc7dd7 74504539781748b29c1b71e22a50c997 - - default default] project_id key not found in request, using tenant_id instead. This support has been deprecated and will be removed in a future release.
2026-07-14 18:50:58.920 8 INFO neutron.plugins.ml2.drivers.ovn.mech_driver.mech_driver [None req-3d7fd712-63ba-419e-9b63-916693a38db4 - - - - - -] OVN reports status down for port: 495354ba-642f-42bf-9902-d0106bd53025
2026-07-14 18:50:58.924 7 INFO neutron.db.ovn_revision_numbers_db [None req-9ab9b7f0-8f1a-485b-b816-49a3f3cba837 361cf6fc65bd45e38029763a279ce984 8dc68e71dd7a44efaaa1af056092ec92 - - default default] Successfully bumped revision number for resource 495354ba-642f-42bf-9902-d0106bd53025 (type: ports) to 1 [pid: 8|app: 0|req: 770/1640] 10.0.0.47 () {34 vars in 758 bytes} [Tue Jul 14 18:50:58 2026] PUT /v2.0/floatingips/aa9ab15a-5a7a-4002-972c-e3c4c74800e3/tags => generated 34 bytes in 83 msecs (HTTP/1.1 200) 4 headers in 156 bytes (1 switches on core 0) [pid: 7|app: 0|req: 871/1641] 10.0.0.47 () {34 vars in 669 bytes} [Tue Jul 14 18:50:58 2026] POST /v2.0/networks => generated 670 bytes in 504 msecs (HTTP/1.1 201) 4 headers in 162 bytes (1 switches on core 0)
2026-07-14 18:50:58.954 8 INFO neutron.api.v2.resource [None req-f07e3f0e-6277-4f98-8c66-93cadf313b6e 0c4855451071483d992afdf344b45c50 a1ef5e73c5474e64b2abe5f3c69e21f7 - - default default] show failed (client error): The resource could not be found. [pid: 8|app: 0|req: 771/1642] 10.0.0.47 () {32 vars in 728 bytes} [Tue Jul 14 18:50:58 2026] GET /v2.0/subnetpools/a60d6d06-0e16-47f4-8473-3185cdb58214 => generated 145 bytes in 29 msecs (HTTP/1.1 404) 4 headers in 164 bytes (1 switches on core 0)
2026-07-14 18:50:58.971 7 WARNING tagging [None req-43094570-083e-43c0-957a-8366c3387238 604ba5257ea74123a9fc12aef7cc7dd7 74504539781748b29c1b71e22a50c997 - - default default] project_id key not found in request, using tenant_id instead. This support has been deprecated and will be removed in a future release. [pid: 7|app: 0|req: 872/1643] 10.0.0.47 () {34 vars in 758 bytes} [Tue Jul 14 18:50:58 2026] PUT /v2.0/floatingips/8b9d2706-e89a-4e86-8922-e49b321fc012/tags => generated 19 bytes in 82 msecs (HTTP/1.1 200) 4 headers in 156 bytes (1 switches on core 0)
2026-07-14 18:50:59.047 7 INFO neutron.api.v2.resource [None req-e9592710-7ec6-47bb-a0a9-49c31b5d828b 0c4855451071483d992afdf344b45c50 a1ef5e73c5474e64b2abe5f3c69e21f7 - - default default] delete failed (client error): The resource could not be found. [pid: 7|app: 0|req: 873/1644] 10.0.0.47 () {32 vars in 731 bytes} [Tue Jul 14 18:50:59 2026] DELETE /v2.0/subnetpools/a60d6d06-0e16-47f4-8473-3185cdb58214 => generated 145 bytes in 17 msecs (HTTP/1.1 404) 4 headers in 164 bytes (1 switches on core 0) [pid: 7|app: 0|req: 874/1645] 10.0.0.47 () {32 vars in 671 bytes} [Tue Jul 14 18:50:59 2026] GET /v2.0/floatingips?tags=red => generated 1671 bytes in 58 msecs (HTTP/1.1 200) 4 headers in 158 bytes (1 switches on core 0) [pid: 7|app: 0|req: 875/1646] 10.0.0.47 () {32 vars in 685 bytes} [Tue Jul 14 18:50:59 2026] GET /v2.0/floatingips?tags=red%2Cblue => generated 1128 bytes in 52 msecs (HTTP/1.1 200) 4 headers in 158 bytes (1 switches on core 0)
2026-07-14 18:50:59.189 8 WARNING neutron.scheduler.dhcp_agent_scheduler [None req-ef8dbdf3-a21a-46de-826c-346123d812fb 361cf6fc65bd45e38029763a279ce984 8dc68e71dd7a44efaaa1af056092ec92 - - default default] No more DHCP agents
2026-07-14 18:50:59.190 8 WARNING neutron.api.rpc.agentnotifiers.dhcp_rpc_agent_api [None req-ef8dbdf3-a21a-46de-826c-346123d812fb 361cf6fc65bd45e38029763a279ce984 8dc68e71dd7a44efaaa1af056092ec92 - - default default] Unable to schedule network 75a67612-0f25-46c8-b770-1498fe6268d5: no agents available; will retry on subsequent port and subnet creation events. [pid: 7|app: 0|req: 876/1647] 10.0.0.47 () {32 vars in 681 bytes} [Tue Jul 14 18:50:59 2026] GET /v2.0/floatingips?tags-any=blue => generated 1128 bytes in 49 msecs (HTTP/1.1 200) 4 headers in 158 bytes (1 switches on core 0) [pid: 7|app: 0|req: 877/1648] 10.0.0.47 () {32 vars in 693 bytes} [Tue Jul 14 18:50:59 2026] GET /v2.0/floatingips?tags-any=red%2Cblue => generated 1671 bytes in 30 msecs (HTTP/1.1 200) 4 headers in 158 bytes (1 switches on core 0) [pid: 7|app: 0|req: 878/1649] 10.0.0.47 () {32 vars in 679 bytes} [Tue Jul 14 18:50:59 2026] GET /v2.0/floatingips?not-tags=red => generated 1100 bytes in 46 msecs (HTTP/1.1 200) 4 headers in 158 bytes (1 switches on core 0) [pid: 7|app: 0|req: 879/1650] 10.0.0.47 () {32 vars in 693 bytes} [Tue Jul 14 18:50:59 2026] GET /v2.0/floatingips?not-tags=red%2Cblue => generated 1643 bytes in 48 msecs (HTTP/1.1 200) 4 headers in 158 bytes (1 switches on core 0) [pid: 7|app: 0|req: 880/1651] 10.0.0.47 () {32 vars in 689 bytes} [Tue Jul 14 18:50:59 2026] GET /v2.0/floatingips?not-tags-any=blue => generated 1643 bytes in 48 msecs (HTTP/1.1 200) 4 headers in 158 bytes (1 switches on core 0) [pid: 7|app: 0|req: 881/1652] 10.0.0.47 () {32 vars in 701 bytes} [Tue Jul 14 18:50:59 2026] GET /v2.0/floatingips?not-tags-any=red%2Cblue => generated 1100 bytes in 28 msecs (HTTP/1.1 200) 4 headers in 158 bytes (1 switches on core 0)
2026-07-14 18:50:59.590 7 INFO neutron_taas.services.taas.taas_plugin [None req-03771213-dc2a-4610-97ab-07f4f2cdef7e 604ba5257ea74123a9fc12aef7cc7dd7 74504539781748b29c1b71e22a50c997 - - default default] TaaS: Handle Delete Port: 35c7c128-d706-47cb-b992-ff039a4935dc
2026-07-14 18:50:59.594 7 INFO neutron_taas.services.taas.tap_mirror_plugin [None req-03771213-dc2a-4610-97ab-07f4f2cdef7e 604ba5257ea74123a9fc12aef7cc7dd7 74504539781748b29c1b71e22a50c997 - - default default] Tap Mirror: Handle Delete Port: 35c7c128-d706-47cb-b992-ff039a4935dc
2026-07-14 18:50:59.694 8 INFO neutron.db.ovn_revision_numbers_db [None req-ef8dbdf3-a21a-46de-826c-346123d812fb 361cf6fc65bd45e38029763a279ce984 8dc68e71dd7a44efaaa1af056092ec92 - - default default] Successfully bumped revision number for resource 495354ba-642f-42bf-9902-d0106bd53025 (type: ports) to 2
2026-07-14 18:50:59.726 8 INFO neutron.db.ovn_revision_numbers_db [None req-ef8dbdf3-a21a-46de-826c-346123d812fb 361cf6fc65bd45e38029763a279ce984 8dc68e71dd7a44efaaa1af056092ec92 - - default default] Successfully bumped revision number for resource 762aabb5-c2b6-4398-8baf-219febac6bbe (type: subnets) to 0 [pid: 8|app: 0|req: 772/1653] 10.0.0.47 () {34 vars in 668 bytes} [Tue Jul 14 18:50:58 2026] POST /v2.0/subnets => generated 626 bytes in 783 msecs (HTTP/1.1 201) 4 headers in 162 bytes (1 switches on core 0) [pid: 7|app: 0|req: 882/1654] 10.0.0.47 () {32 vars in 731 bytes} [Tue Jul 14 18:50:59 2026] DELETE /v2.0/floatingips/a442d8d8-c0ec-4d24-bff1-af438e835e55 => generated 0 bytes in 335 msecs (HTTP/1.1 204) 2 headers in 112 bytes (1 switches on core 0)
2026-07-14 18:50:59.848 8 WARNING neutron.db.securitygroups_db [None req-7486f1a5-e214-47e1-b799-e6b449f30c64 caee15f605894228b0d2a2d2adf2c41e eee9f0c15dac461d8b393394731233e9 - - default default] project_id key not found in filters, using tenant_id instead. This support has been deprecated and will be removed in a future release.
2026-07-14 18:50:59.974 8 INFO neutron.db.ovn_revision_numbers_db [None req-7486f1a5-e214-47e1-b799-e6b449f30c64 caee15f605894228b0d2a2d2adf2c41e eee9f0c15dac461d8b393394731233e9 - - default default] Successfully bumped revision number for resource d59c43d8-7c37-4ead-bf7c-9f8414702a53 (type: security_groups) to 1
2026-07-14 18:50:59.985 8 INFO neutron.db.ovn_revision_numbers_db [None req-7486f1a5-e214-47e1-b799-e6b449f30c64 caee15f605894228b0d2a2d2adf2c41e eee9f0c15dac461d8b393394731233e9 - - default default] Successfully bumped revision number for resource 07501eb2-2225-4ea3-81f6-77068be73bf4 (type: security_group_rules) to 0
2026-07-14 18:50:59.999 8 INFO neutron.db.ovn_revision_numbers_db [None req-7486f1a5-e214-47e1-b799-e6b449f30c64 caee15f605894228b0d2a2d2adf2c41e eee9f0c15dac461d8b393394731233e9 - - default default] Successfully bumped revision number for resource 5f269748-11bd-4799-bc35-b084ba335134 (type: security_group_rules) to 0
2026-07-14 18:51:00.018 8 INFO neutron.db.ovn_revision_numbers_db [None req-7486f1a5-e214-47e1-b799-e6b449f30c64 caee15f605894228b0d2a2d2adf2c41e eee9f0c15dac461d8b393394731233e9 - - default default] Successfully bumped revision number for resource a157e0aa-c3fb-48b2-8bfe-c80248ccc97d (type: security_group_rules) to 0
2026-07-14 18:51:00.030 8 INFO neutron.db.ovn_revision_numbers_db [None req-7486f1a5-e214-47e1-b799-e6b449f30c64 caee15f605894228b0d2a2d2adf2c41e eee9f0c15dac461d8b393394731233e9 - - default default] Successfully bumped revision number for resource faecc3f1-0b7e-441a-bb55-324f7957502a (type: security_group_rules) to 0
2026-07-14 18:51:00.076 7 WARNING neutron.scheduler.dhcp_agent_scheduler [None req-b98953e1-9e01-4ba0-b284-50e215fd4f47 361cf6fc65bd45e38029763a279ce984 8dc68e71dd7a44efaaa1af056092ec92 - - default default] No more DHCP agents
2026-07-14 18:51:00.077 7 WARNING neutron.api.rpc.agentnotifiers.dhcp_rpc_agent_api [None req-b98953e1-9e01-4ba0-b284-50e215fd4f47 361cf6fc65bd45e38029763a279ce984 8dc68e71dd7a44efaaa1af056092ec92 - - default default] Unable to schedule network 75a67612-0f25-46c8-b770-1498fe6268d5: no agents available; will retry on subsequent port and subnet creation events. [pid: 8|app: 0|req: 773/1655] 10.0.0.47 () {32 vars in 773 bytes} [Tue Jul 14 18:50:59 2026] GET /v2.0/security-groups?tenant_id=a1ef5e73c5474e64b2abe5f3c69e21f7&name=default => generated 2925 bytes in 336 msecs (HTTP/1.1 200) 4 headers in 158 bytes (1 switches on core 0)
2026-07-14 18:51:00.243 8 INFO neutron.plugins.ml2.drivers.ovn.mech_driver.mech_driver [None req-3d7fd712-63ba-419e-9b63-916693a38db4 - - - - - -] OVN reports status down for port: a629d4c6-9392-426f-9585-38f3c6080dd5
2026-07-14 18:51:00.257 7 INFO neutron.db.ovn_revision_numbers_db [None req-b98953e1-9e01-4ba0-b284-50e215fd4f47 361cf6fc65bd45e38029763a279ce984 8dc68e71dd7a44efaaa1af056092ec92 - - default default] Successfully bumped revision number for resource a629d4c6-9392-426f-9585-38f3c6080dd5 (type: ports) to 1
2026-07-14 18:51:00.271 8 INFO neutron_taas.services.taas.taas_plugin [None req-1eac1087-d90f-493d-ac78-33e7cd54a2a1 604ba5257ea74123a9fc12aef7cc7dd7 74504539781748b29c1b71e22a50c997 - - default default] TaaS: Handle Delete Port: 099eb08b-c9e3-47fa-957c-3304ac240821
2026-07-14 18:51:00.276 8 INFO neutron_taas.services.taas.tap_mirror_plugin [None req-1eac1087-d90f-493d-ac78-33e7cd54a2a1 604ba5257ea74123a9fc12aef7cc7dd7 74504539781748b29c1b71e22a50c997 - - default default] Tap Mirror: Handle Delete Port: 099eb08b-c9e3-47fa-957c-3304ac240821 [pid: 7|app: 0|req: 883/1656] 10.0.0.47 () {34 vars in 664 bytes} [Tue Jul 14 18:50:59 2026] POST /v2.0/ports => generated 950 bytes in 503 msecs (HTTP/1.1 201) 4 headers in 162 bytes (1 switches on core 0) /var/lib/openstack/lib/python3.12/site-packages/pycadf/identifier.py:70: UserWarning: Invalid uuid: neutron. To ensure interoperability, identifiers should be a valid uuid. warnings.warn(('Invalid uuid: %s. To ensure interoperability, ' [pid: 7|app: 0|req: 884/1657] 10.0.0.47 () {32 vars in 739 bytes} [Tue Jul 14 18:51:00 2026] DELETE /v2.0/security-groups/d59c43d8-7c37-4ead-bf7c-9f8414702a53 => generated 0 bytes in 207 msecs (HTTP/1.1 204) 2 headers in 112 bytes (1 switches on core 0) [pid: 8|app: 0|req: 774/1658] 10.0.0.47 () {32 vars in 731 bytes} [Tue Jul 14 18:51:00 2026] DELETE /v2.0/floatingips/a2690202-1f18-4a8b-80d0-2ce8a78990f1 => generated 0 bytes in 454 msecs (HTTP/1.1 204) 2 headers in 112 bytes (1 switches on core 0)
2026-07-14 18:51:00.632 7 INFO neutron_taas.services.taas.taas_plugin [None req-ea8569c0-8309-476c-8614-a3f9cd9e2dab 361cf6fc65bd45e38029763a279ce984 8dc68e71dd7a44efaaa1af056092ec92 - - default default] TaaS: Handle Delete Port: a629d4c6-9392-426f-9585-38f3c6080dd5
2026-07-14 18:51:00.636 7 INFO neutron_taas.services.taas.tap_mirror_plugin [None req-ea8569c0-8309-476c-8614-a3f9cd9e2dab 361cf6fc65bd45e38029763a279ce984 8dc68e71dd7a44efaaa1af056092ec92 - - default default] Tap Mirror: Handle Delete Port: a629d4c6-9392-426f-9585-38f3c6080dd5
2026-07-14 18:51:00.706 8 INFO neutron_taas.services.taas.taas_plugin [None req-65bd3afc-c70a-44c4-a7fb-0ed2cebd5232 604ba5257ea74123a9fc12aef7cc7dd7 74504539781748b29c1b71e22a50c997 - - default default] TaaS: Handle Delete Port: 1ec427fd-a0b6-451a-95b2-7fc2fd3be11e
2026-07-14 18:51:00.709 8 INFO neutron_taas.services.taas.tap_mirror_plugin [None req-65bd3afc-c70a-44c4-a7fb-0ed2cebd5232 604ba5257ea74123a9fc12aef7cc7dd7 74504539781748b29c1b71e22a50c997 - - default default] Tap Mirror: Handle Delete Port: 1ec427fd-a0b6-451a-95b2-7fc2fd3be11e [pid: 7|app: 0|req: 885/1659] 10.0.0.47 () {32 vars in 719 bytes} [Tue Jul 14 18:51:00 2026] DELETE /v2.0/ports/a629d4c6-9392-426f-9585-38f3c6080dd5 => generated 0 bytes in 321 msecs (HTTP/1.1 204) 3 headers in 131 bytes (1 switches on core 0)
2026-07-14 18:51:00.834 7 INFO neutron.pecan_wsgi.hooks.translation [None req-20cc4fff-ef02-43ef-b0f7-889a9ddc0a37 361cf6fc65bd45e38029763a279ce984 8dc68e71dd7a44efaaa1af056092ec92 - - default default] DELETE failed (client error): The resource could not be found. [pid: 7|app: 0|req: 886/1660] 10.0.0.47 () {32 vars in 719 bytes} [Tue Jul 14 18:51:00 2026] DELETE /v2.0/ports/a629d4c6-9392-426f-9585-38f3c6080dd5 => generated 132 bytes in 20 msecs (HTTP/1.1 404) 4 headers in 164 bytes (1 switches on core 0)
2026-07-14 18:51:00.862 7 INFO neutron.pecan_wsgi.hooks.translation [None req-271ae2f3-b63a-4122-8173-f35c20bef79d 361cf6fc65bd45e38029763a279ce984 8dc68e71dd7a44efaaa1af056092ec92 - - default default] GET failed (client error): The resource could not be found. [pid: 7|app: 0|req: 887/1661] 10.0.0.47 () {32 vars in 716 bytes} [Tue Jul 14 18:51:00 2026] GET /v2.0/ports/a629d4c6-9392-426f-9585-38f3c6080dd5 => generated 132 bytes in 22 msecs (HTTP/1.1 404) 4 headers in 164 bytes (1 switches on core 0) [pid: 8|app: 0|req: 775/1662] 10.0.0.47 () {32 vars in 731 bytes} [Tue Jul 14 18:51:00 2026] DELETE /v2.0/floatingips/aa9ab15a-5a7a-4002-972c-e3c4c74800e3 => generated 0 bytes in 374 msecs (HTTP/1.1 204) 2 headers in 112 bytes (1 switches on core 0) [pid: 7|app: 0|req: 888/1663] 10.0.0.47 () {32 vars in 723 bytes} [Tue Jul 14 18:51:00 2026] DELETE /v2.0/subnets/762aabb5-c2b6-4398-8baf-219febac6bbe => generated 0 bytes in 179 msecs (HTTP/1.1 204) 3 headers in 131 bytes (1 switches on core 0)
2026-07-14 18:51:01.058 8 INFO neutron_taas.services.taas.taas_plugin [None req-e53db86d-ce1c-4a65-9700-faa6be826703 604ba5257ea74123a9fc12aef7cc7dd7 74504539781748b29c1b71e22a50c997 - - default default] TaaS: Handle Delete Port: fcfb48a9-fbc1-4058-aac6-28d3736049ef
2026-07-14 18:51:01.061 8 INFO neutron_taas.services.taas.tap_mirror_plugin [None req-e53db86d-ce1c-4a65-9700-faa6be826703 604ba5257ea74123a9fc12aef7cc7dd7 74504539781748b29c1b71e22a50c997 - - default default] Tap Mirror: Handle Delete Port: fcfb48a9-fbc1-4058-aac6-28d3736049ef
2026-07-14 18:51:01.176 7 INFO neutron_taas.services.taas.taas_plugin [None req-2ec30fe8-507d-48ef-9268-a9ed1fc539cf 361cf6fc65bd45e38029763a279ce984 8dc68e71dd7a44efaaa1af056092ec92 - - default default] TaaS: Handle Delete Port: 495354ba-642f-42bf-9902-d0106bd53025
2026-07-14 18:51:01.179 7 INFO neutron_taas.services.taas.tap_mirror_plugin [None req-2ec30fe8-507d-48ef-9268-a9ed1fc539cf 361cf6fc65bd45e38029763a279ce984 8dc68e71dd7a44efaaa1af056092ec92 - - default default] Tap Mirror: Handle Delete Port: 495354ba-642f-42bf-9902-d0106bd53025 [pid: 8|app: 0|req: 776/1664] 10.0.0.47 () {32 vars in 731 bytes} [Tue Jul 14 18:51:00 2026] DELETE /v2.0/floatingips/8b9d2706-e89a-4e86-8922-e49b321fc012 => generated 0 bytes in 307 msecs (HTTP/1.1 204) 2 headers in 112 bytes (1 switches on core 0)
2026-07-14 18:51:01.373 7 INFO neutron.services.segments.plugin [-] Segment 93b1c094-c5a5-42fb-b122-11b961fab705 resource provider aggregate not found
2026-07-14 18:51:01.380 7 INFO neutron.services.segments.plugin [-] Segment 93b1c094-c5a5-42fb-b122-11b961fab705 resource provider aggregate not found
2026-07-14 18:51:01.382 8 INFO neutron_taas.services.taas.taas_plugin [None req-30e070ea-b97a-4b41-8722-de2da9727867 604ba5257ea74123a9fc12aef7cc7dd7 74504539781748b29c1b71e22a50c997 - - default default] TaaS: Handle Delete Port: 42204e54-185c-48e8-8643-9a363322ec5c
2026-07-14 18:51:01.385 8 INFO neutron_taas.services.taas.tap_mirror_plugin [None req-30e070ea-b97a-4b41-8722-de2da9727867 604ba5257ea74123a9fc12aef7cc7dd7 74504539781748b29c1b71e22a50c997 - - default default] Tap Mirror: Handle Delete Port: 42204e54-185c-48e8-8643-9a363322ec5c
2026-07-14 18:51:01.398 7 INFO neutron.services.segments.plugin [-] Client error retrieving segment 93b1c094-c5a5-42fb-b122-11b961fab705 resource provider; error: Placement Client Error (4xx): {"errors": [{"status": 404, "title": "Not Found", "detail": "The resource could not be found.\n\n No resource provider with uuid 93b1c094-c5a5-42fb-b122-11b961fab705 found for delete ", "request_id": "req-08bf12df-3981-4e7d-af47-d66ea71a59fc"}]}
2026-07-14 18:51:01.400 7 INFO neutron.services.segments.plugin [-] Client error retrieving segment 93b1c094-c5a5-42fb-b122-11b961fab705 resource provider; error: Placement Client Error (4xx): {"errors": [{"status": 404, "title": "Not Found", "detail": "The resource could not be found.\n\n No resource provider with uuid 93b1c094-c5a5-42fb-b122-11b961fab705 found for delete ", "request_id": "req-6c3c3184-6114-43bc-9443-4cd63e4a4d64"}]} [pid: 7|app: 0|req: 889/1665] 10.0.0.47 () {32 vars in 725 bytes} [Tue Jul 14 18:51:01 2026] DELETE /v2.0/networks/75a67612-0f25-46c8-b770-1498fe6268d5 => generated 0 bytes in 373 msecs (HTTP/1.1 204) 3 headers in 131 bytes (1 switches on core 0) [pid: 8|app: 0|req: 777/1666] 10.0.0.47 () {32 vars in 731 bytes} [Tue Jul 14 18:51:01 2026] DELETE /v2.0/floatingips/9cd276c7-025e-4141-adf5-4be99a687b5f => generated 0 bytes in 355 msecs (HTTP/1.1 204) 2 headers in 112 bytes (1 switches on core 0)
2026-07-14 18:51:01.596 7 WARNING neutron.db.securitygroups_db [None req-507812c6-2f94-4fcd-ac2f-b60401314c09 caee15f605894228b0d2a2d2adf2c41e eee9f0c15dac461d8b393394731233e9 - - default default] project_id key not found in filters, using tenant_id instead. This support has been deprecated and will be removed in a future release.
2026-07-14 18:51:01.680 8 INFO neutron.db.segments_db [None req-cc847a05-07e9-4c4d-ad99-243a1a775901 361cf6fc65bd45e38029763a279ce984 8dc68e71dd7a44efaaa1af056092ec92 - - default default] Added segment 52785ae9-94d0-458a-9da5-f7684b390e59 of type geneve for network b4248bcb-6bc5-4655-88bf-2f363fd43d1d
2026-07-14 18:51:01.742 7 INFO neutron.db.ovn_revision_numbers_db [None req-507812c6-2f94-4fcd-ac2f-b60401314c09 caee15f605894228b0d2a2d2adf2c41e eee9f0c15dac461d8b393394731233e9 - - default default] Successfully bumped revision number for resource 4fb6800e-b5fb-4a98-bf86-41c201f4fb44 (type: security_groups) to 1
2026-07-14 18:51:01.758 7 INFO neutron.db.ovn_revision_numbers_db [None req-507812c6-2f94-4fcd-ac2f-b60401314c09 caee15f605894228b0d2a2d2adf2c41e eee9f0c15dac461d8b393394731233e9 - - default default] Successfully bumped revision number for resource 5d37dab3-4bef-4e27-9cda-3b4b76938e35 (type: security_group_rules) to 0
2026-07-14 18:51:01.786 7 INFO neutron.db.ovn_revision_numbers_db [None req-507812c6-2f94-4fcd-ac2f-b60401314c09 caee15f605894228b0d2a2d2adf2c41e eee9f0c15dac461d8b393394731233e9 - - default default] Successfully bumped revision number for resource a667642b-e96d-46c0-a1c6-3851993e3f68 (type: security_group_rules) to 0
2026-07-14 18:51:01.802 7 INFO neutron.db.ovn_revision_numbers_db [None req-507812c6-2f94-4fcd-ac2f-b60401314c09 caee15f605894228b0d2a2d2adf2c41e eee9f0c15dac461d8b393394731233e9 - - default default] Successfully bumped revision number for resource bd114313-2607-43ad-90f5-3131ac26b33d (type: security_group_rules) to 0
2026-07-14 18:51:01.815 7 INFO neutron.db.ovn_revision_numbers_db [None req-507812c6-2f94-4fcd-ac2f-b60401314c09 caee15f605894228b0d2a2d2adf2c41e eee9f0c15dac461d8b393394731233e9 - - default default] Successfully bumped revision number for resource f36cccd1-81d9-49c2-a775-ba2d8ad6902a (type: security_group_rules) to 0
2026-07-14 18:51:01.856 8 INFO neutron.db.ovn_revision_numbers_db [None req-cc847a05-07e9-4c4d-ad99-243a1a775901 361cf6fc65bd45e38029763a279ce984 8dc68e71dd7a44efaaa1af056092ec92 - - default default] Successfully bumped revision number for resource b4248bcb-6bc5-4655-88bf-2f363fd43d1d (type: networks) to 1 [pid: 7|app: 0|req: 890/1667] 10.0.0.47 () {32 vars in 773 bytes} [Tue Jul 14 18:51:01 2026] GET /v2.0/security-groups?tenant_id=b246f7d1039741c78f3bde5602a74569&name=default => generated 2925 bytes in 442 msecs (HTTP/1.1 200) 4 headers in 158 bytes (1 switches on core 0)
2026-07-14 18:51:02.077 8 WARNING neutron.scheduler.dhcp_agent_scheduler [None req-cc847a05-07e9-4c4d-ad99-243a1a775901 361cf6fc65bd45e38029763a279ce984 8dc68e71dd7a44efaaa1af056092ec92 - - default default] No more DHCP agents
2026-07-14 18:51:02.079 8 WARNING neutron.api.rpc.agentnotifiers.dhcp_rpc_agent_api [None req-cc847a05-07e9-4c4d-ad99-243a1a775901 361cf6fc65bd45e38029763a279ce984 8dc68e71dd7a44efaaa1af056092ec92 - - default default] Unable to schedule network b4248bcb-6bc5-4655-88bf-2f363fd43d1d: no agents available; will retry on subsequent port and subnet creation events. [pid: 7|app: 0|req: 891/1668] 10.0.0.47 () {32 vars in 739 bytes} [Tue Jul 14 18:51:01 2026] DELETE /v2.0/security-groups/4fb6800e-b5fb-4a98-bf86-41c201f4fb44 => generated 0 bytes in 223 msecs (HTTP/1.1 204) 2 headers in 112 bytes (1 switches on core 0)
2026-07-14 18:51:02.148 7 INFO neutron.plugins.ml2.drivers.ovn.mech_driver.mech_driver [None req-7a52d9db-48bd-49fa-a311-093b7cf3b7fd - - - - - -] OVN reports status down for port: 648c084e-2b15-463a-a279-e273576b0e38
2026-07-14 18:51:02.178 8 INFO neutron.db.ovn_revision_numbers_db [None req-cc847a05-07e9-4c4d-ad99-243a1a775901 361cf6fc65bd45e38029763a279ce984 8dc68e71dd7a44efaaa1af056092ec92 - - default default] Successfully bumped revision number for resource 648c084e-2b15-463a-a279-e273576b0e38 (type: ports) to 1 [pid: 8|app: 0|req: 778/1669] 10.0.0.47 () {34 vars in 669 bytes} [Tue Jul 14 18:51:01 2026] POST /v2.0/networks => generated 670 bytes in 625 msecs (HTTP/1.1 201) 4 headers in 162 bytes (1 switches on core 0)
2026-07-14 18:51:02.412 7 WARNING neutron.scheduler.dhcp_agent_scheduler [None req-612f7c52-1350-4069-ac72-050a162fee9b 361cf6fc65bd45e38029763a279ce984 8dc68e71dd7a44efaaa1af056092ec92 - - default default] No more DHCP agents
2026-07-14 18:51:02.413 7 WARNING neutron.api.rpc.agentnotifiers.dhcp_rpc_agent_api [None req-612f7c52-1350-4069-ac72-050a162fee9b 361cf6fc65bd45e38029763a279ce984 8dc68e71dd7a44efaaa1af056092ec92 - - default default] Unable to schedule network b4248bcb-6bc5-4655-88bf-2f363fd43d1d: no agents available; will retry on subsequent port and subnet creation events.
2026-07-14 18:51:02.556 8 WARNING neutron.db.securitygroups_db [None req-2960b446-6e66-4b58-ab3a-70a06840cba1 caee15f605894228b0d2a2d2adf2c41e eee9f0c15dac461d8b393394731233e9 - - default default] project_id key not found in filters, using tenant_id instead. This support has been deprecated and will be removed in a future release.
