2026-07-14 18:11:16.877 7 INFO neutron.api.extensions [None req-85f26abf-95f8-4721-842f-6dd1888fa61d - - - - - -] Loaded extension: trunk-details
2026-07-14 18:11:16.877 8 INFO neutron.api.extensions [None req-1e75d762-0d0c-4ae4-8c55-bc79deae85a8 - - - - - -] Extension metering not supported by any of loaded plugins
2026-07-14 18:11:16.878 7 INFO neutron.api.extensions [None req-85f26abf-95f8-4721-842f-6dd1888fa61d - - - - - -] Extension uplink-status-propagation not supported by any of loaded plugins
2026-07-14 18:11:16.878 8 INFO neutron.api.extensions [None req-1e75d762-0d0c-4ae4-8c55-bc79deae85a8 - - - - - -] Extension metering_source_and_destination_fields not supported by any of loaded plugins
2026-07-14 18:11:16.878 7 INFO neutron.api.extensions [None req-85f26abf-95f8-4721-842f-6dd1888fa61d - - - - - -] Extension uplink-status-propagation-updatable not supported by any of loaded plugins
2026-07-14 18:11:16.879 8 INFO neutron.api.extensions [None req-1e75d762-0d0c-4ae4-8c55-bc79deae85a8 - - - - - -] Loaded extension: multi-provider
2026-07-14 18:11:16.879 7 INFO neutron.api.extensions [None req-85f26abf-95f8-4721-842f-6dd1888fa61d - - - - - -] Loaded extension: vlan-transparent
2026-07-14 18:11:16.879 8 INFO neutron.api.extensions [None req-1e75d762-0d0c-4ae4-8c55-bc79deae85a8 - - - - - -] Loaded extension: net-mtu
2026-07-14 18:11:16.880 7 INFO neutron.api.extensions [None req-85f26abf-95f8-4721-842f-6dd1888fa61d - - - - - -] Loaded extension: vpn-aes-ctr
2026-07-14 18:11:16.880 8 INFO neutron.api.extensions [None req-1e75d762-0d0c-4ae4-8c55-bc79deae85a8 - - - - - -] Loaded extension: net-mtu-writable
2026-07-14 18:11:16.881 8 INFO neutron.api.extensions [None req-1e75d762-0d0c-4ae4-8c55-bc79deae85a8 - - - - - -] Loaded extension: network_availability_zone
2026-07-14 18:11:16.881 8 INFO neutron.api.extensions [None req-1e75d762-0d0c-4ae4-8c55-bc79deae85a8 - - - - - -] Extension network_ha not supported by any of loaded plugins
2026-07-14 18:11:16.882 7 INFO neutron.api.extensions [None req-85f26abf-95f8-4721-842f-6dd1888fa61d - - - - - -] Loaded extension: vpn-agent-scheduler
2026-07-14 18:11:16.882 8 INFO neutron.api.extensions [None req-1e75d762-0d0c-4ae4-8c55-bc79deae85a8 - - - - - -] Loaded extension: network-ip-availability
2026-07-14 18:11:16.883 7 INFO neutron.api.extensions [None req-85f26abf-95f8-4721-842f-6dd1888fa61d - - - - - -] Loaded extension: vpn-endpoint-groups
2026-07-14 18:11:16.883 8 INFO neutron.api.extensions [None req-1e75d762-0d0c-4ae4-8c55-bc79deae85a8 - - - - - -] Loaded extension: network-ip-availability-details
2026-07-14 18:11:16.884 7 INFO neutron.api.extensions [None req-85f26abf-95f8-4721-842f-6dd1888fa61d - - - - - -] Loaded extension: vpn-flavors
2026-07-14 18:11:16.884 8 INFO neutron.api.extensions [None req-1e75d762-0d0c-4ae4-8c55-bc79deae85a8 - - - - - -] Extension network-segment-range not supported by any of loaded plugins
2026-07-14 18:11:16.885 8 INFO neutron.api.extensions [None req-1e75d762-0d0c-4ae4-8c55-bc79deae85a8 - - - - - -] Loaded extension: pagination
2026-07-14 18:11:16.885 7 INFO neutron.api.extensions [None req-85f26abf-95f8-4721-842f-6dd1888fa61d - - - - - -] Loaded extension: vpnaas
2026-07-14 18:11:16.886 8 INFO neutron.api.extensions [None req-1e75d762-0d0c-4ae4-8c55-bc79deae85a8 - - - - - -] Loaded extension: port-device-profile
2026-07-14 18:11:16.886 8 INFO neutron.api.extensions [None req-1e75d762-0d0c-4ae4-8c55-bc79deae85a8 - - - - - -] Extension port-hardware-offload-type not supported by any of loaded plugins
2026-07-14 18:11:16.887 8 INFO neutron.api.extensions [None req-1e75d762-0d0c-4ae4-8c55-bc79deae85a8 - - - - - -] Extension port-hint-ovs-tx-steering not supported by any of loaded plugins
2026-07-14 18:11:16.887 8 INFO neutron.api.extensions [None req-1e75d762-0d0c-4ae4-8c55-bc79deae85a8 - - - - - -] Extension port-hints not supported by any of loaded plugins
2026-07-14 18:11:16.887 7 INFO neutron.api.extensions [None req-85f26abf-95f8-4721-842f-6dd1888fa61d - - - - - -] Loaded extension: taas
2026-07-14 18:11:16.888 8 INFO neutron.api.extensions [None req-1e75d762-0d0c-4ae4-8c55-bc79deae85a8 - - - - - -] Extension port-mac-override not supported by any of loaded plugins
2026-07-14 18:11:16.888 8 INFO neutron.api.extensions [None req-1e75d762-0d0c-4ae4-8c55-bc79deae85a8 - - - - - -] Loaded extension: port-mac-address-regenerate
2026-07-14 18:11:16.889 7 INFO neutron.api.extensions [None req-85f26abf-95f8-4721-842f-6dd1888fa61d - - - - - -] Loaded extension: tap-mirror
2026-07-14 18:11:16.889 8 INFO neutron.api.extensions [None req-1e75d762-0d0c-4ae4-8c55-bc79deae85a8 - - - - - -] Loaded extension: port-numa-affinity-policy
2026-07-14 18:11:16.889 7 INFO neutron.api.extensions [None req-85f26abf-95f8-4721-842f-6dd1888fa61d - - - - - -] Loaded extension: tap-mirror-both-direction
2026-07-14 18:11:16.890 8 INFO neutron.api.extensions [None req-1e75d762-0d0c-4ae4-8c55-bc79deae85a8 - - - - - -] Loaded extension: port-numa-affinity-policy-socket
2026-07-14 18:11:16.890 7 INFO neutron.api.extensions [None req-85f26abf-95f8-4721-842f-6dd1888fa61d - - - - - -] Loaded extension: taas-vlan-filter
2026-07-14 18:11:16.890 8 INFO neutron.api.extensions [None req-1e75d762-0d0c-4ae4-8c55-bc79deae85a8 - - - - - -] Loaded extension: port-resource-request
2026-07-14 18:11:16.891 8 INFO neutron.api.extensions [None req-1e75d762-0d0c-4ae4-8c55-bc79deae85a8 - - - - - -] Loaded extension: port-resource-request-groups
2026-07-14 18:11:16.891 8 INFO neutron.api.extensions [None req-1e75d762-0d0c-4ae4-8c55-bc79deae85a8 - - - - - -] Extension port-trusted-vif not supported by any of loaded plugins
2026-07-14 18:11:16.892 8 INFO neutron.api.extensions [None req-1e75d762-0d0c-4ae4-8c55-bc79deae85a8 - - - - - -] Loaded extension: binding
2026-07-14 18:11:16.893 8 INFO neutron.api.extensions [None req-1e75d762-0d0c-4ae4-8c55-bc79deae85a8 - - - - - -] Loaded extension: binding-extended
2026-07-14 18:11:16.893 7 INFO neutron.quota.resource_registry [None req-85f26abf-95f8-4721-842f-6dd1888fa61d - - - - - -] Creating instance of TrackedResource for resource:network
2026-07-14 18:11:16.893 7 INFO neutron.quota.resource_registry [None req-85f26abf-95f8-4721-842f-6dd1888fa61d - - - - - -] Creating instance of TrackedResource for resource:subnet
2026-07-14 18:11:16.893 8 INFO neutron.api.extensions [None req-1e75d762-0d0c-4ae4-8c55-bc79deae85a8 - - - - - -] Loaded extension: port-security
2026-07-14 18:11:16.893 7 INFO neutron.quota.resource_registry [None req-85f26abf-95f8-4721-842f-6dd1888fa61d - - - - - -] Creating instance of TrackedResource for resource:subnetpool
2026-07-14 18:11:16.894 7 INFO neutron.quota.resource_registry [None req-85f26abf-95f8-4721-842f-6dd1888fa61d - - - - - -] Creating instance of TrackedResource for resource:port
2026-07-14 18:11:16.894 8 INFO neutron.api.extensions [None req-1e75d762-0d0c-4ae4-8c55-bc79deae85a8 - - - - - -] Loaded extension: project-id
2026-07-14 18:11:16.895 8 INFO neutron.api.extensions [None req-1e75d762-0d0c-4ae4-8c55-bc79deae85a8 - - - - - -] Loaded extension: provider
2026-07-14 18:11:16.895 8 INFO neutron.api.extensions [None req-1e75d762-0d0c-4ae4-8c55-bc79deae85a8 - - - - - -] Extension pvlan not supported by any of loaded plugins
2026-07-14 18:11:16.896 8 INFO neutron.api.extensions [None req-1e75d762-0d0c-4ae4-8c55-bc79deae85a8 - - - - - -] Loaded extension: qinq
2026-07-14 18:11:16.896 7 INFO neutron.quota.resource_registry [None req-85f26abf-95f8-4721-842f-6dd1888fa61d - - - - - -] Creating instance of CountableResource for resource:router_route
2026-07-14 18:11:16.898 7 INFO neutron.quota.resource_registry [None req-85f26abf-95f8-4721-842f-6dd1888fa61d - - - - - -] Creating instance of TrackedResource for resource:router
2026-07-14 18:11:16.899 7 INFO neutron.quota.resource_registry [None req-85f26abf-95f8-4721-842f-6dd1888fa61d - - - - - -] Creating instance of TrackedResource for resource:floatingip
2026-07-14 18:11:16.899 8 INFO neutron.api.extensions [None req-1e75d762-0d0c-4ae4-8c55-bc79deae85a8 - - - - - -] Loaded extension: qos
2026-07-14 18:11:16.900 8 INFO neutron.api.extensions [None req-1e75d762-0d0c-4ae4-8c55-bc79deae85a8 - - - - - -] Loaded extension: qos-bw-limit-direction
2026-07-14 18:11:16.900 8 INFO neutron.api.extensions [None req-1e75d762-0d0c-4ae4-8c55-bc79deae85a8 - - - - - -] Loaded extension: qos-bw-minimum-ingress
2026-07-14 18:11:16.901 8 INFO neutron.api.extensions [None req-1e75d762-0d0c-4ae4-8c55-bc79deae85a8 - - - - - -] Loaded extension: qos-default
2026-07-14 18:11:16.902 8 INFO neutron.api.extensions [None req-1e75d762-0d0c-4ae4-8c55-bc79deae85a8 - - - - - -] Loaded extension: qos-fip
2026-07-14 18:11:16.902 8 INFO neutron.api.extensions [None req-1e75d762-0d0c-4ae4-8c55-bc79deae85a8 - - - - - -] Extension qos-fip-network-policy not supported by any of loaded plugins
2026-07-14 18:11:16.903 8 INFO neutron.api.extensions [None req-1e75d762-0d0c-4ae4-8c55-bc79deae85a8 - - - - - -] Loaded extension: qos-gateway-ip
2026-07-14 18:11:16.904 8 INFO neutron.api.extensions [None req-1e75d762-0d0c-4ae4-8c55-bc79deae85a8 - - - - - -] Loaded extension: qos-port-network-policy
2026-07-14 18:11:16.904 7 INFO neutron.quota.resource_registry [None req-85f26abf-95f8-4721-842f-6dd1888fa61d - - - - - -] Creating instance of CountableResource for resource:rbac_policy
2026-07-14 18:11:16.904 8 INFO neutron.api.extensions [None req-1e75d762-0d0c-4ae4-8c55-bc79deae85a8 - - - - - -] Loaded extension: qos-pps-minimum
2026-07-14 18:11:16.904 7 INFO neutron.quota.resource_registry [None req-85f26abf-95f8-4721-842f-6dd1888fa61d - - - - - -] Creating instance of TrackedResource for resource:security_group
2026-07-14 18:11:16.905 7 INFO neutron.quota.resource_registry [None req-85f26abf-95f8-4721-842f-6dd1888fa61d - - - - - -] Creating instance of TrackedResource for resource:security_group_rule
2026-07-14 18:11:16.905 8 INFO neutron.api.extensions [None req-1e75d762-0d0c-4ae4-8c55-bc79deae85a8 - - - - - -] Loaded extension: qos-pps-minimum-rule-alias
2026-07-14 18:11:16.906 7 INFO neutron.quota.resource_registry [None req-85f26abf-95f8-4721-842f-6dd1888fa61d - - - - - -] Creating instance of TrackedResource for resource:subnetpool
2026-07-14 18:11:16.906 7 WARNING neutron.quota.resource_registry [None req-85f26abf-95f8-4721-842f-6dd1888fa61d - - - - - -] subnetpool is already registered
2026-07-14 18:11:16.906 8 INFO neutron.api.extensions [None req-1e75d762-0d0c-4ae4-8c55-bc79deae85a8 - - - - - -] Loaded extension: qos-pps
2026-07-14 18:11:16.907 7 INFO neutron.quota.resource_registry [None req-85f26abf-95f8-4721-842f-6dd1888fa61d - - - - - -] Creating instance of TrackedResource for resource:subnetpool
2026-07-14 18:11:16.907 7 WARNING neutron.quota.resource_registry [None req-85f26abf-95f8-4721-842f-6dd1888fa61d - - - - - -] subnetpool is already registered
2026-07-14 18:11:16.907 8 INFO neutron.api.extensions [None req-1e75d762-0d0c-4ae4-8c55-bc79deae85a8 - - - - - -] Loaded extension: qos-rule-type-details
2026-07-14 18:11:16.907 7 INFO neutron.quota.resource_registry [None req-85f26abf-95f8-4721-842f-6dd1888fa61d - - - - - -] Creating instance of CountableResource for resource:trunk
2026-07-14 18:11:16.908 8 INFO neutron.api.extensions [None req-1e75d762-0d0c-4ae4-8c55-bc79deae85a8 - - - - - -] Loaded extension: qos-rule-type-filter
2026-07-14 18:11:16.908 7 INFO neutron.quota.resource_registry [None req-85f26abf-95f8-4721-842f-6dd1888fa61d - - - - - -] Creating instance of CountableResource for resource:ikepolicy
2026-07-14 18:11:16.908 7 INFO neutron.quota.resource_registry [None req-85f26abf-95f8-4721-842f-6dd1888fa61d - - - - - -] Creating instance of CountableResource for resource:ipsecpolicy
2026-07-14 18:11:16.908 8 INFO neutron.api.extensions [None req-1e75d762-0d0c-4ae4-8c55-bc79deae85a8 - - - - - -] Loaded extension: qos-rules-alias
2026-07-14 18:11:16.909 7 INFO neutron.quota.resource_registry [None req-85f26abf-95f8-4721-842f-6dd1888fa61d - - - - - -] Creating instance of CountableResource for resource:endpoint_group
2026-07-14 18:11:16.909 8 INFO neutron.api.extensions [None req-1e75d762-0d0c-4ae4-8c55-bc79deae85a8 - - - - - -] Loaded extension: quota-check-limit
2026-07-14 18:11:16.909 7 INFO neutron.quota.resource_registry [None req-85f26abf-95f8-4721-842f-6dd1888fa61d - - - - - -] Creating instance of CountableResource for resource:vpnservice
2026-07-14 18:11:16.909 8 INFO neutron.api.extensions [None req-1e75d762-0d0c-4ae4-8c55-bc79deae85a8 - - - - - -] Loaded extension: quota-check-limit-default
2026-07-14 18:11:16.909 7 INFO neutron.quota.resource_registry [None req-85f26abf-95f8-4721-842f-6dd1888fa61d - - - - - -] Creating instance of CountableResource for resource:ipsec_site_connection
2026-07-14 18:11:16.910 7 INFO neutron.quota.resource_registry [None req-85f26abf-95f8-4721-842f-6dd1888fa61d - - - - - -] Creating instance of CountableResource for resource:ipsecpolicy
2026-07-14 18:11:16.910 7 WARNING neutron.quota.resource_registry [None req-85f26abf-95f8-4721-842f-6dd1888fa61d - - - - - -] ipsecpolicy is already registered
2026-07-14 18:11:16.910 7 INFO neutron.quota.resource_registry [None req-85f26abf-95f8-4721-842f-6dd1888fa61d - - - - - -] Creating instance of CountableResource for resource:ikepolicy
2026-07-14 18:11:16.911 7 WARNING neutron.quota.resource_registry [None req-85f26abf-95f8-4721-842f-6dd1888fa61d - - - - - -] ikepolicy is already registered
2026-07-14 18:11:16.912 8 INFO neutron.api.extensions [None req-1e75d762-0d0c-4ae4-8c55-bc79deae85a8 - - - - - -] Loaded extension: quotas
2026-07-14 18:11:16.913 8 INFO neutron.api.extensions [None req-1e75d762-0d0c-4ae4-8c55-bc79deae85a8 - - - - - -] Loaded extension: quota_details
2026-07-14 18:11:16.915 8 INFO neutron.api.extensions [None req-1e75d762-0d0c-4ae4-8c55-bc79deae85a8 - - - - - -] Loaded extension: rbac-policies
2026-07-14 18:11:16.915 7 INFO neutron.quota.resource_registry [None req-85f26abf-95f8-4721-842f-6dd1888fa61d - - - - - -] Creating instance of CountableResource for resource:router_route
2026-07-14 18:11:16.915 7 WARNING neutron.quota.resource_registry [None req-85f26abf-95f8-4721-842f-6dd1888fa61d - - - - - -] router_route is already registered
2026-07-14 18:11:16.915 8 INFO neutron.api.extensions [None req-1e75d762-0d0c-4ae4-8c55-bc79deae85a8 - - - - - -] Extension rbac-address-group not supported by any of loaded plugins
2026-07-14 18:11:16.916 8 INFO neutron.api.extensions [None req-1e75d762-0d0c-4ae4-8c55-bc79deae85a8 - - - - - -] Loaded extension: rbac-address-scope
2026-07-14 18:11:16.916 8 INFO neutron.api.extensions [None req-1e75d762-0d0c-4ae4-8c55-bc79deae85a8 - - - - - -] Loaded extension: rbac-security-groups
2026-07-14 18:11:16.917 8 INFO neutron.api.extensions [None req-1e75d762-0d0c-4ae4-8c55-bc79deae85a8 - - - - - -] Extension rbac-subnetpool not supported by any of loaded plugins
2026-07-14 18:11:16.918 8 INFO neutron.api.extensions [None req-1e75d762-0d0c-4ae4-8c55-bc79deae85a8 - - - - - -] Loaded extension: revision-if-match
2026-07-14 18:11:16.918 7 INFO neutron.quota.resource_registry [None req-85f26abf-95f8-4721-842f-6dd1888fa61d - - - - - -] Creating instance of TrackedResource for resource:router
2026-07-14 18:11:16.918 7 WARNING neutron.quota.resource_registry [None req-85f26abf-95f8-4721-842f-6dd1888fa61d - - - - - -] router is already registered
2026-07-14 18:11:16.919 8 INFO neutron.api.extensions [None req-1e75d762-0d0c-4ae4-8c55-bc79deae85a8 - - - - - -] Loaded extension: standard-attr-revisions
2026-07-14 18:11:16.919 7 INFO neutron.quota.resource_registry [None req-85f26abf-95f8-4721-842f-6dd1888fa61d - - - - - -] Creating instance of TrackedResource for resource:floatingip
2026-07-14 18:11:16.919 7 WARNING neutron.quota.resource_registry [None req-85f26abf-95f8-4721-842f-6dd1888fa61d - - - - - -] floatingip is already registered
2026-07-14 18:11:16.919 8 INFO neutron.api.extensions [None req-1e75d762-0d0c-4ae4-8c55-bc79deae85a8 - - - - - -] Loaded extension: router_availability_zone
2026-07-14 18:11:16.920 8 INFO neutron.api.extensions [None req-1e75d762-0d0c-4ae4-8c55-bc79deae85a8 - - - - - -] Loaded extension: router-enable-snat
2026-07-14 18:11:16.921 8 INFO neutron.api.extensions [None req-1e75d762-0d0c-4ae4-8c55-bc79deae85a8 - - - - - -] Extension router-service-type not supported by any of loaded plugins
2026-07-14 18:11:16.923 8 INFO neutron.api.extensions [None req-1e75d762-0d0c-4ae4-8c55-bc79deae85a8 - - - - - -] Loaded extension: security-groups-default-rules
2026-07-14 18:11:16.924 8 INFO neutron.api.extensions [None req-1e75d762-0d0c-4ae4-8c55-bc79deae85a8 - - - - - -] Loaded extension: security-groups-default-statefulness
2026-07-14 18:11:16.924 7 INFO neutron.quota.resource_registry [None req-85f26abf-95f8-4721-842f-6dd1888fa61d - - - - - -] Creating instance of CountableResource for resource:rbac_policy
2026-07-14 18:11:16.924 7 WARNING neutron.quota.resource_registry [None req-85f26abf-95f8-4721-842f-6dd1888fa61d - - - - - -] rbac_policy is already registered
2026-07-14 18:11:16.925 8 INFO neutron.api.extensions [None req-1e75d762-0d0c-4ae4-8c55-bc79deae85a8 - - - - - -] Loaded extension: security-groups-normalized-cidr
2026-07-14 18:11:16.925 7 INFO neutron.quota.resource_registry [None req-85f26abf-95f8-4721-842f-6dd1888fa61d - - - - - -] Creating instance of TrackedResource for resource:security_group
2026-07-14 18:11:16.925 8 INFO neutron.api.extensions [None req-1e75d762-0d0c-4ae4-8c55-bc79deae85a8 - - - - - -] Extension port-security-groups-filtering not supported by any of loaded plugins
2026-07-14 18:11:16.925 7 WARNING neutron.quota.resource_registry [None req-85f26abf-95f8-4721-842f-6dd1888fa61d - - - - - -] security_group is already registered
2026-07-14 18:11:16.926 7 INFO neutron.quota.resource_registry [None req-85f26abf-95f8-4721-842f-6dd1888fa61d - - - - - -] Creating instance of TrackedResource for resource:security_group_rule
2026-07-14 18:11:16.926 7 WARNING neutron.quota.resource_registry [None req-85f26abf-95f8-4721-842f-6dd1888fa61d - - - - - -] security_group_rule is already registered
2026-07-14 18:11:16.926 8 INFO neutron.api.extensions [None req-1e75d762-0d0c-4ae4-8c55-bc79deae85a8 - - - - - -] Loaded extension: security-groups-remote-address-group
2026-07-14 18:11:16.927 8 INFO neutron.api.extensions [None req-1e75d762-0d0c-4ae4-8c55-bc79deae85a8 - - - - - -] Loaded extension: security-groups-rules-belongs-to-default-sg
2026-07-14 18:11:16.927 7 INFO neutron.quota.resource_registry [None req-85f26abf-95f8-4721-842f-6dd1888fa61d - - - - - -] Creating instance of TrackedResource for resource:subnetpool
2026-07-14 18:11:16.927 7 WARNING neutron.quota.resource_registry [None req-85f26abf-95f8-4721-842f-6dd1888fa61d - - - - - -] subnetpool is already registered
2026-07-14 18:11:16.927 8 INFO neutron.api.extensions [None req-1e75d762-0d0c-4ae4-8c55-bc79deae85a8 - - - - - -] Loaded extension: security-groups-shared-filtering
2026-07-14 18:11:16.928 7 INFO neutron.quota.resource_registry [None req-85f26abf-95f8-4721-842f-6dd1888fa61d - - - - - -] Creating instance of TrackedResource for resource:subnetpool
2026-07-14 18:11:16.928 7 WARNING neutron.quota.resource_registry [None req-85f26abf-95f8-4721-842f-6dd1888fa61d - - - - - -] subnetpool is already registered
2026-07-14 18:11:16.928 7 INFO neutron.quota.resource_registry [None req-85f26abf-95f8-4721-842f-6dd1888fa61d - - - - - -] Creating instance of CountableResource for resource:trunk
2026-07-14 18:11:16.928 7 WARNING neutron.quota.resource_registry [None req-85f26abf-95f8-4721-842f-6dd1888fa61d - - - - - -] trunk is already registered
2026-07-14 18:11:16.929 7 INFO neutron.quota.resource_registry [None req-85f26abf-95f8-4721-842f-6dd1888fa61d - - - - - -] Creating instance of CountableResource for resource:ikepolicy
2026-07-14 18:11:16.929 7 WARNING neutron.quota.resource_registry [None req-85f26abf-95f8-4721-842f-6dd1888fa61d - - - - - -] ikepolicy is already registered
2026-07-14 18:11:16.929 7 INFO neutron.quota.resource_registry [None req-85f26abf-95f8-4721-842f-6dd1888fa61d - - - - - -] Creating instance of CountableResource for resource:ipsecpolicy
2026-07-14 18:11:16.930 7 WARNING neutron.quota.resource_registry [None req-85f26abf-95f8-4721-842f-6dd1888fa61d - - - - - -] ipsecpolicy is already registered
2026-07-14 18:11:16.930 7 INFO neutron.quota.resource_registry [None req-85f26abf-95f8-4721-842f-6dd1888fa61d - - - - - -] Creating instance of CountableResource for resource:endpoint_group
2026-07-14 18:11:16.930 7 WARNING neutron.quota.resource_registry [None req-85f26abf-95f8-4721-842f-6dd1888fa61d - - - - - -] endpoint_group is already registered
2026-07-14 18:11:16.931 7 INFO neutron.quota.resource_registry [None req-85f26abf-95f8-4721-842f-6dd1888fa61d - - - - - -] Creating instance of CountableResource for resource:vpnservice
2026-07-14 18:11:16.931 7 WARNING neutron.quota.resource_registry [None req-85f26abf-95f8-4721-842f-6dd1888fa61d - - - - - -] vpnservice is already registered
2026-07-14 18:11:16.931 7 INFO neutron.quota.resource_registry [None req-85f26abf-95f8-4721-842f-6dd1888fa61d - - - - - -] Creating instance of CountableResource for resource:ipsec_site_connection
2026-07-14 18:11:16.932 7 WARNING neutron.quota.resource_registry [None req-85f26abf-95f8-4721-842f-6dd1888fa61d - - - - - -] ipsec_site_connection is already registered
2026-07-14 18:11:16.932 7 INFO neutron.quota.resource_registry [None req-85f26abf-95f8-4721-842f-6dd1888fa61d - - - - - -] Creating instance of CountableResource for resource:ipsecpolicy
2026-07-14 18:11:16.932 7 WARNING neutron.quota.resource_registry [None req-85f26abf-95f8-4721-842f-6dd1888fa61d - - - - - -] ipsecpolicy is already registered
2026-07-14 18:11:16.933 7 INFO neutron.quota.resource_registry [None req-85f26abf-95f8-4721-842f-6dd1888fa61d - - - - - -] Creating instance of CountableResource for resource:ikepolicy
2026-07-14 18:11:16.933 7 WARNING neutron.quota.resource_registry [None req-85f26abf-95f8-4721-842f-6dd1888fa61d - - - - - -] ikepolicy is already registered
2026-07-14 18:11:16.933 8 INFO neutron.api.extensions [None req-1e75d762-0d0c-4ae4-8c55-bc79deae85a8 - - - - - -] Loaded extension: security-group
2026-07-14 18:11:16.934 8 INFO neutron.api.extensions [None req-1e75d762-0d0c-4ae4-8c55-bc79deae85a8 - - - - - -] Loaded extension: segment
2026-07-14 18:11:16.935 8 INFO neutron.api.extensions [None req-1e75d762-0d0c-4ae4-8c55-bc79deae85a8 - - - - - -] Loaded extension: segments-peer-subnet-host-routes
2026-07-14 18:11:16.936 8 INFO neutron.api.extensions [None req-1e75d762-0d0c-4ae4-8c55-bc79deae85a8 - - - - - -] Loaded extension: service-type
2026-07-14 18:11:16.936 8 INFO neutron.api.extensions [None req-1e75d762-0d0c-4ae4-8c55-bc79deae85a8 - - - - - -] Loaded extension: sorting
2026-07-14 18:11:16.937 8 INFO neutron.api.extensions [None req-1e75d762-0d0c-4ae4-8c55-bc79deae85a8 - - - - - -] Loaded extension: standard-attr-segment
2026-07-14 18:11:16.937 8 INFO neutron.api.extensions [None req-1e75d762-0d0c-4ae4-8c55-bc79deae85a8 - - - - - -] Loaded extension: standard-attr-description
2026-07-14 18:11:16.938 8 INFO neutron.api.extensions [None req-1e75d762-0d0c-4ae4-8c55-bc79deae85a8 - - - - - -] Loaded extension: stateful-security-group
2026-07-14 18:11:16.938 8 WARNING neutron.api.extensions [None req-1e75d762-0d0c-4ae4-8c55-bc79deae85a8 - - - - - -] Did not find expected name "Stdattrs_common" in /var/lib/openstack/lib/python3.12/site-packages/neutron/extensions/stdattrs_common.py
2026-07-14 18:11:16.939 8 INFO neutron.api.extensions [None req-1e75d762-0d0c-4ae4-8c55-bc79deae85a8 - - - - - -] Loaded extension: subnet-dns-publish-fixed-ip
2026-07-14 18:11:16.939 8 INFO neutron.api.extensions [None req-1e75d762-0d0c-4ae4-8c55-bc79deae85a8 - - - - - -] Loaded extension: subnet-external-network
2026-07-14 18:11:16.940 8 INFO neutron.api.extensions [None req-1e75d762-0d0c-4ae4-8c55-bc79deae85a8 - - - - - -] Loaded extension: subnet_onboard
2026-07-14 18:11:16.941 8 INFO neutron.api.extensions [None req-1e75d762-0d0c-4ae4-8c55-bc79deae85a8 - - - - - -] Loaded extension: subnet-segmentid-writable
2026-07-14 18:11:16.941 8 INFO neutron.api.extensions [None req-1e75d762-0d0c-4ae4-8c55-bc79deae85a8 - - - - - -] Loaded extension: subnet-service-types
2026-07-14 18:11:16.942 8 INFO neutron.api.extensions [None req-1e75d762-0d0c-4ae4-8c55-bc79deae85a8 - - - - - -] Loaded extension: subnet_allocation
2026-07-14 18:11:16.943 8 INFO neutron.api.extensions [None req-1e75d762-0d0c-4ae4-8c55-bc79deae85a8 - - - - - -] Loaded extension: subnetpool-prefix-ops
2026-07-14 18:11:16.943 8 INFO neutron.api.extensions [None req-1e75d762-0d0c-4ae4-8c55-bc79deae85a8 - - - - - -] Loaded extension: tag-creation
2026-07-14 18:11:16.944 8 INFO neutron.api.extensions [None req-1e75d762-0d0c-4ae4-8c55-bc79deae85a8 - - - - - -] Extension tag-ports-during-bulk-creation not supported by any of loaded plugins
2026-07-14 18:11:16.949 8 INFO neutron.api.extensions [None req-1e75d762-0d0c-4ae4-8c55-bc79deae85a8 - - - - - -] Loaded extension: standard-attr-tag
2026-07-14 18:11:16.950 8 INFO neutron.api.extensions [None req-1e75d762-0d0c-4ae4-8c55-bc79deae85a8 - - - - - -] Loaded extension: standard-attr-timestamp
2026-07-14 18:11:16.951 8 INFO neutron.api.extensions [None req-1e75d762-0d0c-4ae4-8c55-bc79deae85a8 - - - - - -] Loaded extension: trunk
2026-07-14 18:11:16.951 8 INFO neutron.api.extensions [None req-1e75d762-0d0c-4ae4-8c55-bc79deae85a8 - - - - - -] Loaded extension: trunk-details
2026-07-14 18:11:16.952 8 INFO neutron.api.extensions [None req-1e75d762-0d0c-4ae4-8c55-bc79deae85a8 - - - - - -] Extension uplink-status-propagation not supported by any of loaded plugins
2026-07-14 18:11:16.953 8 INFO neutron.api.extensions [None req-1e75d762-0d0c-4ae4-8c55-bc79deae85a8 - - - - - -] Extension uplink-status-propagation-updatable not supported by any of loaded plugins
2026-07-14 18:11:16.953 8 INFO neutron.api.extensions [None req-1e75d762-0d0c-4ae4-8c55-bc79deae85a8 - - - - - -] Loaded extension: vlan-transparent
2026-07-14 18:11:16.954 8 INFO neutron.api.extensions [None req-1e75d762-0d0c-4ae4-8c55-bc79deae85a8 - - - - - -] Loaded extension: vpn-aes-ctr
2026-07-14 18:11:16.956 8 INFO neutron.api.extensions [None req-1e75d762-0d0c-4ae4-8c55-bc79deae85a8 - - - - - -] Loaded extension: vpn-agent-scheduler
2026-07-14 18:11:16.957 8 INFO neutron.api.extensions [None req-1e75d762-0d0c-4ae4-8c55-bc79deae85a8 - - - - - -] Loaded extension: vpn-endpoint-groups
2026-07-14 18:11:16.957 8 INFO neutron.api.extensions [None req-1e75d762-0d0c-4ae4-8c55-bc79deae85a8 - - - - - -] Loaded extension: vpn-flavors
2026-07-14 18:11:16.959 8 INFO neutron.api.extensions [None req-1e75d762-0d0c-4ae4-8c55-bc79deae85a8 - - - - - -] Loaded extension: vpnaas
2026-07-14 18:11:16.961 8 INFO neutron.api.extensions [None req-1e75d762-0d0c-4ae4-8c55-bc79deae85a8 - - - - - -] Loaded extension: taas
2026-07-14 18:11:16.962 8 INFO neutron.api.extensions [None req-1e75d762-0d0c-4ae4-8c55-bc79deae85a8 - - - - - -] Loaded extension: tap-mirror
2026-07-14 18:11:16.963 8 INFO neutron.api.extensions [None req-1e75d762-0d0c-4ae4-8c55-bc79deae85a8 - - - - - -] Loaded extension: tap-mirror-both-direction
2026-07-14 18:11:16.964 8 INFO neutron.api.extensions [None req-1e75d762-0d0c-4ae4-8c55-bc79deae85a8 - - - - - -] Loaded extension: taas-vlan-filter
2026-07-14 18:11:16.968 8 INFO neutron.quota.resource_registry [None req-1e75d762-0d0c-4ae4-8c55-bc79deae85a8 - - - - - -] Creating instance of TrackedResource for resource:network
2026-07-14 18:11:16.968 8 INFO neutron.quota.resource_registry [None req-1e75d762-0d0c-4ae4-8c55-bc79deae85a8 - - - - - -] Creating instance of TrackedResource for resource:subnet
2026-07-14 18:11:16.968 8 INFO neutron.quota.resource_registry [None req-1e75d762-0d0c-4ae4-8c55-bc79deae85a8 - - - - - -] Creating instance of TrackedResource for resource:subnetpool
2026-07-14 18:11:16.968 8 INFO neutron.quota.resource_registry [None req-1e75d762-0d0c-4ae4-8c55-bc79deae85a8 - - - - - -] Creating instance of TrackedResource for resource:port
2026-07-14 18:11:16.970 8 INFO neutron.quota.resource_registry [None req-1e75d762-0d0c-4ae4-8c55-bc79deae85a8 - - - - - -] Creating instance of CountableResource for resource:router_route
2026-07-14 18:11:16.972 8 INFO neutron.quota.resource_registry [None req-1e75d762-0d0c-4ae4-8c55-bc79deae85a8 - - - - - -] Creating instance of TrackedResource for resource:router
2026-07-14 18:11:16.972 8 INFO neutron.quota.resource_registry [None req-1e75d762-0d0c-4ae4-8c55-bc79deae85a8 - - - - - -] Creating instance of TrackedResource for resource:floatingip
2026-07-14 18:11:16.976 7 WARNING keystonemiddleware._common.config [None req-85f26abf-95f8-4721-842f-6dd1888fa61d - - - - - -] The option "audit_map_file" is not known to keystonemiddleware
2026-07-14 18:11:16.978 8 INFO neutron.quota.resource_registry [None req-1e75d762-0d0c-4ae4-8c55-bc79deae85a8 - - - - - -] Creating instance of CountableResource for resource:rbac_policy
2026-07-14 18:11:16.979 8 INFO neutron.quota.resource_registry [None req-1e75d762-0d0c-4ae4-8c55-bc79deae85a8 - - - - - -] Creating instance of TrackedResource for resource:security_group
2026-07-14 18:11:16.980 8 INFO neutron.quota.resource_registry [None req-1e75d762-0d0c-4ae4-8c55-bc79deae85a8 - - - - - -] Creating instance of TrackedResource for resource:security_group_rule
2026-07-14 18:11:16.981 8 INFO neutron.quota.resource_registry [None req-1e75d762-0d0c-4ae4-8c55-bc79deae85a8 - - - - - -] Creating instance of TrackedResource for resource:subnetpool
2026-07-14 18:11:16.981 8 WARNING neutron.quota.resource_registry [None req-1e75d762-0d0c-4ae4-8c55-bc79deae85a8 - - - - - -] subnetpool is already registered
2026-07-14 18:11:16.981 8 INFO neutron.quota.resource_registry [None req-1e75d762-0d0c-4ae4-8c55-bc79deae85a8 - - - - - -] Creating instance of TrackedResource for resource:subnetpool
2026-07-14 18:11:16.981 8 WARNING neutron.quota.resource_registry [None req-1e75d762-0d0c-4ae4-8c55-bc79deae85a8 - - - - - -] subnetpool is already registered
2026-07-14 18:11:16.982 8 INFO neutron.quota.resource_registry [None req-1e75d762-0d0c-4ae4-8c55-bc79deae85a8 - - - - - -] Creating instance of CountableResource for resource:trunk
2026-07-14 18:11:16.982 7 WARNING keystonemiddleware.auth_token [None req-85f26abf-95f8-4721-842f-6dd1888fa61d - - - - - -] Configuring www_authenticate_uri to point to the public identity endpoint is required; clients may not be able to authenticate against an admin endpoint
2026-07-14 18:11:16.982 8 INFO neutron.quota.resource_registry [None req-1e75d762-0d0c-4ae4-8c55-bc79deae85a8 - - - - - -] Creating instance of CountableResource for resource:ikepolicy
2026-07-14 18:11:16.983 8 INFO neutron.quota.resource_registry [None req-1e75d762-0d0c-4ae4-8c55-bc79deae85a8 - - - - - -] Creating instance of CountableResource for resource:ipsecpolicy
2026-07-14 18:11:16.983 8 INFO neutron.quota.resource_registry [None req-1e75d762-0d0c-4ae4-8c55-bc79deae85a8 - - - - - -] Creating instance of CountableResource for resource:endpoint_group
2026-07-14 18:11:16.984 8 INFO neutron.quota.resource_registry [None req-1e75d762-0d0c-4ae4-8c55-bc79deae85a8 - - - - - -] Creating instance of CountableResource for resource:vpnservice
2026-07-14 18:11:16.984 8 INFO neutron.quota.resource_registry [None req-1e75d762-0d0c-4ae4-8c55-bc79deae85a8 - - - - - -] Creating instance of CountableResource for resource:ipsec_site_connection
2026-07-14 18:11:16.985 8 INFO neutron.quota.resource_registry [None req-1e75d762-0d0c-4ae4-8c55-bc79deae85a8 - - - - - -] Creating instance of CountableResource for resource:ipsecpolicy
2026-07-14 18:11:16.985 8 WARNING neutron.quota.resource_registry [None req-1e75d762-0d0c-4ae4-8c55-bc79deae85a8 - - - - - -] ipsecpolicy is already registered
2026-07-14 18:11:16.985 8 INFO neutron.quota.resource_registry [None req-1e75d762-0d0c-4ae4-8c55-bc79deae85a8 - - - - - -] Creating instance of CountableResource for resource:ikepolicy
2026-07-14 18:11:16.985 8 WARNING neutron.quota.resource_registry [None req-1e75d762-0d0c-4ae4-8c55-bc79deae85a8 - - - - - -] ikepolicy is already registered
2026-07-14 18:11:16.989 8 INFO neutron.quota.resource_registry [None req-1e75d762-0d0c-4ae4-8c55-bc79deae85a8 - - - - - -] Creating instance of CountableResource for resource:router_route
2026-07-14 18:11:16.989 8 WARNING neutron.quota.resource_registry [None req-1e75d762-0d0c-4ae4-8c55-bc79deae85a8 - - - - - -] router_route is already registered
2026-07-14 18:11:16.991 8 INFO neutron.quota.resource_registry [None req-1e75d762-0d0c-4ae4-8c55-bc79deae85a8 - - - - - -] Creating instance of TrackedResource for resource:router
2026-07-14 18:11:16.991 8 WARNING neutron.quota.resource_registry [None req-1e75d762-0d0c-4ae4-8c55-bc79deae85a8 - - - - - -] router is already registered
2026-07-14 18:11:16.991 8 INFO neutron.quota.resource_registry [None req-1e75d762-0d0c-4ae4-8c55-bc79deae85a8 - - - - - -] Creating instance of TrackedResource for resource:floatingip
2026-07-14 18:11:16.992 8 WARNING neutron.quota.resource_registry [None req-1e75d762-0d0c-4ae4-8c55-bc79deae85a8 - - - - - -] floatingip is already registered
2026-07-14 18:11:16.996 8 INFO neutron.quota.resource_registry [None req-1e75d762-0d0c-4ae4-8c55-bc79deae85a8 - - - - - -] Creating instance of CountableResource for resource:rbac_policy
2026-07-14 18:11:16.996 8 WARNING neutron.quota.resource_registry [None req-1e75d762-0d0c-4ae4-8c55-bc79deae85a8 - - - - - -] rbac_policy is already registered
2026-07-14 18:11:16.997 8 INFO neutron.quota.resource_registry [None req-1e75d762-0d0c-4ae4-8c55-bc79deae85a8 - - - - - -] Creating instance of TrackedResource for resource:security_group
2026-07-14 18:11:16.997 8 WARNING neutron.quota.resource_registry [None req-1e75d762-0d0c-4ae4-8c55-bc79deae85a8 - - - - - -] security_group is already registered
2026-07-14 18:11:16.998 8 INFO neutron.quota.resource_registry [None req-1e75d762-0d0c-4ae4-8c55-bc79deae85a8 - - - - - -] Creating instance of TrackedResource for resource:security_group_rule
2026-07-14 18:11:16.998 8 WARNING neutron.quota.resource_registry [None req-1e75d762-0d0c-4ae4-8c55-bc79deae85a8 - - - - - -] security_group_rule is already registered
2026-07-14 18:11:16.999 8 INFO neutron.quota.resource_registry [None req-1e75d762-0d0c-4ae4-8c55-bc79deae85a8 - - - - - -] Creating instance of TrackedResource for resource:subnetpool
2026-07-14 18:11:16.999 8 WARNING neutron.quota.resource_registry [None req-1e75d762-0d0c-4ae4-8c55-bc79deae85a8 - - - - - -] subnetpool is already registered
2026-07-14 18:11:16.999 8 INFO neutron.quota.resource_registry [None req-1e75d762-0d0c-4ae4-8c55-bc79deae85a8 - - - - - -] Creating instance of TrackedResource for resource:subnetpool
2026-07-14 18:11:17.000 8 WARNING neutron.quota.resource_registry [None req-1e75d762-0d0c-4ae4-8c55-bc79deae85a8 - - - - - -] subnetpool is already registered
2026-07-14 18:11:17.000 8 INFO neutron.quota.resource_registry [None req-1e75d762-0d0c-4ae4-8c55-bc79deae85a8 - - - - - -] Creating instance of CountableResource for resource:trunk
2026-07-14 18:11:17.000 8 WARNING neutron.quota.resource_registry [None req-1e75d762-0d0c-4ae4-8c55-bc79deae85a8 - - - - - -] trunk is already registered
2026-07-14 18:11:17.001 8 INFO neutron.quota.resource_registry [None req-1e75d762-0d0c-4ae4-8c55-bc79deae85a8 - - - - - -] Creating instance of CountableResource for resource:ikepolicy
2026-07-14 18:11:17.001 8 WARNING neutron.quota.resource_registry [None req-1e75d762-0d0c-4ae4-8c55-bc79deae85a8 - - - - - -] ikepolicy is already registered
2026-07-14 18:11:17.001 8 INFO neutron.quota.resource_registry [None req-1e75d762-0d0c-4ae4-8c55-bc79deae85a8 - - - - - -] Creating instance of CountableResource for resource:ipsecpolicy
2026-07-14 18:11:17.001 8 WARNING neutron.quota.resource_registry [None req-1e75d762-0d0c-4ae4-8c55-bc79deae85a8 - - - - - -] ipsecpolicy is already registered
2026-07-14 18:11:17.002 8 INFO neutron.quota.resource_registry [None req-1e75d762-0d0c-4ae4-8c55-bc79deae85a8 - - - - - -] Creating instance of CountableResource for resource:endpoint_group
2026-07-14 18:11:17.002 8 WARNING neutron.quota.resource_registry [None req-1e75d762-0d0c-4ae4-8c55-bc79deae85a8 - - - - - -] endpoint_group is already registered
2026-07-14 18:11:17.002 8 INFO neutron.quota.resource_registry [None req-1e75d762-0d0c-4ae4-8c55-bc79deae85a8 - - - - - -] Creating instance of CountableResource for resource:vpnservice
2026-07-14 18:11:17.003 8 WARNING neutron.quota.resource_registry [None req-1e75d762-0d0c-4ae4-8c55-bc79deae85a8 - - - - - -] vpnservice is already registered
2026-07-14 18:11:17.003 8 INFO neutron.quota.resource_registry [None req-1e75d762-0d0c-4ae4-8c55-bc79deae85a8 - - - - - -] Creating instance of CountableResource for resource:ipsec_site_connection
2026-07-14 18:11:17.003 8 WARNING neutron.quota.resource_registry [None req-1e75d762-0d0c-4ae4-8c55-bc79deae85a8 - - - - - -] ipsec_site_connection is already registered
2026-07-14 18:11:17.003 8 INFO neutron.quota.resource_registry [None req-1e75d762-0d0c-4ae4-8c55-bc79deae85a8 - - - - - -] Creating instance of CountableResource for resource:ipsecpolicy
2026-07-14 18:11:17.004 8 WARNING neutron.quota.resource_registry [None req-1e75d762-0d0c-4ae4-8c55-bc79deae85a8 - - - - - -] ipsecpolicy is already registered
2026-07-14 18:11:17.004 8 INFO neutron.quota.resource_registry [None req-1e75d762-0d0c-4ae4-8c55-bc79deae85a8 - - - - - -] Creating instance of CountableResource for resource:ikepolicy
2026-07-14 18:11:17.004 8 WARNING neutron.quota.resource_registry [None req-1e75d762-0d0c-4ae4-8c55-bc79deae85a8 - - - - - -] ikepolicy is already registered
2026-07-14 18:11:17.005 7 WARNING neutron.plugins.ml2.drivers.ovn.mech_driver.mech_driver [None req-85f26abf-95f8-4721-842f-6dd1888fa61d - - - - - -] uWSGI must provide a start time using the configuration parameter "start-time %t" in the configuration file
2026-07-14 18:11:17.022 7 INFO neutron.db.ovn_hash_ring_db [None req-85f26abf-95f8-4721-842f-6dd1888fa61d - - - - - -] Nodes from host "neutron-server-6dbbc5f597-4cnh6" and group "mechanism_driver" removed from the Hash Ring created at
2026-07-14 18:11:17+00:00
2026-07-14 18:11:17.024 7 INFO neutron.db.ovn_hash_ring_db [None req-85f26abf-95f8-4721-842f-6dd1888fa61d - - - - - -] Node 344f2da586625dcf99fc68426fea3763 from host "neutron-server-6dbbc5f597-4cnh6" and group "mechanism_driver" added to the Hash Ring
2026-07-14 18:11:17.041 7 INFO neutron.plugins.ml2.drivers.ovn.mech_driver.mech_driver [None req-85f26abf-95f8-4721-842f-6dd1888fa61d - - - - - -] Hash Ring probing thread for node 344f2da586625dcf99fc68426fea3763 has started
2026-07-14 18:11:17.043 7 INFO neutron.plugins.ml2.drivers.ovn.mech_driver.ovsdb.impl_idl_ovn [None req-85f26abf-95f8-4721-842f-6dd1888fa61d - - - - - -] Getting OvsdbNbOvnIdl for WorkerService with retry
2026-07-14 18:11:17.049 8 WARNING keystonemiddleware._common.config [None req-1e75d762-0d0c-4ae4-8c55-bc79deae85a8 - - - - - -] The option "audit_map_file" is not known to keystonemiddleware
2026-07-14 18:11:17.055 8 WARNING keystonemiddleware.auth_token [None req-1e75d762-0d0c-4ae4-8c55-bc79deae85a8 - - - - - -] Configuring www_authenticate_uri to point to the public identity endpoint is required; clients may not be able to authenticate against an admin endpoint
2026-07-14 18:11:17.074 8 WARNING neutron.plugins.ml2.drivers.ovn.mech_driver.mech_driver [None req-1e75d762-0d0c-4ae4-8c55-bc79deae85a8 - - - - - -] uWSGI must provide a start time using the configuration parameter "start-time %t" in the configuration file
2026-07-14 18:11:17.091 8 INFO neutron.db.ovn_hash_ring_db [None req-1e75d762-0d0c-4ae4-8c55-bc79deae85a8 - - - - - -] Nodes from host "neutron-server-6dbbc5f597-4cnh6" and group "mechanism_driver" removed from the Hash Ring created at
2026-07-14 18:11:17+00:00
2026-07-14 18:11:17.093 8 INFO neutron.db.ovn_hash_ring_db [None req-1e75d762-0d0c-4ae4-8c55-bc79deae85a8 - - - - - -] Node c4383e2222555adc9c6d48b38065a8c2 from host "neutron-server-6dbbc5f597-4cnh6" and group "mechanism_driver" added to the Hash Ring
2026-07-14 18:11:17.107 8 INFO neutron.plugins.ml2.drivers.ovn.mech_driver.mech_driver [None req-1e75d762-0d0c-4ae4-8c55-bc79deae85a8 - - - - - -] Hash Ring probing thread for node c4383e2222555adc9c6d48b38065a8c2 has started
2026-07-14 18:11:17.108 8 INFO neutron.plugins.ml2.drivers.ovn.mech_driver.ovsdb.impl_idl_ovn [None req-1e75d762-0d0c-4ae4-8c55-bc79deae85a8 - - - - - -] Getting OvsdbNbOvnIdl for WorkerService with retry
2026-07-14 18:11:17.148 8 INFO ovsdbapp.backend.ovs_idl.vlog [None req-1e75d762-0d0c-4ae4-8c55-bc79deae85a8 - - - - - -] tcp:10.102.52.71:6641: connecting...
2026-07-14 18:11:17.148 8 INFO ovsdbapp.backend.ovs_idl.vlog [None req-1e75d762-0d0c-4ae4-8c55-bc79deae85a8 - - - - - -] tcp:10.102.52.71:6641: connected
2026-07-14 18:11:17.191 8 INFO neutron.plugins.ml2.drivers.ovn.mech_driver.ovsdb.impl_idl_ovn [None req-1e75d762-0d0c-4ae4-8c55-bc79deae85a8 - - - - - -] Getting OvsdbSbOvnIdl for WorkerService with retry
2026-07-14 18:11:17.214 8 INFO ovsdbapp.backend.ovs_idl.vlog [None req-1e75d762-0d0c-4ae4-8c55-bc79deae85a8 - - - - - -] tcp:10.110.167.170:6642: connecting...
2026-07-14 18:11:17.214 8 INFO ovsdbapp.backend.ovs_idl.vlog [None req-1e75d762-0d0c-4ae4-8c55-bc79deae85a8 - - - - - -] tcp:10.110.167.170:6642: connected
2026-07-14 18:11:17.246 8 INFO neutron.plugins.ml2.drivers.ovn.mech_driver.mech_driver [None req-1e75d762-0d0c-4ae4-8c55-bc79deae85a8 - - - - - -] WorkerService process has finished the post initialization
2026-07-14 18:11:17.275 7 INFO ovsdbapp.backend.ovs_idl.vlog [None req-85f26abf-95f8-4721-842f-6dd1888fa61d - - - - - -] tcp:10.102.52.71:6641: connecting...
2026-07-14 18:11:17.275 7 INFO ovsdbapp.backend.ovs_idl.vlog [None req-85f26abf-95f8-4721-842f-6dd1888fa61d - - - - - -] tcp:10.102.52.71:6641: connected
2026-07-14 18:11:17.286 8 INFO ovsdbapp.backend.ovs_idl.vlog [None req-1e75d762-0d0c-4ae4-8c55-bc79deae85a8 - - - - - -] tcp:10.102.52.71:6641: connecting...
2026-07-14 18:11:17.287 8 INFO ovsdbapp.backend.ovs_idl.vlog [None req-1e75d762-0d0c-4ae4-8c55-bc79deae85a8 - - - - - -] tcp:10.102.52.71:6641: connected
2026-07-14 18:11:17.318 7 INFO neutron.plugins.ml2.drivers.ovn.mech_driver.ovsdb.impl_idl_ovn [None req-85f26abf-95f8-4721-842f-6dd1888fa61d - - - - - -] Getting OvsdbSbOvnIdl for WorkerService with retry
2026-07-14 18:11:17.340 8 INFO ovsdbapp.backend.ovs_idl.vlog [None req-1e75d762-0d0c-4ae4-8c55-bc79deae85a8 - - - - - -] tcp:10.102.52.71:6641: connecting...
2026-07-14 18:11:17.341 8 INFO ovsdbapp.backend.ovs_idl.vlog [None req-1e75d762-0d0c-4ae4-8c55-bc79deae85a8 - - - - - -] tcp:10.102.52.71:6641: connected
2026-07-14 18:11:17.341 7 INFO ovsdbapp.backend.ovs_idl.vlog [None req-85f26abf-95f8-4721-842f-6dd1888fa61d - - - - - -] tcp:10.110.167.170:6642: connecting...
2026-07-14 18:11:17.341 7 INFO ovsdbapp.backend.ovs_idl.vlog [None req-85f26abf-95f8-4721-842f-6dd1888fa61d - - - - - -] tcp:10.110.167.170:6642: connected WSGI app 0 (mountpoint='') ready in 11 seconds on interpreter 0x7fa347a34668 pid: 8 (default app)
2026-07-14 18:11:17.375 7 INFO neutron.plugins.ml2.drivers.ovn.mech_driver.mech_driver [None req-85f26abf-95f8-4721-842f-6dd1888fa61d - - - - - -] WorkerService process has finished the post initialization
2026-07-14 18:11:17.380 7 INFO neutron.plugins.ml2.drivers.ovn.mech_driver.ovsdb.extensions.qos [-] Starting OVNClientQosExtension
2026-07-14 18:11:17.381 7 INFO neutron.plugins.ml2.drivers.ovn.mech_driver.ovsdb.extensions.placement [-] Starting OVNClientPlacementExtension
2026-07-14 18:11:17.416 7 INFO ovsdbapp.backend.ovs_idl.vlog [None req-85f26abf-95f8-4721-842f-6dd1888fa61d - - - - - -] tcp:10.102.52.71:6641: connecting...
2026-07-14 18:11:17.416 7 INFO ovsdbapp.backend.ovs_idl.vlog [None req-85f26abf-95f8-4721-842f-6dd1888fa61d - - - - - -] tcp:10.102.52.71:6641: connected
2026-07-14 18:11:17.462 7 INFO ovsdbapp.backend.ovs_idl.vlog [None req-85f26abf-95f8-4721-842f-6dd1888fa61d - - - - - -] tcp:10.102.52.71:6641: connecting...
2026-07-14 18:11:17.462 7 INFO ovsdbapp.backend.ovs_idl.vlog [None req-85f26abf-95f8-4721-842f-6dd1888fa61d - - - - - -] tcp:10.102.52.71:6641: connected WSGI app 0 (mountpoint='') ready in 11 seconds on interpreter 0x7fa347a34668 pid: 7 (default app) /var/lib/openstack/lib/python3.12/site-packages/pycadf/identifier.py:70: UserWarning: Invalid uuid: unknown. To ensure interoperability, identifiers should be a valid uuid. warnings.warn(('Invalid uuid: %s. To ensure interoperability, '
2026-07-14 18:11:24.168 7 INFO neutron.pecan_wsgi.hooks.translation [None req-c9ea78d6-b3d1-445d-bcd1-24ccdca8e00f caee15f605894228b0d2a2d2adf2c41e eee9f0c15dac461d8b393394731233e9 - - default default] GET failed (client error): The resource could not be found. [pid: 7|app: 0|req: 1/4] 199.19.213.188 () {44 vars in 928 bytes} [Tue Jul 14 18:11:23 2026] GET /v2.0/networks/public => generated 108 bytes in 731 msecs (HTTP/1.1 404) 4 headers in 164 bytes (1 switches on core 0) /var/lib/openstack/lib/python3.12/site-packages/pycadf/identifier.py:70: UserWarning: Invalid uuid: unknown. To ensure interoperability, identifiers should be a valid uuid. warnings.warn(('Invalid uuid: %s. To ensure interoperability, ' [pid: 8|app: 0|req: 4/5] 199.19.213.188 () {44 vars in 950 bytes} [Tue Jul 14 18:11:24 2026] GET /v2.0/networks?name=public => generated 15 bytes in 406 msecs (HTTP/1.1 200) 4 headers in 156 bytes (1 switches on core 0)
2026-07-14 18:11:24.839 7 ERROR stevedore.extension [None req-c34a1b7e-528c-4876-bacf-492bd401a916 caee15f605894228b0d2a2d2adf2c41e eee9f0c15dac461d8b393394731233e9 - - default default] Could not load 'neutron-vpnaas': module 'neutron.conf.policies.base' has no attribute 'ADMIN_OR_PROJECT_MEMBER'
2026-07-14 18:11:24.841 7 ERROR stevedore.extension [None req-c34a1b7e-528c-4876-bacf-492bd401a916 caee15f605894228b0d2a2d2adf2c41e eee9f0c15dac461d8b393394731233e9 - - default default] Could not load 'neutron-dynamic-routing': module 'neutron.conf.policies.base' has no attribute 'ADMIN'
2026-07-14 18:11:24.842 7 ERROR stevedore.extension [None req-c34a1b7e-528c-4876-bacf-492bd401a916 caee15f605894228b0d2a2d2adf2c41e eee9f0c15dac461d8b393394731233e9 - - default default] Could not load 'tap-as-a-service': module 'neutron.conf.policies.base' has no attribute 'ADMIN_OR_PROJECT_MEMBER'
2026-07-14 18:11:25.200 7 INFO neutron.db.ovn_revision_numbers_db [None req-c34a1b7e-528c-4876-bacf-492bd401a916 caee15f605894228b0d2a2d2adf2c41e eee9f0c15dac461d8b393394731233e9 - - default default] Successfully bumped revision number for resource 01b04dec-c113-4020-900d-cf2945c6770d (type: security_groups) to 1
2026-07-14 18:11:25.220 7 INFO neutron.db.ovn_revision_numbers_db [None req-c34a1b7e-528c-4876-bacf-492bd401a916 caee15f605894228b0d2a2d2adf2c41e eee9f0c15dac461d8b393394731233e9 - - default default] Successfully bumped revision number for resource 46228205-1073-44f2-a643-be6fbdb762e0 (type: security_group_rules) to 0
2026-07-14 18:11:25.234 7 INFO neutron.db.ovn_revision_numbers_db [None req-c34a1b7e-528c-4876-bacf-492bd401a916 caee15f605894228b0d2a2d2adf2c41e eee9f0c15dac461d8b393394731233e9 - - default default] Successfully bumped revision number for resource 57ee00d1-620c-49a8-ba6d-69fb12e4d841 (type: security_group_rules) to 0
2026-07-14 18:11:25.251 7 INFO neutron.db.ovn_revision_numbers_db [None req-c34a1b7e-528c-4876-bacf-492bd401a916 caee15f605894228b0d2a2d2adf2c41e eee9f0c15dac461d8b393394731233e9 - - default default] Successfully bumped revision number for resource 73d0d3e1-6c8d-43ce-9020-9c9e12f21240 (type: security_group_rules) to 0
2026-07-14 18:11:25.266 7 INFO neutron.db.ovn_revision_numbers_db [None req-c34a1b7e-528c-4876-bacf-492bd401a916 caee15f605894228b0d2a2d2adf2c41e eee9f0c15dac461d8b393394731233e9 - - default default] Successfully bumped revision number for resource 9aa9b98a-1cd2-4425-8bd3-5a4d14d031a5 (type: security_group_rules) to 0
2026-07-14 18:11:25.357 7 WARNING neutron.services.revisions.revision_plugin [None req-c34a1b7e-528c-4876-bacf-492bd401a916 caee15f605894228b0d2a2d2adf2c41e eee9f0c15dac461d8b393394731233e9 - - default default] Could not find related network for resource to bump revision.
2026-07-14 18:11:25.394 7 INFO neutron.db.segments_db [None req-c34a1b7e-528c-4876-bacf-492bd401a916 caee15f605894228b0d2a2d2adf2c41e eee9f0c15dac461d8b393394731233e9 - - default default] Added segment f1719a54-50f6-408f-b8cf-d8b5a2605488 of type flat for network 81b198e0-81c4-4ac8-a936-f06fb28cc479
2026-07-14 18:11:25.605 7 INFO neutron.db.ovn_revision_numbers_db [None req-c34a1b7e-528c-4876-bacf-492bd401a916 caee15f605894228b0d2a2d2adf2c41e eee9f0c15dac461d8b393394731233e9 - - default default] Successfully bumped revision number for resource 81b198e0-81c4-4ac8-a936-f06fb28cc479 (type: networks) to 1
2026-07-14 18:11:26.146 7 WARNING neutron.scheduler.dhcp_agent_scheduler [None req-c34a1b7e-528c-4876-bacf-492bd401a916 caee15f605894228b0d2a2d2adf2c41e eee9f0c15dac461d8b393394731233e9 - - default default] No more DHCP agents
2026-07-14 18:11:26.148 7 WARNING neutron.api.rpc.agentnotifiers.dhcp_rpc_agent_api [None req-c34a1b7e-528c-4876-bacf-492bd401a916 caee15f605894228b0d2a2d2adf2c41e eee9f0c15dac461d8b393394731233e9 - - default default] Unable to schedule network 81b198e0-81c4-4ac8-a936-f06fb28cc479: no agents available; will retry on subsequent port and subnet creation events.
2026-07-14 18:11:26.228 8 INFO neutron.plugins.ml2.drivers.ovn.mech_driver.mech_driver [-] OVN reports status down for port: 06c2102e-e0f4-40bc-8e4c-b2b53814e1e1
