2026-07-14 18:50:13.434 7 WARNING neutron.api.rpc.agentnotifiers.dhcp_rpc_agent_api [None req-83e022e9-cc1b-46dd-b316-a1bf13f2eaec 9fc119efb8b84705aad8a2ee551b87dd b357c3ca50c7410fb20d9dbb36b09192 - - default default] Unable to schedule network e455a819-1f86-4823-907b-8b6bcf9f2cbd: no agents available; will retry on subsequent port and subnet creation events. [pid: 8|app: 0|req: 632/1337] 10.0.0.244 () {34 vars in 1070 bytes} [Tue Jul 14 18:50:13 2026] GET /v2.0/ports?fields=security_groups&fields=device_id&device_id=2b3fe0d5-1026-408b-a4f1-0a22b759c552 => generated 123 bytes in 28 msecs (HTTP/1.1 200) 4 headers in 157 bytes (1 switches on core 0)
2026-07-14 18:50:13.487 8 INFO neutron.plugins.ml2.drivers.ovn.mech_driver.mech_driver [None req-2a9b0add-3c91-463a-85b6-b285fb3e5cc5 - - - - - -] OVN reports status down for port: 1db3611e-36a4-46bb-b5f9-efeefb2f47ad
2026-07-14 18:50:13.511 7 INFO neutron.db.ovn_revision_numbers_db [None req-83e022e9-cc1b-46dd-b316-a1bf13f2eaec 9fc119efb8b84705aad8a2ee551b87dd b357c3ca50c7410fb20d9dbb36b09192 - - default default] Successfully bumped revision number for resource 1db3611e-36a4-46bb-b5f9-efeefb2f47ad (type: ports) to 1 [pid: 8|app: 0|req: 633/1338] 199.19.213.188 () {34 vars in 994 bytes} [Tue Jul 14 18:50:13 2026] GET /v2.0/ports?device_id=2b3fe0d5-1026-408b-a4f1-0a22b759c552 => generated 973 bytes in 68 msecs (HTTP/1.1 200) 4 headers in 157 bytes (1 switches on core 0) [pid: 7|app: 0|req: 706/1339] 10.0.0.47 () {34 vars in 669 bytes} [Tue Jul 14 18:50:12 2026] POST /v2.0/networks => generated 667 bytes in 807 msecs (HTTP/1.1 201) 4 headers in 162 bytes (1 switches on core 0) [pid: 7|app: 0|req: 707/1340] 10.0.0.115 () {28 vars in 591 bytes} [Tue Jul 14 18:50:13 2026] GET /v2.0/floatingips => generated 555 bytes in 22 msecs (HTTP/1.1 200) 4 headers in 157 bytes (1 switches on core 0) [pid: 7|app: 0|req: 708/1341] 10.0.0.244 () {34 vars in 1040 bytes} [Tue Jul 14 18:50:13 2026] GET /v2.0/security-groups?id=802bf55c-a9c5-4bd8-ab94-7a2d46030443&fields=id&fields=name => generated 114 bytes in 25 msecs (HTTP/1.1 200) 4 headers in 157 bytes (1 switches on core 0)
2026-07-14 18:50:13.719 7 INFO neutron_taas.services.taas.taas_plugin [req-077a32d9-59b8-4382-9317-eec660eb766c req-f5ab400b-542c-4125-a982-00664164bb3f a2defc911ec64a03b8debb44f649dacb e0882df8a5b04e1d86ff45506b9be794 - - default default] TaaS: Handle Delete Port: 66de7d45-4ff2-4939-b13d-0ded4dd88331
2026-07-14 18:50:13.722 7 INFO neutron_taas.services.taas.tap_mirror_plugin [req-077a32d9-59b8-4382-9317-eec660eb766c req-f5ab400b-542c-4125-a982-00664164bb3f a2defc911ec64a03b8debb44f649dacb e0882df8a5b04e1d86ff45506b9be794 - - default default] Tap Mirror: Handle Delete Port: 66de7d45-4ff2-4939-b13d-0ded4dd88331
2026-07-14 18:50:13.722 8 WARNING neutron.scheduler.dhcp_agent_scheduler [None req-2aa52af6-0c4a-406b-8b51-ee8f696ccb91 663805f9852b4f599a2e1ad1d483a95d 6598f0d0924d4b97b7b20675add2d54b - - default default] No more DHCP agents
2026-07-14 18:50:13.724 8 WARNING neutron.api.rpc.agentnotifiers.dhcp_rpc_agent_api [None req-2aa52af6-0c4a-406b-8b51-ee8f696ccb91 663805f9852b4f599a2e1ad1d483a95d 6598f0d0924d4b97b7b20675add2d54b - - default default] Unable to schedule network 1fd08f60-4aca-4583-a84b-d09dc12ae435: no agents available; will retry on subsequent port and subnet creation events. [pid: 7|app: 0|req: 709/1342] 199.19.213.188 () {36 vars in 997 bytes} [Tue Jul 14 18:50:13 2026] DELETE /v2.0/ports/66de7d45-4ff2-4939-b13d-0ded4dd88331 => generated 0 bytes in 266 msecs (HTTP/1.1 204) 3 headers in 131 bytes (1 switches on core 0)
2026-07-14 18:50:13.875 7 WARNING neutron.notifiers.nova [-] Nova event matching ['req-47f3c3c9-b1b5-40f6-bebb-f5d02edff612']: {'server_uuid': '2b3fe0d5-1026-408b-a4f1-0a22b759c552', 'name': 'network-vif-deleted', 'tag': '66de7d45-4ff2-4939-b13d-0ded4dd88331', 'status': 'failed', 'code': 422} returned with failed status
2026-07-14 18:50:13.926 7 INFO neutron.db.segments_db [None req-42374f63-ff91-48bf-a57c-c95635c97193 9fc119efb8b84705aad8a2ee551b87dd b357c3ca50c7410fb20d9dbb36b09192 - - default default] Added segment 171c53d8-7c69-4aaa-90d0-6ad13629866f of type geneve for network d838daab-d948-4f17-be7a-8324137990f0
2026-07-14 18:50:14.028 7 INFO neutron.db.ovn_revision_numbers_db [None req-42374f63-ff91-48bf-a57c-c95635c97193 9fc119efb8b84705aad8a2ee551b87dd b357c3ca50c7410fb20d9dbb36b09192 - - default default] Successfully bumped revision number for resource d838daab-d948-4f17-be7a-8324137990f0 (type: networks) to 1
2026-07-14 18:50:14.230 7 WARNING neutron.scheduler.dhcp_agent_scheduler [None req-42374f63-ff91-48bf-a57c-c95635c97193 9fc119efb8b84705aad8a2ee551b87dd b357c3ca50c7410fb20d9dbb36b09192 - - default default] No more DHCP agents
2026-07-14 18:50:14.232 7 WARNING neutron.api.rpc.agentnotifiers.dhcp_rpc_agent_api [None req-42374f63-ff91-48bf-a57c-c95635c97193 9fc119efb8b84705aad8a2ee551b87dd b357c3ca50c7410fb20d9dbb36b09192 - - default default] Unable to schedule network d838daab-d948-4f17-be7a-8324137990f0: no agents available; will retry on subsequent port and subnet creation events.
2026-07-14 18:50:14.238 8 INFO neutron.db.ovn_revision_numbers_db [None req-2aa52af6-0c4a-406b-8b51-ee8f696ccb91 663805f9852b4f599a2e1ad1d483a95d 6598f0d0924d4b97b7b20675add2d54b - - default default] Successfully bumped revision number for resource baec380a-2853-46b0-90e1-9f16ba210a27 (type: ports) to 2
2026-07-14 18:50:14.272 7 INFO neutron.plugins.ml2.drivers.ovn.mech_driver.mech_driver [None req-1064712c-e92f-499d-955f-9314e96580e2 - - - - - -] OVN reports status down for port: 574a624e-06bb-494e-833b-b406d6be89a4
2026-07-14 18:50:14.293 8 INFO neutron.db.ovn_revision_numbers_db [None req-2aa52af6-0c4a-406b-8b51-ee8f696ccb91 663805f9852b4f599a2e1ad1d483a95d 6598f0d0924d4b97b7b20675add2d54b - - default default] Successfully bumped revision number for resource 169c84e7-8828-479d-899d-6b4cb907ad64 (type: subnets) to 0 [pid: 8|app: 0|req: 634/1343] 10.0.0.47 () {34 vars in 668 bytes} [Tue Jul 14 18:50:13 2026] POST /v2.0/subnets => generated 641 bytes in 791 msecs (HTTP/1.1 201) 4 headers in 162 bytes (1 switches on core 0)
2026-07-14 18:50:14.340 7 INFO neutron.db.ovn_revision_numbers_db [None req-42374f63-ff91-48bf-a57c-c95635c97193 9fc119efb8b84705aad8a2ee551b87dd b357c3ca50c7410fb20d9dbb36b09192 - - default default] Successfully bumped revision number for resource 574a624e-06bb-494e-833b-b406d6be89a4 (type: ports) to 1 [pid: 8|app: 0|req: 635/1344] 10.0.0.115 () {28 vars in 599 bytes} [Tue Jul 14 18:50:14 2026] GET /v2.0/security-groups => generated 28978 bytes in 50 msecs (HTTP/1.1 200) 4 headers in 159 bytes (1 switches on core 0) [pid: 7|app: 0|req: 710/1345] 10.0.0.47 () {34 vars in 669 bytes} [Tue Jul 14 18:50:13 2026] POST /v2.0/networks => generated 668 bytes in 532 msecs (HTTP/1.1 201) 4 headers in 162 bytes (1 switches on core 0)
2026-07-14 18:50:14.478 7 INFO neutron.db.segments_db [None req-e8436165-7f71-423b-973e-ec1be932e722 663805f9852b4f599a2e1ad1d483a95d 6598f0d0924d4b97b7b20675add2d54b - - default default] Added segment 32a878e7-35a7-49b8-8003-e7ba29015a7b of type geneve for network 0eb80cf6-2bd8-42e9-aed1-b64236bb59db
2026-07-14 18:50:14.598 7 INFO neutron.db.ovn_revision_numbers_db [None req-e8436165-7f71-423b-973e-ec1be932e722 663805f9852b4f599a2e1ad1d483a95d 6598f0d0924d4b97b7b20675add2d54b - - default default] Successfully bumped revision number for resource 0eb80cf6-2bd8-42e9-aed1-b64236bb59db (type: networks) to 1
2026-07-14 18:50:14.623 8 INFO neutron.db.ovn_revision_numbers_db [None req-e0ee24e9-6c28-4933-baea-8c3b5a722f17 c2b9d64642a546479576ce2e5a72e441 d753aa7958df4adebf8fc3bac6b89f33 - - default default] Successfully bumped revision number for resource 3e0f8fa1-3534-4fcb-839d-8b177bcbadca (type: security_groups) to 1
2026-07-14 18:50:14.637 8 INFO neutron.db.ovn_revision_numbers_db [None req-e0ee24e9-6c28-4933-baea-8c3b5a722f17 c2b9d64642a546479576ce2e5a72e441 d753aa7958df4adebf8fc3bac6b89f33 - - default default] Successfully bumped revision number for resource 2f95943a-dcaa-462c-83f8-4787240940ac (type: security_group_rules) to 0
2026-07-14 18:50:14.652 8 INFO neutron.db.ovn_revision_numbers_db [None req-e0ee24e9-6c28-4933-baea-8c3b5a722f17 c2b9d64642a546479576ce2e5a72e441 d753aa7958df4adebf8fc3bac6b89f33 - - default default] Successfully bumped revision number for resource 35dd8be3-7a56-4ac7-96ca-1b9390c890e7 (type: security_group_rules) to 0
2026-07-14 18:50:14.668 8 INFO neutron.db.ovn_revision_numbers_db [None req-e0ee24e9-6c28-4933-baea-8c3b5a722f17 c2b9d64642a546479576ce2e5a72e441 d753aa7958df4adebf8fc3bac6b89f33 - - default default] Successfully bumped revision number for resource be477652-a47d-44ee-89ec-a916df80c233 (type: security_group_rules) to 0
2026-07-14 18:50:14.680 8 INFO neutron.db.ovn_revision_numbers_db [None req-e0ee24e9-6c28-4933-baea-8c3b5a722f17 c2b9d64642a546479576ce2e5a72e441 d753aa7958df4adebf8fc3bac6b89f33 - - default default] Successfully bumped revision number for resource c9f564a7-83e7-4d65-965a-e1066666c520 (type: security_group_rules) to 0
2026-07-14 18:50:14.753 8 INFO neutron.db.segments_db [None req-e0ee24e9-6c28-4933-baea-8c3b5a722f17 c2b9d64642a546479576ce2e5a72e441 d753aa7958df4adebf8fc3bac6b89f33 - - default default] Added segment f36ecc9d-1e15-4215-857b-529b85b658a2 of type geneve for network 41626ac1-e320-4722-84e1-739da0d1e7bc
2026-07-14 18:50:14.780 7 WARNING neutron.scheduler.dhcp_agent_scheduler [None req-e8436165-7f71-423b-973e-ec1be932e722 663805f9852b4f599a2e1ad1d483a95d 6598f0d0924d4b97b7b20675add2d54b - - default default] No more DHCP agents
2026-07-14 18:50:14.782 7 WARNING neutron.api.rpc.agentnotifiers.dhcp_rpc_agent_api [None req-e8436165-7f71-423b-973e-ec1be932e722 663805f9852b4f599a2e1ad1d483a95d 6598f0d0924d4b97b7b20675add2d54b - - default default] Unable to schedule network 0eb80cf6-2bd8-42e9-aed1-b64236bb59db: no agents available; will retry on subsequent port and subnet creation events.
2026-07-14 18:50:14.828 8 INFO neutron.plugins.ml2.drivers.ovn.mech_driver.mech_driver [None req-2a9b0add-3c91-463a-85b6-b285fb3e5cc5 - - - - - -] OVN reports status down for port: 009697df-f88b-4e4b-afe8-918ee1e1ad44
2026-07-14 18:50:14.852 7 INFO neutron.db.ovn_revision_numbers_db [None req-e8436165-7f71-423b-973e-ec1be932e722 663805f9852b4f599a2e1ad1d483a95d 6598f0d0924d4b97b7b20675add2d54b - - default default] Successfully bumped revision number for resource 009697df-f88b-4e4b-afe8-918ee1e1ad44 (type: ports) to 1 [pid: 7|app: 0|req: 711/1346] 10.0.0.47 () {34 vars in 669 bytes} [Tue Jul 14 18:50:14 2026] POST /v2.0/networks => generated 681 bytes in 498 msecs (HTTP/1.1 201) 4 headers in 162 bytes (1 switches on core 0) [pid: 7|app: 0|req: 712/1347] 10.0.0.115 () {28 vars in 581 bytes} [Tue Jul 14 18:50:14 2026] GET /v2.0/agents => generated 1214 bytes in 14 msecs (HTTP/1.1 200) 4 headers in 158 bytes (1 switches on core 0)
2026-07-14 18:50:14.903 8 INFO neutron.db.ovn_revision_numbers_db [None req-e0ee24e9-6c28-4933-baea-8c3b5a722f17 c2b9d64642a546479576ce2e5a72e441 d753aa7958df4adebf8fc3bac6b89f33 - - default default] Successfully bumped revision number for resource 41626ac1-e320-4722-84e1-739da0d1e7bc (type: networks) to 1
2026-07-14 18:50:15.102 7 WARNING neutron.scheduler.dhcp_agent_scheduler [None req-38efdc70-b043-4d24-a9f7-09377d35e2f3 9fc119efb8b84705aad8a2ee551b87dd b357c3ca50c7410fb20d9dbb36b09192 - - default default] No more DHCP agents
2026-07-14 18:50:15.104 7 WARNING neutron.api.rpc.agentnotifiers.dhcp_rpc_agent_api [None req-38efdc70-b043-4d24-a9f7-09377d35e2f3 9fc119efb8b84705aad8a2ee551b87dd b357c3ca50c7410fb20d9dbb36b09192 - - default default] Unable to schedule network e455a819-1f86-4823-907b-8b6bcf9f2cbd: no agents available; will retry on subsequent port and subnet creation events.
2026-07-14 18:50:15.109 8 WARNING neutron.scheduler.dhcp_agent_scheduler [None req-e0ee24e9-6c28-4933-baea-8c3b5a722f17 c2b9d64642a546479576ce2e5a72e441 d753aa7958df4adebf8fc3bac6b89f33 - - default default] No more DHCP agents
2026-07-14 18:50:15.112 8 WARNING neutron.api.rpc.agentnotifiers.dhcp_rpc_agent_api [None req-e0ee24e9-6c28-4933-baea-8c3b5a722f17 c2b9d64642a546479576ce2e5a72e441 d753aa7958df4adebf8fc3bac6b89f33 - - default default] Unable to schedule network 41626ac1-e320-4722-84e1-739da0d1e7bc: no agents available; will retry on subsequent port and subnet creation events.
2026-07-14 18:50:15.157 7 INFO neutron.plugins.ml2.drivers.ovn.mech_driver.mech_driver [None req-1064712c-e92f-499d-955f-9314e96580e2 - - - - - -] OVN reports status down for port: 0e9c69ff-3335-4fe1-9d9a-a211d74ae5f2
2026-07-14 18:50:15.194 8 INFO neutron.db.ovn_revision_numbers_db [None req-e0ee24e9-6c28-4933-baea-8c3b5a722f17 c2b9d64642a546479576ce2e5a72e441 d753aa7958df4adebf8fc3bac6b89f33 - - default default] Successfully bumped revision number for resource 0e9c69ff-3335-4fe1-9d9a-a211d74ae5f2 (type: ports) to 1 [pid: 8|app: 0|req: 636/1348] 10.0.0.47 () {34 vars in 669 bytes} [Tue Jul 14 18:50:14 2026] POST /v2.0/networks => generated 671 bytes in 859 msecs (HTTP/1.1 201) 4 headers in 162 bytes (1 switches on core 0) [pid: 8|app: 0|req: 637/1349] 10.0.0.244 () {34 vars in 1070 bytes} [Tue Jul 14 18:50:15 2026] GET /v2.0/ports?fields=security_groups&fields=device_id&device_id=2b3fe0d5-1026-408b-a4f1-0a22b759c552 => generated 12 bytes in 20 msecs (HTTP/1.1 200) 4 headers in 156 bytes (1 switches on core 0)
2026-07-14 18:50:15.381 8 INFO neutron.db.ovn_revision_numbers_db [None req-5273b70e-2461-4cfb-9e0e-b0c468def620 663805f9852b4f599a2e1ad1d483a95d 6598f0d0924d4b97b7b20675add2d54b - - default default] Successfully bumped revision number for resource 0eb80cf6-2bd8-42e9-aed1-b64236bb59db (type: networks) to 2 [pid: 8|app: 0|req: 638/1350] 10.0.0.47 () {34 vars in 742 bytes} [Tue Jul 14 18:50:15 2026] PUT /v2.0/networks/0eb80cf6-2bd8-42e9-aed1-b64236bb59db => generated 636 bytes in 145 msecs (HTTP/1.1 200) 4 headers in 157 bytes (1 switches on core 0) [pid: 8|app: 0|req: 639/1351] 10.0.0.115 () {28 vars in 585 bytes} [Tue Jul 14 18:50:15 2026] GET /v2.0/networks => generated 6873 bytes in 68 msecs (HTTP/1.1 200) 4 headers in 158 bytes (1 switches on core 0)
2026-07-14 18:50:15.539 8 INFO neutron.db.segments_db [None req-01b70531-3b12-4bdf-aade-3a1eef510038 c2b9d64642a546479576ce2e5a72e441 d753aa7958df4adebf8fc3bac6b89f33 - - default default] Added segment 5e029754-c4d6-4ecf-89a0-7aefafc9e0d5 of type geneve for network a6ba4312-a73e-4c2f-b2af-1b0e08d70d44
2026-07-14 18:50:15.639 7 INFO neutron.db.ovn_revision_numbers_db [None req-38efdc70-b043-4d24-a9f7-09377d35e2f3 9fc119efb8b84705aad8a2ee551b87dd b357c3ca50c7410fb20d9dbb36b09192 - - default default] Successfully bumped revision number for resource 1db3611e-36a4-46bb-b5f9-efeefb2f47ad (type: ports) to 2
2026-07-14 18:50:15.650 8 INFO neutron.db.ovn_revision_numbers_db [None req-01b70531-3b12-4bdf-aade-3a1eef510038 c2b9d64642a546479576ce2e5a72e441 d753aa7958df4adebf8fc3bac6b89f33 - - default default] Successfully bumped revision number for resource a6ba4312-a73e-4c2f-b2af-1b0e08d70d44 (type: networks) to 1
2026-07-14 18:50:15.678 7 INFO neutron.db.ovn_revision_numbers_db [None req-38efdc70-b043-4d24-a9f7-09377d35e2f3 9fc119efb8b84705aad8a2ee551b87dd b357c3ca50c7410fb20d9dbb36b09192 - - default default] Successfully bumped revision number for resource 24df0b65-f394-431f-a285-c43ec896a8f0 (type: subnets) to 0 [pid: 7|app: 0|req: 713/1352] 10.0.0.47 () {34 vars in 668 bytes} [Tue Jul 14 18:50:14 2026] POST /v2.0/subnets => generated 626 bytes in 800 msecs (HTTP/1.1 201) 4 headers in 162 bytes (1 switches on core 0)
2026-07-14 18:50:15.828 8 WARNING neutron.scheduler.dhcp_agent_scheduler [None req-01b70531-3b12-4bdf-aade-3a1eef510038 c2b9d64642a546479576ce2e5a72e441 d753aa7958df4adebf8fc3bac6b89f33 - - default default] No more DHCP agents
2026-07-14 18:50:15.829 8 WARNING neutron.api.rpc.agentnotifiers.dhcp_rpc_agent_api [None req-01b70531-3b12-4bdf-aade-3a1eef510038 c2b9d64642a546479576ce2e5a72e441 d753aa7958df4adebf8fc3bac6b89f33 - - default default] Unable to schedule network a6ba4312-a73e-4c2f-b2af-1b0e08d70d44: no agents available; will retry on subsequent port and subnet creation events.
2026-07-14 18:50:15.880 7 WARNING neutron.scheduler.dhcp_agent_scheduler [None req-ea58df13-9ddd-46fe-bbf5-0bb530178087 663805f9852b4f599a2e1ad1d483a95d 6598f0d0924d4b97b7b20675add2d54b - - default default] No more DHCP agents
2026-07-14 18:50:15.881 7 INFO neutron.plugins.ml2.drivers.ovn.mech_driver.mech_driver [None req-1064712c-e92f-499d-955f-9314e96580e2 - - - - - -] OVN reports status down for port: 745bd468-9082-4241-984f-ff9b67d14bc7
2026-07-14 18:50:15.884 7 WARNING neutron.api.rpc.agentnotifiers.dhcp_rpc_agent_api [None req-ea58df13-9ddd-46fe-bbf5-0bb530178087 663805f9852b4f599a2e1ad1d483a95d 6598f0d0924d4b97b7b20675add2d54b - - default default] Unable to schedule network 0eb80cf6-2bd8-42e9-aed1-b64236bb59db: no agents available; will retry on subsequent port and subnet creation events.
2026-07-14 18:50:15.905 8 INFO neutron.db.ovn_revision_numbers_db [None req-01b70531-3b12-4bdf-aade-3a1eef510038 c2b9d64642a546479576ce2e5a72e441 d753aa7958df4adebf8fc3bac6b89f33 - - default default] Successfully bumped revision number for resource 745bd468-9082-4241-984f-ff9b67d14bc7 (type: ports) to 1 [pid: 8|app: 0|req: 640/1353] 10.0.0.47 () {34 vars in 669 bytes} [Tue Jul 14 18:50:15 2026] POST /v2.0/networks => generated 672 bytes in 472 msecs (HTTP/1.1 201) 4 headers in 162 bytes (1 switches on core 0)
2026-07-14 18:50:16.097 8 WARNING neutron.scheduler.dhcp_agent_scheduler [None req-755dda00-d2eb-41d0-b114-0d401220eb92 9fc119efb8b84705aad8a2ee551b87dd b357c3ca50c7410fb20d9dbb36b09192 - - default default] No more DHCP agents
2026-07-14 18:50:16.100 8 WARNING neutron.api.rpc.agentnotifiers.dhcp_rpc_agent_api [None req-755dda00-d2eb-41d0-b114-0d401220eb92 9fc119efb8b84705aad8a2ee551b87dd b357c3ca50c7410fb20d9dbb36b09192 - - default default] Unable to schedule network d838daab-d948-4f17-be7a-8324137990f0: no agents available; will retry on subsequent port and subnet creation events.
2026-07-14 18:50:16.427 7 INFO neutron.db.ovn_revision_numbers_db [None req-ea58df13-9ddd-46fe-bbf5-0bb530178087 663805f9852b4f599a2e1ad1d483a95d 6598f0d0924d4b97b7b20675add2d54b - - default default] Successfully bumped revision number for resource 009697df-f88b-4e4b-afe8-918ee1e1ad44 (type: ports) to 2
2026-07-14 18:50:16.464 7 INFO neutron.db.ovn_revision_numbers_db [None req-ea58df13-9ddd-46fe-bbf5-0bb530178087 663805f9852b4f599a2e1ad1d483a95d 6598f0d0924d4b97b7b20675add2d54b - - default default] Successfully bumped revision number for resource d6f83722-5e94-4542-aa48-be06a73270e5 (type: subnets) to 0 [pid: 7|app: 0|req: 714/1354] 10.0.0.47 () {34 vars in 668 bytes} [Tue Jul 14 18:50:15 2026] POST /v2.0/subnets => generated 626 bytes in 783 msecs (HTTP/1.1 201) 4 headers in 162 bytes (1 switches on core 0)
2026-07-14 18:50:16.562 8 INFO neutron.db.ovn_revision_numbers_db [None req-755dda00-d2eb-41d0-b114-0d401220eb92 9fc119efb8b84705aad8a2ee551b87dd b357c3ca50c7410fb20d9dbb36b09192 - - default default] Successfully bumped revision number for resource 574a624e-06bb-494e-833b-b406d6be89a4 (type: ports) to 2
2026-07-14 18:50:16.599 8 INFO neutron.db.ovn_revision_numbers_db [None req-755dda00-d2eb-41d0-b114-0d401220eb92 9fc119efb8b84705aad8a2ee551b87dd b357c3ca50c7410fb20d9dbb36b09192 - - default default] Successfully bumped revision number for resource 7037db03-e199-4606-a288-34268e5e09e2 (type: subnets) to 0 [pid: 8|app: 0|req: 641/1355] 10.0.0.47 () {34 vars in 668 bytes} [Tue Jul 14 18:50:15 2026] POST /v2.0/subnets => generated 626 bytes in 689 msecs (HTTP/1.1 201) 4 headers in 162 bytes (1 switches on core 0) [pid: 8|app: 0|req: 642/1356] 10.0.0.3 () {34 vars in 988 bytes} [Tue Jul 14 18:50:16 2026] GET /v2.0/ports?device_id=2b3fe0d5-1026-408b-a4f1-0a22b759c552 => generated 12 bytes in 18 msecs (HTTP/1.1 200) 4 headers in 156 bytes (1 switches on core 0) [pid: 8|app: 0|req: 643/1357] 10.0.0.244 () {34 vars in 1070 bytes} [Tue Jul 14 18:50:16 2026] GET /v2.0/ports?fields=security_groups&fields=device_id&device_id=2b3fe0d5-1026-408b-a4f1-0a22b759c552 => generated 12 bytes in 17 msecs (HTTP/1.1 200) 4 headers in 156 bytes (1 switches on core 0)
2026-07-14 18:50:16.669 7 WARNING neutron.scheduler.dhcp_agent_scheduler [None req-d42a6484-73a6-4880-87cd-036496cfadff c2b9d64642a546479576ce2e5a72e441 d753aa7958df4adebf8fc3bac6b89f33 - - default default] No more DHCP agents
2026-07-14 18:50:16.671 7 WARNING neutron.api.rpc.agentnotifiers.dhcp_rpc_agent_api [None req-d42a6484-73a6-4880-87cd-036496cfadff c2b9d64642a546479576ce2e5a72e441 d753aa7958df4adebf8fc3bac6b89f33 - - default default] Unable to schedule network 41626ac1-e320-4722-84e1-739da0d1e7bc: no agents available; will retry on subsequent port and subnet creation events.
2026-07-14 18:50:16.720 7 INFO neutron.db.ovn_revision_numbers_db [None req-d42a6484-73a6-4880-87cd-036496cfadff c2b9d64642a546479576ce2e5a72e441 d753aa7958df4adebf8fc3bac6b89f33 - - default default] Successfully bumped revision number for resource 55dae604-b5fd-4792-9aaf-d32ee38841ad (type: subnets) to 0 [pid: 7|app: 0|req: 715/1358] 10.0.0.47 () {34 vars in 668 bytes} [Tue Jul 14 18:50:16 2026] POST /v2.0/subnets => generated 646 bytes in 269 msecs (HTTP/1.1 201) 4 headers in 162 bytes (1 switches on core 0)
2026-07-14 18:50:16.938 8 INFO neutron.db.ovn_revision_numbers_db [None req-fb74a5fd-60ee-4e6f-8a4f-41b255bea29c 663805f9852b4f599a2e1ad1d483a95d 6598f0d0924d4b97b7b20675add2d54b - - default default] Successfully bumped revision number for resource d6f83722-5e94-4542-aa48-be06a73270e5 (type: subnets) to 1 [pid: 8|app: 0|req: 644/1359] 10.0.0.47 () {34 vars in 740 bytes} [Tue Jul 14 18:50:16 2026] PUT /v2.0/subnets/d6f83722-5e94-4542-aa48-be06a73270e5 => generated 636 bytes in 288 msecs (HTTP/1.1 200) 4 headers in 157 bytes (1 switches on core 0)
2026-07-14 18:50:17.116 8 WARNING neutron.scheduler.dhcp_agent_scheduler [None req-4a74c7f0-e117-4293-b4ff-56114a5dcfdb c2b9d64642a546479576ce2e5a72e441 d753aa7958df4adebf8fc3bac6b89f33 - - default default] No more DHCP agents
2026-07-14 18:50:17.119 8 WARNING neutron.api.rpc.agentnotifiers.dhcp_rpc_agent_api [None req-4a74c7f0-e117-4293-b4ff-56114a5dcfdb c2b9d64642a546479576ce2e5a72e441 d753aa7958df4adebf8fc3bac6b89f33 - - default default] Unable to schedule network a6ba4312-a73e-4c2f-b2af-1b0e08d70d44: no agents available; will retry on subsequent port and subnet creation events.
2026-07-14 18:50:17.148 8 INFO neutron.db.ovn_revision_numbers_db [None req-4a74c7f0-e117-4293-b4ff-56114a5dcfdb c2b9d64642a546479576ce2e5a72e441 d753aa7958df4adebf8fc3bac6b89f33 - - default default] Successfully bumped revision number for resource b5317a86-da8a-451d-8830-79e24099edcf (type: subnets) to 0 [pid: 8|app: 0|req: 645/1360] 10.0.0.47 () {34 vars in 668 bytes} [Tue Jul 14 18:50:16 2026] POST /v2.0/subnets => generated 655 bytes in 222 msecs (HTTP/1.1 201) 4 headers in 162 bytes (1 switches on core 0) [pid: 8|app: 0|req: 646/1361] 10.0.0.244 () {34 vars in 990 bytes} [Tue Jul 14 18:50:17 2026] GET /v2.0/ports?device_id=2b3fe0d5-1026-408b-a4f1-0a22b759c552 => generated 12 bytes in 18 msecs (HTTP/1.1 200) 4 headers in 156 bytes (1 switches on core 0)
2026-07-14 18:50:17.329 7 INFO neutron.db.ovn_revision_numbers_db [None req-210cad17-3272-4af6-bc4b-cbe03a49b68c 9fc119efb8b84705aad8a2ee551b87dd b357c3ca50c7410fb20d9dbb36b09192 - - default default] Successfully bumped revision number for resource f8f372f2-5b66-45c2-971b-ad9b8a9a52ba (type: routers) to 1
2026-07-14 18:50:17.348 8 INFO neutron_taas.services.taas.taas_plugin [None req-c9db2d32-aba4-4b96-bbee-31eb219837dc 663805f9852b4f599a2e1ad1d483a95d 6598f0d0924d4b97b7b20675add2d54b - - default default] TaaS: Handle Delete Port: 009697df-f88b-4e4b-afe8-918ee1e1ad44
2026-07-14 18:50:17.351 8 INFO neutron_taas.services.taas.tap_mirror_plugin [None req-c9db2d32-aba4-4b96-bbee-31eb219837dc 663805f9852b4f599a2e1ad1d483a95d 6598f0d0924d4b97b7b20675add2d54b - - default default] Tap Mirror: Handle Delete Port: 009697df-f88b-4e4b-afe8-918ee1e1ad44 [pid: 7|app: 0|req: 716/1362] 10.0.0.47 () {34 vars in 668 bytes} [Tue Jul 14 18:50:16 2026] POST /v2.0/routers => generated 623 bytes in 601 msecs (HTTP/1.1 201) 4 headers in 162 bytes (1 switches on core 0)
2026-07-14 18:50:17.491 7 INFO neutron.db.ovn_revision_numbers_db [None req-4ce5a7f0-6d6a-4aad-b6d3-28717fe5b166 c2b9d64642a546479576ce2e5a72e441 d753aa7958df4adebf8fc3bac6b89f33 - - default default] Successfully bumped revision number for resource c09e6c33-7a43-4b2a-a49a-b4eb13bdd6f5 (type: routers) to 1 [pid: 7|app: 0|req: 717/1363] 10.0.0.47 () {34 vars in 668 bytes} [Tue Jul 14 18:50:17 2026] POST /v2.0/routers => generated 627 bytes in 164 msecs (HTTP/1.1 201) 4 headers in 162 bytes (1 switches on core 0)
2026-07-14 18:50:17.656 8 INFO neutron.services.segments.plugin [-] Segment 32a878e7-35a7-49b8-8003-e7ba29015a7b resource provider aggregate not found
2026-07-14 18:50:17.665 8 INFO neutron.services.segments.plugin [-] Segment 32a878e7-35a7-49b8-8003-e7ba29015a7b resource provider aggregate not found
2026-07-14 18:50:17.683 8 INFO neutron.services.segments.plugin [-] Client error retrieving segment 32a878e7-35a7-49b8-8003-e7ba29015a7b resource provider; error: Placement Client Error (4xx): {"errors": [{"status": 404, "title": "Not Found", "detail": "The resource could not be found.\n\n No resource provider with uuid 32a878e7-35a7-49b8-8003-e7ba29015a7b found for delete ", "request_id": "req-839476dd-1856-4c80-b54b-46dce812bb2a"}]}
2026-07-14 18:50:17.684 8 INFO neutron.services.segments.plugin [-] Client error retrieving segment 32a878e7-35a7-49b8-8003-e7ba29015a7b resource provider; error: Placement Client Error (4xx): {"errors": [{"status": 404, "title": "Not Found", "detail": "The resource could not be found.\n\n No resource provider with uuid 32a878e7-35a7-49b8-8003-e7ba29015a7b found for delete ", "request_id": "req-2ad46efc-8eb3-497f-9737-c930a2e3fc52"}]} [pid: 8|app: 0|req: 647/1364] 10.0.0.47 () {32 vars in 725 bytes} [Tue Jul 14 18:50:17 2026] DELETE /v2.0/networks/0eb80cf6-2bd8-42e9-aed1-b64236bb59db => generated 0 bytes in 520 msecs (HTTP/1.1 204) 3 headers in 131 bytes (1 switches on core 0) [pid: 8|app: 0|req: 648/1365] 10.0.0.47 () {32 vars in 739 bytes} [Tue Jul 14 18:50:17 2026] DELETE /v2.0/security-groups/802bf55c-a9c5-4bd8-ab94-7a2d46030443 => generated 0 bytes in 137 msecs (HTTP/1.1 204) 2 headers in 112 bytes (1 switches on core 0)
2026-07-14 18:50:17.868 7 WARNING neutron.scheduler.dhcp_agent_scheduler [None req-61b4e332-0826-4c95-b3db-982c9e25906e 9fc119efb8b84705aad8a2ee551b87dd b357c3ca50c7410fb20d9dbb36b09192 - - default default] No more DHCP agents
2026-07-14 18:50:17.870 7 WARNING neutron.api.rpc.agentnotifiers.dhcp_rpc_agent_api [None req-61b4e332-0826-4c95-b3db-982c9e25906e 9fc119efb8b84705aad8a2ee551b87dd b357c3ca50c7410fb20d9dbb36b09192 - - default default] Unable to schedule network e455a819-1f86-4823-907b-8b6bcf9f2cbd: no agents available; will retry on subsequent port and subnet creation events.
2026-07-14 18:50:17.990 7 INFO neutron.plugins.ml2.drivers.ovn.mech_driver.mech_driver [None req-1064712c-e92f-499d-955f-9314e96580e2 - - - - - -] OVN reports status down for port: c5c8aa75-fc5f-4cff-8190-6d39300e0c32
2026-07-14 18:50:18.056 7 INFO neutron.db.ovn_revision_numbers_db [None req-61b4e332-0826-4c95-b3db-982c9e25906e 9fc119efb8b84705aad8a2ee551b87dd b357c3ca50c7410fb20d9dbb36b09192 - - default default] Successfully bumped revision number for resource c5c8aa75-fc5f-4cff-8190-6d39300e0c32 (type: ports) to 1
2026-07-14 18:50:18.631 7 INFO neutron.plugins.ml2.drivers.ovn.mech_driver.mech_driver [None req-1064712c-e92f-499d-955f-9314e96580e2 - - - - - -] OVN reports status up for port: c5c8aa75-fc5f-4cff-8190-6d39300e0c32
2026-07-14 18:50:18.657 7 INFO neutron.plugins.ml2.plugin [None req-1064712c-e92f-499d-955f-9314e96580e2 - - - - - -] Attempt 1 to provision port c5c8aa75-fc5f-4cff-8190-6d39300e0c32
2026-07-14 18:50:18.690 8 WARNING neutron.scheduler.dhcp_agent_scheduler [None req-419b8a5b-8c18-49f6-84be-b7d18d37978c c2b9d64642a546479576ce2e5a72e441 d753aa7958df4adebf8fc3bac6b89f33 - - default default] No more DHCP agents
2026-07-14 18:50:18.692 8 WARNING neutron.api.rpc.agentnotifiers.dhcp_rpc_agent_api [None req-419b8a5b-8c18-49f6-84be-b7d18d37978c c2b9d64642a546479576ce2e5a72e441 d753aa7958df4adebf8fc3bac6b89f33 - - default default] Unable to schedule network 41626ac1-e320-4722-84e1-739da0d1e7bc: no agents available; will retry on subsequent port and subnet creation events.
2026-07-14 18:50:18.799 7 WARNING neutron.scheduler.dhcp_agent_scheduler [None req-61b4e332-0826-4c95-b3db-982c9e25906e 9fc119efb8b84705aad8a2ee551b87dd b357c3ca50c7410fb20d9dbb36b09192 - - default default] No more DHCP agents
2026-07-14 18:50:18.801 7 WARNING neutron.api.rpc.agentnotifiers.dhcp_rpc_agent_api [None req-61b4e332-0826-4c95-b3db-982c9e25906e 9fc119efb8b84705aad8a2ee551b87dd b357c3ca50c7410fb20d9dbb36b09192 - - default default] Unable to schedule network e455a819-1f86-4823-907b-8b6bcf9f2cbd: no agents available; will retry on subsequent port and subnet creation events.
2026-07-14 18:50:18.812 8 INFO neutron.db.ovn_revision_numbers_db [None req-419b8a5b-8c18-49f6-84be-b7d18d37978c c2b9d64642a546479576ce2e5a72e441 d753aa7958df4adebf8fc3bac6b89f33 - - default default] Successfully bumped revision number for resource 6980228b-9e14-4f41-8863-242422cc7a91 (type: ports) to 1
2026-07-14 18:50:19.227 7 INFO neutron.db.ovn_revision_numbers_db [None req-61b4e332-0826-4c95-b3db-982c9e25906e 9fc119efb8b84705aad8a2ee551b87dd b357c3ca50c7410fb20d9dbb36b09192 - - default default] Successfully bumped revision number for resource c5c8aa75-fc5f-4cff-8190-6d39300e0c32 (type: router_ports) to 1 [pid: 7|app: 0|req: 718/1366] 10.0.0.47 () {34 vars in 782 bytes} [Tue Jul 14 18:50:17 2026] PUT /v2.0/routers/f8f372f2-5b66-45c2-971b-ad9b8a9a52ba/add_router_interface => generated 310 bytes in 1719 msecs (HTTP/1.1 200) 4 headers in 157 bytes (1 switches on core 0)
2026-07-14 18:50:19.267 7 INFO neutron.pecan_wsgi.hooks.translation [None req-87ce1cc1-0b2e-43dc-85b9-769e07c05f9e 663805f9852b4f599a2e1ad1d483a95d 6598f0d0924d4b97b7b20675add2d54b - - default default] DELETE failed (client error): The resource could not be found. [pid: 7|app: 0|req: 719/1367] 10.0.0.47 () {32 vars in 725 bytes} [Tue Jul 14 18:50:19 2026] DELETE /v2.0/networks/0eb80cf6-2bd8-42e9-aed1-b64236bb59db => generated 138 bytes in 34 msecs (HTTP/1.1 404) 4 headers in 164 bytes (1 switches on core 0)
2026-07-14 18:50:19.309 7 INFO neutron.api.v2.resource [None req-cf9b244f-cc58-44cc-98aa-d397bb858326 a2defc911ec64a03b8debb44f649dacb e0882df8a5b04e1d86ff45506b9be794 - - default default] show failed (client error): The resource could not be found. [pid: 7|app: 0|req: 720/1368] 10.0.0.47 () {32 vars in 736 bytes} [Tue Jul 14 18:50:19 2026] GET /v2.0/security-groups/802bf55c-a9c5-4bd8-ab94-7a2d46030443 => generated 146 bytes in 40 msecs (HTTP/1.1 404) 4 headers in 164 bytes (1 switches on core 0) [pid: 7|app: 0|req: 721/1369] 10.0.0.47 () {32 vars in 716 bytes} [Tue Jul 14 18:50:19 2026] GET /v2.0/ports/c5c8aa75-fc5f-4cff-8190-6d39300e0c32 => generated 943 bytes in 72 msecs (HTTP/1.1 200) 4 headers in 157 bytes (1 switches on core 0)
2026-07-14 18:50:19.427 7 INFO neutron.db.ovn_revision_numbers_db [None req-1064712c-e92f-499d-955f-9314e96580e2 - - - - - -] Successfully bumped revision number for resource c5c8aa75-fc5f-4cff-8190-6d39300e0c32 (type: ports) to 2
2026-07-14 18:50:19.430 8 WARNING neutron.scheduler.dhcp_agent_scheduler [None req-419b8a5b-8c18-49f6-84be-b7d18d37978c c2b9d64642a546479576ce2e5a72e441 d753aa7958df4adebf8fc3bac6b89f33 - - default default] No more DHCP agents
2026-07-14 18:50:19.432 8 WARNING neutron.api.rpc.agentnotifiers.dhcp_rpc_agent_api [None req-419b8a5b-8c18-49f6-84be-b7d18d37978c c2b9d64642a546479576ce2e5a72e441 d753aa7958df4adebf8fc3bac6b89f33 - - default default] Unable to schedule network 41626ac1-e320-4722-84e1-739da0d1e7bc: no agents available; will retry on subsequent port and subnet creation events. [pid: 7|app: 0|req: 722/1370] 10.0.0.47 () {32 vars in 693 bytes} [Tue Jul 14 18:50:19 2026] GET /v2.0/networks?router%3Aexternal=True => generated 689 bytes in 105 msecs (HTTP/1.1 200) 4 headers in 157 bytes (1 switches on core 0)
2026-07-14 18:50:19.640 8 INFO neutron.db.ovn_revision_numbers_db [None req-419b8a5b-8c18-49f6-84be-b7d18d37978c c2b9d64642a546479576ce2e5a72e441 d753aa7958df4adebf8fc3bac6b89f33 - - default default] Successfully bumped revision number for resource 6980228b-9e14-4f41-8863-242422cc7a91 (type: router_ports) to 1 [pid: 8|app: 0|req: 649/1371] 10.0.0.47 () {34 vars in 782 bytes} [Tue Jul 14 18:50:17 2026] PUT /v2.0/routers/c09e6c33-7a43-4b2a-a49a-b4eb13bdd6f5/add_router_interface => generated 310 bytes in 1803 msecs (HTTP/1.1 200) 4 headers in 157 bytes (1 switches on core 0)
2026-07-14 18:50:19.737 7 INFO neutron_taas.services.taas.taas_plugin [None req-1eec21f5-b38a-4cf0-9ab7-0699f117b924 a2defc911ec64a03b8debb44f649dacb e0882df8a5b04e1d86ff45506b9be794 - - default default] TaaS: Handle Delete Port: 2c05d430-7dc9-43fe-9d41-757df7d7f555
2026-07-14 18:50:19.749 7 INFO neutron_taas.services.taas.tap_mirror_plugin [None req-1eec21f5-b38a-4cf0-9ab7-0699f117b924 a2defc911ec64a03b8debb44f649dacb e0882df8a5b04e1d86ff45506b9be794 - - default default] Tap Mirror: Handle Delete Port: 2c05d430-7dc9-43fe-9d41-757df7d7f555 [pid: 7|app: 0|req: 723/1372] 10.0.0.47 () {32 vars in 731 bytes} [Tue Jul 14 18:50:19 2026] DELETE /v2.0/floatingips/88b307a1-29ab-443e-b67f-347b35c3326a => generated 0 bytes in 469 msecs (HTTP/1.1 204) 2 headers in 112 bytes (1 switches on core 0) [pid: 7|app: 0|req: 724/1373] 10.0.0.47 () {32 vars in 741 bytes} [Tue Jul 14 18:50:19 2026] GET /v2.0/subnets?network_id=81b198e0-81c4-4ac8-a936-f06fb28cc479 => generated 649 bytes in 40 msecs (HTTP/1.1 200) 4 headers in 157 bytes (1 switches on core 0) [pid: 7|app: 0|req: 725/1374] 10.0.0.47 () {32 vars in 716 bytes} [Tue Jul 14 18:50:20 2026] GET /v2.0/ports/6980228b-9e14-4f41-8863-242422cc7a91 => generated 945 bytes in 36 msecs (HTTP/1.1 200) 4 headers in 157 bytes (1 switches on core 0)
2026-07-14 18:50:20.141 8 WARNING neutron.scheduler.dhcp_agent_scheduler [None req-be681a24-960a-48b0-8abc-cbb3d9978c57 9fc119efb8b84705aad8a2ee551b87dd b357c3ca50c7410fb20d9dbb36b09192 - - default default] No more DHCP agents
2026-07-14 18:50:20.142 8 WARNING neutron.api.rpc.agentnotifiers.dhcp_rpc_agent_api [None req-be681a24-960a-48b0-8abc-cbb3d9978c57 9fc119efb8b84705aad8a2ee551b87dd b357c3ca50c7410fb20d9dbb36b09192 - - default default] Unable to schedule network d838daab-d948-4f17-be7a-8324137990f0: no agents available; will retry on subsequent port and subnet creation events.
2026-07-14 18:50:20.283 8 INFO neutron.db.ovn_revision_numbers_db [None req-be681a24-960a-48b0-8abc-cbb3d9978c57 9fc119efb8b84705aad8a2ee551b87dd b357c3ca50c7410fb20d9dbb36b09192 - - default default] Successfully bumped revision number for resource 7e429f28-99d0-4d1f-839c-8e19e81275e7 (type: ports) to 1
2026-07-14 18:50:20.339 7 INFO neutron_taas.services.taas.taas_plugin [None req-e48c111b-45da-426f-a3de-6235ad69f5e0 caee15f605894228b0d2a2d2adf2c41e eee9f0c15dac461d8b393394731233e9 - - default default] TaaS: Handle Delete Port: 637b2719-4345-45eb-ac7c-94cdd111c788
2026-07-14 18:50:20.342 7 INFO neutron_taas.services.taas.tap_mirror_plugin [None req-e48c111b-45da-426f-a3de-6235ad69f5e0 caee15f605894228b0d2a2d2adf2c41e eee9f0c15dac461d8b393394731233e9 - - default default] Tap Mirror: Handle Delete Port: 637b2719-4345-45eb-ac7c-94cdd111c788 [pid: 7|app: 0|req: 726/1375] 10.0.0.47 () {34 vars in 788 bytes} [Tue Jul 14 18:50:20 2026] PUT /v2.0/routers/6c4354d6-dadc-4da1-a74c-de3e9a715482/remove_router_interface => generated 310 bytes in 881 msecs (HTTP/1.1 200) 4 headers in 157 bytes (1 switches on core 0) /var/lib/openstack/lib/python3.12/site-packages/pycadf/identifier.py:70: UserWarning: Invalid uuid: neutron. To ensure interoperability, identifiers should be a valid uuid. warnings.warn(('Invalid uuid: %s. To ensure interoperability, ' [pid: 7|app: 0|req: 727/1376] 10.0.0.47 () {32 vars in 652 bytes} [Tue Jul 14 18:50:20 2026] GET /v2.0/extensions => generated 22668 bytes in 9 msecs (HTTP/1.1 200) 4 headers in 159 bytes (1 switches on core 0)
2026-07-14 18:50:20.985 8 WARNING neutron.scheduler.dhcp_agent_scheduler [None req-be681a24-960a-48b0-8abc-cbb3d9978c57 9fc119efb8b84705aad8a2ee551b87dd b357c3ca50c7410fb20d9dbb36b09192 - - default default] No more DHCP agents
2026-07-14 18:50:20.986 8 WARNING neutron.api.rpc.agentnotifiers.dhcp_rpc_agent_api [None req-be681a24-960a-48b0-8abc-cbb3d9978c57 9fc119efb8b84705aad8a2ee551b87dd b357c3ca50c7410fb20d9dbb36b09192 - - default default] Unable to schedule network d838daab-d948-4f17-be7a-8324137990f0: no agents available; will retry on subsequent port and subnet creation events.
2026-07-14 18:50:21.185 8 INFO neutron.db.ovn_revision_numbers_db [None req-be681a24-960a-48b0-8abc-cbb3d9978c57 9fc119efb8b84705aad8a2ee551b87dd b357c3ca50c7410fb20d9dbb36b09192 - - default default] Successfully bumped revision number for resource 7e429f28-99d0-4d1f-839c-8e19e81275e7 (type: router_ports) to 1 [pid: 8|app: 0|req: 650/1377] 10.0.0.47 () {34 vars in 782 bytes} [Tue Jul 14 18:50:19 2026] PUT /v2.0/routers/f8f372f2-5b66-45c2-971b-ad9b8a9a52ba/add_router_interface => generated 310 bytes in 1544 msecs (HTTP/1.1 200) 4 headers in 157 bytes (1 switches on core 0)
2026-07-14 18:50:21.473 7 WARNING neutron.scheduler.dhcp_agent_scheduler [None req-f1b7ddc9-20e1-4db1-8054-4dff5f2e46be c2b9d64642a546479576ce2e5a72e441 d753aa7958df4adebf8fc3bac6b89f33 - - default default] No more DHCP agents
2026-07-14 18:50:21.474 7 WARNING neutron.api.rpc.agentnotifiers.dhcp_rpc_agent_api [None req-f1b7ddc9-20e1-4db1-8054-4dff5f2e46be c2b9d64642a546479576ce2e5a72e441 d753aa7958df4adebf8fc3bac6b89f33 - - default default] Unable to schedule network a6ba4312-a73e-4c2f-b2af-1b0e08d70d44: no agents available; will retry on subsequent port and subnet creation events.
2026-07-14 18:50:21.483 8 INFO neutron_taas.services.taas.taas_plugin [None req-232a2d64-0710-4596-805b-c7535bada3d8 caee15f605894228b0d2a2d2adf2c41e eee9f0c15dac461d8b393394731233e9 - - default default] TaaS: Handle Delete Port: 8c2279c3-01fd-4ef4-9ca8-edb2969ccced
2026-07-14 18:50:21.486 8 INFO neutron_taas.services.taas.tap_mirror_plugin [None req-232a2d64-0710-4596-805b-c7535bada3d8 caee15f605894228b0d2a2d2adf2c41e eee9f0c15dac461d8b393394731233e9 - - default default] Tap Mirror: Handle Delete Port: 8c2279c3-01fd-4ef4-9ca8-edb2969ccced
2026-07-14 18:50:21.559 8 INFO neutron.plugins.ml2.drivers.ovn.mech_driver.mech_driver [None req-2a9b0add-3c91-463a-85b6-b285fb3e5cc5 - - - - - -] OVN reports status down for port: 117d6c5a-008f-466e-af0d-588f4678e489
2026-07-14 18:50:21.601 7 INFO neutron.db.ovn_revision_numbers_db [None req-f1b7ddc9-20e1-4db1-8054-4dff5f2e46be c2b9d64642a546479576ce2e5a72e441 d753aa7958df4adebf8fc3bac6b89f33 - - default default] Successfully bumped revision number for resource 117d6c5a-008f-466e-af0d-588f4678e489 (type: ports) to 1 [pid: 8|app: 0|req: 651/1378] 10.0.0.47 () {32 vars in 723 bytes} [Tue Jul 14 18:50:21 2026] DELETE /v2.0/routers/6c4354d6-dadc-4da1-a74c-de3e9a715482 => generated 0 bytes in 782 msecs (HTTP/1.1 204) 2 headers in 112 bytes (1 switches on core 0) [pid: 8|app: 0|req: 652/1379] 10.0.0.47 () {32 vars in 648 bytes} [Tue Jul 14 18:50:21 2026] GET /v2.0/networks => generated 1384 bytes in 91 msecs (HTTP/1.1 200) 4 headers in 158 bytes (1 switches on core 0) [pid: 8|app: 0|req: 653/1380] 10.0.0.47 () {32 vars in 716 bytes} [Tue Jul 14 18:50:22 2026] GET /v2.0/ports/7e429f28-99d0-4d1f-839c-8e19e81275e7 => generated 941 bytes in 95 msecs (HTTP/1.1 200) 4 headers in 157 bytes (1 switches on core 0)
2026-07-14 18:50:22.273 8 INFO neutron.plugins.ml2.drivers.ovn.mech_driver.mech_driver [None req-2a9b0add-3c91-463a-85b6-b285fb3e5cc5 - - - - - -] OVN reports status up for port: 117d6c5a-008f-466e-af0d-588f4678e489
2026-07-14 18:50:22.297 8 INFO neutron.plugins.ml2.plugin [None req-2a9b0add-3c91-463a-85b6-b285fb3e5cc5 - - - - - -] Attempt 1 to provision port 117d6c5a-008f-466e-af0d-588f4678e489
2026-07-14 18:50:22.361 7 WARNING neutron.scheduler.dhcp_agent_scheduler [None req-f1b7ddc9-20e1-4db1-8054-4dff5f2e46be c2b9d64642a546479576ce2e5a72e441 d753aa7958df4adebf8fc3bac6b89f33 - - default default] No more DHCP agents
2026-07-14 18:50:22.363 7 WARNING neutron.api.rpc.agentnotifiers.dhcp_rpc_agent_api [None req-f1b7ddc9-20e1-4db1-8054-4dff5f2e46be c2b9d64642a546479576ce2e5a72e441 d753aa7958df4adebf8fc3bac6b89f33 - - default default] Unable to schedule network a6ba4312-a73e-4c2f-b2af-1b0e08d70d44: no agents available; will retry on subsequent port and subnet creation events. [pid: 8|app: 0|req: 654/1381] 10.0.0.47 () {32 vars in 723 bytes} [Tue Jul 14 18:50:22 2026] DELETE /v2.0/subnets/1295dd37-736c-4276-afc1-c214d9ea4864 => generated 0 bytes in 219 msecs (HTTP/1.1 204) 3 headers in 131 bytes (1 switches on core 0) [pid: 8|app: 0|req: 655/1382] 10.0.0.47 () {32 vars in 646 bytes} [Tue Jul 14 18:50:22 2026] GET /v2.0/subnets => generated 1280 bytes in 90 msecs (HTTP/1.1 200) 4 headers in 158 bytes (1 switches on core 0) [pid: 8|app: 0|req: 658/1385] 10.0.0.47 () {32 vars in 716 bytes} [Tue Jul 14 18:50:22 2026] GET /v2.0/ports/7e429f28-99d0-4d1f-839c-8e19e81275e7 => generated 941 bytes in 109 msecs (HTTP/1.1 200) 4 headers in 157 bytes (1 switches on core 0)
2026-07-14 18:50:22.606 7 INFO neutron.db.ovn_revision_numbers_db [None req-f1b7ddc9-20e1-4db1-8054-4dff5f2e46be c2b9d64642a546479576ce2e5a72e441 d753aa7958df4adebf8fc3bac6b89f33 - - default default] Successfully bumped revision number for resource 117d6c5a-008f-466e-af0d-588f4678e489 (type: router_ports) to 1 [pid: 7|app: 0|req: 728/1386] 10.0.0.47 () {34 vars in 782 bytes} [Tue Jul 14 18:50:20 2026] PUT /v2.0/routers/c09e6c33-7a43-4b2a-a49a-b4eb13bdd6f5/add_router_interface => generated 310 bytes in 1683 msecs (HTTP/1.1 200) 4 headers in 157 bytes (1 switches on core 0) [pid: 7|app: 0|req: 729/1387] 10.0.0.47 () {32 vars in 722 bytes} [Tue Jul 14 18:50:22 2026] GET /v2.0/networks/1fd08f60-4aca-4583-a84b-d09dc12ae435 => generated 706 bytes in 45 msecs (HTTP/1.1 200) 4 headers in 157 bytes (1 switches on core 0) [pid: 7|app: 0|req: 730/1388] 10.0.0.47 () {32 vars in 716 bytes} [Tue Jul 14 18:50:22 2026] GET /v2.0/ports/117d6c5a-008f-466e-af0d-588f4678e489 => generated 955 bytes in 74 msecs (HTTP/1.1 200) 4 headers in 157 bytes (1 switches on core 0) [pid: 7|app: 0|req: 731/1389] 10.0.0.47 () {32 vars in 720 bytes} [Tue Jul 14 18:50:22 2026] GET /v2.0/subnets/169c84e7-8828-479d-899d-6b4cb907ad64 => generated 641 bytes in 34 msecs (HTTP/1.1 200) 4 headers in 157 bytes (1 switches on core 0) [pid: 7|app: 0|req: 732/1390] 10.0.0.47 () {32 vars in 716 bytes} [Tue Jul 14 18:50:22 2026] GET /v2.0/ports/117d6c5a-008f-466e-af0d-588f4678e489 => generated 955 bytes in 40 msecs (HTTP/1.1 200) 4 headers in 157 bytes (1 switches on core 0)
2026-07-14 18:50:22.819 7 INFO neutron.pecan_wsgi.hooks.translation [None req-c0b0d181-56c2-4ed8-bbc2-b4318b70aaa8 663805f9852b4f599a2e1ad1d483a95d 6598f0d0924d4b97b7b20675add2d54b - - default default] DELETE failed (client error): The resource could not be found. [pid: 7|app: 0|req: 733/1391] 10.0.0.47 () {32 vars in 723 bytes} [Tue Jul 14 18:50:22 2026] DELETE /v2.0/subnets/d6f83722-5e94-4542-aa48-be06a73270e5 => generated 136 bytes in 15 msecs (HTTP/1.1 404) 4 headers in 164 bytes (1 switches on core 0)
2026-07-14 18:50:22.888 8 INFO neutron_taas.services.taas.taas_plugin [None req-da057da9-4418-42a9-a098-bd1b6ab51f76 caee15f605894228b0d2a2d2adf2c41e eee9f0c15dac461d8b393394731233e9 - - default default] TaaS: Handle Delete Port: 165f003e-b669-4f3c-947d-4087ef9c9464
2026-07-14 18:50:22.895 8 INFO neutron_taas.services.taas.tap_mirror_plugin [None req-da057da9-4418-42a9-a098-bd1b6ab51f76 caee15f605894228b0d2a2d2adf2c41e eee9f0c15dac461d8b393394731233e9 - - default default] Tap Mirror: Handle Delete Port: 165f003e-b669-4f3c-947d-4087ef9c9464
2026-07-14 18:50:23.071 8 INFO neutron.db.ovn_revision_numbers_db [None req-2a9b0add-3c91-463a-85b6-b285fb3e5cc5 - - - - - -] Successfully bumped revision number for resource 117d6c5a-008f-466e-af0d-588f4678e489 (type: ports) to 2
2026-07-14 18:50:23.144 7 INFO neutron_taas.services.taas.taas_plugin [None req-493aa5f3-855a-410e-8aec-cb3753c11440 c2b9d64642a546479576ce2e5a72e441 d753aa7958df4adebf8fc3bac6b89f33 - - default default] TaaS: Handle Delete Port: 117d6c5a-008f-466e-af0d-588f4678e489
2026-07-14 18:50:23.147 7 INFO neutron_taas.services.taas.tap_mirror_plugin [None req-493aa5f3-855a-410e-8aec-cb3753c11440 c2b9d64642a546479576ce2e5a72e441 d753aa7958df4adebf8fc3bac6b89f33 - - default default] Tap Mirror: Handle Delete Port: 117d6c5a-008f-466e-af0d-588f4678e489
2026-07-14 18:50:23.248 8 INFO neutron.services.segments.plugin [-] Segment 9c51b1f2-99ed-47a1-881f-d5855727dbe9 resource provider aggregate not found
2026-07-14 18:50:23.252 8 INFO neutron.services.segments.plugin [-] Segment 9c51b1f2-99ed-47a1-881f-d5855727dbe9 resource provider aggregate not found
2026-07-14 18:50:23.269 8 INFO neutron.services.segments.plugin [-] Client error retrieving segment 9c51b1f2-99ed-47a1-881f-d5855727dbe9 resource provider; error: Placement Client Error (4xx): {"errors": [{"status": 404, "title": "Not Found", "detail": "The resource could not be found.\n\n No resource provider with uuid 9c51b1f2-99ed-47a1-881f-d5855727dbe9 found for delete ", "request_id": "req-362549ca-242f-48a2-a919-80a81e057503"}]}
2026-07-14 18:50:23.277 8 INFO neutron.services.segments.plugin [-] Client error retrieving segment 9c51b1f2-99ed-47a1-881f-d5855727dbe9 resource provider; error: Placement Client Error (4xx): {"errors": [{"status": 404, "title": "Not Found", "detail": "The resource could not be found.\n\n No resource provider with uuid 9c51b1f2-99ed-47a1-881f-d5855727dbe9 found for delete ", "request_id": "req-6a579123-5a35-4c42-a953-2adcb4be9360"}]} [pid: 8|app: 0|req: 659/1392] 10.0.0.47 () {32 vars in 725 bytes} [Tue Jul 14 18:50:22 2026] DELETE /v2.0/networks/e5881f82-8d22-40a2-addf-855f304b876c => generated 0 bytes in 712 msecs (HTTP/1.1 204) 3 headers in 131 bytes (1 switches on core 0)
2026-07-14 18:50:23.328 8 INFO neutron.pecan_wsgi.hooks.translation [None req-32864c4f-7187-4b1a-ba7a-85869e5d54d3 663805f9852b4f599a2e1ad1d483a95d 6598f0d0924d4b97b7b20675add2d54b - - default default] DELETE failed (client error): The resource could not be found. [pid: 8|app: 0|req: 660/1393] 10.0.0.47 () {32 vars in 725 bytes} [Tue Jul 14 18:50:23 2026] DELETE /v2.0/networks/0eb80cf6-2bd8-42e9-aed1-b64236bb59db => generated 138 bytes in 24 msecs (HTTP/1.1 404) 4 headers in 164 bytes (1 switches on core 0) [pid: 8|app: 0|req: 661/1394] 10.0.0.47 () {32 vars in 723 bytes} [Tue Jul 14 18:50:23 2026] DELETE /v2.0/subnets/169c84e7-8828-479d-899d-6b4cb907ad64 => generated 0 bytes in 166 msecs (HTTP/1.1 204) 3 headers in 131 bytes (1 switches on core 0)
2026-07-14 18:50:23.507 8 WARNING neutron.db.securitygroups_db [None req-9f01b33d-a738-42fe-a226-d612798b46fb caee15f605894228b0d2a2d2adf2c41e eee9f0c15dac461d8b393394731233e9 - - default default] project_id key not found in filters, using tenant_id instead. This support has been deprecated and will be removed in a future release. [pid: 7|app: 0|req: 734/1395] 10.0.0.47 () {34 vars in 788 bytes} [Tue Jul 14 18:50:22 2026] PUT /v2.0/routers/c09e6c33-7a43-4b2a-a49a-b4eb13bdd6f5/remove_router_interface => generated 310 bytes in 711 msecs (HTTP/1.1 200) 4 headers in 157 bytes (1 switches on core 0) [pid: 8|app: 0|req: 662/1396] 10.0.0.47 () {32 vars in 773 bytes} [Tue Jul 14 18:50:23 2026] GET /v2.0/security-groups?tenant_id=e0882df8a5b04e1d86ff45506b9be794&name=default => generated 2925 bytes in 32 msecs (HTTP/1.1 200) 4 headers in 158 bytes (1 switches on core 0) /var/lib/openstack/lib/python3.12/site-packages/pycadf/identifier.py:70: UserWarning: Invalid uuid: neutron. To ensure interoperability, identifiers should be a valid uuid. warnings.warn(('Invalid uuid: %s. To ensure interoperability, ' [pid: 8|app: 0|req: 663/1397] 10.0.0.47 () {32 vars in 716 bytes} [Tue Jul 14 18:50:23 2026] GET /v2.0/ports/6980228b-9e14-4f41-8863-242422cc7a91 => generated 945 bytes in 78 msecs (HTTP/1.1 200) 4 headers in 157 bytes (1 switches on core 0)
2026-07-14 18:50:23.670 7 INFO neutron_taas.services.taas.taas_plugin [None req-0c39e48d-ae39-418f-9fd3-5cd483e430ad 663805f9852b4f599a2e1ad1d483a95d 6598f0d0924d4b97b7b20675add2d54b - - default default] TaaS: Handle Delete Port: baec380a-2853-46b0-90e1-9f16ba210a27
2026-07-14 18:50:23.674 7 INFO neutron_taas.services.taas.tap_mirror_plugin [None req-0c39e48d-ae39-418f-9fd3-5cd483e430ad 663805f9852b4f599a2e1ad1d483a95d 6598f0d0924d4b97b7b20675add2d54b - - default default] Tap Mirror: Handle Delete Port: baec380a-2853-46b0-90e1-9f16ba210a27 [pid: 8|app: 0|req: 664/1398] 10.0.0.47 () {32 vars in 739 bytes} [Tue Jul 14 18:50:23 2026] DELETE /v2.0/security-groups/e990bdec-6765-491e-bb8d-6a0e97a05cd8 => generated 0 bytes in 179 msecs (HTTP/1.1 204) 2 headers in 112 bytes (1 switches on core 0) [pid: 8|app: 0|req: 665/1399] 10.0.0.47 () {32 vars in 716 bytes} [Tue Jul 14 18:50:23 2026] GET /v2.0/ports/7e429f28-99d0-4d1f-839c-8e19e81275e7 => generated 941 bytes in 42 msecs (HTTP/1.1 200) 4 headers in 157 bytes (1 switches on core 0)
2026-07-14 18:50:23.871 7 INFO neutron.services.segments.plugin [-] Segment 045a920c-df8e-4263-9916-cf9d7cee568b resource provider aggregate not found
2026-07-14 18:50:23.878 7 INFO neutron.services.segments.plugin [-] Segment 045a920c-df8e-4263-9916-cf9d7cee568b resource provider aggregate not found
