2026-07-14 18:52:50.490 7 INFO neutron.db.ovn_revision_numbers_db [None req-414f75c2-ae57-4b8d-995a-0a305078f3b1 caee15f605894228b0d2a2d2adf2c41e eee9f0c15dac461d8b393394731233e9 - - default default] Successfully bumped revision number for resource d14cb780-f51d-4a5b-933f-41109144a444 (type: security_group_rules) to 0 [pid: 7|app: 0|req: 1230/2461] 10.0.0.47 () {32 vars in 773 bytes} [Tue Jul 14 18:52:50 2026] GET /v2.0/security-groups?tenant_id=0285ec49b06d40b4b386317f7b87ddb8&name=default => generated 2929 bytes in 428 msecs (HTTP/1.1 200) 4 headers in 158 bytes (1 switches on core 0) [pid: 8|app: 0|req: 1232/2462] 10.0.0.47 () {32 vars in 739 bytes} [Tue Jul 14 18:52:50 2026] DELETE /v2.0/security-groups/5d486bc8-3055-486a-92be-0e8a63b1676b => generated 0 bytes in 193 msecs (HTTP/1.1 204) 2 headers in 112 bytes (1 switches on core 0)
2026-07-14 18:52:50.740 8 INFO neutron.services.segments.plugin [-] Segment d6f35a49-09ca-450b-bb68-7931294feda2 resource provider aggregate not found
2026-07-14 18:52:50.747 8 INFO neutron.services.segments.plugin [-] Segment d6f35a49-09ca-450b-bb68-7931294feda2 resource provider aggregate not found
2026-07-14 18:52:50.767 8 INFO neutron.services.segments.plugin [-] Client error retrieving segment d6f35a49-09ca-450b-bb68-7931294feda2 resource provider; error: Placement Client Error (4xx): {"errors": [{"status": 404, "title": "Not Found", "detail": "The resource could not be found.\n\n No resource provider with uuid d6f35a49-09ca-450b-bb68-7931294feda2 found for delete ", "request_id": "req-796e95fc-a982-4319-8f47-1c6196b979e2"}]}
2026-07-14 18:52:50.779 8 INFO neutron.services.segments.plugin [-] Client error retrieving segment d6f35a49-09ca-450b-bb68-7931294feda2 resource provider; error: Placement Client Error (4xx): {"errors": [{"status": 404, "title": "Not Found", "detail": "The resource could not be found.\n\n No resource provider with uuid d6f35a49-09ca-450b-bb68-7931294feda2 found for delete ", "request_id": "req-b7e7da71-60f6-4afc-b25a-834303f6f95d"}]}
2026-07-14 18:52:50.785 8 INFO neutron.services.segments.plugin [-] Segment fc60e3ea-8df1-4668-ba5a-e1c09820e2f7 resource provider aggregate not found
2026-07-14 18:52:50.807 8 INFO neutron.services.segments.plugin [-] Segment fc60e3ea-8df1-4668-ba5a-e1c09820e2f7 resource provider aggregate not found
2026-07-14 18:52:50.809 8 INFO neutron.services.segments.plugin [-] Client error retrieving segment fc60e3ea-8df1-4668-ba5a-e1c09820e2f7 resource provider; error: Placement Client Error (4xx): {"errors": [{"status": 404, "title": "Not Found", "detail": "The resource could not be found.\n\n No resource provider with uuid fc60e3ea-8df1-4668-ba5a-e1c09820e2f7 found for delete ", "request_id": "req-91775388-5413-409c-8a23-3358a6c91cb4"}]}
2026-07-14 18:52:50.832 8 INFO neutron.services.segments.plugin [-] Client error retrieving segment fc60e3ea-8df1-4668-ba5a-e1c09820e2f7 resource provider; error: Placement Client Error (4xx): {"errors": [{"status": 404, "title": "Not Found", "detail": "The resource could not be found.\n\n No resource provider with uuid fc60e3ea-8df1-4668-ba5a-e1c09820e2f7 found for delete ", "request_id": "req-8474583d-bb33-443e-899c-d36ae49890f0"}]}
2026-07-14 18:52:50.929 7 WARNING neutron.db.securitygroups_db [None req-6b50955c-02c2-48ba-a9b8-e123679910ad caee15f605894228b0d2a2d2adf2c41e eee9f0c15dac461d8b393394731233e9 - - default default] project_id key not found in filters, using tenant_id instead. This support has been deprecated and will be removed in a future release. [pid: 7|app: 0|req: 1231/2463] 10.0.0.47 () {32 vars in 773 bytes} [Tue Jul 14 18:52:50 2026] GET /v2.0/security-groups?tenant_id=e15cc9774cb24f9d80419f5db8130029&name=default => generated 2929 bytes in 27 msecs (HTTP/1.1 200) 4 headers in 158 bytes (1 switches on core 0)
2026-07-14 18:52:50.980 7 INFO neutron.services.segments.plugin [-] Segment 26ef5a10-34e0-4039-a413-2751ade32270 resource provider aggregate not found
2026-07-14 18:52:50.986 7 INFO neutron.services.segments.plugin [-] Segment 26ef5a10-34e0-4039-a413-2751ade32270 resource provider aggregate not found
2026-07-14 18:52:51.001 7 INFO neutron.services.segments.plugin [-] Client error retrieving segment 26ef5a10-34e0-4039-a413-2751ade32270 resource provider; error: Placement Client Error (4xx): {"errors": [{"status": 404, "title": "Not Found", "detail": "The resource could not be found.\n\n No resource provider with uuid 26ef5a10-34e0-4039-a413-2751ade32270 found for delete ", "request_id": "req-dbc41098-1336-4f3f-830c-ec87a5077184"}]}
2026-07-14 18:52:51.005 7 INFO neutron.services.segments.plugin [-] Client error retrieving segment 26ef5a10-34e0-4039-a413-2751ade32270 resource provider; error: Placement Client Error (4xx): {"errors": [{"status": 404, "title": "Not Found", "detail": "The resource could not be found.\n\n No resource provider with uuid 26ef5a10-34e0-4039-a413-2751ade32270 found for delete ", "request_id": "req-e218891b-4305-47cc-af5d-4e38bdacfbb2"}]} [pid: 8|app: 0|req: 1233/2464] 10.0.0.47 () {32 vars in 739 bytes} [Tue Jul 14 18:52:50 2026] DELETE /v2.0/security-groups/a738b765-a357-41b6-904c-e58edbe1283c => generated 0 bytes in 229 msecs (HTTP/1.1 204) 2 headers in 112 bytes (1 switches on core 0)
2026-07-14 18:52:52.635 8 WARNING neutron.db.securitygroups_db [None req-11532706-2fc7-469a-aa5f-b28a4e311777 caee15f605894228b0d2a2d2adf2c41e eee9f0c15dac461d8b393394731233e9 - - default default] project_id key not found in filters, using tenant_id instead. This support has been deprecated and will be removed in a future release.
2026-07-14 18:52:52.643 7 INFO neutron.db.ovn_revision_numbers_db [None req-2ece4e88-b1aa-4a0f-a2de-2264dcfc55de 2edc46f45a17477b9e85e10c4fc6a000 1d55fdb32cd94dbdb4c8313ca7a64935 - - default default] Successfully bumped revision number for resource 3d207e03-1887-41ea-a624-f139c5a961b8 (type: security_groups) to 1
2026-07-14 18:52:52.655 7 INFO neutron.db.ovn_revision_numbers_db [None req-2ece4e88-b1aa-4a0f-a2de-2264dcfc55de 2edc46f45a17477b9e85e10c4fc6a000 1d55fdb32cd94dbdb4c8313ca7a64935 - - default default] Successfully bumped revision number for resource 1bf49385-ba02-49af-a221-bea46ecabbfa (type: security_group_rules) to 0
2026-07-14 18:52:52.671 7 INFO neutron.db.ovn_revision_numbers_db [None req-2ece4e88-b1aa-4a0f-a2de-2264dcfc55de 2edc46f45a17477b9e85e10c4fc6a000 1d55fdb32cd94dbdb4c8313ca7a64935 - - default default] Successfully bumped revision number for resource a2678873-0ffa-44c0-af36-79e5973ed0f6 (type: security_group_rules) to 0
2026-07-14 18:52:52.683 7 INFO neutron.db.ovn_revision_numbers_db [None req-2ece4e88-b1aa-4a0f-a2de-2264dcfc55de 2edc46f45a17477b9e85e10c4fc6a000 1d55fdb32cd94dbdb4c8313ca7a64935 - - default default] Successfully bumped revision number for resource d90c37cc-31a9-4609-a951-c72c646936b3 (type: security_group_rules) to 0
2026-07-14 18:52:52.699 7 INFO neutron.db.ovn_revision_numbers_db [None req-2ece4e88-b1aa-4a0f-a2de-2264dcfc55de 2edc46f45a17477b9e85e10c4fc6a000 1d55fdb32cd94dbdb4c8313ca7a64935 - - default default] Successfully bumped revision number for resource de036331-7a91-4c8e-96d0-67818dcb416e (type: security_group_rules) to 0
2026-07-14 18:52:52.781 7 INFO neutron.db.segments_db [None req-2ece4e88-b1aa-4a0f-a2de-2264dcfc55de 2edc46f45a17477b9e85e10c4fc6a000 1d55fdb32cd94dbdb4c8313ca7a64935 - - default default] Added segment 2525e684-7c21-4bbf-96f7-3bcf24a5ef73 of type geneve for network 29883735-ea6a-41fb-911e-add6069d5335
2026-07-14 18:52:52.800 8 INFO neutron.db.ovn_revision_numbers_db [None req-11532706-2fc7-469a-aa5f-b28a4e311777 caee15f605894228b0d2a2d2adf2c41e eee9f0c15dac461d8b393394731233e9 - - default default] Successfully bumped revision number for resource b6674b60-e4a4-4156-88ee-3c7fa622a64c (type: security_groups) to 1
2026-07-14 18:52:52.814 8 INFO neutron.db.ovn_revision_numbers_db [None req-11532706-2fc7-469a-aa5f-b28a4e311777 caee15f605894228b0d2a2d2adf2c41e eee9f0c15dac461d8b393394731233e9 - - default default] Successfully bumped revision number for resource 925abf66-e7f6-4163-8ae1-8849c4919836 (type: security_group_rules) to 0
2026-07-14 18:52:52.827 8 INFO neutron.db.ovn_revision_numbers_db [None req-11532706-2fc7-469a-aa5f-b28a4e311777 caee15f605894228b0d2a2d2adf2c41e eee9f0c15dac461d8b393394731233e9 - - default default] Successfully bumped revision number for resource 9b1b6aa7-6f00-4854-895b-6c2d854b77c2 (type: security_group_rules) to 0
2026-07-14 18:52:52.843 8 INFO neutron.db.ovn_revision_numbers_db [None req-11532706-2fc7-469a-aa5f-b28a4e311777 caee15f605894228b0d2a2d2adf2c41e eee9f0c15dac461d8b393394731233e9 - - default default] Successfully bumped revision number for resource ecf81620-159f-42e7-963a-3ef7328beedb (type: security_group_rules) to 0
2026-07-14 18:52:52.856 8 INFO neutron.db.ovn_revision_numbers_db [None req-11532706-2fc7-469a-aa5f-b28a4e311777 caee15f605894228b0d2a2d2adf2c41e eee9f0c15dac461d8b393394731233e9 - - default default] Successfully bumped revision number for resource f9cbb27f-3730-4969-8aba-4f46f16b8cba (type: security_group_rules) to 0
2026-07-14 18:52:52.906 7 INFO neutron.db.ovn_revision_numbers_db [None req-2ece4e88-b1aa-4a0f-a2de-2264dcfc55de 2edc46f45a17477b9e85e10c4fc6a000 1d55fdb32cd94dbdb4c8313ca7a64935 - - default default] Successfully bumped revision number for resource 29883735-ea6a-41fb-911e-add6069d5335 (type: networks) to 1 [pid: 8|app: 0|req: 1235/2467] 10.0.0.47 () {32 vars in 773 bytes} [Tue Jul 14 18:52:52 2026] GET /v2.0/security-groups?tenant_id=55d11dff1a1e446d866f458c5bf41bfc&name=default => generated 2929 bytes in 331 msecs (HTTP/1.1 200) 4 headers in 158 bytes (1 switches on core 0) [pid: 8|app: 0|req: 1236/2468] 10.0.0.47 () {32 vars in 739 bytes} [Tue Jul 14 18:52:52 2026] DELETE /v2.0/security-groups/b6674b60-e4a4-4156-88ee-3c7fa622a64c => generated 0 bytes in 220 msecs (HTTP/1.1 204) 2 headers in 112 bytes (1 switches on core 0)
2026-07-14 18:52:53.158 7 WARNING neutron.scheduler.dhcp_agent_scheduler [None req-2ece4e88-b1aa-4a0f-a2de-2264dcfc55de 2edc46f45a17477b9e85e10c4fc6a000 1d55fdb32cd94dbdb4c8313ca7a64935 - - default default] No more DHCP agents
2026-07-14 18:52:53.160 7 WARNING neutron.api.rpc.agentnotifiers.dhcp_rpc_agent_api [None req-2ece4e88-b1aa-4a0f-a2de-2264dcfc55de 2edc46f45a17477b9e85e10c4fc6a000 1d55fdb32cd94dbdb4c8313ca7a64935 - - default default] Unable to schedule network 29883735-ea6a-41fb-911e-add6069d5335: no agents available; will retry on subsequent port and subnet creation events.
2026-07-14 18:52:53.217 7 INFO neutron.plugins.ml2.drivers.ovn.mech_driver.mech_driver [None req-c6f2d7bf-f750-4e40-8fe2-07d17e31458d - - - - - -] OVN reports status down for port: 9dcbb417-a93f-4b7f-80d0-c53e66652212
2026-07-14 18:52:53.237 8 WARNING neutron.db.securitygroups_db [None req-425ac585-62e5-4de4-b92c-1c4b696750ed caee15f605894228b0d2a2d2adf2c41e eee9f0c15dac461d8b393394731233e9 - - default default] project_id key not found in filters, using tenant_id instead. This support has been deprecated and will be removed in a future release. [pid: 8|app: 0|req: 1237/2469] 10.0.0.47 () {32 vars in 773 bytes} [Tue Jul 14 18:52:53 2026] GET /v2.0/security-groups?tenant_id=47d7ed4cbc594873afff24f237644199&name=default => generated 2925 bytes in 47 msecs (HTTP/1.1 200) 4 headers in 158 bytes (1 switches on core 0)
2026-07-14 18:52:53.289 7 INFO neutron.db.ovn_revision_numbers_db [None req-2ece4e88-b1aa-4a0f-a2de-2264dcfc55de 2edc46f45a17477b9e85e10c4fc6a000 1d55fdb32cd94dbdb4c8313ca7a64935 - - default default] Successfully bumped revision number for resource 9dcbb417-a93f-4b7f-80d0-c53e66652212 (type: ports) to 1 [pid: 7|app: 0|req: 1233/2470] 10.0.0.47 () {34 vars in 669 bytes} [Tue Jul 14 18:52:52 2026] POST /v2.0/networks => generated 669 bytes in 1094 msecs (HTTP/1.1 201) 4 headers in 162 bytes (1 switches on core 0) [pid: 8|app: 0|req: 1238/2471] 10.0.0.47 () {32 vars in 739 bytes} [Tue Jul 14 18:52:53 2026] DELETE /v2.0/security-groups/6f61539d-71ef-4fa4-9613-6e4bcab55085 => generated 0 bytes in 187 msecs (HTTP/1.1 204) 2 headers in 112 bytes (1 switches on core 0)
2026-07-14 18:52:53.524 7 WARNING neutron.scheduler.dhcp_agent_scheduler [None req-b5dbf2da-6766-4392-9444-efd0851bdd8f 2edc46f45a17477b9e85e10c4fc6a000 1d55fdb32cd94dbdb4c8313ca7a64935 - - default default] No more DHCP agents
2026-07-14 18:52:53.525 7 WARNING neutron.api.rpc.agentnotifiers.dhcp_rpc_agent_api [None req-b5dbf2da-6766-4392-9444-efd0851bdd8f 2edc46f45a17477b9e85e10c4fc6a000 1d55fdb32cd94dbdb4c8313ca7a64935 - - default default] Unable to schedule network 29883735-ea6a-41fb-911e-add6069d5335: no agents available; will retry on subsequent port and subnet creation events.
2026-07-14 18:52:53.610 8 WARNING neutron.db.securitygroups_db [None req-95290f31-97b3-4f58-b981-a96c73604c0d caee15f605894228b0d2a2d2adf2c41e eee9f0c15dac461d8b393394731233e9 - - default default] project_id key not found in filters, using tenant_id instead. This support has been deprecated and will be removed in a future release.
2026-07-14 18:52:53.730 8 INFO neutron.db.ovn_revision_numbers_db [None req-95290f31-97b3-4f58-b981-a96c73604c0d caee15f605894228b0d2a2d2adf2c41e eee9f0c15dac461d8b393394731233e9 - - default default] Successfully bumped revision number for resource fd3c7096-87fd-4557-a025-47842edaafbb (type: security_groups) to 1
2026-07-14 18:52:53.741 8 INFO neutron.db.ovn_revision_numbers_db [None req-95290f31-97b3-4f58-b981-a96c73604c0d caee15f605894228b0d2a2d2adf2c41e eee9f0c15dac461d8b393394731233e9 - - default default] Successfully bumped revision number for resource 033d1fdd-074f-46c0-9c79-3af1c8340375 (type: security_group_rules) to 0
2026-07-14 18:52:53.753 8 INFO neutron.db.ovn_revision_numbers_db [None req-95290f31-97b3-4f58-b981-a96c73604c0d caee15f605894228b0d2a2d2adf2c41e eee9f0c15dac461d8b393394731233e9 - - default default] Successfully bumped revision number for resource 4500c47d-caaa-4c20-a32f-cd0bc09218dd (type: security_group_rules) to 0
2026-07-14 18:52:53.771 8 INFO neutron.db.ovn_revision_numbers_db [None req-95290f31-97b3-4f58-b981-a96c73604c0d caee15f605894228b0d2a2d2adf2c41e eee9f0c15dac461d8b393394731233e9 - - default default] Successfully bumped revision number for resource 53487125-7005-483f-a68f-6d2c46347dae (type: security_group_rules) to 0
2026-07-14 18:52:53.790 8 INFO neutron.db.ovn_revision_numbers_db [None req-95290f31-97b3-4f58-b981-a96c73604c0d caee15f605894228b0d2a2d2adf2c41e eee9f0c15dac461d8b393394731233e9 - - default default] Successfully bumped revision number for resource a8e00728-66e4-4b63-93fe-e928bf6541e7 (type: security_group_rules) to 0 [pid: 8|app: 0|req: 1239/2472] 10.0.0.47 () {32 vars in 773 bytes} [Tue Jul 14 18:52:53 2026] GET /v2.0/security-groups?tenant_id=a957f5a838ed42cbaf242a66941c0c98&name=default => generated 2929 bytes in 225 msecs (HTTP/1.1 200) 4 headers in 158 bytes (1 switches on core 0) [pid: 8|app: 0|req: 1240/2473] 10.0.0.47 () {32 vars in 739 bytes} [Tue Jul 14 18:52:53 2026] DELETE /v2.0/security-groups/fd3c7096-87fd-4557-a025-47842edaafbb => generated 0 bytes in 156 msecs (HTTP/1.1 204) 2 headers in 112 bytes (1 switches on core 0)
2026-07-14 18:52:54.013 7 INFO neutron.db.ovn_revision_numbers_db [None req-b5dbf2da-6766-4392-9444-efd0851bdd8f 2edc46f45a17477b9e85e10c4fc6a000 1d55fdb32cd94dbdb4c8313ca7a64935 - - default default] Successfully bumped revision number for resource 9dcbb417-a93f-4b7f-80d0-c53e66652212 (type: ports) to 2
2026-07-14 18:52:54.058 7 INFO neutron.db.ovn_revision_numbers_db [None req-b5dbf2da-6766-4392-9444-efd0851bdd8f 2edc46f45a17477b9e85e10c4fc6a000 1d55fdb32cd94dbdb4c8313ca7a64935 - - default default] Successfully bumped revision number for resource 2a11cd25-85e5-4313-8ced-aa43c936e2c9 (type: subnets) to 0 [pid: 7|app: 0|req: 1234/2474] 10.0.0.47 () {34 vars in 668 bytes} [Tue Jul 14 18:52:53 2026] POST /v2.0/subnets => generated 626 bytes in 752 msecs (HTTP/1.1 201) 4 headers in 162 bytes (1 switches on core 0)
2026-07-14 18:52:54.167 7 WARNING neutron.db.securitygroups_db [None req-0cb01902-4ef4-467c-8c95-f72d5fe5f13c caee15f605894228b0d2a2d2adf2c41e eee9f0c15dac461d8b393394731233e9 - - default default] project_id key not found in filters, using tenant_id instead. This support has been deprecated and will be removed in a future release.
2026-07-14 18:52:54.184 8 INFO neutron.db.segments_db [None req-566de68a-7802-4610-9e78-d0883dea2de3 2edc46f45a17477b9e85e10c4fc6a000 1d55fdb32cd94dbdb4c8313ca7a64935 - - default default] Added segment f9729fc4-8703-4160-94d3-5b4b1017a217 of type geneve for network e56a6f85-5745-496c-8fc9-38adf75b40e8
2026-07-14 18:52:54.287 7 INFO neutron.db.ovn_revision_numbers_db [None req-0cb01902-4ef4-467c-8c95-f72d5fe5f13c caee15f605894228b0d2a2d2adf2c41e eee9f0c15dac461d8b393394731233e9 - - default default] Successfully bumped revision number for resource 633ec109-654c-437e-8c30-aa36a0410e01 (type: security_groups) to 1
2026-07-14 18:52:54.314 7 INFO neutron.db.ovn_revision_numbers_db [None req-0cb01902-4ef4-467c-8c95-f72d5fe5f13c caee15f605894228b0d2a2d2adf2c41e eee9f0c15dac461d8b393394731233e9 - - default default] Successfully bumped revision number for resource 3cd9a979-a51e-4363-97dd-016376fa5425 (type: security_group_rules) to 0
2026-07-14 18:52:54.327 8 INFO neutron.db.ovn_revision_numbers_db [None req-566de68a-7802-4610-9e78-d0883dea2de3 2edc46f45a17477b9e85e10c4fc6a000 1d55fdb32cd94dbdb4c8313ca7a64935 - - default default] Successfully bumped revision number for resource e56a6f85-5745-496c-8fc9-38adf75b40e8 (type: networks) to 1
2026-07-14 18:52:54.329 7 INFO neutron.db.ovn_revision_numbers_db [None req-0cb01902-4ef4-467c-8c95-f72d5fe5f13c caee15f605894228b0d2a2d2adf2c41e eee9f0c15dac461d8b393394731233e9 - - default default] Successfully bumped revision number for resource b5523e53-0f67-4b35-9073-c19618cbd81f (type: security_group_rules) to 0
2026-07-14 18:52:54.340 7 INFO neutron.db.ovn_revision_numbers_db [None req-0cb01902-4ef4-467c-8c95-f72d5fe5f13c caee15f605894228b0d2a2d2adf2c41e eee9f0c15dac461d8b393394731233e9 - - default default] Successfully bumped revision number for resource bf73acd0-371f-4d16-b21d-ead21283809f (type: security_group_rules) to 0
2026-07-14 18:52:54.352 7 INFO neutron.db.ovn_revision_numbers_db [None req-0cb01902-4ef4-467c-8c95-f72d5fe5f13c caee15f605894228b0d2a2d2adf2c41e eee9f0c15dac461d8b393394731233e9 - - default default] Successfully bumped revision number for resource e27af753-5a7b-4239-b0b9-ceaa6d5acb4f (type: security_group_rules) to 0 [pid: 7|app: 0|req: 1235/2475] 10.0.0.47 () {32 vars in 773 bytes} [Tue Jul 14 18:52:54 2026] GET /v2.0/security-groups?tenant_id=6df1409af5354f2ca55556d060339b42&name=default => generated 2929 bytes in 227 msecs (HTTP/1.1 200) 4 headers in 158 bytes (1 switches on core 0)
2026-07-14 18:52:54.508 8 WARNING neutron.scheduler.dhcp_agent_scheduler [None req-566de68a-7802-4610-9e78-d0883dea2de3 2edc46f45a17477b9e85e10c4fc6a000 1d55fdb32cd94dbdb4c8313ca7a64935 - - default default] No more DHCP agents
2026-07-14 18:52:54.509 8 WARNING neutron.api.rpc.agentnotifiers.dhcp_rpc_agent_api [None req-566de68a-7802-4610-9e78-d0883dea2de3 2edc46f45a17477b9e85e10c4fc6a000 1d55fdb32cd94dbdb4c8313ca7a64935 - - default default] Unable to schedule network e56a6f85-5745-496c-8fc9-38adf75b40e8: no agents available; will retry on subsequent port and subnet creation events.
2026-07-14 18:52:54.575 8 INFO neutron.plugins.ml2.drivers.ovn.mech_driver.mech_driver [None req-4909f975-8938-4e68-88b8-b6235cc9d0bc - - - - - -] OVN reports status down for port: 8677cf09-231d-4f9f-b427-3782c9bfeea1 [pid: 7|app: 0|req: 1236/2476] 10.0.0.47 () {32 vars in 739 bytes} [Tue Jul 14 18:52:54 2026] DELETE /v2.0/security-groups/633ec109-654c-437e-8c30-aa36a0410e01 => generated 0 bytes in 201 msecs (HTTP/1.1 204) 2 headers in 112 bytes (1 switches on core 0)
2026-07-14 18:52:54.634 8 INFO neutron.db.ovn_revision_numbers_db [None req-566de68a-7802-4610-9e78-d0883dea2de3 2edc46f45a17477b9e85e10c4fc6a000 1d55fdb32cd94dbdb4c8313ca7a64935 - - default default] Successfully bumped revision number for resource 8677cf09-231d-4f9f-b427-3782c9bfeea1 (type: ports) to 1 [pid: 8|app: 0|req: 1241/2477] 10.0.0.47 () {34 vars in 669 bytes} [Tue Jul 14 18:52:54 2026] POST /v2.0/networks => generated 670 bytes in 601 msecs (HTTP/1.1 201) 4 headers in 162 bytes (1 switches on core 0)
2026-07-14 18:52:54.736 8 WARNING neutron.db.securitygroups_db [None req-c9ee4484-1075-47e5-b3f3-f7ea9629bb80 caee15f605894228b0d2a2d2adf2c41e eee9f0c15dac461d8b393394731233e9 - - default default] project_id key not found in filters, using tenant_id instead. This support has been deprecated and will be removed in a future release.
2026-07-14 18:52:54.870 8 INFO neutron.db.ovn_revision_numbers_db [None req-c9ee4484-1075-47e5-b3f3-f7ea9629bb80 caee15f605894228b0d2a2d2adf2c41e eee9f0c15dac461d8b393394731233e9 - - default default] Successfully bumped revision number for resource b7c5b6d2-068f-49d5-9472-2fa94aa6e572 (type: security_groups) to 1
2026-07-14 18:52:54.875 7 WARNING neutron.scheduler.dhcp_agent_scheduler [None req-71387723-750c-4439-8ecf-7989916f4244 2edc46f45a17477b9e85e10c4fc6a000 1d55fdb32cd94dbdb4c8313ca7a64935 - - default default] No more DHCP agents
2026-07-14 18:52:54.876 7 WARNING neutron.api.rpc.agentnotifiers.dhcp_rpc_agent_api [None req-71387723-750c-4439-8ecf-7989916f4244 2edc46f45a17477b9e85e10c4fc6a000 1d55fdb32cd94dbdb4c8313ca7a64935 - - default default] Unable to schedule network e56a6f85-5745-496c-8fc9-38adf75b40e8: no agents available; will retry on subsequent port and subnet creation events.
2026-07-14 18:52:54.884 8 INFO neutron.db.ovn_revision_numbers_db [None req-c9ee4484-1075-47e5-b3f3-f7ea9629bb80 caee15f605894228b0d2a2d2adf2c41e eee9f0c15dac461d8b393394731233e9 - - default default] Successfully bumped revision number for resource 4d5f7bb1-b89c-486c-b90f-ed7507c9e8b9 (type: security_group_rules) to 0
2026-07-14 18:52:54.898 8 INFO neutron.db.ovn_revision_numbers_db [None req-c9ee4484-1075-47e5-b3f3-f7ea9629bb80 caee15f605894228b0d2a2d2adf2c41e eee9f0c15dac461d8b393394731233e9 - - default default] Successfully bumped revision number for resource 532a55c5-3d81-4819-9078-0769ddb299aa (type: security_group_rules) to 0
2026-07-14 18:52:54.909 8 INFO neutron.db.ovn_revision_numbers_db [None req-c9ee4484-1075-47e5-b3f3-f7ea9629bb80 caee15f605894228b0d2a2d2adf2c41e eee9f0c15dac461d8b393394731233e9 - - default default] Successfully bumped revision number for resource 5d92461a-c5e3-4980-8be1-d39a946fb5bd (type: security_group_rules) to 0
2026-07-14 18:52:54.922 8 INFO neutron.db.ovn_revision_numbers_db [None req-c9ee4484-1075-47e5-b3f3-f7ea9629bb80 caee15f605894228b0d2a2d2adf2c41e eee9f0c15dac461d8b393394731233e9 - - default default] Successfully bumped revision number for resource ea66335f-da4b-462d-ab45-8127ed323f20 (type: security_group_rules) to 0 [pid: 8|app: 0|req: 1242/2478] 10.0.0.47 () {32 vars in 773 bytes} [Tue Jul 14 18:52:54 2026] GET /v2.0/security-groups?tenant_id=52dbeff2b769452aab6a6967efc2c0f5&name=default => generated 2929 bytes in 227 msecs (HTTP/1.1 200) 4 headers in 158 bytes (1 switches on core 0) [pid: 8|app: 0|req: 1243/2479] 10.0.0.47 () {32 vars in 739 bytes} [Tue Jul 14 18:52:54 2026] DELETE /v2.0/security-groups/b7c5b6d2-068f-49d5-9472-2fa94aa6e572 => generated 0 bytes in 232 msecs (HTTP/1.1 204) 2 headers in 112 bytes (1 switches on core 0)
2026-07-14 18:52:55.347 8 WARNING neutron.db.securitygroups_db [None req-1ff34d45-49f0-40e3-a911-7987797665eb caee15f605894228b0d2a2d2adf2c41e eee9f0c15dac461d8b393394731233e9 - - default default] project_id key not found in filters, using tenant_id instead. This support has been deprecated and will be removed in a future release.
2026-07-14 18:52:55.404 7 INFO neutron.db.ovn_revision_numbers_db [None req-71387723-750c-4439-8ecf-7989916f4244 2edc46f45a17477b9e85e10c4fc6a000 1d55fdb32cd94dbdb4c8313ca7a64935 - - default default] Successfully bumped revision number for resource 8677cf09-231d-4f9f-b427-3782c9bfeea1 (type: ports) to 2
2026-07-14 18:52:55.436 7 INFO neutron.db.ovn_revision_numbers_db [None req-71387723-750c-4439-8ecf-7989916f4244 2edc46f45a17477b9e85e10c4fc6a000 1d55fdb32cd94dbdb4c8313ca7a64935 - - default default] Successfully bumped revision number for resource 4d279c81-eb49-4719-b6c7-41c71ae0cf34 (type: subnets) to 0 [pid: 7|app: 0|req: 1237/2480] 10.0.0.47 () {34 vars in 668 bytes} [Tue Jul 14 18:52:54 2026] POST /v2.0/subnets => generated 629 bytes in 755 msecs (HTTP/1.1 201) 4 headers in 162 bytes (1 switches on core 0)
2026-07-14 18:52:55.503 8 INFO neutron.db.ovn_revision_numbers_db [None req-1ff34d45-49f0-40e3-a911-7987797665eb caee15f605894228b0d2a2d2adf2c41e eee9f0c15dac461d8b393394731233e9 - - default default] Successfully bumped revision number for resource f074420e-1127-495f-af54-75dbf1296523 (type: security_groups) to 1
2026-07-14 18:52:55.517 8 INFO neutron.db.ovn_revision_numbers_db [None req-1ff34d45-49f0-40e3-a911-7987797665eb caee15f605894228b0d2a2d2adf2c41e eee9f0c15dac461d8b393394731233e9 - - default default] Successfully bumped revision number for resource 01f82a3f-372d-491c-8f8d-25ecbdd69c90 (type: security_group_rules) to 0
2026-07-14 18:52:55.529 8 INFO neutron.db.ovn_revision_numbers_db [None req-1ff34d45-49f0-40e3-a911-7987797665eb caee15f605894228b0d2a2d2adf2c41e eee9f0c15dac461d8b393394731233e9 - - default default] Successfully bumped revision number for resource 659cdfde-42e1-4c0b-8723-b81028693c75 (type: security_group_rules) to 0
2026-07-14 18:52:55.544 7 INFO neutron.db.segments_db [None req-c242b6e4-7a44-4e5a-8320-4152e363d74e 2edc46f45a17477b9e85e10c4fc6a000 1d55fdb32cd94dbdb4c8313ca7a64935 - - default default] Added segment 020084ef-400d-4cbd-bc4c-af3a4d893da3 of type geneve for network 36467976-e086-452b-925e-61995dd3c6a0
2026-07-14 18:52:55.544 8 INFO neutron.db.ovn_revision_numbers_db [None req-1ff34d45-49f0-40e3-a911-7987797665eb caee15f605894228b0d2a2d2adf2c41e eee9f0c15dac461d8b393394731233e9 - - default default] Successfully bumped revision number for resource b28e5266-7714-4ddd-8a41-c3056bf6fb54 (type: security_group_rules) to 0
2026-07-14 18:52:55.557 8 INFO neutron.db.ovn_revision_numbers_db [None req-1ff34d45-49f0-40e3-a911-7987797665eb caee15f605894228b0d2a2d2adf2c41e eee9f0c15dac461d8b393394731233e9 - - default default] Successfully bumped revision number for resource e38f080e-63f0-4db0-a36e-d92aad26d815 (type: security_group_rules) to 0 [pid: 8|app: 0|req: 1244/2481] 10.0.0.47 () {32 vars in 773 bytes} [Tue Jul 14 18:52:55 2026] GET /v2.0/security-groups?tenant_id=670b4d4ca71e44d594c03066a0dd0d07&name=default => generated 2929 bytes in 253 msecs (HTTP/1.1 200) 4 headers in 158 bytes (1 switches on core 0)
2026-07-14 18:52:55.653 7 INFO neutron.db.ovn_revision_numbers_db [None req-c242b6e4-7a44-4e5a-8320-4152e363d74e 2edc46f45a17477b9e85e10c4fc6a000 1d55fdb32cd94dbdb4c8313ca7a64935 - - default default] Successfully bumped revision number for resource 36467976-e086-452b-925e-61995dd3c6a0 (type: networks) to 1 [pid: 8|app: 0|req: 1245/2482] 10.0.0.47 () {32 vars in 739 bytes} [Tue Jul 14 18:52:55 2026] DELETE /v2.0/security-groups/f074420e-1127-495f-af54-75dbf1296523 => generated 0 bytes in 247 msecs (HTTP/1.1 204) 2 headers in 112 bytes (1 switches on core 0)
2026-07-14 18:52:55.872 7 WARNING neutron.scheduler.dhcp_agent_scheduler [None req-c242b6e4-7a44-4e5a-8320-4152e363d74e 2edc46f45a17477b9e85e10c4fc6a000 1d55fdb32cd94dbdb4c8313ca7a64935 - - default default] No more DHCP agents
2026-07-14 18:52:55.874 7 WARNING neutron.api.rpc.agentnotifiers.dhcp_rpc_agent_api [None req-c242b6e4-7a44-4e5a-8320-4152e363d74e 2edc46f45a17477b9e85e10c4fc6a000 1d55fdb32cd94dbdb4c8313ca7a64935 - - default default] Unable to schedule network 36467976-e086-452b-925e-61995dd3c6a0: no agents available; will retry on subsequent port and subnet creation events.
2026-07-14 18:52:55.962 8 INFO neutron.plugins.ml2.drivers.ovn.mech_driver.mech_driver [None req-4909f975-8938-4e68-88b8-b6235cc9d0bc - - - - - -] OVN reports status down for port: cd56bb19-ba21-4a03-8b9f-76f73012d550
2026-07-14 18:52:55.972 7 INFO neutron.db.ovn_revision_numbers_db [None req-c242b6e4-7a44-4e5a-8320-4152e363d74e 2edc46f45a17477b9e85e10c4fc6a000 1d55fdb32cd94dbdb4c8313ca7a64935 - - default default] Successfully bumped revision number for resource cd56bb19-ba21-4a03-8b9f-76f73012d550 (type: ports) to 1 [pid: 7|app: 0|req: 1238/2483] 10.0.0.47 () {34 vars in 669 bytes} [Tue Jul 14 18:52:55 2026] POST /v2.0/networks => generated 670 bytes in 546 msecs (HTTP/1.1 201) 4 headers in 162 bytes (1 switches on core 0)
2026-07-14 18:52:56.068 7 WARNING neutron.db.securitygroups_db [None req-e9909ac9-1549-4749-bf7b-97d64972b8fa caee15f605894228b0d2a2d2adf2c41e eee9f0c15dac461d8b393394731233e9 - - default default] project_id key not found in filters, using tenant_id instead. This support has been deprecated and will be removed in a future release.
2026-07-14 18:52:56.235 8 WARNING neutron.scheduler.dhcp_agent_scheduler [None req-5db0a35b-49fc-48d9-8438-d0a91c008c5f 2edc46f45a17477b9e85e10c4fc6a000 1d55fdb32cd94dbdb4c8313ca7a64935 - - default default] No more DHCP agents
2026-07-14 18:52:56.237 8 WARNING neutron.api.rpc.agentnotifiers.dhcp_rpc_agent_api [None req-5db0a35b-49fc-48d9-8438-d0a91c008c5f 2edc46f45a17477b9e85e10c4fc6a000 1d55fdb32cd94dbdb4c8313ca7a64935 - - default default] Unable to schedule network 36467976-e086-452b-925e-61995dd3c6a0: no agents available; will retry on subsequent port and subnet creation events.
2026-07-14 18:52:56.247 7 INFO neutron.db.ovn_revision_numbers_db [None req-e9909ac9-1549-4749-bf7b-97d64972b8fa caee15f605894228b0d2a2d2adf2c41e eee9f0c15dac461d8b393394731233e9 - - default default] Successfully bumped revision number for resource 3809c815-bde0-4c9e-9855-172d0f04a644 (type: security_groups) to 1
2026-07-14 18:52:56.261 7 INFO neutron.db.ovn_revision_numbers_db [None req-e9909ac9-1549-4749-bf7b-97d64972b8fa caee15f605894228b0d2a2d2adf2c41e eee9f0c15dac461d8b393394731233e9 - - default default] Successfully bumped revision number for resource 5b58c67c-32ab-4d70-bd89-6bb7718d3b31 (type: security_group_rules) to 0
2026-07-14 18:52:56.284 7 INFO neutron.db.ovn_revision_numbers_db [None req-e9909ac9-1549-4749-bf7b-97d64972b8fa caee15f605894228b0d2a2d2adf2c41e eee9f0c15dac461d8b393394731233e9 - - default default] Successfully bumped revision number for resource 5d8bb0d4-ad9a-4668-a792-7372c1feb946 (type: security_group_rules) to 0
2026-07-14 18:52:56.309 7 INFO neutron.db.ovn_revision_numbers_db [None req-e9909ac9-1549-4749-bf7b-97d64972b8fa caee15f605894228b0d2a2d2adf2c41e eee9f0c15dac461d8b393394731233e9 - - default default] Successfully bumped revision number for resource 9fe1466c-426e-4dd1-afad-6b78a05d21ae (type: security_group_rules) to 0
2026-07-14 18:52:56.323 7 INFO neutron.db.ovn_revision_numbers_db [None req-e9909ac9-1549-4749-bf7b-97d64972b8fa caee15f605894228b0d2a2d2adf2c41e eee9f0c15dac461d8b393394731233e9 - - default default] Successfully bumped revision number for resource a0540682-42d3-4fa2-b36c-98dc837f8c10 (type: security_group_rules) to 0 [pid: 7|app: 0|req: 1239/2484] 10.0.0.47 () {32 vars in 773 bytes} [Tue Jul 14 18:52:56 2026] GET /v2.0/security-groups?tenant_id=2cfb4fa6a5034082adb48085da878dd9&name=default => generated 2929 bytes in 317 msecs (HTTP/1.1 200) 4 headers in 158 bytes (1 switches on core 0) [pid: 7|app: 0|req: 1240/2485] 10.0.0.47 () {32 vars in 739 bytes} [Tue Jul 14 18:52:56 2026] DELETE /v2.0/security-groups/3809c815-bde0-4c9e-9855-172d0f04a644 => generated 0 bytes in 202 msecs (HTTP/1.1 204) 2 headers in 112 bytes (1 switches on core 0)
2026-07-14 18:52:56.755 8 INFO neutron.db.ovn_revision_numbers_db [None req-5db0a35b-49fc-48d9-8438-d0a91c008c5f 2edc46f45a17477b9e85e10c4fc6a000 1d55fdb32cd94dbdb4c8313ca7a64935 - - default default] Successfully bumped revision number for resource cd56bb19-ba21-4a03-8b9f-76f73012d550 (type: ports) to 2
2026-07-14 18:52:56.785 8 INFO neutron.db.ovn_revision_numbers_db [None req-5db0a35b-49fc-48d9-8438-d0a91c008c5f 2edc46f45a17477b9e85e10c4fc6a000 1d55fdb32cd94dbdb4c8313ca7a64935 - - default default] Successfully bumped revision number for resource 1c2a8345-93a2-4025-a267-b146e5ee4842 (type: subnets) to 0 [pid: 8|app: 0|req: 1246/2486] 10.0.0.47 () {34 vars in 668 bytes} [Tue Jul 14 18:52:56 2026] POST /v2.0/subnets => generated 629 bytes in 801 msecs (HTTP/1.1 201) 4 headers in 162 bytes (1 switches on core 0)
2026-07-14 18:52:56.920 7 INFO neutron.db.segments_db [None req-098ce96a-93ff-4c07-b721-a33f9c1a5678 2edc46f45a17477b9e85e10c4fc6a000 1d55fdb32cd94dbdb4c8313ca7a64935 - - default default] Added segment e40a19b9-8362-404f-ab20-4da45f2d8abe of type geneve for network 27474992-a09d-494e-bf2f-a174eada873d
2026-07-14 18:52:57.058 7 INFO neutron.db.ovn_revision_numbers_db [None req-098ce96a-93ff-4c07-b721-a33f9c1a5678 2edc46f45a17477b9e85e10c4fc6a000 1d55fdb32cd94dbdb4c8313ca7a64935 - - default default] Successfully bumped revision number for resource 27474992-a09d-494e-bf2f-a174eada873d (type: networks) to 1
2026-07-14 18:52:57.259 7 WARNING neutron.scheduler.dhcp_agent_scheduler [None req-098ce96a-93ff-4c07-b721-a33f9c1a5678 2edc46f45a17477b9e85e10c4fc6a000 1d55fdb32cd94dbdb4c8313ca7a64935 - - default default] No more DHCP agents
2026-07-14 18:52:57.273 7 WARNING neutron.api.rpc.agentnotifiers.dhcp_rpc_agent_api [None req-098ce96a-93ff-4c07-b721-a33f9c1a5678 2edc46f45a17477b9e85e10c4fc6a000 1d55fdb32cd94dbdb4c8313ca7a64935 - - default default] Unable to schedule network 27474992-a09d-494e-bf2f-a174eada873d: no agents available; will retry on subsequent port and subnet creation events.
2026-07-14 18:52:57.337 7 INFO neutron.plugins.ml2.drivers.ovn.mech_driver.mech_driver [None req-c6f2d7bf-f750-4e40-8fe2-07d17e31458d - - - - - -] OVN reports status down for port: 34039ec4-69ab-4c33-83a8-cf0cb6365feb
2026-07-14 18:52:57.388 7 INFO neutron.db.ovn_revision_numbers_db [None req-098ce96a-93ff-4c07-b721-a33f9c1a5678 2edc46f45a17477b9e85e10c4fc6a000 1d55fdb32cd94dbdb4c8313ca7a64935 - - default default] Successfully bumped revision number for resource 34039ec4-69ab-4c33-83a8-cf0cb6365feb (type: ports) to 1 [pid: 7|app: 0|req: 1241/2487] 10.0.0.47 () {34 vars in 669 bytes} [Tue Jul 14 18:52:56 2026] POST /v2.0/networks => generated 669 bytes in 590 msecs (HTTP/1.1 201) 4 headers in 162 bytes (1 switches on core 0)
2026-07-14 18:52:57.571 8 WARNING neutron.scheduler.dhcp_agent_scheduler [None req-4caf5eed-0fe0-44de-9832-5d500121ef47 2edc46f45a17477b9e85e10c4fc6a000 1d55fdb32cd94dbdb4c8313ca7a64935 - - default default] No more DHCP agents
2026-07-14 18:52:57.573 8 WARNING neutron.api.rpc.agentnotifiers.dhcp_rpc_agent_api [None req-4caf5eed-0fe0-44de-9832-5d500121ef47 2edc46f45a17477b9e85e10c4fc6a000 1d55fdb32cd94dbdb4c8313ca7a64935 - - default default] Unable to schedule network 27474992-a09d-494e-bf2f-a174eada873d: no agents available; will retry on subsequent port and subnet creation events.
2026-07-14 18:52:58.018 8 INFO neutron.db.ovn_revision_numbers_db [None req-4caf5eed-0fe0-44de-9832-5d500121ef47 2edc46f45a17477b9e85e10c4fc6a000 1d55fdb32cd94dbdb4c8313ca7a64935 - - default default] Successfully bumped revision number for resource 34039ec4-69ab-4c33-83a8-cf0cb6365feb (type: ports) to 2
2026-07-14 18:52:58.054 8 INFO neutron.db.ovn_revision_numbers_db [None req-4caf5eed-0fe0-44de-9832-5d500121ef47 2edc46f45a17477b9e85e10c4fc6a000 1d55fdb32cd94dbdb4c8313ca7a64935 - - default default] Successfully bumped revision number for resource 7b674e77-4017-4e25-a92a-43612930b8c4 (type: subnets) to 0 [pid: 8|app: 0|req: 1247/2488] 10.0.0.47 () {34 vars in 668 bytes} [Tue Jul 14 18:52:57 2026] POST /v2.0/subnets => generated 629 bytes in 654 msecs (HTTP/1.1 201) 4 headers in 162 bytes (1 switches on core 0)
2026-07-14 18:52:58.181 7 INFO neutron.db.segments_db [None req-6637a67d-d215-42dc-acdd-153c966dc58c 2edc46f45a17477b9e85e10c4fc6a000 1d55fdb32cd94dbdb4c8313ca7a64935 - - default default] Added segment 7698cb9a-76f5-4fc9-bc97-12d40f2f4e97 of type geneve for network 057d5db5-8b39-4959-9f14-ff9774fa0d9c
2026-07-14 18:52:58.311 7 INFO neutron.db.ovn_revision_numbers_db [None req-6637a67d-d215-42dc-acdd-153c966dc58c 2edc46f45a17477b9e85e10c4fc6a000 1d55fdb32cd94dbdb4c8313ca7a64935 - - default default] Successfully bumped revision number for resource 057d5db5-8b39-4959-9f14-ff9774fa0d9c (type: networks) to 1
2026-07-14 18:52:58.489 7 WARNING neutron.scheduler.dhcp_agent_scheduler [None req-6637a67d-d215-42dc-acdd-153c966dc58c 2edc46f45a17477b9e85e10c4fc6a000 1d55fdb32cd94dbdb4c8313ca7a64935 - - default default] No more DHCP agents
2026-07-14 18:52:58.491 7 WARNING neutron.api.rpc.agentnotifiers.dhcp_rpc_agent_api [None req-6637a67d-d215-42dc-acdd-153c966dc58c 2edc46f45a17477b9e85e10c4fc6a000 1d55fdb32cd94dbdb4c8313ca7a64935 - - default default] Unable to schedule network 057d5db5-8b39-4959-9f14-ff9774fa0d9c: no agents available; will retry on subsequent port and subnet creation events.
2026-07-14 18:52:58.554 7 INFO neutron.plugins.ml2.drivers.ovn.mech_driver.mech_driver [None req-c6f2d7bf-f750-4e40-8fe2-07d17e31458d - - - - - -] OVN reports status down for port: cfc4ee34-844f-4dc9-96b6-0fdb5cd4d0cf
2026-07-14 18:52:58.616 7 INFO neutron.db.ovn_revision_numbers_db [None req-6637a67d-d215-42dc-acdd-153c966dc58c 2edc46f45a17477b9e85e10c4fc6a000 1d55fdb32cd94dbdb4c8313ca7a64935 - - default default] Successfully bumped revision number for resource cfc4ee34-844f-4dc9-96b6-0fdb5cd4d0cf (type: ports) to 1 [pid: 7|app: 0|req: 1242/2489] 10.0.0.47 () {34 vars in 669 bytes} [Tue Jul 14 18:52:58 2026] POST /v2.0/networks => generated 669 bytes in 575 msecs (HTTP/1.1 201) 4 headers in 162 bytes (1 switches on core 0)
2026-07-14 18:52:58.836 8 WARNING neutron.scheduler.dhcp_agent_scheduler [None req-08a86822-c2e4-4b1e-aa0e-354455a24a7a 2edc46f45a17477b9e85e10c4fc6a000 1d55fdb32cd94dbdb4c8313ca7a64935 - - default default] No more DHCP agents
2026-07-14 18:52:58.839 8 WARNING neutron.api.rpc.agentnotifiers.dhcp_rpc_agent_api [None req-08a86822-c2e4-4b1e-aa0e-354455a24a7a 2edc46f45a17477b9e85e10c4fc6a000 1d55fdb32cd94dbdb4c8313ca7a64935 - - default default] Unable to schedule network 057d5db5-8b39-4959-9f14-ff9774fa0d9c: no agents available; will retry on subsequent port and subnet creation events.
2026-07-14 18:52:59.282 8 INFO neutron.db.ovn_revision_numbers_db [None req-08a86822-c2e4-4b1e-aa0e-354455a24a7a 2edc46f45a17477b9e85e10c4fc6a000 1d55fdb32cd94dbdb4c8313ca7a64935 - - default default] Successfully bumped revision number for resource cfc4ee34-844f-4dc9-96b6-0fdb5cd4d0cf (type: ports) to 2
2026-07-14 18:52:59.319 8 INFO neutron.db.ovn_revision_numbers_db [None req-08a86822-c2e4-4b1e-aa0e-354455a24a7a 2edc46f45a17477b9e85e10c4fc6a000 1d55fdb32cd94dbdb4c8313ca7a64935 - - default default] Successfully bumped revision number for resource abed5ade-6fba-4099-990a-a0754cf15290 (type: subnets) to 0 [pid: 8|app: 0|req: 1248/2490] 10.0.0.47 () {34 vars in 668 bytes} [Tue Jul 14 18:52:58 2026] POST /v2.0/subnets => generated 629 bytes in 676 msecs (HTTP/1.1 201) 4 headers in 162 bytes (1 switches on core 0) [pid: 7|app: 0|req: 1243/2491] 10.0.0.47 () {34 vars in 750 bytes} [Tue Jul 14 18:52:59 2026] PUT /v2.0/subnets/2a11cd25-85e5-4313-8ced-aa43c936e2c9/tags => generated 17 bytes in 51 msecs (HTTP/1.1 200) 4 headers in 156 bytes (1 switches on core 0) [pid: 8|app: 0|req: 1249/2492] 10.0.0.47 () {34 vars in 750 bytes} [Tue Jul 14 18:52:59 2026] PUT /v2.0/subnets/4d279c81-eb49-4719-b6c7-41c71ae0cf34/tags => generated 25 bytes in 50 msecs (HTTP/1.1 200) 4 headers in 156 bytes (1 switches on core 0) [pid: 7|app: 0|req: 1244/2493] 10.0.0.47 () {34 vars in 750 bytes} [Tue Jul 14 18:52:59 2026] PUT /v2.0/subnets/1c2a8345-93a2-4025-a267-b146e5ee4842/tags => generated 34 bytes in 64 msecs (HTTP/1.1 200) 4 headers in 156 bytes (1 switches on core 0) [pid: 8|app: 0|req: 1250/2494] 10.0.0.47 () {34 vars in 750 bytes} [Tue Jul 14 18:52:59 2026] PUT /v2.0/subnets/7b674e77-4017-4e25-a92a-43612930b8c4/tags => generated 19 bytes in 50 msecs (HTTP/1.1 200) 4 headers in 156 bytes (1 switches on core 0) [pid: 7|app: 0|req: 1245/2495] 10.0.0.47 () {32 vars in 663 bytes} [Tue Jul 14 18:52:59 2026] GET /v2.0/subnets?tags=red => generated 1904 bytes in 45 msecs (HTTP/1.1 200) 4 headers in 158 bytes (1 switches on core 0) [pid: 8|app: 0|req: 1251/2496] 10.0.0.47 () {32 vars in 677 bytes} [Tue Jul 14 18:52:59 2026] GET /v2.0/subnets?tags=red%2Cblue => generated 1283 bytes in 37 msecs (HTTP/1.1 200) 4 headers in 158 bytes (1 switches on core 0) [pid: 7|app: 0|req: 1246/2497] 10.0.0.47 () {32 vars in 673 bytes} [Tue Jul 14 18:52:59 2026] GET /v2.0/subnets?tags-any=blue => generated 1283 bytes in 50 msecs (HTTP/1.1 200) 4 headers in 158 bytes (1 switches on core 0) [pid: 8|app: 0|req: 1252/2498] 10.0.0.47 () {32 vars in 685 bytes} [Tue Jul 14 18:52:59 2026] GET /v2.0/subnets?tags-any=red%2Cblue => generated 1904 bytes in 46 msecs (HTTP/1.1 200) 4 headers in 158 bytes (1 switches on core 0) [pid: 7|app: 0|req: 1247/2499] 10.0.0.47 () {32 vars in 671 bytes} [Tue Jul 14 18:52:59 2026] GET /v2.0/subnets?not-tags=red => generated 1894 bytes in 49 msecs (HTTP/1.1 200) 4 headers in 158 bytes (1 switches on core 0) [pid: 8|app: 0|req: 1253/2500] 10.0.0.47 () {32 vars in 685 bytes} [Tue Jul 14 18:52:59 2026] GET /v2.0/subnets?not-tags=red%2Cblue => generated 2515 bytes in 52 msecs (HTTP/1.1 200) 4 headers in 158 bytes (1 switches on core 0) [pid: 7|app: 0|req: 1248/2501] 10.0.0.47 () {32 vars in 681 bytes} [Tue Jul 14 18:52:59 2026] GET /v2.0/subnets?not-tags-any=blue => generated 2515 bytes in 42 msecs (HTTP/1.1 200) 4 headers in 158 bytes (1 switches on core 0) [pid: 8|app: 0|req: 1254/2502] 10.0.0.47 () {32 vars in 693 bytes} [Tue Jul 14 18:52:59 2026] GET /v2.0/subnets?not-tags-any=red%2Cblue => generated 1894 bytes in 45 msecs (HTTP/1.1 200) 4 headers in 158 bytes (1 switches on core 0) [pid: 7|app: 0|req: 1249/2503] 10.0.0.47 () {32 vars in 723 bytes} [Tue Jul 14 18:52:59 2026] DELETE /v2.0/subnets/2a11cd25-85e5-4313-8ced-aa43c936e2c9 => generated 0 bytes in 198 msecs (HTTP/1.1 204) 3 headers in 131 bytes (1 switches on core 0) [pid: 8|app: 0|req: 1255/2504] 10.0.0.47 () {32 vars in 723 bytes} [Tue Jul 14 18:53:00 2026] DELETE /v2.0/subnets/4d279c81-eb49-4719-b6c7-41c71ae0cf34 => generated 0 bytes in 181 msecs (HTTP/1.1 204) 3 headers in 131 bytes (1 switches on core 0) [pid: 7|app: 0|req: 1250/2505] 10.0.0.47 () {32 vars in 723 bytes} [Tue Jul 14 18:53:00 2026] DELETE /v2.0/subnets/1c2a8345-93a2-4025-a267-b146e5ee4842 => generated 0 bytes in 225 msecs (HTTP/1.1 204) 3 headers in 131 bytes (1 switches on core 0) [pid: 8|app: 0|req: 1256/2506] 10.0.0.47 () {32 vars in 723 bytes} [Tue Jul 14 18:53:00 2026] DELETE /v2.0/subnets/7b674e77-4017-4e25-a92a-43612930b8c4 => generated 0 bytes in 163 msecs (HTTP/1.1 204) 3 headers in 131 bytes (1 switches on core 0) [pid: 7|app: 0|req: 1251/2507] 10.0.0.47 () {32 vars in 723 bytes} [Tue Jul 14 18:53:00 2026] DELETE /v2.0/subnets/abed5ade-6fba-4099-990a-a0754cf15290 => generated 0 bytes in 187 msecs (HTTP/1.1 204) 3 headers in 131 bytes (1 switches on core 0)
2026-07-14 18:53:01.109 8 INFO neutron_taas.services.taas.taas_plugin [None req-2bc89148-68e6-4ba1-885a-d22f9ed7bef6 2edc46f45a17477b9e85e10c4fc6a000 1d55fdb32cd94dbdb4c8313ca7a64935 - - default default] TaaS: Handle Delete Port: 9dcbb417-a93f-4b7f-80d0-c53e66652212
2026-07-14 18:53:01.112 8 INFO neutron_taas.services.taas.tap_mirror_plugin [None req-2bc89148-68e6-4ba1-885a-d22f9ed7bef6 2edc46f45a17477b9e85e10c4fc6a000 1d55fdb32cd94dbdb4c8313ca7a64935 - - default default] Tap Mirror: Handle Delete Port: 9dcbb417-a93f-4b7f-80d0-c53e66652212
2026-07-14 18:53:01.312 8 INFO neutron.services.segments.plugin [-] Segment 2525e684-7c21-4bbf-96f7-3bcf24a5ef73 resource provider aggregate not found
2026-07-14 18:53:01.313 8 INFO neutron.services.segments.plugin [-] Segment 2525e684-7c21-4bbf-96f7-3bcf24a5ef73 resource provider aggregate not found
2026-07-14 18:53:01.335 8 INFO neutron.services.segments.plugin [-] Client error retrieving segment 2525e684-7c21-4bbf-96f7-3bcf24a5ef73 resource provider; error: Placement Client Error (4xx): {"errors": [{"status": 404, "title": "Not Found", "detail": "The resource could not be found.\n\n No resource provider with uuid 2525e684-7c21-4bbf-96f7-3bcf24a5ef73 found for delete ", "request_id": "req-394c5b45-a41c-410e-9746-af80301ba7ff"}]}
2026-07-14 18:53:01.338 8 INFO neutron.services.segments.plugin [-] Client error retrieving segment 2525e684-7c21-4bbf-96f7-3bcf24a5ef73 resource provider; error: Placement Client Error (4xx): {"errors": [{"status": 404, "title": "Not Found", "detail": "The resource could not be found.\n\n No resource provider with uuid 2525e684-7c21-4bbf-96f7-3bcf24a5ef73 found for delete ", "request_id": "req-6a087f71-08da-4f6a-982f-dc66c2214da8"}]} [pid: 8|app: 0|req: 1257/2508] 10.0.0.47 () {32 vars in 725 bytes} [Tue Jul 14 18:53:00 2026] DELETE /v2.0/networks/29883735-ea6a-41fb-911e-add6069d5335 => generated 0 bytes in 403 msecs (HTTP/1.1 204) 3 headers in 131 bytes (1 switches on core 0)
2026-07-14 18:53:01.505 7 INFO neutron_taas.services.taas.taas_plugin [None req-5f1baa53-f652-4f7c-905e-2d53f99fae24 2edc46f45a17477b9e85e10c4fc6a000 1d55fdb32cd94dbdb4c8313ca7a64935 - - default default] TaaS: Handle Delete Port: 8677cf09-231d-4f9f-b427-3782c9bfeea1
2026-07-14 18:53:01.508 7 INFO neutron_taas.services.taas.tap_mirror_plugin [None req-5f1baa53-f652-4f7c-905e-2d53f99fae24 2edc46f45a17477b9e85e10c4fc6a000 1d55fdb32cd94dbdb4c8313ca7a64935 - - default default] Tap Mirror: Handle Delete Port: 8677cf09-231d-4f9f-b427-3782c9bfeea1
2026-07-14 18:53:01.708 7 INFO neutron.services.segments.plugin [-] Segment f9729fc4-8703-4160-94d3-5b4b1017a217 resource provider aggregate not found
2026-07-14 18:53:01.717 7 INFO neutron.services.segments.plugin [-] Segment f9729fc4-8703-4160-94d3-5b4b1017a217 resource provider aggregate not found
2026-07-14 18:53:01.734 7 INFO neutron.services.segments.plugin [-] Client error retrieving segment f9729fc4-8703-4160-94d3-5b4b1017a217 resource provider; error: Placement Client Error (4xx): {"errors": [{"status": 404, "title": "Not Found", "detail": "The resource could not be found.\n\n No resource provider with uuid f9729fc4-8703-4160-94d3-5b4b1017a217 found for delete ", "request_id": "req-e0db1ec3-4f72-4bce-95dd-ac45f2ccf03c"}]}
2026-07-14 18:53:01.739 7 INFO neutron.services.segments.plugin [-] Client error retrieving segment f9729fc4-8703-4160-94d3-5b4b1017a217 resource provider; error: Placement Client Error (4xx): {"errors": [{"status": 404, "title": "Not Found", "detail": "The resource could not be found.\n\n No resource provider with uuid f9729fc4-8703-4160-94d3-5b4b1017a217 found for delete ", "request_id": "req-b666e095-b937-4a27-aa36-5590f2d1af3a"}]} [pid: 7|app: 0|req: 1252/2509] 10.0.0.47 () {32 vars in 725 bytes} [Tue Jul 14 18:53:01 2026] DELETE /v2.0/networks/e56a6f85-5745-496c-8fc9-38adf75b40e8 => generated 0 bytes in 393 msecs (HTTP/1.1 204) 3 headers in 131 bytes (1 switches on core 0)
2026-07-14 18:53:01.907 8 INFO neutron_taas.services.taas.taas_plugin [None req-32ad7530-17ac-4775-a141-799366c369be 2edc46f45a17477b9e85e10c4fc6a000 1d55fdb32cd94dbdb4c8313ca7a64935 - - default default] TaaS: Handle Delete Port: cd56bb19-ba21-4a03-8b9f-76f73012d550
2026-07-14 18:53:01.910 8 INFO neutron_taas.services.taas.tap_mirror_plugin [None req-32ad7530-17ac-4775-a141-799366c369be 2edc46f45a17477b9e85e10c4fc6a000 1d55fdb32cd94dbdb4c8313ca7a64935 - - default default] Tap Mirror: Handle Delete Port: cd56bb19-ba21-4a03-8b9f-76f73012d550 [pid: 8|app: 0|req: 1258/2510] 10.0.0.47 () {32 vars in 725 bytes} [Tue Jul 14 18:53:01 2026] DELETE /v2.0/networks/36467976-e086-452b-925e-61995dd3c6a0 => generated 0 bytes in 425 msecs (HTTP/1.1 204) 3 headers in 131 bytes (1 switches on core 0)
2026-07-14 18:53:02.354 7 INFO neutron_taas.services.taas.taas_plugin [None req-b13a7794-54e6-4c6f-9f65-158db428a5ad 2edc46f45a17477b9e85e10c4fc6a000 1d55fdb32cd94dbdb4c8313ca7a64935 - - default default] TaaS: Handle Delete Port: 34039ec4-69ab-4c33-83a8-cf0cb6365feb
2026-07-14 18:53:02.358 7 INFO neutron_taas.services.taas.tap_mirror_plugin [None req-b13a7794-54e6-4c6f-9f65-158db428a5ad 2edc46f45a17477b9e85e10c4fc6a000 1d55fdb32cd94dbdb4c8313ca7a64935 - - default default] Tap Mirror: Handle Delete Port: 34039ec4-69ab-4c33-83a8-cf0cb6365feb [pid: 7|app: 0|req: 1253/2511] 10.0.0.47 () {32 vars in 725 bytes} [Tue Jul 14 18:53:02 2026] DELETE /v2.0/networks/27474992-a09d-494e-bf2f-a174eada873d => generated 0 bytes in 413 msecs (HTTP/1.1 204) 3 headers in 131 bytes (1 switches on core 0)
2026-07-14 18:53:02.756 8 INFO neutron_taas.services.taas.taas_plugin [None req-d63b7ebc-f751-49f3-bb6d-a7cdfe1402c2 2edc46f45a17477b9e85e10c4fc6a000 1d55fdb32cd94dbdb4c8313ca7a64935 - - default default] TaaS: Handle Delete Port: cfc4ee34-844f-4dc9-96b6-0fdb5cd4d0cf
2026-07-14 18:53:02.760 8 INFO neutron_taas.services.taas.tap_mirror_plugin [None req-d63b7ebc-f751-49f3-bb6d-a7cdfe1402c2 2edc46f45a17477b9e85e10c4fc6a000 1d55fdb32cd94dbdb4c8313ca7a64935 - - default default] Tap Mirror: Handle Delete Port: cfc4ee34-844f-4dc9-96b6-0fdb5cd4d0cf [pid: 8|app: 0|req: 1259/2512] 10.0.0.47 () {32 vars in 725 bytes} [Tue Jul 14 18:53:02 2026] DELETE /v2.0/networks/057d5db5-8b39-4959-9f14-ff9774fa0d9c => generated 0 bytes in 369 msecs (HTTP/1.1 204) 3 headers in 131 bytes (1 switches on core 0)
2026-07-14 18:53:03.355 8 INFO neutron.services.segments.plugin [-] Segment 020084ef-400d-4cbd-bc4c-af3a4d893da3 resource provider aggregate not found
2026-07-14 18:53:03.360 8 INFO neutron.services.segments.plugin [-] Segment 020084ef-400d-4cbd-bc4c-af3a4d893da3 resource provider aggregate not found
