2026-07-14 18:50:35.386 8 INFO neutron.db.ovn_revision_numbers_db [None req-feee4b14-97a4-42f8-8a51-6b34368303aa caee15f605894228b0d2a2d2adf2c41e eee9f0c15dac461d8b393394731233e9 - - default default] Successfully bumped revision number for resource a4ee3fd1-eed1-4ef9-92bc-5a487c3d0e33 (type: security_group_rules) to 0
2026-07-14 18:50:35.405 8 INFO neutron.db.ovn_revision_numbers_db [None req-feee4b14-97a4-42f8-8a51-6b34368303aa caee15f605894228b0d2a2d2adf2c41e eee9f0c15dac461d8b393394731233e9 - - default default] Successfully bumped revision number for resource a5c7b2ad-cd19-4516-b941-c9167fcd7df6 (type: security_group_rules) to 0 [pid: 8|app: 0|req: 693/1452] 10.0.0.47 () {32 vars in 773 bytes} [Tue Jul 14 18:50:34 2026] GET /v2.0/security-groups?tenant_id=1ec0543ff2f242acab963fb4a9b6ec76&name=default => generated 2925 bytes in 486 msecs (HTTP/1.1 200) 4 headers in 158 bytes (1 switches on core 0)
2026-07-14 18:50:35.516 7 INFO neutron.db.ovn_revision_numbers_db [None req-d7c872e5-ff9f-478c-8c58-6d4b26545b49 c2b9d64642a546479576ce2e5a72e441 d753aa7958df4adebf8fc3bac6b89f33 - - default default] Successfully bumped revision number for resource 1cc280b2-2211-409c-bcf5-fcf12acea060 (type: router_ports) to 1 [pid: 7|app: 0|req: 760/1453] 10.0.0.47 () {34 vars in 782 bytes} [Tue Jul 14 18:50:33 2026] PUT /v2.0/routers/c2cc0165-cd27-40d4-957f-3edcaf620814/add_router_interface => generated 310 bytes in 1757 msecs (HTTP/1.1 200) 4 headers in 157 bytes (1 switches on core 0)
2026-07-14 18:50:35.607 8 WARNING neutron.scheduler.dhcp_agent_scheduler [None req-0c634a6f-44cc-47db-82b8-f7bab803eacc 9fc119efb8b84705aad8a2ee551b87dd b357c3ca50c7410fb20d9dbb36b09192 - - default default] No more DHCP agents
2026-07-14 18:50:35.608 8 WARNING neutron.api.rpc.agentnotifiers.dhcp_rpc_agent_api [None req-0c634a6f-44cc-47db-82b8-f7bab803eacc 9fc119efb8b84705aad8a2ee551b87dd b357c3ca50c7410fb20d9dbb36b09192 - - default default] Unable to schedule network 3cb6c1dd-0b80-4668-9537-962a02c1febf: no agents available; will retry on subsequent port and subnet creation events.
2026-07-14 18:50:35.798 7 INFO neutron.db.ovn_revision_numbers_db [None req-09baf00e-7c54-44d7-9995-9d446c90d036 - - - - - -] Successfully bumped revision number for resource 1cc280b2-2211-409c-bcf5-fcf12acea060 (type: ports) to 2 [pid: 7|app: 0|req: 761/1454] 10.0.0.47 () {32 vars in 739 bytes} [Tue Jul 14 18:50:35 2026] DELETE /v2.0/security-groups/626da1ae-b8f9-416a-87e7-5783860d30ff => generated 0 bytes in 367 msecs (HTTP/1.1 204) 2 headers in 112 bytes (1 switches on core 0) [pid: 7|app: 0|req: 762/1455] 10.0.0.47 () {32 vars in 716 bytes} [Tue Jul 14 18:50:35 2026] GET /v2.0/ports/1cc280b2-2211-409c-bcf5-fcf12acea060 => generated 947 bytes in 40 msecs (HTTP/1.1 200) 4 headers in 157 bytes (1 switches on core 0) [pid: 7|app: 0|req: 763/1456] 10.0.0.47 () {32 vars in 716 bytes} [Tue Jul 14 18:50:35 2026] GET /v2.0/ports/1cc280b2-2211-409c-bcf5-fcf12acea060 => generated 947 bytes in 35 msecs (HTTP/1.1 200) 4 headers in 157 bytes (1 switches on core 0)
2026-07-14 18:50:36.027 8 INFO neutron.services.segments.plugin [-] Segment 0c852f99-a8ae-480b-86a3-5c1843e41714 resource provider aggregate not found
2026-07-14 18:50:36.031 8 INFO neutron.services.segments.plugin [-] Segment 0c852f99-a8ae-480b-86a3-5c1843e41714 resource provider aggregate not found
2026-07-14 18:50:36.059 8 INFO neutron.services.segments.plugin [-] Client error retrieving segment 0c852f99-a8ae-480b-86a3-5c1843e41714 resource provider; error: Placement Client Error (4xx): {"errors": [{"status": 404, "title": "Not Found", "detail": "The resource could not be found.\n\n No resource provider with uuid 0c852f99-a8ae-480b-86a3-5c1843e41714 found for delete ", "request_id": "req-f5eb7488-bc4d-455e-b917-61314a7f7874"}]}
2026-07-14 18:50:36.061 8 INFO neutron.services.segments.plugin [-] Client error retrieving segment 0c852f99-a8ae-480b-86a3-5c1843e41714 resource provider; error: Placement Client Error (4xx): {"errors": [{"status": 404, "title": "Not Found", "detail": "The resource could not be found.\n\n No resource provider with uuid 0c852f99-a8ae-480b-86a3-5c1843e41714 found for delete ", "request_id": "req-4326b106-b5cf-40cb-b6d6-359080c6e291"}]}
2026-07-14 18:50:36.105 8 INFO neutron.db.ovn_revision_numbers_db [None req-0c634a6f-44cc-47db-82b8-f7bab803eacc 9fc119efb8b84705aad8a2ee551b87dd b357c3ca50c7410fb20d9dbb36b09192 - - default default] Successfully bumped revision number for resource bfc26387-7521-49d4-8be2-88ce0d1a9a59 (type: ports) to 2
2026-07-14 18:50:36.144 8 INFO neutron.db.ovn_revision_numbers_db [None req-0c634a6f-44cc-47db-82b8-f7bab803eacc 9fc119efb8b84705aad8a2ee551b87dd b357c3ca50c7410fb20d9dbb36b09192 - - default default] Successfully bumped revision number for resource 6b486b64-72b6-4431-b11f-00216d7badd9 (type: subnets) to 0 [pid: 8|app: 0|req: 694/1457] 10.0.0.47 () {34 vars in 668 bytes} [Tue Jul 14 18:50:35 2026] POST /v2.0/subnets => generated 626 bytes in 713 msecs (HTTP/1.1 201) 4 headers in 162 bytes (1 switches on core 0)
2026-07-14 18:50:36.277 7 INFO neutron_taas.services.taas.taas_plugin [None req-9c22ece2-2225-4d3e-9db0-ab11bd2c8fb8 c2b9d64642a546479576ce2e5a72e441 d753aa7958df4adebf8fc3bac6b89f33 - - default default] TaaS: Handle Delete Port: 1cc280b2-2211-409c-bcf5-fcf12acea060
2026-07-14 18:50:36.280 7 INFO neutron_taas.services.taas.tap_mirror_plugin [None req-9c22ece2-2225-4d3e-9db0-ab11bd2c8fb8 c2b9d64642a546479576ce2e5a72e441 d753aa7958df4adebf8fc3bac6b89f33 - - default default] Tap Mirror: Handle Delete Port: 1cc280b2-2211-409c-bcf5-fcf12acea060
2026-07-14 18:50:36.286 8 INFO neutron.db.ovn_revision_numbers_db [None req-a68ff739-9fa1-4c4d-bdf4-416a427f82af 9fc119efb8b84705aad8a2ee551b87dd b357c3ca50c7410fb20d9dbb36b09192 - - default default] Successfully bumped revision number for resource b885e0c4-a482-4c68-8f6b-46b24f22045d (type: routers) to 1 [pid: 8|app: 0|req: 695/1458] 10.0.0.47 () {34 vars in 668 bytes} [Tue Jul 14 18:50:36 2026] POST /v2.0/routers => generated 624 bytes in 137 msecs (HTTP/1.1 201) 4 headers in 162 bytes (1 switches on core 0) [pid: 7|app: 0|req: 764/1459] 10.0.0.47 () {34 vars in 788 bytes} [Tue Jul 14 18:50:35 2026] PUT /v2.0/routers/c2cc0165-cd27-40d4-957f-3edcaf620814/remove_router_interface => generated 310 bytes in 625 msecs (HTTP/1.1 200) 4 headers in 157 bytes (1 switches on core 0)
2026-07-14 18:50:36.604 8 WARNING neutron.scheduler.dhcp_agent_scheduler [None req-56e7f5ab-1b68-4c98-a165-441940bc60c1 9fc119efb8b84705aad8a2ee551b87dd b357c3ca50c7410fb20d9dbb36b09192 - - default default] No more DHCP agents
2026-07-14 18:50:36.605 8 WARNING neutron.api.rpc.agentnotifiers.dhcp_rpc_agent_api [None req-56e7f5ab-1b68-4c98-a165-441940bc60c1 9fc119efb8b84705aad8a2ee551b87dd b357c3ca50c7410fb20d9dbb36b09192 - - default default] Unable to schedule network 3cb6c1dd-0b80-4668-9537-962a02c1febf: no agents available; will retry on subsequent port and subnet creation events. /var/lib/openstack/lib/python3.12/site-packages/pycadf/identifier.py:70: UserWarning: Invalid uuid: neutron. To ensure interoperability, identifiers should be a valid uuid. warnings.warn(('Invalid uuid: %s. To ensure interoperability, '
2026-07-14 18:50:36.696 7 WARNING neutron.db.securitygroups_db [None req-7e1338ae-d5f0-4c5c-92da-d55a1f3f8175 caee15f605894228b0d2a2d2adf2c41e eee9f0c15dac461d8b393394731233e9 - - default default] project_id key not found in filters, using tenant_id instead. This support has been deprecated and will be removed in a future release.
2026-07-14 18:50:36.743 8 INFO neutron.plugins.ml2.drivers.ovn.mech_driver.mech_driver [None req-293fa453-b5eb-4fbf-a277-2010c90c53ca - - - - - -] OVN reports status down for port: 31b613d8-ebc0-437f-8d42-8decf38c12ab
2026-07-14 18:50:36.809 8 INFO neutron.db.ovn_revision_numbers_db [None req-56e7f5ab-1b68-4c98-a165-441940bc60c1 9fc119efb8b84705aad8a2ee551b87dd b357c3ca50c7410fb20d9dbb36b09192 - - default default] Successfully bumped revision number for resource 31b613d8-ebc0-437f-8d42-8decf38c12ab (type: ports) to 1
2026-07-14 18:50:36.863 7 INFO neutron.db.ovn_revision_numbers_db [None req-7e1338ae-d5f0-4c5c-92da-d55a1f3f8175 caee15f605894228b0d2a2d2adf2c41e eee9f0c15dac461d8b393394731233e9 - - default default] Successfully bumped revision number for resource 1cc3a347-28da-4e45-b504-ca9b1fee344f (type: security_groups) to 1 [pid: 8|app: 0|req: 696/1460] 10.0.0.47 () {34 vars in 664 bytes} [Tue Jul 14 18:50:36 2026] POST /v2.0/ports => generated 948 bytes in 555 msecs (HTTP/1.1 201) 4 headers in 162 bytes (1 switches on core 0)
2026-07-14 18:50:36.876 7 INFO neutron.db.ovn_revision_numbers_db [None req-7e1338ae-d5f0-4c5c-92da-d55a1f3f8175 caee15f605894228b0d2a2d2adf2c41e eee9f0c15dac461d8b393394731233e9 - - default default] Successfully bumped revision number for resource 10032225-f3c4-4468-94c8-4c891876fbbb (type: security_group_rules) to 0 /var/lib/openstack/lib/python3.12/site-packages/pycadf/identifier.py:70: UserWarning: Invalid uuid: neutron. To ensure interoperability, identifiers should be a valid uuid. warnings.warn(('Invalid uuid: %s. To ensure interoperability, '
2026-07-14 18:50:36.891 7 INFO neutron.db.ovn_revision_numbers_db [None req-7e1338ae-d5f0-4c5c-92da-d55a1f3f8175 caee15f605894228b0d2a2d2adf2c41e eee9f0c15dac461d8b393394731233e9 - - default default] Successfully bumped revision number for resource 2d4ab993-8ecb-47c7-9216-0d8c911e01b9 (type: security_group_rules) to 0
2026-07-14 18:50:36.906 7 INFO neutron.db.ovn_revision_numbers_db [None req-7e1338ae-d5f0-4c5c-92da-d55a1f3f8175 caee15f605894228b0d2a2d2adf2c41e eee9f0c15dac461d8b393394731233e9 - - default default] Successfully bumped revision number for resource 753879b8-2ae4-4cc4-8ee3-848f9234934d (type: security_group_rules) to 0 [pid: 8|app: 0|req: 697/1461] 10.0.0.47 () {32 vars in 735 bytes} [Tue Jul 14 18:50:36 2026] GET /v2.0/ports?device_id=c2cc0165-cd27-40d4-957f-3edcaf620814 => generated 12 bytes in 44 msecs (HTTP/1.1 200) 4 headers in 156 bytes (1 switches on core 0)
2026-07-14 18:50:36.925 7 INFO neutron.db.ovn_revision_numbers_db [None req-7e1338ae-d5f0-4c5c-92da-d55a1f3f8175 caee15f605894228b0d2a2d2adf2c41e eee9f0c15dac461d8b393394731233e9 - - default default] Successfully bumped revision number for resource ba8c4787-8997-461b-bd4d-f404dacdaef8 (type: security_group_rules) to 0 [pid: 7|app: 0|req: 765/1462] 10.0.0.47 () {32 vars in 773 bytes} [Tue Jul 14 18:50:36 2026] GET /v2.0/security-groups?tenant_id=6d35a435e3b943ecb79d1b554cd4aa8a&name=default => generated 2925 bytes in 376 msecs (HTTP/1.1 200) 4 headers in 158 bytes (1 switches on core 0) [pid: 7|app: 0|req: 766/1463] 10.0.0.47 () {32 vars in 723 bytes} [Tue Jul 14 18:50:36 2026] DELETE /v2.0/routers/c2cc0165-cd27-40d4-957f-3edcaf620814 => generated 0 bytes in 223 msecs (HTTP/1.1 204) 2 headers in 112 bytes (1 switches on core 0) [pid: 7|app: 0|req: 767/1464] 10.0.0.47 () {32 vars in 739 bytes} [Tue Jul 14 18:50:37 2026] DELETE /v2.0/security-groups/1cc3a347-28da-4e45-b504-ca9b1fee344f => generated 0 bytes in 165 msecs (HTTP/1.1 204) 2 headers in 112 bytes (1 switches on core 0)
2026-07-14 18:50:37.490 8 INFO neutron.plugins.ml2.drivers.ovn.mech_driver.mech_driver [None req-293fa453-b5eb-4fbf-a277-2010c90c53ca - - - - - -] OVN reports status up for port: 31b613d8-ebc0-437f-8d42-8decf38c12ab
2026-07-14 18:50:37.516 8 INFO neutron.plugins.ml2.plugin [None req-293fa453-b5eb-4fbf-a277-2010c90c53ca - - - - - -] Attempt 1 to provision port 31b613d8-ebc0-437f-8d42-8decf38c12ab
2026-07-14 18:50:37.539 8 INFO neutron.db.ovn_revision_numbers_db [None req-667e4d76-0731-4fe9-b658-193720e155b2 9fc119efb8b84705aad8a2ee551b87dd b357c3ca50c7410fb20d9dbb36b09192 - - default default] Successfully bumped revision number for resource 31b613d8-ebc0-437f-8d42-8decf38c12ab (type: ports) to 2 [pid: 7|app: 0|req: 770/1467] 10.0.0.47 () {32 vars in 723 bytes} [Tue Jul 14 18:50:37 2026] DELETE /v2.0/subnets/c9533948-3571-4f92-a283-bccb1249af7c => generated 0 bytes in 205 msecs (HTTP/1.1 204) 3 headers in 131 bytes (1 switches on core 0)
2026-07-14 18:50:37.580 7 WARNING neutron.db.securitygroups_db [None req-c36fdafc-52ad-4519-895d-354ee4f02c9a caee15f605894228b0d2a2d2adf2c41e eee9f0c15dac461d8b393394731233e9 - - default default] project_id key not found in filters, using tenant_id instead. This support has been deprecated and will be removed in a future release.
2026-07-14 18:50:37.729 7 INFO neutron.db.ovn_revision_numbers_db [None req-c36fdafc-52ad-4519-895d-354ee4f02c9a caee15f605894228b0d2a2d2adf2c41e eee9f0c15dac461d8b393394731233e9 - - default default] Successfully bumped revision number for resource 2e1c75ac-22ed-4804-85fc-2ba7bc3d4690 (type: security_groups) to 1
2026-07-14 18:50:37.753 7 INFO neutron.db.ovn_revision_numbers_db [None req-c36fdafc-52ad-4519-895d-354ee4f02c9a caee15f605894228b0d2a2d2adf2c41e eee9f0c15dac461d8b393394731233e9 - - default default] Successfully bumped revision number for resource 11ad4b2d-2f50-4639-8c24-2f9741f0a34f (type: security_group_rules) to 0
2026-07-14 18:50:37.776 7 INFO neutron.db.ovn_revision_numbers_db [None req-c36fdafc-52ad-4519-895d-354ee4f02c9a caee15f605894228b0d2a2d2adf2c41e eee9f0c15dac461d8b393394731233e9 - - default default] Successfully bumped revision number for resource 15a85c5a-94b0-42f9-9de5-f9b2d74de60e (type: security_group_rules) to 0
2026-07-14 18:50:37.792 7 INFO neutron.db.ovn_revision_numbers_db [None req-c36fdafc-52ad-4519-895d-354ee4f02c9a caee15f605894228b0d2a2d2adf2c41e eee9f0c15dac461d8b393394731233e9 - - default default] Successfully bumped revision number for resource 87d4f405-993a-43cb-a9b4-905ebb771270 (type: security_group_rules) to 0
2026-07-14 18:50:37.809 7 INFO neutron.db.ovn_revision_numbers_db [None req-c36fdafc-52ad-4519-895d-354ee4f02c9a caee15f605894228b0d2a2d2adf2c41e eee9f0c15dac461d8b393394731233e9 - - default default] Successfully bumped revision number for resource 91c67a78-295d-46cf-aed6-cafe941c9545 (type: security_group_rules) to 0 [pid: 7|app: 0|req: 771/1468] 10.0.0.47 () {32 vars in 773 bytes} [Tue Jul 14 18:50:37 2026] GET /v2.0/security-groups?tenant_id=f811aee5451f4df7b4061630ea8c7cee&name=default => generated 2925 bytes in 278 msecs (HTTP/1.1 200) 4 headers in 158 bytes (1 switches on core 0)
2026-07-14 18:50:37.966 7 INFO neutron_taas.services.taas.taas_plugin [None req-342bfe83-04ca-4eb1-904b-2c72192e4ca7 c2b9d64642a546479576ce2e5a72e441 d753aa7958df4adebf8fc3bac6b89f33 - - default default] TaaS: Handle Delete Port: 7ab07007-5286-49e2-a89d-8f5063f5532d
2026-07-14 18:50:37.969 7 INFO neutron_taas.services.taas.tap_mirror_plugin [None req-342bfe83-04ca-4eb1-904b-2c72192e4ca7 c2b9d64642a546479576ce2e5a72e441 d753aa7958df4adebf8fc3bac6b89f33 - - default default] Tap Mirror: Handle Delete Port: 7ab07007-5286-49e2-a89d-8f5063f5532d
2026-07-14 18:50:38.200 7 INFO neutron.services.segments.plugin [-] Segment ec1edcf9-3b2c-4332-b3a6-2b34e909891f resource provider aggregate not found
2026-07-14 18:50:38.203 7 INFO neutron.services.segments.plugin [-] Segment ec1edcf9-3b2c-4332-b3a6-2b34e909891f resource provider aggregate not found
2026-07-14 18:50:38.226 7 INFO neutron.services.segments.plugin [-] Client error retrieving segment ec1edcf9-3b2c-4332-b3a6-2b34e909891f resource provider; error: Placement Client Error (4xx): {"errors": [{"status": 404, "title": "Not Found", "detail": "The resource could not be found.\n\n No resource provider with uuid ec1edcf9-3b2c-4332-b3a6-2b34e909891f found for delete ", "request_id": "req-8e8b46ec-9648-42c4-90a6-01175589bf8b"}]}
2026-07-14 18:50:38.228 7 INFO neutron.services.segments.plugin [-] Client error retrieving segment ec1edcf9-3b2c-4332-b3a6-2b34e909891f resource provider; error: Placement Client Error (4xx): {"errors": [{"status": 404, "title": "Not Found", "detail": "The resource could not be found.\n\n No resource provider with uuid ec1edcf9-3b2c-4332-b3a6-2b34e909891f found for delete ", "request_id": "req-b3e459fb-6583-41eb-a2a8-b2d5040972b3"}]} [pid: 7|app: 0|req: 772/1469] 10.0.0.47 () {32 vars in 725 bytes} [Tue Jul 14 18:50:37 2026] DELETE /v2.0/networks/8af6738d-e264-490c-ade9-7c91f65e2f52 => generated 0 bytes in 411 msecs (HTTP/1.1 204) 3 headers in 131 bytes (1 switches on core 0)
2026-07-14 18:50:38.333 8 INFO neutron.db.ovn_revision_numbers_db [None req-293fa453-b5eb-4fbf-a277-2010c90c53ca - - - - - -] Successfully bumped revision number for resource 31b613d8-ebc0-437f-8d42-8decf38c12ab (type: ports) to 3 [pid: 7|app: 0|req: 773/1470] 10.0.0.47 () {32 vars in 739 bytes} [Tue Jul 14 18:50:38 2026] DELETE /v2.0/security-groups/2e1c75ac-22ed-4804-85fc-2ba7bc3d4690 => generated 0 bytes in 205 msecs (HTTP/1.1 204) 2 headers in 112 bytes (1 switches on core 0)
2026-07-14 18:50:38.708 8 WARNING neutron.scheduler.dhcp_agent_scheduler [None req-667e4d76-0731-4fe9-b658-193720e155b2 9fc119efb8b84705aad8a2ee551b87dd b357c3ca50c7410fb20d9dbb36b09192 - - default default] No more DHCP agents
2026-07-14 18:50:38.709 8 WARNING neutron.api.rpc.agentnotifiers.dhcp_rpc_agent_api [None req-667e4d76-0731-4fe9-b658-193720e155b2 9fc119efb8b84705aad8a2ee551b87dd b357c3ca50c7410fb20d9dbb36b09192 - - default default] Unable to schedule network 3cb6c1dd-0b80-4668-9537-962a02c1febf: no agents available; will retry on subsequent port and subnet creation events.
2026-07-14 18:50:38.917 7 WARNING neutron.scheduler.dhcp_agent_scheduler [None req-977d14f7-fa05-47d3-aaa8-5e92cdf6e0ec c2b9d64642a546479576ce2e5a72e441 d753aa7958df4adebf8fc3bac6b89f33 - - default default] No more DHCP agents
2026-07-14 18:50:38.919 7 WARNING neutron.api.rpc.agentnotifiers.dhcp_rpc_agent_api [None req-977d14f7-fa05-47d3-aaa8-5e92cdf6e0ec c2b9d64642a546479576ce2e5a72e441 d753aa7958df4adebf8fc3bac6b89f33 - - default default] Unable to schedule network 81b198e0-81c4-4ac8-a936-f06fb28cc479: no agents available; will retry on subsequent port and subnet creation events.
2026-07-14 18:50:38.964 8 INFO neutron.db.ovn_revision_numbers_db [None req-667e4d76-0731-4fe9-b658-193720e155b2 9fc119efb8b84705aad8a2ee551b87dd b357c3ca50c7410fb20d9dbb36b09192 - - default default] Successfully bumped revision number for resource 31b613d8-ebc0-437f-8d42-8decf38c12ab (type: router_ports) to 3 [pid: 8|app: 0|req: 698/1471] 10.0.0.47 () {34 vars in 782 bytes} [Tue Jul 14 18:50:36 2026] PUT /v2.0/routers/b885e0c4-a482-4c68-8f6b-46b24f22045d/add_router_interface => generated 310 bytes in 2059 msecs (HTTP/1.1 200) 4 headers in 157 bytes (1 switches on core 0)
2026-07-14 18:50:39.104 7 INFO neutron.db.ovn_revision_numbers_db [None req-977d14f7-fa05-47d3-aaa8-5e92cdf6e0ec c2b9d64642a546479576ce2e5a72e441 d753aa7958df4adebf8fc3bac6b89f33 - - default default] Successfully bumped revision number for resource fd4ba2c6-ee9c-47e7-b21f-ca98dbac3b17 (type: ports) to 1 /var/lib/openstack/lib/python3.12/site-packages/pycadf/identifier.py:70: UserWarning: Invalid uuid: neutron. To ensure interoperability, identifiers should be a valid uuid. warnings.warn(('Invalid uuid: %s. To ensure interoperability, '
2026-07-14 18:50:39.147 8 WARNING neutron.db.securitygroups_db [None req-7e909362-3613-43aa-bdd3-5844fb941862 caee15f605894228b0d2a2d2adf2c41e eee9f0c15dac461d8b393394731233e9 - - default default] project_id key not found in filters, using tenant_id instead. This support has been deprecated and will be removed in a future release.
2026-07-14 18:50:39.284 8 INFO neutron.db.ovn_revision_numbers_db [None req-7e909362-3613-43aa-bdd3-5844fb941862 caee15f605894228b0d2a2d2adf2c41e eee9f0c15dac461d8b393394731233e9 - - default default] Successfully bumped revision number for resource 99fab489-373b-4145-950b-300cc3e49237 (type: security_groups) to 1
2026-07-14 18:50:39.294 8 INFO neutron.db.ovn_revision_numbers_db [None req-7e909362-3613-43aa-bdd3-5844fb941862 caee15f605894228b0d2a2d2adf2c41e eee9f0c15dac461d8b393394731233e9 - - default default] Successfully bumped revision number for resource 21c47e9b-456d-4a32-8a95-d8bfd42f7018 (type: security_group_rules) to 0
2026-07-14 18:50:39.314 8 INFO neutron.db.ovn_revision_numbers_db [None req-7e909362-3613-43aa-bdd3-5844fb941862 caee15f605894228b0d2a2d2adf2c41e eee9f0c15dac461d8b393394731233e9 - - default default] Successfully bumped revision number for resource 4cb1074e-98bd-4493-8693-27d60dda1beb (type: security_group_rules) to 0
2026-07-14 18:50:39.327 8 INFO neutron.db.ovn_revision_numbers_db [None req-7e909362-3613-43aa-bdd3-5844fb941862 caee15f605894228b0d2a2d2adf2c41e eee9f0c15dac461d8b393394731233e9 - - default default] Successfully bumped revision number for resource 87a9f9db-307c-488b-9d1d-937d1d28a64e (type: security_group_rules) to 0
2026-07-14 18:50:39.339 8 INFO neutron.db.ovn_revision_numbers_db [None req-7e909362-3613-43aa-bdd3-5844fb941862 caee15f605894228b0d2a2d2adf2c41e eee9f0c15dac461d8b393394731233e9 - - default default] Successfully bumped revision number for resource cc1b7a61-ee4c-49e4-a1fd-dc16a5b0f149 (type: security_group_rules) to 0 [pid: 8|app: 0|req: 699/1472] 10.0.0.47 () {32 vars in 773 bytes} [Tue Jul 14 18:50:38 2026] GET /v2.0/security-groups?tenant_id=a5d6436e0e0c4e3d9f4b6608f77ad62f&name=default => generated 2925 bytes in 408 msecs (HTTP/1.1 200) 4 headers in 158 bytes (1 switches on core 0) [pid: 8|app: 0|req: 700/1473] 10.0.0.47 () {32 vars in 716 bytes} [Tue Jul 14 18:50:39 2026] GET /v2.0/ports/31b613d8-ebc0-437f-8d42-8decf38c12ab => generated 1010 bytes in 36 msecs (HTTP/1.1 200) 4 headers in 158 bytes (1 switches on core 0) [pid: 8|app: 0|req: 701/1474] 10.0.0.47 () {32 vars in 739 bytes} [Tue Jul 14 18:50:39 2026] DELETE /v2.0/security-groups/99fab489-373b-4145-950b-300cc3e49237 => generated 0 bytes in 192 msecs (HTTP/1.1 204) 2 headers in 112 bytes (1 switches on core 0)
2026-07-14 18:50:39.787 7 INFO neutron.db.ovn_revision_numbers_db [None req-977d14f7-fa05-47d3-aaa8-5e92cdf6e0ec c2b9d64642a546479576ce2e5a72e441 d753aa7958df4adebf8fc3bac6b89f33 - - default default] Successfully bumped revision number for resource fd4ba2c6-ee9c-47e7-b21f-ca98dbac3b17 (type: router_ports) to 1
2026-07-14 18:50:39.867 7 INFO neutron.db.ovn_revision_numbers_db [None req-977d14f7-fa05-47d3-aaa8-5e92cdf6e0ec c2b9d64642a546479576ce2e5a72e441 d753aa7958df4adebf8fc3bac6b89f33 - - default default] Successfully bumped revision number for resource 4e8cb404-8a4d-4872-b9fe-399ea9857bf9 (type: routers) to 2 [pid: 7|app: 0|req: 774/1475] 10.0.0.47 () {34 vars in 668 bytes} [Tue Jul 14 18:50:38 2026] POST /v2.0/routers => generated 973 bytes in 1417 msecs (HTTP/1.1 201) 4 headers in 162 bytes (1 switches on core 0)
2026-07-14 18:50:39.909 8 INFO neutron_taas.services.taas.taas_plugin [None req-d1b15071-b90d-445c-a89c-a21de1c50b00 9fc119efb8b84705aad8a2ee551b87dd b357c3ca50c7410fb20d9dbb36b09192 - - default default] TaaS: Handle Delete Port: 31b613d8-ebc0-437f-8d42-8decf38c12ab
2026-07-14 18:50:39.912 8 INFO neutron_taas.services.taas.tap_mirror_plugin [None req-d1b15071-b90d-445c-a89c-a21de1c50b00 9fc119efb8b84705aad8a2ee551b87dd b357c3ca50c7410fb20d9dbb36b09192 - - default default] Tap Mirror: Handle Delete Port: 31b613d8-ebc0-437f-8d42-8decf38c12ab [pid: 7|app: 0|req: 775/1476] 10.0.0.47 () {32 vars in 720 bytes} [Tue Jul 14 18:50:39 2026] GET /v2.0/routers/4e8cb404-8a4d-4872-b9fe-399ea9857bf9 => generated 979 bytes in 65 msecs (HTTP/1.1 200) 4 headers in 157 bytes (1 switches on core 0) [pid: 7|app: 0|req: 776/1477] 10.0.0.47 () {32 vars in 646 bytes} [Tue Jul 14 18:50:39 2026] GET /v2.0/routers => generated 982 bytes in 107 msecs (HTTP/1.1 200) 4 headers in 157 bytes (1 switches on core 0) [pid: 8|app: 0|req: 702/1478] 10.0.0.47 () {34 vars in 788 bytes} [Tue Jul 14 18:50:39 2026] PUT /v2.0/routers/b885e0c4-a482-4c68-8f6b-46b24f22045d/remove_router_interface => generated 310 bytes in 628 msecs (HTTP/1.1 200) 4 headers in 157 bytes (1 switches on core 0) /var/lib/openstack/lib/python3.12/site-packages/pycadf/identifier.py:70: UserWarning: Invalid uuid: neutron. To ensure interoperability, identifiers should be a valid uuid. warnings.warn(('Invalid uuid: %s. To ensure interoperability, '
2026-07-14 18:50:40.297 8 INFO neutron.api.v2.resource [None req-79191a29-9001-4648-8621-2a9383a4ab96 9fc119efb8b84705aad8a2ee551b87dd b357c3ca50c7410fb20d9dbb36b09192 - - default default] remove_router_interface failed (client error): The resource could not be found. [pid: 8|app: 0|req: 703/1479] 10.0.0.47 () {34 vars in 788 bytes} [Tue Jul 14 18:50:40 2026] PUT /v2.0/routers/b885e0c4-a482-4c68-8f6b-46b24f22045d/remove_router_interface => generated 197 bytes in 57 msecs (HTTP/1.1 404) 4 headers in 164 bytes (1 switches on core 0) [pid: 8|app: 0|req: 704/1480] 10.0.0.47 () {32 vars in 735 bytes} [Tue Jul 14 18:50:40 2026] GET /v2.0/ports?device_id=b885e0c4-a482-4c68-8f6b-46b24f22045d => generated 12 bytes in 18 msecs (HTTP/1.1 200) 4 headers in 156 bytes (1 switches on core 0) [pid: 8|app: 0|req: 705/1481] 10.0.0.47 () {32 vars in 723 bytes} [Tue Jul 14 18:50:40 2026] DELETE /v2.0/routers/b885e0c4-a482-4c68-8f6b-46b24f22045d => generated 0 bytes in 169 msecs (HTTP/1.1 204) 2 headers in 112 bytes (1 switches on core 0) [pid: 8|app: 0|req: 706/1482] 10.0.0.47 () {32 vars in 723 bytes} [Tue Jul 14 18:50:40 2026] DELETE /v2.0/subnets/6b486b64-72b6-4431-b11f-00216d7badd9 => generated 0 bytes in 166 msecs (HTTP/1.1 204) 3 headers in 131 bytes (1 switches on core 0)
2026-07-14 18:50:40.771 8 INFO neutron_taas.services.taas.taas_plugin [None req-6ef46fd2-170a-4a59-b77b-6de79d52c65e 9fc119efb8b84705aad8a2ee551b87dd b357c3ca50c7410fb20d9dbb36b09192 - - default default] TaaS: Handle Delete Port: bfc26387-7521-49d4-8be2-88ce0d1a9a59
2026-07-14 18:50:40.774 8 INFO neutron_taas.services.taas.tap_mirror_plugin [None req-6ef46fd2-170a-4a59-b77b-6de79d52c65e 9fc119efb8b84705aad8a2ee551b87dd b357c3ca50c7410fb20d9dbb36b09192 - - default default] Tap Mirror: Handle Delete Port: bfc26387-7521-49d4-8be2-88ce0d1a9a59
2026-07-14 18:50:40.783 7 WARNING neutron.plugins.ml2.drivers.ovn.mech_driver.ovsdb.ovn_client [None req-c18d96e8-294b-42ea-a8be-7fdf4eae82ac - - - - - -] No port found with ID 1cc280b2-2211-409c-bcf5-fcf12acea060: RuntimeError: No port found with ID 1cc280b2-2211-409c-bcf5-fcf12acea060
2026-07-14 18:50:40.823 7 INFO neutron.plugins.ml2.drivers.ovn.mech_driver.mech_driver [None req-c18d96e8-294b-42ea-a8be-7fdf4eae82ac - - - - - -] OVN reports status down for port: fd4ba2c6-ee9c-47e7-b21f-ca98dbac3b17
2026-07-14 18:50:40.945 8 INFO neutron.services.segments.plugin [-] Segment c7ae68d8-18cc-4c56-a41a-545f1ebcfd6a resource provider aggregate not found
2026-07-14 18:50:40.950 8 INFO neutron.services.segments.plugin [-] Segment c7ae68d8-18cc-4c56-a41a-545f1ebcfd6a resource provider aggregate not found
2026-07-14 18:50:40.967 8 INFO neutron.services.segments.plugin [-] Client error retrieving segment c7ae68d8-18cc-4c56-a41a-545f1ebcfd6a resource provider; error: Placement Client Error (4xx): {"errors": [{"status": 404, "title": "Not Found", "detail": "The resource could not be found.\n\n No resource provider with uuid c7ae68d8-18cc-4c56-a41a-545f1ebcfd6a found for delete ", "request_id": "req-d55ed70c-2ff9-4c29-88ad-5c47b5b134d6"}]}
2026-07-14 18:50:40.975 8 INFO neutron.services.segments.plugin [-] Client error retrieving segment c7ae68d8-18cc-4c56-a41a-545f1ebcfd6a resource provider; error: Placement Client Error (4xx): {"errors": [{"status": 404, "title": "Not Found", "detail": "The resource could not be found.\n\n No resource provider with uuid c7ae68d8-18cc-4c56-a41a-545f1ebcfd6a found for delete ", "request_id": "req-d055febb-518d-4218-9f26-d3b50c57394c"}]}
2026-07-14 18:50:40.987 7 WARNING neutron.plugins.ml2.drivers.ovn.mech_driver.ovsdb.ovn_client [None req-c18d96e8-294b-42ea-a8be-7fdf4eae82ac - - - - - -] Logical_Switch_Port fd4ba2c6-ee9c-47e7-b21f-ca98dbac3b17 host information not removed, the port state is up
2026-07-14 18:50:40.990 7 INFO neutron.plugins.ml2.drivers.ovn.mech_driver.mech_driver [None req-c18d96e8-294b-42ea-a8be-7fdf4eae82ac - - - - - -] OVN reports status up for port: fd4ba2c6-ee9c-47e7-b21f-ca98dbac3b17 [pid: 8|app: 0|req: 707/1483] 10.0.0.47 () {32 vars in 725 bytes} [Tue Jul 14 18:50:40 2026] DELETE /v2.0/networks/3cb6c1dd-0b80-4668-9537-962a02c1febf => generated 0 bytes in 327 msecs (HTTP/1.1 204) 3 headers in 131 bytes (1 switches on core 0)
2026-07-14 18:50:41.011 7 INFO neutron.plugins.ml2.plugin [None req-c18d96e8-294b-42ea-a8be-7fdf4eae82ac - - - - - -] Attempt 1 to provision port fd4ba2c6-ee9c-47e7-b21f-ca98dbac3b17
2026-07-14 18:50:41.046 7 INFO neutron.db.ovn_revision_numbers_db [None req-5a7d3b03-7076-4a66-9075-74da1dd75527 c2b9d64642a546479576ce2e5a72e441 d753aa7958df4adebf8fc3bac6b89f33 - - default default] Successfully bumped revision number for resource 4e8cb404-8a4d-4872-b9fe-399ea9857bf9 (type: routers) to 3 [pid: 7|app: 0|req: 777/1484] 10.0.0.47 () {34 vars in 740 bytes} [Tue Jul 14 18:50:40 2026] PUT /v2.0/routers/4e8cb404-8a4d-4872-b9fe-399ea9857bf9 => generated 986 bytes in 984 msecs (HTTP/1.1 200) 4 headers in 157 bytes (1 switches on core 0)
2026-07-14 18:50:41.109 8 INFO neutron.db.segments_db [None req-e7465f4d-634c-42dc-8f27-8b0444232387 9fc119efb8b84705aad8a2ee551b87dd b357c3ca50c7410fb20d9dbb36b09192 - - default default] Added segment c5c3bbee-0187-4f16-b700-b40367c49c55 of type geneve for network 74454a66-9cf7-41f8-b643-4df4e10ba2b2 [pid: 7|app: 0|req: 778/1485] 10.0.0.47 () {32 vars in 720 bytes} [Tue Jul 14 18:50:41 2026] GET /v2.0/routers/4e8cb404-8a4d-4872-b9fe-399ea9857bf9 => generated 986 bytes in 116 msecs (HTTP/1.1 200) 4 headers in 157 bytes (1 switches on core 0) [pid: 7|app: 0|req: 779/1486] 10.0.0.47 () {32 vars in 735 bytes} [Tue Jul 14 18:50:41 2026] GET /v2.0/ports?device_id=4e8cb404-8a4d-4872-b9fe-399ea9857bf9 => generated 12 bytes in 19 msecs (HTTP/1.1 200) 4 headers in 156 bytes (1 switches on core 0)
2026-07-14 18:50:41.218 8 INFO neutron.db.ovn_revision_numbers_db [None req-e7465f4d-634c-42dc-8f27-8b0444232387 9fc119efb8b84705aad8a2ee551b87dd b357c3ca50c7410fb20d9dbb36b09192 - - default default] Successfully bumped revision number for resource 74454a66-9cf7-41f8-b643-4df4e10ba2b2 (type: networks) to 1
2026-07-14 18:50:41.408 8 WARNING neutron.scheduler.dhcp_agent_scheduler [None req-e7465f4d-634c-42dc-8f27-8b0444232387 9fc119efb8b84705aad8a2ee551b87dd b357c3ca50c7410fb20d9dbb36b09192 - - default default] No more DHCP agents
2026-07-14 18:50:41.410 8 WARNING neutron.api.rpc.agentnotifiers.dhcp_rpc_agent_api [None req-e7465f4d-634c-42dc-8f27-8b0444232387 9fc119efb8b84705aad8a2ee551b87dd b357c3ca50c7410fb20d9dbb36b09192 - - default default] Unable to schedule network 74454a66-9cf7-41f8-b643-4df4e10ba2b2: no agents available; will retry on subsequent port and subnet creation events.
2026-07-14 18:50:41.509 8 INFO neutron.db.ovn_revision_numbers_db [None req-e7465f4d-634c-42dc-8f27-8b0444232387 9fc119efb8b84705aad8a2ee551b87dd b357c3ca50c7410fb20d9dbb36b09192 - - default default] Successfully bumped revision number for resource 95908b00-611f-4a79-b24c-8ec4ac142ec6 (type: ports) to 1 [pid: 8|app: 0|req: 708/1487] 10.0.0.47 () {34 vars in 669 bytes} [Tue Jul 14 18:50:41 2026] POST /v2.0/networks => generated 667 bytes in 522 msecs (HTTP/1.1 201) 4 headers in 162 bytes (1 switches on core 0)
2026-07-14 18:50:41.542 7 INFO neutron_taas.services.taas.taas_plugin [None req-1e655f3a-800d-4c91-9e2c-4fd2e8e10e5c c2b9d64642a546479576ce2e5a72e441 d753aa7958df4adebf8fc3bac6b89f33 - - default default] TaaS: Handle Delete Port: fd4ba2c6-ee9c-47e7-b21f-ca98dbac3b17
2026-07-14 18:50:41.545 7 INFO neutron_taas.services.taas.tap_mirror_plugin [None req-1e655f3a-800d-4c91-9e2c-4fd2e8e10e5c c2b9d64642a546479576ce2e5a72e441 d753aa7958df4adebf8fc3bac6b89f33 - - default default] Tap Mirror: Handle Delete Port: fd4ba2c6-ee9c-47e7-b21f-ca98dbac3b17
2026-07-14 18:50:41.705 8 WARNING neutron.scheduler.dhcp_agent_scheduler [None req-45a851d4-bd36-4ad8-a9e3-c5df7d405ec7 9fc119efb8b84705aad8a2ee551b87dd b357c3ca50c7410fb20d9dbb36b09192 - - default default] No more DHCP agents
2026-07-14 18:50:41.707 8 WARNING neutron.api.rpc.agentnotifiers.dhcp_rpc_agent_api [None req-45a851d4-bd36-4ad8-a9e3-c5df7d405ec7 9fc119efb8b84705aad8a2ee551b87dd b357c3ca50c7410fb20d9dbb36b09192 - - default default] Unable to schedule network 74454a66-9cf7-41f8-b643-4df4e10ba2b2: no agents available; will retry on subsequent port and subnet creation events. [pid: 7|app: 0|req: 780/1488] 10.0.0.47 () {32 vars in 723 bytes} [Tue Jul 14 18:50:41 2026] DELETE /v2.0/routers/4e8cb404-8a4d-4872-b9fe-399ea9857bf9 => generated 0 bytes in 735 msecs (HTTP/1.1 204) 2 headers in 112 bytes (1 switches on core 0) [pid: 7|app: 0|req: 781/1489] 10.0.0.47 () {32 vars in 735 bytes} [Tue Jul 14 18:50:41 2026] GET /v2.0/ports?device_id=4e8cb404-8a4d-4872-b9fe-399ea9857bf9 => generated 12 bytes in 16 msecs (HTTP/1.1 200) 4 headers in 156 bytes (1 switches on core 0)
2026-07-14 18:50:41.995 7 INFO neutron.api.v2.resource [None req-8a976321-7c8b-4c8a-b22c-f51283009644 c2b9d64642a546479576ce2e5a72e441 d753aa7958df4adebf8fc3bac6b89f33 - - default default] delete failed (client error): The resource could not be found. [pid: 7|app: 0|req: 782/1490] 10.0.0.47 () {32 vars in 723 bytes} [Tue Jul 14 18:50:41 2026] DELETE /v2.0/routers/4e8cb404-8a4d-4872-b9fe-399ea9857bf9 => generated 135 bytes in 17 msecs (HTTP/1.1 404) 4 headers in 164 bytes (1 switches on core 0) [pid: 7|app: 0|req: 783/1491] 10.0.0.47 () {32 vars in 735 bytes} [Tue Jul 14 18:50:41 2026] GET /v2.0/ports?device_id=c2cc0165-cd27-40d4-957f-3edcaf620814 => generated 12 bytes in 15 msecs (HTTP/1.1 200) 4 headers in 156 bytes (1 switches on core 0)
2026-07-14 18:50:42.041 7 INFO neutron.api.v2.resource [None req-c68df0aa-56d4-456b-9255-ba39699e45b1 c2b9d64642a546479576ce2e5a72e441 d753aa7958df4adebf8fc3bac6b89f33 - - default default] delete failed (client error): The resource could not be found. [pid: 7|app: 0|req: 784/1492] 10.0.0.47 () {32 vars in 723 bytes} [Tue Jul 14 18:50:42 2026] DELETE /v2.0/routers/c2cc0165-cd27-40d4-957f-3edcaf620814 => generated 135 bytes in 23 msecs (HTTP/1.1 404) 4 headers in 164 bytes (1 switches on core 0)
2026-07-14 18:50:42.069 7 INFO neutron.pecan_wsgi.hooks.translation [None req-6ed066b4-cc97-43b8-9fb6-840826ad318a c2b9d64642a546479576ce2e5a72e441 d753aa7958df4adebf8fc3bac6b89f33 - - default default] DELETE failed (client error): The resource could not be found. [pid: 7|app: 0|req: 785/1493] 10.0.0.47 () {32 vars in 723 bytes} [Tue Jul 14 18:50:42 2026] DELETE /v2.0/subnets/c9533948-3571-4f92-a283-bccb1249af7c => generated 136 bytes in 17 msecs (HTTP/1.1 404) 4 headers in 164 bytes (1 switches on core 0) [pid: 7|app: 0|req: 786/1494] 10.0.0.47 () {32 vars in 735 bytes} [Tue Jul 14 18:50:42 2026] GET /v2.0/ports?device_id=b4c9774b-e8ce-4666-b064-1fb845c3d62b => generated 12 bytes in 35 msecs (HTTP/1.1 200) 4 headers in 156 bytes (1 switches on core 0)
2026-07-14 18:50:42.137 7 INFO neutron.api.v2.resource [None req-db35d7d7-1c3f-4c36-8f33-55fee5b9d6da c2b9d64642a546479576ce2e5a72e441 d753aa7958df4adebf8fc3bac6b89f33 - - default default] delete failed (client error): The resource could not be found. [pid: 7|app: 0|req: 787/1495] 10.0.0.47 () {32 vars in 723 bytes} [Tue Jul 14 18:50:42 2026] DELETE /v2.0/routers/b4c9774b-e8ce-4666-b064-1fb845c3d62b => generated 135 bytes in 21 msecs (HTTP/1.1 404) 4 headers in 164 bytes (1 switches on core 0)
2026-07-14 18:50:42.160 7 INFO neutron.pecan_wsgi.hooks.translation [None req-4791557b-3c2c-4ead-a351-b2167eb4fadf c2b9d64642a546479576ce2e5a72e441 d753aa7958df4adebf8fc3bac6b89f33 - - default default] DELETE failed (client error): The resource could not be found. [pid: 7|app: 0|req: 788/1496] 10.0.0.47 () {32 vars in 723 bytes} [Tue Jul 14 18:50:42 2026] DELETE /v2.0/subnets/ca82dadc-01a3-4652-9e07-2efe91521812 => generated 136 bytes in 19 msecs (HTTP/1.1 404) 4 headers in 164 bytes (1 switches on core 0) [pid: 7|app: 0|req: 789/1497] 10.0.0.47 () {32 vars in 735 bytes} [Tue Jul 14 18:50:42 2026] GET /v2.0/ports?device_id=c09e6c33-7a43-4b2a-a49a-b4eb13bdd6f5 => generated 12 bytes in 32 msecs (HTTP/1.1 200) 4 headers in 156 bytes (1 switches on core 0)
2026-07-14 18:50:42.220 8 INFO neutron.db.ovn_revision_numbers_db [None req-45a851d4-bd36-4ad8-a9e3-c5df7d405ec7 9fc119efb8b84705aad8a2ee551b87dd b357c3ca50c7410fb20d9dbb36b09192 - - default default] Successfully bumped revision number for resource 95908b00-611f-4a79-b24c-8ec4ac142ec6 (type: ports) to 2
2026-07-14 18:50:42.225 7 INFO neutron.api.v2.resource [None req-e77bf4fa-bdfa-489c-b5ae-edb4219cd9d7 c2b9d64642a546479576ce2e5a72e441 d753aa7958df4adebf8fc3bac6b89f33 - - default default] delete failed (client error): The resource could not be found. [pid: 7|app: 0|req: 790/1498] 10.0.0.47 () {32 vars in 723 bytes} [Tue Jul 14 18:50:42 2026] DELETE /v2.0/routers/c09e6c33-7a43-4b2a-a49a-b4eb13bdd6f5 => generated 135 bytes in 21 msecs (HTTP/1.1 404) 4 headers in 164 bytes (1 switches on core 0)
2026-07-14 18:50:42.246 7 INFO neutron.pecan_wsgi.hooks.translation [None req-4d24e1fb-5cc6-4557-ba1b-3d95ab563b4f c2b9d64642a546479576ce2e5a72e441 d753aa7958df4adebf8fc3bac6b89f33 - - default default] DELETE failed (client error): The resource could not be found. [pid: 7|app: 0|req: 791/1499] 10.0.0.47 () {32 vars in 723 bytes} [Tue Jul 14 18:50:42 2026] DELETE /v2.0/subnets/b5317a86-da8a-451d-8830-79e24099edcf => generated 136 bytes in 18 msecs (HTTP/1.1 404) 4 headers in 164 bytes (1 switches on core 0)
2026-07-14 18:50:42.257 8 INFO neutron.db.ovn_revision_numbers_db [None req-45a851d4-bd36-4ad8-a9e3-c5df7d405ec7 9fc119efb8b84705aad8a2ee551b87dd b357c3ca50c7410fb20d9dbb36b09192 - - default default] Successfully bumped revision number for resource 2dfbab50-a0ed-4f9b-a1d5-3d0d9dfd8c8d (type: subnets) to 0
2026-07-14 18:50:42.267 7 INFO neutron.pecan_wsgi.hooks.translation [None req-7d66a207-1cc1-4624-9d93-be82f4a10617 c2b9d64642a546479576ce2e5a72e441 d753aa7958df4adebf8fc3bac6b89f33 - - default default] DELETE failed (client error): The resource could not be found. [pid: 7|app: 0|req: 792/1500] 10.0.0.47 () {32 vars in 723 bytes} [Tue Jul 14 18:50:42 2026] DELETE /v2.0/subnets/55dae604-b5fd-4792-9aaf-d32ee38841ad => generated 136 bytes in 17 msecs (HTTP/1.1 404) 4 headers in 164 bytes (1 switches on core 0) [pid: 8|app: 0|req: 709/1501] 10.0.0.47 () {34 vars in 668 bytes} [Tue Jul 14 18:50:41 2026] POST /v2.0/subnets => generated 626 bytes in 738 msecs (HTTP/1.1 201) 4 headers in 162 bytes (1 switches on core 0)
2026-07-14 18:50:42.414 7 INFO neutron.db.ovn_revision_numbers_db [None req-9098530e-ebb5-4a44-8e01-8af273163c25 9fc119efb8b84705aad8a2ee551b87dd b357c3ca50c7410fb20d9dbb36b09192 - - default default] Successfully bumped revision number for resource 530b3ee0-403b-4df1-a542-e1abd9c08630 (type: routers) to 1 [pid: 7|app: 0|req: 793/1502] 10.0.0.47 () {34 vars in 668 bytes} [Tue Jul 14 18:50:42 2026] POST /v2.0/routers => generated 624 bytes in 152 msecs (HTTP/1.1 201) 4 headers in 162 bytes (1 switches on core 0)
2026-07-14 18:50:42.722 7 WARNING neutron.db.securitygroups_db [None req-b2766eb4-ffcf-42d3-ab5b-227e96afea15 caee15f605894228b0d2a2d2adf2c41e eee9f0c15dac461d8b393394731233e9 - - default default] project_id key not found in filters, using tenant_id instead. This support has been deprecated and will be removed in a future release.
2026-07-14 18:50:42.786 8 WARNING neutron.scheduler.dhcp_agent_scheduler [None req-570e049b-6b77-4c35-8629-f55cd73cdd1e 9fc119efb8b84705aad8a2ee551b87dd b357c3ca50c7410fb20d9dbb36b09192 - - default default] No more DHCP agents
2026-07-14 18:50:42.788 8 WARNING neutron.api.rpc.agentnotifiers.dhcp_rpc_agent_api [None req-570e049b-6b77-4c35-8629-f55cd73cdd1e 9fc119efb8b84705aad8a2ee551b87dd b357c3ca50c7410fb20d9dbb36b09192 - - default default] Unable to schedule network 74454a66-9cf7-41f8-b643-4df4e10ba2b2: no agents available; will retry on subsequent port and subnet creation events.
2026-07-14 18:50:42.871 7 INFO neutron.db.ovn_revision_numbers_db [None req-b2766eb4-ffcf-42d3-ab5b-227e96afea15 caee15f605894228b0d2a2d2adf2c41e eee9f0c15dac461d8b393394731233e9 - - default default] Successfully bumped revision number for resource 41e35978-b0ac-467e-b3e1-899aa395448e (type: security_groups) to 1
2026-07-14 18:50:42.892 7 INFO neutron.db.ovn_revision_numbers_db [None req-b2766eb4-ffcf-42d3-ab5b-227e96afea15 caee15f605894228b0d2a2d2adf2c41e eee9f0c15dac461d8b393394731233e9 - - default default] Successfully bumped revision number for resource 5af240f1-6d0e-467e-aacb-8a8083147fd0 (type: security_group_rules) to 0
2026-07-14 18:50:42.906 7 INFO neutron.db.ovn_revision_numbers_db [None req-b2766eb4-ffcf-42d3-ab5b-227e96afea15 caee15f605894228b0d2a2d2adf2c41e eee9f0c15dac461d8b393394731233e9 - - default default] Successfully bumped revision number for resource 8756b2be-a9fc-44b4-90e9-9c32b5d068f1 (type: security_group_rules) to 0
2026-07-14 18:50:42.937 7 INFO neutron.db.ovn_revision_numbers_db [None req-b2766eb4-ffcf-42d3-ab5b-227e96afea15 caee15f605894228b0d2a2d2adf2c41e eee9f0c15dac461d8b393394731233e9 - - default default] Successfully bumped revision number for resource c34e09a8-ebe0-4118-956b-704f789ef960 (type: security_group_rules) to 0
2026-07-14 18:50:42.956 7 INFO neutron.db.ovn_revision_numbers_db [None req-b2766eb4-ffcf-42d3-ab5b-227e96afea15 caee15f605894228b0d2a2d2adf2c41e eee9f0c15dac461d8b393394731233e9 - - default default] Successfully bumped revision number for resource caa10da4-74a8-46d5-8de9-ee5f389c4b2a (type: security_group_rules) to 0
2026-07-14 18:50:42.966 8 INFO neutron.db.ovn_revision_numbers_db [None req-570e049b-6b77-4c35-8629-f55cd73cdd1e 9fc119efb8b84705aad8a2ee551b87dd b357c3ca50c7410fb20d9dbb36b09192 - - default default] Successfully bumped revision number for resource 95b70e1e-b310-4c16-aefd-9c69c8dd4a17 (type: ports) to 1 [pid: 7|app: 0|req: 794/1503] 10.0.0.47 () {32 vars in 773 bytes} [Tue Jul 14 18:50:42 2026] GET /v2.0/security-groups?tenant_id=99cdc2e03883470a93311417f9f1fbef&name=default => generated 2925 bytes in 488 msecs (HTTP/1.1 200) 4 headers in 158 bytes (1 switches on core 0)
2026-07-14 18:50:43.041 7 WARNING neutron.db.securitygroups_db [None req-e67ac6d5-7f1c-45df-bac1-42f2ede1ab9f caee15f605894228b0d2a2d2adf2c41e eee9f0c15dac461d8b393394731233e9 - - default default] project_id key not found in filters, using tenant_id instead. This support has been deprecated and will be removed in a future release. [pid: 7|app: 0|req: 795/1504] 10.0.0.47 () {32 vars in 773 bytes} [Tue Jul 14 18:50:42 2026] GET /v2.0/security-groups?tenant_id=d753aa7958df4adebf8fc3bac6b89f33&name=default => generated 2925 bytes in 77 msecs (HTTP/1.1 200) 4 headers in 158 bytes (1 switches on core 0) [pid: 7|app: 0|req: 796/1505] 10.0.0.47 () {32 vars in 739 bytes} [Tue Jul 14 18:50:43 2026] DELETE /v2.0/security-groups/41e35978-b0ac-467e-b3e1-899aa395448e => generated 0 bytes in 198 msecs (HTTP/1.1 204) 2 headers in 112 bytes (1 switches on core 0) [pid: 7|app: 0|req: 797/1506] 10.0.0.47 () {32 vars in 739 bytes} [Tue Jul 14 18:50:43 2026] DELETE /v2.0/security-groups/3e0f8fa1-3534-4fcb-839d-8b177bcbadca => generated 0 bytes in 185 msecs (HTTP/1.1 204) 2 headers in 112 bytes (1 switches on core 0)
2026-07-14 18:50:43.459 7 WARNING neutron.db.securitygroups_db [None req-529b8fd4-5475-438a-9123-8a229814c27f caee15f605894228b0d2a2d2adf2c41e eee9f0c15dac461d8b393394731233e9 - - default default] project_id key not found in filters, using tenant_id instead. This support has been deprecated and will be removed in a future release.
2026-07-14 18:50:43.604 7 INFO neutron.db.ovn_revision_numbers_db [None req-529b8fd4-5475-438a-9123-8a229814c27f caee15f605894228b0d2a2d2adf2c41e eee9f0c15dac461d8b393394731233e9 - - default default] Successfully bumped revision number for resource 4dbb0a4d-24e9-44b6-92df-3e11304e9889 (type: security_groups) to 1
2026-07-14 18:50:43.622 7 INFO neutron.db.ovn_revision_numbers_db [None req-529b8fd4-5475-438a-9123-8a229814c27f caee15f605894228b0d2a2d2adf2c41e eee9f0c15dac461d8b393394731233e9 - - default default] Successfully bumped revision number for resource 09725f8b-6223-4936-af4f-2c89bf778c92 (type: security_group_rules) to 0
2026-07-14 18:50:43.639 7 INFO neutron.db.ovn_revision_numbers_db [None req-529b8fd4-5475-438a-9123-8a229814c27f caee15f605894228b0d2a2d2adf2c41e eee9f0c15dac461d8b393394731233e9 - - default default] Successfully bumped revision number for resource 5736b058-65db-45c2-84dc-d42eb761b9f0 (type: security_group_rules) to 0
2026-07-14 18:50:43.650 7 INFO neutron.db.ovn_revision_numbers_db [None req-529b8fd4-5475-438a-9123-8a229814c27f caee15f605894228b0d2a2d2adf2c41e eee9f0c15dac461d8b393394731233e9 - - default default] Successfully bumped revision number for resource 9f9c2a0e-924b-4cb3-8f00-31a1c2b5b8ff (type: security_group_rules) to 0
2026-07-14 18:50:43.666 7 INFO neutron.db.ovn_revision_numbers_db [None req-529b8fd4-5475-438a-9123-8a229814c27f caee15f605894228b0d2a2d2adf2c41e eee9f0c15dac461d8b393394731233e9 - - default default] Successfully bumped revision number for resource d96b5cba-b72b-49c9-8829-dcabb17c4430 (type: security_group_rules) to 0 [pid: 7|app: 0|req: 798/1507] 10.0.0.47 () {32 vars in 773 bytes} [Tue Jul 14 18:50:43 2026] GET /v2.0/security-groups?tenant_id=6d7037ff8dfb4e90a2ac56e744431741&name=default => generated 2925 bytes in 253 msecs (HTTP/1.1 200) 4 headers in 158 bytes (1 switches on core 0) [pid: 7|app: 0|req: 799/1508] 10.0.0.47 () {32 vars in 739 bytes} [Tue Jul 14 18:50:43 2026] DELETE /v2.0/security-groups/4dbb0a4d-24e9-44b6-92df-3e11304e9889 => generated 0 bytes in 160 msecs (HTTP/1.1 204) 2 headers in 112 bytes (1 switches on core 0)
2026-07-14 18:50:44.051 8 WARNING neutron.plugins.ml2.drivers.ovn.mech_driver.ovsdb.ovn_client [None req-3d7fd712-63ba-419e-9b63-916693a38db4 - - - - - -] No port found with ID 31b613d8-ebc0-437f-8d42-8decf38c12ab: RuntimeError: No port found with ID 31b613d8-ebc0-437f-8d42-8decf38c12ab
2026-07-14 18:50:44.172 8 INFO neutron.plugins.ml2.drivers.ovn.mech_driver.mech_driver [None req-3d7fd712-63ba-419e-9b63-916693a38db4 - - - - - -] OVN reports status down for port: 95908b00-611f-4a79-b24c-8ec4ac142ec6
2026-07-14 18:50:44.692 8 WARNING neutron.scheduler.dhcp_agent_scheduler [None req-570e049b-6b77-4c35-8629-f55cd73cdd1e 9fc119efb8b84705aad8a2ee551b87dd b357c3ca50c7410fb20d9dbb36b09192 - - default default] No more DHCP agents
2026-07-14 18:50:44.693 8 WARNING neutron.api.rpc.agentnotifiers.dhcp_rpc_agent_api [None req-570e049b-6b77-4c35-8629-f55cd73cdd1e 9fc119efb8b84705aad8a2ee551b87dd b357c3ca50c7410fb20d9dbb36b09192 - - default default] Unable to schedule network 74454a66-9cf7-41f8-b643-4df4e10ba2b2: no agents available; will retry on subsequent port and subnet creation events.
2026-07-14 18:50:44.880 8 INFO neutron.db.ovn_revision_numbers_db [None req-570e049b-6b77-4c35-8629-f55cd73cdd1e 9fc119efb8b84705aad8a2ee551b87dd b357c3ca50c7410fb20d9dbb36b09192 - - default default] Successfully bumped revision number for resource 95b70e1e-b310-4c16-aefd-9c69c8dd4a17 (type: router_ports) to 1 [pid: 8|app: 0|req: 710/1509] 10.0.0.47 () {34 vars in 782 bytes} [Tue Jul 14 18:50:42 2026] PUT /v2.0/routers/530b3ee0-403b-4df1-a542-e1abd9c08630/add_router_interface => generated 310 bytes in 2449 msecs (HTTP/1.1 200) 4 headers in 157 bytes (1 switches on core 0) [pid: 7|app: 0|req: 800/1510] 10.0.0.47 () {32 vars in 716 bytes} [Tue Jul 14 18:50:44 2026] GET /v2.0/ports/95b70e1e-b310-4c16-aefd-9c69c8dd4a17 => generated 941 bytes in 90 msecs (HTTP/1.1 200) 4 headers in 157 bytes (1 switches on core 0) [pid: 8|app: 0|req: 711/1511] 10.0.0.47 () {32 vars in 716 bytes} [Tue Jul 14 18:50:44 2026] GET /v2.0/ports/95b70e1e-b310-4c16-aefd-9c69c8dd4a17 => generated 941 bytes in 52 msecs (HTTP/1.1 200) 4 headers in 157 bytes (1 switches on core 0)
2026-07-14 18:50:45.778 7 INFO neutron.db.ovn_revision_numbers_db [None req-505a7cd7-e96b-4a9d-959b-f6e47daa6c41 52d2553167f84671a9812961cb381d19 d3a5ec9ebd794646a757d68e6a668c98 - - default default] Successfully bumped revision number for resource d1632f0d-acb8-4a8f-9ba9-e6922592c692 (type: security_groups) to 1
2026-07-14 18:50:45.789 7 INFO neutron.db.ovn_revision_numbers_db [None req-505a7cd7-e96b-4a9d-959b-f6e47daa6c41 52d2553167f84671a9812961cb381d19 d3a5ec9ebd794646a757d68e6a668c98 - - default default] Successfully bumped revision number for resource 024d7ba3-f077-4d19-9b99-1570f0cc8528 (type: security_group_rules) to 0
2026-07-14 18:50:45.803 7 INFO neutron.db.ovn_revision_numbers_db [None req-505a7cd7-e96b-4a9d-959b-f6e47daa6c41 52d2553167f84671a9812961cb381d19 d3a5ec9ebd794646a757d68e6a668c98 - - default default] Successfully bumped revision number for resource 888044e1-aedb-493f-80e7-9923fb6aa433 (type: security_group_rules) to 0
2026-07-14 18:50:45.819 7 INFO neutron.db.ovn_revision_numbers_db [None req-505a7cd7-e96b-4a9d-959b-f6e47daa6c41 52d2553167f84671a9812961cb381d19 d3a5ec9ebd794646a757d68e6a668c98 - - default default] Successfully bumped revision number for resource 96346f19-ca9c-43bf-be62-cfe5ec2cc9d5 (type: security_group_rules) to 0
2026-07-14 18:50:45.836 7 INFO neutron.db.ovn_revision_numbers_db [None req-505a7cd7-e96b-4a9d-959b-f6e47daa6c41 52d2553167f84671a9812961cb381d19 d3a5ec9ebd794646a757d68e6a668c98 - - default default] Successfully bumped revision number for resource fed64271-edb0-4845-87c5-3f85d5f14d80 (type: security_group_rules) to 0
2026-07-14 18:50:45.979 7 INFO neutron.db.ovn_revision_numbers_db [None req-505a7cd7-e96b-4a9d-959b-f6e47daa6c41 52d2553167f84671a9812961cb381d19 d3a5ec9ebd794646a757d68e6a668c98 - - default default] Successfully bumped revision number for resource a410030d-b9ff-4ffe-a5b3-aca1467c2b98 (type: security_groups) to 1
