2026-07-14 18:52:20.188 8 INFO neutron_taas.services.taas.tap_mirror_plugin [None req-64074b82-5756-470d-b821-bef716d72618 2db05e3f09494601a3089a75f660d4cc 6b517a6ac6f44d05802d82c98fec5177 - - default default] Tap Mirror: Handle Delete Port: e5afa8ab-ab73-472c-9602-53c34daa60ee [pid: 7|app: 0|req: 1085/2151] 10.0.0.47 () {32 vars in 739 bytes} [Tue Jul 14 18:52:19 2026] DELETE /v2.0/security-groups/5ad7c8b3-dca9-40b6-964a-7ca59bb10300 => generated 0 bytes in 321 msecs (HTTP/1.1 204) 2 headers in 112 bytes (1 switches on core 0) [pid: 7|app: 0|req: 1086/2152] 10.0.0.115 () {28 vars in 591 bytes} [Tue Jul 14 18:52:20 2026] GET /v2.0/subnetpools => generated 19 bytes in 8 msecs (HTTP/1.1 200) 4 headers in 156 bytes (1 switches on core 0)
2026-07-14 18:52:20.393 8 INFO neutron.services.segments.plugin [-] Segment 97b901f0-d581-49dd-8ce3-9647538a6812 resource provider aggregate not found
2026-07-14 18:52:20.396 8 INFO neutron.services.segments.plugin [-] Segment 97b901f0-d581-49dd-8ce3-9647538a6812 resource provider aggregate not found
2026-07-14 18:52:20.413 8 INFO neutron.services.segments.plugin [-] Client error retrieving segment 97b901f0-d581-49dd-8ce3-9647538a6812 resource provider; error: Placement Client Error (4xx): {"errors": [{"status": 404, "title": "Not Found", "detail": "The resource could not be found.\n\n No resource provider with uuid 97b901f0-d581-49dd-8ce3-9647538a6812 found for delete ", "request_id": "req-6f80c43f-45bb-4347-8a0c-00175e71826a"}]}
2026-07-14 18:52:20.413 8 INFO neutron.services.segments.plugin [-] Client error retrieving segment 97b901f0-d581-49dd-8ce3-9647538a6812 resource provider; error: Placement Client Error (4xx): {"errors": [{"status": 404, "title": "Not Found", "detail": "The resource could not be found.\n\n No resource provider with uuid 97b901f0-d581-49dd-8ce3-9647538a6812 found for delete ", "request_id": "req-d4340406-2ba0-42b0-bf77-264fdcef9ca0"}]} [pid: 8|app: 0|req: 1067/2153] 10.0.0.47 () {32 vars in 725 bytes} [Tue Jul 14 18:52:20 2026] DELETE /v2.0/networks/5ba7b137-c6cb-4255-9ede-97a461126ceb => generated 0 bytes in 437 msecs (HTTP/1.1 204) 3 headers in 131 bytes (1 switches on core 0)
2026-07-14 18:52:20.450 8 WARNING neutron.db.securitygroups_db [None req-d99b3e59-7bc1-428c-b9c1-af3604e66afb caee15f605894228b0d2a2d2adf2c41e eee9f0c15dac461d8b393394731233e9 - - default default] project_id key not found in filters, using tenant_id instead. This support has been deprecated and will be removed in a future release. [pid: 8|app: 0|req: 1068/2154] 10.0.0.47 () {32 vars in 773 bytes} [Tue Jul 14 18:52:20 2026] GET /v2.0/security-groups?tenant_id=17435ac3022d4207b1d78e8ca4528462&name=default => generated 2925 bytes in 28 msecs (HTTP/1.1 200) 4 headers in 158 bytes (1 switches on core 0) [pid: 8|app: 0|req: 1069/2155] 10.0.0.47 () {32 vars in 739 bytes} [Tue Jul 14 18:52:20 2026] DELETE /v2.0/security-groups/8ad01828-739a-4947-8b0d-f8b2a0ccce92 => generated 0 bytes in 176 msecs (HTTP/1.1 204) 2 headers in 112 bytes (1 switches on core 0)
2026-07-14 18:52:20.840 7 WARNING neutron.scheduler.dhcp_agent_scheduler [None req-22582d5c-e979-4877-bfe8-ac04a4328886 4cf4f76707064e328ead9ca21903bf40 47d7ed4cbc594873afff24f237644199 - - default default] No more DHCP agents
2026-07-14 18:52:20.842 7 WARNING neutron.api.rpc.agentnotifiers.dhcp_rpc_agent_api [None req-22582d5c-e979-4877-bfe8-ac04a4328886 4cf4f76707064e328ead9ca21903bf40 47d7ed4cbc594873afff24f237644199 - - default default] Unable to schedule network 93ca865e-0e09-4699-bff5-cbe140f67f98: no agents available; will retry on subsequent port and subnet creation events.
2026-07-14 18:52:20.999 7 INFO neutron.db.ovn_revision_numbers_db [None req-22582d5c-e979-4877-bfe8-ac04a4328886 4cf4f76707064e328ead9ca21903bf40 47d7ed4cbc594873afff24f237644199 - - default default] Successfully bumped revision number for resource db879aef-99b0-4826-860f-aa78d6dfd871 (type: ports) to 1
2026-07-14 18:52:21.605 8 WARNING neutron.db.securitygroups_db [None req-e0d90240-f665-40d0-8eaa-b84e26011541 caee15f605894228b0d2a2d2adf2c41e eee9f0c15dac461d8b393394731233e9 - - default default] project_id key not found in filters, using tenant_id instead. This support has been deprecated and will be removed in a future release.
2026-07-14 18:52:21.731 8 INFO neutron.db.ovn_revision_numbers_db [None req-e0d90240-f665-40d0-8eaa-b84e26011541 caee15f605894228b0d2a2d2adf2c41e eee9f0c15dac461d8b393394731233e9 - - default default] Successfully bumped revision number for resource 97bc9bcc-60d9-4f38-9f9b-2824422266c6 (type: security_groups) to 1
2026-07-14 18:52:21.743 8 INFO neutron.db.ovn_revision_numbers_db [None req-e0d90240-f665-40d0-8eaa-b84e26011541 caee15f605894228b0d2a2d2adf2c41e eee9f0c15dac461d8b393394731233e9 - - default default] Successfully bumped revision number for resource 01fdc051-72f9-4dc8-a196-0e230dfb2f7a (type: security_group_rules) to 0
2026-07-14 18:52:21.757 8 INFO neutron.db.ovn_revision_numbers_db [None req-e0d90240-f665-40d0-8eaa-b84e26011541 caee15f605894228b0d2a2d2adf2c41e eee9f0c15dac461d8b393394731233e9 - - default default] Successfully bumped revision number for resource 5bf240ae-da77-4f7c-b48e-cb13a652d612 (type: security_group_rules) to 0
2026-07-14 18:52:21.777 8 INFO neutron.db.ovn_revision_numbers_db [None req-e0d90240-f665-40d0-8eaa-b84e26011541 caee15f605894228b0d2a2d2adf2c41e eee9f0c15dac461d8b393394731233e9 - - default default] Successfully bumped revision number for resource 69b158ff-ff01-4945-908e-afd8a1059f1d (type: security_group_rules) to 0
2026-07-14 18:52:21.792 8 INFO neutron.db.ovn_revision_numbers_db [None req-e0d90240-f665-40d0-8eaa-b84e26011541 caee15f605894228b0d2a2d2adf2c41e eee9f0c15dac461d8b393394731233e9 - - default default] Successfully bumped revision number for resource 837c861c-1684-49de-b314-7b2cc6b593f3 (type: security_group_rules) to 0 [pid: 8|app: 0|req: 1070/2156] 10.0.0.47 () {32 vars in 773 bytes} [Tue Jul 14 18:52:21 2026] GET /v2.0/security-groups?tenant_id=4b0a1b1f1f4f43e8a95b88fed6cf5834&name=default => generated 2925 bytes in 459 msecs (HTTP/1.1 200) 4 headers in 158 bytes (1 switches on core 0)
2026-07-14 18:52:21.857 7 WARNING neutron.scheduler.dhcp_agent_scheduler [None req-22582d5c-e979-4877-bfe8-ac04a4328886 4cf4f76707064e328ead9ca21903bf40 47d7ed4cbc594873afff24f237644199 - - default default] No more DHCP agents
2026-07-14 18:52:21.859 7 WARNING neutron.api.rpc.agentnotifiers.dhcp_rpc_agent_api [None req-22582d5c-e979-4877-bfe8-ac04a4328886 4cf4f76707064e328ead9ca21903bf40 47d7ed4cbc594873afff24f237644199 - - default default] Unable to schedule network 93ca865e-0e09-4699-bff5-cbe140f67f98: no agents available; will retry on subsequent port and subnet creation events. [pid: 8|app: 0|req: 1071/2157] 10.0.0.47 () {32 vars in 739 bytes} [Tue Jul 14 18:52:21 2026] DELETE /v2.0/security-groups/97bc9bcc-60d9-4f38-9f9b-2824422266c6 => generated 0 bytes in 237 msecs (HTTP/1.1 204) 2 headers in 112 bytes (1 switches on core 0)
2026-07-14 18:52:22.241 7 INFO neutron.db.ovn_revision_numbers_db [None req-22582d5c-e979-4877-bfe8-ac04a4328886 4cf4f76707064e328ead9ca21903bf40 47d7ed4cbc594873afff24f237644199 - - default default] Successfully bumped revision number for resource db879aef-99b0-4826-860f-aa78d6dfd871 (type: router_ports) to 1 [pid: 7|app: 0|req: 1087/2158] 10.0.0.47 () {34 vars in 782 bytes} [Tue Jul 14 18:52:20 2026] PUT /v2.0/routers/8c6c6532-e36d-4b75-91d6-66177f8892b8/add_router_interface => generated 310 bytes in 1992 msecs (HTTP/1.1 200) 4 headers in 157 bytes (1 switches on core 0)
2026-07-14 18:52:22.254 7 WARNING neutron.db.securitygroups_db [None req-48f94fe0-25f6-43a1-b3dd-3a75bd16c991 caee15f605894228b0d2a2d2adf2c41e eee9f0c15dac461d8b393394731233e9 - - default default] project_id key not found in filters, using tenant_id instead. This support has been deprecated and will be removed in a future release.
2026-07-14 18:52:22.392 7 INFO neutron.db.ovn_revision_numbers_db [None req-48f94fe0-25f6-43a1-b3dd-3a75bd16c991 caee15f605894228b0d2a2d2adf2c41e eee9f0c15dac461d8b393394731233e9 - - default default] Successfully bumped revision number for resource f6105698-ac49-4a09-a688-168e75f4db1e (type: security_groups) to 1 [pid: 8|app: 0|req: 1072/2161] 10.0.0.47 () {34 vars in 677 bytes} [Tue Jul 14 18:52:22 2026] POST /v2.0/qos/policies => generated 359 bytes in 279 msecs (HTTP/1.1 201) 4 headers in 162 bytes (1 switches on core 0)
2026-07-14 18:52:22.409 7 INFO neutron.db.ovn_revision_numbers_db [None req-48f94fe0-25f6-43a1-b3dd-3a75bd16c991 caee15f605894228b0d2a2d2adf2c41e eee9f0c15dac461d8b393394731233e9 - - default default] Successfully bumped revision number for resource 26d3f542-41ca-497d-96c1-d1337a1aed87 (type: security_group_rules) to 0
2026-07-14 18:52:22.422 7 INFO neutron.db.ovn_revision_numbers_db [None req-48f94fe0-25f6-43a1-b3dd-3a75bd16c991 caee15f605894228b0d2a2d2adf2c41e eee9f0c15dac461d8b393394731233e9 - - default default] Successfully bumped revision number for resource 8f42a7b2-c84a-4084-bd2b-e7e666b61744 (type: security_group_rules) to 0
2026-07-14 18:52:22.441 7 INFO neutron.db.ovn_revision_numbers_db [None req-48f94fe0-25f6-43a1-b3dd-3a75bd16c991 caee15f605894228b0d2a2d2adf2c41e eee9f0c15dac461d8b393394731233e9 - - default default] Successfully bumped revision number for resource c34c96ae-08a8-4da5-a866-737b6bf6d92f (type: security_group_rules) to 0
2026-07-14 18:52:22.473 7 INFO neutron.db.ovn_revision_numbers_db [None req-48f94fe0-25f6-43a1-b3dd-3a75bd16c991 caee15f605894228b0d2a2d2adf2c41e eee9f0c15dac461d8b393394731233e9 - - default default] Successfully bumped revision number for resource fff91a0d-d38a-4f83-80c4-09305772811c (type: security_group_rules) to 0
2026-07-14 18:52:22.525 8 INFO neutron.db.ovn_revision_numbers_db [None req-cd46c091-5dc7-436c-9a47-c89e3ab314d8 4cf4f76707064e328ead9ca21903bf40 47d7ed4cbc594873afff24f237644199 - - default default] Successfully bumped revision number for resource 53ae73c9-6c9f-4cb2-9ac4-c4a73490259a (type: security_groups) to 1 [pid: 7|app: 0|req: 1090/2162] 10.0.0.47 () {32 vars in 773 bytes} [Tue Jul 14 18:52:22 2026] GET /v2.0/security-groups?tenant_id=69542f647a744d33bf45200cb825ba74&name=default => generated 2925 bytes in 284 msecs (HTTP/1.1 200) 4 headers in 158 bytes (1 switches on core 0)
2026-07-14 18:52:22.547 8 INFO neutron.db.ovn_revision_numbers_db [None req-cd46c091-5dc7-436c-9a47-c89e3ab314d8 4cf4f76707064e328ead9ca21903bf40 47d7ed4cbc594873afff24f237644199 - - default default] Successfully bumped revision number for resource 463d445d-09f4-4b3f-9ab0-26883fbf3b0b (type: security_group_rules) to 0
2026-07-14 18:52:22.560 8 INFO neutron.db.ovn_revision_numbers_db [None req-cd46c091-5dc7-436c-9a47-c89e3ab314d8 4cf4f76707064e328ead9ca21903bf40 47d7ed4cbc594873afff24f237644199 - - default default] Successfully bumped revision number for resource aa5e0990-2906-4d47-9be7-1e9580f5a077 (type: security_group_rules) to 0
2026-07-14 18:52:22.585 7 WARNING tagging [None req-9315690d-504f-49c1-8229-f09f47d30928 78eb07e02fc9487ba57e35b43e1434a2 4c0223e587564abda42458736a7f3df8 - - default default] project_id key not found in request, using tenant_id instead. This support has been deprecated and will be removed in a future release. [pid: 8|app: 0|req: 1073/2163] 10.0.0.47 () {34 vars in 683 bytes} [Tue Jul 14 18:52:22 2026] POST /v2.0/security-groups => generated 1628 bytes in 212 msecs (HTTP/1.1 201) 4 headers in 163 bytes (1 switches on core 0) [pid: 7|app: 0|req: 1091/2164] 10.0.0.47 () {34 vars in 752 bytes} [Tue Jul 14 18:52:22 2026] PUT /v2.0/policies/b823324a-ad15-441a-b6fe-391be2034bf0/tags => generated 25 bytes in 75 msecs (HTTP/1.1 200) 4 headers in 156 bytes (1 switches on core 0)
2026-07-14 18:52:22.723 7 INFO neutron.db.ovn_revision_numbers_db [None req-8148b412-29af-4a97-9e61-f8940d6092bd 4cf4f76707064e328ead9ca21903bf40 47d7ed4cbc594873afff24f237644199 - - default default] Successfully bumped revision number for resource bfafcfb4-a9d7-4a60-9cfc-8ee22a51b730 (type: security_group_rules) to 0 [pid: 7|app: 0|req: 1092/2165] 10.0.0.47 () {34 vars in 694 bytes} [Tue Jul 14 18:52:22 2026] POST /v2.0/security-group-rules => generated 597 bytes in 148 msecs (HTTP/1.1 201) 4 headers in 162 bytes (1 switches on core 0) [pid: 8|app: 0|req: 1074/2166] 10.0.0.47 () {32 vars in 739 bytes} [Tue Jul 14 18:52:22 2026] DELETE /v2.0/security-groups/f6105698-ac49-4a09-a688-168e75f4db1e => generated 0 bytes in 168 msecs (HTTP/1.1 204) 2 headers in 112 bytes (1 switches on core 0)
2026-07-14 18:52:22.784 7 WARNING tagging [None req-2bfd1413-431f-4c28-8396-a1d7d342a218 78eb07e02fc9487ba57e35b43e1434a2 4c0223e587564abda42458736a7f3df8 - - default default] project_id key not found in request, using tenant_id instead. This support has been deprecated and will be removed in a future release. [pid: 7|app: 0|req: 1093/2167] 10.0.0.47 () {32 vars in 732 bytes} [Tue Jul 14 18:52:22 2026] GET /v2.0/policies/b823324a-ad15-441a-b6fe-391be2034bf0/tags => generated 25 bytes in 33 msecs (HTTP/1.1 200) 4 headers in 156 bytes (1 switches on core 0)
2026-07-14 18:52:22.821 7 WARNING tagging [None req-3abbabdf-bb1d-4db7-8249-54b9863e83fd 78eb07e02fc9487ba57e35b43e1434a2 4c0223e587564abda42458736a7f3df8 - - default default] project_id key not found in request, using tenant_id instead. This support has been deprecated and will be removed in a future release. [pid: 7|app: 0|req: 1094/2168] 10.0.0.47 () {34 vars in 763 bytes} [Tue Jul 14 18:52:22 2026] PUT /v2.0/policies/b823324a-ad15-441a-b6fe-391be2034bf0/tags/green => generated 4 bytes in 49 msecs (HTTP/1.1 201) 4 headers in 160 bytes (1 switches on core 0)
2026-07-14 18:52:22.885 7 WARNING tagging [None req-ba34d932-4aff-40a1-a83c-0d2c502ff18d 78eb07e02fc9487ba57e35b43e1434a2 4c0223e587564abda42458736a7f3df8 - - default default] project_id key not found in request, using tenant_id instead. This support has been deprecated and will be removed in a future release. [pid: 7|app: 0|req: 1095/2169] 10.0.0.47 () {32 vars in 732 bytes} [Tue Jul 14 18:52:22 2026] GET /v2.0/policies/b823324a-ad15-441a-b6fe-391be2034bf0/tags => generated 34 bytes in 38 msecs (HTTP/1.1 200) 4 headers in 156 bytes (1 switches on core 0)
2026-07-14 18:52:22.898 7 WARNING neutron.db.securitygroups_db [None req-e449910b-d6c0-4e2e-b1c8-112f74865919 caee15f605894228b0d2a2d2adf2c41e eee9f0c15dac461d8b393394731233e9 - - default default] project_id key not found in filters, using tenant_id instead. This support has been deprecated and will be removed in a future release.
2026-07-14 18:52:22.908 8 INFO neutron.db.ovn_revision_numbers_db [None req-4569c106-4f89-462a-8078-7f796abb68ac 4cf4f76707064e328ead9ca21903bf40 47d7ed4cbc594873afff24f237644199 - - default default] Successfully bumped revision number for resource 55d40b5b-76dc-459a-a320-2aa1a26d1c84 (type: security_group_rules) to 0 [pid: 7|app: 0|req: 1096/2170] 10.0.0.47 () {32 vars in 773 bytes} [Tue Jul 14 18:52:22 2026] GET /v2.0/security-groups?tenant_id=6b517a6ac6f44d05802d82c98fec5177&name=default => generated 2925 bytes in 30 msecs (HTTP/1.1 200) 4 headers in 158 bytes (1 switches on core 0) [pid: 8|app: 0|req: 1075/2171] 10.0.0.47 () {34 vars in 694 bytes} [Tue Jul 14 18:52:22 2026] POST /v2.0/security-group-rules => generated 597 bytes in 171 msecs (HTTP/1.1 201) 4 headers in 162 bytes (1 switches on core 0)
2026-07-14 18:52:22.950 7 WARNING tagging [None req-2ae4c7e9-1e06-4fda-af89-10cb74e7f519 78eb07e02fc9487ba57e35b43e1434a2 4c0223e587564abda42458736a7f3df8 - - default default] project_id key not found in request, using tenant_id instead. This support has been deprecated and will be removed in a future release. [pid: 7|app: 0|req: 1097/2172] 10.0.0.47 () {34 vars in 759 bytes} [Tue Jul 14 18:52:22 2026] PUT /v2.0/policies/b823324a-ad15-441a-b6fe-391be2034bf0/tags/red => generated 4 bytes in 41 msecs (HTTP/1.1 201) 4 headers in 160 bytes (1 switches on core 0)
2026-07-14 18:52:23.102 7 INFO neutron.db.ovn_revision_numbers_db [None req-bdd5741b-f20c-44dd-9463-14ad87f65c32 4cf4f76707064e328ead9ca21903bf40 47d7ed4cbc594873afff24f237644199 - - default default] Successfully bumped revision number for resource f11c0711-806f-47b2-b330-5d644a3c193c (type: security_group_rules) to 0 [pid: 8|app: 0|req: 1076/2173] 10.0.0.47 () {32 vars in 739 bytes} [Tue Jul 14 18:52:22 2026] DELETE /v2.0/security-groups/611b6180-08f7-428b-a252-49a3f96c53de => generated 0 bytes in 182 msecs (HTTP/1.1 204) 2 headers in 112 bytes (1 switches on core 0) [pid: 7|app: 0|req: 1098/2174] 10.0.0.47 () {34 vars in 694 bytes} [Tue Jul 14 18:52:22 2026] POST /v2.0/security-group-rules => generated 599 bytes in 180 msecs (HTTP/1.1 201) 4 headers in 162 bytes (1 switches on core 0)
2026-07-14 18:52:23.151 8 WARNING tagging [None req-79783951-39e1-4753-a1e3-db9d098a9820 78eb07e02fc9487ba57e35b43e1434a2 4c0223e587564abda42458736a7f3df8 - - default default] project_id key not found in request, using tenant_id instead. This support has been deprecated and will be removed in a future release. [pid: 8|app: 0|req: 1077/2175] 10.0.0.47 () {32 vars in 732 bytes} [Tue Jul 14 18:52:23 2026] GET /v2.0/policies/b823324a-ad15-441a-b6fe-391be2034bf0/tags => generated 34 bytes in 29 msecs (HTTP/1.1 200) 4 headers in 156 bytes (1 switches on core 0)
2026-07-14 18:52:23.184 8 WARNING tagging [None req-706c5881-6840-407c-b6d7-ae2fbc4c12e3 78eb07e02fc9487ba57e35b43e1434a2 4c0223e587564abda42458736a7f3df8 - - default default] project_id key not found in request, using tenant_id instead. This support has been deprecated and will be removed in a future release. [pid: 8|app: 0|req: 1078/2176] 10.0.0.47 () {34 vars in 781 bytes} [Tue Jul 14 18:52:23 2026] PUT /v2.0/policies/b823324a-ad15-441a-b6fe-391be2034bf0/tags/black.or.white => generated 4 bytes in 45 msecs (HTTP/1.1 201) 4 headers in 160 bytes (1 switches on core 0)
2026-07-14 18:52:23.236 8 WARNING tagging [None req-58fc6529-6a7b-47db-ae85-d15b6b988ada 78eb07e02fc9487ba57e35b43e1434a2 4c0223e587564abda42458736a7f3df8 - - default default] project_id key not found in request, using tenant_id instead. This support has been deprecated and will be removed in a future release. [pid: 8|app: 0|req: 1079/2177] 10.0.0.47 () {32 vars in 732 bytes} [Tue Jul 14 18:52:23 2026] GET /v2.0/policies/b823324a-ad15-441a-b6fe-391be2034bf0/tags => generated 52 bytes in 32 msecs (HTTP/1.1 200) 4 headers in 156 bytes (1 switches on core 0)
2026-07-14 18:52:23.272 7 INFO neutron.db.ovn_revision_numbers_db [None req-83dd2dcc-004d-41da-bbfb-65000a77f078 4cf4f76707064e328ead9ca21903bf40 47d7ed4cbc594873afff24f237644199 - - default default] Successfully bumped revision number for resource b88e4f57-03dc-4d68-852c-a1e4b9efe0a8 (type: security_group_rules) to 0
2026-07-14 18:52:23.275 8 WARNING tagging [None req-18463d06-095c-4ebf-bad3-3f2ad9b32d63 78eb07e02fc9487ba57e35b43e1434a2 4c0223e587564abda42458736a7f3df8 - - default default] project_id key not found in request, using tenant_id instead. This support has been deprecated and will be removed in a future release. [pid: 8|app: 0|req: 1080/2178] 10.0.0.47 () {34 vars in 752 bytes} [Tue Jul 14 18:52:23 2026] PUT /v2.0/policies/b823324a-ad15-441a-b6fe-391be2034bf0/tags => generated 37 bytes in 50 msecs (HTTP/1.1 200) 4 headers in 156 bytes (1 switches on core 0) [pid: 7|app: 0|req: 1099/2179] 10.0.0.47 () {34 vars in 694 bytes} [Tue Jul 14 18:52:23 2026] POST /v2.0/security-group-rules => generated 601 bytes in 149 msecs (HTTP/1.1 201) 4 headers in 162 bytes (1 switches on core 0)
2026-07-14 18:52:23.328 8 WARNING tagging [None req-783e52e4-f593-4651-bd1a-090d5cbed016 78eb07e02fc9487ba57e35b43e1434a2 4c0223e587564abda42458736a7f3df8 - - default default] project_id key not found in request, using tenant_id instead. This support has been deprecated and will be removed in a future release. [pid: 8|app: 0|req: 1081/2180] 10.0.0.47 () {32 vars in 732 bytes} [Tue Jul 14 18:52:23 2026] GET /v2.0/policies/b823324a-ad15-441a-b6fe-391be2034bf0/tags => generated 37 bytes in 31 msecs (HTTP/1.1 200) 4 headers in 156 bytes (1 switches on core 0)
2026-07-14 18:52:23.359 8 WARNING tagging [None req-28468acb-41a2-4ef4-9dbc-c2420295dcd3 78eb07e02fc9487ba57e35b43e1434a2 4c0223e587564abda42458736a7f3df8 - - default default] project_id key not found in request, using tenant_id instead. This support has been deprecated and will be removed in a future release. [pid: 8|app: 0|req: 1082/2181] 10.0.0.47 () {32 vars in 740 bytes} [Tue Jul 14 18:52:23 2026] GET /v2.0/policies/b823324a-ad15-441a-b6fe-391be2034bf0/tags/red => generated 0 bytes in 44 msecs (HTTP/1.1 204) 2 headers in 112 bytes (1 switches on core 0)
2026-07-14 18:52:23.411 8 WARNING tagging [None req-26daa4cd-61d9-4fd2-96fa-fa86abd5fadd 78eb07e02fc9487ba57e35b43e1434a2 4c0223e587564abda42458736a7f3df8 - - default default] project_id key not found in request, using tenant_id instead. This support has been deprecated and will be removed in a future release.
2026-07-14 18:52:23.417 8 INFO neutron.api.v2.resource [None req-26daa4cd-61d9-4fd2-96fa-fa86abd5fadd 78eb07e02fc9487ba57e35b43e1434a2 4c0223e587564abda42458736a7f3df8 - - default default] show failed (client error): The resource could not be found. [pid: 8|app: 0|req: 1083/2182] 10.0.0.47 () {32 vars in 744 bytes} [Tue Jul 14 18:52:23 2026] GET /v2.0/policies/b823324a-ad15-441a-b6fe-391be2034bf0/tags/green => generated 99 bytes in 31 msecs (HTTP/1.1 404) 4 headers in 163 bytes (1 switches on core 0)
2026-07-14 18:52:23.433 7 INFO neutron.db.ovn_revision_numbers_db [None req-0407d7ed-3ec2-4ee9-9567-7270c316e6ca 4cf4f76707064e328ead9ca21903bf40 47d7ed4cbc594873afff24f237644199 - - default default] Successfully bumped revision number for resource 81ad4ddf-02ea-4a5b-b9c1-5cc6c9d72ef1 (type: security_group_rules) to 0 [pid: 7|app: 0|req: 1100/2183] 10.0.0.47 () {34 vars in 694 bytes} [Tue Jul 14 18:52:23 2026] POST /v2.0/security-group-rules => generated 601 bytes in 156 msecs (HTTP/1.1 201) 4 headers in 162 bytes (1 switches on core 0)
2026-07-14 18:52:23.466 8 WARNING tagging [None req-126c391e-c3a4-44ae-b312-c6b48c87e449 78eb07e02fc9487ba57e35b43e1434a2 4c0223e587564abda42458736a7f3df8 - - default default] project_id key not found in request, using tenant_id instead. This support has been deprecated and will be removed in a future release. [pid: 8|app: 0|req: 1084/2184] 10.0.0.47 () {32 vars in 743 bytes} [Tue Jul 14 18:52:23 2026] DELETE /v2.0/policies/b823324a-ad15-441a-b6fe-391be2034bf0/tags/red => generated 0 bytes in 53 msecs (HTTP/1.1 204) 2 headers in 112 bytes (1 switches on core 0)
2026-07-14 18:52:23.524 8 WARNING tagging [None req-bd8c69c5-40a1-41de-9f1d-196a28c16261 78eb07e02fc9487ba57e35b43e1434a2 4c0223e587564abda42458736a7f3df8 - - default default] project_id key not found in request, using tenant_id instead. This support has been deprecated and will be removed in a future release. [pid: 8|app: 0|req: 1085/2185] 10.0.0.47 () {32 vars in 732 bytes} [Tue Jul 14 18:52:23 2026] GET /v2.0/policies/b823324a-ad15-441a-b6fe-391be2034bf0/tags => generated 30 bytes in 35 msecs (HTTP/1.1 200) 4 headers in 156 bytes (1 switches on core 0)
2026-07-14 18:52:23.571 8 WARNING tagging [None req-4a0d61c0-1e7c-418c-acff-8175aa20490c 78eb07e02fc9487ba57e35b43e1434a2 4c0223e587564abda42458736a7f3df8 - - default default] project_id key not found in request, using tenant_id instead. This support has been deprecated and will be removed in a future release.
2026-07-14 18:52:23.583 8 INFO neutron.api.v2.resource [None req-4a0d61c0-1e7c-418c-acff-8175aa20490c 78eb07e02fc9487ba57e35b43e1434a2 4c0223e587564abda42458736a7f3df8 - - default default] delete failed (client error): The resource could not be found. [pid: 8|app: 0|req: 1086/2186] 10.0.0.47 () {32 vars in 747 bytes} [Tue Jul 14 18:52:23 2026] DELETE /v2.0/policies/b823324a-ad15-441a-b6fe-391be2034bf0/tags/green => generated 99 bytes in 40 msecs (HTTP/1.1 404) 4 headers in 163 bytes (1 switches on core 0)
2026-07-14 18:52:23.605 7 INFO neutron.db.ovn_revision_numbers_db [None req-2bb8651a-87f9-4770-88f0-d8500f9cbdcd 4cf4f76707064e328ead9ca21903bf40 47d7ed4cbc594873afff24f237644199 - - default default] Successfully bumped revision number for resource a417cc4b-5e54-4dfa-9a24-8576f9ff6fce (type: security_group_rules) to 0
2026-07-14 18:52:23.617 8 WARNING tagging [None req-6e6a781f-d782-4229-8201-3343775129a8 78eb07e02fc9487ba57e35b43e1434a2 4c0223e587564abda42458736a7f3df8 - - default default] project_id key not found in request, using tenant_id instead. This support has been deprecated and will be removed in a future release. [pid: 7|app: 0|req: 1101/2187] 10.0.0.47 () {34 vars in 694 bytes} [Tue Jul 14 18:52:23 2026] POST /v2.0/security-group-rules => generated 597 bytes in 157 msecs (HTTP/1.1 201) 4 headers in 162 bytes (1 switches on core 0) [pid: 8|app: 0|req: 1087/2188] 10.0.0.47 () {32 vars in 735 bytes} [Tue Jul 14 18:52:23 2026] DELETE /v2.0/policies/b823324a-ad15-441a-b6fe-391be2034bf0/tags => generated 0 bytes in 51 msecs (HTTP/1.1 204) 2 headers in 112 bytes (1 switches on core 0)
2026-07-14 18:52:23.674 7 WARNING tagging [None req-047f4fbe-391b-4d58-a55e-d3fc401756b4 78eb07e02fc9487ba57e35b43e1434a2 4c0223e587564abda42458736a7f3df8 - - default default] project_id key not found in request, using tenant_id instead. This support has been deprecated and will be removed in a future release. [pid: 7|app: 0|req: 1102/2189] 10.0.0.47 () {32 vars in 732 bytes} [Tue Jul 14 18:52:23 2026] GET /v2.0/policies/b823324a-ad15-441a-b6fe-391be2034bf0/tags => generated 12 bytes in 30 msecs (HTTP/1.1 200) 4 headers in 156 bytes (1 switches on core 0) [pid: 7|app: 0|req: 1103/2190] 10.0.0.47 () {32 vars in 733 bytes} [Tue Jul 14 18:52:23 2026] DELETE /v2.0/qos/policies/b823324a-ad15-441a-b6fe-391be2034bf0 => generated 0 bytes in 76 msecs (HTTP/1.1 204) 2 headers in 112 bytes (1 switches on core 0)
2026-07-14 18:52:23.771 8 INFO neutron.db.ovn_revision_numbers_db [None req-fa19aff7-c943-433d-8bb6-022bd4fa15e1 4cf4f76707064e328ead9ca21903bf40 47d7ed4cbc594873afff24f237644199 - - default default] Successfully bumped revision number for resource ce3c31ce-6cb7-4f96-bdb4-164297ae771a (type: security_group_rules) to 0 [pid: 8|app: 0|req: 1088/2191] 10.0.0.47 () {34 vars in 694 bytes} [Tue Jul 14 18:52:23 2026] POST /v2.0/security-group-rules => generated 597 bytes in 150 msecs (HTTP/1.1 201) 4 headers in 162 bytes (1 switches on core 0)
2026-07-14 18:52:23.933 7 INFO neutron.db.ovn_revision_numbers_db [None req-8ca362e3-213c-4fd8-a069-13df95c29352 4cf4f76707064e328ead9ca21903bf40 47d7ed4cbc594873afff24f237644199 - - default default] Successfully bumped revision number for resource 9aa48699-f2ee-4c22-8902-28b1529dfb0f (type: security_group_rules) to 0 [pid: 7|app: 0|req: 1104/2192] 10.0.0.47 () {34 vars in 694 bytes} [Tue Jul 14 18:52:23 2026] POST /v2.0/security-group-rules => generated 597 bytes in 153 msecs (HTTP/1.1 201) 4 headers in 162 bytes (1 switches on core 0)
2026-07-14 18:52:24.108 8 INFO neutron.db.ovn_revision_numbers_db [None req-03d9f5fe-9e8a-45b3-a084-4a6ba90a0ff4 4cf4f76707064e328ead9ca21903bf40 47d7ed4cbc594873afff24f237644199 - - default default] Successfully bumped revision number for resource 0ed2def8-b5cb-44a0-82e3-d774265c76c3 (type: security_group_rules) to 0 [pid: 8|app: 0|req: 1089/2193] 10.0.0.47 () {34 vars in 694 bytes} [Tue Jul 14 18:52:23 2026] POST /v2.0/security-group-rules => generated 599 bytes in 175 msecs (HTTP/1.1 201) 4 headers in 162 bytes (1 switches on core 0)
2026-07-14 18:52:24.304 8 INFO neutron.db.ovn_revision_numbers_db [None req-f79961af-278e-4845-9507-7e60e0871cf0 4cf4f76707064e328ead9ca21903bf40 47d7ed4cbc594873afff24f237644199 - - default default] Successfully bumped revision number for resource e795ec34-f214-4b7d-8fe2-015169c47e06 (type: security_group_rules) to 0 [pid: 8|app: 0|req: 1090/2194] 10.0.0.47 () {34 vars in 694 bytes} [Tue Jul 14 18:52:24 2026] POST /v2.0/security-group-rules => generated 601 bytes in 189 msecs (HTTP/1.1 201) 4 headers in 162 bytes (1 switches on core 0)
2026-07-14 18:52:24.384 8 WARNING neutron.db.securitygroups_db [None req-4de943fd-19bc-44b2-8790-853227463155 caee15f605894228b0d2a2d2adf2c41e eee9f0c15dac461d8b393394731233e9 - - default default] project_id key not found in filters, using tenant_id instead. This support has been deprecated and will be removed in a future release.
2026-07-14 18:52:24.486 8 INFO neutron.db.ovn_revision_numbers_db [None req-4de943fd-19bc-44b2-8790-853227463155 caee15f605894228b0d2a2d2adf2c41e eee9f0c15dac461d8b393394731233e9 - - default default] Successfully bumped revision number for resource bf30d3d4-7d45-431d-b2fd-0b060450acc8 (type: security_groups) to 1
2026-07-14 18:52:24.497 8 INFO neutron.db.ovn_revision_numbers_db [None req-4de943fd-19bc-44b2-8790-853227463155 caee15f605894228b0d2a2d2adf2c41e eee9f0c15dac461d8b393394731233e9 - - default default] Successfully bumped revision number for resource 3f4548a0-7e7a-487e-a7cc-db2dfc4461b1 (type: security_group_rules) to 0
2026-07-14 18:52:24.508 8 INFO neutron.db.ovn_revision_numbers_db [None req-4de943fd-19bc-44b2-8790-853227463155 caee15f605894228b0d2a2d2adf2c41e eee9f0c15dac461d8b393394731233e9 - - default default] Successfully bumped revision number for resource a03c468f-3d60-4124-ac63-adcf2b3c2c09 (type: security_group_rules) to 0
2026-07-14 18:52:24.520 8 INFO neutron.db.ovn_revision_numbers_db [None req-4de943fd-19bc-44b2-8790-853227463155 caee15f605894228b0d2a2d2adf2c41e eee9f0c15dac461d8b393394731233e9 - - default default] Successfully bumped revision number for resource ba43ffd2-a6ea-4b55-b021-2d6368c77102 (type: security_group_rules) to 0
2026-07-14 18:52:24.531 8 INFO neutron.db.ovn_revision_numbers_db [None req-4de943fd-19bc-44b2-8790-853227463155 caee15f605894228b0d2a2d2adf2c41e eee9f0c15dac461d8b393394731233e9 - - default default] Successfully bumped revision number for resource bc59df50-a8b4-4f18-a1d8-ddf8fbb3b00d (type: security_group_rules) to 0 [pid: 8|app: 0|req: 1091/2195] 10.0.0.47 () {32 vars in 773 bytes} [Tue Jul 14 18:52:24 2026] GET /v2.0/security-groups?tenant_id=c05068bc27094953ac76b74f8adaec24&name=default => generated 2925 bytes in 230 msecs (HTTP/1.1 200) 4 headers in 158 bytes (1 switches on core 0)
2026-07-14 18:52:24.659 7 WARNING neutron.scheduler.dhcp_agent_scheduler [None req-13964e31-4486-4b8f-bf58-88f3d63880e2 b58454c229134ffabeca0b8488bfbd93 938dc26f598c47f6a753cd9cd05ac9b8 - - default default] No more DHCP agents
2026-07-14 18:52:24.660 7 WARNING neutron.api.rpc.agentnotifiers.dhcp_rpc_agent_api [None req-13964e31-4486-4b8f-bf58-88f3d63880e2 b58454c229134ffabeca0b8488bfbd93 938dc26f598c47f6a753cd9cd05ac9b8 - - default default] Unable to schedule network 81b198e0-81c4-4ac8-a936-f06fb28cc479: no agents available; will retry on subsequent port and subnet creation events.
2026-07-14 18:52:24.701 8 INFO neutron.db.ovn_revision_numbers_db [None req-d9974e02-16bc-4bab-a508-fb7256877236 4cf4f76707064e328ead9ca21903bf40 47d7ed4cbc594873afff24f237644199 - - default default] Successfully bumped revision number for resource b7194198-6d58-4d62-afbc-ffeb199450bb (type: security_group_rules) to 0 [pid: 8|app: 0|req: 1092/2196] 10.0.0.47 () {34 vars in 694 bytes} [Tue Jul 14 18:52:24 2026] POST /v2.0/security-group-rules => generated 597 bytes in 164 msecs (HTTP/1.1 201) 4 headers in 162 bytes (1 switches on core 0) [pid: 8|app: 0|req: 1093/2197] 10.0.0.47 () {32 vars in 739 bytes} [Tue Jul 14 18:52:24 2026] DELETE /v2.0/security-groups/bf30d3d4-7d45-431d-b2fd-0b060450acc8 => generated 0 bytes in 179 msecs (HTTP/1.1 204) 2 headers in 112 bytes (1 switches on core 0)
2026-07-14 18:52:24.928 8 WARNING neutron.db.securitygroups_db [req-966d3612-9667-4fdb-8d18-ff4dd62003d3 req-0a67b922-371a-47b4-8119-c691a20d16d5 4cf4f76707064e328ead9ca21903bf40 47d7ed4cbc594873afff24f237644199 - - default default] project_id key not found in filters, using tenant_id instead. This support has been deprecated and will be removed in a future release. [pid: 8|app: 0|req: 1094/2198] 10.0.0.244 () {34 vars in 1096 bytes} [Tue Jul 14 18:52:24 2026] GET /v2.0/security-groups?name=tempest-lb_member_SG-1089103334&fields=id&tenant_id=47d7ed4cbc594873afff24f237644199 => generated 69 bytes in 29 msecs (HTTP/1.1 200) 4 headers in 156 bytes (1 switches on core 0) [pid: 7|app: 0|req: 1105/2199] 10.0.0.47 () {34 vars in 675 bytes} [Tue Jul 14 18:52:24 2026] POST /v2.0/floatingips => generated 552 bytes in 852 msecs (HTTP/1.1 201) 4 headers in 162 bytes (1 switches on core 0) [pid: 8|app: 0|req: 1095/2200] 10.0.0.244 () {34 vars in 982 bytes} [Tue Jul 14 18:52:24 2026] GET /v2.0/networks?id=acda4d92-2821-4e6e-b975-b981a0ddbbbc => generated 743 bytes in 53 msecs (HTTP/1.1 200) 4 headers in 157 bytes (1 switches on core 0) [pid: 8|app: 0|req: 1096/2201] 10.0.0.244 () {34 vars in 965 bytes} [Tue Jul 14 18:52:25 2026] GET /v2.0/quotas/47d7ed4cbc594873afff24f237644199 => generated 312 bytes in 11 msecs (HTTP/1.1 200) 4 headers in 157 bytes (1 switches on core 0)
2026-07-14 18:52:25.033 7 WARNING tagging [None req-b3f1a536-1b1e-407d-a438-df9e83b86ec4 b58454c229134ffabeca0b8488bfbd93 938dc26f598c47f6a753cd9cd05ac9b8 - - default default] project_id key not found in request, using tenant_id instead. This support has been deprecated and will be removed in a future release. [pid: 7|app: 0|req: 1106/2202] 10.0.0.47 () {34 vars in 758 bytes} [Tue Jul 14 18:52:25 2026] PUT /v2.0/floatingips/4b8dbffd-0bbc-4e73-93ff-9d442b681a9b/tags => generated 25 bytes in 70 msecs (HTTP/1.1 200) 4 headers in 156 bytes (1 switches on core 0)
2026-07-14 18:52:25.103 7 WARNING tagging [None req-6df95437-a3bb-4491-a5e1-e48e5204d3f7 b58454c229134ffabeca0b8488bfbd93 938dc26f598c47f6a753cd9cd05ac9b8 - - default default] project_id key not found in request, using tenant_id instead. This support has been deprecated and will be removed in a future release. [pid: 7|app: 0|req: 1107/2203] 10.0.0.47 () {32 vars in 738 bytes} [Tue Jul 14 18:52:25 2026] GET /v2.0/floatingips/4b8dbffd-0bbc-4e73-93ff-9d442b681a9b/tags => generated 25 bytes in 50 msecs (HTTP/1.1 200) 4 headers in 156 bytes (1 switches on core 0)
2026-07-14 18:52:25.131 7 WARNING neutron.db.securitygroups_db [None req-103469e3-1ea2-48a2-af13-9f92f5c85799 caee15f605894228b0d2a2d2adf2c41e eee9f0c15dac461d8b393394731233e9 - - default default] project_id key not found in filters, using tenant_id instead. This support has been deprecated and will be removed in a future release. [pid: 8|app: 0|req: 1097/2204] 10.0.0.244 () {34 vars in 1002 bytes} [Tue Jul 14 18:52:25 2026] GET /v2.0/ports?tenant_id=47d7ed4cbc594873afff24f237644199&fields=id => generated 287 bytes in 150 msecs (HTTP/1.1 200) 4 headers in 157 bytes (1 switches on core 0)
2026-07-14 18:52:25.207 8 WARNING tagging [None req-6435b7a0-dab4-4da2-843c-ec470245c970 b58454c229134ffabeca0b8488bfbd93 938dc26f598c47f6a753cd9cd05ac9b8 - - default default] project_id key not found in request, using tenant_id instead. This support has been deprecated and will be removed in a future release. [pid: 8|app: 0|req: 1098/2205] 10.0.0.47 () {34 vars in 769 bytes} [Tue Jul 14 18:52:25 2026] PUT /v2.0/floatingips/4b8dbffd-0bbc-4e73-93ff-9d442b681a9b/tags/green => generated 4 bytes in 61 msecs (HTTP/1.1 201) 4 headers in 160 bytes (1 switches on core 0)
2026-07-14 18:52:25.253 7 INFO neutron.db.ovn_revision_numbers_db [None req-103469e3-1ea2-48a2-af13-9f92f5c85799 caee15f605894228b0d2a2d2adf2c41e eee9f0c15dac461d8b393394731233e9 - - default default] Successfully bumped revision number for resource d71fa2d7-8a13-4097-85f5-102ba2c05b1b (type: security_groups) to 1
2026-07-14 18:52:25.273 7 INFO neutron.db.ovn_revision_numbers_db [None req-103469e3-1ea2-48a2-af13-9f92f5c85799 caee15f605894228b0d2a2d2adf2c41e eee9f0c15dac461d8b393394731233e9 - - default default] Successfully bumped revision number for resource 55491fb4-178f-4724-9b00-6d79469b7305 (type: security_group_rules) to 0 [pid: 8|app: 0|req: 1099/2206] 10.0.0.244 () {34 vars in 1008 bytes} [Tue Jul 14 18:52:25 2026] GET /v2.0/networks/acda4d92-2821-4e6e-b975-b981a0ddbbbc?fields=segments => generated 14 bytes in 44 msecs (HTTP/1.1 200) 4 headers in 156 bytes (1 switches on core 0)
2026-07-14 18:52:25.295 7 INFO neutron.db.ovn_revision_numbers_db [None req-103469e3-1ea2-48a2-af13-9f92f5c85799 caee15f605894228b0d2a2d2adf2c41e eee9f0c15dac461d8b393394731233e9 - - default default] Successfully bumped revision number for resource 7dfa25c2-adb7-451d-8a4c-8e63797408a3 (type: security_group_rules) to 0
2026-07-14 18:52:25.309 7 INFO neutron.db.ovn_revision_numbers_db [None req-103469e3-1ea2-48a2-af13-9f92f5c85799 caee15f605894228b0d2a2d2adf2c41e eee9f0c15dac461d8b393394731233e9 - - default default] Successfully bumped revision number for resource 847dcbdc-b440-45ea-98a1-431e578821f1 (type: security_group_rules) to 0
2026-07-14 18:52:25.318 8 WARNING tagging [None req-ea2a83a2-cbc2-46ce-9b74-654977fbd487 b58454c229134ffabeca0b8488bfbd93 938dc26f598c47f6a753cd9cd05ac9b8 - - default default] project_id key not found in request, using tenant_id instead. This support has been deprecated and will be removed in a future release.
2026-07-14 18:52:25.320 7 INFO neutron.db.ovn_revision_numbers_db [None req-103469e3-1ea2-48a2-af13-9f92f5c85799 caee15f605894228b0d2a2d2adf2c41e eee9f0c15dac461d8b393394731233e9 - - default default] Successfully bumped revision number for resource fa178774-1e85-4a29-906e-1edcdd1c6f1f (type: security_group_rules) to 0 [pid: 8|app: 0|req: 1100/2207] 10.0.0.47 () {32 vars in 738 bytes} [Tue Jul 14 18:52:25 2026] GET /v2.0/floatingips/4b8dbffd-0bbc-4e73-93ff-9d442b681a9b/tags => generated 34 bytes in 41 msecs (HTTP/1.1 200) 4 headers in 156 bytes (1 switches on core 0) [pid: 7|app: 0|req: 1108/2208] 10.0.0.47 () {32 vars in 773 bytes} [Tue Jul 14 18:52:25 2026] GET /v2.0/security-groups?tenant_id=4c0223e587564abda42458736a7f3df8&name=default => generated 2925 bytes in 231 msecs (HTTP/1.1 200) 4 headers in 158 bytes (1 switches on core 0) [pid: 8|app: 0|req: 1101/2209] 10.0.0.244 () {34 vars in 1108 bytes} [Tue Jul 14 18:52:25 2026] GET /v2.0/networks/acda4d92-2821-4e6e-b975-b981a0ddbbbc?fields=provider%3Aphysical_network&fields=provider%3Anetwork_type => generated 79 bytes in 42 msecs (HTTP/1.1 200) 4 headers in 156 bytes (1 switches on core 0)
2026-07-14 18:52:25.381 7 WARNING tagging [None req-a3205a7c-bfaf-488f-849e-92fced12da3e b58454c229134ffabeca0b8488bfbd93 938dc26f598c47f6a753cd9cd05ac9b8 - - default default] project_id key not found in request, using tenant_id instead. This support has been deprecated and will be removed in a future release. [pid: 7|app: 0|req: 1109/2210] 10.0.0.47 () {34 vars in 765 bytes} [Tue Jul 14 18:52:25 2026] PUT /v2.0/floatingips/4b8dbffd-0bbc-4e73-93ff-9d442b681a9b/tags/red => generated 4 bytes in 64 msecs (HTTP/1.1 201) 4 headers in 160 bytes (1 switches on core 0)
2026-07-14 18:52:25.453 7 WARNING tagging [None req-7954c492-7b5a-4ed1-a398-7eb8c5bb044f b58454c229134ffabeca0b8488bfbd93 938dc26f598c47f6a753cd9cd05ac9b8 - - default default] project_id key not found in request, using tenant_id instead. This support has been deprecated and will be removed in a future release. [pid: 7|app: 0|req: 1110/2211] 10.0.0.47 () {32 vars in 738 bytes} [Tue Jul 14 18:52:25 2026] GET /v2.0/floatingips/4b8dbffd-0bbc-4e73-93ff-9d442b681a9b/tags => generated 34 bytes in 45 msecs (HTTP/1.1 200) 4 headers in 156 bytes (1 switches on core 0)
2026-07-14 18:52:25.502 7 WARNING tagging [None req-89eac875-34bf-4b92-91a0-b51da8b5943d b58454c229134ffabeca0b8488bfbd93 938dc26f598c47f6a753cd9cd05ac9b8 - - default default] project_id key not found in request, using tenant_id instead. This support has been deprecated and will be removed in a future release. [pid: 8|app: 0|req: 1102/2212] 10.0.0.47 () {32 vars in 739 bytes} [Tue Jul 14 18:52:25 2026] DELETE /v2.0/security-groups/d71fa2d7-8a13-4097-85f5-102ba2c05b1b => generated 0 bytes in 161 msecs (HTTP/1.1 204) 2 headers in 112 bytes (1 switches on core 0) [pid: 7|app: 0|req: 1111/2213] 10.0.0.47 () {34 vars in 787 bytes} [Tue Jul 14 18:52:25 2026] PUT /v2.0/floatingips/4b8dbffd-0bbc-4e73-93ff-9d442b681a9b/tags/black.or.white => generated 4 bytes in 75 msecs (HTTP/1.1 201) 4 headers in 160 bytes (1 switches on core 0) [pid: 8|app: 0|req: 1103/2214] 10.0.0.244 () {34 vars in 1070 bytes} [Tue Jul 14 18:52:25 2026] GET /v2.0/ports?fields=security_groups&fields=device_id&device_id=9287c932-6adc-486b-b10f-b2f9091d1146 => generated 12 bytes in 25 msecs (HTTP/1.1 200) 4 headers in 156 bytes (1 switches on core 0)
2026-07-14 18:52:25.601 7 WARNING tagging [None req-f0f960a8-5b47-4629-b11d-ba3679d2ee42 b58454c229134ffabeca0b8488bfbd93 938dc26f598c47f6a753cd9cd05ac9b8 - - default default] project_id key not found in request, using tenant_id instead. This support has been deprecated and will be removed in a future release.
2026-07-14 18:52:25.603 7 WARNING neutron.plugins.ml2.drivers.ovn.mech_driver.ovsdb.ovn_client [None req-be4e6348-f17c-4fc6-b4b1-38ca2a2d1864 - - - - - -] No hosting information found for port cad967ac-913d-4725-9cc3-6a33640ce284: RuntimeError: No hosting information found for port cad967ac-913d-4725-9cc3-6a33640ce284 [pid: 7|app: 0|req: 1112/2215] 10.0.0.47 () {32 vars in 738 bytes} [Tue Jul 14 18:52:25 2026] GET /v2.0/floatingips/4b8dbffd-0bbc-4e73-93ff-9d442b681a9b/tags => generated 52 bytes in 78 msecs (HTTP/1.1 200) 4 headers in 156 bytes (1 switches on core 0)
2026-07-14 18:52:25.657 7 INFO neutron.common.ovn.utils [None req-be4e6348-f17c-4fc6-b4b1-38ca2a2d1864 - - - - - -] HA Chassis Group neutron-be3be85f-f96c-4028-82d6-de5dded89683 synchronized; highest priority chassis d7d1e86f-0641-4478-9f26-de435f8ceff9
2026-07-14 18:52:25.676 8 WARNING tagging [None req-ce0752e0-d2e0-431c-ab74-fb6a5f36bfc7 b58454c229134ffabeca0b8488bfbd93 938dc26f598c47f6a753cd9cd05ac9b8 - - default default] project_id key not found in request, using tenant_id instead. This support has been deprecated and will be removed in a future release. [pid: 8|app: 0|req: 1104/2216] 10.0.0.47 () {34 vars in 758 bytes} [Tue Jul 14 18:52:25 2026] PUT /v2.0/floatingips/4b8dbffd-0bbc-4e73-93ff-9d442b681a9b/tags => generated 37 bytes in 78 msecs (HTTP/1.1 200) 4 headers in 156 bytes (1 switches on core 0)
2026-07-14 18:52:25.744 7 INFO neutron.db.ovn_revision_numbers_db [None req-be4e6348-f17c-4fc6-b4b1-38ca2a2d1864 - - - - - -] Successfully bumped revision number for resource cad967ac-913d-4725-9cc3-6a33640ce284 (type: router_ports) to 2
2026-07-14 18:52:25.745 7 INFO neutron.plugins.ml2.drivers.ovn.mech_driver.mech_driver [None req-be4e6348-f17c-4fc6-b4b1-38ca2a2d1864 - - - - - -] OVN reports status down for port: b57e92a8-980c-43ec-b90b-01577eca11fe
2026-07-14 18:52:25.783 7 WARNING tagging [None req-3ee78b0a-91a2-4f83-8bfc-8d91ef1dd172 b58454c229134ffabeca0b8488bfbd93 938dc26f598c47f6a753cd9cd05ac9b8 - - default default] project_id key not found in request, using tenant_id instead. This support has been deprecated and will be removed in a future release. [pid: 7|app: 0|req: 1113/2217] 10.0.0.47 () {32 vars in 738 bytes} [Tue Jul 14 18:52:25 2026] GET /v2.0/floatingips/4b8dbffd-0bbc-4e73-93ff-9d442b681a9b/tags => generated 37 bytes in 78 msecs (HTTP/1.1 200) 4 headers in 156 bytes (1 switches on core 0)
2026-07-14 18:52:25.837 8 WARNING tagging [None req-00ac5158-7382-4e12-bac1-0c7895382af3 b58454c229134ffabeca0b8488bfbd93 938dc26f598c47f6a753cd9cd05ac9b8 - - default default] project_id key not found in request, using tenant_id instead. This support has been deprecated and will be removed in a future release.
2026-07-14 18:52:25.839 7 WARNING neutron.plugins.ml2.drivers.ovn.mech_driver.ovsdb.ovn_client [None req-be4e6348-f17c-4fc6-b4b1-38ca2a2d1864 - - - - - -] Logical_Switch_Port b57e92a8-980c-43ec-b90b-01577eca11fe host information not removed, the port state is up [pid: 8|app: 0|req: 1105/2218] 10.0.0.47 () {32 vars in 746 bytes} [Tue Jul 14 18:52:25 2026] GET /v2.0/floatingips/4b8dbffd-0bbc-4e73-93ff-9d442b681a9b/tags/red => generated 0 bytes in 47 msecs (HTTP/1.1 204) 2 headers in 112 bytes (1 switches on core 0)
2026-07-14 18:52:25.902 7 WARNING tagging [None req-a4387c73-5c14-426b-9024-d46dad6737cf b58454c229134ffabeca0b8488bfbd93 938dc26f598c47f6a753cd9cd05ac9b8 - - default default] project_id key not found in request, using tenant_id instead. This support has been deprecated and will be removed in a future release.
2026-07-14 18:52:25.904 7 INFO neutron.plugins.ml2.drivers.ovn.mech_driver.mech_driver [None req-be4e6348-f17c-4fc6-b4b1-38ca2a2d1864 - - - - - -] OVN reports status up for port: b57e92a8-980c-43ec-b90b-01577eca11fe
2026-07-14 18:52:25.929 7 INFO neutron.plugins.ml2.plugin [None req-be4e6348-f17c-4fc6-b4b1-38ca2a2d1864 - - - - - -] Attempt 1 to provision port b57e92a8-980c-43ec-b90b-01577eca11fe
2026-07-14 18:52:25.941 7 INFO neutron.api.v2.resource [None req-a4387c73-5c14-426b-9024-d46dad6737cf b58454c229134ffabeca0b8488bfbd93 938dc26f598c47f6a753cd9cd05ac9b8 - - default default] show failed (client error): The resource could not be found. [pid: 7|app: 0|req: 1114/2219] 10.0.0.47 () {32 vars in 750 bytes} [Tue Jul 14 18:52:25 2026] GET /v2.0/floatingips/4b8dbffd-0bbc-4e73-93ff-9d442b681a9b/tags/green => generated 99 bytes in 77 msecs (HTTP/1.1 404) 4 headers in 163 bytes (1 switches on core 0)
2026-07-14 18:52:25.979 8 WARNING tagging [None req-695c6ab5-b5dd-4f74-a887-0ddca66ca0a8 b58454c229134ffabeca0b8488bfbd93 938dc26f598c47f6a753cd9cd05ac9b8 - - default default] project_id key not found in request, using tenant_id instead. This support has been deprecated and will be removed in a future release. [pid: 8|app: 0|req: 1106/2220] 10.0.0.47 () {32 vars in 749 bytes} [Tue Jul 14 18:52:25 2026] DELETE /v2.0/floatingips/4b8dbffd-0bbc-4e73-93ff-9d442b681a9b/tags/red => generated 0 bytes in 96 msecs (HTTP/1.1 204) 2 headers in 112 bytes (1 switches on core 0)
2026-07-14 18:52:26.105 7 WARNING tagging [None req-f0eb4a42-b7a2-41fc-9895-389f13a7eb88 b58454c229134ffabeca0b8488bfbd93 938dc26f598c47f6a753cd9cd05ac9b8 - - default default] project_id key not found in request, using tenant_id instead. This support has been deprecated and will be removed in a future release. [pid: 7|app: 0|req: 1115/2221] 10.0.0.47 () {32 vars in 738 bytes} [Tue Jul 14 18:52:26 2026] GET /v2.0/floatingips/4b8dbffd-0bbc-4e73-93ff-9d442b681a9b/tags => generated 30 bytes in 78 msecs (HTTP/1.1 200) 4 headers in 156 bytes (1 switches on core 0)
2026-07-14 18:52:26.153 8 WARNING tagging [None req-b839a6a5-7ab7-4933-89a0-32e42d4e9ce0 b58454c229134ffabeca0b8488bfbd93 938dc26f598c47f6a753cd9cd05ac9b8 - - default default] project_id key not found in request, using tenant_id instead. This support has been deprecated and will be removed in a future release.
2026-07-14 18:52:26.199 8 INFO neutron.api.v2.resource [None req-b839a6a5-7ab7-4933-89a0-32e42d4e9ce0 b58454c229134ffabeca0b8488bfbd93 938dc26f598c47f6a753cd9cd05ac9b8 - - default default] delete failed (client error): The resource could not be found. [pid: 8|app: 0|req: 1107/2222] 10.0.0.47 () {32 vars in 753 bytes} [Tue Jul 14 18:52:26 2026] DELETE /v2.0/floatingips/4b8dbffd-0bbc-4e73-93ff-9d442b681a9b/tags/green => generated 99 bytes in 67 msecs (HTTP/1.1 404) 4 headers in 163 bytes (1 switches on core 0)
2026-07-14 18:52:26.254 7 WARNING tagging [None req-28ae3931-ce79-4904-b325-0acab2fa0e81 b58454c229134ffabeca0b8488bfbd93 938dc26f598c47f6a753cd9cd05ac9b8 - - default default] project_id key not found in request, using tenant_id instead. This support has been deprecated and will be removed in a future release. [pid: 7|app: 0|req: 1116/2223] 10.0.0.47 () {32 vars in 741 bytes} [Tue Jul 14 18:52:26 2026] DELETE /v2.0/floatingips/4b8dbffd-0bbc-4e73-93ff-9d442b681a9b/tags => generated 0 bytes in 125 msecs (HTTP/1.1 204) 2 headers in 112 bytes (1 switches on core 0)
2026-07-14 18:52:26.377 8 WARNING tagging [None req-7a7ea382-6ff5-4b7a-b1b8-5e41aa653ec7 b58454c229134ffabeca0b8488bfbd93 938dc26f598c47f6a753cd9cd05ac9b8 - - default default] project_id key not found in request, using tenant_id instead. This support has been deprecated and will be removed in a future release. [pid: 8|app: 0|req: 1108/2224] 10.0.0.47 () {32 vars in 738 bytes} [Tue Jul 14 18:52:26 2026] GET /v2.0/floatingips/4b8dbffd-0bbc-4e73-93ff-9d442b681a9b/tags => generated 12 bytes in 47 msecs (HTTP/1.1 200) 4 headers in 156 bytes (1 switches on core 0)
2026-07-14 18:52:26.649 7 INFO neutron.db.ovn_revision_numbers_db [None req-be4e6348-f17c-4fc6-b4b1-38ca2a2d1864 - - - - - -] Successfully bumped revision number for resource b57e92a8-980c-43ec-b90b-01577eca11fe (type: ports) to 2
2026-07-14 18:52:26.664 7 INFO neutron_taas.services.taas.taas_plugin [None req-d96cd2e2-dc28-4b8a-b998-00ed00b12c04 b58454c229134ffabeca0b8488bfbd93 938dc26f598c47f6a753cd9cd05ac9b8 - - default default] TaaS: Handle Delete Port: 87c45349-694f-4adc-87dc-c7a0f957575b
2026-07-14 18:52:26.668 7 INFO neutron_taas.services.taas.tap_mirror_plugin [None req-d96cd2e2-dc28-4b8a-b998-00ed00b12c04 b58454c229134ffabeca0b8488bfbd93 938dc26f598c47f6a753cd9cd05ac9b8 - - default default] Tap Mirror: Handle Delete Port: 87c45349-694f-4adc-87dc-c7a0f957575b [pid: 7|app: 0|req: 1117/2225] 10.0.0.47 () {32 vars in 731 bytes} [Tue Jul 14 18:52:26 2026] DELETE /v2.0/floatingips/4b8dbffd-0bbc-4e73-93ff-9d442b681a9b => generated 0 bytes in 529 msecs (HTTP/1.1 204) 2 headers in 112 bytes (1 switches on core 0)
2026-07-14 18:52:27.730 7 WARNING neutron.db.securitygroups_db [None req-7e8a9a81-3560-4850-8659-d5404d8fd613 caee15f605894228b0d2a2d2adf2c41e eee9f0c15dac461d8b393394731233e9 - - default default] project_id key not found in filters, using tenant_id instead. This support has been deprecated and will be removed in a future release.
