Jul 15 01:14:01.314720 np0000185392 devstack@neutron-api.service[102055]: DEBUG neutron_lib.callbacks.manager [None req-90a4f369-a060-4856-b4ef-c11fd9ee3aa8 None None] Subscribe: > allowed_address_pair before_create 55550000, False {{(pid=102055) subscribe /opt/stack/data/venv/lib/python3.12/site-packages/neutron_lib/callbacks/manager.py:52}}
Jul 15 01:14:01.314811 np0000185392 devstack@neutron-api.service[102054]: DEBUG neutron.quota.resource_registry [None req-11e22148-c7f3-4a38-ad28-8f190cf34975 None None] Tracking information for resource: router configured {{(pid=102054) set_tracked_resource /opt/stack/neutron/neutron/quota/resource_registry.py:203}}
Jul 15 01:14:01.314989 np0000185392 devstack@neutron-api.service[102053]: INFO neutron.api.extensions [None req-35f51077-9bff-47d7-a279-e9ed7cfbe311 None None] Loaded extension: subnet-dns-publish-fixed-ip
Jul 15 01:14:01.315085 np0000185392 devstack@neutron-api.service[102055]: DEBUG neutron_lib.callbacks.manager [None req-90a4f369-a060-4856-b4ef-c11fd9ee3aa8 None None] Subscribe: > security_group precommit_create 55550000, False {{(pid=102055) subscribe /opt/stack/data/venv/lib/python3.12/site-packages/neutron_lib/callbacks/manager.py:52}}
Jul 15 01:14:01.315244 np0000185392 devstack@neutron-api.service[102054]: DEBUG neutron.quota.resource_registry [None req-11e22148-c7f3-4a38-ad28-8f190cf34975 None None] Tracking information for resource: floatingip configured {{(pid=102054) set_tracked_resource /opt/stack/neutron/neutron/quota/resource_registry.py:203}}
Jul 15 01:14:01.315408 np0000185392 devstack@neutron-api.service[102053]: DEBUG neutron.api.extensions [None req-35f51077-9bff-47d7-a279-e9ed7cfbe311 None None] Loading extension file: subnet_external_network.py {{(pid=102053) _load_all_extensions_from_path /opt/stack/neutron/neutron/api/extensions.py:449}}
Jul 15 01:14:01.315562 np0000185392 devstack@neutron-api.service[102055]: DEBUG neutron_lib.callbacks.manager [None req-90a4f369-a060-4856-b4ef-c11fd9ee3aa8 None None] Subscribe: > security_group after_update 55550000, False {{(pid=102055) subscribe /opt/stack/data/venv/lib/python3.12/site-packages/neutron_lib/callbacks/manager.py:52}}
Jul 15 01:14:01.315649 np0000185392 devstack@neutron-api.service[102054]: INFO neutron.services.ovn_l3.plugin [None req-11e22148-c7f3-4a38-ad28-8f190cf34975 None None] Starting OVNL3RouterPlugin
Jul 15 01:14:01.315791 np0000185392 devstack@neutron-api.service[102055]: DEBUG neutron_lib.callbacks.manager [None req-90a4f369-a060-4856-b4ef-c11fd9ee3aa8 None None] Subscribe: > security_group after_create 55550000, False {{(pid=102055) subscribe /opt/stack/data/venv/lib/python3.12/site-packages/neutron_lib/callbacks/manager.py:52}}
Jul 15 01:14:01.316035 np0000185392 devstack@neutron-api.service[102053]: DEBUG neutron.api.extensions [None req-35f51077-9bff-47d7-a279-e9ed7cfbe311 None None] Ext name="Subnet belongs to an external network" alias="subnet-external-network" description="Informs if the subnet belongs to an external network" updated="2024-02-05T18:00:00-00:00" {{(pid=102053) _check_extension /opt/stack/neutron/neutron/api/extensions.py:415}}
Jul 15 01:14:01.316139 np0000185392 devstack@neutron-api.service[102055]: DEBUG neutron_lib.callbacks.manager [None req-90a4f369-a060-4856-b4ef-c11fd9ee3aa8 None None] Subscribe: > security_group precommit_delete 55550000, False {{(pid=102055) subscribe /opt/stack/data/venv/lib/python3.12/site-packages/neutron_lib/callbacks/manager.py:52}}
Jul 15 01:14:01.316236 np0000185392 devstack@neutron-api.service[102054]: DEBUG neutron_lib.callbacks.manager [None req-11e22148-c7f3-4a38-ad28-8f190cf34975 None None] Subscribe: > port_forwarding_plugin after_init 55550000, False {{(pid=102054) subscribe /opt/stack/data/venv/lib/python3.12/site-packages/neutron_lib/callbacks/manager.py:52}}
Jul 15 01:14:01.316318 np0000185392 devstack@neutron-api.service[102055]: DEBUG neutron_lib.callbacks.manager [None req-90a4f369-a060-4856-b4ef-c11fd9ee3aa8 None None] Subscribe: > security_group after_delete 55550000, False {{(pid=102055) subscribe /opt/stack/data/venv/lib/python3.12/site-packages/neutron_lib/callbacks/manager.py:52}}
Jul 15 01:14:01.316538 np0000185392 devstack@neutron-api.service[102053]: INFO neutron.api.extensions [None req-35f51077-9bff-47d7-a279-e9ed7cfbe311 None None] Loaded extension: subnet-external-network
Jul 15 01:14:01.316627 np0000185392 devstack@neutron-api.service[102055]: DEBUG neutron_lib.callbacks.manager [None req-90a4f369-a060-4856-b4ef-c11fd9ee3aa8 None None] Subscribe: > security_group_rule precommit_create 55550000, False {{(pid=102055) subscribe /opt/stack/data/venv/lib/python3.12/site-packages/neutron_lib/callbacks/manager.py:52}}
Jul 15 01:14:01.316747 np0000185392 devstack@neutron-api.service[102053]: DEBUG neutron.api.extensions [None req-35f51077-9bff-47d7-a279-e9ed7cfbe311 None None] Loading extension file: subnet_onboard.py {{(pid=102053) _load_all_extensions_from_path /opt/stack/neutron/neutron/api/extensions.py:449}}
Jul 15 01:14:01.316831 np0000185392 devstack@neutron-api.service[102054]: DEBUG neutron_lib.callbacks.manager [None req-11e22148-c7f3-4a38-ad28-8f190cf34975 None None] Subscribe: > router before_create 55550100, False {{(pid=102054) subscribe /opt/stack/data/venv/lib/python3.12/site-packages/neutron_lib/callbacks/manager.py:52}}
Jul 15 01:14:01.317031 np0000185392 devstack@neutron-api.service[102055]: DEBUG neutron_lib.callbacks.manager [None req-90a4f369-a060-4856-b4ef-c11fd9ee3aa8 None None] Subscribe: > security_group_rule after_create 55550000, False {{(pid=102055) subscribe /opt/stack/data/venv/lib/python3.12/site-packages/neutron_lib/callbacks/manager.py:52}}
Jul 15 01:14:01.317202 np0000185392 devstack@neutron-api.service[102054]: DEBUG neutron_lib.callbacks.manager [None req-11e22148-c7f3-4a38-ad28-8f190cf34975 None None] Subscribe: > router precommit_delete 55550100, False {{(pid=102054) subscribe /opt/stack/data/venv/lib/python3.12/site-packages/neutron_lib/callbacks/manager.py:52}}
Jul 15 01:14:01.317478 np0000185392 devstack@neutron-api.service[102055]: DEBUG neutron_lib.callbacks.manager [None req-90a4f369-a060-4856-b4ef-c11fd9ee3aa8 None None] Subscribe: > security_group_rule before_delete 55550000, False {{(pid=102055) subscribe /opt/stack/data/venv/lib/python3.12/site-packages/neutron_lib/callbacks/manager.py:52}}
Jul 15 01:14:01.317728 np0000185392 devstack@neutron-api.service[102053]: DEBUG neutron.api.extensions [None req-35f51077-9bff-47d7-a279-e9ed7cfbe311 None None] Ext name="Subnet Onboard" alias="subnet_onboard" description="Provides support for onboarding subnets into subnet pools" updated="2018-12-18T09:00:00-00:00" {{(pid=102053) _check_extension /opt/stack/neutron/neutron/api/extensions.py:415}}
Jul 15 01:14:01.317811 np0000185392 devstack@neutron-api.service[102054]: DEBUG neutron_lib.callbacks.manager [None req-11e22148-c7f3-4a38-ad28-8f190cf34975 None None] Subscribe: > router precommit_create 55550100, False {{(pid=102054) subscribe /opt/stack/data/venv/lib/python3.12/site-packages/neutron_lib/callbacks/manager.py:52}}
Jul 15 01:14:01.317963 np0000185392 devstack@neutron-api.service[102055]: DEBUG neutron_lib.callbacks.manager [None req-90a4f369-a060-4856-b4ef-c11fd9ee3aa8 None None] Subscribe: > address_group after_create 55550000, False {{(pid=102055) subscribe /opt/stack/data/venv/lib/python3.12/site-packages/neutron_lib/callbacks/manager.py:52}}
Jul 15 01:14:01.318047 np0000185392 devstack@neutron-api.service[102054]: DEBUG neutron_lib.callbacks.manager [None req-11e22148-c7f3-4a38-ad28-8f190cf34975 None None] Subscribe: > router precommit_update 55550100, False {{(pid=102054) subscribe /opt/stack/data/venv/lib/python3.12/site-packages/neutron_lib/callbacks/manager.py:52}}
Jul 15 01:14:01.318310 np0000185392 devstack@neutron-api.service[102055]: DEBUG neutron_lib.callbacks.manager [None req-90a4f369-a060-4856-b4ef-c11fd9ee3aa8 None None] Subscribe: > address_group after_update 55550000, False {{(pid=102055) subscribe /opt/stack/data/venv/lib/python3.12/site-packages/neutron_lib/callbacks/manager.py:52}}
Jul 15 01:14:01.318578 np0000185392 devstack@neutron-api.service[102053]: INFO neutron.api.extensions [None req-35f51077-9bff-47d7-a279-e9ed7cfbe311 None None] Loaded extension: subnet_onboard
Jul 15 01:14:01.318820 np0000185392 devstack@neutron-api.service[102055]: DEBUG neutron_lib.callbacks.manager [None req-90a4f369-a060-4856-b4ef-c11fd9ee3aa8 None None] Subscribe: > address_group after_delete 55550000, False {{(pid=102055) subscribe /opt/stack/data/venv/lib/python3.12/site-packages/neutron_lib/callbacks/manager.py:52}}
Jul 15 01:14:01.319098 np0000185392 devstack@neutron-api.service[102053]: DEBUG neutron.api.extensions [None req-35f51077-9bff-47d7-a279-e9ed7cfbe311 None None] Loading extension file: subnet_segmentid_writable.py {{(pid=102053) _load_all_extensions_from_path /opt/stack/neutron/neutron/api/extensions.py:449}}
Jul 15 01:14:01.319189 np0000185392 devstack@neutron-api.service[102055]: DEBUG neutron_lib.callbacks.manager [None req-90a4f369-a060-4856-b4ef-c11fd9ee3aa8 None None] Subscribe: > qos_plugin after_init 55550000, False {{(pid=102055) subscribe /opt/stack/data/venv/lib/python3.12/site-packages/neutron_lib/callbacks/manager.py:52}}
Jul 15 01:14:01.319444 np0000185392 devstack@neutron-api.service[102053]: DEBUG neutron.api.extensions [None req-35f51077-9bff-47d7-a279-e9ed7cfbe311 None None] Ext name="Subnet SegmentID (writable)" alias="subnet-segmentid-writable" description="Provides a writable segment_id attribute for a subnet resource." updated="2018-03-12T00:00:00-00:00" {{(pid=102053) _check_extension /opt/stack/neutron/neutron/api/extensions.py:415}}
Jul 15 01:14:01.319674 np0000185392 devstack@neutron-api.service[102055]: DEBUG neutron_lib.callbacks.manager [None req-90a4f369-a060-4856-b4ef-c11fd9ee3aa8 None None] Subscribe: > trunk_plugin after_init 55550000, False {{(pid=102055) subscribe /opt/stack/data/venv/lib/python3.12/site-packages/neutron_lib/callbacks/manager.py:52}}
Jul 15 01:14:01.319767 np0000185392 devstack@neutron-api.service[102053]: INFO neutron.api.extensions [None req-35f51077-9bff-47d7-a279-e9ed7cfbe311 None None] Extension subnet-segmentid-writable not supported by any of loaded plugins
Jul 15 01:14:01.319767 np0000185392 devstack@neutron-api.service[102053]: DEBUG neutron.api.extensions [None req-35f51077-9bff-47d7-a279-e9ed7cfbe311 None None] Loading extension file: subnet_service_types.py {{(pid=102053) _load_all_extensions_from_path /opt/stack/neutron/neutron/api/extensions.py:449}}
Jul 15 01:14:01.319841 np0000185392 devstack@neutron-api.service[102055]: DEBUG neutron_lib.callbacks.manager [None req-90a4f369-a060-4856-b4ef-c11fd9ee3aa8 None None] Subscribe: > logging-plugin after_init 55550000, False {{(pid=102055) subscribe /opt/stack/data/venv/lib/python3.12/site-packages/neutron_lib/callbacks/manager.py:52}}
Jul 15 01:14:01.319899 np0000185392 devstack@neutron-api.service[102053]: DEBUG neutron.api.extensions [None req-35f51077-9bff-47d7-a279-e9ed7cfbe311 None None] Ext name="Subnet service types" alias="subnet-service-types" description="Provides ability to set the subnet service_types field" updated="2016-03-15T18:00:00-00:00" {{(pid=102053) _check_extension /opt/stack/neutron/neutron/api/extensions.py:415}}
Jul 15 01:14:01.319899 np0000185392 devstack@neutron-api.service[102053]: INFO neutron.api.extensions [None req-35f51077-9bff-47d7-a279-e9ed7cfbe311 None None] Loaded extension: subnet-service-types
Jul 15 01:14:01.319899 np0000185392 devstack@neutron-api.service[102053]: DEBUG neutron.api.extensions [None req-35f51077-9bff-47d7-a279-e9ed7cfbe311 None None] Loading extension file: subnetallocation.py {{(pid=102053) _load_all_extensions_from_path /opt/stack/neutron/neutron/api/extensions.py:449}}
Jul 15 01:14:01.320022 np0000185392 devstack@neutron-api.service[102055]: INFO neutron.services.logapi.drivers.ovn.driver [None req-90a4f369-a060-4856-b4ef-c11fd9ee3aa8 None None] OVN logging driver registered
Jul 15 01:14:01.320022 np0000185392 devstack@neutron-api.service[102055]: DEBUG neutron_lib.callbacks.manager [None req-90a4f369-a060-4856-b4ef-c11fd9ee3aa8 None None] Subscribe: ._register_pvlan_driver at 0x7e29abc032e0> pvlan_plugin before_spawn 55550000, False {{(pid=102055) subscribe /opt/stack/data/venv/lib/python3.12/site-packages/neutron_lib/callbacks/manager.py:52}}
Jul 15 01:14:01.320103 np0000185392 devstack@neutron-api.service[102053]: DEBUG neutron.api.extensions [None req-35f51077-9bff-47d7-a279-e9ed7cfbe311 None None] Ext name="Subnet Allocation" alias="subnet_allocation" description="Enables allocation of subnets from a subnet pool" updated="2015-03-30T10:00:00-00:00" {{(pid=102053) _check_extension /opt/stack/neutron/neutron/api/extensions.py:415}}
Jul 15 01:14:01.320162 np0000185392 devstack@neutron-api.service[102055]: DEBUG neutron_lib.callbacks.manager [None req-90a4f369-a060-4856-b4ef-c11fd9ee3aa8 None None] Subscribe: process after_init 55550000, False {{(pid=102055) subscribe /opt/stack/data/venv/lib/python3.12/site-packages/neutron_lib/callbacks/manager.py:52}}
Jul 15 01:14:01.320217 np0000185392 devstack@neutron-api.service[102053]: INFO neutron.api.extensions [None req-35f51077-9bff-47d7-a279-e9ed7cfbe311 None None] Loaded extension: subnet_allocation
Jul 15 01:14:01.320217 np0000185392 devstack@neutron-api.service[102053]: DEBUG neutron.api.extensions [None req-35f51077-9bff-47d7-a279-e9ed7cfbe311 None None] Loading extension file: subnetpool_prefix_ops.py {{(pid=102053) _load_all_extensions_from_path /opt/stack/neutron/neutron/api/extensions.py:449}}
Jul 15 01:14:01.320217 np0000185392 devstack@neutron-api.service[102053]: DEBUG neutron.api.extensions [None req-35f51077-9bff-47d7-a279-e9ed7cfbe311 None None] Ext name="Subnet Pool Prefix Operations" alias="subnetpool-prefix-ops" description="Provides support for adjusting the prefix list of subnet pools" updated="2019-02-08T10:00:00-00:00" {{(pid=102053) _check_extension /opt/stack/neutron/neutron/api/extensions.py:415}}
Jul 15 01:14:01.320217 np0000185392 devstack@neutron-api.service[102053]: INFO neutron.api.extensions [None req-35f51077-9bff-47d7-a279-e9ed7cfbe311 None None] Loaded extension: subnetpool-prefix-ops
Jul 15 01:14:01.320217 np0000185392 devstack@neutron-api.service[102053]: DEBUG neutron.api.extensions [None req-35f51077-9bff-47d7-a279-e9ed7cfbe311 None None] Loading extension file: tag_creation.py {{(pid=102053) _load_all_extensions_from_path /opt/stack/neutron/neutron/api/extensions.py:449}}
Jul 15 01:14:01.320217 np0000185392 devstack@neutron-api.service[102053]: DEBUG neutron.api.extensions [None req-35f51077-9bff-47d7-a279-e9ed7cfbe311 None None] Ext name="Tag creation extension" alias="tag-creation" description="Allow to create multiple tags for a resource" updated="2024-23-07T10:00:00-00:00" {{(pid=102053) _check_extension /opt/stack/neutron/neutron/api/extensions.py:415}}
Jul 15 01:14:01.320217 np0000185392 devstack@neutron-api.service[102053]: INFO neutron.api.extensions [None req-35f51077-9bff-47d7-a279-e9ed7cfbe311 None None] Loaded extension: tag-creation
Jul 15 01:14:01.320217 np0000185392 devstack@neutron-api.service[102053]: DEBUG neutron.api.extensions [None req-35f51077-9bff-47d7-a279-e9ed7cfbe311 None None] Loading extension file: tag_ports_during_bulk_creation.py {{(pid=102053) _load_all_extensions_from_path /opt/stack/neutron/neutron/api/extensions.py:449}}
Jul 15 01:14:01.320419 np0000185392 devstack@neutron-api.service[102053]: DEBUG neutron.api.extensions [None req-35f51077-9bff-47d7-a279-e9ed7cfbe311 None None] Ext name="Tag Ports During Bulk Creation" alias="tag-ports-during-bulk-creation" description="Allow to tag ports during bulk creation" updated="2019-12-29T19:00:00-00:00" {{(pid=102053) _check_extension /opt/stack/neutron/neutron/api/extensions.py:415}}
Jul 15 01:14:01.320419 np0000185392 devstack@neutron-api.service[102053]: INFO neutron.api.extensions [None req-35f51077-9bff-47d7-a279-e9ed7cfbe311 None None] Extension tag-ports-during-bulk-creation not supported by any of loaded plugins
Jul 15 01:14:01.320520 np0000185392 devstack@neutron-api.service[102055]: DEBUG neutron.plugins.ml2.plugin [None req-90a4f369-a060-4856-b4ef-c11fd9ee3aa8 None None] neutron.plugins.ml2.plugin.Ml2Plugin method _start_rpc_notifiers called with arguments () {} {{(pid=102055) wrapper /opt/stack/data/venv/lib/python3.12/site-packages/oslo_log/helpers.py:77}}
Jul 15 01:14:01.320575 np0000185392 devstack@neutron-api.service[102053]: DEBUG neutron.api.extensions [None req-35f51077-9bff-47d7-a279-e9ed7cfbe311 None None] Loading extension file: tagging.py {{(pid=102053) _load_all_extensions_from_path /opt/stack/neutron/neutron/api/extensions.py:449}}
Jul 15 01:14:01.320630 np0000185392 devstack@neutron-api.service[102055]: DEBUG neutron_lib.callbacks.manager [None req-90a4f369-a060-4856-b4ef-c11fd9ee3aa8 None None] Subscribe: > port after_create 55550000, False {{(pid=102055) subscribe /opt/stack/data/venv/lib/python3.12/site-packages/neutron_lib/callbacks/manager.py:52}}
Jul 15 01:14:01.320630 np0000185392 devstack@neutron-api.service[102055]: DEBUG neutron_lib.callbacks.manager [None req-90a4f369-a060-4856-b4ef-c11fd9ee3aa8 None None] Subscribe: > port after_update 55550000, False {{(pid=102055) subscribe /opt/stack/data/venv/lib/python3.12/site-packages/neutron_lib/callbacks/manager.py:52}}
Jul 15 01:14:01.320630 np0000185392 devstack@neutron-api.service[102055]: DEBUG neutron_lib.callbacks.manager [None req-90a4f369-a060-4856-b4ef-c11fd9ee3aa8 None None] Subscribe: > port after_delete 55550000, False {{(pid=102055) subscribe /opt/stack/data/venv/lib/python3.12/site-packages/neutron_lib/callbacks/manager.py:52}}
Jul 15 01:14:01.320733 np0000185392 devstack@neutron-api.service[102054]: DEBUG neutron.services.provider_configuration [None req-11e22148-c7f3-4a38-ad28-8f190cf34975 None None] Service providers = [] {{(pid=102054) parse_service_provider_opt /opt/stack/neutron/neutron/services/provider_configuration.py:170}}
Jul 15 01:14:01.320788 np0000185392 devstack@neutron-api.service[102055]: DEBUG neutron_lib.callbacks.manager [None req-90a4f369-a060-4856-b4ef-c11fd9ee3aa8 None None] Subscribe: > subnet after_create 55550000, False {{(pid=102055) subscribe /opt/stack/data/venv/lib/python3.12/site-packages/neutron_lib/callbacks/manager.py:52}}
Jul 15 01:14:01.320844 np0000185392 devstack@neutron-api.service[102054]: DEBUG neutron.db.servicetype_db [None req-11e22148-c7f3-4a38-ad28-8f190cf34975 None None] Adding provider configuration for service L3_ROUTER_NAT {{(pid=102054) add_provider_configuration /opt/stack/neutron/neutron/db/servicetype_db.py:45}}
Jul 15 01:14:01.320904 np0000185392 devstack@neutron-api.service[102055]: DEBUG neutron_lib.callbacks.manager [None req-90a4f369-a060-4856-b4ef-c11fd9ee3aa8 None None] Subscribe: > subnet after_update 55550000, False {{(pid=102055) subscribe /opt/stack/data/venv/lib/python3.12/site-packages/neutron_lib/callbacks/manager.py:52}}
Jul 15 01:14:01.320984 np0000185392 devstack@neutron-api.service[102053]: DEBUG neutron.api.extensions [None req-35f51077-9bff-47d7-a279-e9ed7cfbe311 None None] Ext name="Tag support for resources with standard attribute: port, subnet, subnetpool, network, security_group, router, floatingip, policy, trunk, network_segment_range" alias="standard-attr-tag" description="Enables to set tag on resources with standard attribute." updated="2017-01-01T00:00:00-00:00" {{(pid=102053) _check_extension /opt/stack/neutron/neutron/api/extensions.py:415}}
Jul 15 01:14:01.321063 np0000185392 devstack@neutron-api.service[102055]: DEBUG neutron_lib.callbacks.manager [None req-90a4f369-a060-4856-b4ef-c11fd9ee3aa8 None None] Subscribe: > subnet after_delete 55550000, False {{(pid=102055) subscribe /opt/stack/data/venv/lib/python3.12/site-packages/neutron_lib/callbacks/manager.py:52}}
Jul 15 01:14:01.321063 np0000185392 devstack@neutron-api.service[102055]: DEBUG neutron_lib.callbacks.manager [None req-90a4f369-a060-4856-b4ef-c11fd9ee3aa8 None None] Subscribe: > network after_create 55550000, False {{(pid=102055) subscribe /opt/stack/data/venv/lib/python3.12/site-packages/neutron_lib/callbacks/manager.py:52}}
Jul 15 01:14:01.321195 np0000185392 devstack@neutron-api.service[102053]: INFO neutron.api.extensions [None req-35f51077-9bff-47d7-a279-e9ed7cfbe311 None None] Loaded extension: standard-attr-tag
Jul 15 01:14:01.321276 np0000185392 devstack@neutron-api.service[102055]: DEBUG neutron_lib.callbacks.manager [None req-90a4f369-a060-4856-b4ef-c11fd9ee3aa8 None None] Subscribe: > network after_update 55550000, False {{(pid=102055) subscribe /opt/stack/data/venv/lib/python3.12/site-packages/neutron_lib/callbacks/manager.py:52}}
Jul 15 01:14:01.321389 np0000185392 devstack@neutron-api.service[102053]: DEBUG neutron.api.extensions [None req-35f51077-9bff-47d7-a279-e9ed7cfbe311 None None] Loading extension file: timestamp.py {{(pid=102053) _load_all_extensions_from_path /opt/stack/neutron/neutron/api/extensions.py:449}}
Jul 15 01:14:01.321472 np0000185392 devstack@neutron-api.service[102055]: DEBUG neutron_lib.callbacks.manager [None req-90a4f369-a060-4856-b4ef-c11fd9ee3aa8 None None] Subscribe: > network after_delete 55550000, False {{(pid=102055) subscribe /opt/stack/data/venv/lib/python3.12/site-packages/neutron_lib/callbacks/manager.py:52}}
Jul 15 01:14:01.321472 np0000185392 devstack@neutron-api.service[102055]: DEBUG neutron_lib.callbacks.manager [None req-90a4f369-a060-4856-b4ef-c11fd9ee3aa8 None None] Subscribe: > security_group after_create 55550000, False {{(pid=102055) subscribe /opt/stack/data/venv/lib/python3.12/site-packages/neutron_lib/callbacks/manager.py:52}}
Jul 15 01:14:01.321472 np0000185392 devstack@neutron-api.service[102055]: DEBUG neutron_lib.callbacks.manager [None req-90a4f369-a060-4856-b4ef-c11fd9ee3aa8 None None] Subscribe: > security_group after_update 55550000, False {{(pid=102055) subscribe /opt/stack/data/venv/lib/python3.12/site-packages/neutron_lib/callbacks/manager.py:52}}
Jul 15 01:14:01.321570 np0000185392 devstack@neutron-api.service[102053]: DEBUG neutron.api.extensions [None req-35f51077-9bff-47d7-a279-e9ed7cfbe311 None None] Ext name="Resource timestamps" alias="standard-attr-timestamp" description="Adds created_at and updated_at fields to all Neutron resources that have Neutron standard attributes." updated="2016-09-12T10:00:00-00:00" {{(pid=102053) _check_extension /opt/stack/neutron/neutron/api/extensions.py:415}}
Jul 15 01:14:01.321634 np0000185392 devstack@neutron-api.service[102055]: DEBUG neutron_lib.callbacks.manager [None req-90a4f369-a060-4856-b4ef-c11fd9ee3aa8 None None] Subscribe: > security_group after_delete 55550000, False {{(pid=102055) subscribe /opt/stack/data/venv/lib/python3.12/site-packages/neutron_lib/callbacks/manager.py:52}}
Jul 15 01:14:01.321634 np0000185392 devstack@neutron-api.service[102055]: DEBUG neutron_lib.callbacks.manager [None req-90a4f369-a060-4856-b4ef-c11fd9ee3aa8 None None] Subscribe: > security_group_rule after_create 55550000, False {{(pid=102055) subscribe /opt/stack/data/venv/lib/python3.12/site-packages/neutron_lib/callbacks/manager.py:52}}
Jul 15 01:14:01.321719 np0000185392 devstack@neutron-api.service[102053]: INFO neutron.api.extensions [None req-35f51077-9bff-47d7-a279-e9ed7cfbe311 None None] Loaded extension: standard-attr-timestamp
Jul 15 01:14:01.321719 np0000185392 devstack@neutron-api.service[102053]: DEBUG neutron.api.extensions [None req-35f51077-9bff-47d7-a279-e9ed7cfbe311 None None] Loading extension file: trunk.py {{(pid=102053) _load_all_extensions_from_path /opt/stack/neutron/neutron/api/extensions.py:449}}
Jul 15 01:14:01.321791 np0000185392 devstack@neutron-api.service[102055]: DEBUG neutron_lib.callbacks.manager [None req-90a4f369-a060-4856-b4ef-c11fd9ee3aa8 None None] Subscribe: > security_group_rule after_update 55550000, False {{(pid=102055) subscribe /opt/stack/data/venv/lib/python3.12/site-packages/neutron_lib/callbacks/manager.py:52}}
Jul 15 01:14:01.321791 np0000185392 devstack@neutron-api.service[102055]: DEBUG neutron_lib.callbacks.manager [None req-90a4f369-a060-4856-b4ef-c11fd9ee3aa8 None None] Subscribe: > security_group_rule after_delete 55550000, False {{(pid=102055) subscribe /opt/stack/data/venv/lib/python3.12/site-packages/neutron_lib/callbacks/manager.py:52}}
Jul 15 01:14:01.321791 np0000185392 devstack@neutron-api.service[102055]: DEBUG neutron_lib.callbacks.manager [None req-90a4f369-a060-4856-b4ef-c11fd9ee3aa8 None None] Subscribe: > address_group after_create 55550000, False {{(pid=102055) subscribe /opt/stack/data/venv/lib/python3.12/site-packages/neutron_lib/callbacks/manager.py:52}}
Jul 15 01:14:01.321920 np0000185392 devstack@neutron-api.service[102054]: DEBUG neutron_lib.callbacks.manager [None req-11e22148-c7f3-4a38-ad28-8f190cf34975 None None] Subscribe: > router precommit_create 55549900, False {{(pid=102054) subscribe /opt/stack/data/venv/lib/python3.12/site-packages/neutron_lib/callbacks/manager.py:52}}
Jul 15 01:14:01.321992 np0000185392 devstack@neutron-api.service[102053]: DEBUG neutron.api.extensions [None req-35f51077-9bff-47d7-a279-e9ed7cfbe311 None None] Ext name="Trunk Extension" alias="trunk" description="Provides support for trunk ports" updated="2016-01-01T10:00:00-00:00" {{(pid=102053) _check_extension /opt/stack/neutron/neutron/api/extensions.py:415}}
Jul 15 01:14:01.322045 np0000185392 devstack@neutron-api.service[102055]: DEBUG neutron_lib.callbacks.manager [None req-90a4f369-a060-4856-b4ef-c11fd9ee3aa8 None None] Subscribe: > address_group after_update 55550000, False {{(pid=102055) subscribe /opt/stack/data/venv/lib/python3.12/site-packages/neutron_lib/callbacks/manager.py:52}}
Jul 15 01:14:01.322099 np0000185392 devstack@neutron-api.service[102054]: DEBUG neutron_lib.callbacks.manager [None req-11e22148-c7f3-4a38-ad28-8f190cf34975 None None] Subscribe: > router_interface after_create 55550000, False {{(pid=102054) subscribe /opt/stack/data/venv/lib/python3.12/site-packages/neutron_lib/callbacks/manager.py:52}}
Jul 15 01:14:01.322153 np0000185392 devstack@neutron-api.service[102055]: DEBUG neutron_lib.callbacks.manager [None req-90a4f369-a060-4856-b4ef-c11fd9ee3aa8 None None] Subscribe: > address_group after_delete 55550000, False {{(pid=102055) subscribe /opt/stack/data/venv/lib/python3.12/site-packages/neutron_lib/callbacks/manager.py:52}}
Jul 15 01:14:01.322216 np0000185392 devstack@neutron-api.service[102053]: INFO neutron.api.extensions [None req-35f51077-9bff-47d7-a279-e9ed7cfbe311 None None] Extension trunk not supported by any of loaded plugins
Jul 15 01:14:01.322273 np0000185392 devstack@neutron-api.service[102054]: DEBUG neutron_lib.callbacks.manager [None req-11e22148-c7f3-4a38-ad28-8f190cf34975 None None] Subscribe: > floatingip after_create 55550000, False {{(pid=102054) subscribe /opt/stack/data/venv/lib/python3.12/site-packages/neutron_lib/callbacks/manager.py:52}}
Jul 15 01:14:01.322335 np0000185392 devstack@neutron-api.service[102055]: DEBUG neutron.plugins.ml2.ovo_rpc [None req-90a4f369-a060-4856-b4ef-c11fd9ee3aa8 None None] ML2 OVO RPC backend initialized. {{(pid=102055) __init__ /opt/stack/neutron/neutron/plugins/ml2/ovo_rpc.py:117}}
Jul 15 01:14:01.322390 np0000185392 devstack@neutron-api.service[102053]: DEBUG neutron.api.extensions [None req-35f51077-9bff-47d7-a279-e9ed7cfbe311 None None] Loading extension file: trunk_details.py {{(pid=102053) _load_all_extensions_from_path /opt/stack/neutron/neutron/api/extensions.py:449}}
Jul 15 01:14:01.322452 np0000185392 devstack@neutron-api.service[102054]: DEBUG neutron_lib.callbacks.manager [None req-11e22148-c7f3-4a38-ad28-8f190cf34975 None None] Subscribe: > floatingip precommit_create 55550000, False {{(pid=102054) subscribe /opt/stack/data/venv/lib/python3.12/site-packages/neutron_lib/callbacks/manager.py:52}}
Jul 15 01:14:01.322452 np0000185392 devstack@neutron-api.service[102054]: DEBUG neutron_lib.callbacks.manager [None req-11e22148-c7f3-4a38-ad28-8f190cf34975 None None] Subscribe: > floatingip precommit_update 55550000, False {{(pid=102054) subscribe /opt/stack/data/venv/lib/python3.12/site-packages/neutron_lib/callbacks/manager.py:52}}
Jul 15 01:14:01.322560 np0000185392 devstack@neutron-api.service[102053]: DEBUG neutron.api.extensions [None req-35f51077-9bff-47d7-a279-e9ed7cfbe311 None None] Ext name="Trunk port details" alias="trunk-details" description="Expose trunk port details" updated="2016-01-01T10:00:00-00:00" {{(pid=102053) _check_extension /opt/stack/neutron/neutron/api/extensions.py:415}}
Jul 15 01:14:01.322659 np0000185392 devstack@neutron-api.service[102054]: DEBUG neutron_lib.callbacks.manager [None req-11e22148-c7f3-4a38-ad28-8f190cf34975 None None] Subscribe: > floatingip after_delete 55550000, False {{(pid=102054) subscribe /opt/stack/data/venv/lib/python3.12/site-packages/neutron_lib/callbacks/manager.py:52}}
Jul 15 01:14:01.322659 np0000185392 devstack@neutron-api.service[102054]: DEBUG neutron_lib.callbacks.manager [None req-11e22148-c7f3-4a38-ad28-8f190cf34975 None None] Subscribe: > floatingip after_status_update 55550000, False {{(pid=102054) subscribe /opt/stack/data/venv/lib/python3.12/site-packages/neutron_lib/callbacks/manager.py:52}}
Jul 15 01:14:01.322784 np0000185392 devstack@neutron-api.service[102053]: INFO neutron.api.extensions [None req-35f51077-9bff-47d7-a279-e9ed7cfbe311 None None] Extension trunk-details not supported by any of loaded plugins
Jul 15 01:14:01.322842 np0000185392 devstack@neutron-api.service[102054]: DEBUG neutron_lib.callbacks.manager [None req-11e22148-c7f3-4a38-ad28-8f190cf34975 None None] Subscribe: > floatingip after_update 55550000, False {{(pid=102054) subscribe /opt/stack/data/venv/lib/python3.12/site-packages/neutron_lib/callbacks/manager.py:52}}
Jul 15 01:14:01.322901 np0000185392 devstack@neutron-api.service[102053]: DEBUG neutron.api.extensions [None req-35f51077-9bff-47d7-a279-e9ed7cfbe311 None None] Loading extension file: uplink_status_propagation.py {{(pid=102053) _load_all_extensions_from_path /opt/stack/neutron/neutron/api/extensions.py:449}}
Jul 15 01:14:01.323007 np0000185392 devstack@neutron-api.service[102054]: DEBUG neutron_lib.callbacks.manager [None req-11e22148-c7f3-4a38-ad28-8f190cf34975 None None] Subscribe: > port_forwarding after_create 55550000, False {{(pid=102054) subscribe /opt/stack/data/venv/lib/python3.12/site-packages/neutron_lib/callbacks/manager.py:52}}
Jul 15 01:14:01.323007 np0000185392 devstack@neutron-api.service[102054]: DEBUG neutron_lib.callbacks.manager [None req-11e22148-c7f3-4a38-ad28-8f190cf34975 None None] Subscribe: > router_interface after_delete 55550000, False {{(pid=102054) subscribe /opt/stack/data/venv/lib/python3.12/site-packages/neutron_lib/callbacks/manager.py:52}}
Jul 15 01:14:01.323143 np0000185392 devstack@neutron-api.service[102053]: DEBUG neutron.api.extensions [None req-35f51077-9bff-47d7-a279-e9ed7cfbe311 None None] Ext name="Uplink status propagation extension" alias="uplink-status-propagation" description="Provides ability to propagate port uplink status." updated="2018-05-31T18:00:00-00:00" {{(pid=102053) _check_extension /opt/stack/neutron/neutron/api/extensions.py:415}}
Jul 15 01:14:01.323202 np0000185392 devstack@neutron-api.service[102054]: DEBUG neutron_lib.callbacks.manager [None req-11e22148-c7f3-4a38-ad28-8f190cf34975 None None] Subscribe: > router after_create 55550000, False {{(pid=102054) subscribe /opt/stack/data/venv/lib/python3.12/site-packages/neutron_lib/callbacks/manager.py:52}}
Jul 15 01:14:01.323202 np0000185392 devstack@neutron-api.service[102054]: DEBUG neutron_lib.callbacks.manager [None req-11e22148-c7f3-4a38-ad28-8f190cf34975 None None] Subscribe: > router precommit_create 55550000, False {{(pid=102054) subscribe /opt/stack/data/venv/lib/python3.12/site-packages/neutron_lib/callbacks/manager.py:52}}
Jul 15 01:14:01.323319 np0000185392 devstack@neutron-api.service[102053]: INFO neutron.api.extensions [None req-35f51077-9bff-47d7-a279-e9ed7cfbe311 None None] Extension uplink-status-propagation not supported by any of loaded plugins
Jul 15 01:14:01.323505 np0000185392 devstack@neutron-api.service[102055]: INFO neutron.quota [None req-90a4f369-a060-4856-b4ef-c11fd9ee3aa8 None None] Loaded quota_driver: .
Jul 15 01:14:01.323624 np0000185392 devstack@neutron-api.service[102054]: DEBUG neutron_lib.callbacks.manager [None req-11e22148-c7f3-4a38-ad28-8f190cf34975 None None] Subscribe: > router after_delete 55550000, False {{(pid=102054) subscribe /opt/stack/data/venv/lib/python3.12/site-packages/neutron_lib/callbacks/manager.py:52}}
Jul 15 01:14:01.323721 np0000185392 devstack@neutron-api.service[102053]: DEBUG neutron.api.extensions [None req-35f51077-9bff-47d7-a279-e9ed7cfbe311 None None] Loading extension file: uplink_status_propagation_updatable.py {{(pid=102053) _load_all_extensions_from_path /opt/stack/neutron/neutron/api/extensions.py:449}}
Jul 15 01:14:01.323820 np0000185392 devstack@neutron-api.service[102055]: INFO neutron.plugins.ml2.plugin [None req-90a4f369-a060-4856-b4ef-c11fd9ee3aa8 None None] Modular L2 Plugin initialization complete
Jul 15 01:14:01.323880 np0000185392 devstack@neutron-api.service[102054]: DEBUG neutron_lib.callbacks.manager [None req-11e22148-c7f3-4a38-ad28-8f190cf34975 None None] Subscribe: > router after_update 55550000, False {{(pid=102054) subscribe /opt/stack/data/venv/lib/python3.12/site-packages/neutron_lib/callbacks/manager.py:52}}
Jul 15 01:14:01.323880 np0000185392 devstack@neutron-api.service[102054]: DEBUG neutron.services.service_base [None req-11e22148-c7f3-4a38-ad28-8f190cf34975 None None] Loaded 'neutron.services.ovn_l3.service_providers.ovn.OvnDriver' provider for service L3_ROUTER_NAT {{(pid=102054) load_drivers /opt/stack/neutron/neutron/services/service_base.py:49}}
Jul 15 01:14:01.324022 np0000185392 devstack@neutron-api.service[102055]: DEBUG neutron.manager [None req-90a4f369-a060-4856-b4ef-c11fd9ee3aa8 None None] Loading services supported by the core plugin {{(pid=102055) _load_services_from_core_plugin /opt/stack/neutron/neutron/manager.py:167}}
Jul 15 01:14:01.324137 np0000185392 devstack@neutron-api.service[102053]: DEBUG neutron.api.extensions [None req-35f51077-9bff-47d7-a279-e9ed7cfbe311 None None] Ext name="Uplink status propagation updatable extension" alias="uplink-status-propagation-updatable" description="Provides ability to update the port uplink status." updated="2024-09-03T18:00:00-00:00" {{(pid=102053) _check_extension /opt/stack/neutron/neutron/api/extensions.py:415}}
Jul 15 01:14:01.324200 np0000185392 devstack@neutron-api.service[102054]: DEBUG neutron_lib.callbacks.manager [None req-11e22148-c7f3-4a38-ad28-8f190cf34975 None None] Subscribe: > process after_init 55550001, True {{(pid=102054) subscribe /opt/stack/data/venv/lib/python3.12/site-packages/neutron_lib/callbacks/manager.py:52}}
Jul 15 01:14:01.324302 np0000185392 devstack@neutron-api.service[102055]: INFO neutron.plugins.ml2.managers [None req-90a4f369-a060-4856-b4ef-c11fd9ee3aa8 None None] Got port-security extension from driver 'port_security'
Jul 15 01:14:01.324372 np0000185392 devstack@neutron-api.service[102053]: INFO neutron.api.extensions [None req-35f51077-9bff-47d7-a279-e9ed7cfbe311 None None] Extension uplink-status-propagation-updatable not supported by any of loaded plugins
Jul 15 01:14:01.324462 np0000185392 devstack@neutron-api.service[102054]: DEBUG neutron.manager [None req-11e22148-c7f3-4a38-ad28-8f190cf34975 None None] Successfully loaded L3_ROUTER_NAT plugin. Description: L3 Router Service Plugin for basic L3 forwarding using OVN {{(pid=102054) _create_and_add_service_plugin /opt/stack/neutron/neutron/manager.py:236}}
Jul 15 01:14:01.324521 np0000185392 devstack@neutron-api.service[102053]: DEBUG neutron.api.extensions [None req-35f51077-9bff-47d7-a279-e9ed7cfbe311 None None] Loading extension file: vlantransparent.py {{(pid=102053) _load_all_extensions_from_path /opt/stack/neutron/neutron/api/extensions.py:449}}
Jul 15 01:14:01.324607 np0000185392 devstack@neutron-api.service[102054]: INFO neutron.manager [None req-11e22148-c7f3-4a38-ad28-8f190cf34975 None None] Loading Plugin: auto_allocate
Jul 15 01:14:01.324671 np0000185392 devstack@neutron-api.service[102055]: DEBUG neutron.manager [None req-90a4f369-a060-4856-b4ef-c11fd9ee3aa8 None None] Loading service plugins: ['ovn-router', 'auto_allocate', 'tag', 'timestamp', 'network_ip_availability', 'flavors', 'revisions'] {{(pid=102055) _load_service_plugins /opt/stack/neutron/neutron/manager.py:192}}
Jul 15 01:14:01.324734 np0000185392 devstack@neutron-api.service[102053]: DEBUG neutron.api.extensions [None req-35f51077-9bff-47d7-a279-e9ed7cfbe311 None None] Ext name="Vlantransparent" alias="vlan-transparent" description="Provides Vlan Transparent Networks" updated="2015-03-23T09:00:00-00:00" {{(pid=102053) _check_extension /opt/stack/neutron/neutron/api/extensions.py:415}}
Jul 15 01:14:01.324827 np0000185392 devstack@neutron-api.service[102055]: INFO neutron.manager [None req-90a4f369-a060-4856-b4ef-c11fd9ee3aa8 None None] Loading Plugin: ovn-router
Jul 15 01:14:01.324883 np0000185392 devstack@neutron-api.service[102053]: INFO neutron.api.extensions [None req-35f51077-9bff-47d7-a279-e9ed7cfbe311 None None] Loaded extension: vlan-transparent
Jul 15 01:14:01.324989 np0000185392 devstack@neutron-api.service[102054]: DEBUG neutron_lib.callbacks.manager [None req-11e22148-c7f3-4a38-ad28-8f190cf34975 None None] Subscribe: network precommit_update 55550000, False {{(pid=102054) subscribe /opt/stack/data/venv/lib/python3.12/site-packages/neutron_lib/callbacks/manager.py:52}}
Jul 15 01:14:01.324989 np0000185392 devstack@neutron-api.service[102054]: DEBUG neutron_lib.callbacks.manager [None req-11e22148-c7f3-4a38-ad28-8f190cf34975 None None] Subscribe: network precommit_create 55550000, False {{(pid=102054) subscribe /opt/stack/data/venv/lib/python3.12/site-packages/neutron_lib/callbacks/manager.py:52}}
Jul 15 01:14:01.324989 np0000185392 devstack@neutron-api.service[102054]: DEBUG neutron.manager [None req-11e22148-c7f3-4a38-ad28-8f190cf34975 None None] Successfully loaded auto-allocated-topology plugin. Description: Auto Allocated Topology - aka get me a network. {{(pid=102054) _create_and_add_service_plugin /opt/stack/neutron/neutron/manager.py:236}}
Jul 15 01:14:01.324989 np0000185392 devstack@neutron-api.service[102054]: INFO neutron.manager [None req-11e22148-c7f3-4a38-ad28-8f190cf34975 None None] Loading Plugin: tag
Jul 15 01:14:01.325277 np0000185392 devstack@neutron-api.service[102053]: INFO neutron.quota.resource_registry [None req-35f51077-9bff-47d7-a279-e9ed7cfbe311 None None] Creating instance of TrackedResource for resource:network
Jul 15 01:14:01.325277 np0000185392 devstack@neutron-api.service[102053]: INFO neutron.quota.resource_registry [None req-35f51077-9bff-47d7-a279-e9ed7cfbe311 None None] Creating instance of TrackedResource for resource:subnet
Jul 15 01:14:01.325277 np0000185392 devstack@neutron-api.service[102053]: INFO neutron.quota.resource_registry [None req-35f51077-9bff-47d7-a279-e9ed7cfbe311 None None] Creating instance of TrackedResource for resource:subnetpool
Jul 15 01:14:01.325277 np0000185392 devstack@neutron-api.service[102053]: INFO neutron.quota.resource_registry [None req-35f51077-9bff-47d7-a279-e9ed7cfbe311 None None] Creating instance of TrackedResource for resource:port
Jul 15 01:14:01.325440 np0000185392 devstack@neutron-api.service[102054]: DEBUG neutron.manager [None req-11e22148-c7f3-4a38-ad28-8f190cf34975 None None] Successfully loaded TAG plugin. Description: Tag support {{(pid=102054) _create_and_add_service_plugin /opt/stack/neutron/neutron/manager.py:236}}
Jul 15 01:14:01.325440 np0000185392 devstack@neutron-api.service[102054]: INFO neutron.manager [None req-11e22148-c7f3-4a38-ad28-8f190cf34975 None None] Loading Plugin: timestamp
Jul 15 01:14:01.325604 np0000185392 devstack@neutron-api.service[102053]: INFO neutron.quota.resource_registry [None req-35f51077-9bff-47d7-a279-e9ed7cfbe311 None None] Creating instance of CountableResource for resource:router_route
Jul 15 01:14:01.325704 np0000185392 devstack@neutron-api.service[102053]: DEBUG neutron.api.v2.resource_helper [None req-35f51077-9bff-47d7-a279-e9ed7cfbe311 None None] Service L3_ROUTER_NAT assigned prefix: {{(pid=102053) build_resource_info /opt/stack/neutron/neutron/api/v2/resource_helper.py:77}}
Jul 15 01:14:01.326066 np0000185392 devstack@neutron-api.service[102053]: DEBUG neutron.api.v2.resource_helper [None req-35f51077-9bff-47d7-a279-e9ed7cfbe311 None None] Service FLAVORS assigned prefix: {{(pid=102053) build_resource_info /opt/stack/neutron/neutron/api/v2/resource_helper.py:77}}
Jul 15 01:14:01.326913 np0000185392 devstack@neutron-api.service[102054]: DEBUG neutron.manager [None req-11e22148-c7f3-4a38-ad28-8f190cf34975 None None] Successfully loaded timestamp plugin. Description: Adds timestamps to Neutron resources with standard attributes {{(pid=102054) _create_and_add_service_plugin /opt/stack/neutron/neutron/manager.py:236}}
Jul 15 01:14:01.327054 np0000185392 devstack@neutron-api.service[102053]: DEBUG neutron.api.v2.resource_helper [None req-35f51077-9bff-47d7-a279-e9ed7cfbe311 None None] Service L3_ROUTER_NAT assigned prefix: {{(pid=102053) build_resource_info /opt/stack/neutron/neutron/api/v2/resource_helper.py:77}}
Jul 15 01:14:01.327142 np0000185392 devstack@neutron-api.service[102054]: INFO neutron.manager [None req-11e22148-c7f3-4a38-ad28-8f190cf34975 None None] Loading Plugin: network_ip_availability
Jul 15 01:14:01.327352 np0000185392 devstack@neutron-api.service[102053]: DEBUG neutron.api.v2.resource_helper [None req-35f51077-9bff-47d7-a279-e9ed7cfbe311 None None] Service L3_ROUTER_NAT assigned prefix: {{(pid=102053) build_resource_info /opt/stack/neutron/neutron/api/v2/resource_helper.py:77}}
Jul 15 01:14:01.327488 np0000185392 devstack@neutron-api.service[102053]: INFO neutron.quota.resource_registry [None req-35f51077-9bff-47d7-a279-e9ed7cfbe311 None None] Creating instance of TrackedResource for resource:router
Jul 15 01:14:01.327852 np0000185392 devstack@neutron-api.service[102053]: INFO neutron.quota.resource_registry [None req-35f51077-9bff-47d7-a279-e9ed7cfbe311 None None] Creating instance of TrackedResource for resource:floatingip
Jul 15 01:14:01.328582 np0000185392 devstack@neutron-api.service[102054]: DEBUG neutron.manager [None req-11e22148-c7f3-4a38-ad28-8f190cf34975 None None] Successfully loaded network-ip-availability plugin. Description: Provides IP availability data for each network and subnet. {{(pid=102054) _create_and_add_service_plugin /opt/stack/neutron/neutron/manager.py:236}}
Jul 15 01:14:01.328675 np0000185392 devstack@neutron-api.service[102054]: INFO neutron.manager [None req-11e22148-c7f3-4a38-ad28-8f190cf34975 None None] Loading Plugin: flavors
Jul 15 01:14:01.329015 np0000185392 devstack@neutron-api.service[102053]: INFO neutron.quota.resource_registry [None req-35f51077-9bff-47d7-a279-e9ed7cfbe311 None None] Creating instance of CountableResource for resource:rbac_policy
Jul 15 01:14:01.329524 np0000185392 devstack@neutron-api.service[102054]: DEBUG neutron.manager [None req-11e22148-c7f3-4a38-ad28-8f190cf34975 None None] Successfully loaded FLAVORS plugin. Description: Neutron Flavors and Service Profiles manager plugin {{(pid=102054) _create_and_add_service_plugin /opt/stack/neutron/neutron/manager.py:236}}
Jul 15 01:14:01.329524 np0000185392 devstack@neutron-api.service[102054]: INFO neutron.manager [None req-11e22148-c7f3-4a38-ad28-8f190cf34975 None None] Loading Plugin: revisions
Jul 15 01:14:01.329722 np0000185392 devstack@neutron-api.service[102053]: INFO neutron.quota.resource_registry [None req-35f51077-9bff-47d7-a279-e9ed7cfbe311 None None] Creating instance of TrackedResource for resource:security_group
Jul 15 01:14:01.330111 np0000185392 devstack@neutron-api.service[102053]: INFO neutron.quota.resource_registry [None req-35f51077-9bff-47d7-a279-e9ed7cfbe311 None None] Creating instance of TrackedResource for resource:security_group_rule
Jul 15 01:14:01.330606 np0000185392 devstack@neutron-api.service[102054]: DEBUG neutron.manager [None req-11e22148-c7f3-4a38-ad28-8f190cf34975 None None] Successfully loaded revision_plugin plugin. Description: Adds revision numbers to resources. {{(pid=102054) _create_and_add_service_plugin /opt/stack/neutron/neutron/manager.py:236}}
Jul 15 01:14:01.330701 np0000185392 devstack@neutron-api.service[102053]: DEBUG neutron.api.v2.resource_helper [None req-35f51077-9bff-47d7-a279-e9ed7cfbe311 None None] Service CORE assigned prefix: {{(pid=102053) build_resource_info /opt/stack/neutron/neutron/api/v2/resource_helper.py:77}}
Jul 15 01:14:01.330835 np0000185392 devstack@neutron-api.service[102054]: DEBUG oslo_concurrency.lockutils [None req-11e22148-c7f3-4a38-ad28-8f190cf34975 None None] Lock "manager" "released" by "neutron.manager.NeutronManager._create_instance" :: held 4.811s {{(pid=102054) inner /opt/stack/data/venv/lib/python3.12/site-packages/oslo_concurrency/lockutils.py:543}}
Jul 15 01:14:01.330945 np0000185392 devstack@neutron-api.service[102053]: INFO neutron.quota.resource_registry [None req-35f51077-9bff-47d7-a279-e9ed7cfbe311 None None] Creating instance of TrackedResource for resource:subnetpool
Jul 15 01:14:01.331081 np0000185392 devstack@neutron-api.service[102054]: DEBUG neutron.api.extensions [None req-11e22148-c7f3-4a38-ad28-8f190cf34975 None None] get_extension_paths = OrderedDict({'/opt/stack/neutron/neutron/extensions': 1}) {{(pid=102054) get_extensions_path /opt/stack/neutron/neutron/api/extensions.py:640}}
Jul 15 01:14:01.331178 np0000185392 devstack@neutron-api.service[102053]: WARNING neutron.quota.resource_registry [None req-35f51077-9bff-47d7-a279-e9ed7cfbe311 None None] subnetpool is already registered
Jul 15 01:14:01.331341 np0000185392 devstack@neutron-api.service[102054]: INFO neutron.api.extensions [None req-11e22148-c7f3-4a38-ad28-8f190cf34975 None None] Initializing extension manager.
Jul 15 01:14:01.331341 np0000185392 devstack@neutron-api.service[102054]: DEBUG neutron.api.extensions [None req-11e22148-c7f3-4a38-ad28-8f190cf34975 None None] Loading extension file: __init__.py {{(pid=102054) _load_all_extensions_from_path /opt/stack/neutron/neutron/api/extensions.py:449}}
Jul 15 01:14:01.331461 np0000185392 devstack@neutron-api.service[102053]: DEBUG neutron.api.v2.resource_helper [None req-35f51077-9bff-47d7-a279-e9ed7cfbe311 None None] Service CORE assigned prefix: {{(pid=102053) build_resource_info /opt/stack/neutron/neutron/api/v2/resource_helper.py:77}}
Jul 15 01:14:01.331593 np0000185392 devstack@neutron-api.service[102054]: DEBUG neutron.api.extensions [None req-11e22148-c7f3-4a38-ad28-8f190cf34975 None None] Loading extension file: __pycache__ {{(pid=102054) _load_all_extensions_from_path /opt/stack/neutron/neutron/api/extensions.py:449}}
Jul 15 01:14:01.331687 np0000185392 devstack@neutron-api.service[102053]: INFO neutron.quota.resource_registry [None req-35f51077-9bff-47d7-a279-e9ed7cfbe311 None None] Creating instance of TrackedResource for resource:subnetpool
Jul 15 01:14:01.331815 np0000185392 devstack@neutron-api.service[102054]: DEBUG neutron.api.extensions [None req-11e22148-c7f3-4a38-ad28-8f190cf34975 None None] Loading extension file: aap_reject_multicast.py {{(pid=102054) _load_all_extensions_from_path /opt/stack/neutron/neutron/api/extensions.py:449}}
Jul 15 01:14:01.331913 np0000185392 devstack@neutron-api.service[102053]: WARNING neutron.quota.resource_registry [None req-35f51077-9bff-47d7-a279-e9ed7cfbe311 None None] subnetpool is already registered
Jul 15 01:14:01.332019 np0000185392 devstack@neutron-api.service[102054]: DEBUG neutron.api.extensions [None req-11e22148-c7f3-4a38-ad28-8f190cf34975 None None] Ext name="Allowed address pairs reject multicast extension" alias="aap-reject-multicast" description="Reject multicast addresses in Allowed Address Pairs" updated="2026-04-01T00:00:00-00:00" {{(pid=102054) _check_extension /opt/stack/neutron/neutron/api/extensions.py:415}}
Jul 15 01:14:01.332125 np0000185392 devstack@neutron-api.service[102055]: DEBUG neutron_lib.callbacks.manager [None req-90a4f369-a060-4856-b4ef-c11fd9ee3aa8 None None] Subscribe: > router before_delete 55550000, False {{(pid=102055) subscribe /opt/stack/data/venv/lib/python3.12/site-packages/neutron_lib/callbacks/manager.py:52}}
Jul 15 01:14:01.332215 np0000185392 devstack@neutron-api.service[102054]: INFO neutron.api.extensions [None req-11e22148-c7f3-4a38-ad28-8f190cf34975 None None] Extension aap-reject-multicast not supported by any of loaded plugins
Jul 15 01:14:01.332301 np0000185392 devstack@neutron-api.service[102055]: DEBUG neutron_lib.callbacks.manager [None req-90a4f369-a060-4856-b4ef-c11fd9ee3aa8 None None] Subscribe: port before_update 55550000, False {{(pid=102055) subscribe /opt/stack/data/venv/lib/python3.12/site-packages/neutron_lib/callbacks/manager.py:52}}
Jul 15 01:14:01.332394 np0000185392 devstack@neutron-api.service[102054]: DEBUG neutron.api.extensions [None req-11e22148-c7f3-4a38-ad28-8f190cf34975 None None] Loading extension file: address_group.py {{(pid=102054) _load_all_extensions_from_path /opt/stack/neutron/neutron/api/extensions.py:449}}
Jul 15 01:14:01.332492 np0000185392 devstack@neutron-api.service[102055]: DEBUG neutron_lib.callbacks.manager [None req-90a4f369-a060-4856-b4ef-c11fd9ee3aa8 None None] Subscribe: port after_update 55550000, False {{(pid=102055) subscribe /opt/stack/data/venv/lib/python3.12/site-packages/neutron_lib/callbacks/manager.py:52}}
