2026-07-15 23:00:31.278 10 INFO neutron.db.ovn_revision_numbers_db [None req-85572e4b-b325-4e72-aab7-716834547ea5 15347a2cd9fb413892463cba0acf75e4 3b11b5342cb9458b8a6fe990fe268e21 - - default default] Successfully bumped revision number for resource e5920af2-8cce-45ed-bd29-dec8e55ec13b (type: security_group_rules) to 0
2026-07-15 23:00:31.296 10 INFO neutron.db.ovn_revision_numbers_db [None req-85572e4b-b325-4e72-aab7-716834547ea5 15347a2cd9fb413892463cba0acf75e4 3b11b5342cb9458b8a6fe990fe268e21 - - default default] Successfully bumped revision number for resource eb0255fb-56b9-4575-b066-f4cc792dbe4e (type: security_group_rules) to 0
2026-07-15 23:00:31.323 10 INFO neutron.wsgi [None req-85572e4b-b325-4e72-aab7-716834547ea5 15347a2cd9fb413892463cba0acf75e4 3b11b5342cb9458b8a6fe990fe268e21 - - default default] 10.0.0.216 "GET /v2.0/security-groups?tenant_id=f516dd7d3e8145f4a84a138785a6f3c6&name=default HTTP/1.1" status: 200 len: 3000 time: 0.2184780
2026-07-15 23:00:31.532 10 INFO neutron.wsgi [None req-539fd4c4-9d3d-4088-aa3d-bd4d296c116c 15347a2cd9fb413892463cba0acf75e4 3b11b5342cb9458b8a6fe990fe268e21 - - default default] 10.0.0.216 "DELETE /v2.0/security-groups/aaf7e0d3-0f8d-4726-82f8-042d18becc10 HTTP/1.1" status: 204 len: 168 time: 0.2007046
2026-07-15 23:00:35.337 10 INFO neutron.db.ovn_revision_numbers_db [None req-a148abea-5ab8-4262-b765-f8522498f6dd 4c900a39cbe74eb690fb7e0a7a11d1ca 71ccd75352294712abb5aa18d3aad0a9 - - default default] Successfully bumped revision number for resource 9fe92a56-2b1c-44b5-a966-26564a99083d (type: security_groups) to 1
2026-07-15 23:00:35.351 10 INFO neutron.db.ovn_revision_numbers_db [None req-a148abea-5ab8-4262-b765-f8522498f6dd 4c900a39cbe74eb690fb7e0a7a11d1ca 71ccd75352294712abb5aa18d3aad0a9 - - default default] Successfully bumped revision number for resource 8c6130dc-4476-46b7-96d1-3297a77899b3 (type: security_group_rules) to 0
2026-07-15 23:00:35.367 10 INFO neutron.db.ovn_revision_numbers_db [None req-a148abea-5ab8-4262-b765-f8522498f6dd 4c900a39cbe74eb690fb7e0a7a11d1ca 71ccd75352294712abb5aa18d3aad0a9 - - default default] Successfully bumped revision number for resource b04af74d-e7aa-4534-9dd2-5e332fe02dcc (type: security_group_rules) to 0
2026-07-15 23:00:35.383 10 INFO neutron.db.ovn_revision_numbers_db [None req-a148abea-5ab8-4262-b765-f8522498f6dd 4c900a39cbe74eb690fb7e0a7a11d1ca 71ccd75352294712abb5aa18d3aad0a9 - - default default] Successfully bumped revision number for resource bda2c841-3521-4239-a09f-f57b5420affd (type: security_group_rules) to 0
2026-07-15 23:00:35.397 10 INFO neutron.db.ovn_revision_numbers_db [None req-a148abea-5ab8-4262-b765-f8522498f6dd 4c900a39cbe74eb690fb7e0a7a11d1ca 71ccd75352294712abb5aa18d3aad0a9 - - default default] Successfully bumped revision number for resource f932e9ab-caf8-44d4-bb34-d7669b2d6c0a (type: security_group_rules) to 0
2026-07-15 23:00:35.475 10 INFO neutron.db.segments_db [None req-a148abea-5ab8-4262-b765-f8522498f6dd 4c900a39cbe74eb690fb7e0a7a11d1ca 71ccd75352294712abb5aa18d3aad0a9 - - default default] Added segment 9791681a-ff2b-4b9e-bbcb-f5dda1299b33 of type geneve for network efa61b0c-8d6e-4b58-a29a-b46fdcd5f992
2026-07-15 23:00:35.633 10 INFO neutron.db.ovn_revision_numbers_db [None req-a148abea-5ab8-4262-b765-f8522498f6dd 4c900a39cbe74eb690fb7e0a7a11d1ca 71ccd75352294712abb5aa18d3aad0a9 - - default default] Successfully bumped revision number for resource efa61b0c-8d6e-4b58-a29a-b46fdcd5f992 (type: networks) to 1
2026-07-15 23:00:35.844 10 WARNING neutron.scheduler.dhcp_agent_scheduler [None req-a148abea-5ab8-4262-b765-f8522498f6dd 4c900a39cbe74eb690fb7e0a7a11d1ca 71ccd75352294712abb5aa18d3aad0a9 - - default default] No more DHCP agents
2026-07-15 23:00:35.847 10 WARNING neutron.api.rpc.agentnotifiers.dhcp_rpc_agent_api [None req-a148abea-5ab8-4262-b765-f8522498f6dd 4c900a39cbe74eb690fb7e0a7a11d1ca 71ccd75352294712abb5aa18d3aad0a9 - - default default] Unable to schedule network efa61b0c-8d6e-4b58-a29a-b46fdcd5f992: no agents available; will retry on subsequent port and subnet creation events.
2026-07-15 23:00:35.965 10 INFO neutron.db.ovn_revision_numbers_db [None req-a148abea-5ab8-4262-b765-f8522498f6dd 4c900a39cbe74eb690fb7e0a7a11d1ca 71ccd75352294712abb5aa18d3aad0a9 - - default default] Successfully bumped revision number for resource 5691b894-f94a-475b-9017-a3db4c3187a2 (type: ports) to 1
2026-07-15 23:00:35.992 10 INFO neutron.wsgi [None req-a148abea-5ab8-4262-b765-f8522498f6dd 4c900a39cbe74eb690fb7e0a7a11d1ca 71ccd75352294712abb5aa18d3aad0a9 - - default default] 10.0.0.216 "POST /v2.0/networks HTTP/1.1" status: 201 len: 830 time: 0.9149921
2026-07-15 23:00:36.415 10 WARNING neutron.scheduler.dhcp_agent_scheduler [None req-e0f29cec-f5e1-40c6-9380-d4f36a573a68 4c900a39cbe74eb690fb7e0a7a11d1ca 71ccd75352294712abb5aa18d3aad0a9 - - default default] No more DHCP agents
2026-07-15 23:00:36.419 10 WARNING neutron.api.rpc.agentnotifiers.dhcp_rpc_agent_api [None req-e0f29cec-f5e1-40c6-9380-d4f36a573a68 4c900a39cbe74eb690fb7e0a7a11d1ca 71ccd75352294712abb5aa18d3aad0a9 - - default default] Unable to schedule network efa61b0c-8d6e-4b58-a29a-b46fdcd5f992: no agents available; will retry on subsequent port and subnet creation events.
2026-07-15 23:00:36.546 10 INFO neutron.db.ovn_revision_numbers_db [None req-e0f29cec-f5e1-40c6-9380-d4f36a573a68 4c900a39cbe74eb690fb7e0a7a11d1ca 71ccd75352294712abb5aa18d3aad0a9 - - default default] Successfully bumped revision number for resource 45c2dfe3-ee33-4421-ac90-602809d2d25c (type: ports) to 1
2026-07-15 23:00:36.574 10 INFO neutron.wsgi [None req-e0f29cec-f5e1-40c6-9380-d4f36a573a68 4c900a39cbe74eb690fb7e0a7a11d1ca 71ccd75352294712abb5aa18d3aad0a9 - - default default] 10.0.0.216 "POST /v2.0/ports HTTP/1.1" status: 201 len: 942 time: 0.5723755 /var/lib/openstack/lib/python3.10/site-packages/pycadf/identifier.py:71: UserWarning: Invalid uuid: neutron. To ensure interoperability, identifiers should be a valid uuid. warnings.warn(('Invalid uuid: %s. To ensure interoperability, '
2026-07-15 23:00:36.634 10 INFO neutron.wsgi [None req-3011ab73-036b-40ab-9989-555654260d92 4c900a39cbe74eb690fb7e0a7a11d1ca 71ccd75352294712abb5aa18d3aad0a9 - - default default] 10.0.0.216 "PUT /v2.0/ports/45c2dfe3-ee33-4421-ac90-602809d2d25c/tags HTTP/1.1" status: 200 len: 218 time: 0.0504892
2026-07-15 23:00:36.684 10 INFO neutron.wsgi [-] 10.0.0.25 "GET / HTTP/1.1" status: 200 len: 247 time: 0.0036201
2026-07-15 23:00:36.686 10 INFO neutron.wsgi [-] 10.0.0.25 "GET / HTTP/1.1" status: 200 len: 247 time: 0.0013287
2026-07-15 23:00:36.688 9 INFO neutron.wsgi [None req-ce44a8aa-c628-4c1d-b2f8-26b0ec34fe9e 4c900a39cbe74eb690fb7e0a7a11d1ca 71ccd75352294712abb5aa18d3aad0a9 - - default default] 10.0.0.216 "GET /v2.0/ports/45c2dfe3-ee33-4421-ac90-602809d2d25c/tags HTTP/1.1" status: 200 len: 218 time: 0.0476351
2026-07-15 23:00:36.740 9 INFO neutron.wsgi [None req-3db9d0d6-a9c2-4080-9a59-8458662773c4 4c900a39cbe74eb690fb7e0a7a11d1ca 71ccd75352294712abb5aa18d3aad0a9 - - default default] 10.0.0.216 "PUT /v2.0/ports/45c2dfe3-ee33-4421-ac90-602809d2d25c/tags/green HTTP/1.1" status: 201 len: 201 time: 0.0471399
2026-07-15 23:00:36.776 9 INFO neutron.wsgi [None req-df153e38-d5f8-46b0-8bf4-7369b17a95c3 4c900a39cbe74eb690fb7e0a7a11d1ca 71ccd75352294712abb5aa18d3aad0a9 - - default default] 10.0.0.216 "GET /v2.0/ports/45c2dfe3-ee33-4421-ac90-602809d2d25c/tags HTTP/1.1" status: 200 len: 227 time: 0.0319934
2026-07-15 23:00:36.813 9 INFO neutron.wsgi [None req-bd0b3d35-b343-4079-957d-5c5e309e8cd7 4c900a39cbe74eb690fb7e0a7a11d1ca 71ccd75352294712abb5aa18d3aad0a9 - - default default] 10.0.0.216 "PUT /v2.0/ports/45c2dfe3-ee33-4421-ac90-602809d2d25c/tags/red HTTP/1.1" status: 201 len: 201 time: 0.0327318
2026-07-15 23:00:36.852 9 INFO neutron.wsgi [None req-5e09ee2e-6eac-4be8-ab4d-8f176eebfa8d 4c900a39cbe74eb690fb7e0a7a11d1ca 71ccd75352294712abb5aa18d3aad0a9 - - default default] 10.0.0.216 "GET /v2.0/ports/45c2dfe3-ee33-4421-ac90-602809d2d25c/tags HTTP/1.1" status: 200 len: 227 time: 0.0344720
2026-07-15 23:00:36.910 9 INFO neutron.wsgi [None req-5a1f6497-a92f-4356-878a-7e41d872bcf3 4c900a39cbe74eb690fb7e0a7a11d1ca 71ccd75352294712abb5aa18d3aad0a9 - - default default] 10.0.0.216 "PUT /v2.0/ports/45c2dfe3-ee33-4421-ac90-602809d2d25c/tags/black.or.white HTTP/1.1" status: 201 len: 201 time: 0.0534868
2026-07-15 23:00:36.943 9 INFO neutron.wsgi [None req-5f168451-a97a-4ca0-b25e-cbd3864b38f7 4c900a39cbe74eb690fb7e0a7a11d1ca 71ccd75352294712abb5aa18d3aad0a9 - - default default] 10.0.0.216 "GET /v2.0/ports/45c2dfe3-ee33-4421-ac90-602809d2d25c/tags HTTP/1.1" status: 200 len: 245 time: 0.0278394
2026-07-15 23:00:36.989 9 INFO neutron.wsgi [None req-7b5254aa-4c8f-4944-b5bd-b0e3465bae42 4c900a39cbe74eb690fb7e0a7a11d1ca 71ccd75352294712abb5aa18d3aad0a9 - - default default] 10.0.0.216 "PUT /v2.0/ports/45c2dfe3-ee33-4421-ac90-602809d2d25c/tags HTTP/1.1" status: 200 len: 230 time: 0.0405772
2026-07-15 23:00:37.027 9 INFO neutron.wsgi [None req-d76e5e09-fb43-4360-88b1-e7c6a39b608f 4c900a39cbe74eb690fb7e0a7a11d1ca 71ccd75352294712abb5aa18d3aad0a9 - - default default] 10.0.0.216 "GET /v2.0/ports/45c2dfe3-ee33-4421-ac90-602809d2d25c/tags HTTP/1.1" status: 200 len: 230 time: 0.0333381
2026-07-15 23:00:37.065 10 INFO neutron.wsgi [None req-aefe2e4c-c00b-4c1d-bf51-32d269de37c9 4c900a39cbe74eb690fb7e0a7a11d1ca 71ccd75352294712abb5aa18d3aad0a9 - - default default] 10.0.0.216 "GET /v2.0/ports/45c2dfe3-ee33-4421-ac90-602809d2d25c/tags/red HTTP/1.1" status: 204 len: 168 time: 0.0322847
2026-07-15 23:00:37.101 10 INFO neutron.api.v2.resource [None req-a1e5a02e-59cd-4043-9824-31fc8c1e7ab9 4c900a39cbe74eb690fb7e0a7a11d1ca 71ccd75352294712abb5aa18d3aad0a9 - - default default] show failed (client error): The resource could not be found.
2026-07-15 23:00:37.104 10 INFO neutron.wsgi [None req-a1e5a02e-59cd-4043-9824-31fc8c1e7ab9 4c900a39cbe74eb690fb7e0a7a11d1ca 71ccd75352294712abb5aa18d3aad0a9 - - default default] 10.0.0.216 "GET /v2.0/ports/45c2dfe3-ee33-4421-ac90-602809d2d25c/tags/green HTTP/1.1" status: 404 len: 299 time: 0.0330086
2026-07-15 23:00:37.151 10 INFO neutron.wsgi [None req-120e6554-d3fb-44a5-b4e9-a5ad4b79c54c 4c900a39cbe74eb690fb7e0a7a11d1ca 71ccd75352294712abb5aa18d3aad0a9 - - default default] 10.0.0.216 "DELETE /v2.0/ports/45c2dfe3-ee33-4421-ac90-602809d2d25c/tags/red HTTP/1.1" status: 204 len: 168 time: 0.0413139
2026-07-15 23:00:37.187 10 INFO neutron.wsgi [None req-e13b54d1-d826-4500-9015-7496727c2a6a 4c900a39cbe74eb690fb7e0a7a11d1ca 71ccd75352294712abb5aa18d3aad0a9 - - default default] 10.0.0.216 "GET /v2.0/ports/45c2dfe3-ee33-4421-ac90-602809d2d25c/tags HTTP/1.1" status: 200 len: 223 time: 0.0312579
2026-07-15 23:00:37.222 10 INFO neutron.api.v2.resource [None req-59ae1f4c-2a8b-4820-bdb5-12a593db7774 4c900a39cbe74eb690fb7e0a7a11d1ca 71ccd75352294712abb5aa18d3aad0a9 - - default default] delete failed (client error): The resource could not be found.
2026-07-15 23:00:37.225 10 INFO neutron.wsgi [None req-59ae1f4c-2a8b-4820-bdb5-12a593db7774 4c900a39cbe74eb690fb7e0a7a11d1ca 71ccd75352294712abb5aa18d3aad0a9 - - default default] 10.0.0.216 "DELETE /v2.0/ports/45c2dfe3-ee33-4421-ac90-602809d2d25c/tags/green HTTP/1.1" status: 404 len: 299 time: 0.0336514
2026-07-15 23:00:37.276 9 INFO neutron.wsgi [None req-b032b839-8853-49d8-9b11-a059ee2bee56 4c900a39cbe74eb690fb7e0a7a11d1ca 71ccd75352294712abb5aa18d3aad0a9 - - default default] 10.0.0.216 "DELETE /v2.0/ports/45c2dfe3-ee33-4421-ac90-602809d2d25c/tags HTTP/1.1" status: 204 len: 168 time: 0.0456688
2026-07-15 23:00:37.312 9 INFO neutron.wsgi [None req-e1370607-46bd-4c8c-8fe9-8e762889a853 4c900a39cbe74eb690fb7e0a7a11d1ca 71ccd75352294712abb5aa18d3aad0a9 - - default default] 10.0.0.216 "GET /v2.0/ports/45c2dfe3-ee33-4421-ac90-602809d2d25c/tags HTTP/1.1" status: 200 len: 205 time: 0.0326118
2026-07-15 23:00:37.541 9 INFO neutron.wsgi [None req-0cdcf632-2601-49d9-ae35-3fd7b2caf64c 4c900a39cbe74eb690fb7e0a7a11d1ca 71ccd75352294712abb5aa18d3aad0a9 - - default default] 10.0.0.216 "DELETE /v2.0/ports/45c2dfe3-ee33-4421-ac90-602809d2d25c HTTP/1.1" status: 204 len: 168 time: 0.2128975
2026-07-15 23:00:38.177 9 INFO neutron.wsgi [None req-508b10a7-45a3-4a8f-9814-b5e61ba7f740 4c900a39cbe74eb690fb7e0a7a11d1ca 71ccd75352294712abb5aa18d3aad0a9 - - default default] 10.0.0.216 "DELETE /v2.0/networks/efa61b0c-8d6e-4b58-a29a-b46fdcd5f992 HTTP/1.1" status: 204 len: 168 time: 0.6310525
2026-07-15 23:00:38.262 9 INFO neutron.services.segments.plugin [-] Segment 9791681a-ff2b-4b9e-bbcb-f5dda1299b33 resource provider aggregate not found
2026-07-15 23:00:38.270 9 INFO neutron.services.segments.plugin [-] Segment 9791681a-ff2b-4b9e-bbcb-f5dda1299b33 resource provider aggregate not found
2026-07-15 23:00:38.282 9 INFO neutron.services.segments.plugin [-] Segment 9791681a-ff2b-4b9e-bbcb-f5dda1299b33 resource provider not found; error: Placement Client Error (4xx): {"errors": [{"status": 404, "title": "Not Found", "detail": "The resource could not be found.\n\n No resource provider with uuid 9791681a-ff2b-4b9e-bbcb-f5dda1299b33 found for delete ", "request_id": "req-e06dd95d-d6ce-4ba9-96bf-533d45be8a4d"}]}
2026-07-15 23:00:38.289 9 INFO neutron.services.segments.plugin [-] Segment 9791681a-ff2b-4b9e-bbcb-f5dda1299b33 resource provider not found; error: Placement Client Error (4xx): {"errors": [{"status": 404, "title": "Not Found", "detail": "The resource could not be found.\n\n No resource provider with uuid 9791681a-ff2b-4b9e-bbcb-f5dda1299b33 found for delete ", "request_id": "req-611673ab-f7dc-4df5-94ea-bc778de9fe60"}]}
2026-07-15 23:00:39.044 10 INFO neutron.wsgi [None req-f589aa47-2164-41d5-88ad-cc42cd186dac 15347a2cd9fb413892463cba0acf75e4 3b11b5342cb9458b8a6fe990fe268e21 - - default default] 10.0.0.216 "GET /v2.0/security-groups?tenant_id=71ccd75352294712abb5aa18d3aad0a9&name=default HTTP/1.1" status: 200 len: 3000 time: 0.1516936
2026-07-15 23:00:39.377 9 INFO neutron.wsgi [None req-6daa94be-15c1-4cc6-a338-685105f57265 15347a2cd9fb413892463cba0acf75e4 3b11b5342cb9458b8a6fe990fe268e21 - - default default] 10.0.0.216 "DELETE /v2.0/security-groups/9fe92a56-2b1c-44b5-a966-26564a99083d HTTP/1.1" status: 204 len: 168 time: 0.3194184
2026-07-15 23:00:39.591 9 INFO neutron.db.ovn_revision_numbers_db [None req-81da802c-2fdb-4d48-b401-ddc38dfdbdea 15347a2cd9fb413892463cba0acf75e4 3b11b5342cb9458b8a6fe990fe268e21 - - default default] Successfully bumped revision number for resource 7c27002b-24ea-4202-a3a4-91dc215e9a9c (type: security_groups) to 1
2026-07-15 23:00:39.617 9 INFO neutron.db.ovn_revision_numbers_db [None req-81da802c-2fdb-4d48-b401-ddc38dfdbdea 15347a2cd9fb413892463cba0acf75e4 3b11b5342cb9458b8a6fe990fe268e21 - - default default] Successfully bumped revision number for resource 00bd8dda-d313-43f9-a8b7-ccaa57153617 (type: security_group_rules) to 0
2026-07-15 23:00:39.632 9 INFO neutron.db.ovn_revision_numbers_db [None req-81da802c-2fdb-4d48-b401-ddc38dfdbdea 15347a2cd9fb413892463cba0acf75e4 3b11b5342cb9458b8a6fe990fe268e21 - - default default] Successfully bumped revision number for resource 4cfd080b-e2f8-4ddc-a7c8-38b9d6ba487a (type: security_group_rules) to 0
2026-07-15 23:00:39.646 9 INFO neutron.db.ovn_revision_numbers_db [None req-81da802c-2fdb-4d48-b401-ddc38dfdbdea 15347a2cd9fb413892463cba0acf75e4 3b11b5342cb9458b8a6fe990fe268e21 - - default default] Successfully bumped revision number for resource 622e941a-e2b5-4f4a-a477-872d50624cf8 (type: security_group_rules) to 0
2026-07-15 23:00:39.659 9 INFO neutron.db.ovn_revision_numbers_db [None req-81da802c-2fdb-4d48-b401-ddc38dfdbdea 15347a2cd9fb413892463cba0acf75e4 3b11b5342cb9458b8a6fe990fe268e21 - - default default] Successfully bumped revision number for resource 7b4c514e-6e22-4041-a974-e297fa111035 (type: security_group_rules) to 0
2026-07-15 23:00:39.681 9 INFO neutron.wsgi [None req-81da802c-2fdb-4d48-b401-ddc38dfdbdea 15347a2cd9fb413892463cba0acf75e4 3b11b5342cb9458b8a6fe990fe268e21 - - default default] 10.0.0.216 "GET /v2.0/security-groups?tenant_id=d52f94df24fe4a7e9321bfa83ca6a2db&name=default HTTP/1.1" status: 200 len: 3000 time: 0.2101185
2026-07-15 23:00:39.883 9 INFO neutron.wsgi [None req-84df063f-f5b3-4ee8-8132-1f22dc1a12e3 15347a2cd9fb413892463cba0acf75e4 3b11b5342cb9458b8a6fe990fe268e21 - - default default] 10.0.0.216 "DELETE /v2.0/security-groups/7c27002b-24ea-4202-a3a4-91dc215e9a9c HTTP/1.1" status: 204 len: 168 time: 0.1955600
2026-07-15 23:00:41.018 10 INFO neutron.wsgi [req-6c615dae-1a93-4b07-a2ca-32aa51b61512 req-0d8f6cf1-59de-4cb5-b0da-d3d081348df7 020148a245aa457ba8f9ae8eec1f5b74 f4970c914d95420382e7831c1c5a8c46 - - 713730aea4c849d39e19d81e6968278a 713730aea4c849d39e19d81e6968278a] 199.204.45.235 "GET /v2.0/ports?device_id=cbae58f0-de3e-45fb-ba5b-b6730e63847a&fields=binding%3Ahost_id&fields=binding%3Avif_type HTTP/1.1" status: 200 len: 265 time: 0.2649221
2026-07-15 23:00:41.102 10 INFO neutron.wsgi [req-6c615dae-1a93-4b07-a2ca-32aa51b61512 req-54364ed8-c41c-4038-8007-6855d039abfe 020148a245aa457ba8f9ae8eec1f5b74 f4970c914d95420382e7831c1c5a8c46 - - 713730aea4c849d39e19d81e6968278a 713730aea4c849d39e19d81e6968278a] 199.204.45.235 "GET /v2.0/ports?tenant_id=8ffce727ee354c99ac91b56cd319ff3c&device_id=cbae58f0-de3e-45fb-ba5b-b6730e63847a HTTP/1.1" status: 200 len: 1634 time: 0.0373533
2026-07-15 23:00:41.209 10 INFO neutron.wsgi [req-6c615dae-1a93-4b07-a2ca-32aa51b61512 req-83d35401-eec8-4808-ba83-cb58502ee0e8 020148a245aa457ba8f9ae8eec1f5b74 f4970c914d95420382e7831c1c5a8c46 - - 713730aea4c849d39e19d81e6968278a 713730aea4c849d39e19d81e6968278a] 199.204.45.235 "GET /v2.0/networks?id=7a774c76-5041-4ab4-aa60-3fe940d6426c HTTP/1.1" status: 200 len: 1001 time: 0.0901678
2026-07-15 23:00:41.276 10 INFO neutron.wsgi [req-6c615dae-1a93-4b07-a2ca-32aa51b61512 req-96c6bb18-ae30-4e8b-9ca3-ddf699166055 020148a245aa457ba8f9ae8eec1f5b74 f4970c914d95420382e7831c1c5a8c46 - - 713730aea4c849d39e19d81e6968278a 713730aea4c849d39e19d81e6968278a] 199.204.45.235 "GET /v2.0/floatingips?fixed_ip_address=10.2.1.97&port_id=8189abff-b440-46ee-b4be-0bb11cd25ced HTTP/1.1" status: 200 len: 1058 time: 0.0607333
2026-07-15 23:00:41.312 10 INFO neutron.wsgi [req-6c615dae-1a93-4b07-a2ca-32aa51b61512 req-f9feb3b3-ba56-4187-adb8-19f634121da1 020148a245aa457ba8f9ae8eec1f5b74 f4970c914d95420382e7831c1c5a8c46 - - 713730aea4c849d39e19d81e6968278a 713730aea4c849d39e19d81e6968278a] 199.204.45.235 "GET /v2.0/floatingips?fixed_ip_address=fd7b%3Af9f7%3Afff%3A4eca%3A%3A169&port_id=8189abff-b440-46ee-b4be-0bb11cd25ced HTTP/1.1" status: 200 len: 217 time: 0.0263448
2026-07-15 23:00:41.362 10 INFO neutron.wsgi [req-6c615dae-1a93-4b07-a2ca-32aa51b61512 req-39369163-fc5f-461f-9bb7-d618a5de4cd9 020148a245aa457ba8f9ae8eec1f5b74 f4970c914d95420382e7831c1c5a8c46 - - 713730aea4c849d39e19d81e6968278a 713730aea4c849d39e19d81e6968278a] 199.204.45.235 "GET /v2.0/subnets?id=c5ff9653-90e2-4591-b40b-cc6bec57bfa2&id=12cf96c3-9923-4b3d-8a7c-1fc6a4c9a302 HTTP/1.1" status: 200 len: 1563 time: 0.0428035
2026-07-15 23:00:41.395 10 INFO neutron.wsgi [req-6c615dae-1a93-4b07-a2ca-32aa51b61512 req-3495bd5f-525c-4a20-b0b6-7553561cbb8e 020148a245aa457ba8f9ae8eec1f5b74 f4970c914d95420382e7831c1c5a8c46 - - 713730aea4c849d39e19d81e6968278a 713730aea4c849d39e19d81e6968278a] 199.204.45.235 "GET /v2.0/ports?network_id=7a774c76-5041-4ab4-aa60-3fe940d6426c&device_owner=network%3Adhcp HTTP/1.1" status: 200 len: 210 time: 0.0284283
2026-07-15 23:00:41.431 10 INFO neutron.wsgi [req-6c615dae-1a93-4b07-a2ca-32aa51b61512 req-035167e1-24a5-4743-a57e-c64e97d514b4 020148a245aa457ba8f9ae8eec1f5b74 f4970c914d95420382e7831c1c5a8c46 - - 713730aea4c849d39e19d81e6968278a 713730aea4c849d39e19d81e6968278a] 199.204.45.235 "GET /v2.0/ports?network_id=7a774c76-5041-4ab4-aa60-3fe940d6426c&device_owner=network%3Adhcp HTTP/1.1" status: 200 len: 210 time: 0.0261061
2026-07-15 23:00:41.499 10 INFO neutron.wsgi [req-6c615dae-1a93-4b07-a2ca-32aa51b61512 req-f4196912-dccc-4cfe-94a2-42f26c272d71 020148a245aa457ba8f9ae8eec1f5b74 f4970c914d95420382e7831c1c5a8c46 - - 713730aea4c849d39e19d81e6968278a 713730aea4c849d39e19d81e6968278a] 199.204.45.235 "GET /v2.0/networks/7a774c76-5041-4ab4-aa60-3fe940d6426c?fields=segments HTTP/1.1" status: 200 len: 212 time: 0.0592666
2026-07-15 23:00:41.575 10 INFO neutron.wsgi [req-6c615dae-1a93-4b07-a2ca-32aa51b61512 req-3448515d-904f-405a-88a6-eb88df50e285 020148a245aa457ba8f9ae8eec1f5b74 f4970c914d95420382e7831c1c5a8c46 - - 713730aea4c849d39e19d81e6968278a 713730aea4c849d39e19d81e6968278a] 199.204.45.235 "GET /v2.0/networks/7a774c76-5041-4ab4-aa60-3fe940d6426c?fields=provider%3Aphysical_network&fields=provider%3Anetwork_type HTTP/1.1" status: 200 len: 277 time: 0.0680079
2026-07-15 23:00:51.685 9 INFO neutron.wsgi [-] 10.0.0.25 "GET / HTTP/1.1" status: 200 len: 247 time: 0.0035193
2026-07-15 23:00:51.688 9 INFO neutron.wsgi [-] 10.0.0.25 "GET / HTTP/1.1" status: 200 len: 247 time: 0.0018113
2026-07-15 23:01:03.809 9 INFO neutron.wsgi [None req-6e89fca0-92be-4326-a969-01624210a807 15347a2cd9fb413892463cba0acf75e4 3b11b5342cb9458b8a6fe990fe268e21 - - default default] 199.204.45.235 "GET /v2.0/extensions/security-group HTTP/1.1" status: 200 len: 369 time: 0.0090561
2026-07-15 23:01:03.816 9 INFO neutron.wsgi [None req-060becc9-f2ae-4326-908d-646edbdf64e9 15347a2cd9fb413892463cba0acf75e4 3b11b5342cb9458b8a6fe990fe268e21 - - default default] 199.204.45.235 "GET /v2.0/extensions/dns-integration HTTP/1.1" status: 200 len: 371 time: 0.0034063
2026-07-15 23:01:03.828 9 INFO neutron.wsgi [None req-8f8ce664-750b-41eb-a7f9-4264a8dfbab8 15347a2cd9fb413892463cba0acf75e4 3b11b5342cb9458b8a6fe990fe268e21 - - default default] 199.204.45.235 "GET /v2.0/extensions/qos HTTP/1.1" status: 200 len: 365 time: 0.0066967
2026-07-15 23:01:03.835 9 INFO neutron.wsgi [None req-a7f5a13c-4a0f-46d3-9921-f2f98ffb24b7 15347a2cd9fb413892463cba0acf75e4 3b11b5342cb9458b8a6fe990fe268e21 - - default default] 199.204.45.235 "GET /v2.0/extensions/allowed-address-pairs HTTP/1.1" status: 200 len: 383 time: 0.0029397
2026-07-15 23:01:03.871 9 INFO neutron.wsgi [None req-92a55d99-3015-4184-b09a-550bc4e2bd50 15347a2cd9fb413892463cba0acf75e4 3b11b5342cb9458b8a6fe990fe268e21 - - default default] 199.204.45.235 "GET /v2.0/subnets/36a7db66-ebe7-442b-88b3-46ef3b9b7035 HTTP/1.1" status: 200 len: 850 time: 0.0305333
2026-07-15 23:01:03.942 9 INFO neutron.wsgi [None req-ddd9a385-e63c-4c2c-aeea-7e108fe0f4d4 15347a2cd9fb413892463cba0acf75e4 3b11b5342cb9458b8a6fe990fe268e21 - - default default] 199.204.45.235 "GET /v2.0/ports?device_id=4b9a6f44-9f2b-43e9-a0d8-8c0131dbcc0f HTTP/1.1" status: 200 len: 1409 time: 0.0424366
2026-07-15 23:01:04.256 9 WARNING neutron.scheduler.dhcp_agent_scheduler [None req-0beac6f4-0141-4b49-ad0e-cbff18ae3100 15347a2cd9fb413892463cba0acf75e4 3b11b5342cb9458b8a6fe990fe268e21 - - default default] No more DHCP agents
2026-07-15 23:01:04.258 9 WARNING neutron.api.rpc.agentnotifiers.dhcp_rpc_agent_api [None req-0beac6f4-0141-4b49-ad0e-cbff18ae3100 15347a2cd9fb413892463cba0acf75e4 3b11b5342cb9458b8a6fe990fe268e21 - - default default] Unable to schedule network 62ccd2fe-d2b6-4800-85d1-58f525e4920a: no agents available; will retry on subsequent port and subnet creation events.
2026-07-15 23:01:04.434 9 INFO neutron.db.ovn_revision_numbers_db [None req-0beac6f4-0141-4b49-ad0e-cbff18ae3100 15347a2cd9fb413892463cba0acf75e4 3b11b5342cb9458b8a6fe990fe268e21 - - default default] Successfully bumped revision number for resource 0f997c92-58d4-462e-9e4b-e53682897977 (type: ports) to 1
2026-07-15 23:01:04.454 9 INFO neutron.wsgi [None req-0beac6f4-0141-4b49-ad0e-cbff18ae3100 15347a2cd9fb413892463cba0acf75e4 3b11b5342cb9458b8a6fe990fe268e21 - - default default] 199.204.45.235 "POST /v2.0/ports HTTP/1.1" status: 201 len: 1298 time: 0.5054781 /var/lib/openstack/lib/python3.10/site-packages/pycadf/identifier.py:71: UserWarning: Invalid uuid: neutron. To ensure interoperability, identifiers should be a valid uuid. warnings.warn(('Invalid uuid: %s. To ensure interoperability, '
2026-07-15 23:01:04.541 9 INFO neutron.wsgi [req-c0233674-bec2-4adc-a696-d728cfa1ef9d req-00e57227-a11d-4648-bcc3-1ea08ae60bb0 15347a2cd9fb413892463cba0acf75e4 3b11b5342cb9458b8a6fe990fe268e21 - - default default] 10.0.0.199 "GET /v2.0/ports/0f997c92-58d4-462e-9e4b-e53682897977 HTTP/1.1" status: 200 len: 1293 time: 0.0371530
2026-07-15 23:01:04.555 9 INFO neutron.wsgi [req-c0233674-bec2-4adc-a696-d728cfa1ef9d req-879c9bd3-ac0a-4311-9f03-3dfdf8f5e23c 15347a2cd9fb413892463cba0acf75e4 3b11b5342cb9458b8a6fe990fe268e21 - - default default] 10.0.0.199 "GET /v2.0/extensions HTTP/1.1" status: 200 len: 16525 time: 0.0070844
2026-07-15 23:01:04.658 10 INFO neutron.wsgi [req-c0233674-bec2-4adc-a696-d728cfa1ef9d req-10d84843-e85e-4ee2-b7c8-f6bf4d08f50b 020148a245aa457ba8f9ae8eec1f5b74 f4970c914d95420382e7831c1c5a8c46 - - 713730aea4c849d39e19d81e6968278a 713730aea4c849d39e19d81e6968278a] 199.204.45.235 "GET /v2.0/ports/0f997c92-58d4-462e-9e4b-e53682897977?fields=binding%3Avnic_type&fields=binding%3Aprofile&fields=network_id&fields=resource_request&fields=numa_affinity_policy&fields=device_profile HTTP/1.1" status: 200 len: 335 time: 0.0322361
2026-07-15 23:01:04.734 10 INFO neutron.wsgi [req-c0233674-bec2-4adc-a696-d728cfa1ef9d req-643d90fe-abec-4fbb-8350-2bfd138988dc 020148a245aa457ba8f9ae8eec1f5b74 f4970c914d95420382e7831c1c5a8c46 - - 713730aea4c849d39e19d81e6968278a 713730aea4c849d39e19d81e6968278a] 199.204.45.235 "GET /v2.0/networks/62ccd2fe-d2b6-4800-85d1-58f525e4920a?fields=segments HTTP/1.1" status: 200 len: 212 time: 0.0696692
2026-07-15 23:01:04.797 10 INFO neutron.wsgi [req-c0233674-bec2-4adc-a696-d728cfa1ef9d req-d0506b61-3ac8-4c54-894e-0716a5e9bd6e 020148a245aa457ba8f9ae8eec1f5b74 f4970c914d95420382e7831c1c5a8c46 - - 713730aea4c849d39e19d81e6968278a 713730aea4c849d39e19d81e6968278a] 199.204.45.235 "GET /v2.0/networks/62ccd2fe-d2b6-4800-85d1-58f525e4920a?fields=provider%3Aphysical_network&fields=provider%3Anetwork_type HTTP/1.1" status: 200 len: 277 time: 0.0560236
2026-07-15 23:01:04.857 10 INFO neutron.wsgi [req-c0233674-bec2-4adc-a696-d728cfa1ef9d req-8d5f7084-b914-4129-8b45-72e876ccdbe7 020148a245aa457ba8f9ae8eec1f5b74 f4970c914d95420382e7831c1c5a8c46 - - 713730aea4c849d39e19d81e6968278a 713730aea4c849d39e19d81e6968278a] 199.204.45.235 "GET /v2.0/ports/0f997c92-58d4-462e-9e4b-e53682897977 HTTP/1.1" status: 200 len: 1293 time: 0.0274627
2026-07-15 23:01:04.914 10 INFO neutron.wsgi [req-c0233674-bec2-4adc-a696-d728cfa1ef9d req-14df1196-329b-4db1-b1b9-48112beca3a5 15347a2cd9fb413892463cba0acf75e4 3b11b5342cb9458b8a6fe990fe268e21 - - default default] 199.204.45.235 "GET /v2.0/networks?id=62ccd2fe-d2b6-4800-85d1-58f525e4920a HTTP/1.1" status: 200 len: 1005 time: 0.0519588
2026-07-15 23:01:05.398 10 INFO neutron.db.ovn_revision_numbers_db [req-c0233674-bec2-4adc-a696-d728cfa1ef9d req-94a81407-b24b-4c7e-89b4-7da2ce38327a 020148a245aa457ba8f9ae8eec1f5b74 f4970c914d95420382e7831c1c5a8c46 - - 713730aea4c849d39e19d81e6968278a 713730aea4c849d39e19d81e6968278a] Successfully bumped revision number for resource 0f997c92-58d4-462e-9e4b-e53682897977 (type: ports) to 2
2026-07-15 23:01:05.581 10 INFO neutron.db.ovn_revision_numbers_db [req-c0233674-bec2-4adc-a696-d728cfa1ef9d req-94a81407-b24b-4c7e-89b4-7da2ce38327a 020148a245aa457ba8f9ae8eec1f5b74 f4970c914d95420382e7831c1c5a8c46 - - 713730aea4c849d39e19d81e6968278a 713730aea4c849d39e19d81e6968278a] Successfully bumped revision number for resource 0f997c92-58d4-462e-9e4b-e53682897977 (type: ports) to 2
2026-07-15 23:01:05.600 10 INFO neutron.wsgi [req-c0233674-bec2-4adc-a696-d728cfa1ef9d req-94a81407-b24b-4c7e-89b4-7da2ce38327a 020148a245aa457ba8f9ae8eec1f5b74 f4970c914d95420382e7831c1c5a8c46 - - 713730aea4c849d39e19d81e6968278a 713730aea4c849d39e19d81e6968278a] 199.204.45.235 "PUT /v2.0/ports/0f997c92-58d4-462e-9e4b-e53682897977 HTTP/1.1" status: 200 len: 1424 time: 0.6779208 /var/lib/openstack/lib/python3.10/site-packages/pycadf/identifier.py:71: UserWarning: Invalid uuid: neutron. To ensure interoperability, identifiers should be a valid uuid. warnings.warn(('Invalid uuid: %s. To ensure interoperability, '
2026-07-15 23:01:05.667 10 INFO neutron.wsgi [req-c0233674-bec2-4adc-a696-d728cfa1ef9d req-ef9dd034-3f0d-431c-91e3-70ca9aa5eeb6 020148a245aa457ba8f9ae8eec1f5b74 f4970c914d95420382e7831c1c5a8c46 - - 713730aea4c849d39e19d81e6968278a 713730aea4c849d39e19d81e6968278a] 199.204.45.235 "GET /v2.0/ports?tenant_id=3b11b5342cb9458b8a6fe990fe268e21&device_id=4b9a6f44-9f2b-43e9-a0d8-8c0131dbcc0f HTTP/1.1" status: 200 len: 2653 time: 0.0326180
2026-07-15 23:01:05.695 10 INFO neutron.notifiers.nova [-] Nova event matching ['req-d869d147-c144-4355-8e28-b333b6de87f0'] response: {'name': 'network-changed', 'server_uuid': '4b9a6f44-9f2b-43e9-a0d8-8c0131dbcc0f', 'tag': '0f997c92-58d4-462e-9e4b-e53682897977', 'status': 'completed', 'code': 200}
2026-07-15 23:01:05.697 10 INFO neutron.wsgi [req-c0233674-bec2-4adc-a696-d728cfa1ef9d req-1ba6699f-8acd-4d7f-98d2-85d2c12019c0 020148a245aa457ba8f9ae8eec1f5b74 f4970c914d95420382e7831c1c5a8c46 - - 713730aea4c849d39e19d81e6968278a 713730aea4c849d39e19d81e6968278a] 199.204.45.235 "GET /v2.0/floatingips?fixed_ip_address=172.24.0.8&port_id=5efa58f2-b463-4169-a44d-a90a6fb772f3 HTTP/1.1" status: 200 len: 217 time: 0.0224204
2026-07-15 23:01:05.729 10 INFO neutron.wsgi [req-c0233674-bec2-4adc-a696-d728cfa1ef9d req-57ded60c-c156-428b-bd43-9ab6920c27b6 020148a245aa457ba8f9ae8eec1f5b74 f4970c914d95420382e7831c1c5a8c46 - - 713730aea4c849d39e19d81e6968278a 713730aea4c849d39e19d81e6968278a] 199.204.45.235 "GET /v2.0/subnets?id=f0952432-3ffb-4c51-aaf6-3098d3abfe25 HTTP/1.1" status: 200 len: 829 time: 0.0271153
2026-07-15 23:01:05.749 10 INFO neutron.wsgi [req-c0233674-bec2-4adc-a696-d728cfa1ef9d req-2d707786-026d-4be0-b872-e1825facf911 020148a245aa457ba8f9ae8eec1f5b74 f4970c914d95420382e7831c1c5a8c46 - - 713730aea4c849d39e19d81e6968278a 713730aea4c849d39e19d81e6968278a] 199.204.45.235 "GET /v2.0/ports?network_id=696b48a7-c4c9-4a85-9190-21669bb9d787&device_owner=network%3Adhcp HTTP/1.1" status: 200 len: 210 time: 0.0162945
2026-07-15 23:01:05.809 10 INFO neutron.wsgi [req-c0233674-bec2-4adc-a696-d728cfa1ef9d req-39ee3012-e9a6-4261-ad19-bd6edf0f9377 020148a245aa457ba8f9ae8eec1f5b74 f4970c914d95420382e7831c1c5a8c46 - - 713730aea4c849d39e19d81e6968278a 713730aea4c849d39e19d81e6968278a] 199.204.45.235 "GET /v2.0/networks/696b48a7-c4c9-4a85-9190-21669bb9d787?fields=segments HTTP/1.1" status: 200 len: 212 time: 0.0544252
2026-07-15 23:01:05.860 9 INFO neutron.wsgi [None req-3a2c08e0-c0a6-42dd-b67a-19f8306d0218 15347a2cd9fb413892463cba0acf75e4 3b11b5342cb9458b8a6fe990fe268e21 - - default default] 10.0.0.62 "GET /v2.0/security-groups HTTP/1.1" status: 200 len: 29088 time: 0.0990174
2026-07-15 23:01:05.879 10 INFO neutron.wsgi [req-c0233674-bec2-4adc-a696-d728cfa1ef9d req-e846ca41-692b-4ced-aea3-948de5c25b5f 020148a245aa457ba8f9ae8eec1f5b74 f4970c914d95420382e7831c1c5a8c46 - - 713730aea4c849d39e19d81e6968278a 713730aea4c849d39e19d81e6968278a] 199.204.45.235 "GET /v2.0/networks/696b48a7-c4c9-4a85-9190-21669bb9d787?fields=provider%3Aphysical_network&fields=provider%3Anetwork_type HTTP/1.1" status: 200 len: 277 time: 0.0651038
2026-07-15 23:01:05.907 10 INFO neutron.wsgi [req-c0233674-bec2-4adc-a696-d728cfa1ef9d req-014099c8-64fe-40c5-aefb-82982cc8b580 020148a245aa457ba8f9ae8eec1f5b74 f4970c914d95420382e7831c1c5a8c46 - - 713730aea4c849d39e19d81e6968278a 713730aea4c849d39e19d81e6968278a] 199.204.45.235 "GET /v2.0/floatingips?fixed_ip_address=10.1.1.30&port_id=0f997c92-58d4-462e-9e4b-e53682897977 HTTP/1.1" status: 200 len: 217 time: 0.0202091
2026-07-15 23:01:05.911 9 INFO neutron.wsgi [None req-6a342bf4-56d4-40ea-9f89-757b27a20e6e 15347a2cd9fb413892463cba0acf75e4 3b11b5342cb9458b8a6fe990fe268e21 - - default default] 10.0.0.62 "GET /v2.0/ports HTTP/1.1" status: 200 len: 21149 time: 0.0446503
2026-07-15 23:01:05.936 9 INFO neutron.wsgi [None req-3ba0780f-ace4-4563-9fa0-89ebe2668daa 15347a2cd9fb413892463cba0acf75e4 3b11b5342cb9458b8a6fe990fe268e21 - - default default] 10.0.0.62 "GET /v2.0/agents HTTP/1.1" status: 200 len: 997 time: 0.0143709
2026-07-15 23:01:05.948 10 INFO neutron.wsgi [req-c0233674-bec2-4adc-a696-d728cfa1ef9d req-f90b0a00-857b-4b4f-bba8-7c1d6b91c563 020148a245aa457ba8f9ae8eec1f5b74 f4970c914d95420382e7831c1c5a8c46 - - 713730aea4c849d39e19d81e6968278a 713730aea4c849d39e19d81e6968278a] 199.204.45.235 "GET /v2.0/subnets?id=36a7db66-ebe7-442b-88b3-46ef3b9b7035 HTTP/1.1" status: 200 len: 853 time: 0.0333526
2026-07-15 23:01:05.981 9 INFO neutron.wsgi [None req-9649635e-4e93-4b08-964f-39e458693a3b 15347a2cd9fb413892463cba0acf75e4 3b11b5342cb9458b8a6fe990fe268e21 - - default default] 10.0.0.62 "GET /v2.0/subnets HTTP/1.1" status: 200 len: 5496 time: 0.0402188
2026-07-15 23:01:05.983 10 INFO neutron.wsgi [req-c0233674-bec2-4adc-a696-d728cfa1ef9d req-1f8090d6-5a2c-48ee-a179-11f124ebc406 020148a245aa457ba8f9ae8eec1f5b74 f4970c914d95420382e7831c1c5a8c46 - - 713730aea4c849d39e19d81e6968278a 713730aea4c849d39e19d81e6968278a] 199.204.45.235 "GET /v2.0/ports?network_id=62ccd2fe-d2b6-4800-85d1-58f525e4920a&device_owner=network%3Adhcp HTTP/1.1" status: 200 len: 210 time: 0.0241785
2026-07-15 23:01:06.030 9 INFO neutron.wsgi [None req-ad000ae6-4eb1-4a31-bc5c-1332da6bb4fe 15347a2cd9fb413892463cba0acf75e4 3b11b5342cb9458b8a6fe990fe268e21 - - default default] 10.0.0.62 "GET /v2.0/floatingips HTTP/1.1" status: 200 len: 1878 time: 0.0443718
2026-07-15 23:01:06.055 10 INFO neutron.wsgi [req-c0233674-bec2-4adc-a696-d728cfa1ef9d req-d7009934-4e53-4009-a136-75ee25de87ca 020148a245aa457ba8f9ae8eec1f5b74 f4970c914d95420382e7831c1c5a8c46 - - 713730aea4c849d39e19d81e6968278a 713730aea4c849d39e19d81e6968278a] 199.204.45.235 "GET /v2.0/networks/62ccd2fe-d2b6-4800-85d1-58f525e4920a?fields=segments HTTP/1.1" status: 200 len: 212 time: 0.0638993
2026-07-15 23:01:06.098 9 INFO neutron.wsgi [None req-8c9955e8-dd7d-402f-bcaa-b45a0bab7626 15347a2cd9fb413892463cba0acf75e4 3b11b5342cb9458b8a6fe990fe268e21 - - default default] 10.0.0.62 "GET /v2.0/networks HTTP/1.1" status: 200 len: 4720 time: 0.0674467
2026-07-15 23:01:06.122 10 INFO neutron.wsgi [req-c0233674-bec2-4adc-a696-d728cfa1ef9d req-e3defd34-7093-470f-a7e4-0daf6d24a00f 020148a245aa457ba8f9ae8eec1f5b74 f4970c914d95420382e7831c1c5a8c46 - - 713730aea4c849d39e19d81e6968278a 713730aea4c849d39e19d81e6968278a] 199.204.45.235 "GET /v2.0/networks/62ccd2fe-d2b6-4800-85d1-58f525e4920a?fields=provider%3Aphysical_network&fields=provider%3Anetwork_type HTTP/1.1" status: 200 len: 277 time: 0.0620840
2026-07-15 23:01:06.186 9 INFO neutron.wsgi [None req-e92dd421-3f6e-4595-af1c-ccb8436646c9 15347a2cd9fb413892463cba0acf75e4 3b11b5342cb9458b8a6fe990fe268e21 - - default default] 10.0.0.62 "GET /v2.0/routers HTTP/1.1" status: 200 len: 850 time: 0.0841665
2026-07-15 23:01:06.207 9 INFO neutron.wsgi [None req-5a6c6234-3a79-44e1-ab1a-fd9bdf47552d 15347a2cd9fb413892463cba0acf75e4 3b11b5342cb9458b8a6fe990fe268e21 - - default default] 10.0.0.62 "GET /v2.0/agents?binary=ovn-controller HTTP/1.1" status: 200 len: 591 time: 0.0201635
2026-07-15 23:01:06.222 9 INFO neutron.wsgi [None req-48de72ca-1dbc-4a95-a260-dd727ec75121 15347a2cd9fb413892463cba0acf75e4 3b11b5342cb9458b8a6fe990fe268e21 - - default default] 10.0.0.62 "GET /v2.0/network-ip-availabilities HTTP/1.1" status: 200 len: 3363 time: 0.0137892
2026-07-15 23:01:06.224 10 INFO neutron.wsgi [req-477eef47-a3ab-4725-b1a6-20c76dbf035f req-90e2c3ee-a0b7-4ffb-8e86-d45cac4d07e2 020148a245aa457ba8f9ae8eec1f5b74 f4970c914d95420382e7831c1c5a8c46 - - 713730aea4c849d39e19d81e6968278a 713730aea4c849d39e19d81e6968278a] 199.204.45.235 "GET /v2.0/ports?tenant_id=3b11b5342cb9458b8a6fe990fe268e21&device_id=4b9a6f44-9f2b-43e9-a0d8-8c0131dbcc0f HTTP/1.1" status: 200 len: 2653 time: 0.0416265
2026-07-15 23:01:06.253 9 INFO neutron.plugins.ml2.drivers.ovn.mech_driver.mech_driver [None req-c2740de3-9fdc-4af1-8deb-8479581be0bc - - - - - -] OVN reports status up for port: 0f997c92-58d4-462e-9e4b-e53682897977
2026-07-15 23:01:06.271 9 INFO neutron.plugins.ml2.plugin [None req-c2740de3-9fdc-4af1-8deb-8479581be0bc - - - - - -] Attempt 1 to provision port 0f997c92-58d4-462e-9e4b-e53682897977
2026-07-15 23:01:06.291 9 INFO neutron.wsgi [None req-31c0856f-df4c-4a6b-ad6f-34ef3f1d14c8 15347a2cd9fb413892463cba0acf75e4 3b11b5342cb9458b8a6fe990fe268e21 - - default default] 10.0.0.62 "GET /v2.0/subnets HTTP/1.1" status: 200 len: 5496 time: 0.0677948
2026-07-15 23:01:06.316 9 INFO neutron.wsgi [None req-a8d84fa9-f8c1-42fa-9265-55447bf907ca 15347a2cd9fb413892463cba0acf75e4 3b11b5342cb9458b8a6fe990fe268e21 - - default default] 10.0.0.62 "GET /v2.0/subnetpools HTTP/1.1" status: 200 len: 193 time: 0.0231538
2026-07-15 23:01:06.332 10 INFO neutron.wsgi [req-477eef47-a3ab-4725-b1a6-20c76dbf035f req-c1bdfbb3-e45f-4d1a-9fc3-a2b3971513e3 020148a245aa457ba8f9ae8eec1f5b74 f4970c914d95420382e7831c1c5a8c46 - - 713730aea4c849d39e19d81e6968278a 713730aea4c849d39e19d81e6968278a] 199.204.45.235 "GET /v2.0/networks?id=62ccd2fe-d2b6-4800-85d1-58f525e4920a HTTP/1.1" status: 200 len: 1005 time: 0.1022587
2026-07-15 23:01:06.378 10 INFO neutron.wsgi [req-477eef47-a3ab-4725-b1a6-20c76dbf035f req-030e93e1-2b8b-4358-a9ac-199fb24570f7 020148a245aa457ba8f9ae8eec1f5b74 f4970c914d95420382e7831c1c5a8c46 - - 713730aea4c849d39e19d81e6968278a 713730aea4c849d39e19d81e6968278a] 199.204.45.235 "GET /v2.0/floatingips?fixed_ip_address=10.1.1.30&port_id=0f997c92-58d4-462e-9e4b-e53682897977 HTTP/1.1" status: 200 len: 217 time: 0.0326965
2026-07-15 23:01:06.422 10 INFO neutron.wsgi [req-477eef47-a3ab-4725-b1a6-20c76dbf035f req-e6418aa9-959d-4d30-b1ad-b282c44e4b0e 020148a245aa457ba8f9ae8eec1f5b74 f4970c914d95420382e7831c1c5a8c46 - - 713730aea4c849d39e19d81e6968278a 713730aea4c849d39e19d81e6968278a] 199.204.45.235 "GET /v2.0/subnets?id=36a7db66-ebe7-442b-88b3-46ef3b9b7035 HTTP/1.1" status: 200 len: 853 time: 0.0351350
2026-07-15 23:01:06.451 10 INFO neutron.wsgi [req-477eef47-a3ab-4725-b1a6-20c76dbf035f req-3c42c3ec-37fa-4397-9321-225c64876faf 020148a245aa457ba8f9ae8eec1f5b74 f4970c914d95420382e7831c1c5a8c46 - - 713730aea4c849d39e19d81e6968278a 713730aea4c849d39e19d81e6968278a] 199.204.45.235 "GET /v2.0/ports?network_id=62ccd2fe-d2b6-4800-85d1-58f525e4920a&device_owner=network%3Adhcp HTTP/1.1" status: 200 len: 210 time: 0.0217514
2026-07-15 23:01:06.453 9 INFO neutron.wsgi [req-c0233674-bec2-4adc-a696-d728cfa1ef9d req-54cf1a1e-ad39-48e5-b63d-0e1ecd58e1c3 15347a2cd9fb413892463cba0acf75e4 3b11b5342cb9458b8a6fe990fe268e21 - - default default] 10.0.0.199 "GET /v2.0/ports/0f997c92-58d4-462e-9e4b-e53682897977 HTTP/1.1" status: 200 len: 1454 time: 0.0477667
2026-07-15 23:01:06.472 9 INFO neutron.notifiers.nova [-] Nova event matching ['req-287dc986-8bd8-434c-a35a-91270596a7e5'] response: {'server_uuid': '4b9a6f44-9f2b-43e9-a0d8-8c0131dbcc0f', 'name': 'network-vif-plugged', 'status': 'completed', 'tag': '0f997c92-58d4-462e-9e4b-e53682897977', 'code': 200}
2026-07-15 23:01:06.517 10 INFO neutron.wsgi [req-477eef47-a3ab-4725-b1a6-20c76dbf035f req-edb26b50-2759-4725-92e8-c7a01b7f93e0 020148a245aa457ba8f9ae8eec1f5b74 f4970c914d95420382e7831c1c5a8c46 - - 713730aea4c849d39e19d81e6968278a 713730aea4c849d39e19d81e6968278a] 199.204.45.235 "GET /v2.0/networks/62ccd2fe-d2b6-4800-85d1-58f525e4920a?fields=segments HTTP/1.1" status: 200 len: 212 time: 0.0601301
2026-07-15 23:01:06.593 10 INFO neutron.wsgi [req-477eef47-a3ab-4725-b1a6-20c76dbf035f req-74485a29-d832-4f7a-b8c1-d6d59d046ccf 020148a245aa457ba8f9ae8eec1f5b74 f4970c914d95420382e7831c1c5a8c46 - - 713730aea4c849d39e19d81e6968278a 713730aea4c849d39e19d81e6968278a] 199.204.45.235 "GET /v2.0/networks/62ccd2fe-d2b6-4800-85d1-58f525e4920a?fields=provider%3Aphysical_network&fields=provider%3Anetwork_type HTTP/1.1" status: 200 len: 277 time: 0.0696878
2026-07-15 23:01:06.655 9 INFO neutron.db.ovn_revision_numbers_db [None req-c2740de3-9fdc-4af1-8deb-8479581be0bc - - - - - -] Successfully bumped revision number for resource 0f997c92-58d4-462e-9e4b-e53682897977 (type: ports) to 4
2026-07-15 23:01:06.684 10 INFO neutron.wsgi [-] 10.0.0.25 "GET / HTTP/1.1" status: 200 len: 247 time: 0.0027168
2026-07-15 23:01:06.687 10 INFO neutron.wsgi [-] 10.0.0.25 "GET / HTTP/1.1" status: 200 len: 247 time: 0.0014851
2026-07-15 23:01:06.878 9 INFO neutron.db.ovn_revision_numbers_db [None req-8694b7b2-f801-4edb-8859-eff115377e0e 15347a2cd9fb413892463cba0acf75e4 3b11b5342cb9458b8a6fe990fe268e21 - - default default] Successfully bumped revision number for resource 0f997c92-58d4-462e-9e4b-e53682897977 (type: ports) to 5
2026-07-15 23:01:06.887 9 INFO neutron.wsgi [None req-8694b7b2-f801-4edb-8859-eff115377e0e 15347a2cd9fb413892463cba0acf75e4 3b11b5342cb9458b8a6fe990fe268e21 - - default default] 199.204.45.235 "PUT /v2.0/ports/0f997c92-58d4-462e-9e4b-e53682897977 HTTP/1.1" status: 200 len: 1487 time: 0.4220426 /var/lib/openstack/lib/python3.10/site-packages/pycadf/identifier.py:71: UserWarning: Invalid uuid: neutron. To ensure interoperability, identifiers should be a valid uuid. warnings.warn(('Invalid uuid: %s. To ensure interoperability, '
2026-07-15 23:01:06.927 9 INFO neutron.wsgi [None req-56436e45-455f-4b25-ac9d-46c8a9628a0e 15347a2cd9fb413892463cba0acf75e4 3b11b5342cb9458b8a6fe990fe268e21 - - default default] 199.204.45.235 "GET /v2.0/security-groups?name=lb-dd8ca448-a48f-4a6c-8230-55554c7372f3 HTTP/1.1" status: 200 len: 1777 time: 0.0319846
2026-07-15 23:01:07.271 9 INFO neutron.db.ovn_revision_numbers_db [None req-41a4d3ab-8d6e-4143-b1d6-f9977f5313ee 15347a2cd9fb413892463cba0acf75e4 3b11b5342cb9458b8a6fe990fe268e21 - - default default] Successfully bumped revision number for resource 0f997c92-58d4-462e-9e4b-e53682897977 (type: ports) to 6
2026-07-15 23:01:07.291 9 INFO neutron.wsgi [None req-41a4d3ab-8d6e-4143-b1d6-f9977f5313ee 15347a2cd9fb413892463cba0acf75e4 3b11b5342cb9458b8a6fe990fe268e21 - - default default] 199.204.45.235 "PUT /v2.0/ports/0f997c92-58d4-462e-9e4b-e53682897977 HTTP/1.1" status: 200 len: 1487 time: 0.3554039 /var/lib/openstack/lib/python3.10/site-packages/pycadf/identifier.py:71: UserWarning: Invalid uuid: neutron. To ensure interoperability, identifiers should be a valid uuid. warnings.warn(('Invalid uuid: %s. To ensure interoperability, '
2026-07-15 23:01:07.365 9 INFO neutron.wsgi [None req-3acef865-c1be-4234-ac31-6b5822fe0f1c 15347a2cd9fb413892463cba0acf75e4 3b11b5342cb9458b8a6fe990fe268e21 - - default default] 199.204.45.235 "GET /v2.0/extensions/security-group HTTP/1.1" status: 200 len: 369 time: 0.0070179
2026-07-15 23:01:07.372 9 INFO neutron.wsgi [None req-e616718b-6f84-4215-8eae-dd2cc23a5fed 15347a2cd9fb413892463cba0acf75e4 3b11b5342cb9458b8a6fe990fe268e21 - - default default] 199.204.45.235 "GET /v2.0/extensions/dns-integration HTTP/1.1" status: 200 len: 371 time: 0.0041530
2026-07-15 23:01:07.380 9 INFO neutron.wsgi [None req-c03d9a49-c558-4008-8c97-655f645d2ae0 15347a2cd9fb413892463cba0acf75e4 3b11b5342cb9458b8a6fe990fe268e21 - - default default] 199.204.45.235 "GET /v2.0/extensions/qos HTTP/1.1" status: 200 len: 365 time: 0.0040555
2026-07-15 23:01:07.389 9 INFO neutron.wsgi [None req-003f0aaa-0d10-4a2a-9ca9-0fbacd431ab9 15347a2cd9fb413892463cba0acf75e4 3b11b5342cb9458b8a6fe990fe268e21 - - default default] 199.204.45.235 "GET /v2.0/extensions/allowed-address-pairs HTTP/1.1" status: 200 len: 383 time: 0.0049663
2026-07-15 23:01:07.438 9 INFO neutron.wsgi [None req-4b10ba44-d2b3-4f32-8130-673b3d34f998 15347a2cd9fb413892463cba0acf75e4 3b11b5342cb9458b8a6fe990fe268e21 - - default default] 199.204.45.235 "GET /v2.0/subnets/36a7db66-ebe7-442b-88b3-46ef3b9b7035 HTTP/1.1" status: 200 len: 850 time: 0.0432191
2026-07-15 23:01:07.470 9 INFO neutron.wsgi [None req-64b8b74b-021d-4195-941d-7af3877c9911 15347a2cd9fb413892463cba0acf75e4 3b11b5342cb9458b8a6fe990fe268e21 - - default default] 199.204.45.235 "GET /v2.0/ports/cdc38da4-96ff-46bd-acd5-8be75b87db26 HTTP/1.1" status: 200 len: 1332 time: 0.0274262
2026-07-15 23:01:07.503 9 INFO neutron.wsgi [None req-4cf34126-80a9-460b-a6b4-4b1f3f4bdc97 15347a2cd9fb413892463cba0acf75e4 3b11b5342cb9458b8a6fe990fe268e21 - - default default] 199.204.45.235 "GET /v2.0/ports/0f997c92-58d4-462e-9e4b-e53682897977 HTTP/1.1" status: 200 len: 1515 time: 0.0282993
2026-07-15 23:01:07.541 9 INFO neutron.wsgi [None req-79bd8fd6-3fe5-44f2-9709-75fe61af11b0 15347a2cd9fb413892463cba0acf75e4 3b11b5342cb9458b8a6fe990fe268e21 - - default default] 199.204.45.235 "GET /v2.0/subnets/36a7db66-ebe7-442b-88b3-46ef3b9b7035 HTTP/1.1" status: 200 len: 850 time: 0.0333748
2026-07-15 23:01:07.611 9 INFO neutron.wsgi [None req-9aeee692-ae58-446f-93bf-db3621c0be29 15347a2cd9fb413892463cba0acf75e4 3b11b5342cb9458b8a6fe990fe268e21 - - default default] 199.204.45.235 "GET /v2.0/networks/62ccd2fe-d2b6-4800-85d1-58f525e4920a HTTP/1.1" status: 200 len: 1002 time: 0.0643175
2026-07-15 23:01:07.646 9 INFO neutron.wsgi [None req-7498c8bb-bfbc-4bfa-bd38-49fb3e080e24 15347a2cd9fb413892463cba0acf75e4 3b11b5342cb9458b8a6fe990fe268e21 - - default default] 199.204.45.235 "GET /v2.0/ports/cdc38da4-96ff-46bd-acd5-8be75b87db26 HTTP/1.1" status: 200 len: 1332 time: 0.0285332
2026-07-15 23:01:07.685 9 INFO neutron.wsgi [None req-c1a13664-89e4-4df4-a8fd-d3e433969a2c 15347a2cd9fb413892463cba0acf75e4 3b11b5342cb9458b8a6fe990fe268e21 - - default default] 199.204.45.235 "GET /v2.0/subnets/36a7db66-ebe7-442b-88b3-46ef3b9b7035 HTTP/1.1" status: 200 len: 850 time: 0.0340307
2026-07-15 23:01:08.512 9 INFO neutron.notifiers.nova [-] Nova event matching ['req-906d23af-2d04-4c12-a63a-aef69e106988'] response: {'server_uuid': '4b9a6f44-9f2b-43e9-a0d8-8c0131dbcc0f', 'name': 'network-vif-plugged', 'status': 'completed', 'tag': '0f997c92-58d4-462e-9e4b-e53682897977', 'code': 200}
2026-07-15 23:01:08.512 9 INFO neutron.notifiers.nova [-] Nova event matching ['req-906d23af-2d04-4c12-a63a-aef69e106988'] response: {'name': 'network-changed', 'server_uuid': '4b9a6f44-9f2b-43e9-a0d8-8c0131dbcc0f', 'tag': '0f997c92-58d4-462e-9e4b-e53682897977', 'status': 'completed', 'code': 200}
2026-07-15 23:01:08.513 9 INFO neutron.notifiers.nova [-] Nova event matching ['req-906d23af-2d04-4c12-a63a-aef69e106988'] response: {'name': 'network-changed', 'server_uuid': '4b9a6f44-9f2b-43e9-a0d8-8c0131dbcc0f', 'tag': '0f997c92-58d4-462e-9e4b-e53682897977', 'status': 'completed', 'code': 200}
2026-07-15 23:01:08.570 10 INFO neutron.wsgi [req-a52f3096-c4a2-4c40-8e93-2cbbff374154 req-bb321f49-8cab-4428-9174-4304d99674dc 020148a245aa457ba8f9ae8eec1f5b74 f4970c914d95420382e7831c1c5a8c46 - - 713730aea4c849d39e19d81e6968278a 713730aea4c849d39e19d81e6968278a] 199.204.45.235 "GET /v2.0/ports?tenant_id=3b11b5342cb9458b8a6fe990fe268e21&device_id=4b9a6f44-9f2b-43e9-a0d8-8c0131dbcc0f HTTP/1.1" status: 200 len: 2716 time: 0.0389445
2026-07-15 23:01:08.638 10 INFO neutron.wsgi [req-a52f3096-c4a2-4c40-8e93-2cbbff374154 req-7d708c64-0d39-4e68-b610-dae4ebc7af41 020148a245aa457ba8f9ae8eec1f5b74 f4970c914d95420382e7831c1c5a8c46 - - 713730aea4c849d39e19d81e6968278a 713730aea4c849d39e19d81e6968278a] 199.204.45.235 "GET /v2.0/networks?id=62ccd2fe-d2b6-4800-85d1-58f525e4920a HTTP/1.1" status: 200 len: 1005 time: 0.0580437
2026-07-15 23:01:08.669 10 INFO neutron.wsgi [req-a52f3096-c4a2-4c40-8e93-2cbbff374154 req-3460f662-0e17-42a0-b3f2-a8fa43c9fb01 020148a245aa457ba8f9ae8eec1f5b74 f4970c914d95420382e7831c1c5a8c46 - - 713730aea4c849d39e19d81e6968278a 713730aea4c849d39e19d81e6968278a] 199.204.45.235 "GET /v2.0/floatingips?fixed_ip_address=10.1.1.30&port_id=0f997c92-58d4-462e-9e4b-e53682897977 HTTP/1.1" status: 200 len: 217 time: 0.0240939
2026-07-15 23:01:08.715 10 INFO neutron.wsgi [req-a52f3096-c4a2-4c40-8e93-2cbbff374154 req-8f833c3d-d906-46dd-ab43-0134f2b91586 020148a245aa457ba8f9ae8eec1f5b74 f4970c914d95420382e7831c1c5a8c46 - - 713730aea4c849d39e19d81e6968278a 713730aea4c849d39e19d81e6968278a] 199.204.45.235 "GET /v2.0/subnets?id=36a7db66-ebe7-442b-88b3-46ef3b9b7035 HTTP/1.1" status: 200 len: 853 time: 0.0395665
2026-07-15 23:01:08.753 10 INFO neutron.wsgi [req-a52f3096-c4a2-4c40-8e93-2cbbff374154 req-60c611b7-9a38-4d3a-9a53-6195c23c76aa 020148a245aa457ba8f9ae8eec1f5b74 f4970c914d95420382e7831c1c5a8c46 - - 713730aea4c849d39e19d81e6968278a 713730aea4c849d39e19d81e6968278a] 199.204.45.235 "GET /v2.0/ports?network_id=62ccd2fe-d2b6-4800-85d1-58f525e4920a&device_owner=network%3Adhcp HTTP/1.1" status: 200 len: 210 time: 0.0307040
2026-07-15 23:01:08.832 10 INFO neutron.wsgi [req-a52f3096-c4a2-4c40-8e93-2cbbff374154 req-a2631436-087f-417d-a4b4-e7a61b490954 020148a245aa457ba8f9ae8eec1f5b74 f4970c914d95420382e7831c1c5a8c46 - - 713730aea4c849d39e19d81e6968278a 713730aea4c849d39e19d81e6968278a] 199.204.45.235 "GET /v2.0/networks/62ccd2fe-d2b6-4800-85d1-58f525e4920a?fields=segments HTTP/1.1" status: 200 len: 212 time: 0.0700841
2026-07-15 23:01:08.907 10 INFO neutron.wsgi [req-a52f3096-c4a2-4c40-8e93-2cbbff374154 req-520dbe85-6948-4c97-bc63-4262de291d9e 020148a245aa457ba8f9ae8eec1f5b74 f4970c914d95420382e7831c1c5a8c46 - - 713730aea4c849d39e19d81e6968278a 713730aea4c849d39e19d81e6968278a] 199.204.45.235 "GET /v2.0/networks/62ccd2fe-d2b6-4800-85d1-58f525e4920a?fields=provider%3Aphysical_network&fields=provider%3Anetwork_type HTTP/1.1" status: 200 len: 277 time: 0.0678031
2026-07-15 23:01:08.990 10 INFO neutron.wsgi [req-a52f3096-c4a2-4c40-8e93-2cbbff374154 req-c22b2415-2e30-493d-925a-680ab51bcf79 020148a245aa457ba8f9ae8eec1f5b74 f4970c914d95420382e7831c1c5a8c46 - - 713730aea4c849d39e19d81e6968278a 713730aea4c849d39e19d81e6968278a] 199.204.45.235 "GET /v2.0/ports?tenant_id=3b11b5342cb9458b8a6fe990fe268e21&device_id=4b9a6f44-9f2b-43e9-a0d8-8c0131dbcc0f HTTP/1.1" status: 200 len: 2716 time: 0.0446744
