2026-07-15 22:55:53.878 9 INFO neutron.services.segments.plugin [-] Segment 0a1604b9-8db8-4f2c-adc5-89399f1b2461 resource provider aggregate not found
2026-07-15 22:55:53.882 9 INFO neutron.services.segments.plugin [-] Segment 0a1604b9-8db8-4f2c-adc5-89399f1b2461 resource provider aggregate not found
2026-07-15 22:55:53.901 9 INFO neutron.services.segments.plugin [-] Segment 0a1604b9-8db8-4f2c-adc5-89399f1b2461 resource provider not found; error: Placement Client Error (4xx): {"errors": [{"status": 404, "title": "Not Found", "detail": "The resource could not be found.\n\n No resource provider with uuid 0a1604b9-8db8-4f2c-adc5-89399f1b2461 found for delete ", "request_id": "req-3b09a242-e437-4dc1-b817-af1467cc0868"}]}
2026-07-15 22:55:53.903 9 INFO neutron.services.segments.plugin [-] Segment 0a1604b9-8db8-4f2c-adc5-89399f1b2461 resource provider not found; error: Placement Client Error (4xx): {"errors": [{"status": 404, "title": "Not Found", "detail": "The resource could not be found.\n\n No resource provider with uuid 0a1604b9-8db8-4f2c-adc5-89399f1b2461 found for delete ", "request_id": "req-b5efc89e-6d31-4374-b8c7-27251dc9d88a"}]}
2026-07-15 22:55:53.941 9 INFO neutron.wsgi [None req-90791ab6-ac0b-44f7-8286-aceb8285094f 15347a2cd9fb413892463cba0acf75e4 3b11b5342cb9458b8a6fe990fe268e21 - - default default] 10.0.0.216 "DELETE /v2.0/networks/d5948781-0e33-4413-a7e6-5edfe3716282 HTTP/1.1" status: 204 len: 168 time: 0.5429358
2026-07-15 22:55:53.953 9 INFO neutron.db.ovn_revision_numbers_db [req-d553b202-0172-4cae-9174-bb4b36e9f9ed req-44ba65cb-11a0-4382-8fc7-6bf3cb25a288 07cee014597842e3b100ad8edd6f41f1 5ef660e2c4914b00863607c6fd161a60 - - default default] Successfully bumped revision number for resource adc35037-6e7c-4114-989e-b909d08e6cc1 (type: ports) to 1
2026-07-15 22:55:53.983 9 INFO neutron.wsgi [req-d553b202-0172-4cae-9174-bb4b36e9f9ed req-44ba65cb-11a0-4382-8fc7-6bf3cb25a288 07cee014597842e3b100ad8edd6f41f1 5ef660e2c4914b00863607c6fd161a60 - - default default] 199.204.45.235 "POST /v2.0/ports HTTP/1.1" status: 201 len: 1158 time: 0.6887498 /var/lib/openstack/lib/python3.10/site-packages/pycadf/identifier.py:71: UserWarning: Invalid uuid: neutron. To ensure interoperability, identifiers should be a valid uuid. warnings.warn(('Invalid uuid: %s. To ensure interoperability, '
2026-07-15 22:55:54.147 9 WARNING neutron.plugins.ml2.drivers.ovn.mech_driver.ovsdb.ovn_client [None req-c2740de3-9fdc-4af1-8deb-8479581be0bc - - - - - -] No hosting information found for port 0aab4da8-c799-444d-9670-0308b572df22: RuntimeError: No hosting information found for port 0aab4da8-c799-444d-9670-0308b572df22
2026-07-15 22:55:54.213 9 INFO neutron.wsgi [None req-7440d659-bcb2-44d2-a848-71794bc12a78 15347a2cd9fb413892463cba0acf75e4 3b11b5342cb9458b8a6fe990fe268e21 - - default default] 10.0.0.216 "GET /v2.0/security-groups?tenant_id=8c61cbe1b6d5481a8367bcdf214497dd&name=default HTTP/1.1" status: 200 len: 2992 time: 0.1074266 /var/lib/openstack/lib/python3.10/site-packages/pycadf/identifier.py:71: UserWarning: Invalid uuid: neutron. To ensure interoperability, identifiers should be a valid uuid. warnings.warn(('Invalid uuid: %s. To ensure interoperability, '
2026-07-15 22:55:54.362 9 INFO neutron.wsgi [req-14185bd2-f6b6-48b7-ae7b-09d27adba9ed req-ef324168-7095-411a-8fc2-3f853018cbd0 a2adbb392b07427182f6fa64aec77e55 50d24b6c76834dfcb80ebb9f73b33bf8 - - default default] 10.0.0.199 "GET /v2.0/ports?device_id=eb9d7952-214d-472b-8202-7630d6778c1b HTTP/1.1" status: 200 len: 1168 time: 0.0474074 /var/lib/openstack/lib/python3.10/site-packages/pycadf/identifier.py:71: UserWarning: Invalid uuid: neutron. To ensure interoperability, identifiers should be a valid uuid. warnings.warn(('Invalid uuid: %s. To ensure interoperability, '
2026-07-15 22:55:54.398 10 INFO neutron.wsgi [req-9820d74c-e5b0-4b0e-9294-ca1757480acd req-36c7583e-3cad-411d-8665-b7da1fe6a3d3 07cee014597842e3b100ad8edd6f41f1 5ef660e2c4914b00863607c6fd161a60 - - default default] 10.0.0.199 "GET /v2.0/ports?device_id=4412d5cf-712e-470b-a52f-6989365df169 HTTP/1.1" status: 200 len: 1168 time: 0.0655499
2026-07-15 22:55:54.414 9 INFO neutron.wsgi [req-14185bd2-f6b6-48b7-ae7b-09d27adba9ed req-442f1511-3e97-4575-8fac-c90d6bf2c91b a2adbb392b07427182f6fa64aec77e55 50d24b6c76834dfcb80ebb9f73b33bf8 - - default default] 10.0.0.199 "GET /v2.0/security-groups?id=71542d48-5bb5-4ed2-b0cc-5072881c74bb&fields=id&fields=name HTTP/1.1" status: 200 len: 313 time: 0.0461438 /var/lib/openstack/lib/python3.10/site-packages/pycadf/identifier.py:71: UserWarning: Invalid uuid: neutron. To ensure interoperability, identifiers should be a valid uuid. warnings.warn(('Invalid uuid: %s. To ensure interoperability, '
2026-07-15 22:55:54.480 10 INFO neutron.wsgi [req-9820d74c-e5b0-4b0e-9294-ca1757480acd req-7b6c5eca-a4b0-425f-bed6-d232b17e1400 07cee014597842e3b100ad8edd6f41f1 5ef660e2c4914b00863607c6fd161a60 - - default default] 10.0.0.199 "GET /v2.0/security-groups?id=51dcd016-1632-4916-b441-49ec6d1a0910&fields=id&fields=name HTTP/1.1" status: 200 len: 313 time: 0.0691411
2026-07-15 22:55:54.542 10 INFO neutron.db.ovn_revision_numbers_db [req-4d9f65fe-b5c6-49e6-a4c2-f6d095dc63e1 req-f9cb7be5-9cd0-4927-b8a6-3c278188b5a1 020148a245aa457ba8f9ae8eec1f5b74 f4970c914d95420382e7831c1c5a8c46 - - 713730aea4c849d39e19d81e6968278a 713730aea4c849d39e19d81e6968278a] Successfully bumped revision number for resource 72455fe1-fa95-4df3-b4ba-f0cbb251e1ae (type: ports) to 2
2026-07-15 22:55:54.573 10 INFO neutron.wsgi [None req-aa565687-ceb0-455f-afd9-b27f6032c37d 15347a2cd9fb413892463cba0acf75e4 3b11b5342cb9458b8a6fe990fe268e21 - - default default] 10.0.0.216 "DELETE /v2.0/security-groups/de61d61e-22cd-42f5-a85d-68b7bd28d318 HTTP/1.1" status: 204 len: 168 time: 0.3521733
2026-07-15 22:55:54.744 10 INFO neutron.db.ovn_revision_numbers_db [req-4d9f65fe-b5c6-49e6-a4c2-f6d095dc63e1 req-f9cb7be5-9cd0-4927-b8a6-3c278188b5a1 020148a245aa457ba8f9ae8eec1f5b74 f4970c914d95420382e7831c1c5a8c46 - - 713730aea4c849d39e19d81e6968278a 713730aea4c849d39e19d81e6968278a] Successfully bumped revision number for resource 72455fe1-fa95-4df3-b4ba-f0cbb251e1ae (type: ports) to 2
2026-07-15 22:55:54.772 10 INFO neutron.wsgi [req-4d9f65fe-b5c6-49e6-a4c2-f6d095dc63e1 req-f9cb7be5-9cd0-4927-b8a6-3c278188b5a1 020148a245aa457ba8f9ae8eec1f5b74 f4970c914d95420382e7831c1c5a8c46 - - 713730aea4c849d39e19d81e6968278a 713730aea4c849d39e19d81e6968278a] 199.204.45.235 "PUT /v2.0/ports/72455fe1-fa95-4df3-b4ba-f0cbb251e1ae HTTP/1.1" status: 200 len: 1376 time: 1.0831881
2026-07-15 22:55:54.802 9 INFO neutron.db.ovn_revision_numbers_db [req-d553b202-0172-4cae-9174-bb4b36e9f9ed req-eacdafa9-9378-405a-ab2c-26102cab1637 020148a245aa457ba8f9ae8eec1f5b74 f4970c914d95420382e7831c1c5a8c46 - - 713730aea4c849d39e19d81e6968278a 713730aea4c849d39e19d81e6968278a] Successfully bumped revision number for resource adc35037-6e7c-4114-989e-b909d08e6cc1 (type: ports) to 2
2026-07-15 22:55:54.812 10 INFO neutron.notifiers.nova [-] Nova event matching ['req-3e774764-0db8-4eba-85d5-6080a8c7ea7a'] response: {'name': 'network-changed', 'server_uuid': 'eb9d7952-214d-472b-8202-7630d6778c1b', 'tag': '72455fe1-fa95-4df3-b4ba-f0cbb251e1ae', 'status': 'completed', 'code': 200} /var/lib/openstack/lib/python3.10/site-packages/pycadf/identifier.py:71: UserWarning: Invalid uuid: neutron. To ensure interoperability, identifiers should be a valid uuid. warnings.warn(('Invalid uuid: %s. To ensure interoperability, '
2026-07-15 22:55:54.856 10 INFO neutron.wsgi [req-4d9f65fe-b5c6-49e6-a4c2-f6d095dc63e1 req-5b3ae913-2a93-43be-967a-2f07307756a7 020148a245aa457ba8f9ae8eec1f5b74 f4970c914d95420382e7831c1c5a8c46 - - 713730aea4c849d39e19d81e6968278a 713730aea4c849d39e19d81e6968278a] 199.204.45.235 "GET /v2.0/ports?tenant_id=50d24b6c76834dfcb80ebb9f73b33bf8&device_id=eb9d7952-214d-472b-8202-7630d6778c1b HTTP/1.1" status: 200 len: 1407 time: 0.0367231
2026-07-15 22:55:54.892 10 INFO neutron.wsgi [req-4d9f65fe-b5c6-49e6-a4c2-f6d095dc63e1 req-9e5a46f8-c75d-4185-a291-24ad8cd6ed40 020148a245aa457ba8f9ae8eec1f5b74 f4970c914d95420382e7831c1c5a8c46 - - 713730aea4c849d39e19d81e6968278a 713730aea4c849d39e19d81e6968278a] 199.204.45.235 "GET /v2.0/floatingips?fixed_ip_address=10.100.0.8&port_id=72455fe1-fa95-4df3-b4ba-f0cbb251e1ae HTTP/1.1" status: 200 len: 217 time: 0.0295651
2026-07-15 22:55:54.953 10 INFO neutron.wsgi [req-4d9f65fe-b5c6-49e6-a4c2-f6d095dc63e1 req-1e6133b6-5359-44e2-aca4-2f4a96aa495d 020148a245aa457ba8f9ae8eec1f5b74 f4970c914d95420382e7831c1c5a8c46 - - 713730aea4c849d39e19d81e6968278a 713730aea4c849d39e19d81e6968278a] 199.204.45.235 "GET /v2.0/subnets?id=3f627ea8-643a-4eef-bdb9-09d2a05b5097 HTTP/1.1" status: 200 len: 862 time: 0.0548387
2026-07-15 22:55:54.981 10 INFO neutron.wsgi [req-4d9f65fe-b5c6-49e6-a4c2-f6d095dc63e1 req-dcdb5d1f-f723-4de4-aba9-0e2b68748470 020148a245aa457ba8f9ae8eec1f5b74 f4970c914d95420382e7831c1c5a8c46 - - 713730aea4c849d39e19d81e6968278a 713730aea4c849d39e19d81e6968278a] 199.204.45.235 "GET /v2.0/ports?network_id=96049479-5295-4c8e-9f65-88c5f4e9cea4&device_owner=network%3Adhcp HTTP/1.1" status: 200 len: 210 time: 0.0233757
2026-07-15 22:55:55.049 9 INFO neutron.db.ovn_revision_numbers_db [req-d553b202-0172-4cae-9174-bb4b36e9f9ed req-eacdafa9-9378-405a-ab2c-26102cab1637 020148a245aa457ba8f9ae8eec1f5b74 f4970c914d95420382e7831c1c5a8c46 - - 713730aea4c849d39e19d81e6968278a 713730aea4c849d39e19d81e6968278a] Successfully bumped revision number for resource adc35037-6e7c-4114-989e-b909d08e6cc1 (type: ports) to 2
2026-07-15 22:55:55.056 10 INFO neutron.wsgi [req-4d9f65fe-b5c6-49e6-a4c2-f6d095dc63e1 req-f7647e91-2aa1-4ae6-8137-94243710040a 020148a245aa457ba8f9ae8eec1f5b74 f4970c914d95420382e7831c1c5a8c46 - - 713730aea4c849d39e19d81e6968278a 713730aea4c849d39e19d81e6968278a] 199.204.45.235 "GET /v2.0/networks/96049479-5295-4c8e-9f65-88c5f4e9cea4?fields=segments HTTP/1.1" status: 200 len: 212 time: 0.0682654
2026-07-15 22:55:55.065 9 INFO neutron.wsgi [req-d553b202-0172-4cae-9174-bb4b36e9f9ed req-eacdafa9-9378-405a-ab2c-26102cab1637 020148a245aa457ba8f9ae8eec1f5b74 f4970c914d95420382e7831c1c5a8c46 - - 713730aea4c849d39e19d81e6968278a 713730aea4c849d39e19d81e6968278a] 199.204.45.235 "PUT /v2.0/ports/adc35037-6e7c-4114-989e-b909d08e6cc1 HTTP/1.1" status: 200 len: 1376 time: 1.0760870
2026-07-15 22:55:55.106 9 INFO neutron.notifiers.nova [-] Nova event matching ['req-d638897e-e6e4-4f50-bd17-1dff01bf90b7'] response: {'name': 'network-changed', 'server_uuid': '4412d5cf-712e-470b-a52f-6989365df169', 'tag': 'adc35037-6e7c-4114-989e-b909d08e6cc1', 'status': 'completed', 'code': 200} /var/lib/openstack/lib/python3.10/site-packages/pycadf/identifier.py:71: UserWarning: Invalid uuid: neutron. To ensure interoperability, identifiers should be a valid uuid. warnings.warn(('Invalid uuid: %s. To ensure interoperability, '
2026-07-15 22:55:55.123 10 INFO neutron.wsgi [req-4d9f65fe-b5c6-49e6-a4c2-f6d095dc63e1 req-cb45cc4f-0101-4f3f-b8cb-2d95c2a9f47b 020148a245aa457ba8f9ae8eec1f5b74 f4970c914d95420382e7831c1c5a8c46 - - 713730aea4c849d39e19d81e6968278a 713730aea4c849d39e19d81e6968278a] 199.204.45.235 "GET /v2.0/networks/96049479-5295-4c8e-9f65-88c5f4e9cea4?fields=provider%3Aphysical_network&fields=provider%3Anetwork_type HTTP/1.1" status: 200 len: 277 time: 0.0588076
2026-07-15 22:55:55.145 9 INFO neutron.wsgi [req-d553b202-0172-4cae-9174-bb4b36e9f9ed req-7467136b-ad1d-40f3-91cc-aef98c226b8b 020148a245aa457ba8f9ae8eec1f5b74 f4970c914d95420382e7831c1c5a8c46 - - 713730aea4c849d39e19d81e6968278a 713730aea4c849d39e19d81e6968278a] 199.204.45.235 "GET /v2.0/ports?tenant_id=5ef660e2c4914b00863607c6fd161a60&device_id=4412d5cf-712e-470b-a52f-6989365df169 HTTP/1.1" status: 200 len: 1407 time: 0.0414774
2026-07-15 22:55:55.186 9 INFO neutron.wsgi [req-d553b202-0172-4cae-9174-bb4b36e9f9ed req-f935b54b-89f5-45d7-8619-d95a628274be 020148a245aa457ba8f9ae8eec1f5b74 f4970c914d95420382e7831c1c5a8c46 - - 713730aea4c849d39e19d81e6968278a 713730aea4c849d39e19d81e6968278a] 199.204.45.235 "GET /v2.0/floatingips?fixed_ip_address=10.100.0.3&port_id=adc35037-6e7c-4114-989e-b909d08e6cc1 HTTP/1.1" status: 200 len: 217 time: 0.0307236
2026-07-15 22:55:55.212 10 INFO neutron.wsgi [req-3e80dcd5-b9dc-4ff6-a8ff-0de05ab2d29f req-7a4292d5-6c4c-4808-9fe6-569527b71408 020148a245aa457ba8f9ae8eec1f5b74 f4970c914d95420382e7831c1c5a8c46 - - 713730aea4c849d39e19d81e6968278a 713730aea4c849d39e19d81e6968278a] 199.204.45.235 "GET /v2.0/ports?tenant_id=50d24b6c76834dfcb80ebb9f73b33bf8&device_id=eb9d7952-214d-472b-8202-7630d6778c1b HTTP/1.1" status: 200 len: 1407 time: 0.0399041
2026-07-15 22:55:55.238 9 INFO neutron.wsgi [req-d553b202-0172-4cae-9174-bb4b36e9f9ed req-37258d38-a1a9-45cf-a19d-b8aecd73ba69 020148a245aa457ba8f9ae8eec1f5b74 f4970c914d95420382e7831c1c5a8c46 - - 713730aea4c849d39e19d81e6968278a 713730aea4c849d39e19d81e6968278a] 199.204.45.235 "GET /v2.0/subnets?id=d5f4e05a-88bc-4350-80a5-aa786ba1f016 HTTP/1.1" status: 200 len: 877 time: 0.0376542
2026-07-15 22:55:55.264 9 INFO neutron.wsgi [req-d553b202-0172-4cae-9174-bb4b36e9f9ed req-08a9a405-39ed-4b96-9eac-3b18f3fdfefc 020148a245aa457ba8f9ae8eec1f5b74 f4970c914d95420382e7831c1c5a8c46 - - 713730aea4c849d39e19d81e6968278a 713730aea4c849d39e19d81e6968278a] 199.204.45.235 "GET /v2.0/ports?network_id=58f8516b-4467-47a4-91ed-74aeb75f627c&device_owner=network%3Adhcp HTTP/1.1" status: 200 len: 210 time: 0.0197480
2026-07-15 22:55:55.282 10 INFO neutron.wsgi [req-3e80dcd5-b9dc-4ff6-a8ff-0de05ab2d29f req-32248e27-6356-4527-90df-c6c9e98df4cf 020148a245aa457ba8f9ae8eec1f5b74 f4970c914d95420382e7831c1c5a8c46 - - 713730aea4c849d39e19d81e6968278a 713730aea4c849d39e19d81e6968278a] 199.204.45.235 "GET /v2.0/networks?id=96049479-5295-4c8e-9f65-88c5f4e9cea4 HTTP/1.1" status: 200 len: 967 time: 0.0608432
2026-07-15 22:55:55.334 10 INFO neutron.wsgi [req-3e80dcd5-b9dc-4ff6-a8ff-0de05ab2d29f req-a03ac4fe-7fcd-4013-bab3-323d39168641 020148a245aa457ba8f9ae8eec1f5b74 f4970c914d95420382e7831c1c5a8c46 - - 713730aea4c849d39e19d81e6968278a 713730aea4c849d39e19d81e6968278a] 199.204.45.235 "GET /v2.0/floatingips?fixed_ip_address=10.100.0.8&port_id=72455fe1-fa95-4df3-b4ba-f0cbb251e1ae HTTP/1.1" status: 200 len: 217 time: 0.0418978
2026-07-15 22:55:55.345 9 INFO neutron.wsgi [req-d553b202-0172-4cae-9174-bb4b36e9f9ed req-fdf77ad0-b7ee-4d86-8676-000454e70792 020148a245aa457ba8f9ae8eec1f5b74 f4970c914d95420382e7831c1c5a8c46 - - 713730aea4c849d39e19d81e6968278a 713730aea4c849d39e19d81e6968278a] 199.204.45.235 "GET /v2.0/networks/58f8516b-4467-47a4-91ed-74aeb75f627c?fields=segments HTTP/1.1" status: 200 len: 212 time: 0.0743508
2026-07-15 22:55:55.347 9 INFO neutron.plugins.ml2.drivers.ovn.mech_driver.mech_driver [None req-c2740de3-9fdc-4af1-8deb-8479581be0bc - - - - - -] OVN reports status up for port: 72455fe1-fa95-4df3-b4ba-f0cbb251e1ae
2026-07-15 22:55:55.373 10 INFO neutron.wsgi [req-3e80dcd5-b9dc-4ff6-a8ff-0de05ab2d29f req-50bf986b-827e-48f5-9a61-b9a61883d1b3 020148a245aa457ba8f9ae8eec1f5b74 f4970c914d95420382e7831c1c5a8c46 - - 713730aea4c849d39e19d81e6968278a 713730aea4c849d39e19d81e6968278a] 199.204.45.235 "GET /v2.0/subnets?id=3f627ea8-643a-4eef-bdb9-09d2a05b5097 HTTP/1.1" status: 200 len: 862 time: 0.0339205
2026-07-15 22:55:55.374 9 INFO neutron.plugins.ml2.plugin [None req-c2740de3-9fdc-4af1-8deb-8479581be0bc - - - - - -] Attempt 1 to provision port 72455fe1-fa95-4df3-b4ba-f0cbb251e1ae
2026-07-15 22:55:55.400 10 INFO neutron.wsgi [req-3e80dcd5-b9dc-4ff6-a8ff-0de05ab2d29f req-b330b8c8-58cd-40d8-833e-bc1146af2403 020148a245aa457ba8f9ae8eec1f5b74 f4970c914d95420382e7831c1c5a8c46 - - 713730aea4c849d39e19d81e6968278a 713730aea4c849d39e19d81e6968278a] 199.204.45.235 "GET /v2.0/ports?network_id=96049479-5295-4c8e-9f65-88c5f4e9cea4&device_owner=network%3Adhcp HTTP/1.1" status: 200 len: 210 time: 0.0187521
2026-07-15 22:55:55.404 9 INFO neutron.wsgi [req-d553b202-0172-4cae-9174-bb4b36e9f9ed req-8432ca25-c4f4-4973-9208-9cfe3a0df5ee 020148a245aa457ba8f9ae8eec1f5b74 f4970c914d95420382e7831c1c5a8c46 - - 713730aea4c849d39e19d81e6968278a 713730aea4c849d39e19d81e6968278a] 199.204.45.235 "GET /v2.0/networks/58f8516b-4467-47a4-91ed-74aeb75f627c?fields=provider%3Aphysical_network&fields=provider%3Anetwork_type HTTP/1.1" status: 200 len: 277 time: 0.0549502
2026-07-15 22:55:55.471 10 INFO neutron.wsgi [req-3e80dcd5-b9dc-4ff6-a8ff-0de05ab2d29f req-03d16b12-7a5a-40d3-a59e-b98d30f80485 020148a245aa457ba8f9ae8eec1f5b74 f4970c914d95420382e7831c1c5a8c46 - - 713730aea4c849d39e19d81e6968278a 713730aea4c849d39e19d81e6968278a] 199.204.45.235 "GET /v2.0/networks/96049479-5295-4c8e-9f65-88c5f4e9cea4?fields=segments HTTP/1.1" status: 200 len: 212 time: 0.0602691
2026-07-15 22:55:55.532 10 INFO neutron.wsgi [req-3e80dcd5-b9dc-4ff6-a8ff-0de05ab2d29f req-747a3d44-f8ee-4c7e-bf57-c035fe6edfde 020148a245aa457ba8f9ae8eec1f5b74 f4970c914d95420382e7831c1c5a8c46 - - 713730aea4c849d39e19d81e6968278a 713730aea4c849d39e19d81e6968278a] 199.204.45.235 "GET /v2.0/networks/96049479-5295-4c8e-9f65-88c5f4e9cea4?fields=provider%3Aphysical_network&fields=provider%3Anetwork_type HTTP/1.1" status: 200 len: 277 time: 0.0572937
2026-07-15 22:55:55.539 9 INFO neutron.wsgi [req-f820fcf5-e93b-4b63-9a5f-8deb7632b2ef req-0ae337ac-7f3b-4c2e-a27f-da447642721a 020148a245aa457ba8f9ae8eec1f5b74 f4970c914d95420382e7831c1c5a8c46 - - 713730aea4c849d39e19d81e6968278a 713730aea4c849d39e19d81e6968278a] 199.204.45.235 "GET /v2.0/ports?tenant_id=5ef660e2c4914b00863607c6fd161a60&device_id=4412d5cf-712e-470b-a52f-6989365df169 HTTP/1.1" status: 200 len: 1407 time: 0.0762632
2026-07-15 22:55:55.562 9 INFO neutron.wsgi [req-d7a021c8-92cb-467d-8959-d39bf9ebd834 req-34cc765b-9e65-462f-9fcd-f4c2c8a182cd a2adbb392b07427182f6fa64aec77e55 50d24b6c76834dfcb80ebb9f73b33bf8 - - default default] 10.0.0.199 "GET /v2.0/ports?device_id=eb9d7952-214d-472b-8202-7630d6778c1b HTTP/1.1" status: 200 len: 1168 time: 0.0765905
2026-07-15 22:55:55.604 10 INFO neutron.wsgi [req-b04b43cc-6f00-42d7-8a98-a453e8a0ce6b req-d70799ef-8ef2-42da-8930-ad685d4feeb9 07cee014597842e3b100ad8edd6f41f1 5ef660e2c4914b00863607c6fd161a60 - - default default] 10.0.0.199 "GET /v2.0/ports?device_id=4412d5cf-712e-470b-a52f-6989365df169 HTTP/1.1" status: 200 len: 1168 time: 0.0408552
2026-07-15 22:55:55.651 10 INFO neutron.plugins.ml2.drivers.ovn.mech_driver.mech_driver [None req-cd3b2352-ef9d-4b0d-b87f-52edbcc52025 - - - - - -] OVN reports status up for port: adc35037-6e7c-4114-989e-b909d08e6cc1
2026-07-15 22:55:55.665 9 INFO neutron.wsgi [req-d7a021c8-92cb-467d-8959-d39bf9ebd834 req-b4cb3ada-6830-423b-8d2a-4e9065442305 a2adbb392b07427182f6fa64aec77e55 50d24b6c76834dfcb80ebb9f73b33bf8 - - default default] 10.0.0.199 "GET /v2.0/security-groups?id=71542d48-5bb5-4ed2-b0cc-5072881c74bb&fields=id&fields=name HTTP/1.1" status: 200 len: 313 time: 0.0833685
2026-07-15 22:55:55.669 10 INFO neutron.wsgi [req-b04b43cc-6f00-42d7-8a98-a453e8a0ce6b req-2f2470a2-c47b-4f35-9c92-74061825861e 07cee014597842e3b100ad8edd6f41f1 5ef660e2c4914b00863607c6fd161a60 - - default default] 10.0.0.199 "GET /v2.0/security-groups?id=51dcd016-1632-4916-b441-49ec6d1a0910&fields=id&fields=name HTTP/1.1" status: 200 len: 313 time: 0.0568523
2026-07-15 22:55:55.669 9 INFO neutron.wsgi [req-f820fcf5-e93b-4b63-9a5f-8deb7632b2ef req-4238fb4b-dfaa-47d8-b006-00c922a53ce6 020148a245aa457ba8f9ae8eec1f5b74 f4970c914d95420382e7831c1c5a8c46 - - 713730aea4c849d39e19d81e6968278a 713730aea4c849d39e19d81e6968278a] 199.204.45.235 "GET /v2.0/networks?id=58f8516b-4467-47a4-91ed-74aeb75f627c HTTP/1.1" status: 200 len: 981 time: 0.1238377
2026-07-15 22:55:55.688 10 INFO neutron.plugins.ml2.plugin [None req-cd3b2352-ef9d-4b0d-b87f-52edbcc52025 - - - - - -] Attempt 1 to provision port adc35037-6e7c-4114-989e-b909d08e6cc1
2026-07-15 22:55:55.706 9 INFO neutron.wsgi [req-f820fcf5-e93b-4b63-9a5f-8deb7632b2ef req-6d683fb6-7594-4f67-9e72-83d6e4567dfd 020148a245aa457ba8f9ae8eec1f5b74 f4970c914d95420382e7831c1c5a8c46 - - 713730aea4c849d39e19d81e6968278a 713730aea4c849d39e19d81e6968278a] 199.204.45.235 "GET /v2.0/floatingips?fixed_ip_address=10.100.0.3&port_id=adc35037-6e7c-4114-989e-b909d08e6cc1 HTTP/1.1" status: 200 len: 217 time: 0.0302787
2026-07-15 22:55:55.748 9 INFO neutron.wsgi [req-f820fcf5-e93b-4b63-9a5f-8deb7632b2ef req-eb9927ea-ac4b-46dc-8e7f-d7072e0f074f 020148a245aa457ba8f9ae8eec1f5b74 f4970c914d95420382e7831c1c5a8c46 - - 713730aea4c849d39e19d81e6968278a 713730aea4c849d39e19d81e6968278a] 199.204.45.235 "GET /v2.0/subnets?id=d5f4e05a-88bc-4350-80a5-aa786ba1f016 HTTP/1.1" status: 200 len: 877 time: 0.0361843
2026-07-15 22:55:55.786 9 INFO neutron.wsgi [req-f820fcf5-e93b-4b63-9a5f-8deb7632b2ef req-155e900c-32f7-437d-b4af-22e882e708de 020148a245aa457ba8f9ae8eec1f5b74 f4970c914d95420382e7831c1c5a8c46 - - 713730aea4c849d39e19d81e6968278a 713730aea4c849d39e19d81e6968278a] 199.204.45.235 "GET /v2.0/ports?network_id=58f8516b-4467-47a4-91ed-74aeb75f627c&device_owner=network%3Adhcp HTTP/1.1" status: 200 len: 210 time: 0.0270498
2026-07-15 22:55:55.861 9 INFO neutron.db.ovn_revision_numbers_db [None req-c2740de3-9fdc-4af1-8deb-8479581be0bc - - - - - -] Successfully bumped revision number for resource 72455fe1-fa95-4df3-b4ba-f0cbb251e1ae (type: ports) to 4
2026-07-15 22:55:55.870 9 INFO neutron.wsgi [req-f820fcf5-e93b-4b63-9a5f-8deb7632b2ef req-9f619cdb-5f3d-4475-b3ee-37a53dd5f426 020148a245aa457ba8f9ae8eec1f5b74 f4970c914d95420382e7831c1c5a8c46 - - 713730aea4c849d39e19d81e6968278a 713730aea4c849d39e19d81e6968278a] 199.204.45.235 "GET /v2.0/networks/58f8516b-4467-47a4-91ed-74aeb75f627c?fields=segments HTTP/1.1" status: 200 len: 212 time: 0.0759575
2026-07-15 22:55:55.975 9 INFO neutron.wsgi [req-f820fcf5-e93b-4b63-9a5f-8deb7632b2ef req-a3aea9dc-9ef1-4a0c-bb1e-79afa64512b9 020148a245aa457ba8f9ae8eec1f5b74 f4970c914d95420382e7831c1c5a8c46 - - 713730aea4c849d39e19d81e6968278a 713730aea4c849d39e19d81e6968278a] 199.204.45.235 "GET /v2.0/networks/58f8516b-4467-47a4-91ed-74aeb75f627c?fields=provider%3Aphysical_network&fields=provider%3Anetwork_type HTTP/1.1" status: 200 len: 277 time: 0.0845954
2026-07-15 22:55:55.991 10 INFO neutron.db.ovn_revision_numbers_db [None req-5f2e5ef2-698e-4726-b939-aae04c405258 15347a2cd9fb413892463cba0acf75e4 3b11b5342cb9458b8a6fe990fe268e21 - - default default] Successfully bumped revision number for resource f9032a2c-b94f-4858-af2a-3479fb2831a5 (type: security_groups) to 1
2026-07-15 22:55:56.025 10 INFO neutron.db.ovn_revision_numbers_db [None req-5f2e5ef2-698e-4726-b939-aae04c405258 15347a2cd9fb413892463cba0acf75e4 3b11b5342cb9458b8a6fe990fe268e21 - - default default] Successfully bumped revision number for resource 0fee59b4-791a-41a4-9ddf-370e76ff4c11 (type: security_group_rules) to 0
2026-07-15 22:55:56.035 10 INFO neutron.db.ovn_revision_numbers_db [None req-cd3b2352-ef9d-4b0d-b87f-52edbcc52025 - - - - - -] Successfully bumped revision number for resource adc35037-6e7c-4114-989e-b909d08e6cc1 (type: ports) to 4
2026-07-15 22:55:56.037 10 INFO neutron.db.ovn_revision_numbers_db [None req-5f2e5ef2-698e-4726-b939-aae04c405258 15347a2cd9fb413892463cba0acf75e4 3b11b5342cb9458b8a6fe990fe268e21 - - default default] Successfully bumped revision number for resource 27461d10-d3d8-42bb-b9ac-2706d858767e (type: security_group_rules) to 0
2026-07-15 22:55:56.066 10 INFO neutron.db.ovn_revision_numbers_db [None req-5f2e5ef2-698e-4726-b939-aae04c405258 15347a2cd9fb413892463cba0acf75e4 3b11b5342cb9458b8a6fe990fe268e21 - - default default] Successfully bumped revision number for resource 813540ba-4cb9-45db-9a3f-89dc50412d91 (type: security_group_rules) to 0
2026-07-15 22:55:56.089 10 INFO neutron.db.ovn_revision_numbers_db [None req-5f2e5ef2-698e-4726-b939-aae04c405258 15347a2cd9fb413892463cba0acf75e4 3b11b5342cb9458b8a6fe990fe268e21 - - default default] Successfully bumped revision number for resource f3eedb89-d6a3-4d5c-ad3e-de2081eeafd0 (type: security_group_rules) to 0
2026-07-15 22:55:56.119 10 INFO neutron.wsgi [None req-5f2e5ef2-698e-4726-b939-aae04c405258 15347a2cd9fb413892463cba0acf75e4 3b11b5342cb9458b8a6fe990fe268e21 - - default default] 10.0.0.216 "GET /v2.0/security-groups?tenant_id=cabf6f4ea0d74dcb86dadf209daac18b&name=default HTTP/1.1" status: 200 len: 2996 time: 0.4426677 /var/lib/openstack/lib/python3.10/site-packages/pycadf/identifier.py:71: UserWarning: Invalid uuid: neutron. To ensure interoperability, identifiers should be a valid uuid. warnings.warn(('Invalid uuid: %s. To ensure interoperability, '
2026-07-15 22:55:56.380 10 INFO neutron.wsgi [None req-0e518814-ff69-4804-ad0c-93dfe7718937 15347a2cd9fb413892463cba0acf75e4 3b11b5342cb9458b8a6fe990fe268e21 - - default default] 10.0.0.216 "DELETE /v2.0/security-groups/f9032a2c-b94f-4858-af2a-3479fb2831a5 HTTP/1.1" status: 204 len: 168 time: 0.2514341
2026-07-15 22:55:56.628 10 INFO neutron.db.ovn_revision_numbers_db [None req-ecc76f6c-55cd-4a70-ba52-8e0cd46e1e27 15347a2cd9fb413892463cba0acf75e4 3b11b5342cb9458b8a6fe990fe268e21 - - default default] Successfully bumped revision number for resource a5388dfe-1ac0-4ca1-a9b6-505c7fec8c94 (type: security_groups) to 1
2026-07-15 22:55:56.641 10 INFO neutron.db.ovn_revision_numbers_db [None req-ecc76f6c-55cd-4a70-ba52-8e0cd46e1e27 15347a2cd9fb413892463cba0acf75e4 3b11b5342cb9458b8a6fe990fe268e21 - - default default] Successfully bumped revision number for resource 27afe396-c8f4-45c2-9046-745c48e722c6 (type: security_group_rules) to 0
2026-07-15 22:55:56.656 10 INFO neutron.db.ovn_revision_numbers_db [None req-ecc76f6c-55cd-4a70-ba52-8e0cd46e1e27 15347a2cd9fb413892463cba0acf75e4 3b11b5342cb9458b8a6fe990fe268e21 - - default default] Successfully bumped revision number for resource ae2d9439-4a4f-4664-b6d6-bfcfbdb633e8 (type: security_group_rules) to 0
2026-07-15 22:55:56.670 10 INFO neutron.db.ovn_revision_numbers_db [None req-ecc76f6c-55cd-4a70-ba52-8e0cd46e1e27 15347a2cd9fb413892463cba0acf75e4 3b11b5342cb9458b8a6fe990fe268e21 - - default default] Successfully bumped revision number for resource b62b80b9-d27c-42de-8305-633c5c06cc66 (type: security_group_rules) to 0
2026-07-15 22:55:56.686 10 INFO neutron.db.ovn_revision_numbers_db [None req-ecc76f6c-55cd-4a70-ba52-8e0cd46e1e27 15347a2cd9fb413892463cba0acf75e4 3b11b5342cb9458b8a6fe990fe268e21 - - default default] Successfully bumped revision number for resource d79192fd-cb69-47e1-ada2-91980eb51ea3 (type: security_group_rules) to 0
2026-07-15 22:55:56.708 10 INFO neutron.wsgi [None req-ecc76f6c-55cd-4a70-ba52-8e0cd46e1e27 15347a2cd9fb413892463cba0acf75e4 3b11b5342cb9458b8a6fe990fe268e21 - - default default] 10.0.0.216 "GET /v2.0/security-groups?tenant_id=710ac97e411c4492a5b77da2898a7198&name=default HTTP/1.1" status: 200 len: 2996 time: 0.1748908 /var/lib/openstack/lib/python3.10/site-packages/pycadf/identifier.py:71: UserWarning: Invalid uuid: neutron. To ensure interoperability, identifiers should be a valid uuid. warnings.warn(('Invalid uuid: %s. To ensure interoperability, '
2026-07-15 22:55:56.765 9 INFO neutron.wsgi [req-32e9a083-fa6d-44a3-b580-9c6641d20894 req-bfc5adc3-99aa-4c45-86bf-99782f4bb230 a2adbb392b07427182f6fa64aec77e55 50d24b6c76834dfcb80ebb9f73b33bf8 - - default default] 10.0.0.199 "GET /v2.0/ports?device_id=eb9d7952-214d-472b-8202-7630d6778c1b HTTP/1.1" status: 200 len: 1170 time: 0.0364501
2026-07-15 22:55:56.816 9 INFO neutron.wsgi [req-32e9a083-fa6d-44a3-b580-9c6641d20894 req-cdce5bbf-b1c3-4e22-93fa-88858dbae8f0 a2adbb392b07427182f6fa64aec77e55 50d24b6c76834dfcb80ebb9f73b33bf8 - - default default] 10.0.0.199 "GET /v2.0/security-groups?id=71542d48-5bb5-4ed2-b0cc-5072881c74bb&fields=id&fields=name HTTP/1.1" status: 200 len: 313 time: 0.0427120
2026-07-15 22:55:56.831 10 INFO neutron.wsgi [req-a020741e-9253-412f-89cd-9407285ab89d req-2e5aebcd-61b1-4917-96cf-5683480a12b2 07cee014597842e3b100ad8edd6f41f1 5ef660e2c4914b00863607c6fd161a60 - - default default] 10.0.0.199 "GET /v2.0/ports?device_id=4412d5cf-712e-470b-a52f-6989365df169 HTTP/1.1" status: 200 len: 1170 time: 0.0956068
2026-07-15 22:55:56.867 10 INFO neutron.notifiers.nova [-] Nova event matching ['req-023d95e3-545f-418b-9a3c-a9e891fed3a5'] response: {'server_uuid': '4412d5cf-712e-470b-a52f-6989365df169', 'name': 'network-vif-plugged', 'status': 'completed', 'tag': 'adc35037-6e7c-4114-989e-b909d08e6cc1', 'code': 200}
2026-07-15 22:55:56.868 10 INFO neutron.notifiers.nova [-] Nova event matching ['req-023d95e3-545f-418b-9a3c-a9e891fed3a5'] response: {'server_uuid': '4412d5cf-712e-470b-a52f-6989365df169', 'name': 'network-vif-plugged', 'status': 'completed', 'tag': 'adc35037-6e7c-4114-989e-b909d08e6cc1', 'code': 200}
2026-07-15 22:55:56.880 10 INFO neutron.wsgi [req-a020741e-9253-412f-89cd-9407285ab89d req-b9e99425-438f-4969-8c9e-5c61177d8f60 07cee014597842e3b100ad8edd6f41f1 5ef660e2c4914b00863607c6fd161a60 - - default default] 10.0.0.199 "GET /v2.0/security-groups?id=51dcd016-1632-4916-b441-49ec6d1a0910&fields=id&fields=name HTTP/1.1" status: 200 len: 313 time: 0.0430293
2026-07-15 22:55:56.977 9 INFO neutron.wsgi [None req-9d26f486-b498-4e4e-9ed4-4209300923ea 15347a2cd9fb413892463cba0acf75e4 3b11b5342cb9458b8a6fe990fe268e21 - - default default] 10.0.0.216 "DELETE /v2.0/security-groups/a5388dfe-1ac0-4ca1-a9b6-505c7fec8c94 HTTP/1.1" status: 204 len: 168 time: 0.2645559
2026-07-15 22:55:57.031 9 INFO neutron.db.ovn_revision_numbers_db [None req-5b07d221-45cc-47d9-8e8a-4f4607b86b8e 15347a2cd9fb413892463cba0acf75e4 3b11b5342cb9458b8a6fe990fe268e21 - - default default] Successfully bumped revision number for resource 04b8cc66-f2f8-4ac7-8ff5-a6d020cce849 (type: security_groups) to 1
2026-07-15 22:55:57.047 9 INFO neutron.db.ovn_revision_numbers_db [None req-5b07d221-45cc-47d9-8e8a-4f4607b86b8e 15347a2cd9fb413892463cba0acf75e4 3b11b5342cb9458b8a6fe990fe268e21 - - default default] Successfully bumped revision number for resource 189adb7a-f1d6-4d31-8100-52916a51ccd9 (type: security_group_rules) to 0
2026-07-15 22:55:57.059 9 INFO neutron.db.ovn_revision_numbers_db [None req-5b07d221-45cc-47d9-8e8a-4f4607b86b8e 15347a2cd9fb413892463cba0acf75e4 3b11b5342cb9458b8a6fe990fe268e21 - - default default] Successfully bumped revision number for resource 1b9a6c4e-21e4-4708-bac9-548fd8f219ef (type: security_group_rules) to 0
2026-07-15 22:55:57.082 9 INFO neutron.db.ovn_revision_numbers_db [None req-5b07d221-45cc-47d9-8e8a-4f4607b86b8e 15347a2cd9fb413892463cba0acf75e4 3b11b5342cb9458b8a6fe990fe268e21 - - default default] Successfully bumped revision number for resource 4a76458e-ed76-4a42-98ee-1a2861d9710b (type: security_group_rules) to 0
2026-07-15 22:55:57.103 9 INFO neutron.db.ovn_revision_numbers_db [None req-5b07d221-45cc-47d9-8e8a-4f4607b86b8e 15347a2cd9fb413892463cba0acf75e4 3b11b5342cb9458b8a6fe990fe268e21 - - default default] Successfully bumped revision number for resource 7ff3f518-c181-49e9-87fc-758b4ea4231a (type: security_group_rules) to 0
2026-07-15 22:55:57.161 9 INFO neutron.notifiers.nova [-] Nova event matching ['req-82e5e97f-1196-4655-a770-484dc7b9cca7'] response: {'server_uuid': 'eb9d7952-214d-472b-8202-7630d6778c1b', 'name': 'network-vif-plugged', 'status': 'completed', 'tag': '72455fe1-fa95-4df3-b4ba-f0cbb251e1ae', 'code': 200}
2026-07-15 22:55:57.161 9 INFO neutron.notifiers.nova [-] Nova event matching ['req-82e5e97f-1196-4655-a770-484dc7b9cca7'] response: {'server_uuid': 'eb9d7952-214d-472b-8202-7630d6778c1b', 'name': 'network-vif-plugged', 'status': 'completed', 'tag': '72455fe1-fa95-4df3-b4ba-f0cbb251e1ae', 'code': 200}
2026-07-15 22:55:57.179 9 INFO neutron.db.segments_db [None req-5b07d221-45cc-47d9-8e8a-4f4607b86b8e 15347a2cd9fb413892463cba0acf75e4 3b11b5342cb9458b8a6fe990fe268e21 - - default default] Added segment f8de89a5-6f1e-426b-a895-214452ffe249 of type geneve for network 3f3a896b-6e30-4bb1-9800-f40ec159c56e
2026-07-15 22:55:57.339 9 INFO neutron.db.ovn_revision_numbers_db [None req-5b07d221-45cc-47d9-8e8a-4f4607b86b8e 15347a2cd9fb413892463cba0acf75e4 3b11b5342cb9458b8a6fe990fe268e21 - - default default] Successfully bumped revision number for resource 3f3a896b-6e30-4bb1-9800-f40ec159c56e (type: networks) to 1
2026-07-15 22:55:57.508 9 WARNING neutron.scheduler.dhcp_agent_scheduler [None req-5b07d221-45cc-47d9-8e8a-4f4607b86b8e 15347a2cd9fb413892463cba0acf75e4 3b11b5342cb9458b8a6fe990fe268e21 - - default default] No more DHCP agents
2026-07-15 22:55:57.510 9 WARNING neutron.api.rpc.agentnotifiers.dhcp_rpc_agent_api [None req-5b07d221-45cc-47d9-8e8a-4f4607b86b8e 15347a2cd9fb413892463cba0acf75e4 3b11b5342cb9458b8a6fe990fe268e21 - - default default] Unable to schedule network 3f3a896b-6e30-4bb1-9800-f40ec159c56e: no agents available; will retry on subsequent port and subnet creation events.
2026-07-15 22:55:57.588 9 INFO neutron.db.ovn_revision_numbers_db [None req-5b07d221-45cc-47d9-8e8a-4f4607b86b8e 15347a2cd9fb413892463cba0acf75e4 3b11b5342cb9458b8a6fe990fe268e21 - - default default] Successfully bumped revision number for resource 6b6d07ee-8e6d-44ed-bc8a-e362d87a8310 (type: ports) to 1
2026-07-15 22:55:57.605 9 INFO neutron.wsgi [None req-5b07d221-45cc-47d9-8e8a-4f4607b86b8e 15347a2cd9fb413892463cba0acf75e4 3b11b5342cb9458b8a6fe990fe268e21 - - default default] 10.0.0.216 "POST /v2.0/networks HTTP/1.1" status: 201 len: 945 time: 0.9266782
2026-07-15 22:55:57.768 9 WARNING neutron.scheduler.dhcp_agent_scheduler [None req-47c61865-f61a-4769-bc58-01462319a47b 15347a2cd9fb413892463cba0acf75e4 3b11b5342cb9458b8a6fe990fe268e21 - - default default] No more DHCP agents
2026-07-15 22:55:57.770 9 WARNING neutron.api.rpc.agentnotifiers.dhcp_rpc_agent_api [None req-47c61865-f61a-4769-bc58-01462319a47b 15347a2cd9fb413892463cba0acf75e4 3b11b5342cb9458b8a6fe990fe268e21 - - default default] Unable to schedule network 3f3a896b-6e30-4bb1-9800-f40ec159c56e: no agents available; will retry on subsequent port and subnet creation events.
2026-07-15 22:55:57.997 10 INFO neutron.wsgi [req-067dc77a-3fd5-425a-ad56-d313a88c1dc3 req-f9e33f23-e2e2-40d6-94b9-0c8948ead80e a2adbb392b07427182f6fa64aec77e55 50d24b6c76834dfcb80ebb9f73b33bf8 - - default default] 10.0.0.199 "GET /v2.0/ports?device_id=eb9d7952-214d-472b-8202-7630d6778c1b HTTP/1.1" status: 200 len: 1170 time: 0.1071622
2026-07-15 22:55:58.050 10 INFO neutron.wsgi [req-067dc77a-3fd5-425a-ad56-d313a88c1dc3 req-213004ac-9b13-492a-9ef1-5bfdd88d0c52 a2adbb392b07427182f6fa64aec77e55 50d24b6c76834dfcb80ebb9f73b33bf8 - - default default] 10.0.0.199 "GET /v2.0/security-groups?id=71542d48-5bb5-4ed2-b0cc-5072881c74bb&fields=id&fields=name HTTP/1.1" status: 200 len: 313 time: 0.0455608
2026-07-15 22:55:58.087 9 INFO neutron.wsgi [req-8a2b4e9a-b8ac-4fc6-b94d-5befba2ae352 req-7424f7df-f6fe-4737-a366-68ee8a3daec3 07cee014597842e3b100ad8edd6f41f1 5ef660e2c4914b00863607c6fd161a60 - - default default] 10.0.0.199 "GET /v2.0/ports?device_id=4412d5cf-712e-470b-a52f-6989365df169 HTTP/1.1" status: 200 len: 1170 time: 0.1182299
2026-07-15 22:55:58.184 9 INFO neutron.wsgi [req-8a2b4e9a-b8ac-4fc6-b94d-5befba2ae352 req-8259b736-48a9-48a7-b9e9-628803c8d581 07cee014597842e3b100ad8edd6f41f1 5ef660e2c4914b00863607c6fd161a60 - - default default] 10.0.0.199 "GET /v2.0/security-groups?id=51dcd016-1632-4916-b441-49ec6d1a0910&fields=id&fields=name HTTP/1.1" status: 200 len: 313 time: 0.0866776
2026-07-15 22:55:58.193 10 INFO neutron.wsgi [req-acd00d68-c7f6-48cf-aa49-fa5158eb28e5 req-9a8de15c-3d78-42a7-ae74-656eca6e06e6 a2adbb392b07427182f6fa64aec77e55 50d24b6c76834dfcb80ebb9f73b33bf8 - - default default] 10.0.0.199 "GET /v2.0/ports?device_id=eb9d7952-214d-472b-8202-7630d6778c1b HTTP/1.1" status: 200 len: 1170 time: 0.0595841
2026-07-15 22:55:58.335 10 INFO neutron.wsgi [req-d6d2ad9f-8ae7-4533-aa52-a5b6a3183693 req-3cb17b94-a1a9-4da0-8660-2c26853182f0 07cee014597842e3b100ad8edd6f41f1 5ef660e2c4914b00863607c6fd161a60 - - default default] 10.0.0.199 "GET /v2.0/ports?device_id=4412d5cf-712e-470b-a52f-6989365df169 HTTP/1.1" status: 200 len: 1170 time: 0.0662470
2026-07-15 22:55:58.372 9 INFO neutron.db.ovn_revision_numbers_db [None req-47c61865-f61a-4769-bc58-01462319a47b 15347a2cd9fb413892463cba0acf75e4 3b11b5342cb9458b8a6fe990fe268e21 - - default default] Successfully bumped revision number for resource 6b6d07ee-8e6d-44ed-bc8a-e362d87a8310 (type: ports) to 2
2026-07-15 22:55:58.403 9 INFO neutron.db.ovn_revision_numbers_db [None req-47c61865-f61a-4769-bc58-01462319a47b 15347a2cd9fb413892463cba0acf75e4 3b11b5342cb9458b8a6fe990fe268e21 - - default default] Successfully bumped revision number for resource d58a78f9-899b-4e8b-806f-c414cc2f7c6c (type: subnets) to 0
2026-07-15 22:55:58.420 9 INFO neutron.wsgi [None req-47c61865-f61a-4769-bc58-01462319a47b 15347a2cd9fb413892463cba0acf75e4 3b11b5342cb9458b8a6fe990fe268e21 - - default default] 10.0.0.216 "POST /v2.0/subnets HTTP/1.1" status: 201 len: 866 time: 0.8095977
2026-07-15 22:55:58.579 10 INFO neutron.db.l3_db [None req-f6934d6e-a3b6-46e7-8437-25a68c0d3303 a2adbb392b07427182f6fa64aec77e55 50d24b6c76834dfcb80ebb9f73b33bf8 - - default default] Floating IP 7d8db8d1-d58d-42fa-beba-5c0f147b5375 associated. External IP: 10.96.250.211, port: 72455fe1-fa95-4df3-b4ba-f0cbb251e1ae.
2026-07-15 22:55:58.696 10 INFO neutron.db.l3_db [None req-7fe7fecd-7c1a-4ea1-b8b4-2b2fee56a5ac 07cee014597842e3b100ad8edd6f41f1 5ef660e2c4914b00863607c6fd161a60 - - default default] Floating IP fd7886c6-bc57-4477-ad74-aae6f5f68a46 associated. External IP: 10.96.250.216, port: adc35037-6e7c-4114-989e-b909d08e6cc1.
2026-07-15 22:55:59.003 9 WARNING neutron.scheduler.dhcp_agent_scheduler [None req-6ff24f40-9ce3-4ab3-9405-bbc5294adb35 15347a2cd9fb413892463cba0acf75e4 3b11b5342cb9458b8a6fe990fe268e21 - - default default] No more DHCP agents
2026-07-15 22:55:59.011 9 WARNING neutron.api.rpc.agentnotifiers.dhcp_rpc_agent_api [None req-6ff24f40-9ce3-4ab3-9405-bbc5294adb35 15347a2cd9fb413892463cba0acf75e4 3b11b5342cb9458b8a6fe990fe268e21 - - default default] Unable to schedule network 01918310-5a49-4c66-9985-8f31d597a661: no agents available; will retry on subsequent port and subnet creation events.
2026-07-15 22:55:59.185 10 INFO neutron.db.ovn_revision_numbers_db [None req-f6934d6e-a3b6-46e7-8437-25a68c0d3303 a2adbb392b07427182f6fa64aec77e55 50d24b6c76834dfcb80ebb9f73b33bf8 - - default default] Successfully bumped revision number for resource 7d8db8d1-d58d-42fa-beba-5c0f147b5375 (type: floatingips) to 1
2026-07-15 22:55:59.209 9 INFO neutron.db.ovn_revision_numbers_db [None req-6ff24f40-9ce3-4ab3-9405-bbc5294adb35 15347a2cd9fb413892463cba0acf75e4 3b11b5342cb9458b8a6fe990fe268e21 - - default default] Successfully bumped revision number for resource c7f4ac09-ac23-4436-a056-1089ccb70386 (type: ports) to 1
2026-07-15 22:55:59.297 10 INFO neutron.db.ovn_revision_numbers_db [None req-7fe7fecd-7c1a-4ea1-b8b4-2b2fee56a5ac 07cee014597842e3b100ad8edd6f41f1 5ef660e2c4914b00863607c6fd161a60 - - default default] Successfully bumped revision number for resource fd7886c6-bc57-4477-ad74-aae6f5f68a46 (type: floatingips) to 1
2026-07-15 22:55:59.378 10 INFO neutron.db.ovn_revision_numbers_db [None req-f6934d6e-a3b6-46e7-8437-25a68c0d3303 a2adbb392b07427182f6fa64aec77e55 50d24b6c76834dfcb80ebb9f73b33bf8 - - default default] Successfully bumped revision number for resource 7d8db8d1-d58d-42fa-beba-5c0f147b5375 (type: floatingips) to 2
2026-07-15 22:55:59.417 10 INFO neutron.wsgi [None req-f6934d6e-a3b6-46e7-8437-25a68c0d3303 a2adbb392b07427182f6fa64aec77e55 50d24b6c76834dfcb80ebb9f73b33bf8 - - default default] 10.0.0.216 "PUT /v2.0/floatingips/7d8db8d1-d58d-42fa-beba-5c0f147b5375 HTTP/1.1" status: 200 len: 1049 time: 1.2109239
2026-07-15 22:55:59.441 10 INFO neutron.db.ovn_revision_numbers_db [None req-7fe7fecd-7c1a-4ea1-b8b4-2b2fee56a5ac 07cee014597842e3b100ad8edd6f41f1 5ef660e2c4914b00863607c6fd161a60 - - default default] Successfully bumped revision number for resource fd7886c6-bc57-4477-ad74-aae6f5f68a46 (type: floatingips) to 2
2026-07-15 22:55:59.462 10 INFO neutron.notifiers.nova [-] Nova event matching ['req-177e21be-b420-4553-873d-842f913b3322'] response: {'name': 'network-changed', 'server_uuid': 'eb9d7952-214d-472b-8202-7630d6778c1b', 'tag': '72455fe1-fa95-4df3-b4ba-f0cbb251e1ae', 'status': 'completed', 'code': 200}
2026-07-15 22:55:59.471 10 INFO neutron.wsgi [None req-7fe7fecd-7c1a-4ea1-b8b4-2b2fee56a5ac 07cee014597842e3b100ad8edd6f41f1 5ef660e2c4914b00863607c6fd161a60 - - default default] 10.0.0.216 "PUT /v2.0/floatingips/fd7886c6-bc57-4477-ad74-aae6f5f68a46 HTTP/1.1" status: 200 len: 1049 time: 1.1153126
2026-07-15 22:55:59.511 10 INFO neutron.wsgi [req-7e2f5620-7e9c-499c-8cca-bcadd5e1114a req-c0006a72-0da8-49db-8992-0bb305920a78 a2adbb392b07427182f6fa64aec77e55 50d24b6c76834dfcb80ebb9f73b33bf8 - - default default] 10.0.0.199 "GET /v2.0/ports?device_id=eb9d7952-214d-472b-8202-7630d6778c1b HTTP/1.1" status: 200 len: 1170 time: 0.0388246
2026-07-15 22:55:59.568 10 INFO neutron.wsgi [req-7e2f5620-7e9c-499c-8cca-bcadd5e1114a req-2314b000-7200-43ab-b036-875edd1bc1a6 a2adbb392b07427182f6fa64aec77e55 50d24b6c76834dfcb80ebb9f73b33bf8 - - default default] 10.0.0.199 "GET /v2.0/security-groups?id=71542d48-5bb5-4ed2-b0cc-5072881c74bb&fields=id&fields=name HTTP/1.1" status: 200 len: 313 time: 0.0495582 /var/lib/openstack/lib/python3.10/site-packages/pycadf/identifier.py:71: UserWarning: Invalid uuid: neutron. To ensure interoperability, identifiers should be a valid uuid. warnings.warn(('Invalid uuid: %s. To ensure interoperability, '
2026-07-15 22:55:59.839 9 INFO neutron.wsgi [req-3c469f14-e35d-4fec-b2b8-210651827f23 req-ed9b13c0-01c3-4c1c-a0dc-bb31d3146a09 07cee014597842e3b100ad8edd6f41f1 5ef660e2c4914b00863607c6fd161a60 - - default default] 10.0.0.199 "GET /v2.0/ports?device_id=4412d5cf-712e-470b-a52f-6989365df169 HTTP/1.1" status: 200 len: 1170 time: 0.0651553
2026-07-15 22:55:59.844 9 INFO neutron.wsgi [req-f092c98a-9a0a-4431-9f09-70d72844e628 req-d619c858-6e1c-4474-8826-57ab45920398 020148a245aa457ba8f9ae8eec1f5b74 f4970c914d95420382e7831c1c5a8c46 - - 713730aea4c849d39e19d81e6968278a 713730aea4c849d39e19d81e6968278a] 199.204.45.235 "GET /v2.0/ports?tenant_id=50d24b6c76834dfcb80ebb9f73b33bf8&device_id=eb9d7952-214d-472b-8202-7630d6778c1b HTTP/1.1" status: 200 len: 1409 time: 0.0694599
2026-07-15 22:55:59.935 9 INFO neutron.plugins.ml2.drivers.ovn.mech_driver.mech_driver [None req-c2740de3-9fdc-4af1-8deb-8479581be0bc - - - - - -] OVN reports status down for port: 72455fe1-fa95-4df3-b4ba-f0cbb251e1ae
2026-07-15 22:55:59.946 10 INFO neutron.wsgi [req-1921fc49-1f9c-4dfa-a364-196a5cf319b6 req-dbf3caf4-d673-4cff-937f-719a76cf69cc a2adbb392b07427182f6fa64aec77e55 50d24b6c76834dfcb80ebb9f73b33bf8 - - default default] 10.0.0.199 "GET /v2.0/ports?device_id=eb9d7952-214d-472b-8202-7630d6778c1b HTTP/1.1" status: 200 len: 1170 time: 0.0587237
2026-07-15 22:55:59.964 9 INFO neutron.wsgi [req-3c469f14-e35d-4fec-b2b8-210651827f23 req-59868af8-71d6-43bb-8d5d-23cc226f6fbe 07cee014597842e3b100ad8edd6f41f1 5ef660e2c4914b00863607c6fd161a60 - - default default] 10.0.0.199 "GET /v2.0/security-groups?id=51dcd016-1632-4916-b441-49ec6d1a0910&fields=id&fields=name HTTP/1.1" status: 200 len: 313 time: 0.1187065
2026-07-15 22:56:00.008 10 INFO neutron.wsgi [req-1921fc49-1f9c-4dfa-a364-196a5cf319b6 req-a9585ef8-27fe-4842-86ad-f5085cae4292 a2adbb392b07427182f6fa64aec77e55 50d24b6c76834dfcb80ebb9f73b33bf8 - - default default] 10.0.0.199 "GET /v2.0/security-groups?id=71542d48-5bb5-4ed2-b0cc-5072881c74bb&fields=id&fields=name HTTP/1.1" status: 200 len: 313 time: 0.0550728
2026-07-15 22:56:00.012 9 INFO neutron.wsgi [req-f092c98a-9a0a-4431-9f09-70d72844e628 req-d390f7a1-8418-4b40-86b6-f5d229b962f6 020148a245aa457ba8f9ae8eec1f5b74 f4970c914d95420382e7831c1c5a8c46 - - 713730aea4c849d39e19d81e6968278a 713730aea4c849d39e19d81e6968278a] 199.204.45.235 "GET /v2.0/networks?id=96049479-5295-4c8e-9f65-88c5f4e9cea4 HTTP/1.1" status: 200 len: 967 time: 0.1581380
2026-07-15 22:56:00.069 9 INFO neutron.wsgi [req-f092c98a-9a0a-4431-9f09-70d72844e628 req-90f9623f-77cc-429c-b423-e39f8ab1608f 020148a245aa457ba8f9ae8eec1f5b74 f4970c914d95420382e7831c1c5a8c46 - - 713730aea4c849d39e19d81e6968278a 713730aea4c849d39e19d81e6968278a] 199.204.45.235 "GET /v2.0/floatingips?fixed_ip_address=10.100.0.8&port_id=72455fe1-fa95-4df3-b4ba-f0cbb251e1ae HTTP/1.1" status: 200 len: 1059 time: 0.0479367
2026-07-15 22:56:00.160 9 INFO neutron.wsgi [req-f092c98a-9a0a-4431-9f09-70d72844e628 req-d326831d-0203-4629-a90b-21158bfe2790 020148a245aa457ba8f9ae8eec1f5b74 f4970c914d95420382e7831c1c5a8c46 - - 713730aea4c849d39e19d81e6968278a 713730aea4c849d39e19d81e6968278a] 199.204.45.235 "GET /v2.0/subnets?id=3f627ea8-643a-4eef-bdb9-09d2a05b5097 HTTP/1.1" status: 200 len: 862 time: 0.0777392
2026-07-15 22:56:00.201 9 INFO neutron.notifiers.nova [-] Nova event matching ['req-c8236ece-70fb-4624-97dc-90b55ed50fee'] response: {'server_uuid': 'eb9d7952-214d-472b-8202-7630d6778c1b', 'name': 'network-vif-unplugged', 'status': 'completed', 'tag': '72455fe1-fa95-4df3-b4ba-f0cbb251e1ae', 'code': 200}
2026-07-15 22:56:00.218 9 INFO neutron.wsgi [req-f092c98a-9a0a-4431-9f09-70d72844e628 req-8056f44b-ed88-4e2b-82ef-746530abef88 020148a245aa457ba8f9ae8eec1f5b74 f4970c914d95420382e7831c1c5a8c46 - - 713730aea4c849d39e19d81e6968278a 713730aea4c849d39e19d81e6968278a] 199.204.45.235 "GET /v2.0/ports?network_id=96049479-5295-4c8e-9f65-88c5f4e9cea4&device_owner=network%3Adhcp HTTP/1.1" status: 200 len: 210 time: 0.0494835
2026-07-15 22:56:00.277 10 INFO neutron.wsgi [req-d43f8482-30b3-4869-9238-235d3a50707d req-b4db5e6c-8c63-478a-a291-1f09b36ae2dc a2adbb392b07427182f6fa64aec77e55 50d24b6c76834dfcb80ebb9f73b33bf8 - - default default] 199.204.45.235 "GET /v2.0/ports?device_id=eb9d7952-214d-472b-8202-7630d6778c1b HTTP/1.1" status: 200 len: 1168 time: 0.0459096
2026-07-15 22:56:00.351 9 INFO neutron.wsgi [req-f092c98a-9a0a-4431-9f09-70d72844e628 req-1187928d-d9f7-4568-9770-3c266caeb4a8 020148a245aa457ba8f9ae8eec1f5b74 f4970c914d95420382e7831c1c5a8c46 - - 713730aea4c849d39e19d81e6968278a 713730aea4c849d39e19d81e6968278a] 199.204.45.235 "GET /v2.0/networks/96049479-5295-4c8e-9f65-88c5f4e9cea4?fields=segments HTTP/1.1" status: 200 len: 212 time: 0.1203871
2026-07-15 22:56:00.455 9 INFO neutron.wsgi [req-f092c98a-9a0a-4431-9f09-70d72844e628 req-1ee92064-9ed5-4477-b05f-2b584e197ca0 020148a245aa457ba8f9ae8eec1f5b74 f4970c914d95420382e7831c1c5a8c46 - - 713730aea4c849d39e19d81e6968278a 713730aea4c849d39e19d81e6968278a] 199.204.45.235 "GET /v2.0/networks/96049479-5295-4c8e-9f65-88c5f4e9cea4?fields=provider%3Aphysical_network&fields=provider%3Anetwork_type HTTP/1.1" status: 200 len: 277 time: 0.0942430
2026-07-15 22:56:00.533 9 INFO neutron.db.ovn_revision_numbers_db [None req-c2740de3-9fdc-4af1-8deb-8479581be0bc - - - - - -] Successfully bumped revision number for resource 72455fe1-fa95-4df3-b4ba-f0cbb251e1ae (type: ports) to 5
2026-07-15 22:56:00.594 10 INFO neutron.db.l3_db [req-d43f8482-30b3-4869-9238-235d3a50707d req-a29cb3d7-2701-4248-9a5a-ca953a4255ca a2adbb392b07427182f6fa64aec77e55 50d24b6c76834dfcb80ebb9f73b33bf8 - - default default] Floating IP 7d8db8d1-d58d-42fa-beba-5c0f147b5375 disassociated. External IP: 10.96.250.211, port: 72455fe1-fa95-4df3-b4ba-f0cbb251e1ae.
2026-07-15 22:56:00.606 9 INFO neutron.plugins.ml2.drivers.ovn.mech_driver.mech_driver [None req-c2740de3-9fdc-4af1-8deb-8479581be0bc - - - - - -] OVN reports status up for port: c7f4ac09-ac23-4436-a056-1089ccb70386
2026-07-15 22:56:00.621 9 INFO neutron.plugins.ml2.plugin [None req-c2740de3-9fdc-4af1-8deb-8479581be0bc - - - - - -] Attempt 1 to provision port c7f4ac09-ac23-4436-a056-1089ccb70386
2026-07-15 22:56:00.625 10 INFO neutron.plugins.ml2.drivers.ovn.mech_driver.ovsdb.ovsdb_monitor [None req-6f53d01f-47f8-431f-8151-91ad584aebdf - - - - - -] Router 38bcbc1e-a553-45ea-b03e-779a1958e722 is bound to host instance
2026-07-15 22:56:00.641 9 INFO neutron.db.ovn_revision_numbers_db [None req-6ff24f40-9ce3-4ab3-9405-bbc5294adb35 15347a2cd9fb413892463cba0acf75e4 3b11b5342cb9458b8a6fe990fe268e21 - - default default] Successfully bumped revision number for resource c7f4ac09-ac23-4436-a056-1089ccb70386 (type: router_ports) to 1
2026-07-15 22:56:00.706 9 INFO neutron.db.ovn_revision_numbers_db [None req-6ff24f40-9ce3-4ab3-9405-bbc5294adb35 15347a2cd9fb413892463cba0acf75e4 3b11b5342cb9458b8a6fe990fe268e21 - - default default] Successfully bumped revision number for resource 38bcbc1e-a553-45ea-b03e-779a1958e722 (type: routers) to 2
2026-07-15 22:56:00.719 9 INFO neutron.wsgi [None req-6ff24f40-9ce3-4ab3-9405-bbc5294adb35 15347a2cd9fb413892463cba0acf75e4 3b11b5342cb9458b8a6fe990fe268e21 - - default default] 10.0.0.216 "POST /v2.0/routers HTTP/1.1" status: 201 len: 877 time: 2.2929039 /var/lib/openstack/lib/python3.10/site-packages/pycadf/identifier.py:71: UserWarning: Invalid uuid: neutron. To ensure interoperability, identifiers should be a valid uuid. warnings.warn(('Invalid uuid: %s. To ensure interoperability, '
2026-07-15 22:56:00.829 10 INFO neutron.wsgi [req-d43f8482-30b3-4869-9238-235d3a50707d req-a29cb3d7-2701-4248-9a5a-ca953a4255ca a2adbb392b07427182f6fa64aec77e55 50d24b6c76834dfcb80ebb9f73b33bf8 - - default default] 199.204.45.235 "DELETE /v2.0/ports/72455fe1-fa95-4df3-b4ba-f0cbb251e1ae HTTP/1.1" status: 204 len: 173 time: 0.5467055
2026-07-15 22:56:01.111 10 INFO neutron.wsgi [req-b6b468a1-ef56-4c67-8f6b-ad54f5bf1b8c req-e50a966e-633f-4813-9b6b-6dc8ce41dedd a2adbb392b07427182f6fa64aec77e55 50d24b6c76834dfcb80ebb9f73b33bf8 - - default default] 10.0.0.199 "GET /v2.0/ports?device_id=eb9d7952-214d-472b-8202-7630d6778c1b HTTP/1.1" status: 200 len: 210 time: 0.0272529
2026-07-15 22:56:01.299 10 INFO neutron.db.ovn_revision_numbers_db [None req-6f53d01f-47f8-431f-8151-91ad584aebdf - - - - - -] Successfully bumped revision number for resource c7f4ac09-ac23-4436-a056-1089ccb70386 (type: ports) to 1
2026-07-15 22:56:01.386 9 WARNING neutron.scheduler.dhcp_agent_scheduler [None req-b2006378-4162-42f5-af09-719f90e0be6c 15347a2cd9fb413892463cba0acf75e4 3b11b5342cb9458b8a6fe990fe268e21 - - default default] No more DHCP agents
