2026-07-15 22:57:32.054 9 INFO neutron.wsgi [None req-daef0424-e697-4d10-b25e-d263062df26f 4943a783bcf24682a637dc00641d2522 c860d6117cef4fbeb4056c476c4bf7b1 - - default default] 10.0.0.216 "POST /v2.0/ports HTTP/1.1" status: 201 len: 942 time: 0.4285581 /var/lib/openstack/lib/python3.10/site-packages/pycadf/identifier.py:71: UserWarning: Invalid uuid: neutron. To ensure interoperability, identifiers should be a valid uuid. warnings.warn(('Invalid uuid: %s. To ensure interoperability, '
2026-07-15 22:57:32.071 9 INFO neutron.db.ovn_revision_numbers_db [None req-f9650ec3-bfaa-47a6-9924-0ec494215e43 52fcf3dcfa7542e7acbea276560f9bbb 94c3d71c811c454e87bce9cb87c370d2 - - default default] Successfully bumped revision number for resource ec7730ca-fb89-41f6-aaa0-8c2ed86dd36a (type: networks) to 1
2026-07-15 22:57:32.183 9 INFO neutron.db.segments_db [None req-f3aa25fd-ae52-4e63-8599-d7ce0aa4c7f0 4943a783bcf24682a637dc00641d2522 c860d6117cef4fbeb4056c476c4bf7b1 - - default default] Added segment 2ed74d75-2bc8-4d1d-989c-d8adad832a68 of type geneve for network 4a1421a7-f118-4e07-9669-1018bda7708f
2026-07-15 22:57:32.322 9 WARNING neutron.scheduler.dhcp_agent_scheduler [None req-f9650ec3-bfaa-47a6-9924-0ec494215e43 52fcf3dcfa7542e7acbea276560f9bbb 94c3d71c811c454e87bce9cb87c370d2 - - default default] No more DHCP agents
2026-07-15 22:57:32.330 9 WARNING neutron.api.rpc.agentnotifiers.dhcp_rpc_agent_api [None req-f9650ec3-bfaa-47a6-9924-0ec494215e43 52fcf3dcfa7542e7acbea276560f9bbb 94c3d71c811c454e87bce9cb87c370d2 - - default default] Unable to schedule network ec7730ca-fb89-41f6-aaa0-8c2ed86dd36a: no agents available; will retry on subsequent port and subnet creation events.
2026-07-15 22:57:32.389 9 INFO neutron.db.ovn_revision_numbers_db [None req-f3aa25fd-ae52-4e63-8599-d7ce0aa4c7f0 4943a783bcf24682a637dc00641d2522 c860d6117cef4fbeb4056c476c4bf7b1 - - default default] Successfully bumped revision number for resource 4a1421a7-f118-4e07-9669-1018bda7708f (type: networks) to 1
2026-07-15 22:57:32.468 9 INFO neutron.db.ovn_revision_numbers_db [None req-f9650ec3-bfaa-47a6-9924-0ec494215e43 52fcf3dcfa7542e7acbea276560f9bbb 94c3d71c811c454e87bce9cb87c370d2 - - default default] Successfully bumped revision number for resource f0bb00f4-170f-4169-877d-257749fff7ca (type: ports) to 1
2026-07-15 22:57:32.505 9 INFO neutron.wsgi [None req-f9650ec3-bfaa-47a6-9924-0ec494215e43 52fcf3dcfa7542e7acbea276560f9bbb 94c3d71c811c454e87bce9cb87c370d2 - - default default] 10.0.0.216 "POST /v2.0/networks HTTP/1.1" status: 201 len: 849 time: 0.7545021
2026-07-15 22:57:32.568 9 WARNING neutron.scheduler.dhcp_agent_scheduler [None req-f3aa25fd-ae52-4e63-8599-d7ce0aa4c7f0 4943a783bcf24682a637dc00641d2522 c860d6117cef4fbeb4056c476c4bf7b1 - - default default] No more DHCP agents
2026-07-15 22:57:32.570 9 WARNING neutron.api.rpc.agentnotifiers.dhcp_rpc_agent_api [None req-f3aa25fd-ae52-4e63-8599-d7ce0aa4c7f0 4943a783bcf24682a637dc00641d2522 c860d6117cef4fbeb4056c476c4bf7b1 - - default default] Unable to schedule network 4a1421a7-f118-4e07-9669-1018bda7708f: no agents available; will retry on subsequent port and subnet creation events.
2026-07-15 22:57:32.592 10 INFO neutron.db.segments_db [None req-4e2c9685-dcb1-4c11-88e6-5f862c80ad51 52fcf3dcfa7542e7acbea276560f9bbb 94c3d71c811c454e87bce9cb87c370d2 - - default default] Added segment 515531c0-6a91-4d26-8078-d39e84443b59 of type geneve for network 16c31468-b2a8-4a2a-9c81-3d6d24f04f52
2026-07-15 22:57:32.667 9 INFO neutron.db.ovn_revision_numbers_db [None req-f3aa25fd-ae52-4e63-8599-d7ce0aa4c7f0 4943a783bcf24682a637dc00641d2522 c860d6117cef4fbeb4056c476c4bf7b1 - - default default] Successfully bumped revision number for resource 399f5fa0-d97a-45dd-8472-131fd71f935d (type: ports) to 1
2026-07-15 22:57:32.696 9 INFO neutron.wsgi [None req-f3aa25fd-ae52-4e63-8599-d7ce0aa4c7f0 4943a783bcf24682a637dc00641d2522 c860d6117cef4fbeb4056c476c4bf7b1 - - default default] 10.0.0.216 "POST /v2.0/networks HTTP/1.1" status: 201 len: 831 time: 0.6324141
2026-07-15 22:57:32.732 10 INFO neutron.db.ovn_revision_numbers_db [None req-4e2c9685-dcb1-4c11-88e6-5f862c80ad51 52fcf3dcfa7542e7acbea276560f9bbb 94c3d71c811c454e87bce9cb87c370d2 - - default default] Successfully bumped revision number for resource 16c31468-b2a8-4a2a-9c81-3d6d24f04f52 (type: networks) to 1
2026-07-15 22:57:32.917 9 WARNING neutron.scheduler.dhcp_agent_scheduler [None req-722a5e37-a640-4a1d-8ac4-45aa1f00f55c 4943a783bcf24682a637dc00641d2522 c860d6117cef4fbeb4056c476c4bf7b1 - - default default] No more DHCP agents
2026-07-15 22:57:32.919 9 WARNING neutron.api.rpc.agentnotifiers.dhcp_rpc_agent_api [None req-722a5e37-a640-4a1d-8ac4-45aa1f00f55c 4943a783bcf24682a637dc00641d2522 c860d6117cef4fbeb4056c476c4bf7b1 - - default default] Unable to schedule network 4a1421a7-f118-4e07-9669-1018bda7708f: no agents available; will retry on subsequent port and subnet creation events.
2026-07-15 22:57:33.004 9 INFO neutron.db.ovn_revision_numbers_db [None req-722a5e37-a640-4a1d-8ac4-45aa1f00f55c 4943a783bcf24682a637dc00641d2522 c860d6117cef4fbeb4056c476c4bf7b1 - - default default] Successfully bumped revision number for resource bab12a20-e73c-4cb4-a029-a2ae63db23ae (type: ports) to 1
2026-07-15 22:57:33.023 9 INFO neutron.wsgi [None req-722a5e37-a640-4a1d-8ac4-45aa1f00f55c 4943a783bcf24682a637dc00641d2522 c860d6117cef4fbeb4056c476c4bf7b1 - - default default] 10.0.0.216 "POST /v2.0/ports HTTP/1.1" status: 201 len: 942 time: 0.3228102 /var/lib/openstack/lib/python3.10/site-packages/pycadf/identifier.py:71: UserWarning: Invalid uuid: neutron. To ensure interoperability, identifiers should be a valid uuid. warnings.warn(('Invalid uuid: %s. To ensure interoperability, '
2026-07-15 22:57:33.108 9 INFO neutron.db.segments_db [None req-9a626d39-aece-478d-9c64-57a690fd133d 4943a783bcf24682a637dc00641d2522 c860d6117cef4fbeb4056c476c4bf7b1 - - default default] Added segment 81ccb618-8a80-44c7-b1e7-899cf24f1483 of type geneve for network 3467c959-20a5-4158-abb4-184d823ca067
2026-07-15 22:57:33.114 10 WARNING neutron.scheduler.dhcp_agent_scheduler [None req-4e2c9685-dcb1-4c11-88e6-5f862c80ad51 52fcf3dcfa7542e7acbea276560f9bbb 94c3d71c811c454e87bce9cb87c370d2 - - default default] No more DHCP agents
2026-07-15 22:57:33.119 10 WARNING neutron.api.rpc.agentnotifiers.dhcp_rpc_agent_api [None req-4e2c9685-dcb1-4c11-88e6-5f862c80ad51 52fcf3dcfa7542e7acbea276560f9bbb 94c3d71c811c454e87bce9cb87c370d2 - - default default] Unable to schedule network 16c31468-b2a8-4a2a-9c81-3d6d24f04f52: no agents available; will retry on subsequent port and subnet creation events.
2026-07-15 22:57:33.198 10 INFO neutron.db.ovn_revision_numbers_db [None req-4e2c9685-dcb1-4c11-88e6-5f862c80ad51 52fcf3dcfa7542e7acbea276560f9bbb 94c3d71c811c454e87bce9cb87c370d2 - - default default] Successfully bumped revision number for resource d5f2d7f8-c607-40c8-bb28-9907b80b8ba0 (type: ports) to 1
2026-07-15 22:57:33.231 10 INFO neutron.wsgi [None req-4e2c9685-dcb1-4c11-88e6-5f862c80ad51 52fcf3dcfa7542e7acbea276560f9bbb 94c3d71c811c454e87bce9cb87c370d2 - - default default] 10.0.0.216 "POST /v2.0/networks HTTP/1.1" status: 201 len: 849 time: 0.7192316
2026-07-15 22:57:33.253 9 INFO neutron.db.ovn_revision_numbers_db [None req-9a626d39-aece-478d-9c64-57a690fd133d 4943a783bcf24682a637dc00641d2522 c860d6117cef4fbeb4056c476c4bf7b1 - - default default] Successfully bumped revision number for resource 3467c959-20a5-4158-abb4-184d823ca067 (type: networks) to 1
2026-07-15 22:57:33.442 9 WARNING neutron.scheduler.dhcp_agent_scheduler [None req-9a626d39-aece-478d-9c64-57a690fd133d 4943a783bcf24682a637dc00641d2522 c860d6117cef4fbeb4056c476c4bf7b1 - - default default] No more DHCP agents
2026-07-15 22:57:33.444 9 WARNING neutron.api.rpc.agentnotifiers.dhcp_rpc_agent_api [None req-9a626d39-aece-478d-9c64-57a690fd133d 4943a783bcf24682a637dc00641d2522 c860d6117cef4fbeb4056c476c4bf7b1 - - default default] Unable to schedule network 3467c959-20a5-4158-abb4-184d823ca067: no agents available; will retry on subsequent port and subnet creation events.
2026-07-15 22:57:33.518 9 INFO neutron.db.ovn_revision_numbers_db [None req-9a626d39-aece-478d-9c64-57a690fd133d 4943a783bcf24682a637dc00641d2522 c860d6117cef4fbeb4056c476c4bf7b1 - - default default] Successfully bumped revision number for resource cf9bedba-bb39-4c55-815c-381055fc91d0 (type: ports) to 1
2026-07-15 22:57:33.537 9 INFO neutron.wsgi [None req-9a626d39-aece-478d-9c64-57a690fd133d 4943a783bcf24682a637dc00641d2522 c860d6117cef4fbeb4056c476c4bf7b1 - - default default] 10.0.0.216 "POST /v2.0/networks HTTP/1.1" status: 201 len: 831 time: 0.5089636
2026-07-15 22:57:33.541 10 INFO neutron.db.ovn_revision_numbers_db [None req-766d42ca-6432-45df-80ea-bd10098c38c8 15347a2cd9fb413892463cba0acf75e4 3b11b5342cb9458b8a6fe990fe268e21 - - default default] Successfully bumped revision number for resource 66b752fb-0025-4150-8a83-d2905ddb9a0e (type: security_groups) to 1
2026-07-15 22:57:33.558 10 INFO neutron.db.ovn_revision_numbers_db [None req-766d42ca-6432-45df-80ea-bd10098c38c8 15347a2cd9fb413892463cba0acf75e4 3b11b5342cb9458b8a6fe990fe268e21 - - default default] Successfully bumped revision number for resource 2fd18e52-c2bf-438f-8e1f-3171513c497c (type: security_group_rules) to 0
2026-07-15 22:57:33.572 10 INFO neutron.db.ovn_revision_numbers_db [None req-766d42ca-6432-45df-80ea-bd10098c38c8 15347a2cd9fb413892463cba0acf75e4 3b11b5342cb9458b8a6fe990fe268e21 - - default default] Successfully bumped revision number for resource 38fa8d5f-8b56-4e3e-9a94-61cfc5f9a9d6 (type: security_group_rules) to 0
2026-07-15 22:57:33.592 10 INFO neutron.db.ovn_revision_numbers_db [None req-766d42ca-6432-45df-80ea-bd10098c38c8 15347a2cd9fb413892463cba0acf75e4 3b11b5342cb9458b8a6fe990fe268e21 - - default default] Successfully bumped revision number for resource 8f5c804b-ce51-448f-8150-3a0790616f70 (type: security_group_rules) to 0
2026-07-15 22:57:33.613 10 INFO neutron.db.ovn_revision_numbers_db [None req-766d42ca-6432-45df-80ea-bd10098c38c8 15347a2cd9fb413892463cba0acf75e4 3b11b5342cb9458b8a6fe990fe268e21 - - default default] Successfully bumped revision number for resource f927b71f-8169-4a30-a5bd-899723132371 (type: security_group_rules) to 0
2026-07-15 22:57:33.647 10 INFO neutron.wsgi [None req-766d42ca-6432-45df-80ea-bd10098c38c8 15347a2cd9fb413892463cba0acf75e4 3b11b5342cb9458b8a6fe990fe268e21 - - default default] 10.0.0.216 "GET /v2.0/security-groups?tenant_id=a2d0423a691543b188eaf6bda8a41b8a&name=default HTTP/1.1" status: 200 len: 2996 time: 0.4818828
2026-07-15 22:57:33.776 10 WARNING neutron.scheduler.dhcp_agent_scheduler [None req-69b5bb14-8c04-4271-9672-cfa0c9fcd43c 52fcf3dcfa7542e7acbea276560f9bbb 94c3d71c811c454e87bce9cb87c370d2 - - default default] No more DHCP agents
2026-07-15 22:57:33.779 10 WARNING neutron.api.rpc.agentnotifiers.dhcp_rpc_agent_api [None req-69b5bb14-8c04-4271-9672-cfa0c9fcd43c 52fcf3dcfa7542e7acbea276560f9bbb 94c3d71c811c454e87bce9cb87c370d2 - - default default] Unable to schedule network ec7730ca-fb89-41f6-aaa0-8c2ed86dd36a: no agents available; will retry on subsequent port and subnet creation events.
2026-07-15 22:57:33.808 9 WARNING neutron.scheduler.dhcp_agent_scheduler [None req-7ca60ee6-aa4b-498e-9a6d-cef33a5f0073 4943a783bcf24682a637dc00641d2522 c860d6117cef4fbeb4056c476c4bf7b1 - - default default] No more DHCP agents
2026-07-15 22:57:33.813 9 WARNING neutron.api.rpc.agentnotifiers.dhcp_rpc_agent_api [None req-7ca60ee6-aa4b-498e-9a6d-cef33a5f0073 4943a783bcf24682a637dc00641d2522 c860d6117cef4fbeb4056c476c4bf7b1 - - default default] Unable to schedule network 3467c959-20a5-4158-abb4-184d823ca067: no agents available; will retry on subsequent port and subnet creation events.
2026-07-15 22:57:33.900 9 INFO neutron.db.ovn_revision_numbers_db [None req-7ca60ee6-aa4b-498e-9a6d-cef33a5f0073 4943a783bcf24682a637dc00641d2522 c860d6117cef4fbeb4056c476c4bf7b1 - - default default] Successfully bumped revision number for resource dcb6cd45-8e4c-4dd8-847c-848afd9e5c2d (type: ports) to 1
2026-07-15 22:57:33.925 9 INFO neutron.wsgi [None req-7ca60ee6-aa4b-498e-9a6d-cef33a5f0073 4943a783bcf24682a637dc00641d2522 c860d6117cef4fbeb4056c476c4bf7b1 - - default default] 10.0.0.216 "POST /v2.0/ports HTTP/1.1" status: 201 len: 942 time: 0.3820434
2026-07-15 22:57:33.933 9 INFO neutron.wsgi [None req-f07b74df-1205-44c3-94da-dea115bcf7f8 15347a2cd9fb413892463cba0acf75e4 3b11b5342cb9458b8a6fe990fe268e21 - - default default] 10.0.0.216 "DELETE /v2.0/security-groups/66b752fb-0025-4150-8a83-d2905ddb9a0e HTTP/1.1" status: 204 len: 168 time: 0.2799594
2026-07-15 22:57:34.048 10 INFO neutron.db.segments_db [None req-dc8755c3-2c5b-43f1-9b14-cb08663afb6a 4943a783bcf24682a637dc00641d2522 c860d6117cef4fbeb4056c476c4bf7b1 - - default default] Added segment 31dc60de-5b8f-4efb-8c45-d0b56f2a6a27 of type geneve for network b3beeb74-64b9-4e1c-a576-60787a85f543
2026-07-15 22:57:34.293 10 INFO neutron.db.ovn_revision_numbers_db [None req-dc8755c3-2c5b-43f1-9b14-cb08663afb6a 4943a783bcf24682a637dc00641d2522 c860d6117cef4fbeb4056c476c4bf7b1 - - default default] Successfully bumped revision number for resource b3beeb74-64b9-4e1c-a576-60787a85f543 (type: networks) to 1
2026-07-15 22:57:34.499 10 INFO neutron.db.ovn_revision_numbers_db [None req-69b5bb14-8c04-4271-9672-cfa0c9fcd43c 52fcf3dcfa7542e7acbea276560f9bbb 94c3d71c811c454e87bce9cb87c370d2 - - default default] Successfully bumped revision number for resource f0bb00f4-170f-4169-877d-257749fff7ca (type: ports) to 2
2026-07-15 22:57:34.504 10 WARNING neutron.scheduler.dhcp_agent_scheduler [None req-dc8755c3-2c5b-43f1-9b14-cb08663afb6a 4943a783bcf24682a637dc00641d2522 c860d6117cef4fbeb4056c476c4bf7b1 - - default default] No more DHCP agents
2026-07-15 22:57:34.506 10 WARNING neutron.api.rpc.agentnotifiers.dhcp_rpc_agent_api [None req-dc8755c3-2c5b-43f1-9b14-cb08663afb6a 4943a783bcf24682a637dc00641d2522 c860d6117cef4fbeb4056c476c4bf7b1 - - default default] Unable to schedule network b3beeb74-64b9-4e1c-a576-60787a85f543: no agents available; will retry on subsequent port and subnet creation events.
2026-07-15 22:57:34.555 10 INFO neutron.db.ovn_revision_numbers_db [None req-69b5bb14-8c04-4271-9672-cfa0c9fcd43c 52fcf3dcfa7542e7acbea276560f9bbb 94c3d71c811c454e87bce9cb87c370d2 - - default default] Successfully bumped revision number for resource 3eb198a6-4940-4f8b-a755-ece6e7fd0e0e (type: subnets) to 0
2026-07-15 22:57:34.586 10 WARNING neutron.scheduler.dhcp_agent_scheduler [None req-69b5bb14-8c04-4271-9672-cfa0c9fcd43c 52fcf3dcfa7542e7acbea276560f9bbb 94c3d71c811c454e87bce9cb87c370d2 - - default default] No more DHCP agents
2026-07-15 22:57:34.590 10 WARNING neutron.api.rpc.agentnotifiers.dhcp_rpc_agent_api [None req-69b5bb14-8c04-4271-9672-cfa0c9fcd43c 52fcf3dcfa7542e7acbea276560f9bbb 94c3d71c811c454e87bce9cb87c370d2 - - default default] Unable to schedule network 16c31468-b2a8-4a2a-9c81-3d6d24f04f52: no agents available; will retry on subsequent port and subnet creation events.
2026-07-15 22:57:34.612 10 INFO neutron.db.ovn_revision_numbers_db [None req-dc8755c3-2c5b-43f1-9b14-cb08663afb6a 4943a783bcf24682a637dc00641d2522 c860d6117cef4fbeb4056c476c4bf7b1 - - default default] Successfully bumped revision number for resource 998cd015-d7b1-4cf8-93c8-11ca9aed1ead (type: ports) to 1
2026-07-15 22:57:34.642 10 INFO neutron.wsgi [None req-dc8755c3-2c5b-43f1-9b14-cb08663afb6a 4943a783bcf24682a637dc00641d2522 c860d6117cef4fbeb4056c476c4bf7b1 - - default default] 10.0.0.216 "POST /v2.0/networks HTTP/1.1" status: 201 len: 830 time: 0.7092083 /var/lib/openstack/lib/python3.10/site-packages/pycadf/identifier.py:71: UserWarning: Invalid uuid: neutron. To ensure interoperability, identifiers should be a valid uuid. warnings.warn(('Invalid uuid: %s. To ensure interoperability, '
2026-07-15 22:57:34.939 9 WARNING neutron.scheduler.dhcp_agent_scheduler [None req-3c70260b-acbd-406c-b927-1b1c79ca8508 4943a783bcf24682a637dc00641d2522 c860d6117cef4fbeb4056c476c4bf7b1 - - default default] No more DHCP agents
2026-07-15 22:57:34.941 9 WARNING neutron.api.rpc.agentnotifiers.dhcp_rpc_agent_api [None req-3c70260b-acbd-406c-b927-1b1c79ca8508 4943a783bcf24682a637dc00641d2522 c860d6117cef4fbeb4056c476c4bf7b1 - - default default] Unable to schedule network b3beeb74-64b9-4e1c-a576-60787a85f543: no agents available; will retry on subsequent port and subnet creation events.
2026-07-15 22:57:35.035 9 INFO neutron.db.ovn_revision_numbers_db [None req-3c70260b-acbd-406c-b927-1b1c79ca8508 4943a783bcf24682a637dc00641d2522 c860d6117cef4fbeb4056c476c4bf7b1 - - default default] Successfully bumped revision number for resource 31a851a5-6830-4d50-8483-d506c7105560 (type: ports) to 1
2026-07-15 22:57:35.059 9 INFO neutron.wsgi [None req-3c70260b-acbd-406c-b927-1b1c79ca8508 4943a783bcf24682a637dc00641d2522 c860d6117cef4fbeb4056c476c4bf7b1 - - default default] 10.0.0.216 "POST /v2.0/ports HTTP/1.1" status: 201 len: 942 time: 0.4081645
2026-07-15 22:57:35.060 10 INFO neutron.db.ovn_revision_numbers_db [None req-69b5bb14-8c04-4271-9672-cfa0c9fcd43c 52fcf3dcfa7542e7acbea276560f9bbb 94c3d71c811c454e87bce9cb87c370d2 - - default default] Successfully bumped revision number for resource d5f2d7f8-c607-40c8-bb28-9907b80b8ba0 (type: ports) to 2 /var/lib/openstack/lib/python3.10/site-packages/pycadf/identifier.py:71: UserWarning: Invalid uuid: neutron. To ensure interoperability, identifiers should be a valid uuid. warnings.warn(('Invalid uuid: %s. To ensure interoperability, '
2026-07-15 22:57:35.098 10 INFO neutron.db.ovn_revision_numbers_db [None req-69b5bb14-8c04-4271-9672-cfa0c9fcd43c 52fcf3dcfa7542e7acbea276560f9bbb 94c3d71c811c454e87bce9cb87c370d2 - - default default] Successfully bumped revision number for resource 892aa8ba-fa87-47dd-898e-d04a26fd9414 (type: subnets) to 0
2026-07-15 22:57:35.103 9 INFO neutron.wsgi [None req-bcc39e2e-0704-4d65-a2dc-47bb8120e46e 4943a783bcf24682a637dc00641d2522 c860d6117cef4fbeb4056c476c4bf7b1 - - default default] 10.0.0.216 "PUT /v2.0/ports/0611cff5-b950-40ed-9d17-8e26076d79fd/tags HTTP/1.1" status: 200 len: 210 time: 0.0373366
2026-07-15 22:57:35.115 10 INFO neutron.wsgi [None req-69b5bb14-8c04-4271-9672-cfa0c9fcd43c 52fcf3dcfa7542e7acbea276560f9bbb 94c3d71c811c454e87bce9cb87c370d2 - - default default] 10.0.0.216 "POST /v2.0/subnets HTTP/1.1" status: 201 len: 1425 time: 1.8409021
2026-07-15 22:57:35.158 9 INFO neutron.wsgi [None req-76478004-0f97-482f-93c8-86a9d9e04487 52fcf3dcfa7542e7acbea276560f9bbb 94c3d71c811c454e87bce9cb87c370d2 - - default default] 10.0.0.216 "GET /v2.0/subnets HTTP/1.1" status: 200 len: 2033 time: 0.0393891
2026-07-15 22:57:35.160 9 INFO neutron.wsgi [None req-8ae2a8d3-3222-4084-a78d-e6b6195f9d0b 4943a783bcf24682a637dc00641d2522 c860d6117cef4fbeb4056c476c4bf7b1 - - default default] 10.0.0.216 "PUT /v2.0/ports/1b3a8772-099a-43c6-b302-d5cd7b8f39ae/tags HTTP/1.1" status: 200 len: 218 time: 0.0519929
2026-07-15 22:57:35.227 9 INFO neutron.wsgi [None req-4e02de57-54f7-494e-a075-8acd7b148cea 4943a783bcf24682a637dc00641d2522 c860d6117cef4fbeb4056c476c4bf7b1 - - default default] 10.0.0.216 "PUT /v2.0/ports/bab12a20-e73c-4cb4-a029-a2ae63db23ae/tags HTTP/1.1" status: 200 len: 227 time: 0.0633984
2026-07-15 22:57:35.280 10 INFO neutron.wsgi [None req-c5c64c7e-e8e0-4ab3-9ce8-208ca9294f15 4943a783bcf24682a637dc00641d2522 c860d6117cef4fbeb4056c476c4bf7b1 - - default default] 10.0.0.216 "PUT /v2.0/ports/dcb6cd45-8e4c-4dd8-847c-848afd9e5c2d/tags HTTP/1.1" status: 200 len: 212 time: 0.0471265
2026-07-15 22:57:35.451 9 INFO neutron.wsgi [None req-6bf5d32d-a45d-425e-96c9-23344dd14b61 52fcf3dcfa7542e7acbea276560f9bbb 94c3d71c811c454e87bce9cb87c370d2 - - default default] 10.0.0.216 "DELETE /v2.0/subnets/3eb198a6-4940-4f8b-a755-ece6e7fd0e0e HTTP/1.1" status: 204 len: 168 time: 0.2880013
2026-07-15 22:57:35.478 9 INFO neutron.wsgi [None req-4eab05c9-55d8-4949-8f5d-6e135a8bace8 4943a783bcf24682a637dc00641d2522 c860d6117cef4fbeb4056c476c4bf7b1 - - default default] 10.0.0.216 "GET /v2.0/ports?tags=red HTTP/1.1" status: 200 len: 2448 time: 0.1908493
2026-07-15 22:57:35.551 9 INFO neutron.wsgi [None req-8a16d4f5-26e4-4ad9-b4e2-400a154007b2 4943a783bcf24682a637dc00641d2522 c860d6117cef4fbeb4056c476c4bf7b1 - - default default] 10.0.0.216 "GET /v2.0/ports?tags=red%2Cblue HTTP/1.1" status: 200 len: 1708 time: 0.0682743
2026-07-15 22:57:35.633 9 INFO neutron.wsgi [None req-d0744484-d02c-41af-b78b-1cc8187e254a 4943a783bcf24682a637dc00641d2522 c860d6117cef4fbeb4056c476c4bf7b1 - - default default] 10.0.0.216 "GET /v2.0/ports?tags-any=blue HTTP/1.1" status: 200 len: 1708 time: 0.0769968
2026-07-15 22:57:35.747 10 INFO neutron.wsgi [None req-8703f60f-1f71-4965-b3ca-984eac5d20cc 52fcf3dcfa7542e7acbea276560f9bbb 94c3d71c811c454e87bce9cb87c370d2 - - default default] 10.0.0.216 "DELETE /v2.0/subnets/892aa8ba-fa87-47dd-898e-d04a26fd9414 HTTP/1.1" status: 204 len: 168 time: 0.2889593
2026-07-15 22:57:35.819 10 INFO neutron.wsgi [None req-10d5de6b-e3d1-45f4-8d98-3a2f14580842 4943a783bcf24682a637dc00641d2522 c860d6117cef4fbeb4056c476c4bf7b1 - - default default] 10.0.0.216 "GET /v2.0/ports?tags-any=red%2Cblue HTTP/1.1" status: 200 len: 2448 time: 0.1787965
2026-07-15 22:57:35.960 10 INFO neutron.wsgi [None req-a07b84e2-ffbb-4d09-91ec-324175c35025 4943a783bcf24682a637dc00641d2522 c860d6117cef4fbeb4056c476c4bf7b1 - - default default] 10.0.0.216 "GET /v2.0/ports?not-tags=red HTTP/1.1" status: 200 len: 5463 time: 0.1368783
2026-07-15 22:57:35.976 9 INFO neutron.wsgi [None req-bb3bc853-567c-40bd-9129-95c2219af1aa 52fcf3dcfa7542e7acbea276560f9bbb 94c3d71c811c454e87bce9cb87c370d2 - - default default] 10.0.0.216 "GET /v2.0/subnets HTTP/1.1" status: 200 len: 820 time: 0.2237248
2026-07-15 22:57:36.135 9 INFO neutron.wsgi [None req-96e94814-3eaa-4740-b77b-9e181a983bad 4943a783bcf24682a637dc00641d2522 c860d6117cef4fbeb4056c476c4bf7b1 - - default default] 10.0.0.216 "GET /v2.0/ports?not-tags=red%2Cblue HTTP/1.1" status: 200 len: 6203 time: 0.1695900
2026-07-15 22:57:36.209 9 INFO neutron.wsgi [None req-b3fc8c29-4188-4419-a869-1294e6679401 4943a783bcf24682a637dc00641d2522 c860d6117cef4fbeb4056c476c4bf7b1 - - default default] 10.0.0.216 "GET /v2.0/ports?not-tags-any=blue HTTP/1.1" status: 200 len: 6203 time: 0.0667300
2026-07-15 22:57:36.277 9 INFO neutron.wsgi [None req-b11a944a-f8b9-42bb-a7b6-79e0e638a3e0 4943a783bcf24682a637dc00641d2522 c860d6117cef4fbeb4056c476c4bf7b1 - - default default] 10.0.0.216 "GET /v2.0/ports?not-tags-any=red%2Cblue HTTP/1.1" status: 200 len: 5463 time: 0.0622365
2026-07-15 22:57:36.343 10 INFO neutron.services.segments.plugin [-] Segment 515531c0-6a91-4d26-8078-d39e84443b59 resource provider aggregate not found
2026-07-15 22:57:36.360 10 INFO neutron.services.segments.plugin [-] Segment 515531c0-6a91-4d26-8078-d39e84443b59 resource provider aggregate not found
2026-07-15 22:57:36.364 10 INFO neutron.services.segments.plugin [-] Segment 515531c0-6a91-4d26-8078-d39e84443b59 resource provider not found; error: Placement Client Error (4xx): {"errors": [{"status": 404, "title": "Not Found", "detail": "The resource could not be found.\n\n No resource provider with uuid 515531c0-6a91-4d26-8078-d39e84443b59 found for delete ", "request_id": "req-a382bd1a-9f3c-4e60-9420-673ed6e978b1"}]}
2026-07-15 22:57:36.379 10 INFO neutron.services.segments.plugin [-] Segment 515531c0-6a91-4d26-8078-d39e84443b59 resource provider not found; error: Placement Client Error (4xx): {"errors": [{"status": 404, "title": "Not Found", "detail": "The resource could not be found.\n\n No resource provider with uuid 515531c0-6a91-4d26-8078-d39e84443b59 found for delete ", "request_id": "req-641ea91d-8cf0-4a62-85f0-4b8cf89ba1a1"}]}
2026-07-15 22:57:36.400 10 INFO neutron.wsgi [None req-f05b8f3e-3c99-47f3-84fc-ad24cbe8a058 52fcf3dcfa7542e7acbea276560f9bbb 94c3d71c811c454e87bce9cb87c370d2 - - default default] 10.0.0.216 "DELETE /v2.0/networks/16c31468-b2a8-4a2a-9c81-3d6d24f04f52 HTTP/1.1" status: 204 len: 168 time: 0.4201057
2026-07-15 22:57:36.489 9 INFO neutron.wsgi [None req-dd060a92-092b-4fc6-9785-7d48962009a5 4943a783bcf24682a637dc00641d2522 c860d6117cef4fbeb4056c476c4bf7b1 - - default default] 10.0.0.216 "DELETE /v2.0/ports/0611cff5-b950-40ed-9d17-8e26076d79fd HTTP/1.1" status: 204 len: 168 time: 0.2048721
2026-07-15 22:57:36.682 9 INFO neutron.wsgi [-] 10.0.0.25 "GET / HTTP/1.1" status: 200 len: 247 time: 0.0016079
2026-07-15 22:57:36.684 9 INFO neutron.wsgi [-] 10.0.0.25 "GET / HTTP/1.1" status: 200 len: 247 time: 0.0013001
2026-07-15 22:57:36.721 9 INFO neutron.wsgi [None req-96617b46-f39b-4765-abe3-0db05398b118 4943a783bcf24682a637dc00641d2522 c860d6117cef4fbeb4056c476c4bf7b1 - - default default] 10.0.0.216 "DELETE /v2.0/ports/1b3a8772-099a-43c6-b302-d5cd7b8f39ae HTTP/1.1" status: 204 len: 168 time: 0.2271860
2026-07-15 22:57:36.727 10 INFO neutron.wsgi [None req-a537ae86-4d97-4eac-a12b-889553dd500f 52fcf3dcfa7542e7acbea276560f9bbb 94c3d71c811c454e87bce9cb87c370d2 - - default default] 10.0.0.216 "DELETE /v2.0/networks/ec7730ca-fb89-41f6-aaa0-8c2ed86dd36a HTTP/1.1" status: 204 len: 168 time: 0.3204930
2026-07-15 22:57:36.928 10 INFO neutron.wsgi [None req-d6530d09-4a6c-46fd-a360-f6785471a326 9f50bf7ca46d4d2cb04367524b9eff2a 5cd9070346ba4c4d878fbc1b29c2dc0b - - default default] 10.0.0.136 "GET /v2.0/extensions HTTP/1.1" status: 200 len: 16525 time: 0.1030660
2026-07-15 22:57:36.989 9 INFO neutron.wsgi [None req-4579fefb-cbad-47bb-b714-d4226f0da79b 4943a783bcf24682a637dc00641d2522 c860d6117cef4fbeb4056c476c4bf7b1 - - default default] 10.0.0.216 "DELETE /v2.0/ports/bab12a20-e73c-4cb4-a029-a2ae63db23ae HTTP/1.1" status: 204 len: 168 time: 0.2641256
2026-07-15 22:57:37.036 10 INFO neutron.wsgi [None req-aaa91372-d2da-48ae-8a3f-cb9eab59d649 9f50bf7ca46d4d2cb04367524b9eff2a 5cd9070346ba4c4d878fbc1b29c2dc0b - - default default] 10.0.0.136 "GET /v2.0/quotas/5cd9070346ba4c4d878fbc1b29c2dc0b/details HTTP/1.1" status: 200 len: 756 time: 0.0914927
2026-07-15 22:57:37.153 9 INFO neutron.services.segments.plugin [-] Segment 131edaa9-e641-4bfb-9265-6606ba6a1b8f resource provider aggregate not found
2026-07-15 22:57:37.157 9 INFO neutron.services.segments.plugin [-] Segment 131edaa9-e641-4bfb-9265-6606ba6a1b8f resource provider aggregate not found
2026-07-15 22:57:37.182 9 INFO neutron.services.segments.plugin [-] Segment 131edaa9-e641-4bfb-9265-6606ba6a1b8f resource provider not found; error: Placement Client Error (4xx): {"errors": [{"status": 404, "title": "Not Found", "detail": "The resource could not be found.\n\n No resource provider with uuid 131edaa9-e641-4bfb-9265-6606ba6a1b8f found for delete ", "request_id": "req-5aee3b29-265d-4bd0-b9cf-25cf9b811769"}]}
2026-07-15 22:57:37.183 9 INFO neutron.services.segments.plugin [-] Segment 131edaa9-e641-4bfb-9265-6606ba6a1b8f resource provider not found; error: Placement Client Error (4xx): {"errors": [{"status": 404, "title": "Not Found", "detail": "The resource could not be found.\n\n No resource provider with uuid 131edaa9-e641-4bfb-9265-6606ba6a1b8f found for delete ", "request_id": "req-81a78916-eb52-4684-ade1-2daed9965d8d"}]}
2026-07-15 22:57:37.227 9 INFO neutron.wsgi [None req-6277a422-98a2-40b9-bd73-d62d0301fec6 52fcf3dcfa7542e7acbea276560f9bbb 94c3d71c811c454e87bce9cb87c370d2 - - default default] 10.0.0.216 "DELETE /v2.0/networks/15d42d00-e929-48a1-8c53-ec727b7e99a6 HTTP/1.1" status: 204 len: 168 time: 0.4945993
2026-07-15 22:57:37.291 9 INFO neutron.wsgi [None req-836dbcc7-3866-4a12-8ca6-033b05c75c9f 4943a783bcf24682a637dc00641d2522 c860d6117cef4fbeb4056c476c4bf7b1 - - default default] 10.0.0.216 "DELETE /v2.0/ports/dcb6cd45-8e4c-4dd8-847c-848afd9e5c2d HTTP/1.1" status: 204 len: 168 time: 0.2970026
2026-07-15 22:57:37.540 10 INFO neutron.wsgi [None req-74e19d78-6a2a-45f8-bd80-fce9e4bb7cca 4943a783bcf24682a637dc00641d2522 c860d6117cef4fbeb4056c476c4bf7b1 - - default default] 10.0.0.216 "DELETE /v2.0/ports/31a851a5-6830-4d50-8483-d506c7105560 HTTP/1.1" status: 204 len: 168 time: 0.2441726
2026-07-15 22:57:37.706 10 INFO neutron.wsgi [None req-237bebd4-8d1f-4259-ae89-f4fcb23ab71c 52fcf3dcfa7542e7acbea276560f9bbb 94c3d71c811c454e87bce9cb87c370d2 - - default default] 10.0.0.216 "DELETE /v2.0/networks/69b4a7dd-7642-4b78-afcf-e8538420d5ec HTTP/1.1" status: 204 len: 168 time: 0.4748917
2026-07-15 22:57:37.943 10 INFO neutron.wsgi [None req-08cf9486-2035-4aa5-9e2f-f41027df23fb 4943a783bcf24682a637dc00641d2522 c860d6117cef4fbeb4056c476c4bf7b1 - - default default] 10.0.0.216 "DELETE /v2.0/networks/3e8d8648-3934-442d-96d2-69033b86abe0 HTTP/1.1" status: 204 len: 168 time: 0.3982198
2026-07-15 22:57:38.312 9 INFO neutron.wsgi [None req-db0ffee7-4e7a-4e18-abf6-8d1e0293eb93 4943a783bcf24682a637dc00641d2522 c860d6117cef4fbeb4056c476c4bf7b1 - - default default] 10.0.0.216 "DELETE /v2.0/networks/cd25f06b-0d47-426e-aab5-b62e60cf081d HTTP/1.1" status: 204 len: 168 time: 0.3628519
2026-07-15 22:57:38.393 10 INFO neutron.services.segments.plugin [-] Segment 49f062ca-492b-4d6e-920c-6d8135dcaa23 resource provider aggregate not found
2026-07-15 22:57:38.397 10 INFO neutron.services.segments.plugin [-] Segment 49f062ca-492b-4d6e-920c-6d8135dcaa23 resource provider aggregate not found
2026-07-15 22:57:38.405 10 INFO neutron.wsgi [None req-753d3f30-f75b-4cf5-aa58-bd70b76d4353 15347a2cd9fb413892463cba0acf75e4 3b11b5342cb9458b8a6fe990fe268e21 - - default default] 10.0.0.216 "GET /v2.0/security-groups?tenant_id=94c3d71c811c454e87bce9cb87c370d2&name=default HTTP/1.1" status: 200 len: 2996 time: 0.1926455
2026-07-15 22:57:38.421 10 INFO neutron.services.segments.plugin [-] Segment 49f062ca-492b-4d6e-920c-6d8135dcaa23 resource provider not found; error: Placement Client Error (4xx): {"errors": [{"status": 404, "title": "Not Found", "detail": "The resource could not be found.\n\n No resource provider with uuid 49f062ca-492b-4d6e-920c-6d8135dcaa23 found for delete ", "request_id": "req-d86f6f5c-f224-4c53-89fb-877f91222f66"}]}
2026-07-15 22:57:38.425 10 INFO neutron.services.segments.plugin [-] Segment 49f062ca-492b-4d6e-920c-6d8135dcaa23 resource provider not found; error: Placement Client Error (4xx): {"errors": [{"status": 404, "title": "Not Found", "detail": "The resource could not be found.\n\n No resource provider with uuid 49f062ca-492b-4d6e-920c-6d8135dcaa23 found for delete ", "request_id": "req-99f0b773-3e3b-4913-b79e-767af7f739eb"}]}
2026-07-15 22:57:38.442 10 INFO neutron.services.segments.plugin [-] Segment da56a87a-3608-4028-ae94-2af10e0bcf20 resource provider aggregate not found
2026-07-15 22:57:38.447 10 INFO neutron.services.segments.plugin [-] Segment da56a87a-3608-4028-ae94-2af10e0bcf20 resource provider aggregate not found
2026-07-15 22:57:38.455 10 INFO neutron.services.segments.plugin [-] Segment da56a87a-3608-4028-ae94-2af10e0bcf20 resource provider not found; error: Placement Client Error (4xx): {"errors": [{"status": 404, "title": "Not Found", "detail": "The resource could not be found.\n\n No resource provider with uuid da56a87a-3608-4028-ae94-2af10e0bcf20 found for delete ", "request_id": "req-2ba9255d-ec16-4960-9fe9-f9d1ec5f2928"}]}
2026-07-15 22:57:38.459 10 INFO neutron.services.segments.plugin [-] Segment da56a87a-3608-4028-ae94-2af10e0bcf20 resource provider not found; error: Placement Client Error (4xx): {"errors": [{"status": 404, "title": "Not Found", "detail": "The resource could not be found.\n\n No resource provider with uuid da56a87a-3608-4028-ae94-2af10e0bcf20 found for delete ", "request_id": "req-8de109db-a793-4450-bc18-a72a113d15a6"}]}
2026-07-15 22:57:38.472 10 INFO neutron.services.segments.plugin [-] Segment a7fbbc65-bf67-4536-afe2-7c0ee0638010 resource provider aggregate not found
2026-07-15 22:57:38.477 10 INFO neutron.services.segments.plugin [-] Segment a7fbbc65-bf67-4536-afe2-7c0ee0638010 resource provider aggregate not found
2026-07-15 22:57:38.692 10 INFO neutron.services.segments.plugin [-] Segment a7fbbc65-bf67-4536-afe2-7c0ee0638010 resource provider not found; error: Placement Client Error (4xx): {"errors": [{"status": 404, "title": "Not Found", "detail": "The resource could not be found.\n\n No resource provider with uuid a7fbbc65-bf67-4536-afe2-7c0ee0638010 found for delete ", "request_id": "req-d285f62b-75bb-4462-a3b8-9ecfd7944ff5"}]}
2026-07-15 22:57:38.693 10 INFO neutron.services.segments.plugin [-] Segment a7fbbc65-bf67-4536-afe2-7c0ee0638010 resource provider not found; error: Placement Client Error (4xx): {"errors": [{"status": 404, "title": "Not Found", "detail": "The resource could not be found.\n\n No resource provider with uuid a7fbbc65-bf67-4536-afe2-7c0ee0638010 found for delete ", "request_id": "req-9f5aef0e-ab3f-421c-9289-a3ea73d5cd1e"}]}
2026-07-15 22:57:38.894 10 INFO neutron.wsgi [None req-73c8a3f4-6477-416d-bb89-21419517bbf1 15347a2cd9fb413892463cba0acf75e4 3b11b5342cb9458b8a6fe990fe268e21 - - default default] 10.0.0.216 "DELETE /v2.0/security-groups/420ed8a6-1926-4999-8f5e-f14e30ead93f HTTP/1.1" status: 204 len: 168 time: 0.4848201
2026-07-15 22:57:39.037 10 INFO neutron.wsgi [None req-78bb16c8-21be-4144-a730-852241e69c88 4943a783bcf24682a637dc00641d2522 c860d6117cef4fbeb4056c476c4bf7b1 - - default default] 10.0.0.216 "DELETE /v2.0/networks/4a1421a7-f118-4e07-9669-1018bda7708f HTTP/1.1" status: 204 len: 168 time: 0.7191112
2026-07-15 22:57:39.214 9 INFO neutron.services.segments.plugin [-] Segment 6bb6da9a-308d-4ea7-9a16-c771b50164f4 resource provider aggregate not found
2026-07-15 22:57:39.221 9 INFO neutron.services.segments.plugin [-] Segment 6bb6da9a-308d-4ea7-9a16-c771b50164f4 resource provider aggregate not found
2026-07-15 22:57:39.259 9 INFO neutron.services.segments.plugin [-] Segment 6bb6da9a-308d-4ea7-9a16-c771b50164f4 resource provider not found; error: Placement Client Error (4xx): {"errors": [{"status": 404, "title": "Not Found", "detail": "The resource could not be found.\n\n No resource provider with uuid 6bb6da9a-308d-4ea7-9a16-c771b50164f4 found for delete ", "request_id": "req-dc07a369-c364-4e71-9503-023d77df3b62"}]}
2026-07-15 22:57:39.260 9 INFO neutron.services.segments.plugin [-] Segment 6bb6da9a-308d-4ea7-9a16-c771b50164f4 resource provider not found; error: Placement Client Error (4xx): {"errors": [{"status": 404, "title": "Not Found", "detail": "The resource could not be found.\n\n No resource provider with uuid 6bb6da9a-308d-4ea7-9a16-c771b50164f4 found for delete ", "request_id": "req-8ba24c3f-431c-4f2c-af75-c6f085fd5938"}]}
2026-07-15 22:57:39.472 9 INFO neutron.wsgi [None req-011eb2c0-3cfc-41b6-b2d0-439f0de50e40 9f50bf7ca46d4d2cb04367524b9eff2a 5cd9070346ba4c4d878fbc1b29c2dc0b - - default default] 10.0.0.136 "GET /v2.0/extensions HTTP/1.1" status: 200 len: 16525 time: 0.0061893
2026-07-15 22:57:39.500 9 INFO neutron.wsgi [None req-51571b75-e468-457d-9051-7f9ebdb25ef8 4943a783bcf24682a637dc00641d2522 c860d6117cef4fbeb4056c476c4bf7b1 - - default default] 10.0.0.216 "DELETE /v2.0/networks/3467c959-20a5-4158-abb4-184d823ca067 HTTP/1.1" status: 204 len: 168 time: 0.4585335
2026-07-15 22:57:39.577 10 INFO neutron.wsgi [None req-0b7395c5-4456-469d-8b5b-4f0765f21da2 9f50bf7ca46d4d2cb04367524b9eff2a 5cd9070346ba4c4d878fbc1b29c2dc0b - - default default] 10.0.0.136 "GET /v2.0/quotas/5cd9070346ba4c4d878fbc1b29c2dc0b/details HTTP/1.1" status: 200 len: 756 time: 0.0818093
2026-07-15 22:57:39.863 9 INFO neutron.wsgi [None req-42f63cd1-fd90-487f-b976-d1ed164bc0cc 4943a783bcf24682a637dc00641d2522 c860d6117cef4fbeb4056c476c4bf7b1 - - default default] 10.0.0.216 "DELETE /v2.0/networks/b3beeb74-64b9-4e1c-a576-60787a85f543 HTTP/1.1" status: 204 len: 168 time: 0.3562202
2026-07-15 22:57:40.437 9 INFO neutron.db.ovn_revision_numbers_db [None req-dd38dbd8-b3a3-455b-bed8-8427ab3da713 15347a2cd9fb413892463cba0acf75e4 3b11b5342cb9458b8a6fe990fe268e21 - - default default] Successfully bumped revision number for resource 50927bed-0e67-439d-b2ed-285207ac1ff2 (type: security_groups) to 1
2026-07-15 22:57:40.450 9 INFO neutron.db.ovn_revision_numbers_db [None req-dd38dbd8-b3a3-455b-bed8-8427ab3da713 15347a2cd9fb413892463cba0acf75e4 3b11b5342cb9458b8a6fe990fe268e21 - - default default] Successfully bumped revision number for resource 13496b7f-5a56-4116-98e7-cff14a1c8007 (type: security_group_rules) to 0
2026-07-15 22:57:40.464 9 INFO neutron.db.ovn_revision_numbers_db [None req-dd38dbd8-b3a3-455b-bed8-8427ab3da713 15347a2cd9fb413892463cba0acf75e4 3b11b5342cb9458b8a6fe990fe268e21 - - default default] Successfully bumped revision number for resource 16669731-eb32-4006-bb94-7d9002496456 (type: security_group_rules) to 0
2026-07-15 22:57:40.478 9 INFO neutron.db.ovn_revision_numbers_db [None req-dd38dbd8-b3a3-455b-bed8-8427ab3da713 15347a2cd9fb413892463cba0acf75e4 3b11b5342cb9458b8a6fe990fe268e21 - - default default] Successfully bumped revision number for resource 58a1503f-b618-4508-a2f8-3579ab847f2c (type: security_group_rules) to 0
2026-07-15 22:57:40.492 9 INFO neutron.db.ovn_revision_numbers_db [None req-dd38dbd8-b3a3-455b-bed8-8427ab3da713 15347a2cd9fb413892463cba0acf75e4 3b11b5342cb9458b8a6fe990fe268e21 - - default default] Successfully bumped revision number for resource f6204fa2-d427-4abb-ad69-e247e40de257 (type: security_group_rules) to 0
2026-07-15 22:57:40.513 9 INFO neutron.wsgi [None req-dd38dbd8-b3a3-455b-bed8-8427ab3da713 15347a2cd9fb413892463cba0acf75e4 3b11b5342cb9458b8a6fe990fe268e21 - - default default] 10.0.0.216 "GET /v2.0/security-groups?tenant_id=a8b15529777b44449db983b85e171213&name=default HTTP/1.1" status: 200 len: 2996 time: 0.3909271
2026-07-15 22:57:40.710 10 INFO neutron.services.segments.plugin [-] Segment 2ed74d75-2bc8-4d1d-989c-d8adad832a68 resource provider aggregate not found
2026-07-15 22:57:40.718 10 INFO neutron.services.segments.plugin [-] Segment 2ed74d75-2bc8-4d1d-989c-d8adad832a68 resource provider aggregate not found
2026-07-15 22:57:40.723 9 INFO neutron.wsgi [None req-27901f6b-6376-4d5c-a302-b1d9a710ddf1 15347a2cd9fb413892463cba0acf75e4 3b11b5342cb9458b8a6fe990fe268e21 - - default default] 10.0.0.216 "DELETE /v2.0/security-groups/50927bed-0e67-439d-b2ed-285207ac1ff2 HTTP/1.1" status: 204 len: 168 time: 0.2007968
2026-07-15 22:57:40.738 10 INFO neutron.services.segments.plugin [-] Segment 2ed74d75-2bc8-4d1d-989c-d8adad832a68 resource provider not found; error: Placement Client Error (4xx): {"errors": [{"status": 404, "title": "Not Found", "detail": "The resource could not be found.\n\n No resource provider with uuid 2ed74d75-2bc8-4d1d-989c-d8adad832a68 found for delete ", "request_id": "req-17b57222-1db6-465c-b169-3fbfcaabe767"}]}
2026-07-15 22:57:40.741 10 INFO neutron.services.segments.plugin [-] Segment 2ed74d75-2bc8-4d1d-989c-d8adad832a68 resource provider not found; error: Placement Client Error (4xx): {"errors": [{"status": 404, "title": "Not Found", "detail": "The resource could not be found.\n\n No resource provider with uuid 2ed74d75-2bc8-4d1d-989c-d8adad832a68 found for delete ", "request_id": "req-65dceb2d-d66b-458c-84a7-b8e358c7f341"}]}
2026-07-15 22:57:40.996 9 INFO neutron.db.ovn_revision_numbers_db [None req-4282a14f-3067-40ee-ba15-7b74bec01a10 15347a2cd9fb413892463cba0acf75e4 3b11b5342cb9458b8a6fe990fe268e21 - - default default] Successfully bumped revision number for resource f5161e8b-9232-4ee3-8f06-dbfb57024689 (type: security_groups) to 1
2026-07-15 22:57:41.034 9 INFO neutron.db.ovn_revision_numbers_db [None req-4282a14f-3067-40ee-ba15-7b74bec01a10 15347a2cd9fb413892463cba0acf75e4 3b11b5342cb9458b8a6fe990fe268e21 - - default default] Successfully bumped revision number for resource 4ece3868-569a-404a-b15f-310b3386f400 (type: security_group_rules) to 0
2026-07-15 22:57:41.043 9 INFO neutron.db.ovn_revision_numbers_db [None req-1c659413-431c-4b8b-96ec-ec54cbf7bc10 6338cd7dd2934d37b3bcd77465d8ed2a 79a6e8b9a8a64e1d885c17a746c51634 - - default default] Successfully bumped revision number for resource 7ca308f6-58cd-46b4-8637-e047fad31349 (type: security_groups) to 1
2026-07-15 22:57:41.048 9 INFO neutron.db.ovn_revision_numbers_db [None req-4282a14f-3067-40ee-ba15-7b74bec01a10 15347a2cd9fb413892463cba0acf75e4 3b11b5342cb9458b8a6fe990fe268e21 - - default default] Successfully bumped revision number for resource 650d72a3-e62e-44d8-8729-11bdaa1852ae (type: security_group_rules) to 0
2026-07-15 22:57:41.062 9 INFO neutron.db.ovn_revision_numbers_db [None req-1c659413-431c-4b8b-96ec-ec54cbf7bc10 6338cd7dd2934d37b3bcd77465d8ed2a 79a6e8b9a8a64e1d885c17a746c51634 - - default default] Successfully bumped revision number for resource 236c1de9-b509-4fda-8d3f-97e8eb4319f2 (type: security_group_rules) to 0
2026-07-15 22:57:41.071 9 INFO neutron.db.ovn_revision_numbers_db [None req-4282a14f-3067-40ee-ba15-7b74bec01a10 15347a2cd9fb413892463cba0acf75e4 3b11b5342cb9458b8a6fe990fe268e21 - - default default] Successfully bumped revision number for resource fdb409a4-ffb1-4a46-a3c2-2e45b93a6c19 (type: security_group_rules) to 0
2026-07-15 22:57:41.088 9 INFO neutron.db.ovn_revision_numbers_db [None req-1c659413-431c-4b8b-96ec-ec54cbf7bc10 6338cd7dd2934d37b3bcd77465d8ed2a 79a6e8b9a8a64e1d885c17a746c51634 - - default default] Successfully bumped revision number for resource 36d6fb7f-6ab9-43ff-a2f7-3c04cbb40785 (type: security_group_rules) to 0
2026-07-15 22:57:41.090 9 INFO neutron.db.ovn_revision_numbers_db [None req-4282a14f-3067-40ee-ba15-7b74bec01a10 15347a2cd9fb413892463cba0acf75e4 3b11b5342cb9458b8a6fe990fe268e21 - - default default] Successfully bumped revision number for resource fdf75a00-7f48-45fe-b4ed-f9fbdea9085b (type: security_group_rules) to 0
2026-07-15 22:57:41.120 9 INFO neutron.wsgi [None req-4282a14f-3067-40ee-ba15-7b74bec01a10 15347a2cd9fb413892463cba0acf75e4 3b11b5342cb9458b8a6fe990fe268e21 - - default default] 10.0.0.216 "GET /v2.0/security-groups?tenant_id=b796ccdb6818416783b4367be6c3cc01&name=default HTTP/1.1" status: 200 len: 2996 time: 0.3834498
2026-07-15 22:57:41.122 9 INFO neutron.db.ovn_revision_numbers_db [None req-1c659413-431c-4b8b-96ec-ec54cbf7bc10 6338cd7dd2934d37b3bcd77465d8ed2a 79a6e8b9a8a64e1d885c17a746c51634 - - default default] Successfully bumped revision number for resource 3caf7d86-71ff-498a-a2e8-90aa0759e50e (type: security_group_rules) to 0
2026-07-15 22:57:41.162 9 INFO neutron.db.ovn_revision_numbers_db [None req-1c659413-431c-4b8b-96ec-ec54cbf7bc10 6338cd7dd2934d37b3bcd77465d8ed2a 79a6e8b9a8a64e1d885c17a746c51634 - - default default] Successfully bumped revision number for resource baf74c27-f76b-45ba-a5fa-b05eaa924476 (type: security_group_rules) to 0
2026-07-15 22:57:41.232 9 INFO neutron.db.segments_db [None req-1c659413-431c-4b8b-96ec-ec54cbf7bc10 6338cd7dd2934d37b3bcd77465d8ed2a 79a6e8b9a8a64e1d885c17a746c51634 - - default default] Added segment 3272c62e-b806-4e15-a42b-5a039b935a35 of type geneve for network 70d18ebc-1e84-4c0d-91f5-5c5c9bd76772
2026-07-15 22:57:41.287 9 INFO neutron.services.segments.plugin [-] Segment 81ccb618-8a80-44c7-b1e7-899cf24f1483 resource provider aggregate not found
2026-07-15 22:57:41.295 9 INFO neutron.services.segments.plugin [-] Segment 81ccb618-8a80-44c7-b1e7-899cf24f1483 resource provider aggregate not found
2026-07-15 22:57:41.304 9 INFO neutron.services.segments.plugin [-] Segment 81ccb618-8a80-44c7-b1e7-899cf24f1483 resource provider not found; error: Placement Client Error (4xx): {"errors": [{"status": 404, "title": "Not Found", "detail": "The resource could not be found.\n\n No resource provider with uuid 81ccb618-8a80-44c7-b1e7-899cf24f1483 found for delete ", "request_id": "req-6faedd64-8061-4580-a31f-4eee1a2199d0"}]}
2026-07-15 22:57:41.316 9 INFO neutron.services.segments.plugin [-] Segment 81ccb618-8a80-44c7-b1e7-899cf24f1483 resource provider not found; error: Placement Client Error (4xx): {"errors": [{"status": 404, "title": "Not Found", "detail": "The resource could not be found.\n\n No resource provider with uuid 81ccb618-8a80-44c7-b1e7-899cf24f1483 found for delete ", "request_id": "req-8d4aa2b3-5f53-4956-9204-4f0841fadf10"}]}
2026-07-15 22:57:41.322 9 INFO neutron.services.segments.plugin [-] Segment 31dc60de-5b8f-4efb-8c45-d0b56f2a6a27 resource provider aggregate not found
2026-07-15 22:57:41.341 9 INFO neutron.services.segments.plugin [-] Segment 31dc60de-5b8f-4efb-8c45-d0b56f2a6a27 resource provider aggregate not found
2026-07-15 22:57:41.347 9 INFO neutron.services.segments.plugin [-] Segment 31dc60de-5b8f-4efb-8c45-d0b56f2a6a27 resource provider not found; error: Placement Client Error (4xx): {"errors": [{"status": 404, "title": "Not Found", "detail": "The resource could not be found.\n\n No resource provider with uuid 31dc60de-5b8f-4efb-8c45-d0b56f2a6a27 found for delete ", "request_id": "req-20ba76ff-5240-45c8-b509-e5bae6df0f11"}]}
2026-07-15 22:57:41.359 9 INFO neutron.services.segments.plugin [-] Segment 31dc60de-5b8f-4efb-8c45-d0b56f2a6a27 resource provider not found; error: Placement Client Error (4xx): {"errors": [{"status": 404, "title": "Not Found", "detail": "The resource could not be found.\n\n No resource provider with uuid 31dc60de-5b8f-4efb-8c45-d0b56f2a6a27 found for delete ", "request_id": "req-07b991c9-1ea4-4ad5-82b0-4291df42792c"}]}
2026-07-15 22:57:41.401 10 INFO neutron.wsgi [None req-4a996505-c890-4d9e-8642-4ddb7e01a912 15347a2cd9fb413892463cba0acf75e4 3b11b5342cb9458b8a6fe990fe268e21 - - default default] 10.0.0.216 "DELETE /v2.0/security-groups/f5161e8b-9232-4ee3-8f06-dbfb57024689 HTTP/1.1" status: 204 len: 168 time: 0.2750311
2026-07-15 22:57:41.434 9 INFO neutron.db.ovn_revision_numbers_db [None req-1c659413-431c-4b8b-96ec-ec54cbf7bc10 6338cd7dd2934d37b3bcd77465d8ed2a 79a6e8b9a8a64e1d885c17a746c51634 - - default default] Successfully bumped revision number for resource 70d18ebc-1e84-4c0d-91f5-5c5c9bd76772 (type: networks) to 1
2026-07-15 22:57:41.637 10 INFO neutron.db.ovn_revision_numbers_db [None req-62a5d092-b057-45f6-8fdc-e1b6351c8eeb 15347a2cd9fb413892463cba0acf75e4 3b11b5342cb9458b8a6fe990fe268e21 - - default default] Successfully bumped revision number for resource 06d8a6c0-b34b-4068-bd02-84c806d507de (type: security_groups) to 1
2026-07-15 22:57:41.652 10 INFO neutron.db.ovn_revision_numbers_db [None req-62a5d092-b057-45f6-8fdc-e1b6351c8eeb 15347a2cd9fb413892463cba0acf75e4 3b11b5342cb9458b8a6fe990fe268e21 - - default default] Successfully bumped revision number for resource 515cd790-0174-487e-ba1c-e58d9387cdbd (type: security_group_rules) to 0
2026-07-15 22:57:41.672 9 WARNING neutron.scheduler.dhcp_agent_scheduler [None req-1c659413-431c-4b8b-96ec-ec54cbf7bc10 6338cd7dd2934d37b3bcd77465d8ed2a 79a6e8b9a8a64e1d885c17a746c51634 - - default default] No more DHCP agents
2026-07-15 22:57:41.674 10 INFO neutron.db.ovn_revision_numbers_db [None req-62a5d092-b057-45f6-8fdc-e1b6351c8eeb 15347a2cd9fb413892463cba0acf75e4 3b11b5342cb9458b8a6fe990fe268e21 - - default default] Successfully bumped revision number for resource 6997950f-22e2-4dbb-90c3-72c2b45d7bb9 (type: security_group_rules) to 0
2026-07-15 22:57:41.677 9 WARNING neutron.api.rpc.agentnotifiers.dhcp_rpc_agent_api [None req-1c659413-431c-4b8b-96ec-ec54cbf7bc10 6338cd7dd2934d37b3bcd77465d8ed2a 79a6e8b9a8a64e1d885c17a746c51634 - - default default] Unable to schedule network 70d18ebc-1e84-4c0d-91f5-5c5c9bd76772: no agents available; will retry on subsequent port and subnet creation events.
2026-07-15 22:57:41.690 10 INFO neutron.db.ovn_revision_numbers_db [None req-62a5d092-b057-45f6-8fdc-e1b6351c8eeb 15347a2cd9fb413892463cba0acf75e4 3b11b5342cb9458b8a6fe990fe268e21 - - default default] Successfully bumped revision number for resource a31c7b85-7fcc-4c2a-b27c-ca696e9a94a3 (type: security_group_rules) to 0
2026-07-15 22:57:41.718 10 INFO neutron.db.ovn_revision_numbers_db [None req-62a5d092-b057-45f6-8fdc-e1b6351c8eeb 15347a2cd9fb413892463cba0acf75e4 3b11b5342cb9458b8a6fe990fe268e21 - - default default] Successfully bumped revision number for resource c6c95833-a331-4122-b0c1-d3646007ab03 (type: security_group_rules) to 0
2026-07-15 22:57:41.742 10 INFO neutron.wsgi [None req-62a5d092-b057-45f6-8fdc-e1b6351c8eeb 15347a2cd9fb413892463cba0acf75e4 3b11b5342cb9458b8a6fe990fe268e21 - - default default] 10.0.0.216 "GET /v2.0/security-groups?tenant_id=c16e33fbc78c4d8794cd1cbc7829d0b9&name=default HTTP/1.1" status: 200 len: 2996 time: 0.2255991
2026-07-15 22:57:41.808 9 INFO neutron.db.ovn_revision_numbers_db [None req-1c659413-431c-4b8b-96ec-ec54cbf7bc10 6338cd7dd2934d37b3bcd77465d8ed2a 79a6e8b9a8a64e1d885c17a746c51634 - - default default] Successfully bumped revision number for resource 950b8ef2-3981-4c13-9549-29d9b6db677a (type: ports) to 1
2026-07-15 22:57:41.828 9 INFO neutron.wsgi [None req-1c659413-431c-4b8b-96ec-ec54cbf7bc10 6338cd7dd2934d37b3bcd77465d8ed2a 79a6e8b9a8a64e1d885c17a746c51634 - - default default] 10.0.0.216 "POST /v2.0/networks HTTP/1.1" status: 201 len: 831 time: 1.0117090
2026-07-15 22:57:41.928 9 INFO neutron.db.segments_db [None req-f3d42a2a-1acd-4de2-86fa-f965ef43ee3c 6338cd7dd2934d37b3bcd77465d8ed2a 79a6e8b9a8a64e1d885c17a746c51634 - - default default] Added segment 0cdbf74e-6879-4458-8c6f-76e0288db57e of type geneve for network c23c3c74-5a07-4369-9b16-0b5762a71f3c
2026-07-15 22:57:41.967 10 INFO neutron.wsgi [None req-a2ac1a25-63a2-4869-82a9-f682ab7ec453 15347a2cd9fb413892463cba0acf75e4 3b11b5342cb9458b8a6fe990fe268e21 - - default default] 10.0.0.216 "DELETE /v2.0/security-groups/06d8a6c0-b34b-4068-bd02-84c806d507de HTTP/1.1" status: 204 len: 168 time: 0.2201092
2026-07-15 22:57:42.069 9 INFO neutron.db.ovn_revision_numbers_db [None req-f3d42a2a-1acd-4de2-86fa-f965ef43ee3c 6338cd7dd2934d37b3bcd77465d8ed2a 79a6e8b9a8a64e1d885c17a746c51634 - - default default] Successfully bumped revision number for resource c23c3c74-5a07-4369-9b16-0b5762a71f3c (type: networks) to 1
2026-07-15 22:57:42.097 10 INFO neutron.wsgi [None req-9fff7546-86c8-449f-aebb-b428e6fe3407 15347a2cd9fb413892463cba0acf75e4 3b11b5342cb9458b8a6fe990fe268e21 - - default default] 10.0.0.216 "GET /v2.0/security-groups?tenant_id=c860d6117cef4fbeb4056c476c4bf7b1&name=default HTTP/1.1" status: 200 len: 2996 time: 0.0388668
