2026-07-15 22:55:25.211 10 INFO neutron.db.ovn_revision_numbers_db [None req-ba582210-5ecb-4931-b124-157e00e64876 15347a2cd9fb413892463cba0acf75e4 3b11b5342cb9458b8a6fe990fe268e21 - - default default] Successfully bumped revision number for resource a0f1548f-dce2-44ab-9a88-ded152f6ba61 (type: security_group_rules) to 0
2026-07-15 22:55:25.245 10 INFO neutron.db.ovn_revision_numbers_db [None req-ba582210-5ecb-4931-b124-157e00e64876 15347a2cd9fb413892463cba0acf75e4 3b11b5342cb9458b8a6fe990fe268e21 - - default default] Successfully bumped revision number for resource f8dbb12b-3738-4fb5-959e-a062e874c3c5 (type: security_group_rules) to 0
2026-07-15 22:55:25.286 9 INFO neutron.db.ovn_revision_numbers_db [None req-40afdb53-10cf-45d9-83a4-2853e32c1426 15347a2cd9fb413892463cba0acf75e4 3b11b5342cb9458b8a6fe990fe268e21 - - default default] Successfully bumped revision number for resource 3dd70123-16bd-4c0f-9e0b-94c4329f373a (type: routers) to 2
2026-07-15 22:55:25.287 10 INFO neutron.db.ovn_revision_numbers_db [None req-ba582210-5ecb-4931-b124-157e00e64876 15347a2cd9fb413892463cba0acf75e4 3b11b5342cb9458b8a6fe990fe268e21 - - default default] Successfully bumped revision number for resource fd3d6481-6abc-4a61-a583-16e0838ddea3 (type: security_group_rules) to 0
2026-07-15 22:55:25.306 9 INFO neutron.wsgi [None req-40afdb53-10cf-45d9-83a4-2853e32c1426 15347a2cd9fb413892463cba0acf75e4 3b11b5342cb9458b8a6fe990fe268e21 - - default default] 10.0.0.216 "POST /v2.0/routers HTTP/1.1" status: 201 len: 878 time: 2.0512156
2026-07-15 22:55:25.354 10 INFO neutron.db.segments_db [None req-ba582210-5ecb-4931-b124-157e00e64876 15347a2cd9fb413892463cba0acf75e4 3b11b5342cb9458b8a6fe990fe268e21 - - default default] Added segment e3041a45-1ec5-4fe7-857f-24ce597f558a of type geneve for network 7b92ae02-533c-449a-b7ff-809370db0278
2026-07-15 22:55:25.369 10 WARNING neutron.scheduler.dhcp_agent_scheduler [None req-4d97ea93-eede-4dd9-b6e6-0c34d9250eb9 15347a2cd9fb413892463cba0acf75e4 3b11b5342cb9458b8a6fe990fe268e21 - - default default] No more DHCP agents
2026-07-15 22:55:25.374 10 WARNING neutron.api.rpc.agentnotifiers.dhcp_rpc_agent_api [None req-4d97ea93-eede-4dd9-b6e6-0c34d9250eb9 15347a2cd9fb413892463cba0acf75e4 3b11b5342cb9458b8a6fe990fe268e21 - - default default] Unable to schedule network d5948781-0e33-4413-a7e6-5edfe3716282: no agents available; will retry on subsequent port and subnet creation events.
2026-07-15 22:55:25.573 9 INFO neutron.db.ovn_revision_numbers_db [None req-1ae8d785-5e4f-42a6-88de-b85d008ceb67 - - - - - -] Successfully bumped revision number for resource 015c22de-e130-4f9e-93ce-d5fed0b7b3fe (type: ports) to 1
2026-07-15 22:55:25.596 10 INFO neutron.db.ovn_revision_numbers_db [None req-ba582210-5ecb-4931-b124-157e00e64876 15347a2cd9fb413892463cba0acf75e4 3b11b5342cb9458b8a6fe990fe268e21 - - default default] Successfully bumped revision number for resource 7b92ae02-533c-449a-b7ff-809370db0278 (type: networks) to 1
2026-07-15 22:55:25.643 10 INFO neutron.db.ovn_revision_numbers_db [None req-4d97ea93-eede-4dd9-b6e6-0c34d9250eb9 15347a2cd9fb413892463cba0acf75e4 3b11b5342cb9458b8a6fe990fe268e21 - - default default] Successfully bumped revision number for resource c9f24b5b-064a-42fe-95af-53eb84ea833e (type: ports) to 1
2026-07-15 22:55:25.921 10 INFO neutron.db.ovn_revision_numbers_db [None req-6f53d01f-47f8-431f-8151-91ad584aebdf - - - - - -] Successfully bumped revision number for resource 347fb1c9-9ff8-4b6c-8c16-c60fb84129f9 (type: ports) to 1
2026-07-15 22:55:25.932 9 WARNING neutron.scheduler.dhcp_agent_scheduler [None req-a54fc08e-cbe4-4351-9927-b2dc323007bb 15347a2cd9fb413892463cba0acf75e4 3b11b5342cb9458b8a6fe990fe268e21 - - default default] No more DHCP agents
2026-07-15 22:55:25.935 9 WARNING neutron.api.rpc.agentnotifiers.dhcp_rpc_agent_api [None req-a54fc08e-cbe4-4351-9927-b2dc323007bb 15347a2cd9fb413892463cba0acf75e4 3b11b5342cb9458b8a6fe990fe268e21 - - default default] Unable to schedule network 6c0eea18-553a-435c-bb13-c7f9c0c8184d: no agents available; will retry on subsequent port and subnet creation events.
2026-07-15 22:55:25.974 10 WARNING neutron.scheduler.dhcp_agent_scheduler [None req-ba582210-5ecb-4931-b124-157e00e64876 15347a2cd9fb413892463cba0acf75e4 3b11b5342cb9458b8a6fe990fe268e21 - - default default] No more DHCP agents
2026-07-15 22:55:25.978 10 WARNING neutron.api.rpc.agentnotifiers.dhcp_rpc_agent_api [None req-ba582210-5ecb-4931-b124-157e00e64876 15347a2cd9fb413892463cba0acf75e4 3b11b5342cb9458b8a6fe990fe268e21 - - default default] Unable to schedule network 7b92ae02-533c-449a-b7ff-809370db0278: no agents available; will retry on subsequent port and subnet creation events.
2026-07-15 22:55:26.139 10 INFO neutron.db.ovn_revision_numbers_db [None req-ba582210-5ecb-4931-b124-157e00e64876 15347a2cd9fb413892463cba0acf75e4 3b11b5342cb9458b8a6fe990fe268e21 - - default default] Successfully bumped revision number for resource 3bc982d9-6ae8-447d-bfe7-191d81e59169 (type: ports) to 1
2026-07-15 22:55:26.142 9 WARNING neutron.scheduler.dhcp_agent_scheduler [None req-b88b9cc4-5cf6-42b8-a9c6-eb80aa439f2b 15347a2cd9fb413892463cba0acf75e4 3b11b5342cb9458b8a6fe990fe268e21 - - default default] No more DHCP agents
2026-07-15 22:55:26.144 9 WARNING neutron.api.rpc.agentnotifiers.dhcp_rpc_agent_api [None req-b88b9cc4-5cf6-42b8-a9c6-eb80aa439f2b 15347a2cd9fb413892463cba0acf75e4 3b11b5342cb9458b8a6fe990fe268e21 - - default default] Unable to schedule network bef78b84-7f0f-42ff-9a6b-c61825590d52: no agents available; will retry on subsequent port and subnet creation events.
2026-07-15 22:55:26.187 9 INFO neutron.db.ovn_revision_numbers_db [None req-1ae8d785-5e4f-42a6-88de-b85d008ceb67 - - - - - -] Successfully bumped revision number for resource 015c22de-e130-4f9e-93ce-d5fed0b7b3fe (type: router_ports) to 3
2026-07-15 22:55:26.203 9 INFO neutron.db.ovn_revision_numbers_db [None req-a54fc08e-cbe4-4351-9927-b2dc323007bb 15347a2cd9fb413892463cba0acf75e4 3b11b5342cb9458b8a6fe990fe268e21 - - default default] Successfully bumped revision number for resource 2b0fa7ae-bf20-43a6-aa65-f09b3cd282c6 (type: ports) to 1
2026-07-15 22:55:26.208 10 INFO neutron.wsgi [None req-ba582210-5ecb-4931-b124-157e00e64876 15347a2cd9fb413892463cba0acf75e4 3b11b5342cb9458b8a6fe990fe268e21 - - default default] 10.0.0.216 "POST /v2.0/networks HTTP/1.1" status: 201 len: 948 time: 1.6512671
2026-07-15 22:55:26.496 9 INFO neutron.db.ovn_revision_numbers_db [None req-b88b9cc4-5cf6-42b8-a9c6-eb80aa439f2b 15347a2cd9fb413892463cba0acf75e4 3b11b5342cb9458b8a6fe990fe268e21 - - default default] Successfully bumped revision number for resource 358e06e9-b3ad-483e-bf09-68f4be7ae634 (type: ports) to 1
2026-07-15 22:55:26.527 10 INFO neutron.db.ovn_revision_numbers_db [None req-6f53d01f-47f8-431f-8151-91ad584aebdf - - - - - -] Successfully bumped revision number for resource 347fb1c9-9ff8-4b6c-8c16-c60fb84129f9 (type: router_ports) to 3
2026-07-15 22:55:26.549 10 WARNING neutron.scheduler.dhcp_agent_scheduler [None req-b001ecf4-6745-4ebb-a1d0-9e3d8f1808d9 15347a2cd9fb413892463cba0acf75e4 3b11b5342cb9458b8a6fe990fe268e21 - - default default] No more DHCP agents
2026-07-15 22:55:26.550 9 INFO neutron.db.ovn_revision_numbers_db [None req-1ae8d785-5e4f-42a6-88de-b85d008ceb67 - - - - - -] Successfully bumped revision number for resource 015c22de-e130-4f9e-93ce-d5fed0b7b3fe (type: ports) to 2
2026-07-15 22:55:26.554 10 WARNING neutron.api.rpc.agentnotifiers.dhcp_rpc_agent_api [None req-b001ecf4-6745-4ebb-a1d0-9e3d8f1808d9 15347a2cd9fb413892463cba0acf75e4 3b11b5342cb9458b8a6fe990fe268e21 - - default default] Unable to schedule network 7b92ae02-533c-449a-b7ff-809370db0278: no agents available; will retry on subsequent port and subnet creation events.
2026-07-15 22:55:26.609 10 INFO neutron.db.ovn_revision_numbers_db [None req-4d97ea93-eede-4dd9-b6e6-0c34d9250eb9 15347a2cd9fb413892463cba0acf75e4 3b11b5342cb9458b8a6fe990fe268e21 - - default default] Successfully bumped revision number for resource c9f24b5b-064a-42fe-95af-53eb84ea833e (type: router_ports) to 1
2026-07-15 22:55:26.848 10 INFO neutron.db.ovn_revision_numbers_db [None req-6f53d01f-47f8-431f-8151-91ad584aebdf - - - - - -] Successfully bumped revision number for resource 347fb1c9-9ff8-4b6c-8c16-c60fb84129f9 (type: ports) to 2
2026-07-15 22:55:26.901 10 INFO neutron.db.ovn_revision_numbers_db [None req-4d97ea93-eede-4dd9-b6e6-0c34d9250eb9 15347a2cd9fb413892463cba0acf75e4 3b11b5342cb9458b8a6fe990fe268e21 - - default default] Successfully bumped revision number for resource c9f24b5b-064a-42fe-95af-53eb84ea833e (type: ports) to 1
2026-07-15 22:55:26.982 9 INFO neutron.db.ovn_revision_numbers_db [None req-1ae8d785-5e4f-42a6-88de-b85d008ceb67 - - - - - -] Successfully bumped revision number for resource 015c22de-e130-4f9e-93ce-d5fed0b7b3fe (type: ports) to 4
2026-07-15 22:55:27.040 10 WARNING neutron.scheduler.dhcp_agent_scheduler [None req-4d97ea93-eede-4dd9-b6e6-0c34d9250eb9 15347a2cd9fb413892463cba0acf75e4 3b11b5342cb9458b8a6fe990fe268e21 - - default default] No more DHCP agents
2026-07-15 22:55:27.044 10 WARNING neutron.api.rpc.agentnotifiers.dhcp_rpc_agent_api [None req-4d97ea93-eede-4dd9-b6e6-0c34d9250eb9 15347a2cd9fb413892463cba0acf75e4 3b11b5342cb9458b8a6fe990fe268e21 - - default default] Unable to schedule network d5948781-0e33-4413-a7e6-5edfe3716282: no agents available; will retry on subsequent port and subnet creation events.
2026-07-15 22:55:27.048 9 INFO neutron.db.ovn_revision_numbers_db [None req-a54fc08e-cbe4-4351-9927-b2dc323007bb 15347a2cd9fb413892463cba0acf75e4 3b11b5342cb9458b8a6fe990fe268e21 - - default default] Successfully bumped revision number for resource 2b0fa7ae-bf20-43a6-aa65-f09b3cd282c6 (type: router_ports) to 1
2026-07-15 22:55:27.229 10 INFO neutron.plugins.ml2.drivers.ovn.mech_driver.mech_driver [None req-cd3b2352-ef9d-4b0d-b87f-52edbcc52025 - - - - - -] OVN reports status up for port: c67f0628-a147-4782-b414-5f2099236926
2026-07-15 22:55:27.252 10 INFO neutron.plugins.ml2.plugin [None req-cd3b2352-ef9d-4b0d-b87f-52edbcc52025 - - - - - -] Attempt 1 to provision port c67f0628-a147-4782-b414-5f2099236926
2026-07-15 22:55:27.311 10 INFO neutron.db.ovn_revision_numbers_db [None req-6f53d01f-47f8-431f-8151-91ad584aebdf - - - - - -] Successfully bumped revision number for resource 347fb1c9-9ff8-4b6c-8c16-c60fb84129f9 (type: ports) to 4
2026-07-15 22:55:27.339 9 INFO neutron.db.ovn_revision_numbers_db [None req-b88b9cc4-5cf6-42b8-a9c6-eb80aa439f2b 15347a2cd9fb413892463cba0acf75e4 3b11b5342cb9458b8a6fe990fe268e21 - - default default] Successfully bumped revision number for resource 358e06e9-b3ad-483e-bf09-68f4be7ae634 (type: router_ports) to 1
2026-07-15 22:55:27.385 9 INFO neutron.db.ovn_revision_numbers_db [None req-a54fc08e-cbe4-4351-9927-b2dc323007bb 15347a2cd9fb413892463cba0acf75e4 3b11b5342cb9458b8a6fe990fe268e21 - - default default] Successfully bumped revision number for resource 2b0fa7ae-bf20-43a6-aa65-f09b3cd282c6 (type: ports) to 1
2026-07-15 22:55:27.514 9 INFO neutron.db.ovn_revision_numbers_db [None req-1ae8d785-5e4f-42a6-88de-b85d008ceb67 - - - - - -] Successfully bumped revision number for resource 015c22de-e130-4f9e-93ce-d5fed0b7b3fe (type: router_ports) to 4
2026-07-15 22:55:27.528 10 INFO neutron.db.ovn_revision_numbers_db [None req-b001ecf4-6745-4ebb-a1d0-9e3d8f1808d9 15347a2cd9fb413892463cba0acf75e4 3b11b5342cb9458b8a6fe990fe268e21 - - default default] Successfully bumped revision number for resource 3bc982d9-6ae8-447d-bfe7-191d81e59169 (type: ports) to 2
2026-07-15 22:55:27.534 9 WARNING neutron.scheduler.dhcp_agent_scheduler [None req-a54fc08e-cbe4-4351-9927-b2dc323007bb 15347a2cd9fb413892463cba0acf75e4 3b11b5342cb9458b8a6fe990fe268e21 - - default default] No more DHCP agents
2026-07-15 22:55:27.538 9 WARNING neutron.api.rpc.agentnotifiers.dhcp_rpc_agent_api [None req-a54fc08e-cbe4-4351-9927-b2dc323007bb 15347a2cd9fb413892463cba0acf75e4 3b11b5342cb9458b8a6fe990fe268e21 - - default default] Unable to schedule network 6c0eea18-553a-435c-bb13-c7f9c0c8184d: no agents available; will retry on subsequent port and subnet creation events.
2026-07-15 22:55:27.551 9 INFO neutron.db.ovn_revision_numbers_db [None req-b88b9cc4-5cf6-42b8-a9c6-eb80aa439f2b 15347a2cd9fb413892463cba0acf75e4 3b11b5342cb9458b8a6fe990fe268e21 - - default default] Successfully bumped revision number for resource 358e06e9-b3ad-483e-bf09-68f4be7ae634 (type: ports) to 1
2026-07-15 22:55:27.556 9 INFO neutron.plugins.ml2.drivers.ovn.mech_driver.ovsdb.ovsdb_monitor [None req-1ae8d785-5e4f-42a6-88de-b85d008ceb67 - - - - - -] Router 3dd70123-16bd-4c0f-9e0b-94c4329f373a is bound to host instance
2026-07-15 22:55:27.683 10 INFO neutron.db.ovn_revision_numbers_db [None req-b001ecf4-6745-4ebb-a1d0-9e3d8f1808d9 15347a2cd9fb413892463cba0acf75e4 3b11b5342cb9458b8a6fe990fe268e21 - - default default] Successfully bumped revision number for resource 23ae525d-9c17-48f4-b282-c865cc174414 (type: subnets) to 0
2026-07-15 22:55:27.688 9 WARNING neutron.scheduler.dhcp_agent_scheduler [None req-b88b9cc4-5cf6-42b8-a9c6-eb80aa439f2b 15347a2cd9fb413892463cba0acf75e4 3b11b5342cb9458b8a6fe990fe268e21 - - default default] No more DHCP agents
2026-07-15 22:55:27.692 9 WARNING neutron.api.rpc.agentnotifiers.dhcp_rpc_agent_api [None req-b88b9cc4-5cf6-42b8-a9c6-eb80aa439f2b 15347a2cd9fb413892463cba0acf75e4 3b11b5342cb9458b8a6fe990fe268e21 - - default default] Unable to schedule network bef78b84-7f0f-42ff-9a6b-c61825590d52: no agents available; will retry on subsequent port and subnet creation events.
2026-07-15 22:55:27.720 10 INFO neutron.wsgi [None req-b001ecf4-6745-4ebb-a1d0-9e3d8f1808d9 15347a2cd9fb413892463cba0acf75e4 3b11b5342cb9458b8a6fe990fe268e21 - - default default] 10.0.0.216 "POST /v2.0/subnets HTTP/1.1" status: 201 len: 868 time: 1.5039763
2026-07-15 22:55:27.846 10 INFO neutron.db.ovn_revision_numbers_db [None req-6f53d01f-47f8-431f-8151-91ad584aebdf - - - - - -] Successfully bumped revision number for resource 347fb1c9-9ff8-4b6c-8c16-c60fb84129f9 (type: router_ports) to 4
2026-07-15 22:55:28.269 10 INFO neutron.db.ovn_revision_numbers_db [None req-4d97ea93-eede-4dd9-b6e6-0c34d9250eb9 15347a2cd9fb413892463cba0acf75e4 3b11b5342cb9458b8a6fe990fe268e21 - - default default] Successfully bumped revision number for resource c9f24b5b-064a-42fe-95af-53eb84ea833e (type: router_ports) to 1
2026-07-15 22:55:28.271 10 INFO neutron.wsgi [None req-4d97ea93-eede-4dd9-b6e6-0c34d9250eb9 15347a2cd9fb413892463cba0acf75e4 3b11b5342cb9458b8a6fe990fe268e21 - - default default] 10.0.0.216 "PUT /v2.0/routers/ae5cc027-d728-47e9-9066-94605e63d4ab/add_router_interface HTTP/1.1" status: 200 len: 503 time: 3.6195381
2026-07-15 22:55:28.352 10 WARNING neutron.scheduler.dhcp_agent_scheduler [None req-74a83647-b43d-4f38-8b5f-606b06baf3be 15347a2cd9fb413892463cba0acf75e4 3b11b5342cb9458b8a6fe990fe268e21 - - default default] No more DHCP agents
2026-07-15 22:55:28.353 10 WARNING neutron.api.rpc.agentnotifiers.dhcp_rpc_agent_api [None req-74a83647-b43d-4f38-8b5f-606b06baf3be 15347a2cd9fb413892463cba0acf75e4 3b11b5342cb9458b8a6fe990fe268e21 - - default default] Unable to schedule network 01918310-5a49-4c66-9985-8f31d597a661: no agents available; will retry on subsequent port and subnet creation events.
2026-07-15 22:55:28.483 10 INFO neutron.db.ovn_revision_numbers_db [None req-74a83647-b43d-4f38-8b5f-606b06baf3be 15347a2cd9fb413892463cba0acf75e4 3b11b5342cb9458b8a6fe990fe268e21 - - default default] Successfully bumped revision number for resource 804a332a-4ea5-474b-a61f-bd85d17140f9 (type: ports) to 1
2026-07-15 22:55:28.738 9 INFO neutron.db.ovn_revision_numbers_db [None req-1ae8d785-5e4f-42a6-88de-b85d008ceb67 - - - - - -] Successfully bumped revision number for resource c67f0628-a147-4782-b414-5f2099236926 (type: ports) to 1
2026-07-15 22:55:28.926 10 INFO neutron.db.ovn_revision_numbers_db [None req-603ae1fe-1050-4cca-a37f-cd11f4c4c43b cf2e1d0a3abf415aa1bced3d92f377cc 8c61cbe1b6d5481a8367bcdf214497dd - - default default] Successfully bumped revision number for resource bdc63d58-228f-4606-8cf1-a8617502a49f (type: security_groups) to 1
2026-07-15 22:55:28.950 10 INFO neutron.db.ovn_revision_numbers_db [None req-603ae1fe-1050-4cca-a37f-cd11f4c4c43b cf2e1d0a3abf415aa1bced3d92f377cc 8c61cbe1b6d5481a8367bcdf214497dd - - default default] Successfully bumped revision number for resource 0e196881-3c34-4a24-97d3-9c4b6885238c (type: security_group_rules) to 0
2026-07-15 22:55:28.966 10 INFO neutron.db.ovn_revision_numbers_db [None req-603ae1fe-1050-4cca-a37f-cd11f4c4c43b cf2e1d0a3abf415aa1bced3d92f377cc 8c61cbe1b6d5481a8367bcdf214497dd - - default default] Successfully bumped revision number for resource bc7724cb-d50a-4121-8214-46d48a62cd93 (type: security_group_rules) to 0
2026-07-15 22:55:28.997 10 INFO neutron.wsgi [None req-603ae1fe-1050-4cca-a37f-cd11f4c4c43b cf2e1d0a3abf415aa1bced3d92f377cc 8c61cbe1b6d5481a8367bcdf214497dd - - default default] 10.0.0.216 "POST /v2.0/security-groups HTTP/1.1" status: 201 len: 1794 time: 0.2223854
2026-07-15 22:55:29.161 10 INFO neutron.db.ovn_revision_numbers_db [None req-8b772714-782b-4c86-8970-65f01b0be376 cf2e1d0a3abf415aa1bced3d92f377cc 8c61cbe1b6d5481a8367bcdf214497dd - - default default] Successfully bumped revision number for resource 7404e1f9-8071-439e-9af2-f8d2653a4b24 (type: security_group_rules) to 0
2026-07-15 22:55:29.195 10 INFO neutron.plugins.ml2.drivers.ovn.mech_driver.ovsdb.ovsdb_monitor [None req-6f53d01f-47f8-431f-8151-91ad584aebdf - - - - - -] Router 39b921ee-9d77-44e1-9910-4473deb315f6 is bound to host instance
2026-07-15 22:55:29.209 9 INFO neutron.db.ovn_revision_numbers_db [None req-a54fc08e-cbe4-4351-9927-b2dc323007bb 15347a2cd9fb413892463cba0acf75e4 3b11b5342cb9458b8a6fe990fe268e21 - - default default] Successfully bumped revision number for resource 2b0fa7ae-bf20-43a6-aa65-f09b3cd282c6 (type: router_ports) to 1
2026-07-15 22:55:29.211 9 INFO neutron.wsgi [None req-a54fc08e-cbe4-4351-9927-b2dc323007bb 15347a2cd9fb413892463cba0acf75e4 3b11b5342cb9458b8a6fe990fe268e21 - - default default] 10.0.0.216 "PUT /v2.0/routers/94c2d388-53d4-45c9-bf3f-a911f9654662/add_router_interface HTTP/1.1" status: 200 len: 503 time: 4.0908659
2026-07-15 22:55:29.232 10 INFO neutron.wsgi [None req-8b772714-782b-4c86-8970-65f01b0be376 cf2e1d0a3abf415aa1bced3d92f377cc 8c61cbe1b6d5481a8367bcdf214497dd - - default default] 10.0.0.216 "POST /v2.0/security-group-rules HTTP/1.1" status: 201 len: 764 time: 0.2261665
2026-07-15 22:55:29.235 10 INFO neutron.db.ovn_revision_numbers_db [None req-74a83647-b43d-4f38-8b5f-606b06baf3be 15347a2cd9fb413892463cba0acf75e4 3b11b5342cb9458b8a6fe990fe268e21 - - default default] Successfully bumped revision number for resource 804a332a-4ea5-474b-a61f-bd85d17140f9 (type: router_ports) to 1
2026-07-15 22:55:29.354 10 INFO neutron.db.ovn_revision_numbers_db [None req-74a83647-b43d-4f38-8b5f-606b06baf3be 15347a2cd9fb413892463cba0acf75e4 3b11b5342cb9458b8a6fe990fe268e21 - - default default] Successfully bumped revision number for resource 39b921ee-9d77-44e1-9910-4473deb315f6 (type: routers) to 2
2026-07-15 22:55:29.383 10 INFO neutron.wsgi [None req-74a83647-b43d-4f38-8b5f-606b06baf3be 15347a2cd9fb413892463cba0acf75e4 3b11b5342cb9458b8a6fe990fe268e21 - - default default] 10.0.0.216 "POST /v2.0/routers HTTP/1.1" status: 201 len: 879 time: 1.6562192
2026-07-15 22:55:29.428 9 INFO neutron.db.ovn_revision_numbers_db [None req-b88b9cc4-5cf6-42b8-a9c6-eb80aa439f2b 15347a2cd9fb413892463cba0acf75e4 3b11b5342cb9458b8a6fe990fe268e21 - - default default] Successfully bumped revision number for resource 358e06e9-b3ad-483e-bf09-68f4be7ae634 (type: router_ports) to 1
2026-07-15 22:55:29.430 9 INFO neutron.wsgi [None req-b88b9cc4-5cf6-42b8-a9c6-eb80aa439f2b 15347a2cd9fb413892463cba0acf75e4 3b11b5342cb9458b8a6fe990fe268e21 - - default default] 10.0.0.216 "PUT /v2.0/routers/3dd70123-16bd-4c0f-9e0b-94c4329f373a/add_router_interface HTTP/1.1" status: 200 len: 503 time: 4.1050410
2026-07-15 22:55:29.451 9 INFO neutron.db.ovn_revision_numbers_db [None req-1ae8d785-5e4f-42a6-88de-b85d008ceb67 - - - - - -] Successfully bumped revision number for resource c67f0628-a147-4782-b414-5f2099236926 (type: router_ports) to 3
2026-07-15 22:55:29.474 10 INFO neutron.db.ovn_revision_numbers_db [None req-093ff04b-767a-408b-a5ef-dabec46de1c4 cf2e1d0a3abf415aa1bced3d92f377cc 8c61cbe1b6d5481a8367bcdf214497dd - - default default] Successfully bumped revision number for resource 08c0faa0-b3aa-4436-8534-be14ec779720 (type: security_group_rules) to 0
2026-07-15 22:55:29.515 10 INFO neutron.wsgi [None req-093ff04b-767a-408b-a5ef-dabec46de1c4 cf2e1d0a3abf415aa1bced3d92f377cc 8c61cbe1b6d5481a8367bcdf214497dd - - default default] 10.0.0.216 "POST /v2.0/security-group-rules HTTP/1.1" status: 201 len: 769 time: 0.2765903
2026-07-15 22:55:29.561 10 INFO neutron.plugins.ml2.drivers.ovn.mech_driver.mech_driver [None req-cd3b2352-ef9d-4b0d-b87f-52edbcc52025 - - - - - -] OVN reports status up for port: c9f24b5b-064a-42fe-95af-53eb84ea833e
2026-07-15 22:55:29.581 10 INFO neutron.plugins.ml2.plugin [None req-cd3b2352-ef9d-4b0d-b87f-52edbcc52025 - - - - - -] Attempt 1 to provision port c9f24b5b-064a-42fe-95af-53eb84ea833e
2026-07-15 22:55:29.698 9 INFO neutron.db.ovn_revision_numbers_db [None req-1ae8d785-5e4f-42a6-88de-b85d008ceb67 - - - - - -] Successfully bumped revision number for resource c67f0628-a147-4782-b414-5f2099236926 (type: ports) to 2
2026-07-15 22:55:29.947 10 INFO neutron.db.ovn_revision_numbers_db [None req-6f53d01f-47f8-431f-8151-91ad584aebdf - - - - - -] Successfully bumped revision number for resource 804a332a-4ea5-474b-a61f-bd85d17140f9 (type: ports) to 1
2026-07-15 22:55:29.998 10 INFO neutron.db.ovn_revision_numbers_db [None req-cd3b2352-ef9d-4b0d-b87f-52edbcc52025 - - - - - -] Successfully bumped revision number for resource c9f24b5b-064a-42fe-95af-53eb84ea833e (type: ports) to 2
2026-07-15 22:55:30.067 9 WARNING neutron.scheduler.dhcp_agent_scheduler [None req-a36deb80-79ac-4936-b181-ed2d1b10e222 cf2e1d0a3abf415aa1bced3d92f377cc 8c61cbe1b6d5481a8367bcdf214497dd - - default default] No more DHCP agents
2026-07-15 22:55:30.074 9 WARNING neutron.api.rpc.agentnotifiers.dhcp_rpc_agent_api [None req-a36deb80-79ac-4936-b181-ed2d1b10e222 cf2e1d0a3abf415aa1bced3d92f377cc 8c61cbe1b6d5481a8367bcdf214497dd - - default default] Unable to schedule network 01918310-5a49-4c66-9985-8f31d597a661: no agents available; will retry on subsequent port and subnet creation events.
2026-07-15 22:55:30.204 10 INFO neutron.db.ovn_revision_numbers_db [None req-cd3b2352-ef9d-4b0d-b87f-52edbcc52025 - - - - - -] Successfully bumped revision number for resource c9f24b5b-064a-42fe-95af-53eb84ea833e (type: router_ports) to 2
2026-07-15 22:55:30.289 9 INFO neutron.db.ovn_revision_numbers_db [None req-1ae8d785-5e4f-42a6-88de-b85d008ceb67 - - - - - -] Successfully bumped revision number for resource c67f0628-a147-4782-b414-5f2099236926 (type: ports) to 4
2026-07-15 22:55:30.295 9 WARNING neutron.scheduler.dhcp_agent_scheduler [None req-8a13d233-759f-4912-88e0-9779f4ae5808 15347a2cd9fb413892463cba0acf75e4 3b11b5342cb9458b8a6fe990fe268e21 - - default default] No more DHCP agents
2026-07-15 22:55:30.302 9 WARNING neutron.api.rpc.agentnotifiers.dhcp_rpc_agent_api [None req-8a13d233-759f-4912-88e0-9779f4ae5808 15347a2cd9fb413892463cba0acf75e4 3b11b5342cb9458b8a6fe990fe268e21 - - default default] Unable to schedule network 7b92ae02-533c-449a-b7ff-809370db0278: no agents available; will retry on subsequent port and subnet creation events.
2026-07-15 22:55:30.319 10 INFO neutron.db.ovn_revision_numbers_db [None req-6f53d01f-47f8-431f-8151-91ad584aebdf - - - - - -] Successfully bumped revision number for resource 804a332a-4ea5-474b-a61f-bd85d17140f9 (type: router_ports) to 3
2026-07-15 22:55:30.450 10 INFO neutron.db.ovn_revision_numbers_db [req-acac1927-ff3f-49f9-9c88-63bd49958ca6 req-33bfef75-740c-4552-9419-fa3c0d1dbde8 8c0dbd27ecbd482690a8540396836cb0 93d925775d8e4a3694a08c088dc86802 - - default default] Successfully bumped revision number for resource 64b47c4c-46ec-4f4d-a0eb-4d96a6eec462 (type: security_groups) to 1
2026-07-15 22:55:30.464 10 INFO neutron.db.ovn_revision_numbers_db [None req-6f53d01f-47f8-431f-8151-91ad584aebdf - - - - - -] Successfully bumped revision number for resource 804a332a-4ea5-474b-a61f-bd85d17140f9 (type: ports) to 2
2026-07-15 22:55:30.466 10 INFO neutron.db.ovn_revision_numbers_db [req-acac1927-ff3f-49f9-9c88-63bd49958ca6 req-33bfef75-740c-4552-9419-fa3c0d1dbde8 8c0dbd27ecbd482690a8540396836cb0 93d925775d8e4a3694a08c088dc86802 - - default default] Successfully bumped revision number for resource 8ea0fa44-412c-4dcc-abeb-93ff0ed388d3 (type: security_group_rules) to 0
2026-07-15 22:55:30.483 10 INFO neutron.db.ovn_revision_numbers_db [req-acac1927-ff3f-49f9-9c88-63bd49958ca6 req-33bfef75-740c-4552-9419-fa3c0d1dbde8 8c0dbd27ecbd482690a8540396836cb0 93d925775d8e4a3694a08c088dc86802 - - default default] Successfully bumped revision number for resource 983e1bf4-f1d8-4545-894a-fe8fe4164515 (type: security_group_rules) to 0
2026-07-15 22:55:30.508 10 INFO neutron.wsgi [req-acac1927-ff3f-49f9-9c88-63bd49958ca6 req-33bfef75-740c-4552-9419-fa3c0d1dbde8 8c0dbd27ecbd482690a8540396836cb0 93d925775d8e4a3694a08c088dc86802 - - default default] 10.0.0.199 "POST /v2.0/security-groups HTTP/1.1" status: 201 len: 1821 time: 0.2694926
2026-07-15 22:55:30.623 9 INFO neutron.db.ovn_revision_numbers_db [req-5db06fe4-50f2-4bbd-ad82-6b4eb1764e92 req-dab06958-6ecd-4c3d-9c19-fd5de9b1898e 61b0828104784c4693c77a1e504e0c59 fd0c70c6822e432dbcbedaee5f16c386 - - default default] Successfully bumped revision number for resource 189aaba3-974a-49a1-bb5e-bdec4fb0a56f (type: security_groups) to 1
2026-07-15 22:55:30.656 9 INFO neutron.db.ovn_revision_numbers_db [req-5db06fe4-50f2-4bbd-ad82-6b4eb1764e92 req-dab06958-6ecd-4c3d-9c19-fd5de9b1898e 61b0828104784c4693c77a1e504e0c59 fd0c70c6822e432dbcbedaee5f16c386 - - default default] Successfully bumped revision number for resource 557037f8-294f-456b-b813-ad9bbaecbb8c (type: security_group_rules) to 0
2026-07-15 22:55:30.677 9 INFO neutron.db.ovn_revision_numbers_db [None req-8a13d233-759f-4912-88e0-9779f4ae5808 15347a2cd9fb413892463cba0acf75e4 3b11b5342cb9458b8a6fe990fe268e21 - - default default] Successfully bumped revision number for resource 79ee4be5-00a3-4cf3-83b3-68f6618df96d (type: ports) to 1
2026-07-15 22:55:30.685 9 INFO neutron.db.ovn_revision_numbers_db [req-5db06fe4-50f2-4bbd-ad82-6b4eb1764e92 req-dab06958-6ecd-4c3d-9c19-fd5de9b1898e 61b0828104784c4693c77a1e504e0c59 fd0c70c6822e432dbcbedaee5f16c386 - - default default] Successfully bumped revision number for resource 750262f6-8e2e-4d74-ade2-e77efa6c9343 (type: security_group_rules) to 0
2026-07-15 22:55:30.703 10 INFO neutron.db.ovn_revision_numbers_db [req-7419660f-8f6a-4c62-910c-94c88019ee9e req-6742a007-fca7-44f1-b192-1c8ddc109bdd 8c0dbd27ecbd482690a8540396836cb0 93d925775d8e4a3694a08c088dc86802 - - default default] Successfully bumped revision number for resource 1dd461ef-f5e8-4bb0-b8ad-522033ff7418 (type: security_groups) to 1
2026-07-15 22:55:30.730 9 INFO neutron.wsgi [req-5db06fe4-50f2-4bbd-ad82-6b4eb1764e92 req-dab06958-6ecd-4c3d-9c19-fd5de9b1898e 61b0828104784c4693c77a1e504e0c59 fd0c70c6822e432dbcbedaee5f16c386 - - default default] 10.0.0.199 "POST /v2.0/security-groups HTTP/1.1" status: 201 len: 1827 time: 0.7128546
2026-07-15 22:55:30.731 10 INFO neutron.db.ovn_revision_numbers_db [req-7419660f-8f6a-4c62-910c-94c88019ee9e req-6742a007-fca7-44f1-b192-1c8ddc109bdd 8c0dbd27ecbd482690a8540396836cb0 93d925775d8e4a3694a08c088dc86802 - - default default] Successfully bumped revision number for resource b470d6d7-3366-4e56-8113-e9df3e4816e3 (type: security_group_rules) to 0
2026-07-15 22:55:30.751 10 INFO neutron.db.ovn_revision_numbers_db [req-7419660f-8f6a-4c62-910c-94c88019ee9e req-6742a007-fca7-44f1-b192-1c8ddc109bdd 8c0dbd27ecbd482690a8540396836cb0 93d925775d8e4a3694a08c088dc86802 - - default default] Successfully bumped revision number for resource bc897523-19bd-47e1-bd9e-05aba4e006de (type: security_group_rules) to 0
2026-07-15 22:55:30.777 10 INFO neutron.wsgi [req-7419660f-8f6a-4c62-910c-94c88019ee9e req-6742a007-fca7-44f1-b192-1c8ddc109bdd 8c0dbd27ecbd482690a8540396836cb0 93d925775d8e4a3694a08c088dc86802 - - default default] 10.0.0.199 "POST /v2.0/security-groups HTTP/1.1" status: 201 len: 1822 time: 0.2407322
2026-07-15 22:55:30.790 10 INFO neutron.db.ovn_revision_numbers_db [None req-6f53d01f-47f8-431f-8151-91ad584aebdf - - - - - -] Successfully bumped revision number for resource 804a332a-4ea5-474b-a61f-bd85d17140f9 (type: ports) to 4
2026-07-15 22:55:30.850 9 INFO neutron.wsgi [req-ee09bfeb-595c-407d-91a2-4b37aa14fc98 req-6b600f81-fa26-4496-820f-7ef5d03641ed 61b0828104784c4693c77a1e504e0c59 fd0c70c6822e432dbcbedaee5f16c386 - - default default] 10.0.0.199 "GET /v2.0/security-groups/189aaba3-974a-49a1-bb5e-bdec4fb0a56f HTTP/1.1" status: 200 len: 1822 time: 0.0926821
2026-07-15 22:55:30.873 9 INFO neutron.db.ovn_revision_numbers_db [None req-a36deb80-79ac-4936-b181-ed2d1b10e222 cf2e1d0a3abf415aa1bced3d92f377cc 8c61cbe1b6d5481a8367bcdf214497dd - - default default] Successfully bumped revision number for resource 2d1e83d1-0d3f-4759-96b9-b03091a897d0 (type: floatingips) to 0
2026-07-15 22:55:30.901 9 INFO neutron.wsgi [None req-a36deb80-79ac-4936-b181-ed2d1b10e222 cf2e1d0a3abf415aa1bced3d92f377cc 8c61cbe1b6d5481a8367bcdf214497dd - - default default] 10.0.0.216 "POST /v2.0/floatingips HTTP/1.1" status: 201 len: 751 time: 1.3804553
2026-07-15 22:55:30.913 9 INFO neutron.db.ovn_revision_numbers_db [None req-1ae8d785-5e4f-42a6-88de-b85d008ceb67 - - - - - -] Successfully bumped revision number for resource c67f0628-a147-4782-b414-5f2099236926 (type: router_ports) to 4
2026-07-15 22:55:30.986 10 INFO neutron.db.ovn_revision_numbers_db [req-81676147-b9d4-4c0a-8960-dc3c453b5578 req-915fac96-3b62-4ce3-89c4-7b6331cd4198 8c0dbd27ecbd482690a8540396836cb0 93d925775d8e4a3694a08c088dc86802 - - default default] Successfully bumped revision number for resource 7de19623-f43f-4915-af7a-65df93674df9 (type: security_groups) to 1
2026-07-15 22:55:31.013 10 INFO neutron.db.ovn_revision_numbers_db [req-81676147-b9d4-4c0a-8960-dc3c453b5578 req-915fac96-3b62-4ce3-89c4-7b6331cd4198 8c0dbd27ecbd482690a8540396836cb0 93d925775d8e4a3694a08c088dc86802 - - default default] Successfully bumped revision number for resource 35510da9-6eb8-43a3-882e-11fd35739161 (type: security_group_rules) to 0
2026-07-15 22:55:31.029 10 INFO neutron.db.ovn_revision_numbers_db [req-81676147-b9d4-4c0a-8960-dc3c453b5578 req-915fac96-3b62-4ce3-89c4-7b6331cd4198 8c0dbd27ecbd482690a8540396836cb0 93d925775d8e4a3694a08c088dc86802 - - default default] Successfully bumped revision number for resource 8dfd7d56-b176-4e68-a142-7704daaa2570 (type: security_group_rules) to 0
2026-07-15 22:55:31.038 9 INFO neutron.db.ovn_revision_numbers_db [req-ee09bfeb-595c-407d-91a2-4b37aa14fc98 req-458be172-9e99-4f7e-ac33-2f47be770bff 61b0828104784c4693c77a1e504e0c59 fd0c70c6822e432dbcbedaee5f16c386 - - default default] Successfully bumped revision number for resource d727734a-7665-4ef1-967f-07d6abf10a50 (type: security_group_rules) to 0
2026-07-15 22:55:31.051 10 INFO neutron.wsgi [req-81676147-b9d4-4c0a-8960-dc3c453b5578 req-915fac96-3b62-4ce3-89c4-7b6331cd4198 8c0dbd27ecbd482690a8540396836cb0 93d925775d8e4a3694a08c088dc86802 - - default default] 10.0.0.199 "POST /v2.0/security-groups HTTP/1.1" status: 201 len: 1821 time: 0.2475574
2026-07-15 22:55:31.069 9 INFO neutron.wsgi [req-ee09bfeb-595c-407d-91a2-4b37aa14fc98 req-458be172-9e99-4f7e-ac33-2f47be770bff 61b0828104784c4693c77a1e504e0c59 fd0c70c6822e432dbcbedaee5f16c386 - - default default] 10.0.0.199 "POST /v2.0/security-group-rules HTTP/1.1" status: 201 len: 786 time: 0.2038038
2026-07-15 22:55:31.086 10 INFO neutron.db.ovn_revision_numbers_db [None req-6f53d01f-47f8-431f-8151-91ad584aebdf - - - - - -] Successfully bumped revision number for resource 804a332a-4ea5-474b-a61f-bd85d17140f9 (type: router_ports) to 4
2026-07-15 22:55:31.124 10 INFO neutron.wsgi [req-6b9bbf0d-734b-4a4d-a8c5-90a5dcc60d34 req-6881b42f-1a19-4f92-acde-14a2c66ed157 8c0dbd27ecbd482690a8540396836cb0 93d925775d8e4a3694a08c088dc86802 - - default default] 10.0.0.199 "GET /v2.0/security-groups?tenant_id=93d925775d8e4a3694a08c088dc86802 HTTP/1.1" status: 200 len: 7792 time: 0.0515127
2026-07-15 22:55:31.174 10 INFO neutron.wsgi [req-6b9bbf0d-734b-4a4d-a8c5-90a5dcc60d34 req-7a593540-20b6-4508-b014-3d6d16a3077d 8c0dbd27ecbd482690a8540396836cb0 93d925775d8e4a3694a08c088dc86802 - - default default] 10.0.0.199 "GET /v2.0/security-groups/c154e30c-7d3d-4112-bbe0-efad8a85a205 HTTP/1.1" status: 200 len: 2994 time: 0.0413556
2026-07-15 22:55:31.220 10 INFO neutron.wsgi [req-6b9bbf0d-734b-4a4d-a8c5-90a5dcc60d34 req-7281c26d-ab5f-4238-9bf6-098563ae5d4f 8c0dbd27ecbd482690a8540396836cb0 93d925775d8e4a3694a08c088dc86802 - - default default] 10.0.0.199 "GET /v2.0/security-groups/c154e30c-7d3d-4112-bbe0-efad8a85a205 HTTP/1.1" status: 200 len: 2994 time: 0.0400133
2026-07-15 22:55:31.239 9 INFO neutron.db.ovn_revision_numbers_db [req-f4be2889-c44a-499c-a09f-756c986aa740 req-e395a492-4873-416e-9d47-dadf0403a0e2 61b0828104784c4693c77a1e504e0c59 fd0c70c6822e432dbcbedaee5f16c386 - - default default] Successfully bumped revision number for resource 384e832a-1735-465d-8d89-4e99d1fa6924 (type: security_groups) to 1
2026-07-15 22:55:31.266 9 INFO neutron.db.ovn_revision_numbers_db [req-f4be2889-c44a-499c-a09f-756c986aa740 req-e395a492-4873-416e-9d47-dadf0403a0e2 61b0828104784c4693c77a1e504e0c59 fd0c70c6822e432dbcbedaee5f16c386 - - default default] Successfully bumped revision number for resource 6596bfa6-01b0-4b26-936e-0acecf1c22f4 (type: security_group_rules) to 0
2026-07-15 22:55:31.290 10 INFO neutron.wsgi [req-dd496544-f843-4682-84a2-0bd6569219a4 req-4feb776f-8cdf-451a-aa84-7b6744f98aa1 8c0dbd27ecbd482690a8540396836cb0 93d925775d8e4a3694a08c088dc86802 - - default default] 10.0.0.199 "GET /v2.0/security-groups/64b47c4c-46ec-4f4d-a0eb-4d96a6eec462 HTTP/1.1" status: 200 len: 1816 time: 0.0391033
2026-07-15 22:55:31.419 10 INFO neutron.wsgi [req-dd496544-f843-4682-84a2-0bd6569219a4 req-a656c500-e9f9-4cf0-b246-d550d60a3557 8c0dbd27ecbd482690a8540396836cb0 93d925775d8e4a3694a08c088dc86802 - - default default] 10.0.0.199 "DELETE /v2.0/security-groups/64b47c4c-46ec-4f4d-a0eb-4d96a6eec462 HTTP/1.1" status: 204 len: 173 time: 0.1207628
2026-07-15 22:55:31.453 10 INFO neutron.api.v2.resource [req-d20946e2-30d2-4b1f-838c-50fbd5cfa158 req-397b87ed-02a4-4f4c-887d-ff09a8f22c5f 8c0dbd27ecbd482690a8540396836cb0 93d925775d8e4a3694a08c088dc86802 - - default default] show failed (client error): The resource could not be found.
2026-07-15 22:55:31.454 10 INFO neutron.wsgi [req-d20946e2-30d2-4b1f-838c-50fbd5cfa158 req-397b87ed-02a4-4f4c-887d-ff09a8f22c5f 8c0dbd27ecbd482690a8540396836cb0 93d925775d8e4a3694a08c088dc86802 - - default default] 10.0.0.199 "GET /v2.0/security-groups/64b47c4c-46ec-4f4d-a0eb-4d96a6eec462 HTTP/1.1" status: 404 len: 352 time: 0.0159392
2026-07-15 22:55:31.510 10 INFO neutron.wsgi [req-a89466f6-2b3a-4be8-8f18-51ed21756262 req-6def833f-c5c3-47ed-88d8-d3f3832034a6 8c0dbd27ecbd482690a8540396836cb0 93d925775d8e4a3694a08c088dc86802 - - default default] 10.0.0.199 "GET /v2.0/security-groups/1dd461ef-f5e8-4bb0-b8ad-522033ff7418 HTTP/1.1" status: 200 len: 1817 time: 0.0315075
2026-07-15 22:55:31.520 9 INFO neutron.db.ovn_revision_numbers_db [req-f4be2889-c44a-499c-a09f-756c986aa740 req-e395a492-4873-416e-9d47-dadf0403a0e2 61b0828104784c4693c77a1e504e0c59 fd0c70c6822e432dbcbedaee5f16c386 - - default default] Successfully bumped revision number for resource b12c45d0-1e91-4455-8db9-f3d5de2fcc99 (type: security_group_rules) to 0
2026-07-15 22:55:31.546 9 INFO neutron.wsgi [req-f4be2889-c44a-499c-a09f-756c986aa740 req-e395a492-4873-416e-9d47-dadf0403a0e2 61b0828104784c4693c77a1e504e0c59 fd0c70c6822e432dbcbedaee5f16c386 - - default default] 10.0.0.199 "POST /v2.0/security-groups HTTP/1.1" status: 201 len: 1826 time: 0.4564171
2026-07-15 22:55:31.571 9 INFO neutron.plugins.ml2.drivers.ovn.mech_driver.mech_driver [None req-c2740de3-9fdc-4af1-8deb-8479581be0bc - - - - - -] OVN reports status up for port: 79ee4be5-00a3-4cf3-83b3-68f6618df96d
2026-07-15 22:55:31.597 9 INFO neutron.plugins.ml2.plugin [None req-c2740de3-9fdc-4af1-8deb-8479581be0bc - - - - - -] Attempt 1 to provision port 79ee4be5-00a3-4cf3-83b3-68f6618df96d
2026-07-15 22:55:31.631 9 INFO neutron.db.ovn_revision_numbers_db [None req-8a13d233-759f-4912-88e0-9779f4ae5808 15347a2cd9fb413892463cba0acf75e4 3b11b5342cb9458b8a6fe990fe268e21 - - default default] Successfully bumped revision number for resource 79ee4be5-00a3-4cf3-83b3-68f6618df96d (type: router_ports) to 1
2026-07-15 22:55:31.637 10 INFO neutron.wsgi [req-a89466f6-2b3a-4be8-8f18-51ed21756262 req-8dd987cb-86d6-4a85-a9fe-98102dcb3342 8c0dbd27ecbd482690a8540396836cb0 93d925775d8e4a3694a08c088dc86802 - - default default] 10.0.0.199 "DELETE /v2.0/security-groups/1dd461ef-f5e8-4bb0-b8ad-522033ff7418 HTTP/1.1" status: 204 len: 173 time: 0.1199369
2026-07-15 22:55:31.647 9 INFO neutron.wsgi [req-a7a428f8-7aaf-4281-92f0-27542d555814 req-2e7f8052-ecf3-4071-86cb-52b769cd0226 61b0828104784c4693c77a1e504e0c59 fd0c70c6822e432dbcbedaee5f16c386 - - default default] 10.0.0.199 "GET /v2.0/security-groups/384e832a-1735-465d-8d89-4e99d1fa6924 HTTP/1.1" status: 200 len: 1821 time: 0.0687478
2026-07-15 22:55:31.670 10 INFO neutron.api.v2.resource [req-d53cb7b9-169d-4682-8821-6f3ee4f11bcc req-4afea100-6bbe-49d0-8391-e7e0a3871072 8c0dbd27ecbd482690a8540396836cb0 93d925775d8e4a3694a08c088dc86802 - - default default] show failed (client error): The resource could not be found.
2026-07-15 22:55:31.671 10 INFO neutron.wsgi [req-d53cb7b9-169d-4682-8821-6f3ee4f11bcc req-4afea100-6bbe-49d0-8391-e7e0a3871072 8c0dbd27ecbd482690a8540396836cb0 93d925775d8e4a3694a08c088dc86802 - - default default] 10.0.0.199 "GET /v2.0/security-groups/1dd461ef-f5e8-4bb0-b8ad-522033ff7418 HTTP/1.1" status: 404 len: 352 time: 0.0167696
2026-07-15 22:55:31.728 10 INFO neutron.wsgi [req-5178cbd7-cd6a-4a3d-90ee-b69761580622 req-c42f20dd-1739-45ad-80a6-02a0aacee4ef 8c0dbd27ecbd482690a8540396836cb0 93d925775d8e4a3694a08c088dc86802 - - default default] 10.0.0.199 "GET /v2.0/security-groups/7de19623-f43f-4915-af7a-65df93674df9 HTTP/1.1" status: 200 len: 1816 time: 0.0316765
2026-07-15 22:55:31.855 10 INFO neutron.wsgi [req-5178cbd7-cd6a-4a3d-90ee-b69761580622 req-e43a497b-6374-46c0-8378-234af71355d8 8c0dbd27ecbd482690a8540396836cb0 93d925775d8e4a3694a08c088dc86802 - - default default] 10.0.0.199 "DELETE /v2.0/security-groups/7de19623-f43f-4915-af7a-65df93674df9 HTTP/1.1" status: 204 len: 173 time: 0.1196375
2026-07-15 22:55:31.861 9 INFO neutron.db.ovn_revision_numbers_db [None req-8a13d233-759f-4912-88e0-9779f4ae5808 15347a2cd9fb413892463cba0acf75e4 3b11b5342cb9458b8a6fe990fe268e21 - - default default] Successfully bumped revision number for resource 79ee4be5-00a3-4cf3-83b3-68f6618df96d (type: ports) to 1
2026-07-15 22:55:31.891 9 INFO neutron.db.ovn_revision_numbers_db [req-a7a428f8-7aaf-4281-92f0-27542d555814 req-bc09b074-ead6-430d-a8f6-c7340f1d1007 61b0828104784c4693c77a1e504e0c59 fd0c70c6822e432dbcbedaee5f16c386 - - default default] Successfully bumped revision number for resource 02497672-4ea4-4b37-b306-3c06d05788fb (type: security_group_rules) to 0
2026-07-15 22:55:31.899 10 INFO neutron.api.v2.resource [req-4ea026a4-f870-4bff-87d0-2d9a73c9e619 req-8ec9723f-ec56-4dff-a391-75a60f868775 8c0dbd27ecbd482690a8540396836cb0 93d925775d8e4a3694a08c088dc86802 - - default default] show failed (client error): The resource could not be found.
2026-07-15 22:55:31.901 10 INFO neutron.wsgi [req-4ea026a4-f870-4bff-87d0-2d9a73c9e619 req-8ec9723f-ec56-4dff-a391-75a60f868775 8c0dbd27ecbd482690a8540396836cb0 93d925775d8e4a3694a08c088dc86802 - - default default] 10.0.0.199 "GET /v2.0/security-groups/7de19623-f43f-4915-af7a-65df93674df9 HTTP/1.1" status: 404 len: 352 time: 0.0212934
2026-07-15 22:55:31.938 9 INFO neutron.wsgi [req-a7a428f8-7aaf-4281-92f0-27542d555814 req-bc09b074-ead6-430d-a8f6-c7340f1d1007 61b0828104784c4693c77a1e504e0c59 fd0c70c6822e432dbcbedaee5f16c386 - - default default] 10.0.0.199 "POST /v2.0/security-group-rules HTTP/1.1" status: 201 len: 786 time: 0.2853351
2026-07-15 22:55:31.979 10 INFO neutron.wsgi [req-23b762de-7068-4ab3-ab4c-6a43ac356c45 req-d3d7470a-fa8d-4aa0-9458-5793cfed2bad 8c0dbd27ecbd482690a8540396836cb0 93d925775d8e4a3694a08c088dc86802 - - default default] 10.0.0.199 "GET /v2.0/security-groups?tenant_id=93d925775d8e4a3694a08c088dc86802 HTTP/1.1" status: 200 len: 2997 time: 0.0552528
2026-07-15 22:55:31.984 9 WARNING neutron.scheduler.dhcp_agent_scheduler [None req-8a13d233-759f-4912-88e0-9779f4ae5808 15347a2cd9fb413892463cba0acf75e4 3b11b5342cb9458b8a6fe990fe268e21 - - default default] No more DHCP agents
2026-07-15 22:55:31.988 9 WARNING neutron.api.rpc.agentnotifiers.dhcp_rpc_agent_api [None req-8a13d233-759f-4912-88e0-9779f4ae5808 15347a2cd9fb413892463cba0acf75e4 3b11b5342cb9458b8a6fe990fe268e21 - - default default] Unable to schedule network 7b92ae02-533c-449a-b7ff-809370db0278: no agents available; will retry on subsequent port and subnet creation events.
2026-07-15 22:55:32.031 9 INFO neutron.wsgi [req-d785ca25-e137-4380-8f29-8b1d9d94f19f req-875e7daa-8fdd-4435-aa46-9606c04e0107 61b0828104784c4693c77a1e504e0c59 fd0c70c6822e432dbcbedaee5f16c386 - - default default] 10.0.0.199 "GET /v2.0/security-groups/384e832a-1735-465d-8d89-4e99d1fa6924 HTTP/1.1" status: 200 len: 2414 time: 0.0634508
2026-07-15 22:55:32.048 10 INFO neutron.wsgi [req-23b762de-7068-4ab3-ab4c-6a43ac356c45 req-0b2fbfd5-0cc5-40f5-b128-7901dfa4899d 8c0dbd27ecbd482690a8540396836cb0 93d925775d8e4a3694a08c088dc86802 - - default default] 10.0.0.199 "GET /v2.0/security-groups/c154e30c-7d3d-4112-bbe0-efad8a85a205 HTTP/1.1" status: 200 len: 2994 time: 0.0611343
2026-07-15 22:55:32.069 9 INFO neutron.db.ovn_revision_numbers_db [None req-c2740de3-9fdc-4af1-8deb-8479581be0bc - - - - - -] Successfully bumped revision number for resource 79ee4be5-00a3-4cf3-83b3-68f6618df96d (type: ports) to 2
2026-07-15 22:55:32.084 10 INFO neutron.wsgi [req-23b762de-7068-4ab3-ab4c-6a43ac356c45 req-e50497d8-cd2b-4540-bc47-1de04fa083b8 8c0dbd27ecbd482690a8540396836cb0 93d925775d8e4a3694a08c088dc86802 - - default default] 10.0.0.199 "GET /v2.0/security-groups/c154e30c-7d3d-4112-bbe0-efad8a85a205 HTTP/1.1" status: 200 len: 2994 time: 0.0292366
2026-07-15 22:55:32.129 10 INFO neutron.api.v2.resource [req-5473f63e-3d15-40d7-84f5-c7688837a65c req-999259bb-e365-486b-9d7f-5598c8697fda 8c0dbd27ecbd482690a8540396836cb0 93d925775d8e4a3694a08c088dc86802 - - default default] show failed (client error): The resource could not be found.
2026-07-15 22:55:32.130 10 INFO neutron.wsgi [req-5473f63e-3d15-40d7-84f5-c7688837a65c req-999259bb-e365-486b-9d7f-5598c8697fda 8c0dbd27ecbd482690a8540396836cb0 93d925775d8e4a3694a08c088dc86802 - - default default] 10.0.0.199 "GET /v2.0/security-groups/7de19623-f43f-4915-af7a-65df93674df9 HTTP/1.1" status: 404 len: 352 time: 0.0158494
2026-07-15 22:55:32.163 10 INFO neutron.api.v2.resource [req-bce25700-1876-4ec0-8b91-0ece831573ee req-2b3ba35a-6f28-4a16-adc4-fb19e46f28c5 8c0dbd27ecbd482690a8540396836cb0 93d925775d8e4a3694a08c088dc86802 - - default default] show failed (client error): The resource could not be found.
2026-07-15 22:55:32.164 10 INFO neutron.wsgi [req-bce25700-1876-4ec0-8b91-0ece831573ee req-2b3ba35a-6f28-4a16-adc4-fb19e46f28c5 8c0dbd27ecbd482690a8540396836cb0 93d925775d8e4a3694a08c088dc86802 - - default default] 10.0.0.199 "GET /v2.0/security-groups/1dd461ef-f5e8-4bb0-b8ad-522033ff7418 HTTP/1.1" status: 404 len: 352 time: 0.0130816
2026-07-15 22:55:32.223 10 INFO neutron.api.v2.resource [req-7ae16fc8-6377-4405-9ca2-bd119a3e473f req-ef3fe66d-5b81-41b1-8514-d504a4541fbb 8c0dbd27ecbd482690a8540396836cb0 93d925775d8e4a3694a08c088dc86802 - - default default] show failed (client error): The resource could not be found.
2026-07-15 22:55:32.225 10 INFO neutron.wsgi [req-7ae16fc8-6377-4405-9ca2-bd119a3e473f req-ef3fe66d-5b81-41b1-8514-d504a4541fbb 8c0dbd27ecbd482690a8540396836cb0 93d925775d8e4a3694a08c088dc86802 - - default default] 10.0.0.199 "GET /v2.0/security-groups/64b47c4c-46ec-4f4d-a0eb-4d96a6eec462 HTTP/1.1" status: 404 len: 352 time: 0.0318422
2026-07-15 22:55:32.262 9 INFO neutron.db.ovn_revision_numbers_db [None req-c2740de3-9fdc-4af1-8deb-8479581be0bc - - - - - -] Successfully bumped revision number for resource 79ee4be5-00a3-4cf3-83b3-68f6618df96d (type: router_ports) to 2
2026-07-15 22:55:32.287 9 INFO neutron.db.ovn_revision_numbers_db [req-d785ca25-e137-4380-8f29-8b1d9d94f19f req-f64e33f4-12a0-4e92-9cfc-d5c533097513 61b0828104784c4693c77a1e504e0c59 fd0c70c6822e432dbcbedaee5f16c386 - - default default] Successfully bumped revision number for resource 899187b5-7431-4b49-9284-f18115c34293 (type: security_group_rules) to 0
2026-07-15 22:55:32.333 9 INFO neutron.wsgi [req-d785ca25-e137-4380-8f29-8b1d9d94f19f req-f64e33f4-12a0-4e92-9cfc-d5c533097513 61b0828104784c4693c77a1e504e0c59 fd0c70c6822e432dbcbedaee5f16c386 - - default default] 10.0.0.199 "POST /v2.0/security-group-rules HTTP/1.1" status: 201 len: 791 time: 0.2910731
2026-07-15 22:55:32.437 10 INFO neutron.wsgi [req-a3cd2a57-c61f-4937-ad6a-4183bbb5d0bb req-6ea11c64-bf67-417f-8876-b3c06997d2a4 61b0828104784c4693c77a1e504e0c59 fd0c70c6822e432dbcbedaee5f16c386 - - default default] 10.0.0.199 "GET /v2.0/security-groups/384e832a-1735-465d-8d89-4e99d1fa6924 HTTP/1.1" status: 200 len: 3012 time: 0.0800204
2026-07-15 22:55:32.491 9 INFO neutron.wsgi [req-6e9ffea3-099c-431d-91ef-50b9f999d693 req-0efba640-0b75-4c99-9b31-7f609aab07bd 61b0828104784c4693c77a1e504e0c59 fd0c70c6822e432dbcbedaee5f16c386 - - default default] 10.0.0.199 "GET /v2.0/security-group-rules/899187b5-7431-4b49-9284-f18115c34293 HTTP/1.1" status: 200 len: 783 time: 0.0234258
2026-07-15 22:55:32.541 9 INFO neutron.wsgi [req-6e9ffea3-099c-431d-91ef-50b9f999d693 req-03ad22f6-d096-4cec-b5d7-b5fbe437abe2 61b0828104784c4693c77a1e504e0c59 fd0c70c6822e432dbcbedaee5f16c386 - - default default] 10.0.0.199 "GET /v2.0/security-groups/384e832a-1735-465d-8d89-4e99d1fa6924 HTTP/1.1" status: 200 len: 3012 time: 0.0419440
2026-07-15 22:55:32.897 9 INFO neutron.wsgi [req-6e9ffea3-099c-431d-91ef-50b9f999d693 req-27746ed5-11ec-43ef-b242-8e2b89c1a0f3 61b0828104784c4693c77a1e504e0c59 fd0c70c6822e432dbcbedaee5f16c386 - - default default] 10.0.0.199 "DELETE /v2.0/security-group-rules/899187b5-7431-4b49-9284-f18115c34293 HTTP/1.1" status: 204 len: 173 time: 0.3470297
2026-07-15 22:55:32.966 10 INFO neutron.wsgi [req-b1e953a3-6625-4be8-9c63-2cfc24a81e36 req-ad9eda21-5371-4f0a-805b-1d65af19930c 61b0828104784c4693c77a1e504e0c59 fd0c70c6822e432dbcbedaee5f16c386 - - default default] 10.0.0.199 "GET /v2.0/security-groups/384e832a-1735-465d-8d89-4e99d1fa6924 HTTP/1.1" status: 200 len: 2414 time: 0.0479963
2026-07-15 22:55:33.034 9 INFO neutron.db.ovn_revision_numbers_db [None req-8a13d233-759f-4912-88e0-9779f4ae5808 15347a2cd9fb413892463cba0acf75e4 3b11b5342cb9458b8a6fe990fe268e21 - - default default] Successfully bumped revision number for resource 79ee4be5-00a3-4cf3-83b3-68f6618df96d (type: router_ports) to 2
2026-07-15 22:55:33.037 9 INFO neutron.wsgi [None req-8a13d233-759f-4912-88e0-9779f4ae5808 15347a2cd9fb413892463cba0acf75e4 3b11b5342cb9458b8a6fe990fe268e21 - - default default] 10.0.0.216 "PUT /v2.0/routers/39b921ee-9d77-44e1-9910-4473deb315f6/add_router_interface HTTP/1.1" status: 200 len: 503 time: 3.6493852
2026-07-15 22:55:33.134 10 INFO neutron.wsgi [req-b1e953a3-6625-4be8-9c63-2cfc24a81e36 req-499e3ee8-7994-4dcf-b0a3-b5250cf531eb 61b0828104784c4693c77a1e504e0c59 fd0c70c6822e432dbcbedaee5f16c386 - - default default] 10.0.0.199 "DELETE /v2.0/security-groups/384e832a-1735-465d-8d89-4e99d1fa6924 HTTP/1.1" status: 204 len: 173 time: 0.1570621
2026-07-15 22:55:33.192 9 INFO neutron.wsgi [req-41bd05f3-7e94-45d9-833d-9e8a6746647c req-5520a934-ee17-482c-b489-4f77617fc9ab 61b0828104784c4693c77a1e504e0c59 fd0c70c6822e432dbcbedaee5f16c386 - - default default] 10.0.0.199 "GET /v2.0/security-groups/189aaba3-974a-49a1-bb5e-bdec4fb0a56f HTTP/1.1" status: 200 len: 2415 time: 0.0385485
2026-07-15 22:55:33.336 9 INFO neutron.wsgi [req-41bd05f3-7e94-45d9-833d-9e8a6746647c req-21fe4daf-8fe6-47cc-a023-d543c85e8dec 61b0828104784c4693c77a1e504e0c59 fd0c70c6822e432dbcbedaee5f16c386 - - default default] 10.0.0.199 "DELETE /v2.0/security-groups/189aaba3-974a-49a1-bb5e-bdec4fb0a56f HTTP/1.1" status: 204 len: 173 time: 0.1325307 /var/lib/openstack/lib/python3.10/site-packages/pycadf/identifier.py:71: UserWarning: Invalid uuid: neutron. To ensure interoperability, identifiers should be a valid uuid. warnings.warn(('Invalid uuid: %s. To ensure interoperability, '
2026-07-15 22:55:33.938 10 INFO neutron.wsgi [None req-44c2c1fd-d076-4c7a-9a65-17c6ee086207 15347a2cd9fb413892463cba0acf75e4 3b11b5342cb9458b8a6fe990fe268e21 - - default default] 10.0.0.216 "PUT /v2.0/routers/3dd70123-16bd-4c0f-9e0b-94c4329f373a/remove_router_interface HTTP/1.1" status: 200 len: 503 time: 1.6996038
2026-07-15 22:55:34.010 10 INFO neutron.wsgi [req-8b97051d-2511-463d-9ba0-0709b7b000d9 req-3205fdc8-4b7d-4d10-85ee-f6badf35209e d1258b91d9014d8dbcfcb8f75af42d02 8228ceb9e4254d4e9fc377776bafd4da - - default default] 10.0.0.199 "GET /v2.0/networks?id=7b92ae02-533c-449a-b7ff-809370db0278 HTTP/1.1" status: 200 len: 877 time: 0.1374650
2026-07-15 22:55:34.030 10 INFO neutron.wsgi [req-8b97051d-2511-463d-9ba0-0709b7b000d9 req-5291a022-9055-4a9c-ade6-fe1262af6d7c d1258b91d9014d8dbcfcb8f75af42d02 8228ceb9e4254d4e9fc377776bafd4da - - default default] 10.0.0.199 "GET /v2.0/quotas/8228ceb9e4254d4e9fc377776bafd4da HTTP/1.1" status: 200 len: 386 time: 0.0129149
