2026-07-15 23:01:09.060 10 INFO neutron.wsgi [req-a52f3096-c4a2-4c40-8e93-2cbbff374154 req-80b52cf4-7565-4a0a-b98a-05fe5dd1953c 020148a245aa457ba8f9ae8eec1f5b74 f4970c914d95420382e7831c1c5a8c46 - - 713730aea4c849d39e19d81e6968278a 713730aea4c849d39e19d81e6968278a] 199.204.45.235 "GET /v2.0/networks?id=62ccd2fe-d2b6-4800-85d1-58f525e4920a HTTP/1.1" status: 200 len: 1005 time: 0.0656729
2026-07-15 23:01:09.092 10 INFO neutron.wsgi [req-a52f3096-c4a2-4c40-8e93-2cbbff374154 req-3b398767-b626-4cfb-b8c8-1d84cf288344 020148a245aa457ba8f9ae8eec1f5b74 f4970c914d95420382e7831c1c5a8c46 - - 713730aea4c849d39e19d81e6968278a 713730aea4c849d39e19d81e6968278a] 199.204.45.235 "GET /v2.0/floatingips?fixed_ip_address=10.1.1.30&port_id=0f997c92-58d4-462e-9e4b-e53682897977 HTTP/1.1" status: 200 len: 217 time: 0.0245318
2026-07-15 23:01:09.135 10 INFO neutron.wsgi [req-a52f3096-c4a2-4c40-8e93-2cbbff374154 req-bc00628b-4628-4278-91ee-1d5f806af77f 020148a245aa457ba8f9ae8eec1f5b74 f4970c914d95420382e7831c1c5a8c46 - - 713730aea4c849d39e19d81e6968278a 713730aea4c849d39e19d81e6968278a] 199.204.45.235 "GET /v2.0/subnets?id=36a7db66-ebe7-442b-88b3-46ef3b9b7035 HTTP/1.1" status: 200 len: 853 time: 0.0359106
2026-07-15 23:01:09.170 10 INFO neutron.wsgi [req-a52f3096-c4a2-4c40-8e93-2cbbff374154 req-0715a616-eeb3-401f-a6a1-b3d4b8d8113e 020148a245aa457ba8f9ae8eec1f5b74 f4970c914d95420382e7831c1c5a8c46 - - 713730aea4c849d39e19d81e6968278a 713730aea4c849d39e19d81e6968278a] 199.204.45.235 "GET /v2.0/ports?network_id=62ccd2fe-d2b6-4800-85d1-58f525e4920a&device_owner=network%3Adhcp HTTP/1.1" status: 200 len: 210 time: 0.0270069
2026-07-15 23:01:09.244 10 INFO neutron.wsgi [req-a52f3096-c4a2-4c40-8e93-2cbbff374154 req-d690ced3-e61c-404d-b599-9edcca3ebead 020148a245aa457ba8f9ae8eec1f5b74 f4970c914d95420382e7831c1c5a8c46 - - 713730aea4c849d39e19d81e6968278a 713730aea4c849d39e19d81e6968278a] 199.204.45.235 "GET /v2.0/networks/62ccd2fe-d2b6-4800-85d1-58f525e4920a?fields=segments HTTP/1.1" status: 200 len: 212 time: 0.0685806
2026-07-15 23:01:09.320 10 INFO neutron.wsgi [req-a52f3096-c4a2-4c40-8e93-2cbbff374154 req-c53074c0-d21a-4970-9d3f-3769c1f06da7 020148a245aa457ba8f9ae8eec1f5b74 f4970c914d95420382e7831c1c5a8c46 - - 713730aea4c849d39e19d81e6968278a 713730aea4c849d39e19d81e6968278a] 199.204.45.235 "GET /v2.0/networks/62ccd2fe-d2b6-4800-85d1-58f525e4920a?fields=provider%3Aphysical_network&fields=provider%3Anetwork_type HTTP/1.1" status: 200 len: 277 time: 0.0701172
2026-07-15 23:01:15.025 9 WARNING neutron.scheduler.dhcp_agent_scheduler [None req-95682ef1-2877-4ba3-a208-ed58482865a9 3d3a7022022542b28522a7df1ae6f07a 8ffce727ee354c99ac91b56cd319ff3c - - default default] No more DHCP agents
2026-07-15 23:01:15.026 9 WARNING neutron.api.rpc.agentnotifiers.dhcp_rpc_agent_api [None req-95682ef1-2877-4ba3-a208-ed58482865a9 3d3a7022022542b28522a7df1ae6f07a 8ffce727ee354c99ac91b56cd319ff3c - - default default] Unable to schedule network 01918310-5a49-4c66-9985-8f31d597a661: no agents available; will retry on subsequent port and subnet creation events.
2026-07-15 23:01:15.488 9 INFO neutron.db.l3_db [None req-95682ef1-2877-4ba3-a208-ed58482865a9 3d3a7022022542b28522a7df1ae6f07a 8ffce727ee354c99ac91b56cd319ff3c - - default default] Floating IP 2854be64-6516-4f94-a845-c5b65ad9539d associated. External IP: 10.96.250.218, port: cdc38da4-96ff-46bd-acd5-8be75b87db26.
2026-07-15 23:01:15.748 9 INFO neutron.db.ovn_revision_numbers_db [None req-95682ef1-2877-4ba3-a208-ed58482865a9 3d3a7022022542b28522a7df1ae6f07a 8ffce727ee354c99ac91b56cd319ff3c - - default default] Successfully bumped revision number for resource 2854be64-6516-4f94-a845-c5b65ad9539d (type: floatingips) to 0
2026-07-15 23:01:15.873 9 INFO neutron.db.ovn_revision_numbers_db [None req-95682ef1-2877-4ba3-a208-ed58482865a9 3d3a7022022542b28522a7df1ae6f07a 8ffce727ee354c99ac91b56cd319ff3c - - default default] Successfully bumped revision number for resource 2854be64-6516-4f94-a845-c5b65ad9539d (type: floatingips) to 1
2026-07-15 23:01:15.915 9 INFO neutron.wsgi [None req-95682ef1-2877-4ba3-a208-ed58482865a9 3d3a7022022542b28522a7df1ae6f07a 8ffce727ee354c99ac91b56cd319ff3c - - default default] 10.0.0.216 "POST /v2.0/floatingips HTTP/1.1" status: 201 len: 1098 time: 1.1601267
2026-07-15 23:01:19.191 10 INFO neutron.db.ovn_revision_numbers_db [None req-6f53d01f-47f8-431f-8151-91ad584aebdf - - - - - -] Successfully bumped revision number for resource cdc38da4-96ff-46bd-acd5-8be75b87db26 (type: ports) to 4 /var/lib/openstack/lib/python3.10/site-packages/pycadf/identifier.py:71: UserWarning: Invalid uuid: neutron. To ensure interoperability, identifiers should be a valid uuid. warnings.warn(('Invalid uuid: %s. To ensure interoperability, '
2026-07-15 23:01:19.558 9 INFO neutron.wsgi [None req-291a3b3b-f3b5-4bcb-add2-b79d7c912462 15347a2cd9fb413892463cba0acf75e4 3b11b5342cb9458b8a6fe990fe268e21 - - default default] 199.204.45.235 "GET /v2.0/extensions/security-group HTTP/1.1" status: 200 len: 369 time: 0.0641928
2026-07-15 23:01:19.567 9 INFO neutron.wsgi [None req-e8f0e214-6429-4176-bbf7-bb445610b77b 15347a2cd9fb413892463cba0acf75e4 3b11b5342cb9458b8a6fe990fe268e21 - - default default] 199.204.45.235 "GET /v2.0/extensions/dns-integration HTTP/1.1" status: 200 len: 371 time: 0.0029776
2026-07-15 23:01:19.579 9 INFO neutron.wsgi [None req-b939cda1-0145-4638-81c0-179f96768b22 15347a2cd9fb413892463cba0acf75e4 3b11b5342cb9458b8a6fe990fe268e21 - - default default] 199.204.45.235 "GET /v2.0/extensions/qos HTTP/1.1" status: 200 len: 365 time: 0.0085933
2026-07-15 23:01:19.591 9 INFO neutron.wsgi [None req-7041d39f-690b-4582-b296-043594c51afc 15347a2cd9fb413892463cba0acf75e4 3b11b5342cb9458b8a6fe990fe268e21 - - default default] 199.204.45.235 "GET /v2.0/extensions/allowed-address-pairs HTTP/1.1" status: 200 len: 383 time: 0.0045321
2026-07-15 23:01:19.730 9 INFO neutron.wsgi [None req-760d2fc0-4ba3-4d17-8683-aa89a313c371 15347a2cd9fb413892463cba0acf75e4 3b11b5342cb9458b8a6fe990fe268e21 - - default default] 199.204.45.235 "GET /v2.0/security-groups?name=lb-dd8ca448-a48f-4a6c-8230-55554c7372f3 HTTP/1.1" status: 200 len: 1777 time: 0.0357785
2026-07-15 23:01:19.760 9 INFO neutron.wsgi [None req-00f1c165-cc9f-437d-bb8b-2f50ed3a0028 15347a2cd9fb413892463cba0acf75e4 3b11b5342cb9458b8a6fe990fe268e21 - - default default] 199.204.45.235 "GET /v2.0/security-group-rules?security_group_id=b9ec3c51-8a00-4b50-80ec-c78671ccfb91 HTTP/1.1" status: 200 len: 1318 time: 0.0238357
2026-07-15 23:01:19.866 9 INFO neutron.db.ovn_revision_numbers_db [None req-6a7a7d74-be74-402a-b4e6-1de79457b005 15347a2cd9fb413892463cba0acf75e4 3b11b5342cb9458b8a6fe990fe268e21 - - default default] Successfully bumped revision number for resource aaa06ede-6153-45da-9506-0e8ada9a2a4a (type: security_group_rules) to 0
2026-07-15 23:01:19.893 9 INFO neutron.wsgi [None req-6a7a7d74-be74-402a-b4e6-1de79457b005 15347a2cd9fb413892463cba0acf75e4 3b11b5342cb9458b8a6fe990fe268e21 - - default default] 199.204.45.235 "POST /v2.0/security-group-rules HTTP/1.1" status: 201 len: 769 time: 0.1262774
2026-07-15 23:01:20.030 9 INFO neutron.db.ovn_revision_numbers_db [None req-85622475-81c0-4f6f-a9f1-3082f8c1b6dc 15347a2cd9fb413892463cba0acf75e4 3b11b5342cb9458b8a6fe990fe268e21 - - default default] Successfully bumped revision number for resource 27bacf41-9b43-4ea1-8587-f5e1098d469e (type: security_group_rules) to 0
2026-07-15 23:01:20.055 9 INFO neutron.wsgi [None req-85622475-81c0-4f6f-a9f1-3082f8c1b6dc 15347a2cd9fb413892463cba0acf75e4 3b11b5342cb9458b8a6fe990fe268e21 - - default default] 199.204.45.235 "POST /v2.0/security-group-rules HTTP/1.1" status: 201 len: 773 time: 0.1543775
2026-07-15 23:01:21.123 15 INFO neutron.db.ovn_revision_numbers_db [None req-f6d98e6d-e015-4055-8242-f1d4ec37a873 - - - - - -] Successfully bumped revision number for resource 62ccd2fe-d2b6-4800-85d1-58f525e4920a (type: networks) to 3
2026-07-15 23:01:21.318 15 INFO neutron.db.ovn_revision_numbers_db [None req-f6d98e6d-e015-4055-8242-f1d4ec37a873 - - - - - -] Successfully bumped revision number for resource 7a774c76-5041-4ab4-aa60-3fe940d6426c (type: networks) to 3
2026-07-15 23:01:21.411 15 INFO neutron.db.ovn_revision_numbers_db [None req-f6d98e6d-e015-4055-8242-f1d4ec37a873 - - - - - -] Successfully bumped revision number for resource 58c34c5f-500a-492f-a69d-f87768e2f22d (type: networks) to 3
2026-07-15 23:01:21.468 15 INFO neutron.db.ovn_revision_numbers_db [None req-f6d98e6d-e015-4055-8242-f1d4ec37a873 - - - - - -] Successfully bumped revision number for resource 21edd4f1-ffc8-4f41-8574-745ed18a5a0d (type: security_groups) to 12
2026-07-15 23:01:21.503 15 INFO neutron.db.ovn_revision_numbers_db [None req-f6d98e6d-e015-4055-8242-f1d4ec37a873 - - - - - -] Successfully bumped revision number for resource b9ec3c51-8a00-4b50-80ec-c78671ccfb91 (type: security_groups) to 3
2026-07-15 23:01:21.685 10 INFO neutron.wsgi [-] 10.0.0.25 "GET / HTTP/1.1" status: 200 len: 247 time: 0.0028570
2026-07-15 23:01:21.685 9 INFO neutron.wsgi [-] 10.0.0.25 "GET / HTTP/1.1" status: 200 len: 247 time: 0.0035851
2026-07-15 23:01:21.808 15 INFO neutron.db.ovn_revision_numbers_db [None req-f6d98e6d-e015-4055-8242-f1d4ec37a873 - - - - - -] Successfully bumped revision number for resource e0329304-d6ed-4cac-9931-7ef9cb130401 (type: routers) to 5
2026-07-15 23:01:23.703 15 INFO neutron.plugins.ml2.drivers.ovn.mech_driver.ovsdb.maintenance [None req-f6d98e6d-e015-4055-8242-f1d4ec37a873 - - - - - -] Maintenance task: Synchronization finished (took 2.70 seconds)
2026-07-15 23:01:26.797 9 INFO neutron.wsgi [None req-11987b11-74bf-4fed-9054-d8e42810bfbc 15347a2cd9fb413892463cba0acf75e4 3b11b5342cb9458b8a6fe990fe268e21 - - default default] 10.0.0.58 "GET /v2.0/extensions/security-group HTTP/1.1" status: 200 len: 369 time: 0.0091538
2026-07-15 23:01:26.809 9 INFO neutron.wsgi [None req-dec35708-c165-4407-8179-4f7c24d7d3f4 15347a2cd9fb413892463cba0acf75e4 3b11b5342cb9458b8a6fe990fe268e21 - - default default] 10.0.0.58 "GET /v2.0/extensions/dns-integration HTTP/1.1" status: 200 len: 371 time: 0.0046194
2026-07-15 23:01:26.818 9 INFO neutron.wsgi [None req-4329a358-7675-4b55-8776-f6f067710444 15347a2cd9fb413892463cba0acf75e4 3b11b5342cb9458b8a6fe990fe268e21 - - default default] 10.0.0.58 "GET /v2.0/extensions/qos HTTP/1.1" status: 200 len: 365 time: 0.0053403
2026-07-15 23:01:26.829 9 INFO neutron.wsgi [None req-648c94c6-687c-4adf-b7c5-cd94a1f5e4cb 15347a2cd9fb413892463cba0acf75e4 3b11b5342cb9458b8a6fe990fe268e21 - - default default] 10.0.0.58 "GET /v2.0/extensions/allowed-address-pairs HTTP/1.1" status: 200 len: 383 time: 0.0044441
2026-07-15 23:01:27.161 10 INFO neutron.wsgi [-] 10.0.0.58 "GET / HTTP/1.1" status: 200 len: 284 time: 0.0019245
2026-07-15 23:01:27.223 10 INFO neutron.wsgi [None req-0b69764d-978f-4303-b67b-89049479051f 3d3a7022022542b28522a7df1ae6f07a 8ffce727ee354c99ac91b56cd319ff3c - - default default] 10.0.0.58 "GET /v2.0/subnets/c5ff9653-90e2-4591-b40b-cc6bec57bfa2 HTTP/1.1" status: 200 len: 831 time: 0.0521111
2026-07-15 23:01:27.626 9 INFO neutron.wsgi [None req-00017471-bbed-41ea-9628-7a7975025993 15347a2cd9fb413892463cba0acf75e4 3b11b5342cb9458b8a6fe990fe268e21 - - default default] 199.204.45.235 "GET /v2.0/extensions/security-group HTTP/1.1" status: 200 len: 369 time: 0.0088055
2026-07-15 23:01:27.635 9 INFO neutron.wsgi [None req-4b1f724e-6e6e-47b6-a092-0d95c04d2ae6 15347a2cd9fb413892463cba0acf75e4 3b11b5342cb9458b8a6fe990fe268e21 - - default default] 199.204.45.235 "GET /v2.0/extensions/dns-integration HTTP/1.1" status: 200 len: 371 time: 0.0028896
2026-07-15 23:01:27.643 9 INFO neutron.wsgi [None req-f6f3ede8-8f10-46e5-8a5d-0655d0d009c1 15347a2cd9fb413892463cba0acf75e4 3b11b5342cb9458b8a6fe990fe268e21 - - default default] 199.204.45.235 "GET /v2.0/extensions/qos HTTP/1.1" status: 200 len: 365 time: 0.0038180
2026-07-15 23:01:27.652 9 INFO neutron.wsgi [None req-65034a68-bc69-41a0-9c69-f34ff360788e 15347a2cd9fb413892463cba0acf75e4 3b11b5342cb9458b8a6fe990fe268e21 - - default default] 199.204.45.235 "GET /v2.0/extensions/allowed-address-pairs HTTP/1.1" status: 200 len: 383 time: 0.0041046
2026-07-15 23:01:27.694 9 INFO neutron.wsgi [None req-52e38f7b-60b3-413d-a275-479097dbdec3 15347a2cd9fb413892463cba0acf75e4 3b11b5342cb9458b8a6fe990fe268e21 - - default default] 199.204.45.235 "GET /v2.0/subnets/c5ff9653-90e2-4591-b40b-cc6bec57bfa2 HTTP/1.1" status: 200 len: 849 time: 0.0372789
2026-07-15 23:01:27.735 9 INFO neutron.wsgi [None req-9b1a3e42-e0a0-4693-aff2-0687c129ad18 15347a2cd9fb413892463cba0acf75e4 3b11b5342cb9458b8a6fe990fe268e21 - - default default] 199.204.45.235 "GET /v2.0/ports?device_id=4b9a6f44-9f2b-43e9-a0d8-8c0131dbcc0f HTTP/1.1" status: 200 len: 2716 time: 0.0327988
2026-07-15 23:01:27.853 9 INFO neutron.wsgi [None req-64587c1a-eb85-40de-bff1-f102ae72304d 15347a2cd9fb413892463cba0acf75e4 3b11b5342cb9458b8a6fe990fe268e21 - - default default] 199.204.45.235 "GET /v2.0/extensions/security-group HTTP/1.1" status: 200 len: 369 time: 0.0079722
2026-07-15 23:01:27.867 9 INFO neutron.wsgi [None req-92fab43b-7d06-4835-9b62-6622544d0002 15347a2cd9fb413892463cba0acf75e4 3b11b5342cb9458b8a6fe990fe268e21 - - default default] 199.204.45.235 "GET /v2.0/extensions/dns-integration HTTP/1.1" status: 200 len: 371 time: 0.0062735
2026-07-15 23:01:27.874 9 INFO neutron.wsgi [None req-02318b3f-1f7f-4899-ad18-210a608d995c 15347a2cd9fb413892463cba0acf75e4 3b11b5342cb9458b8a6fe990fe268e21 - - default default] 199.204.45.235 "GET /v2.0/extensions/qos HTTP/1.1" status: 200 len: 365 time: 0.0039337
2026-07-15 23:01:27.884 9 INFO neutron.wsgi [None req-4b665edd-eeb1-4596-bbfc-1e6c9290ae3c 15347a2cd9fb413892463cba0acf75e4 3b11b5342cb9458b8a6fe990fe268e21 - - default default] 199.204.45.235 "GET /v2.0/extensions/allowed-address-pairs HTTP/1.1" status: 200 len: 383 time: 0.0045700
2026-07-15 23:01:28.485 10 INFO neutron.wsgi [req-fc23a574-abb0-4b85-b034-23ad579f2dd3 req-e908bdb7-a489-4cf4-9cf3-83200736356c 020148a245aa457ba8f9ae8eec1f5b74 f4970c914d95420382e7831c1c5a8c46 - - 713730aea4c849d39e19d81e6968278a 713730aea4c849d39e19d81e6968278a] 199.204.45.235 "GET /v2.0/networks/7a774c76-5041-4ab4-aa60-3fe940d6426c?fields=segments HTTP/1.1" status: 200 len: 212 time: 0.0681543
2026-07-15 23:01:28.556 10 INFO neutron.wsgi [req-fc23a574-abb0-4b85-b034-23ad579f2dd3 req-b95fd912-6e72-4128-a110-3c3658b9b2b9 020148a245aa457ba8f9ae8eec1f5b74 f4970c914d95420382e7831c1c5a8c46 - - 713730aea4c849d39e19d81e6968278a 713730aea4c849d39e19d81e6968278a] 199.204.45.235 "GET /v2.0/networks/7a774c76-5041-4ab4-aa60-3fe940d6426c?fields=provider%3Aphysical_network&fields=provider%3Anetwork_type HTTP/1.1" status: 200 len: 277 time: 0.0621419
2026-07-15 23:01:28.639 10 INFO neutron.wsgi [req-fc23a574-abb0-4b85-b034-23ad579f2dd3 req-0ad293fb-e6bd-4112-91be-255fec09c710 15347a2cd9fb413892463cba0acf75e4 3b11b5342cb9458b8a6fe990fe268e21 - - default default] 199.204.45.235 "GET /v2.0/networks?id=7a774c76-5041-4ab4-aa60-3fe940d6426c HTTP/1.1" status: 200 len: 1001 time: 0.0623667
2026-07-15 23:01:28.997 10 WARNING neutron.scheduler.dhcp_agent_scheduler [req-fc23a574-abb0-4b85-b034-23ad579f2dd3 req-3147b171-b308-47f5-a5ef-f6eef6a8c22a 15347a2cd9fb413892463cba0acf75e4 3b11b5342cb9458b8a6fe990fe268e21 - - default default] No more DHCP agents
2026-07-15 23:01:28.999 10 WARNING neutron.api.rpc.agentnotifiers.dhcp_rpc_agent_api [req-fc23a574-abb0-4b85-b034-23ad579f2dd3 req-3147b171-b308-47f5-a5ef-f6eef6a8c22a 15347a2cd9fb413892463cba0acf75e4 3b11b5342cb9458b8a6fe990fe268e21 - - default default] Unable to schedule network 7a774c76-5041-4ab4-aa60-3fe940d6426c: no agents available; will retry on subsequent port and subnet creation events.
2026-07-15 23:01:29.177 10 INFO neutron.db.ovn_revision_numbers_db [req-fc23a574-abb0-4b85-b034-23ad579f2dd3 req-3147b171-b308-47f5-a5ef-f6eef6a8c22a 15347a2cd9fb413892463cba0acf75e4 3b11b5342cb9458b8a6fe990fe268e21 - - default default] Successfully bumped revision number for resource fb56792a-97f5-4217-9857-9ce66fb28bb7 (type: ports) to 1
2026-07-15 23:01:29.202 10 INFO neutron.wsgi [req-fc23a574-abb0-4b85-b034-23ad579f2dd3 req-3147b171-b308-47f5-a5ef-f6eef6a8c22a 15347a2cd9fb413892463cba0acf75e4 3b11b5342cb9458b8a6fe990fe268e21 - - default default] 199.204.45.235 "POST /v2.0/ports HTTP/1.1" status: 201 len: 1504 time: 0.5538661 /var/lib/openstack/lib/python3.10/site-packages/pycadf/identifier.py:71: UserWarning: Invalid uuid: neutron. To ensure interoperability, identifiers should be a valid uuid. warnings.warn(('Invalid uuid: %s. To ensure interoperability, '
2026-07-15 23:01:29.910 10 INFO neutron.db.ovn_revision_numbers_db [req-fc23a574-abb0-4b85-b034-23ad579f2dd3 req-3f38c99d-1cd1-4762-96c3-6b49b6554c66 020148a245aa457ba8f9ae8eec1f5b74 f4970c914d95420382e7831c1c5a8c46 - - 713730aea4c849d39e19d81e6968278a 713730aea4c849d39e19d81e6968278a] Successfully bumped revision number for resource fb56792a-97f5-4217-9857-9ce66fb28bb7 (type: ports) to 2
2026-07-15 23:01:30.091 10 INFO neutron.db.ovn_revision_numbers_db [req-fc23a574-abb0-4b85-b034-23ad579f2dd3 req-3f38c99d-1cd1-4762-96c3-6b49b6554c66 020148a245aa457ba8f9ae8eec1f5b74 f4970c914d95420382e7831c1c5a8c46 - - 713730aea4c849d39e19d81e6968278a 713730aea4c849d39e19d81e6968278a] Successfully bumped revision number for resource fb56792a-97f5-4217-9857-9ce66fb28bb7 (type: ports) to 2
2026-07-15 23:01:30.109 10 INFO neutron.wsgi [req-fc23a574-abb0-4b85-b034-23ad579f2dd3 req-3f38c99d-1cd1-4762-96c3-6b49b6554c66 020148a245aa457ba8f9ae8eec1f5b74 f4970c914d95420382e7831c1c5a8c46 - - 713730aea4c849d39e19d81e6968278a 713730aea4c849d39e19d81e6968278a] 199.204.45.235 "PUT /v2.0/ports/fb56792a-97f5-4217-9857-9ce66fb28bb7 HTTP/1.1" status: 200 len: 1601 time: 0.8957939 /var/lib/openstack/lib/python3.10/site-packages/pycadf/identifier.py:71: UserWarning: Invalid uuid: neutron. To ensure interoperability, identifiers should be a valid uuid. warnings.warn(('Invalid uuid: %s. To ensure interoperability, '
2026-07-15 23:01:30.155 10 INFO neutron.notifiers.nova [-] Nova event matching ['req-9ef3ef17-4115-46c4-b765-16ea7f7b3f88'] response: {'name': 'network-changed', 'server_uuid': '4b9a6f44-9f2b-43e9-a0d8-8c0131dbcc0f', 'tag': 'fb56792a-97f5-4217-9857-9ce66fb28bb7', 'status': 'completed', 'code': 200}
2026-07-15 23:01:30.201 10 INFO neutron.wsgi [req-fc23a574-abb0-4b85-b034-23ad579f2dd3 req-f9871f2d-da87-45b1-8414-8061320e5c94 020148a245aa457ba8f9ae8eec1f5b74 f4970c914d95420382e7831c1c5a8c46 - - 713730aea4c849d39e19d81e6968278a 713730aea4c849d39e19d81e6968278a] 199.204.45.235 "GET /v2.0/ports?tenant_id=3b11b5342cb9458b8a6fe990fe268e21&device_id=4b9a6f44-9f2b-43e9-a0d8-8c0131dbcc0f HTTP/1.1" status: 200 len: 4137 time: 0.0580187
2026-07-15 23:01:30.234 10 INFO neutron.wsgi [req-fc23a574-abb0-4b85-b034-23ad579f2dd3 req-07ff9207-6b27-4045-a25b-81023cc6cffa 020148a245aa457ba8f9ae8eec1f5b74 f4970c914d95420382e7831c1c5a8c46 - - 713730aea4c849d39e19d81e6968278a 713730aea4c849d39e19d81e6968278a] 199.204.45.235 "GET /v2.0/floatingips?fixed_ip_address=172.24.0.8&port_id=5efa58f2-b463-4169-a44d-a90a6fb772f3 HTTP/1.1" status: 200 len: 217 time: 0.0248530
2026-07-15 23:01:30.284 10 INFO neutron.wsgi [req-fc23a574-abb0-4b85-b034-23ad579f2dd3 req-d8f71c0f-a56b-4c05-95c2-884964527675 020148a245aa457ba8f9ae8eec1f5b74 f4970c914d95420382e7831c1c5a8c46 - - 713730aea4c849d39e19d81e6968278a 713730aea4c849d39e19d81e6968278a] 199.204.45.235 "GET /v2.0/subnets?id=f0952432-3ffb-4c51-aaf6-3098d3abfe25 HTTP/1.1" status: 200 len: 829 time: 0.0419192
2026-07-15 23:01:30.336 10 INFO neutron.wsgi [req-fc23a574-abb0-4b85-b034-23ad579f2dd3 req-940a5217-bd4c-4407-a4b3-8d66dddf6dee 020148a245aa457ba8f9ae8eec1f5b74 f4970c914d95420382e7831c1c5a8c46 - - 713730aea4c849d39e19d81e6968278a 713730aea4c849d39e19d81e6968278a] 199.204.45.235 "GET /v2.0/ports?network_id=696b48a7-c4c9-4a85-9190-21669bb9d787&device_owner=network%3Adhcp HTTP/1.1" status: 200 len: 210 time: 0.0411315
2026-07-15 23:01:30.401 10 INFO neutron.wsgi [req-fc23a574-abb0-4b85-b034-23ad579f2dd3 req-bfd5c694-d6e6-487f-8554-f7a9dd6392c2 020148a245aa457ba8f9ae8eec1f5b74 f4970c914d95420382e7831c1c5a8c46 - - 713730aea4c849d39e19d81e6968278a 713730aea4c849d39e19d81e6968278a] 199.204.45.235 "GET /v2.0/networks/696b48a7-c4c9-4a85-9190-21669bb9d787?fields=segments HTTP/1.1" status: 200 len: 212 time: 0.0592644
2026-07-15 23:01:30.468 10 INFO neutron.wsgi [req-fc23a574-abb0-4b85-b034-23ad579f2dd3 req-50be6b42-6121-4a05-a6e3-e1d3fd8929c0 020148a245aa457ba8f9ae8eec1f5b74 f4970c914d95420382e7831c1c5a8c46 - - 713730aea4c849d39e19d81e6968278a 713730aea4c849d39e19d81e6968278a] 199.204.45.235 "GET /v2.0/networks/696b48a7-c4c9-4a85-9190-21669bb9d787?fields=provider%3Aphysical_network&fields=provider%3Anetwork_type HTTP/1.1" status: 200 len: 277 time: 0.0599844
2026-07-15 23:01:30.501 10 INFO neutron.wsgi [req-fc23a574-abb0-4b85-b034-23ad579f2dd3 req-a80ea604-07f9-4551-b2e3-473fcc036f4b 020148a245aa457ba8f9ae8eec1f5b74 f4970c914d95420382e7831c1c5a8c46 - - 713730aea4c849d39e19d81e6968278a 713730aea4c849d39e19d81e6968278a] 199.204.45.235 "GET /v2.0/floatingips?fixed_ip_address=10.1.1.30&port_id=0f997c92-58d4-462e-9e4b-e53682897977 HTTP/1.1" status: 200 len: 217 time: 0.0257063
2026-07-15 23:01:30.539 10 INFO neutron.wsgi [req-fc23a574-abb0-4b85-b034-23ad579f2dd3 req-5987c721-db38-4e44-a297-3d83f9c9e83a 020148a245aa457ba8f9ae8eec1f5b74 f4970c914d95420382e7831c1c5a8c46 - - 713730aea4c849d39e19d81e6968278a 713730aea4c849d39e19d81e6968278a] 199.204.45.235 "GET /v2.0/subnets?id=36a7db66-ebe7-442b-88b3-46ef3b9b7035 HTTP/1.1" status: 200 len: 853 time: 0.0327463
2026-07-15 23:01:30.564 10 INFO neutron.wsgi [req-fc23a574-abb0-4b85-b034-23ad579f2dd3 req-d6472b8b-2101-4306-8874-ce3f1c778656 020148a245aa457ba8f9ae8eec1f5b74 f4970c914d95420382e7831c1c5a8c46 - - 713730aea4c849d39e19d81e6968278a 713730aea4c849d39e19d81e6968278a] 199.204.45.235 "GET /v2.0/ports?network_id=62ccd2fe-d2b6-4800-85d1-58f525e4920a&device_owner=network%3Adhcp HTTP/1.1" status: 200 len: 210 time: 0.0186689
2026-07-15 23:01:30.639 10 INFO neutron.wsgi [req-fc23a574-abb0-4b85-b034-23ad579f2dd3 req-81dbb263-8e32-4928-8680-49a4ff67cd60 020148a245aa457ba8f9ae8eec1f5b74 f4970c914d95420382e7831c1c5a8c46 - - 713730aea4c849d39e19d81e6968278a 713730aea4c849d39e19d81e6968278a] 199.204.45.235 "GET /v2.0/networks/62ccd2fe-d2b6-4800-85d1-58f525e4920a?fields=segments HTTP/1.1" status: 200 len: 212 time: 0.0682206
2026-07-15 23:01:30.710 10 INFO neutron.wsgi [req-fc23a574-abb0-4b85-b034-23ad579f2dd3 req-68fa000d-22a1-4e83-b0a4-a90a578b73dc 020148a245aa457ba8f9ae8eec1f5b74 f4970c914d95420382e7831c1c5a8c46 - - 713730aea4c849d39e19d81e6968278a 713730aea4c849d39e19d81e6968278a] 199.204.45.235 "GET /v2.0/networks/62ccd2fe-d2b6-4800-85d1-58f525e4920a?fields=provider%3Aphysical_network&fields=provider%3Anetwork_type HTTP/1.1" status: 200 len: 277 time: 0.0653365
2026-07-15 23:01:30.742 10 INFO neutron.wsgi [req-fc23a574-abb0-4b85-b034-23ad579f2dd3 req-e7f9ff9f-b29a-492e-81a1-cf604fa37bf7 020148a245aa457ba8f9ae8eec1f5b74 f4970c914d95420382e7831c1c5a8c46 - - 713730aea4c849d39e19d81e6968278a 713730aea4c849d39e19d81e6968278a] 199.204.45.235 "GET /v2.0/floatingips?fixed_ip_address=10.2.1.112&port_id=fb56792a-97f5-4217-9857-9ce66fb28bb7 HTTP/1.1" status: 200 len: 217 time: 0.0244172
2026-07-15 23:01:30.770 10 INFO neutron.wsgi [req-fc23a574-abb0-4b85-b034-23ad579f2dd3 req-a944a27c-23bd-4dc3-a350-ed1b685d40cc 020148a245aa457ba8f9ae8eec1f5b74 f4970c914d95420382e7831c1c5a8c46 - - 713730aea4c849d39e19d81e6968278a 713730aea4c849d39e19d81e6968278a] 199.204.45.235 "GET /v2.0/floatingips?fixed_ip_address=fd7b%3Af9f7%3Afff%3A4eca%3A%3A67&port_id=fb56792a-97f5-4217-9857-9ce66fb28bb7 HTTP/1.1" status: 200 len: 217 time: 0.0229008
2026-07-15 23:01:30.810 10 INFO neutron.wsgi [req-fc23a574-abb0-4b85-b034-23ad579f2dd3 req-45b0ced1-9fea-4453-8b46-ad0d04c835da 020148a245aa457ba8f9ae8eec1f5b74 f4970c914d95420382e7831c1c5a8c46 - - 713730aea4c849d39e19d81e6968278a 713730aea4c849d39e19d81e6968278a] 199.204.45.235 "GET /v2.0/subnets?id=c5ff9653-90e2-4591-b40b-cc6bec57bfa2&id=12cf96c3-9923-4b3d-8a7c-1fc6a4c9a302 HTTP/1.1" status: 200 len: 1563 time: 0.0334938
2026-07-15 23:01:30.836 10 INFO neutron.wsgi [req-fc23a574-abb0-4b85-b034-23ad579f2dd3 req-138cd6f1-a3fe-498b-bf5e-8a7a0f05c899 020148a245aa457ba8f9ae8eec1f5b74 f4970c914d95420382e7831c1c5a8c46 - - 713730aea4c849d39e19d81e6968278a 713730aea4c849d39e19d81e6968278a] 199.204.45.235 "GET /v2.0/ports?network_id=7a774c76-5041-4ab4-aa60-3fe940d6426c&device_owner=network%3Adhcp HTTP/1.1" status: 200 len: 210 time: 0.0206835
2026-07-15 23:01:30.863 10 INFO neutron.wsgi [req-fc23a574-abb0-4b85-b034-23ad579f2dd3 req-44f74548-144e-4b99-9ab6-7ded14da0b34 020148a245aa457ba8f9ae8eec1f5b74 f4970c914d95420382e7831c1c5a8c46 - - 713730aea4c849d39e19d81e6968278a 713730aea4c849d39e19d81e6968278a] 199.204.45.235 "GET /v2.0/ports?network_id=7a774c76-5041-4ab4-aa60-3fe940d6426c&device_owner=network%3Adhcp HTTP/1.1" status: 200 len: 210 time: 0.0197220
2026-07-15 23:01:30.928 10 INFO neutron.wsgi [req-fc23a574-abb0-4b85-b034-23ad579f2dd3 req-68245e5e-d23a-4363-a2bb-837e6e204ea1 020148a245aa457ba8f9ae8eec1f5b74 f4970c914d95420382e7831c1c5a8c46 - - 713730aea4c849d39e19d81e6968278a 713730aea4c849d39e19d81e6968278a] 199.204.45.235 "GET /v2.0/networks/7a774c76-5041-4ab4-aa60-3fe940d6426c?fields=segments HTTP/1.1" status: 200 len: 212 time: 0.0567169
2026-07-15 23:01:30.988 10 INFO neutron.wsgi [req-fc23a574-abb0-4b85-b034-23ad579f2dd3 req-4c5c6fd4-2e1b-472e-b5f5-ed65e345b3cb 020148a245aa457ba8f9ae8eec1f5b74 f4970c914d95420382e7831c1c5a8c46 - - 713730aea4c849d39e19d81e6968278a 713730aea4c849d39e19d81e6968278a] 199.204.45.235 "GET /v2.0/networks/7a774c76-5041-4ab4-aa60-3fe940d6426c?fields=provider%3Aphysical_network&fields=provider%3Anetwork_type HTTP/1.1" status: 200 len: 277 time: 0.0512695
2026-07-15 23:01:31.085 9 INFO neutron.plugins.ml2.drivers.ovn.mech_driver.mech_driver [None req-c2740de3-9fdc-4af1-8deb-8479581be0bc - - - - - -] OVN reports status up for port: fb56792a-97f5-4217-9857-9ce66fb28bb7
2026-07-15 23:01:31.088 10 INFO neutron.wsgi [req-325561b0-72ff-4535-8300-0510dae0ed4c req-67253cc7-52cf-46f3-8d15-192740279cd7 020148a245aa457ba8f9ae8eec1f5b74 f4970c914d95420382e7831c1c5a8c46 - - 713730aea4c849d39e19d81e6968278a 713730aea4c849d39e19d81e6968278a] 199.204.45.235 "GET /v2.0/ports?tenant_id=3b11b5342cb9458b8a6fe990fe268e21&device_id=4b9a6f44-9f2b-43e9-a0d8-8c0131dbcc0f HTTP/1.1" status: 200 len: 4137 time: 0.0520039
2026-07-15 23:01:31.106 9 INFO neutron.plugins.ml2.plugin [None req-c2740de3-9fdc-4af1-8deb-8479581be0bc - - - - - -] Attempt 1 to provision port fb56792a-97f5-4217-9857-9ce66fb28bb7
2026-07-15 23:01:31.163 10 INFO neutron.wsgi [req-325561b0-72ff-4535-8300-0510dae0ed4c req-3c503501-1c36-4ecc-a5b5-8e83ff63e248 020148a245aa457ba8f9ae8eec1f5b74 f4970c914d95420382e7831c1c5a8c46 - - 713730aea4c849d39e19d81e6968278a 713730aea4c849d39e19d81e6968278a] 199.204.45.235 "GET /v2.0/networks?id=7a774c76-5041-4ab4-aa60-3fe940d6426c HTTP/1.1" status: 200 len: 1001 time: 0.0663238
2026-07-15 23:01:31.196 10 INFO neutron.wsgi [req-325561b0-72ff-4535-8300-0510dae0ed4c req-59984e75-8689-4745-9deb-792ba46b4989 020148a245aa457ba8f9ae8eec1f5b74 f4970c914d95420382e7831c1c5a8c46 - - 713730aea4c849d39e19d81e6968278a 713730aea4c849d39e19d81e6968278a] 199.204.45.235 "GET /v2.0/floatingips?fixed_ip_address=10.2.1.112&port_id=fb56792a-97f5-4217-9857-9ce66fb28bb7 HTTP/1.1" status: 200 len: 217 time: 0.0248027
2026-07-15 23:01:31.233 10 INFO neutron.wsgi [req-325561b0-72ff-4535-8300-0510dae0ed4c req-4cdabef5-945c-43bf-83be-2317d5253d10 020148a245aa457ba8f9ae8eec1f5b74 f4970c914d95420382e7831c1c5a8c46 - - 713730aea4c849d39e19d81e6968278a 713730aea4c849d39e19d81e6968278a] 199.204.45.235 "GET /v2.0/floatingips?fixed_ip_address=fd7b%3Af9f7%3Afff%3A4eca%3A%3A67&port_id=fb56792a-97f5-4217-9857-9ce66fb28bb7 HTTP/1.1" status: 200 len: 217 time: 0.0295649
2026-07-15 23:01:31.238 9 INFO neutron.notifiers.nova [-] Nova event matching ['req-a373e6d5-d923-4cdd-8a65-a4d4e9f51f18'] response: {'server_uuid': '4b9a6f44-9f2b-43e9-a0d8-8c0131dbcc0f', 'name': 'network-vif-plugged', 'status': 'completed', 'tag': 'fb56792a-97f5-4217-9857-9ce66fb28bb7', 'code': 200}
2026-07-15 23:01:31.298 10 INFO neutron.wsgi [req-325561b0-72ff-4535-8300-0510dae0ed4c req-a7a34dc6-92ce-4fa3-acba-146167e88521 020148a245aa457ba8f9ae8eec1f5b74 f4970c914d95420382e7831c1c5a8c46 - - 713730aea4c849d39e19d81e6968278a 713730aea4c849d39e19d81e6968278a] 199.204.45.235 "GET /v2.0/subnets?id=c5ff9653-90e2-4591-b40b-cc6bec57bfa2&id=12cf96c3-9923-4b3d-8a7c-1fc6a4c9a302 HTTP/1.1" status: 200 len: 1563 time: 0.0519049
2026-07-15 23:01:31.300 10 INFO neutron.wsgi [req-fc23a574-abb0-4b85-b034-23ad579f2dd3 req-5a20b763-4915-4924-980f-71ef8870f3c9 15347a2cd9fb413892463cba0acf75e4 3b11b5342cb9458b8a6fe990fe268e21 - - default default] 10.0.0.199 "GET /v2.0/ports/fb56792a-97f5-4217-9857-9ce66fb28bb7 HTTP/1.1" status: 200 len: 1631 time: 0.0426857
2026-07-15 23:01:31.326 10 INFO neutron.wsgi [req-325561b0-72ff-4535-8300-0510dae0ed4c req-a4a1a4f7-dc5f-4a02-899f-df3c6f51963c 020148a245aa457ba8f9ae8eec1f5b74 f4970c914d95420382e7831c1c5a8c46 - - 713730aea4c849d39e19d81e6968278a 713730aea4c849d39e19d81e6968278a] 199.204.45.235 "GET /v2.0/ports?network_id=7a774c76-5041-4ab4-aa60-3fe940d6426c&device_owner=network%3Adhcp HTTP/1.1" status: 200 len: 210 time: 0.0206058
2026-07-15 23:01:31.351 9 INFO neutron.wsgi [None req-f492cc91-44db-494d-8b02-6b44b0453f4e 15347a2cd9fb413892463cba0acf75e4 3b11b5342cb9458b8a6fe990fe268e21 - - default default] 199.204.45.235 "GET /v2.0/ports/fb56792a-97f5-4217-9857-9ce66fb28bb7 HTTP/1.1" status: 200 len: 1631 time: 0.0350151
2026-07-15 23:01:31.361 10 INFO neutron.wsgi [req-325561b0-72ff-4535-8300-0510dae0ed4c req-98f4ef91-e4f8-4f53-93a6-5a08206f2f09 020148a245aa457ba8f9ae8eec1f5b74 f4970c914d95420382e7831c1c5a8c46 - - 713730aea4c849d39e19d81e6968278a 713730aea4c849d39e19d81e6968278a] 199.204.45.235 "GET /v2.0/ports?network_id=7a774c76-5041-4ab4-aa60-3fe940d6426c&device_owner=network%3Adhcp HTTP/1.1" status: 200 len: 210 time: 0.0264404
2026-07-15 23:01:31.410 9 INFO neutron.wsgi [None req-83d69456-5ac9-4852-847a-cb37e65b7503 15347a2cd9fb413892463cba0acf75e4 3b11b5342cb9458b8a6fe990fe268e21 - - default default] 199.204.45.235 "GET /v2.0/ports/fb56792a-97f5-4217-9857-9ce66fb28bb7 HTTP/1.1" status: 200 len: 1631 time: 0.0522945
2026-07-15 23:01:31.431 10 INFO neutron.wsgi [req-325561b0-72ff-4535-8300-0510dae0ed4c req-a3b7c1fe-7523-4172-8131-c819acf83936 020148a245aa457ba8f9ae8eec1f5b74 f4970c914d95420382e7831c1c5a8c46 - - 713730aea4c849d39e19d81e6968278a 713730aea4c849d39e19d81e6968278a] 199.204.45.235 "GET /v2.0/networks/7a774c76-5041-4ab4-aa60-3fe940d6426c?fields=segments HTTP/1.1" status: 200 len: 212 time: 0.0629976
2026-07-15 23:01:31.521 9 INFO neutron.db.ovn_revision_numbers_db [None req-c2740de3-9fdc-4af1-8deb-8479581be0bc - - - - - -] Successfully bumped revision number for resource fb56792a-97f5-4217-9857-9ce66fb28bb7 (type: ports) to 4
2026-07-15 23:01:31.521 10 INFO neutron.wsgi [req-325561b0-72ff-4535-8300-0510dae0ed4c req-a8db20ee-a129-4a54-9c35-8f574ce4b6e1 020148a245aa457ba8f9ae8eec1f5b74 f4970c914d95420382e7831c1c5a8c46 - - 713730aea4c849d39e19d81e6968278a 713730aea4c849d39e19d81e6968278a] 199.204.45.235 "GET /v2.0/networks/7a774c76-5041-4ab4-aa60-3fe940d6426c?fields=provider%3Aphysical_network&fields=provider%3Anetwork_type HTTP/1.1" status: 200 len: 277 time: 0.0802636
2026-07-15 23:01:31.903 9 INFO neutron.db.ovn_revision_numbers_db [None req-82af98b1-fc5f-4613-8dfa-b393ce4b1d88 15347a2cd9fb413892463cba0acf75e4 3b11b5342cb9458b8a6fe990fe268e21 - - default default] Successfully bumped revision number for resource fb56792a-97f5-4217-9857-9ce66fb28bb7 (type: ports) to 5
2026-07-15 23:01:31.912 9 INFO neutron.wsgi [None req-82af98b1-fc5f-4613-8dfa-b393ce4b1d88 15347a2cd9fb413892463cba0acf75e4 3b11b5342cb9458b8a6fe990fe268e21 - - default default] 199.204.45.235 "PUT /v2.0/ports/fb56792a-97f5-4217-9857-9ce66fb28bb7 HTTP/1.1" status: 200 len: 1378 time: 0.4933114 /var/lib/openstack/lib/python3.10/site-packages/pycadf/identifier.py:71: UserWarning: Invalid uuid: neutron. To ensure interoperability, identifiers should be a valid uuid. warnings.warn(('Invalid uuid: %s. To ensure interoperability, '
2026-07-15 23:01:31.969 9 INFO neutron.wsgi [None req-24ee746b-be38-45e5-83cc-a7ec282f7890 15347a2cd9fb413892463cba0acf75e4 3b11b5342cb9458b8a6fe990fe268e21 - - default default] 199.204.45.235 "GET /v2.0/networks/7a774c76-5041-4ab4-aa60-3fe940d6426c HTTP/1.1" status: 200 len: 998 time: 0.0522697
2026-07-15 23:01:32.007 9 INFO neutron.wsgi [None req-2dcbb60a-1bfc-4825-9794-08603a01341b 15347a2cd9fb413892463cba0acf75e4 3b11b5342cb9458b8a6fe990fe268e21 - - default default] 199.204.45.235 "GET /v2.0/subnets/c5ff9653-90e2-4591-b40b-cc6bec57bfa2 HTTP/1.1" status: 200 len: 849 time: 0.0318923
2026-07-15 23:01:32.073 9 INFO neutron.wsgi [None req-f8904768-3c92-4bdc-aead-b70fbd4db763 15347a2cd9fb413892463cba0acf75e4 3b11b5342cb9458b8a6fe990fe268e21 - - default default] 199.204.45.235 "GET /v2.0/extensions/security-group HTTP/1.1" status: 200 len: 369 time: 0.0063744
2026-07-15 23:01:32.080 9 INFO neutron.wsgi [None req-905f4138-988b-47e6-9737-2a5751ef2b8c 15347a2cd9fb413892463cba0acf75e4 3b11b5342cb9458b8a6fe990fe268e21 - - default default] 199.204.45.235 "GET /v2.0/extensions/dns-integration HTTP/1.1" status: 200 len: 371 time: 0.0048223
2026-07-15 23:01:32.088 9 INFO neutron.wsgi [None req-183216ff-283f-4f51-81df-6af99a9f5bce 15347a2cd9fb413892463cba0acf75e4 3b11b5342cb9458b8a6fe990fe268e21 - - default default] 199.204.45.235 "GET /v2.0/extensions/qos HTTP/1.1" status: 200 len: 365 time: 0.0044458
2026-07-15 23:01:32.096 9 INFO neutron.wsgi [None req-d67beb0a-11c0-4f5c-859d-bf5a2a336c7f 15347a2cd9fb413892463cba0acf75e4 3b11b5342cb9458b8a6fe990fe268e21 - - default default] 199.204.45.235 "GET /v2.0/extensions/allowed-address-pairs HTTP/1.1" status: 200 len: 383 time: 0.0051284
2026-07-15 23:01:32.143 9 INFO neutron.wsgi [None req-de0a7e1a-b29c-4354-9386-e11c071c8bab 15347a2cd9fb413892463cba0acf75e4 3b11b5342cb9458b8a6fe990fe268e21 - - default default] 199.204.45.235 "GET /v2.0/subnets/36a7db66-ebe7-442b-88b3-46ef3b9b7035 HTTP/1.1" status: 200 len: 850 time: 0.0409579
2026-07-15 23:01:32.178 9 INFO neutron.wsgi [None req-df94ae4c-a233-4797-8b99-f3e1808c8491 15347a2cd9fb413892463cba0acf75e4 3b11b5342cb9458b8a6fe990fe268e21 - - default default] 199.204.45.235 "GET /v2.0/ports/cdc38da4-96ff-46bd-acd5-8be75b87db26 HTTP/1.1" status: 200 len: 1340 time: 0.0295765
2026-07-15 23:01:32.217 9 INFO neutron.wsgi [None req-5cd9fa4d-b3f8-422c-9ee9-a1f723cfdedb 15347a2cd9fb413892463cba0acf75e4 3b11b5342cb9458b8a6fe990fe268e21 - - default default] 199.204.45.235 "GET /v2.0/ports/0f997c92-58d4-462e-9e4b-e53682897977 HTTP/1.1" status: 200 len: 1515 time: 0.0323172
2026-07-15 23:01:32.267 9 INFO neutron.wsgi [None req-94f85119-aadc-427e-ab82-22e36d108348 15347a2cd9fb413892463cba0acf75e4 3b11b5342cb9458b8a6fe990fe268e21 - - default default] 199.204.45.235 "GET /v2.0/subnets/36a7db66-ebe7-442b-88b3-46ef3b9b7035 HTTP/1.1" status: 200 len: 850 time: 0.0426118
2026-07-15 23:01:32.332 9 INFO neutron.wsgi [None req-b5602a9b-7604-44c0-8730-5c27156e40ed 15347a2cd9fb413892463cba0acf75e4 3b11b5342cb9458b8a6fe990fe268e21 - - default default] 199.204.45.235 "GET /v2.0/networks/62ccd2fe-d2b6-4800-85d1-58f525e4920a HTTP/1.1" status: 200 len: 1002 time: 0.0590425
2026-07-15 23:01:32.364 9 INFO neutron.wsgi [None req-f2ba0a20-bf3c-43ec-a331-44018cc09653 15347a2cd9fb413892463cba0acf75e4 3b11b5342cb9458b8a6fe990fe268e21 - - default default] 199.204.45.235 "GET /v2.0/ports/cdc38da4-96ff-46bd-acd5-8be75b87db26 HTTP/1.1" status: 200 len: 1340 time: 0.0252128
2026-07-15 23:01:32.401 9 INFO neutron.wsgi [None req-0262a641-3576-43bb-b932-75c4cb16eddb 15347a2cd9fb413892463cba0acf75e4 3b11b5342cb9458b8a6fe990fe268e21 - - default default] 199.204.45.235 "GET /v2.0/subnets/36a7db66-ebe7-442b-88b3-46ef3b9b7035 HTTP/1.1" status: 200 len: 850 time: 0.0309176
2026-07-15 23:01:33.279 9 INFO neutron.notifiers.nova [-] Nova event matching ['req-20318089-da03-4bde-ad96-e88f05835c0a'] response: {'server_uuid': '4b9a6f44-9f2b-43e9-a0d8-8c0131dbcc0f', 'name': 'network-vif-plugged', 'status': 'completed', 'tag': 'fb56792a-97f5-4217-9857-9ce66fb28bb7', 'code': 200}
2026-07-15 23:01:33.280 9 INFO neutron.notifiers.nova [-] Nova event matching ['req-20318089-da03-4bde-ad96-e88f05835c0a'] response: {'name': 'network-changed', 'server_uuid': '4b9a6f44-9f2b-43e9-a0d8-8c0131dbcc0f', 'tag': 'fb56792a-97f5-4217-9857-9ce66fb28bb7', 'status': 'completed', 'code': 200}
2026-07-15 23:01:33.344 10 INFO neutron.wsgi [req-ec6c8f59-a6c1-40c5-935d-36464b4f0273 req-58739662-329d-410c-be04-d8d36bdf1e02 020148a245aa457ba8f9ae8eec1f5b74 f4970c914d95420382e7831c1c5a8c46 - - 713730aea4c849d39e19d81e6968278a 713730aea4c849d39e19d81e6968278a] 199.204.45.235 "GET /v2.0/ports?tenant_id=3b11b5342cb9458b8a6fe990fe268e21&device_id=4b9a6f44-9f2b-43e9-a0d8-8c0131dbcc0f HTTP/1.1" status: 200 len: 3914 time: 0.0405679
2026-07-15 23:01:33.411 10 INFO neutron.wsgi [req-ec6c8f59-a6c1-40c5-935d-36464b4f0273 req-25a0069a-3770-4df0-b27f-0a166b2fad69 020148a245aa457ba8f9ae8eec1f5b74 f4970c914d95420382e7831c1c5a8c46 - - 713730aea4c849d39e19d81e6968278a 713730aea4c849d39e19d81e6968278a] 199.204.45.235 "GET /v2.0/networks?id=7a774c76-5041-4ab4-aa60-3fe940d6426c HTTP/1.1" status: 200 len: 1001 time: 0.0597873
2026-07-15 23:01:33.445 10 INFO neutron.wsgi [req-ec6c8f59-a6c1-40c5-935d-36464b4f0273 req-5268d888-d11b-4b23-ae0a-d1bb1c645003 020148a245aa457ba8f9ae8eec1f5b74 f4970c914d95420382e7831c1c5a8c46 - - 713730aea4c849d39e19d81e6968278a 713730aea4c849d39e19d81e6968278a] 199.204.45.235 "GET /v2.0/floatingips?fixed_ip_address=10.2.1.112&port_id=fb56792a-97f5-4217-9857-9ce66fb28bb7 HTTP/1.1" status: 200 len: 217 time: 0.0270572
2026-07-15 23:01:33.483 10 INFO neutron.wsgi [req-ec6c8f59-a6c1-40c5-935d-36464b4f0273 req-54bbec82-68ac-47b1-8078-8f659f057e43 020148a245aa457ba8f9ae8eec1f5b74 f4970c914d95420382e7831c1c5a8c46 - - 713730aea4c849d39e19d81e6968278a 713730aea4c849d39e19d81e6968278a] 199.204.45.235 "GET /v2.0/subnets?id=c5ff9653-90e2-4591-b40b-cc6bec57bfa2 HTTP/1.1" status: 200 len: 852 time: 0.0324695
2026-07-15 23:01:33.516 10 INFO neutron.wsgi [req-ec6c8f59-a6c1-40c5-935d-36464b4f0273 req-378b29a4-791c-4e8f-b41d-708d09ea0a0d 020148a245aa457ba8f9ae8eec1f5b74 f4970c914d95420382e7831c1c5a8c46 - - 713730aea4c849d39e19d81e6968278a 713730aea4c849d39e19d81e6968278a] 199.204.45.235 "GET /v2.0/ports?network_id=7a774c76-5041-4ab4-aa60-3fe940d6426c&device_owner=network%3Adhcp HTTP/1.1" status: 200 len: 210 time: 0.0254958
2026-07-15 23:01:33.581 10 INFO neutron.wsgi [req-ec6c8f59-a6c1-40c5-935d-36464b4f0273 req-fa9a56db-6194-4259-af79-9d9b4bb62db0 020148a245aa457ba8f9ae8eec1f5b74 f4970c914d95420382e7831c1c5a8c46 - - 713730aea4c849d39e19d81e6968278a 713730aea4c849d39e19d81e6968278a] 199.204.45.235 "GET /v2.0/networks/7a774c76-5041-4ab4-aa60-3fe940d6426c?fields=segments HTTP/1.1" status: 200 len: 212 time: 0.0575943
2026-07-15 23:01:33.643 10 INFO neutron.wsgi [req-ec6c8f59-a6c1-40c5-935d-36464b4f0273 req-f2e164ef-587e-45e1-a942-a2c1231e87c5 020148a245aa457ba8f9ae8eec1f5b74 f4970c914d95420382e7831c1c5a8c46 - - 713730aea4c849d39e19d81e6968278a 713730aea4c849d39e19d81e6968278a] 199.204.45.235 "GET /v2.0/networks/7a774c76-5041-4ab4-aa60-3fe940d6426c?fields=provider%3Aphysical_network&fields=provider%3Anetwork_type HTTP/1.1" status: 200 len: 277 time: 0.0559726
2026-07-15 23:01:36.684 9 INFO neutron.wsgi [-] 10.0.0.25 "GET / HTTP/1.1" status: 200 len: 247 time: 0.0028095
2026-07-15 23:01:36.686 9 INFO neutron.wsgi [-] 10.0.0.25 "GET / HTTP/1.1" status: 200 len: 247 time: 0.0012763
2026-07-15 23:01:38.308 10 INFO neutron.wsgi [None req-093cdf47-96af-4b07-9847-a8157871592f 15347a2cd9fb413892463cba0acf75e4 3b11b5342cb9458b8a6fe990fe268e21 - - default default] 10.0.0.58 "GET /v2.0/extensions/security-group HTTP/1.1" status: 200 len: 369 time: 0.0507927
2026-07-15 23:01:38.318 10 INFO neutron.wsgi [None req-a8dbdc8e-e737-4eb6-a1b7-1700251521ef 15347a2cd9fb413892463cba0acf75e4 3b11b5342cb9458b8a6fe990fe268e21 - - default default] 10.0.0.58 "GET /v2.0/extensions/dns-integration HTTP/1.1" status: 200 len: 371 time: 0.0032308
2026-07-15 23:01:38.327 10 INFO neutron.wsgi [None req-e1444be3-19cb-4be2-8c24-50dda0221d64 15347a2cd9fb413892463cba0acf75e4 3b11b5342cb9458b8a6fe990fe268e21 - - default default] 10.0.0.58 "GET /v2.0/extensions/qos HTTP/1.1" status: 200 len: 365 time: 0.0037539
2026-07-15 23:01:38.337 10 INFO neutron.wsgi [None req-2ced9158-1966-4f8c-b88e-923fa58a39e1 15347a2cd9fb413892463cba0acf75e4 3b11b5342cb9458b8a6fe990fe268e21 - - default default] 10.0.0.58 "GET /v2.0/extensions/allowed-address-pairs HTTP/1.1" status: 200 len: 383 time: 0.0047603
2026-07-15 23:01:38.824 9 INFO neutron.wsgi [-] 10.0.0.58 "GET / HTTP/1.1" status: 200 len: 284 time: 0.0028143
2026-07-15 23:01:38.869 9 INFO neutron.wsgi [None req-b194da85-51e6-450f-87c6-702aa8d299c7 3d3a7022022542b28522a7df1ae6f07a 8ffce727ee354c99ac91b56cd319ff3c - - default default] 10.0.0.58 "GET /v2.0/subnets/d59570df-6f73-4f36-9663-8ff0bd6021e8 HTTP/1.1" status: 200 len: 831 time: 0.0387502
2026-07-15 23:01:39.430 9 INFO neutron.wsgi [None req-1635df8f-5292-4cb1-b206-ef15b68705e5 15347a2cd9fb413892463cba0acf75e4 3b11b5342cb9458b8a6fe990fe268e21 - - default default] 199.204.45.235 "GET /v2.0/extensions/security-group HTTP/1.1" status: 200 len: 369 time: 0.0075054
2026-07-15 23:01:39.439 9 INFO neutron.wsgi [None req-1d9863bd-88d8-4453-a75c-0f2470da7484 15347a2cd9fb413892463cba0acf75e4 3b11b5342cb9458b8a6fe990fe268e21 - - default default] 199.204.45.235 "GET /v2.0/extensions/dns-integration HTTP/1.1" status: 200 len: 371 time: 0.0036256
2026-07-15 23:01:39.446 9 INFO neutron.wsgi [None req-3ae30036-103b-46b1-be58-64236bf0938b 15347a2cd9fb413892463cba0acf75e4 3b11b5342cb9458b8a6fe990fe268e21 - - default default] 199.204.45.235 "GET /v2.0/extensions/qos HTTP/1.1" status: 200 len: 365 time: 0.0040183
2026-07-15 23:01:39.732 9 INFO neutron.wsgi [None req-c371836f-af11-431e-a63e-52b15cf78294 15347a2cd9fb413892463cba0acf75e4 3b11b5342cb9458b8a6fe990fe268e21 - - default default] 199.204.45.235 "GET /v2.0/extensions/allowed-address-pairs HTTP/1.1" status: 200 len: 383 time: 0.2815282
2026-07-15 23:01:39.781 9 INFO neutron.wsgi [None req-01174841-9cb6-4156-a4fd-3f9a7ceade21 15347a2cd9fb413892463cba0acf75e4 3b11b5342cb9458b8a6fe990fe268e21 - - default default] 199.204.45.235 "GET /v2.0/subnets/c5ff9653-90e2-4591-b40b-cc6bec57bfa2 HTTP/1.1" status: 200 len: 849 time: 0.0393517
2026-07-15 23:01:39.817 9 INFO neutron.wsgi [None req-cfdada6a-6abd-46f9-b706-d57bf5bcbf8b 15347a2cd9fb413892463cba0acf75e4 3b11b5342cb9458b8a6fe990fe268e21 - - default default] 199.204.45.235 "GET /v2.0/subnets/d59570df-6f73-4f36-9663-8ff0bd6021e8 HTTP/1.1" status: 200 len: 849 time: 0.0304909
2026-07-15 23:01:39.853 9 INFO neutron.wsgi [None req-6d5ac095-44c0-43be-be52-9653f6a27b5f 15347a2cd9fb413892463cba0acf75e4 3b11b5342cb9458b8a6fe990fe268e21 - - default default] 199.204.45.235 "GET /v2.0/ports?device_id=4b9a6f44-9f2b-43e9-a0d8-8c0131dbcc0f HTTP/1.1" status: 200 len: 3914 time: 0.0306947
2026-07-15 23:01:39.985 9 INFO neutron.wsgi [None req-7d93d59d-ef39-46ff-8520-936a580448dd 15347a2cd9fb413892463cba0acf75e4 3b11b5342cb9458b8a6fe990fe268e21 - - default default] 199.204.45.235 "GET /v2.0/extensions/security-group HTTP/1.1" status: 200 len: 369 time: 0.0098097
2026-07-15 23:01:39.992 9 INFO neutron.wsgi [None req-5377cb94-8afe-42d8-b231-f6f9f9eeebe1 15347a2cd9fb413892463cba0acf75e4 3b11b5342cb9458b8a6fe990fe268e21 - - default default] 199.204.45.235 "GET /v2.0/extensions/dns-integration HTTP/1.1" status: 200 len: 371 time: 0.0032005
2026-07-15 23:01:40.004 9 INFO neutron.wsgi [None req-556c9338-cba8-47cd-a818-976612d01dea 15347a2cd9fb413892463cba0acf75e4 3b11b5342cb9458b8a6fe990fe268e21 - - default default] 199.204.45.235 "GET /v2.0/extensions/qos HTTP/1.1" status: 200 len: 365 time: 0.0066035
2026-07-15 23:01:40.013 9 INFO neutron.wsgi [None req-fa056705-2fce-4474-96d7-24ade489c463 15347a2cd9fb413892463cba0acf75e4 3b11b5342cb9458b8a6fe990fe268e21 - - default default] 199.204.45.235 "GET /v2.0/extensions/allowed-address-pairs HTTP/1.1" status: 200 len: 383 time: 0.0048440
2026-07-15 23:01:40.168 10 INFO neutron.wsgi [req-20820840-11fc-425c-b0c9-d66659003e44 req-5256f490-f5c9-4d1c-91f4-f2a0b9411991 020148a245aa457ba8f9ae8eec1f5b74 f4970c914d95420382e7831c1c5a8c46 - - 713730aea4c849d39e19d81e6968278a 713730aea4c849d39e19d81e6968278a] 199.204.45.235 "GET /v2.0/networks/58c34c5f-500a-492f-a69d-f87768e2f22d?fields=segments HTTP/1.1" status: 200 len: 212 time: 0.0622351
2026-07-15 23:01:40.270 10 INFO neutron.wsgi [req-20820840-11fc-425c-b0c9-d66659003e44 req-020998f5-c80f-4c3b-82a7-524807afeb01 020148a245aa457ba8f9ae8eec1f5b74 f4970c914d95420382e7831c1c5a8c46 - - 713730aea4c849d39e19d81e6968278a 713730aea4c849d39e19d81e6968278a] 199.204.45.235 "GET /v2.0/networks/58c34c5f-500a-492f-a69d-f87768e2f22d?fields=provider%3Aphysical_network&fields=provider%3Anetwork_type HTTP/1.1" status: 200 len: 277 time: 0.0907524
2026-07-15 23:01:40.350 10 INFO neutron.wsgi [req-20820840-11fc-425c-b0c9-d66659003e44 req-348dad3e-5b15-4af4-bfac-8d6a3a3833f3 15347a2cd9fb413892463cba0acf75e4 3b11b5342cb9458b8a6fe990fe268e21 - - default default] 199.204.45.235 "GET /v2.0/networks?id=58c34c5f-500a-492f-a69d-f87768e2f22d HTTP/1.1" status: 200 len: 1003 time: 0.0625448
2026-07-15 23:01:40.632 10 WARNING neutron.scheduler.dhcp_agent_scheduler [req-20820840-11fc-425c-b0c9-d66659003e44 req-1a0d4d58-f746-48f6-ae26-73533c48f6df 15347a2cd9fb413892463cba0acf75e4 3b11b5342cb9458b8a6fe990fe268e21 - - default default] No more DHCP agents
2026-07-15 23:01:40.635 10 WARNING neutron.api.rpc.agentnotifiers.dhcp_rpc_agent_api [req-20820840-11fc-425c-b0c9-d66659003e44 req-1a0d4d58-f746-48f6-ae26-73533c48f6df 15347a2cd9fb413892463cba0acf75e4 3b11b5342cb9458b8a6fe990fe268e21 - - default default] Unable to schedule network 58c34c5f-500a-492f-a69d-f87768e2f22d: no agents available; will retry on subsequent port and subnet creation events.
2026-07-15 23:01:40.793 10 INFO neutron.db.ovn_revision_numbers_db [req-20820840-11fc-425c-b0c9-d66659003e44 req-1a0d4d58-f746-48f6-ae26-73533c48f6df 15347a2cd9fb413892463cba0acf75e4 3b11b5342cb9458b8a6fe990fe268e21 - - default default] Successfully bumped revision number for resource 8b75d265-80c8-492f-874b-be06fd2ba7f4 (type: ports) to 1
2026-07-15 23:01:40.812 10 INFO neutron.wsgi [req-20820840-11fc-425c-b0c9-d66659003e44 req-1a0d4d58-f746-48f6-ae26-73533c48f6df 15347a2cd9fb413892463cba0acf75e4 3b11b5342cb9458b8a6fe990fe268e21 - - default default] 199.204.45.235 "POST /v2.0/ports HTTP/1.1" status: 201 len: 1504 time: 0.4572649 /var/lib/openstack/lib/python3.10/site-packages/pycadf/identifier.py:71: UserWarning: Invalid uuid: neutron. To ensure interoperability, identifiers should be a valid uuid. warnings.warn(('Invalid uuid: %s. To ensure interoperability, '
2026-07-15 23:01:41.288 10 INFO neutron.db.ovn_revision_numbers_db [req-20820840-11fc-425c-b0c9-d66659003e44 req-1fa14a00-1351-4e6d-96dc-836c86e88330 020148a245aa457ba8f9ae8eec1f5b74 f4970c914d95420382e7831c1c5a8c46 - - 713730aea4c849d39e19d81e6968278a 713730aea4c849d39e19d81e6968278a] Successfully bumped revision number for resource 8b75d265-80c8-492f-874b-be06fd2ba7f4 (type: ports) to 2
2026-07-15 23:01:41.503 10 INFO neutron.db.ovn_revision_numbers_db [req-20820840-11fc-425c-b0c9-d66659003e44 req-1fa14a00-1351-4e6d-96dc-836c86e88330 020148a245aa457ba8f9ae8eec1f5b74 f4970c914d95420382e7831c1c5a8c46 - - 713730aea4c849d39e19d81e6968278a 713730aea4c849d39e19d81e6968278a] Successfully bumped revision number for resource 8b75d265-80c8-492f-874b-be06fd2ba7f4 (type: ports) to 2
2026-07-15 23:01:41.522 10 INFO neutron.wsgi [req-20820840-11fc-425c-b0c9-d66659003e44 req-1fa14a00-1351-4e6d-96dc-836c86e88330 020148a245aa457ba8f9ae8eec1f5b74 f4970c914d95420382e7831c1c5a8c46 - - 713730aea4c849d39e19d81e6968278a 713730aea4c849d39e19d81e6968278a] 199.204.45.235 "PUT /v2.0/ports/8b75d265-80c8-492f-874b-be06fd2ba7f4 HTTP/1.1" status: 200 len: 1601 time: 0.7021153
2026-07-15 23:01:41.558 10 INFO neutron.notifiers.nova [-] Nova event matching ['req-095c6118-6b89-4139-b38f-b38c0f461136'] response: {'name': 'network-changed', 'server_uuid': '4b9a6f44-9f2b-43e9-a0d8-8c0131dbcc0f', 'tag': '8b75d265-80c8-492f-874b-be06fd2ba7f4', 'status': 'completed', 'code': 200} /var/lib/openstack/lib/python3.10/site-packages/pycadf/identifier.py:71: UserWarning: Invalid uuid: neutron. To ensure interoperability, identifiers should be a valid uuid. warnings.warn(('Invalid uuid: %s. To ensure interoperability, '
2026-07-15 23:01:41.622 10 INFO neutron.wsgi [req-20820840-11fc-425c-b0c9-d66659003e44 req-49999a26-34c8-4e89-b4e4-927a4cabbf31 020148a245aa457ba8f9ae8eec1f5b74 f4970c914d95420382e7831c1c5a8c46 - - 713730aea4c849d39e19d81e6968278a 713730aea4c849d39e19d81e6968278a] 199.204.45.235 "GET /v2.0/ports?tenant_id=3b11b5342cb9458b8a6fe990fe268e21&device_id=4b9a6f44-9f2b-43e9-a0d8-8c0131dbcc0f HTTP/1.1" status: 200 len: 5335 time: 0.0582390
2026-07-15 23:01:41.663 10 INFO neutron.wsgi [req-20820840-11fc-425c-b0c9-d66659003e44 req-5135b0e5-5021-437a-a264-d33bddf9d8fe 020148a245aa457ba8f9ae8eec1f5b74 f4970c914d95420382e7831c1c5a8c46 - - 713730aea4c849d39e19d81e6968278a 713730aea4c849d39e19d81e6968278a] 199.204.45.235 "GET /v2.0/floatingips?fixed_ip_address=172.24.0.8&port_id=5efa58f2-b463-4169-a44d-a90a6fb772f3 HTTP/1.1" status: 200 len: 217 time: 0.0311975
