2026-07-15 22:58:42.324 9 INFO neutron.wsgi [None req-fdbf7b78-9a27-4b09-859b-ce7e3d991e56 b2133b7b60684f678edb3964e0c734db 293f4d62faca4c0abfb8ee473b019187 - - default default] 10.0.0.216 "DELETE /v2.0/floatingips/8d057d3a-65d3-4d28-8a4d-4dc64d3c1083 HTTP/1.1" status: 204 len: 168 time: 0.3349178
2026-07-15 22:58:42.557 9 INFO neutron.plugins.ml2.drivers.ovn.mech_driver.mech_driver [None req-c2740de3-9fdc-4af1-8deb-8479581be0bc - - - - - -] OVN reports status down for port: b6bf009d-e8ba-4dd8-a3b8-2c471025cf32
2026-07-15 22:58:42.654 9 INFO neutron.wsgi [req-647aea28-b6ce-42a1-8464-dc453c6e9e28 req-217a6097-3ce9-459f-95f4-05e52082c6b3 b2133b7b60684f678edb3964e0c734db 293f4d62faca4c0abfb8ee473b019187 - - default default] 10.0.0.199 "GET /v2.0/ports?device_id=09beeafb-3088-4a5f-ad15-cbc66b520011 HTTP/1.1" status: 200 len: 1170 time: 0.1449370
2026-07-15 22:58:42.769 9 INFO neutron.wsgi [req-647aea28-b6ce-42a1-8464-dc453c6e9e28 req-a8fde58b-b893-41fa-b416-c169de47378c b2133b7b60684f678edb3964e0c734db 293f4d62faca4c0abfb8ee473b019187 - - default default] 10.0.0.199 "GET /v2.0/security-groups?id=7724859e-c359-43d5-ada6-24998b5e0199&fields=id&fields=name HTTP/1.1" status: 200 len: 312 time: 0.1045218
2026-07-15 22:58:42.863 10 INFO neutron.wsgi [req-76f03815-b5ce-4f28-b996-248d5bfa7e09 req-f1af960b-7b38-4faf-b120-a3bffa0afad9 b2133b7b60684f678edb3964e0c734db 293f4d62faca4c0abfb8ee473b019187 - - default default] 199.204.45.235 "GET /v2.0/ports?device_id=09beeafb-3088-4a5f-ad15-cbc66b520011 HTTP/1.1" status: 200 len: 1168 time: 0.0404711
2026-07-15 22:58:43.042 9 INFO neutron.db.ovn_revision_numbers_db [None req-c2740de3-9fdc-4af1-8deb-8479581be0bc - - - - - -] Successfully bumped revision number for resource b6bf009d-e8ba-4dd8-a3b8-2c471025cf32 (type: ports) to 5
2026-07-15 22:58:43.136 10 INFO neutron.wsgi [req-76f03815-b5ce-4f28-b996-248d5bfa7e09 req-8e7495bd-8f9c-47cd-bfb4-1273de7ac3b1 b2133b7b60684f678edb3964e0c734db 293f4d62faca4c0abfb8ee473b019187 - - default default] 199.204.45.235 "DELETE /v2.0/ports/b6bf009d-e8ba-4dd8-a3b8-2c471025cf32 HTTP/1.1" status: 204 len: 173 time: 0.2676017
2026-07-15 22:58:43.588 10 INFO neutron.notifiers.nova [-] Nova event matching ['req-bd399299-fd9a-477a-ac64-b33da41b7675'] response: {'server_uuid': '09beeafb-3088-4a5f-ad15-cbc66b520011', 'name': 'network-vif-deleted', 'tag': 'b6bf009d-e8ba-4dd8-a3b8-2c471025cf32', 'status': 'completed', 'code': 200}
2026-07-15 22:58:43.739 9 INFO neutron.notifiers.nova [-] Nova event matching ['req-0fc14b41-eade-4e1b-9dfa-5b892b23b9dd'] response: {'server_uuid': '09beeafb-3088-4a5f-ad15-cbc66b520011', 'name': 'network-vif-unplugged', 'status': 'completed', 'tag': 'b6bf009d-e8ba-4dd8-a3b8-2c471025cf32', 'code': 200}
2026-07-15 22:58:43.739 9 INFO neutron.notifiers.nova [-] Nova event matching ['req-0fc14b41-eade-4e1b-9dfa-5b892b23b9dd'] response: {'server_uuid': '09beeafb-3088-4a5f-ad15-cbc66b520011', 'name': 'network-vif-plugged', 'status': 'completed', 'tag': 'b6bf009d-e8ba-4dd8-a3b8-2c471025cf32', 'code': 200}
2026-07-15 22:58:43.789 9 INFO neutron.wsgi [None req-f58a5ed3-6f47-4743-bb3a-b49a53a770d6 15347a2cd9fb413892463cba0acf75e4 3b11b5342cb9458b8a6fe990fe268e21 - - default default] 10.0.0.216 "PUT /v2.0/routers/32d2bd01-aa85-4d91-a4a7-4bcf0b31542f/remove_router_interface HTTP/1.1" status: 200 len: 503 time: 1.3050311 /var/lib/openstack/lib/python3.10/site-packages/pycadf/identifier.py:71: UserWarning: Invalid uuid: neutron. To ensure interoperability, identifiers should be a valid uuid. warnings.warn(('Invalid uuid: %s. To ensure interoperability, '
2026-07-15 22:58:43.956 10 INFO neutron.wsgi [None req-2e44d581-4ff3-41f0-8261-e3c66b13042a b2133b7b60684f678edb3964e0c734db 293f4d62faca4c0abfb8ee473b019187 - - default default] 10.0.0.216 "DELETE /v2.0/security-groups/7724859e-c359-43d5-ada6-24998b5e0199 HTTP/1.1" status: 204 len: 168 time: 0.1257927
2026-07-15 22:58:44.629 9 INFO neutron.wsgi [None req-628256de-01fa-43df-9a00-85e89ded844e 15347a2cd9fb413892463cba0acf75e4 3b11b5342cb9458b8a6fe990fe268e21 - - default default] 10.0.0.216 "DELETE /v2.0/routers/32d2bd01-aa85-4d91-a4a7-4bcf0b31542f HTTP/1.1" status: 204 len: 168 time: 0.8336968
2026-07-15 22:58:44.844 10 INFO neutron.wsgi [None req-3c60ebb7-ff6b-436c-a9c8-2d308c16eaaa b2133b7b60684f678edb3964e0c734db 293f4d62faca4c0abfb8ee473b019187 - - default default] 10.0.0.216 "PUT /v2.0/routers/6c420860-b80e-43d8-924a-04e64f1869fa/remove_router_interface HTTP/1.1" status: 200 len: 503 time: 0.8510585 /var/lib/openstack/lib/python3.10/site-packages/pycadf/identifier.py:71: UserWarning: Invalid uuid: neutron. To ensure interoperability, identifiers should be a valid uuid. warnings.warn(('Invalid uuid: %s. To ensure interoperability, '
2026-07-15 22:58:44.862 9 INFO neutron.wsgi [None req-1b65b75c-ec1a-42fd-9db1-c8f9d38f9040 15347a2cd9fb413892463cba0acf75e4 3b11b5342cb9458b8a6fe990fe268e21 - - default default] 10.0.0.216 "DELETE /v2.0/subnets/49525ddc-24b7-407d-aa46-aecd04f1f844 HTTP/1.1" status: 204 len: 168 time: 0.2271957
2026-07-15 22:58:45.076 10 INFO neutron.wsgi [None req-eb10c618-db77-46eb-9f58-41de44f8aaef b2133b7b60684f678edb3964e0c734db 293f4d62faca4c0abfb8ee473b019187 - - default default] 10.0.0.216 "DELETE /v2.0/subnets/2b4d3e08-92c2-472d-a2ee-5d4d1793b50e HTTP/1.1" status: 204 len: 168 time: 0.2242031
2026-07-15 22:58:45.211 9 INFO neutron.services.segments.plugin [-] Segment 75707175-706f-4bde-8efb-a754c34d1af1 resource provider aggregate not found
2026-07-15 22:58:45.221 9 INFO neutron.services.segments.plugin [-] Segment 75707175-706f-4bde-8efb-a754c34d1af1 resource provider aggregate not found
2026-07-15 22:58:45.243 9 INFO neutron.services.segments.plugin [-] Segment 75707175-706f-4bde-8efb-a754c34d1af1 resource provider not found; error: Placement Client Error (4xx): {"errors": [{"status": 404, "title": "Not Found", "detail": "The resource could not be found.\n\n No resource provider with uuid 75707175-706f-4bde-8efb-a754c34d1af1 found for delete ", "request_id": "req-ff03af01-6f40-433f-90fb-ff557b5d9639"}]}
2026-07-15 22:58:45.246 9 INFO neutron.services.segments.plugin [-] Segment 75707175-706f-4bde-8efb-a754c34d1af1 resource provider not found; error: Placement Client Error (4xx): {"errors": [{"status": 404, "title": "Not Found", "detail": "The resource could not be found.\n\n No resource provider with uuid 75707175-706f-4bde-8efb-a754c34d1af1 found for delete ", "request_id": "req-5bffc6f4-9b61-4fbd-be1e-5a46a2375ebc"}]}
2026-07-15 22:58:45.263 9 INFO neutron.wsgi [None req-f09e969f-01c9-4b1d-84cf-2e4fb4480314 15347a2cd9fb413892463cba0acf75e4 3b11b5342cb9458b8a6fe990fe268e21 - - default default] 10.0.0.216 "DELETE /v2.0/networks/aae327ab-f240-4693-9052-0f9b1de8f953 HTTP/1.1" status: 204 len: 168 time: 0.3957925
2026-07-15 22:58:45.482 9 INFO neutron.wsgi [None req-c75058a9-3e8c-49e3-89dd-6417f1db2371 15347a2cd9fb413892463cba0acf75e4 3b11b5342cb9458b8a6fe990fe268e21 - - default default] 10.0.0.216 "GET /v2.0/security-groups?tenant_id=7791ba0412aa49369c7c53905b951581&name=default HTTP/1.1" status: 200 len: 2996 time: 0.0370674
2026-07-15 22:58:45.678 9 INFO neutron.wsgi [None req-5d5a18b2-8e5d-49c8-90c0-5cd7f336567d 15347a2cd9fb413892463cba0acf75e4 3b11b5342cb9458b8a6fe990fe268e21 - - default default] 10.0.0.216 "DELETE /v2.0/security-groups/b10ab56e-1ca6-4cab-9b2b-91e20880b4b0 HTTP/1.1" status: 204 len: 168 time: 0.1904202
2026-07-15 22:58:45.713 10 INFO neutron.wsgi [None req-bcf4bfa7-86bf-4757-9717-a526d2fbf332 b2133b7b60684f678edb3964e0c734db 293f4d62faca4c0abfb8ee473b019187 - - default default] 10.0.0.216 "DELETE /v2.0/routers/6c420860-b80e-43d8-924a-04e64f1869fa HTTP/1.1" status: 204 len: 168 time: 0.6303759
2026-07-15 22:58:46.076 10 INFO neutron.services.segments.plugin [-] Segment 9405b5c9-f934-4af0-8983-8ed6c27d3365 resource provider aggregate not found
2026-07-15 22:58:46.080 10 INFO neutron.services.segments.plugin [-] Segment 9405b5c9-f934-4af0-8983-8ed6c27d3365 resource provider aggregate not found
2026-07-15 22:58:46.101 10 INFO neutron.services.segments.plugin [-] Segment 9405b5c9-f934-4af0-8983-8ed6c27d3365 resource provider not found; error: Placement Client Error (4xx): {"errors": [{"status": 404, "title": "Not Found", "detail": "The resource could not be found.\n\n No resource provider with uuid 9405b5c9-f934-4af0-8983-8ed6c27d3365 found for delete ", "request_id": "req-4a86de9d-f402-4c2f-b5d0-59fa7390a377"}]}
2026-07-15 22:58:46.105 10 INFO neutron.services.segments.plugin [-] Segment 9405b5c9-f934-4af0-8983-8ed6c27d3365 resource provider not found; error: Placement Client Error (4xx): {"errors": [{"status": 404, "title": "Not Found", "detail": "The resource could not be found.\n\n No resource provider with uuid 9405b5c9-f934-4af0-8983-8ed6c27d3365 found for delete ", "request_id": "req-09995b23-8358-401c-9898-0b342b48b0f8"}]}
2026-07-15 22:58:46.121 10 INFO neutron.wsgi [None req-7ef1d98b-279b-4598-987b-1036c78de0bd b2133b7b60684f678edb3964e0c734db 293f4d62faca4c0abfb8ee473b019187 - - default default] 10.0.0.216 "DELETE /v2.0/networks/749d199a-4959-4c78-813c-7f68d1bdc4f1 HTTP/1.1" status: 204 len: 168 time: 0.4042172
2026-07-15 22:58:47.041 10 INFO neutron.wsgi [None req-79f545e0-19ea-4961-a63a-4ea94382572e 15347a2cd9fb413892463cba0acf75e4 3b11b5342cb9458b8a6fe990fe268e21 - - default default] 10.0.0.216 "GET /v2.0/security-groups?tenant_id=293f4d62faca4c0abfb8ee473b019187&name=default HTTP/1.1" status: 200 len: 2996 time: 0.2070916
2026-07-15 22:58:47.235 10 INFO neutron.wsgi [None req-b090526d-7067-4a99-85f8-0b9750c44f3f 15347a2cd9fb413892463cba0acf75e4 3b11b5342cb9458b8a6fe990fe268e21 - - default default] 10.0.0.216 "DELETE /v2.0/security-groups/7383448f-1743-4206-bb37-8faa1b05d936 HTTP/1.1" status: 204 len: 168 time: 0.1877999
2026-07-15 22:58:47.492 9 INFO neutron.db.ovn_revision_numbers_db [None req-fe9b6070-fad9-47ba-8692-94ee4153964b 15347a2cd9fb413892463cba0acf75e4 3b11b5342cb9458b8a6fe990fe268e21 - - default default] Successfully bumped revision number for resource 3e3160ff-e938-4386-af37-afeb5d437c8a (type: security_groups) to 1
2026-07-15 22:58:47.503 9 INFO neutron.db.ovn_revision_numbers_db [None req-fe9b6070-fad9-47ba-8692-94ee4153964b 15347a2cd9fb413892463cba0acf75e4 3b11b5342cb9458b8a6fe990fe268e21 - - default default] Successfully bumped revision number for resource 024d890e-99a8-42e7-8bc6-f5bb64546a41 (type: security_group_rules) to 0
2026-07-15 22:58:47.520 9 INFO neutron.db.ovn_revision_numbers_db [None req-fe9b6070-fad9-47ba-8692-94ee4153964b 15347a2cd9fb413892463cba0acf75e4 3b11b5342cb9458b8a6fe990fe268e21 - - default default] Successfully bumped revision number for resource 3cbc75e9-42c7-4cab-9a19-1a986f22b246 (type: security_group_rules) to 0
2026-07-15 22:58:47.537 9 INFO neutron.db.ovn_revision_numbers_db [None req-fe9b6070-fad9-47ba-8692-94ee4153964b 15347a2cd9fb413892463cba0acf75e4 3b11b5342cb9458b8a6fe990fe268e21 - - default default] Successfully bumped revision number for resource 5f731ccc-8cc1-490b-ab95-b3926a813398 (type: security_group_rules) to 0
2026-07-15 22:58:47.555 9 INFO neutron.db.ovn_revision_numbers_db [None req-fe9b6070-fad9-47ba-8692-94ee4153964b 15347a2cd9fb413892463cba0acf75e4 3b11b5342cb9458b8a6fe990fe268e21 - - default default] Successfully bumped revision number for resource 8debe127-57a8-4d52-8aa2-965d4205b839 (type: security_group_rules) to 0
2026-07-15 22:58:47.585 9 INFO neutron.wsgi [None req-fe9b6070-fad9-47ba-8692-94ee4153964b 15347a2cd9fb413892463cba0acf75e4 3b11b5342cb9458b8a6fe990fe268e21 - - default default] 10.0.0.216 "GET /v2.0/security-groups?tenant_id=93e77344d2364f78bbe2033fbf36c588&name=default HTTP/1.1" status: 200 len: 2996 time: 0.1853313
2026-07-15 22:58:47.787 9 INFO neutron.wsgi [None req-fba1d9d2-c64e-4ea4-a57b-c4c03021be2c 15347a2cd9fb413892463cba0acf75e4 3b11b5342cb9458b8a6fe990fe268e21 - - default default] 10.0.0.216 "DELETE /v2.0/security-groups/3e3160ff-e938-4386-af37-afeb5d437c8a HTTP/1.1" status: 204 len: 168 time: 0.1930363
2026-07-15 22:58:47.797 10 INFO neutron.db.ovn_revision_numbers_db [None req-a861d132-ad10-43a6-805b-8c46d06c635d 15347a2cd9fb413892463cba0acf75e4 3b11b5342cb9458b8a6fe990fe268e21 - - default default] Successfully bumped revision number for resource 75c764d6-df36-471a-b7b8-ffa10cc91156 (type: security_groups) to 1
2026-07-15 22:58:47.811 10 INFO neutron.db.ovn_revision_numbers_db [None req-a861d132-ad10-43a6-805b-8c46d06c635d 15347a2cd9fb413892463cba0acf75e4 3b11b5342cb9458b8a6fe990fe268e21 - - default default] Successfully bumped revision number for resource 1927d862-ee64-425f-9020-3ff41d141ddf (type: security_group_rules) to 0
2026-07-15 22:58:47.825 10 INFO neutron.db.ovn_revision_numbers_db [None req-a861d132-ad10-43a6-805b-8c46d06c635d 15347a2cd9fb413892463cba0acf75e4 3b11b5342cb9458b8a6fe990fe268e21 - - default default] Successfully bumped revision number for resource 7937d337-f629-44ca-b5f0-35c408f4a588 (type: security_group_rules) to 0
2026-07-15 22:58:47.840 10 INFO neutron.db.ovn_revision_numbers_db [None req-a861d132-ad10-43a6-805b-8c46d06c635d 15347a2cd9fb413892463cba0acf75e4 3b11b5342cb9458b8a6fe990fe268e21 - - default default] Successfully bumped revision number for resource 9f948b3e-ce3a-49b7-a9b3-e0125429a839 (type: security_group_rules) to 0
2026-07-15 22:58:47.854 10 INFO neutron.db.ovn_revision_numbers_db [None req-a861d132-ad10-43a6-805b-8c46d06c635d 15347a2cd9fb413892463cba0acf75e4 3b11b5342cb9458b8a6fe990fe268e21 - - default default] Successfully bumped revision number for resource fd1f77fd-d5e6-4dc5-8992-4ace8e56c787 (type: security_group_rules) to 0
2026-07-15 22:58:47.913 10 INFO neutron.db.segments_db [None req-a861d132-ad10-43a6-805b-8c46d06c635d 15347a2cd9fb413892463cba0acf75e4 3b11b5342cb9458b8a6fe990fe268e21 - - default default] Added segment 5fa23775-4b34-4311-8bf4-916877b73d30 of type geneve for network 35f286f8-c47e-4f43-b4a7-e642bf35bb7c
2026-07-15 22:58:48.076 10 INFO neutron.db.ovn_revision_numbers_db [None req-a861d132-ad10-43a6-805b-8c46d06c635d 15347a2cd9fb413892463cba0acf75e4 3b11b5342cb9458b8a6fe990fe268e21 - - default default] Successfully bumped revision number for resource 35f286f8-c47e-4f43-b4a7-e642bf35bb7c (type: networks) to 1
2026-07-15 22:58:48.294 10 WARNING neutron.scheduler.dhcp_agent_scheduler [None req-a861d132-ad10-43a6-805b-8c46d06c635d 15347a2cd9fb413892463cba0acf75e4 3b11b5342cb9458b8a6fe990fe268e21 - - default default] No more DHCP agents
2026-07-15 22:58:48.295 10 WARNING neutron.api.rpc.agentnotifiers.dhcp_rpc_agent_api [None req-a861d132-ad10-43a6-805b-8c46d06c635d 15347a2cd9fb413892463cba0acf75e4 3b11b5342cb9458b8a6fe990fe268e21 - - default default] Unable to schedule network 35f286f8-c47e-4f43-b4a7-e642bf35bb7c: no agents available; will retry on subsequent port and subnet creation events.
2026-07-15 22:58:48.389 10 INFO neutron.db.ovn_revision_numbers_db [None req-a861d132-ad10-43a6-805b-8c46d06c635d 15347a2cd9fb413892463cba0acf75e4 3b11b5342cb9458b8a6fe990fe268e21 - - default default] Successfully bumped revision number for resource a66a2f1a-99e3-4cc1-a767-2a882629fc65 (type: ports) to 1
2026-07-15 22:58:48.406 10 INFO neutron.wsgi [None req-a861d132-ad10-43a6-805b-8c46d06c635d 15347a2cd9fb413892463cba0acf75e4 3b11b5342cb9458b8a6fe990fe268e21 - - default default] 10.0.0.216 "POST /v2.0/networks HTTP/1.1" status: 201 len: 943 time: 0.8738301
2026-07-15 22:58:48.551 10 WARNING neutron.scheduler.dhcp_agent_scheduler [None req-d0e3253f-3c92-4bf6-88e9-dd6d2fdf319e 15347a2cd9fb413892463cba0acf75e4 3b11b5342cb9458b8a6fe990fe268e21 - - default default] No more DHCP agents
2026-07-15 22:58:48.553 10 WARNING neutron.api.rpc.agentnotifiers.dhcp_rpc_agent_api [None req-d0e3253f-3c92-4bf6-88e9-dd6d2fdf319e 15347a2cd9fb413892463cba0acf75e4 3b11b5342cb9458b8a6fe990fe268e21 - - default default] Unable to schedule network 35f286f8-c47e-4f43-b4a7-e642bf35bb7c: no agents available; will retry on subsequent port and subnet creation events.
2026-07-15 22:58:49.272 10 INFO neutron.db.ovn_revision_numbers_db [None req-d0e3253f-3c92-4bf6-88e9-dd6d2fdf319e 15347a2cd9fb413892463cba0acf75e4 3b11b5342cb9458b8a6fe990fe268e21 - - default default] Successfully bumped revision number for resource a66a2f1a-99e3-4cc1-a767-2a882629fc65 (type: ports) to 2
2026-07-15 22:58:49.326 10 INFO neutron.db.ovn_revision_numbers_db [None req-d0e3253f-3c92-4bf6-88e9-dd6d2fdf319e 15347a2cd9fb413892463cba0acf75e4 3b11b5342cb9458b8a6fe990fe268e21 - - default default] Successfully bumped revision number for resource 556348d2-a0e3-4d37-927c-6a28217d9835 (type: subnets) to 0
2026-07-15 22:58:49.359 10 INFO neutron.wsgi [None req-d0e3253f-3c92-4bf6-88e9-dd6d2fdf319e 15347a2cd9fb413892463cba0acf75e4 3b11b5342cb9458b8a6fe990fe268e21 - - default default] 10.0.0.216 "POST /v2.0/subnets HTTP/1.1" status: 201 len: 863 time: 0.9451933
2026-07-15 22:58:49.802 10 WARNING neutron.scheduler.dhcp_agent_scheduler [None req-52a0bf69-020d-4ab8-9d56-e9422ae17bcc 15347a2cd9fb413892463cba0acf75e4 3b11b5342cb9458b8a6fe990fe268e21 - - default default] No more DHCP agents
2026-07-15 22:58:49.805 10 WARNING neutron.api.rpc.agentnotifiers.dhcp_rpc_agent_api [None req-52a0bf69-020d-4ab8-9d56-e9422ae17bcc 15347a2cd9fb413892463cba0acf75e4 3b11b5342cb9458b8a6fe990fe268e21 - - default default] Unable to schedule network 01918310-5a49-4c66-9985-8f31d597a661: no agents available; will retry on subsequent port and subnet creation events.
2026-07-15 22:58:49.986 10 INFO neutron.db.ovn_revision_numbers_db [None req-52a0bf69-020d-4ab8-9d56-e9422ae17bcc 15347a2cd9fb413892463cba0acf75e4 3b11b5342cb9458b8a6fe990fe268e21 - - default default] Successfully bumped revision number for resource d0c0f294-471b-44ef-b8e1-d4b8d6dc72ff (type: ports) to 1
2026-07-15 22:58:50.594 9 INFO neutron.plugins.ml2.drivers.ovn.mech_driver.mech_driver [None req-c2740de3-9fdc-4af1-8deb-8479581be0bc - - - - - -] OVN reports status up for port: d0c0f294-471b-44ef-b8e1-d4b8d6dc72ff
2026-07-15 22:58:50.609 10 INFO neutron.plugins.ml2.drivers.ovn.mech_driver.ovsdb.ovsdb_monitor [None req-6f53d01f-47f8-431f-8151-91ad584aebdf - - - - - -] Router e795f4b7-8b9f-4ced-97f4-bee12e6a0eb3 is bound to host instance
2026-07-15 22:58:50.614 9 INFO neutron.plugins.ml2.plugin [None req-c2740de3-9fdc-4af1-8deb-8479581be0bc - - - - - -] Attempt 1 to provision port d0c0f294-471b-44ef-b8e1-d4b8d6dc72ff
2026-07-15 22:58:50.632 10 INFO neutron.db.ovn_revision_numbers_db [None req-52a0bf69-020d-4ab8-9d56-e9422ae17bcc 15347a2cd9fb413892463cba0acf75e4 3b11b5342cb9458b8a6fe990fe268e21 - - default default] Successfully bumped revision number for resource d0c0f294-471b-44ef-b8e1-d4b8d6dc72ff (type: router_ports) to 1
2026-07-15 22:58:50.726 10 INFO neutron.db.ovn_revision_numbers_db [None req-52a0bf69-020d-4ab8-9d56-e9422ae17bcc 15347a2cd9fb413892463cba0acf75e4 3b11b5342cb9458b8a6fe990fe268e21 - - default default] Successfully bumped revision number for resource e795f4b7-8b9f-4ced-97f4-bee12e6a0eb3 (type: routers) to 2
2026-07-15 22:58:50.744 10 INFO neutron.wsgi [None req-52a0bf69-020d-4ab8-9d56-e9422ae17bcc 15347a2cd9fb413892463cba0acf75e4 3b11b5342cb9458b8a6fe990fe268e21 - - default default] 10.0.0.216 "POST /v2.0/routers HTTP/1.1" status: 201 len: 874 time: 1.3774753
2026-07-15 22:58:51.159 10 INFO neutron.db.ovn_revision_numbers_db [None req-6f53d01f-47f8-431f-8151-91ad584aebdf - - - - - -] Successfully bumped revision number for resource d0c0f294-471b-44ef-b8e1-d4b8d6dc72ff (type: ports) to 1
2026-07-15 22:58:51.225 9 WARNING neutron.scheduler.dhcp_agent_scheduler [None req-33a4bdc4-1aaa-4d1f-8a2e-500943a476eb 15347a2cd9fb413892463cba0acf75e4 3b11b5342cb9458b8a6fe990fe268e21 - - default default] No more DHCP agents
2026-07-15 22:58:51.229 9 WARNING neutron.api.rpc.agentnotifiers.dhcp_rpc_agent_api [None req-33a4bdc4-1aaa-4d1f-8a2e-500943a476eb 15347a2cd9fb413892463cba0acf75e4 3b11b5342cb9458b8a6fe990fe268e21 - - default default] Unable to schedule network 35f286f8-c47e-4f43-b4a7-e642bf35bb7c: no agents available; will retry on subsequent port and subnet creation events.
2026-07-15 22:58:51.346 9 INFO neutron.db.ovn_revision_numbers_db [None req-c361b102-6a5b-4ba8-a499-c89a57e83144 3f86dec646a34a8fa9dab9956819d41c 8b0290355b5949359647cfbcf8f29aaf - - default default] Successfully bumped revision number for resource 9f7e1b77-faf9-4476-975c-1d6779f83919 (type: routers) to 1
2026-07-15 22:58:51.361 9 INFO neutron.wsgi [None req-c361b102-6a5b-4ba8-a499-c89a57e83144 3f86dec646a34a8fa9dab9956819d41c 8b0290355b5949359647cfbcf8f29aaf - - default default] 10.0.0.216 "POST /v2.0/routers HTTP/1.1" status: 201 len: 654 time: 0.4128156
2026-07-15 22:58:51.448 9 INFO neutron.wsgi [None req-d39d95a3-6be3-4ece-b862-bdebcb348fa6 3f86dec646a34a8fa9dab9956819d41c 8b0290355b5949359647cfbcf8f29aaf - - default default] 10.0.0.216 "PUT /v2.0/routers/9f7e1b77-faf9-4476-975c-1d6779f83919/tags HTTP/1.1" status: 200 len: 218 time: 0.0786798
2026-07-15 22:58:51.489 9 INFO neutron.db.ovn_revision_numbers_db [None req-33a4bdc4-1aaa-4d1f-8a2e-500943a476eb 15347a2cd9fb413892463cba0acf75e4 3b11b5342cb9458b8a6fe990fe268e21 - - default default] Successfully bumped revision number for resource 537fb0f2-e3b5-4ab5-8d28-2a9e1832bfc3 (type: ports) to 1
2026-07-15 22:58:51.504 10 INFO neutron.db.ovn_revision_numbers_db [None req-6f53d01f-47f8-431f-8151-91ad584aebdf - - - - - -] Successfully bumped revision number for resource d0c0f294-471b-44ef-b8e1-d4b8d6dc72ff (type: router_ports) to 3
2026-07-15 22:58:51.508 10 INFO neutron.wsgi [None req-222dc134-5ee4-4068-a232-6dcc7fae0e63 3f86dec646a34a8fa9dab9956819d41c 8b0290355b5949359647cfbcf8f29aaf - - default default] 10.0.0.216 "GET /v2.0/routers/9f7e1b77-faf9-4476-975c-1d6779f83919/tags HTTP/1.1" status: 200 len: 218 time: 0.0522587
2026-07-15 22:58:51.682 9 INFO neutron.wsgi [-] 10.0.0.25 "GET / HTTP/1.1" status: 200 len: 247 time: 0.0013731
2026-07-15 22:58:51.684 9 INFO neutron.wsgi [-] 10.0.0.25 "GET / HTTP/1.1" status: 200 len: 247 time: 0.0010555
2026-07-15 22:58:51.953 10 INFO neutron.plugins.ml2.drivers.ovn.mech_driver.mech_driver [None req-cd3b2352-ef9d-4b0d-b87f-52edbcc52025 - - - - - -] OVN reports status up for port: 537fb0f2-e3b5-4ab5-8d28-2a9e1832bfc3
2026-07-15 22:58:51.955 9 INFO neutron.db.ovn_revision_numbers_db [None req-33a4bdc4-1aaa-4d1f-8a2e-500943a476eb 15347a2cd9fb413892463cba0acf75e4 3b11b5342cb9458b8a6fe990fe268e21 - - default default] Successfully bumped revision number for resource 537fb0f2-e3b5-4ab5-8d28-2a9e1832bfc3 (type: router_ports) to 1
2026-07-15 22:58:51.971 10 INFO neutron.plugins.ml2.plugin [None req-cd3b2352-ef9d-4b0d-b87f-52edbcc52025 - - - - - -] Attempt 1 to provision port 537fb0f2-e3b5-4ab5-8d28-2a9e1832bfc3
2026-07-15 22:58:51.976 10 INFO neutron.wsgi [None req-4da70ad2-2aba-45e5-8c1f-15cca7cf6bc9 3f86dec646a34a8fa9dab9956819d41c 8b0290355b5949359647cfbcf8f29aaf - - default default] 10.0.0.216 "PUT /v2.0/routers/9f7e1b77-faf9-4476-975c-1d6779f83919/tags/green HTTP/1.1" status: 201 len: 201 time: 0.4599812
2026-07-15 22:58:52.057 9 INFO neutron.wsgi [None req-48d724e2-b1c4-4720-ba19-97bc6f034271 3f86dec646a34a8fa9dab9956819d41c 8b0290355b5949359647cfbcf8f29aaf - - default default] 10.0.0.216 "GET /v2.0/routers/9f7e1b77-faf9-4476-975c-1d6779f83919/tags HTTP/1.1" status: 200 len: 227 time: 0.0751312
2026-07-15 22:58:52.115 9 INFO neutron.wsgi [None req-cba6ee32-a0c1-45e2-aa2c-cdf4213269d9 3f86dec646a34a8fa9dab9956819d41c 8b0290355b5949359647cfbcf8f29aaf - - default default] 10.0.0.216 "PUT /v2.0/routers/9f7e1b77-faf9-4476-975c-1d6779f83919/tags/red HTTP/1.1" status: 201 len: 201 time: 0.0509834
2026-07-15 22:58:52.132 10 INFO neutron.db.ovn_revision_numbers_db [None req-6f53d01f-47f8-431f-8151-91ad584aebdf - - - - - -] Successfully bumped revision number for resource d0c0f294-471b-44ef-b8e1-d4b8d6dc72ff (type: ports) to 2
2026-07-15 22:58:52.185 10 INFO neutron.wsgi [None req-bb898d30-f4ac-4a58-b83c-594795765eb9 3f86dec646a34a8fa9dab9956819d41c 8b0290355b5949359647cfbcf8f29aaf - - default default] 10.0.0.216 "GET /v2.0/routers/9f7e1b77-faf9-4476-975c-1d6779f83919/tags HTTP/1.1" status: 200 len: 227 time: 0.0485532
2026-07-15 22:58:52.198 9 INFO neutron.db.ovn_revision_numbers_db [None req-33a4bdc4-1aaa-4d1f-8a2e-500943a476eb 15347a2cd9fb413892463cba0acf75e4 3b11b5342cb9458b8a6fe990fe268e21 - - default default] Successfully bumped revision number for resource 537fb0f2-e3b5-4ab5-8d28-2a9e1832bfc3 (type: ports) to 1
2026-07-15 22:58:52.269 9 INFO neutron.wsgi [None req-ecff6fca-437d-4bb5-93f0-59894ed145b7 3f86dec646a34a8fa9dab9956819d41c 8b0290355b5949359647cfbcf8f29aaf - - default default] 10.0.0.216 "PUT /v2.0/routers/9f7e1b77-faf9-4476-975c-1d6779f83919/tags/black.or.white HTTP/1.1" status: 201 len: 201 time: 0.0792778
2026-07-15 22:58:52.330 9 INFO neutron.wsgi [None req-93277dd4-ea4c-49f7-b95f-9aa336f87f53 3f86dec646a34a8fa9dab9956819d41c 8b0290355b5949359647cfbcf8f29aaf - - default default] 10.0.0.216 "GET /v2.0/routers/9f7e1b77-faf9-4476-975c-1d6779f83919/tags HTTP/1.1" status: 200 len: 245 time: 0.0534925
2026-07-15 22:58:52.339 9 WARNING neutron.scheduler.dhcp_agent_scheduler [None req-33a4bdc4-1aaa-4d1f-8a2e-500943a476eb 15347a2cd9fb413892463cba0acf75e4 3b11b5342cb9458b8a6fe990fe268e21 - - default default] No more DHCP agents
2026-07-15 22:58:52.341 9 WARNING neutron.api.rpc.agentnotifiers.dhcp_rpc_agent_api [None req-33a4bdc4-1aaa-4d1f-8a2e-500943a476eb 15347a2cd9fb413892463cba0acf75e4 3b11b5342cb9458b8a6fe990fe268e21 - - default default] Unable to schedule network 35f286f8-c47e-4f43-b4a7-e642bf35bb7c: no agents available; will retry on subsequent port and subnet creation events.
2026-07-15 22:58:52.360 10 INFO neutron.db.ovn_revision_numbers_db [None req-cd3b2352-ef9d-4b0d-b87f-52edbcc52025 - - - - - -] Successfully bumped revision number for resource 537fb0f2-e3b5-4ab5-8d28-2a9e1832bfc3 (type: ports) to 2
2026-07-15 22:58:52.416 9 INFO neutron.wsgi [None req-7d9dee3c-d751-4cdd-9a1f-b3bfa2fac434 3f86dec646a34a8fa9dab9956819d41c 8b0290355b5949359647cfbcf8f29aaf - - default default] 10.0.0.216 "PUT /v2.0/routers/9f7e1b77-faf9-4476-975c-1d6779f83919/tags HTTP/1.1" status: 200 len: 230 time: 0.0813208
2026-07-15 22:58:52.497 10 INFO neutron.wsgi [None req-b5fc08ee-6be2-434d-8e22-789a32903a99 3f86dec646a34a8fa9dab9956819d41c 8b0290355b5949359647cfbcf8f29aaf - - default default] 10.0.0.216 "GET /v2.0/routers/9f7e1b77-faf9-4476-975c-1d6779f83919/tags HTTP/1.1" status: 200 len: 230 time: 0.0746324
2026-07-15 22:58:52.528 10 INFO neutron.db.ovn_revision_numbers_db [None req-6f53d01f-47f8-431f-8151-91ad584aebdf - - - - - -] Successfully bumped revision number for resource d0c0f294-471b-44ef-b8e1-d4b8d6dc72ff (type: ports) to 4
2026-07-15 22:58:52.590 10 INFO neutron.db.ovn_revision_numbers_db [None req-cd3b2352-ef9d-4b0d-b87f-52edbcc52025 - - - - - -] Successfully bumped revision number for resource 537fb0f2-e3b5-4ab5-8d28-2a9e1832bfc3 (type: router_ports) to 2
2026-07-15 22:58:52.795 10 INFO neutron.db.ovn_revision_numbers_db [None req-6f53d01f-47f8-431f-8151-91ad584aebdf - - - - - -] Successfully bumped revision number for resource d0c0f294-471b-44ef-b8e1-d4b8d6dc72ff (type: router_ports) to 4
2026-07-15 22:58:52.985 9 INFO neutron.wsgi [None req-7b678588-5ebf-49ef-843f-d708ef8dfe93 3f86dec646a34a8fa9dab9956819d41c 8b0290355b5949359647cfbcf8f29aaf - - default default] 10.0.0.216 "GET /v2.0/routers/9f7e1b77-faf9-4476-975c-1d6779f83919/tags/red HTTP/1.1" status: 204 len: 168 time: 0.4818168
2026-07-15 22:58:53.033 10 INFO neutron.api.v2.resource [None req-3a4bb004-174f-4342-adc8-610506f627b7 3f86dec646a34a8fa9dab9956819d41c 8b0290355b5949359647cfbcf8f29aaf - - default default] show failed (client error): The resource could not be found.
2026-07-15 22:58:53.035 10 INFO neutron.wsgi [None req-3a4bb004-174f-4342-adc8-610506f627b7 3f86dec646a34a8fa9dab9956819d41c 8b0290355b5949359647cfbcf8f29aaf - - default default] 10.0.0.216 "GET /v2.0/routers/9f7e1b77-faf9-4476-975c-1d6779f83919/tags/green HTTP/1.1" status: 404 len: 299 time: 0.0442011
2026-07-15 22:58:53.102 10 INFO neutron.wsgi [None req-00b1ec24-c176-4be0-bad5-d8a13a2d7474 3f86dec646a34a8fa9dab9956819d41c 8b0290355b5949359647cfbcf8f29aaf - - default default] 10.0.0.216 "DELETE /v2.0/routers/9f7e1b77-faf9-4476-975c-1d6779f83919/tags/red HTTP/1.1" status: 204 len: 168 time: 0.0637398
2026-07-15 22:58:53.151 10 INFO neutron.wsgi [None req-9760f2cd-8068-4b6a-9012-15cc39206812 3f86dec646a34a8fa9dab9956819d41c 8b0290355b5949359647cfbcf8f29aaf - - default default] 10.0.0.216 "GET /v2.0/routers/9f7e1b77-faf9-4476-975c-1d6779f83919/tags HTTP/1.1" status: 200 len: 223 time: 0.0436125
2026-07-15 22:58:53.219 10 INFO neutron.api.v2.resource [None req-f8ac24d8-c841-4617-afee-2ddab5b4a5f3 3f86dec646a34a8fa9dab9956819d41c 8b0290355b5949359647cfbcf8f29aaf - - default default] delete failed (client error): The resource could not be found.
2026-07-15 22:58:53.221 10 INFO neutron.wsgi [None req-f8ac24d8-c841-4617-afee-2ddab5b4a5f3 3f86dec646a34a8fa9dab9956819d41c 8b0290355b5949359647cfbcf8f29aaf - - default default] 10.0.0.216 "DELETE /v2.0/routers/9f7e1b77-faf9-4476-975c-1d6779f83919/tags/green HTTP/1.1" status: 404 len: 299 time: 0.0648844
2026-07-15 22:58:53.303 9 INFO neutron.db.ovn_revision_numbers_db [None req-33a4bdc4-1aaa-4d1f-8a2e-500943a476eb 15347a2cd9fb413892463cba0acf75e4 3b11b5342cb9458b8a6fe990fe268e21 - - default default] Successfully bumped revision number for resource 537fb0f2-e3b5-4ab5-8d28-2a9e1832bfc3 (type: router_ports) to 2
2026-07-15 22:58:53.306 9 INFO neutron.wsgi [None req-33a4bdc4-1aaa-4d1f-8a2e-500943a476eb 15347a2cd9fb413892463cba0acf75e4 3b11b5342cb9458b8a6fe990fe268e21 - - default default] 10.0.0.216 "PUT /v2.0/routers/e795f4b7-8b9f-4ced-97f4-bee12e6a0eb3/add_router_interface HTTP/1.1" status: 200 len: 503 time: 2.5553153
2026-07-15 22:58:53.307 10 INFO neutron.wsgi [None req-194f62da-77d1-4516-bc06-0e1a331c1574 3f86dec646a34a8fa9dab9956819d41c 8b0290355b5949359647cfbcf8f29aaf - - default default] 10.0.0.216 "DELETE /v2.0/routers/9f7e1b77-faf9-4476-975c-1d6779f83919/tags HTTP/1.1" status: 204 len: 168 time: 0.0802486
2026-07-15 22:58:53.356 9 INFO neutron.wsgi [None req-3270787f-328a-4b22-b055-88c8f636465f 3f86dec646a34a8fa9dab9956819d41c 8b0290355b5949359647cfbcf8f29aaf - - default default] 10.0.0.216 "GET /v2.0/routers/9f7e1b77-faf9-4476-975c-1d6779f83919/tags HTTP/1.1" status: 200 len: 205 time: 0.0443902
2026-07-15 22:58:53.409 9 INFO neutron.wsgi [None req-4ff6356a-4abb-496a-a892-c099223471ba 3f86dec646a34a8fa9dab9956819d41c 8b0290355b5949359647cfbcf8f29aaf - - default default] 10.0.0.216 "GET /v2.0/routers/9f7e1b77-faf9-4476-975c-1d6779f83919 HTTP/1.1" status: 200 len: 655 time: 0.0450044
2026-07-15 22:58:53.798 9 INFO neutron.db.ovn_revision_numbers_db [None req-c3890291-d937-4c58-a6bc-ca0b3d1c3787 3f86dec646a34a8fa9dab9956819d41c 8b0290355b5949359647cfbcf8f29aaf - - default default] Successfully bumped revision number for resource 9f7e1b77-faf9-4476-975c-1d6779f83919 (type: routers) to 7
2026-07-15 22:58:53.802 9 INFO neutron.wsgi [None req-c3890291-d937-4c58-a6bc-ca0b3d1c3787 3f86dec646a34a8fa9dab9956819d41c 8b0290355b5949359647cfbcf8f29aaf - - default default] 10.0.0.216 "PUT /v2.0/routers/9f7e1b77-faf9-4476-975c-1d6779f83919 HTTP/1.1" status: 200 len: 655 time: 0.3884752
2026-07-15 22:58:53.828 9 INFO neutron.wsgi [None req-3b3acca8-8248-458d-a341-7f7652c2ac9a 3f86dec646a34a8fa9dab9956819d41c 8b0290355b5949359647cfbcf8f29aaf - - default default] 10.0.0.216 "GET /v2.0/ports?device_id=9f7e1b77-faf9-4476-975c-1d6779f83919 HTTP/1.1" status: 200 len: 205 time: 0.0200074
2026-07-15 22:58:54.059 9 INFO neutron.wsgi [None req-e4d93d6e-1980-482a-bb74-4413e8318956 3f86dec646a34a8fa9dab9956819d41c 8b0290355b5949359647cfbcf8f29aaf - - default default] 10.0.0.216 "DELETE /v2.0/routers/9f7e1b77-faf9-4476-975c-1d6779f83919 HTTP/1.1" status: 204 len: 168 time: 0.2260246
2026-07-15 22:58:54.624 9 INFO neutron.db.ovn_revision_numbers_db [None req-f5b4b972-ba6d-4cfe-8c26-1c63885c1c01 15347a2cd9fb413892463cba0acf75e4 3b11b5342cb9458b8a6fe990fe268e21 - - default default] Successfully bumped revision number for resource 6f4137a2-3552-4291-b106-2a6496e33d0c (type: security_groups) to 1
2026-07-15 22:58:54.636 9 INFO neutron.db.ovn_revision_numbers_db [None req-f5b4b972-ba6d-4cfe-8c26-1c63885c1c01 15347a2cd9fb413892463cba0acf75e4 3b11b5342cb9458b8a6fe990fe268e21 - - default default] Successfully bumped revision number for resource 248f554e-0950-4564-84ee-2113c16adcae (type: security_group_rules) to 0
2026-07-15 22:58:54.650 9 INFO neutron.db.ovn_revision_numbers_db [None req-f5b4b972-ba6d-4cfe-8c26-1c63885c1c01 15347a2cd9fb413892463cba0acf75e4 3b11b5342cb9458b8a6fe990fe268e21 - - default default] Successfully bumped revision number for resource aa64cec6-bf2f-418e-a6f7-0a5a0eb6a83f (type: security_group_rules) to 0
2026-07-15 22:58:54.664 9 INFO neutron.db.ovn_revision_numbers_db [None req-f5b4b972-ba6d-4cfe-8c26-1c63885c1c01 15347a2cd9fb413892463cba0acf75e4 3b11b5342cb9458b8a6fe990fe268e21 - - default default] Successfully bumped revision number for resource cb90a0b7-d0bd-4f2a-beee-e24d51c5949a (type: security_group_rules) to 0
2026-07-15 22:58:54.679 9 INFO neutron.db.ovn_revision_numbers_db [None req-f5b4b972-ba6d-4cfe-8c26-1c63885c1c01 15347a2cd9fb413892463cba0acf75e4 3b11b5342cb9458b8a6fe990fe268e21 - - default default] Successfully bumped revision number for resource e9026bf0-d13b-4990-b15b-0b52a37a6a7f (type: security_group_rules) to 0
2026-07-15 22:58:54.728 9 INFO neutron.db.segments_db [None req-f5b4b972-ba6d-4cfe-8c26-1c63885c1c01 15347a2cd9fb413892463cba0acf75e4 3b11b5342cb9458b8a6fe990fe268e21 - - default default] Added segment 72709af7-171c-4ce3-a7d6-fa0d49d30f9e of type geneve for network 28beb0f8-a905-4adf-a4cb-53a3be76572e
2026-07-15 22:58:54.911 9 INFO neutron.db.ovn_revision_numbers_db [None req-f5b4b972-ba6d-4cfe-8c26-1c63885c1c01 15347a2cd9fb413892463cba0acf75e4 3b11b5342cb9458b8a6fe990fe268e21 - - default default] Successfully bumped revision number for resource 28beb0f8-a905-4adf-a4cb-53a3be76572e (type: networks) to 1
2026-07-15 22:58:55.063 9 INFO neutron.db.ovn_revision_numbers_db [None req-9d4e7502-ca58-401a-a248-294ed7e792c3 15347a2cd9fb413892463cba0acf75e4 3b11b5342cb9458b8a6fe990fe268e21 - - default default] Successfully bumped revision number for resource 2bb82541-5d6d-463d-971e-e9abd8598878 (type: security_groups) to 1
2026-07-15 22:58:55.090 9 INFO neutron.db.ovn_revision_numbers_db [None req-9d4e7502-ca58-401a-a248-294ed7e792c3 15347a2cd9fb413892463cba0acf75e4 3b11b5342cb9458b8a6fe990fe268e21 - - default default] Successfully bumped revision number for resource 380264c6-33c4-467c-9e4f-5ddefd1c00d4 (type: security_group_rules) to 0
2026-07-15 22:58:55.094 9 WARNING neutron.scheduler.dhcp_agent_scheduler [None req-f5b4b972-ba6d-4cfe-8c26-1c63885c1c01 15347a2cd9fb413892463cba0acf75e4 3b11b5342cb9458b8a6fe990fe268e21 - - default default] No more DHCP agents
2026-07-15 22:58:55.097 9 WARNING neutron.api.rpc.agentnotifiers.dhcp_rpc_agent_api [None req-f5b4b972-ba6d-4cfe-8c26-1c63885c1c01 15347a2cd9fb413892463cba0acf75e4 3b11b5342cb9458b8a6fe990fe268e21 - - default default] Unable to schedule network 28beb0f8-a905-4adf-a4cb-53a3be76572e: no agents available; will retry on subsequent port and subnet creation events.
2026-07-15 22:58:55.115 9 INFO neutron.db.ovn_revision_numbers_db [None req-9d4e7502-ca58-401a-a248-294ed7e792c3 15347a2cd9fb413892463cba0acf75e4 3b11b5342cb9458b8a6fe990fe268e21 - - default default] Successfully bumped revision number for resource 7771ec08-4067-4d76-84f4-493b63e611d3 (type: security_group_rules) to 0
2026-07-15 22:58:55.158 9 INFO neutron.db.ovn_revision_numbers_db [None req-9d4e7502-ca58-401a-a248-294ed7e792c3 15347a2cd9fb413892463cba0acf75e4 3b11b5342cb9458b8a6fe990fe268e21 - - default default] Successfully bumped revision number for resource 9c268db7-86ef-4deb-add9-d79942cbc913 (type: security_group_rules) to 0
2026-07-15 22:58:55.184 9 INFO neutron.db.ovn_revision_numbers_db [None req-9d4e7502-ca58-401a-a248-294ed7e792c3 15347a2cd9fb413892463cba0acf75e4 3b11b5342cb9458b8a6fe990fe268e21 - - default default] Successfully bumped revision number for resource 9d80aa29-8102-4cec-8e1e-4ff27b3248c9 (type: security_group_rules) to 0
2026-07-15 22:58:55.216 9 INFO neutron.wsgi [None req-9d4e7502-ca58-401a-a248-294ed7e792c3 15347a2cd9fb413892463cba0acf75e4 3b11b5342cb9458b8a6fe990fe268e21 - - default default] 10.0.0.216 "GET /v2.0/security-groups?tenant_id=8b0290355b5949359647cfbcf8f29aaf&name=default HTTP/1.1" status: 200 len: 2996 time: 0.5169010
2026-07-15 22:58:55.217 9 INFO neutron.db.ovn_revision_numbers_db [None req-f5b4b972-ba6d-4cfe-8c26-1c63885c1c01 15347a2cd9fb413892463cba0acf75e4 3b11b5342cb9458b8a6fe990fe268e21 - - default default] Successfully bumped revision number for resource 5c57e2bb-3ee0-4e84-9ffb-11df6554e26f (type: ports) to 1
2026-07-15 22:58:55.239 9 INFO neutron.wsgi [None req-f5b4b972-ba6d-4cfe-8c26-1c63885c1c01 15347a2cd9fb413892463cba0acf75e4 3b11b5342cb9458b8a6fe990fe268e21 - - default default] 10.0.0.216 "POST /v2.0/networks HTTP/1.1" status: 201 len: 942 time: 0.7260954
2026-07-15 22:58:55.414 9 WARNING neutron.scheduler.dhcp_agent_scheduler [None req-1612a284-a448-4cdd-a77d-2d7a2ad2a20d 15347a2cd9fb413892463cba0acf75e4 3b11b5342cb9458b8a6fe990fe268e21 - - default default] No more DHCP agents
2026-07-15 22:58:55.416 9 WARNING neutron.api.rpc.agentnotifiers.dhcp_rpc_agent_api [None req-1612a284-a448-4cdd-a77d-2d7a2ad2a20d 15347a2cd9fb413892463cba0acf75e4 3b11b5342cb9458b8a6fe990fe268e21 - - default default] Unable to schedule network 28beb0f8-a905-4adf-a4cb-53a3be76572e: no agents available; will retry on subsequent port and subnet creation events.
2026-07-15 22:58:55.436 10 INFO neutron.wsgi [None req-57a0cc00-9d17-4521-91d3-a81660db5e8e 15347a2cd9fb413892463cba0acf75e4 3b11b5342cb9458b8a6fe990fe268e21 - - default default] 10.0.0.216 "DELETE /v2.0/security-groups/2bb82541-5d6d-463d-971e-e9abd8598878 HTTP/1.1" status: 204 len: 168 time: 0.2092228
2026-07-15 22:58:55.638 10 INFO neutron.db.ovn_revision_numbers_db [None req-a42f7316-3c40-401e-b91a-5f2b9e1868f1 15347a2cd9fb413892463cba0acf75e4 3b11b5342cb9458b8a6fe990fe268e21 - - default default] Successfully bumped revision number for resource a3941467-b0e0-431c-84ba-043906dd145a (type: security_groups) to 1
2026-07-15 22:58:55.651 10 INFO neutron.db.ovn_revision_numbers_db [None req-a42f7316-3c40-401e-b91a-5f2b9e1868f1 15347a2cd9fb413892463cba0acf75e4 3b11b5342cb9458b8a6fe990fe268e21 - - default default] Successfully bumped revision number for resource 18d05030-28db-478e-bd76-10fd5ecf612d (type: security_group_rules) to 0
2026-07-15 22:58:55.663 10 INFO neutron.db.ovn_revision_numbers_db [None req-a42f7316-3c40-401e-b91a-5f2b9e1868f1 15347a2cd9fb413892463cba0acf75e4 3b11b5342cb9458b8a6fe990fe268e21 - - default default] Successfully bumped revision number for resource 2d3b3670-3ebe-4b56-a9be-3446f59c65e7 (type: security_group_rules) to 0
2026-07-15 22:58:55.677 10 INFO neutron.db.ovn_revision_numbers_db [None req-a42f7316-3c40-401e-b91a-5f2b9e1868f1 15347a2cd9fb413892463cba0acf75e4 3b11b5342cb9458b8a6fe990fe268e21 - - default default] Successfully bumped revision number for resource b9a52020-b356-4b94-a48e-de7bed5a6ff1 (type: security_group_rules) to 0
2026-07-15 22:58:55.691 10 INFO neutron.db.ovn_revision_numbers_db [None req-a42f7316-3c40-401e-b91a-5f2b9e1868f1 15347a2cd9fb413892463cba0acf75e4 3b11b5342cb9458b8a6fe990fe268e21 - - default default] Successfully bumped revision number for resource fb6153d8-c2bb-4e5b-bb77-8f0061aecf0e (type: security_group_rules) to 0
2026-07-15 22:58:55.713 10 INFO neutron.wsgi [None req-a42f7316-3c40-401e-b91a-5f2b9e1868f1 15347a2cd9fb413892463cba0acf75e4 3b11b5342cb9458b8a6fe990fe268e21 - - default default] 10.0.0.216 "GET /v2.0/security-groups?tenant_id=be9915719f394f9d90879970c53b2be8&name=default HTTP/1.1" status: 200 len: 2996 time: 0.1856804
2026-07-15 22:58:55.837 9 INFO neutron.db.ovn_revision_numbers_db [None req-1612a284-a448-4cdd-a77d-2d7a2ad2a20d 15347a2cd9fb413892463cba0acf75e4 3b11b5342cb9458b8a6fe990fe268e21 - - default default] Successfully bumped revision number for resource 5c57e2bb-3ee0-4e84-9ffb-11df6554e26f (type: ports) to 2
2026-07-15 22:58:55.869 9 INFO neutron.db.ovn_revision_numbers_db [None req-1612a284-a448-4cdd-a77d-2d7a2ad2a20d 15347a2cd9fb413892463cba0acf75e4 3b11b5342cb9458b8a6fe990fe268e21 - - default default] Successfully bumped revision number for resource 45192182-5e4f-491c-b341-98f7bfdd934b (type: subnets) to 0
2026-07-15 22:58:55.889 9 INFO neutron.wsgi [None req-1612a284-a448-4cdd-a77d-2d7a2ad2a20d 15347a2cd9fb413892463cba0acf75e4 3b11b5342cb9458b8a6fe990fe268e21 - - default default] 10.0.0.216 "POST /v2.0/subnets HTTP/1.1" status: 201 len: 862 time: 0.6446671
2026-07-15 22:58:55.919 10 INFO neutron.wsgi [None req-4db96ab1-d608-4f06-9a43-c9a8a97828d9 15347a2cd9fb413892463cba0acf75e4 3b11b5342cb9458b8a6fe990fe268e21 - - default default] 10.0.0.216 "DELETE /v2.0/security-groups/a3941467-b0e0-431c-84ba-043906dd145a HTTP/1.1" status: 204 len: 168 time: 0.1999331
2026-07-15 22:58:56.357 9 WARNING neutron.scheduler.dhcp_agent_scheduler [None req-c18dd8fa-6507-4583-a564-422abc263a26 15347a2cd9fb413892463cba0acf75e4 3b11b5342cb9458b8a6fe990fe268e21 - - default default] No more DHCP agents
2026-07-15 22:58:56.360 9 WARNING neutron.api.rpc.agentnotifiers.dhcp_rpc_agent_api [None req-c18dd8fa-6507-4583-a564-422abc263a26 15347a2cd9fb413892463cba0acf75e4 3b11b5342cb9458b8a6fe990fe268e21 - - default default] Unable to schedule network 01918310-5a49-4c66-9985-8f31d597a661: no agents available; will retry on subsequent port and subnet creation events.
2026-07-15 22:58:56.522 9 INFO neutron.db.ovn_revision_numbers_db [None req-c18dd8fa-6507-4583-a564-422abc263a26 15347a2cd9fb413892463cba0acf75e4 3b11b5342cb9458b8a6fe990fe268e21 - - default default] Successfully bumped revision number for resource 55c9f330-cdb3-49d2-bdc4-ea40153b4e55 (type: ports) to 1
2026-07-15 22:58:57.568 9 INFO neutron.plugins.ml2.drivers.ovn.mech_driver.mech_driver [None req-c2740de3-9fdc-4af1-8deb-8479581be0bc - - - - - -] OVN reports status up for port: 55c9f330-cdb3-49d2-bdc4-ea40153b4e55
2026-07-15 22:58:57.587 9 INFO neutron.plugins.ml2.plugin [None req-c2740de3-9fdc-4af1-8deb-8479581be0bc - - - - - -] Attempt 1 to provision port 55c9f330-cdb3-49d2-bdc4-ea40153b4e55
2026-07-15 22:58:57.589 10 INFO neutron.plugins.ml2.drivers.ovn.mech_driver.ovsdb.ovsdb_monitor [None req-6f53d01f-47f8-431f-8151-91ad584aebdf - - - - - -] Router b9c86d39-d71b-4291-bc39-cc80c2519a34 is bound to host instance
2026-07-15 22:58:57.624 9 INFO neutron.db.ovn_revision_numbers_db [None req-c18dd8fa-6507-4583-a564-422abc263a26 15347a2cd9fb413892463cba0acf75e4 3b11b5342cb9458b8a6fe990fe268e21 - - default default] Successfully bumped revision number for resource 55c9f330-cdb3-49d2-bdc4-ea40153b4e55 (type: router_ports) to 1
2026-07-15 22:58:57.700 9 INFO neutron.db.ovn_revision_numbers_db [None req-c18dd8fa-6507-4583-a564-422abc263a26 15347a2cd9fb413892463cba0acf75e4 3b11b5342cb9458b8a6fe990fe268e21 - - default default] Successfully bumped revision number for resource b9c86d39-d71b-4291-bc39-cc80c2519a34 (type: routers) to 2
2026-07-15 22:58:57.716 9 INFO neutron.wsgi [None req-c18dd8fa-6507-4583-a564-422abc263a26 15347a2cd9fb413892463cba0acf75e4 3b11b5342cb9458b8a6fe990fe268e21 - - default default] 10.0.0.216 "POST /v2.0/routers HTTP/1.1" status: 201 len: 873 time: 1.8213556
2026-07-15 22:58:58.089 10 WARNING neutron.plugins.ml2.drivers.ovn.mech_driver.ovsdb.ovn_client [None req-cd3b2352-ef9d-4b0d-b87f-52edbcc52025 - - - - - -] No hosting information found for port 537fb0f2-e3b5-4ab5-8d28-2a9e1832bfc3: RuntimeError: No hosting information found for port 537fb0f2-e3b5-4ab5-8d28-2a9e1832bfc3
2026-07-15 22:58:58.265 9 WARNING neutron.scheduler.dhcp_agent_scheduler [None req-ccdbf0ff-fde8-4dbb-ac2c-889157752064 15347a2cd9fb413892463cba0acf75e4 3b11b5342cb9458b8a6fe990fe268e21 - - default default] No more DHCP agents
2026-07-15 22:58:58.268 9 WARNING neutron.api.rpc.agentnotifiers.dhcp_rpc_agent_api [None req-ccdbf0ff-fde8-4dbb-ac2c-889157752064 15347a2cd9fb413892463cba0acf75e4 3b11b5342cb9458b8a6fe990fe268e21 - - default default] Unable to schedule network 28beb0f8-a905-4adf-a4cb-53a3be76572e: no agents available; will retry on subsequent port and subnet creation events.
2026-07-15 22:58:58.276 10 INFO neutron.db.ovn_revision_numbers_db [None req-6f53d01f-47f8-431f-8151-91ad584aebdf - - - - - -] Successfully bumped revision number for resource 55c9f330-cdb3-49d2-bdc4-ea40153b4e55 (type: ports) to 1
2026-07-15 22:58:58.449 9 INFO neutron.db.ovn_revision_numbers_db [None req-ccdbf0ff-fde8-4dbb-ac2c-889157752064 15347a2cd9fb413892463cba0acf75e4 3b11b5342cb9458b8a6fe990fe268e21 - - default default] Successfully bumped revision number for resource bf8494ba-1156-4794-92f3-e7397b71090d (type: ports) to 1
2026-07-15 22:58:58.606 10 INFO neutron.db.ovn_revision_numbers_db [None req-6f53d01f-47f8-431f-8151-91ad584aebdf - - - - - -] Successfully bumped revision number for resource 55c9f330-cdb3-49d2-bdc4-ea40153b4e55 (type: router_ports) to 3
2026-07-15 22:58:58.808 10 INFO neutron.db.ovn_revision_numbers_db [None req-6f53d01f-47f8-431f-8151-91ad584aebdf - - - - - -] Successfully bumped revision number for resource 55c9f330-cdb3-49d2-bdc4-ea40153b4e55 (type: ports) to 2
2026-07-15 22:58:59.136 9 INFO neutron.db.ovn_revision_numbers_db [None req-ccdbf0ff-fde8-4dbb-ac2c-889157752064 15347a2cd9fb413892463cba0acf75e4 3b11b5342cb9458b8a6fe990fe268e21 - - default default] Successfully bumped revision number for resource bf8494ba-1156-4794-92f3-e7397b71090d (type: router_ports) to 1
2026-07-15 22:58:59.305 9 INFO neutron.db.ovn_revision_numbers_db [None req-ccdbf0ff-fde8-4dbb-ac2c-889157752064 15347a2cd9fb413892463cba0acf75e4 3b11b5342cb9458b8a6fe990fe268e21 - - default default] Successfully bumped revision number for resource bf8494ba-1156-4794-92f3-e7397b71090d (type: ports) to 1
2026-07-15 22:58:59.404 9 WARNING neutron.scheduler.dhcp_agent_scheduler [None req-ccdbf0ff-fde8-4dbb-ac2c-889157752064 15347a2cd9fb413892463cba0acf75e4 3b11b5342cb9458b8a6fe990fe268e21 - - default default] No more DHCP agents
2026-07-15 22:58:59.406 9 WARNING neutron.api.rpc.agentnotifiers.dhcp_rpc_agent_api [None req-ccdbf0ff-fde8-4dbb-ac2c-889157752064 15347a2cd9fb413892463cba0acf75e4 3b11b5342cb9458b8a6fe990fe268e21 - - default default] Unable to schedule network 28beb0f8-a905-4adf-a4cb-53a3be76572e: no agents available; will retry on subsequent port and subnet creation events.
2026-07-15 22:58:59.476 10 INFO neutron.db.ovn_revision_numbers_db [None req-6f53d01f-47f8-431f-8151-91ad584aebdf - - - - - -] Successfully bumped revision number for resource 55c9f330-cdb3-49d2-bdc4-ea40153b4e55 (type: ports) to 4
2026-07-15 22:58:59.717 10 INFO neutron.db.ovn_revision_numbers_db [None req-6f53d01f-47f8-431f-8151-91ad584aebdf - - - - - -] Successfully bumped revision number for resource 55c9f330-cdb3-49d2-bdc4-ea40153b4e55 (type: router_ports) to 4
2026-07-15 22:58:59.906 9 INFO neutron.db.ovn_revision_numbers_db [None req-17db84d6-eeb3-417a-be3d-7e14acf0dcc4 bbf137bba300457d8c08e174d3b31ade bf1145dac45948e7842a98bf19c387ec - - default default] Successfully bumped revision number for resource a8d0e6ea-f00c-4a58-9ca2-966e82a79274 (type: security_groups) to 1
2026-07-15 22:58:59.934 9 INFO neutron.db.ovn_revision_numbers_db [None req-17db84d6-eeb3-417a-be3d-7e14acf0dcc4 bbf137bba300457d8c08e174d3b31ade bf1145dac45948e7842a98bf19c387ec - - default default] Successfully bumped revision number for resource 03b5b0d5-70d2-40e8-a997-39ed9a13726d (type: security_group_rules) to 0
2026-07-15 22:58:59.952 9 INFO neutron.db.ovn_revision_numbers_db [None req-17db84d6-eeb3-417a-be3d-7e14acf0dcc4 bbf137bba300457d8c08e174d3b31ade bf1145dac45948e7842a98bf19c387ec - - default default] Successfully bumped revision number for resource 083190cb-9d86-4e67-96b4-a24dca26dc20 (type: security_group_rules) to 0
2026-07-15 22:58:59.972 9 INFO neutron.db.ovn_revision_numbers_db [None req-17db84d6-eeb3-417a-be3d-7e14acf0dcc4 bbf137bba300457d8c08e174d3b31ade bf1145dac45948e7842a98bf19c387ec - - default default] Successfully bumped revision number for resource 38e841ec-6d1e-4bac-8367-bd0c80ef2926 (type: security_group_rules) to 0
2026-07-15 22:58:59.999 9 INFO neutron.db.ovn_revision_numbers_db [None req-17db84d6-eeb3-417a-be3d-7e14acf0dcc4 bbf137bba300457d8c08e174d3b31ade bf1145dac45948e7842a98bf19c387ec - - default default] Successfully bumped revision number for resource dda4931d-af89-40f7-8560-fa6ae930313c (type: security_group_rules) to 0
2026-07-15 22:59:00.015 9 INFO neutron.db.ovn_revision_numbers_db [None req-ccdbf0ff-fde8-4dbb-ac2c-889157752064 15347a2cd9fb413892463cba0acf75e4 3b11b5342cb9458b8a6fe990fe268e21 - - default default] Successfully bumped revision number for resource bf8494ba-1156-4794-92f3-e7397b71090d (type: router_ports) to 1
2026-07-15 22:59:00.018 9 INFO neutron.wsgi [None req-ccdbf0ff-fde8-4dbb-ac2c-889157752064 15347a2cd9fb413892463cba0acf75e4 3b11b5342cb9458b8a6fe990fe268e21 - - default default] 10.0.0.216 "PUT /v2.0/routers/b9c86d39-d71b-4291-bc39-cc80c2519a34/add_router_interface HTTP/1.1" status: 200 len: 503 time: 2.2958083
2026-07-15 22:59:00.054 9 INFO neutron.db.segments_db [None req-17db84d6-eeb3-417a-be3d-7e14acf0dcc4 bbf137bba300457d8c08e174d3b31ade bf1145dac45948e7842a98bf19c387ec - - default default] Added segment d88498ff-1c88-44a4-84b8-3002a961f932 of type geneve for network 70e02708-445a-493e-85ac-da2af5dc3ffc
2026-07-15 22:59:00.208 9 INFO neutron.db.ovn_revision_numbers_db [None req-17db84d6-eeb3-417a-be3d-7e14acf0dcc4 bbf137bba300457d8c08e174d3b31ade bf1145dac45948e7842a98bf19c387ec - - default default] Successfully bumped revision number for resource 70e02708-445a-493e-85ac-da2af5dc3ffc (type: networks) to 1
