2026-07-15 22:55:43.264 10 INFO neutron.plugins.ml2.drivers.ovn.mech_driver.ovsdb.ovsdb_monitor [None req-6f53d01f-47f8-431f-8151-91ad584aebdf - - - - - -] Router 342a600d-b98a-4823-b79f-f3691f48848f is bound to host instance
2026-07-15 22:55:43.284 10 INFO neutron.db.ovn_revision_numbers_db [None req-2f11f049-4ed5-4b22-8239-44127bb6d195 15347a2cd9fb413892463cba0acf75e4 3b11b5342cb9458b8a6fe990fe268e21 - - default default] Successfully bumped revision number for resource e8e26b55-3d5a-46c5-9cbe-1e5732169183 (type: router_ports) to 1
2026-07-15 22:55:43.416 10 INFO neutron.db.ovn_revision_numbers_db [None req-2f11f049-4ed5-4b22-8239-44127bb6d195 15347a2cd9fb413892463cba0acf75e4 3b11b5342cb9458b8a6fe990fe268e21 - - default default] Successfully bumped revision number for resource 342a600d-b98a-4823-b79f-f3691f48848f (type: routers) to 2
2026-07-15 22:55:43.448 10 INFO neutron.wsgi [None req-2f11f049-4ed5-4b22-8239-44127bb6d195 15347a2cd9fb413892463cba0acf75e4 3b11b5342cb9458b8a6fe990fe268e21 - - default default] 10.0.0.216 "POST /v2.0/routers HTTP/1.1" status: 201 len: 885 time: 1.9977553
2026-07-15 22:55:43.560 9 INFO neutron.plugins.ml2.drivers.ovn.mech_driver.ovsdb.ovsdb_monitor [None req-1ae8d785-5e4f-42a6-88de-b85d008ceb67 - - - - - -] Router 3e12ea88-c3b7-4f10-92f3-35108f14e78c is bound to host instance
2026-07-15 22:55:43.596 9 INFO neutron.db.ovn_revision_numbers_db [None req-1f34f5ed-717f-40ea-b759-0841269b56c2 15347a2cd9fb413892463cba0acf75e4 3b11b5342cb9458b8a6fe990fe268e21 - - default default] Successfully bumped revision number for resource 46105246-e737-4723-a2b1-8221a480299e (type: router_ports) to 1
2026-07-15 22:55:43.602 10 INFO neutron.db.ovn_revision_numbers_db [None req-cd3b2352-ef9d-4b0d-b87f-52edbcc52025 - - - - - -] Successfully bumped revision number for resource 0e245250-91cb-4239-a43f-bb91c3c0fd53 (type: ports) to 4
2026-07-15 22:55:43.714 9 INFO neutron.db.ovn_revision_numbers_db [None req-1f34f5ed-717f-40ea-b759-0841269b56c2 15347a2cd9fb413892463cba0acf75e4 3b11b5342cb9458b8a6fe990fe268e21 - - default default] Successfully bumped revision number for resource 3e12ea88-c3b7-4f10-92f3-35108f14e78c (type: routers) to 2 /var/lib/openstack/lib/python3.10/site-packages/pycadf/identifier.py:71: UserWarning: Invalid uuid: neutron. To ensure interoperability, identifiers should be a valid uuid. warnings.warn(('Invalid uuid: %s. To ensure interoperability, '
2026-07-15 22:55:43.910 9 INFO neutron.wsgi [None req-1f34f5ed-717f-40ea-b759-0841269b56c2 15347a2cd9fb413892463cba0acf75e4 3b11b5342cb9458b8a6fe990fe268e21 - - default default] 10.0.0.216 "POST /v2.0/routers HTTP/1.1" status: 201 len: 870 time: 2.2984047
2026-07-15 22:55:44.052 9 INFO neutron.wsgi [req-8da07697-b42d-4580-a49a-c1a5bf0f056e req-50003106-994e-4179-b71f-f59d1643c913 cf2e1d0a3abf415aa1bced3d92f377cc 8c61cbe1b6d5481a8367bcdf214497dd - - default default] 10.0.0.199 "GET /v2.0/ports?device_id=cd3b42e6-51e4-47f3-8c84-734d2cd82b9a HTTP/1.1" status: 200 len: 1170 time: 0.3605819
2026-07-15 22:55:44.181 9 INFO neutron.wsgi [req-8da07697-b42d-4580-a49a-c1a5bf0f056e req-e6f04940-2497-4ebb-95f0-4bf006d81658 cf2e1d0a3abf415aa1bced3d92f377cc 8c61cbe1b6d5481a8367bcdf214497dd - - default default] 10.0.0.199 "GET /v2.0/security-groups?id=bdc63d58-228f-4606-8cf1-a8617502a49f&fields=id&fields=name HTTP/1.1" status: 200 len: 312 time: 0.1163375
2026-07-15 22:55:44.206 10 INFO neutron.wsgi [req-a923f65c-1ef0-4fe6-880a-30b883999f2f req-8006acb5-2b6e-4f07-baa1-d110d9458174 d1258b91d9014d8dbcfcb8f75af42d02 8228ceb9e4254d4e9fc377776bafd4da - - default default] 10.0.0.199 "GET /v2.0/ports?device_id=ed299645-6af1-4932-9caf-89bf628871fd HTTP/1.1" status: 200 len: 1170 time: 0.3913422
2026-07-15 22:55:44.270 10 INFO neutron.wsgi [req-a923f65c-1ef0-4fe6-880a-30b883999f2f req-9294493d-95f3-48fd-9d37-00b298ec51fc d1258b91d9014d8dbcfcb8f75af42d02 8228ceb9e4254d4e9fc377776bafd4da - - default default] 10.0.0.199 "GET /v2.0/security-groups?id=d7f9724f-7831-42bf-a75f-042d38b015c3&fields=id&fields=name HTTP/1.1" status: 200 len: 286 time: 0.0535147
2026-07-15 22:55:44.272 10 INFO neutron.db.ovn_revision_numbers_db [None req-6f53d01f-47f8-431f-8151-91ad584aebdf - - - - - -] Successfully bumped revision number for resource e8e26b55-3d5a-46c5-9cbe-1e5732169183 (type: ports) to 1
2026-07-15 22:55:44.459 9 WARNING neutron.scheduler.dhcp_agent_scheduler [None req-bc2f3fc8-a96a-48da-8f63-b6a3429cde33 15347a2cd9fb413892463cba0acf75e4 3b11b5342cb9458b8a6fe990fe268e21 - - default default] No more DHCP agents
2026-07-15 22:55:44.474 9 WARNING neutron.api.rpc.agentnotifiers.dhcp_rpc_agent_api [None req-bc2f3fc8-a96a-48da-8f63-b6a3429cde33 15347a2cd9fb413892463cba0acf75e4 3b11b5342cb9458b8a6fe990fe268e21 - - default default] Unable to schedule network 58f8516b-4467-47a4-91ed-74aeb75f627c: no agents available; will retry on subsequent port and subnet creation events.
2026-07-15 22:55:44.550 10 INFO neutron.db.ovn_revision_numbers_db [None req-6f53d01f-47f8-431f-8151-91ad584aebdf - - - - - -] Successfully bumped revision number for resource e8e26b55-3d5a-46c5-9cbe-1e5732169183 (type: router_ports) to 3
2026-07-15 22:55:44.693 10 INFO neutron.plugins.ml2.drivers.ovn.mech_driver.mech_driver [None req-cd3b2352-ef9d-4b0d-b87f-52edbcc52025 - - - - - -] OVN reports status down for port: 0fc79b41-6b02-46fb-8cd7-4bf0a185a43e
2026-07-15 22:55:44.714 9 INFO neutron.wsgi [req-13d6be26-7a3e-4f1a-8531-2ceb7e4e4bf0 req-b7a1b213-de3f-4692-9b71-4d8cd6102bf2 d1258b91d9014d8dbcfcb8f75af42d02 8228ceb9e4254d4e9fc377776bafd4da - - default default] 10.0.0.199 "GET /v2.0/ports?device_id=ed299645-6af1-4932-9caf-89bf628871fd HTTP/1.1" status: 200 len: 1170 time: 0.0649874
2026-07-15 22:55:44.740 10 INFO neutron.db.ovn_revision_numbers_db [None req-6f53d01f-47f8-431f-8151-91ad584aebdf - - - - - -] Successfully bumped revision number for resource e8e26b55-3d5a-46c5-9cbe-1e5732169183 (type: ports) to 2
2026-07-15 22:55:44.762 9 INFO neutron.db.ovn_revision_numbers_db [None req-1ae8d785-5e4f-42a6-88de-b85d008ceb67 - - - - - -] Successfully bumped revision number for resource 46105246-e737-4723-a2b1-8221a480299e (type: ports) to 1
2026-07-15 22:55:44.772 9 INFO neutron.db.ovn_revision_numbers_db [None req-bc2f3fc8-a96a-48da-8f63-b6a3429cde33 15347a2cd9fb413892463cba0acf75e4 3b11b5342cb9458b8a6fe990fe268e21 - - default default] Successfully bumped revision number for resource b15d3ad4-579d-46dc-a611-76e97d353f2f (type: ports) to 1
2026-07-15 22:55:44.792 9 INFO neutron.wsgi [req-13d6be26-7a3e-4f1a-8531-2ceb7e4e4bf0 req-570ab5fc-30ae-480e-96de-41d65684bd83 d1258b91d9014d8dbcfcb8f75af42d02 8228ceb9e4254d4e9fc377776bafd4da - - default default] 10.0.0.199 "GET /v2.0/security-groups?id=d7f9724f-7831-42bf-a75f-042d38b015c3&fields=id&fields=name HTTP/1.1" status: 200 len: 286 time: 0.0684788
2026-07-15 22:55:44.834 10 INFO neutron.notifiers.nova [-] Nova event matching ['req-abb0a48c-1bfb-4982-b0d3-6187171b9868'] response: {'server_uuid': 'ed299645-6af1-4932-9caf-89bf628871fd', 'name': 'network-vif-plugged', 'status': 'completed', 'tag': '0fc79b41-6b02-46fb-8cd7-4bf0a185a43e', 'code': 200}
2026-07-15 22:55:44.835 10 INFO neutron.notifiers.nova [-] Nova event matching ['req-abb0a48c-1bfb-4982-b0d3-6187171b9868'] response: {'server_uuid': 'cd3b42e6-51e4-47f3-8c84-734d2cd82b9a', 'name': 'network-vif-plugged', 'status': 'completed', 'tag': '0e245250-91cb-4239-a43f-bb91c3c0fd53', 'code': 200}
2026-07-15 22:55:44.835 10 INFO neutron.notifiers.nova [-] Nova event matching ['req-abb0a48c-1bfb-4982-b0d3-6187171b9868'] response: {'server_uuid': 'cd3b42e6-51e4-47f3-8c84-734d2cd82b9a', 'name': 'network-vif-plugged', 'status': 'completed', 'tag': '0e245250-91cb-4239-a43f-bb91c3c0fd53', 'code': 200}
2026-07-15 22:55:44.961 9 WARNING neutron.scheduler.dhcp_agent_scheduler [None req-00543523-a09f-4430-9453-b250a2444117 15347a2cd9fb413892463cba0acf75e4 3b11b5342cb9458b8a6fe990fe268e21 - - default default] No more DHCP agents
2026-07-15 22:55:44.965 9 WARNING neutron.api.rpc.agentnotifiers.dhcp_rpc_agent_api [None req-00543523-a09f-4430-9453-b250a2444117 15347a2cd9fb413892463cba0acf75e4 3b11b5342cb9458b8a6fe990fe268e21 - - default default] Unable to schedule network 96049479-5295-4c8e-9f65-88c5f4e9cea4: no agents available; will retry on subsequent port and subnet creation events.
2026-07-15 22:55:45.079 10 INFO neutron.db.ovn_revision_numbers_db [None req-cd3b2352-ef9d-4b0d-b87f-52edbcc52025 - - - - - -] Successfully bumped revision number for resource 0fc79b41-6b02-46fb-8cd7-4bf0a185a43e (type: ports) to 5
2026-07-15 22:55:45.084 10 INFO neutron.db.ovn_revision_numbers_db [None req-6f53d01f-47f8-431f-8151-91ad584aebdf - - - - - -] Successfully bumped revision number for resource e8e26b55-3d5a-46c5-9cbe-1e5732169183 (type: ports) to 4
2026-07-15 22:55:45.245 9 INFO neutron.wsgi [req-add605ef-e298-461c-9c8a-1aa5f27eca86 req-a717a34c-d165-4dab-9347-a0ffc4cb2021 d1258b91d9014d8dbcfcb8f75af42d02 8228ceb9e4254d4e9fc377776bafd4da - - default default] 199.204.45.235 "GET /v2.0/ports?device_id=ed299645-6af1-4932-9caf-89bf628871fd HTTP/1.1" status: 200 len: 1168 time: 0.2109613
2026-07-15 22:55:45.361 9 INFO neutron.wsgi [req-a0191e94-37fd-4520-b125-bb5cdfef3f61 req-737b314e-28f7-4e30-bf9c-f6ef48afcdcf cf2e1d0a3abf415aa1bced3d92f377cc 8c61cbe1b6d5481a8367bcdf214497dd - - default default] 10.0.0.199 "GET /v2.0/ports?device_id=cd3b42e6-51e4-47f3-8c84-734d2cd82b9a HTTP/1.1" status: 200 len: 1170 time: 0.1156287
2026-07-15 22:55:45.425 10 INFO neutron.db.ovn_revision_numbers_db [None req-6f53d01f-47f8-431f-8151-91ad584aebdf - - - - - -] Successfully bumped revision number for resource e8e26b55-3d5a-46c5-9cbe-1e5732169183 (type: router_ports) to 4
2026-07-15 22:55:45.442 9 INFO neutron.db.ovn_revision_numbers_db [None req-00543523-a09f-4430-9453-b250a2444117 15347a2cd9fb413892463cba0acf75e4 3b11b5342cb9458b8a6fe990fe268e21 - - default default] Successfully bumped revision number for resource 0aab4da8-c799-444d-9670-0308b572df22 (type: ports) to 1
2026-07-15 22:55:45.495 9 INFO neutron.wsgi [req-a0191e94-37fd-4520-b125-bb5cdfef3f61 req-c969435d-b208-479b-a394-7f6747c66872 cf2e1d0a3abf415aa1bced3d92f377cc 8c61cbe1b6d5481a8367bcdf214497dd - - default default] 10.0.0.199 "GET /v2.0/security-groups?id=bdc63d58-228f-4606-8cf1-a8617502a49f&fields=id&fields=name HTTP/1.1" status: 200 len: 312 time: 0.1109283 /var/lib/openstack/lib/python3.10/site-packages/pycadf/identifier.py:71: UserWarning: Invalid uuid: neutron. To ensure interoperability, identifiers should be a valid uuid. warnings.warn(('Invalid uuid: %s. To ensure interoperability, '
2026-07-15 22:55:45.594 9 INFO neutron.db.ovn_revision_numbers_db [None req-1ae8d785-5e4f-42a6-88de-b85d008ceb67 - - - - - -] Successfully bumped revision number for resource 46105246-e737-4723-a2b1-8221a480299e (type: router_ports) to 3
2026-07-15 22:55:45.608 10 INFO neutron.wsgi [req-a2d3a1a6-3c04-48c0-9d55-fb392b0a2e5d req-558ebb11-c72c-4a12-af15-b99abb038e18 cf2e1d0a3abf415aa1bced3d92f377cc 8c61cbe1b6d5481a8367bcdf214497dd - - default default] 10.0.0.199 "GET /v2.0/ports?device_id=cd3b42e6-51e4-47f3-8c84-734d2cd82b9a HTTP/1.1" status: 200 len: 1170 time: 0.0454056
2026-07-15 22:55:45.644 9 INFO neutron.plugins.ml2.drivers.ovn.mech_driver.mech_driver [None req-c2740de3-9fdc-4af1-8deb-8479581be0bc - - - - - -] OVN reports status up for port: 46105246-e737-4723-a2b1-8221a480299e
2026-07-15 22:55:45.681 9 INFO neutron.plugins.ml2.plugin [None req-c2740de3-9fdc-4af1-8deb-8479581be0bc - - - - - -] Attempt 1 to provision port 46105246-e737-4723-a2b1-8221a480299e
2026-07-15 22:55:45.929 10 INFO neutron.db.l3_db [None req-81fb8961-4ecc-4a10-afc3-bd9ade639082 cf2e1d0a3abf415aa1bced3d92f377cc 8c61cbe1b6d5481a8367bcdf214497dd - - default default] Floating IP 2d1e83d1-0d3f-4759-96b9-b03091a897d0 associated. External IP: 10.96.250.202, port: 0e245250-91cb-4239-a43f-bb91c3c0fd53.
2026-07-15 22:55:46.089 9 INFO neutron.wsgi [req-544026c6-377f-452d-a9c2-d0fb12996c2e req-0e4b445d-30f2-4e1f-b17c-ad2ef5a528c5 d1258b91d9014d8dbcfcb8f75af42d02 8228ceb9e4254d4e9fc377776bafd4da - - default default] 10.0.0.199 "GET /v2.0/ports?device_id=ed299645-6af1-4932-9caf-89bf628871fd HTTP/1.1" status: 200 len: 1168 time: 0.1437993
2026-07-15 22:55:46.121 10 INFO neutron.plugins.ml2.drivers.ovn.mech_driver.mech_driver [None req-cd3b2352-ef9d-4b0d-b87f-52edbcc52025 - - - - - -] OVN reports status up for port: b15d3ad4-579d-46dc-a611-76e97d353f2f
2026-07-15 22:55:46.143 10 INFO neutron.plugins.ml2.plugin [None req-cd3b2352-ef9d-4b0d-b87f-52edbcc52025 - - - - - -] Attempt 1 to provision port b15d3ad4-579d-46dc-a611-76e97d353f2f
2026-07-15 22:55:46.215 9 INFO neutron.wsgi [req-544026c6-377f-452d-a9c2-d0fb12996c2e req-5e5f1793-1ad9-4b3e-8cc7-600bd424ff96 d1258b91d9014d8dbcfcb8f75af42d02 8228ceb9e4254d4e9fc377776bafd4da - - default default] 10.0.0.199 "GET /v2.0/security-groups?id=d7f9724f-7831-42bf-a75f-042d38b015c3&fields=id&fields=name HTTP/1.1" status: 200 len: 286 time: 0.1129730
2026-07-15 22:55:46.229 9 INFO neutron.db.ovn_revision_numbers_db [None req-bc2f3fc8-a96a-48da-8f63-b6a3429cde33 15347a2cd9fb413892463cba0acf75e4 3b11b5342cb9458b8a6fe990fe268e21 - - default default] Successfully bumped revision number for resource b15d3ad4-579d-46dc-a611-76e97d353f2f (type: router_ports) to 1
2026-07-15 22:55:46.270 9 INFO neutron.wsgi [req-add605ef-e298-461c-9c8a-1aa5f27eca86 req-7d4dcc57-d15f-4734-8f6f-f0c15b1da2b0 d1258b91d9014d8dbcfcb8f75af42d02 8228ceb9e4254d4e9fc377776bafd4da - - default default] 199.204.45.235 "DELETE /v2.0/ports/0fc79b41-6b02-46fb-8cd7-4bf0a185a43e HTTP/1.1" status: 204 len: 173 time: 1.0096667
2026-07-15 22:55:46.309 9 INFO neutron.notifiers.nova [-] Nova event matching ['req-73e0a0c8-a053-4033-9f7b-3ab49a89dcbb'] response: {'server_uuid': 'ed299645-6af1-4932-9caf-89bf628871fd', 'name': 'network-vif-deleted', 'tag': '0fc79b41-6b02-46fb-8cd7-4bf0a185a43e', 'status': 'completed', 'code': 200}
2026-07-15 22:55:46.316 9 INFO neutron.db.ovn_revision_numbers_db [None req-1ae8d785-5e4f-42a6-88de-b85d008ceb67 - - - - - -] Successfully bumped revision number for resource 46105246-e737-4723-a2b1-8221a480299e (type: ports) to 2
2026-07-15 22:55:46.429 10 INFO neutron.db.ovn_revision_numbers_db [None req-81fb8961-4ecc-4a10-afc3-bd9ade639082 cf2e1d0a3abf415aa1bced3d92f377cc 8c61cbe1b6d5481a8367bcdf214497dd - - default default] Successfully bumped revision number for resource 2d1e83d1-0d3f-4759-96b9-b03091a897d0 (type: floatingips) to 1
2026-07-15 22:55:46.557 10 INFO neutron.db.ovn_revision_numbers_db [None req-81fb8961-4ecc-4a10-afc3-bd9ade639082 cf2e1d0a3abf415aa1bced3d92f377cc 8c61cbe1b6d5481a8367bcdf214497dd - - default default] Successfully bumped revision number for resource 2d1e83d1-0d3f-4759-96b9-b03091a897d0 (type: floatingips) to 2
2026-07-15 22:55:46.581 9 INFO neutron.db.ovn_revision_numbers_db [None req-c2740de3-9fdc-4af1-8deb-8479581be0bc - - - - - -] Successfully bumped revision number for resource 46105246-e737-4723-a2b1-8221a480299e (type: ports) to 4
2026-07-15 22:55:46.587 9 INFO neutron.db.ovn_revision_numbers_db [None req-bc2f3fc8-a96a-48da-8f63-b6a3429cde33 15347a2cd9fb413892463cba0acf75e4 3b11b5342cb9458b8a6fe990fe268e21 - - default default] Successfully bumped revision number for resource b15d3ad4-579d-46dc-a611-76e97d353f2f (type: ports) to 1
2026-07-15 22:55:46.591 10 INFO neutron.wsgi [None req-81fb8961-4ecc-4a10-afc3-bd9ade639082 cf2e1d0a3abf415aa1bced3d92f377cc 8c61cbe1b6d5481a8367bcdf214497dd - - default default] 10.0.0.216 "PUT /v2.0/floatingips/2d1e83d1-0d3f-4759-96b9-b03091a897d0 HTTP/1.1" status: 200 len: 1049 time: 0.9724205
2026-07-15 22:55:46.604 10 INFO neutron.db.ovn_revision_numbers_db [None req-cd3b2352-ef9d-4b0d-b87f-52edbcc52025 - - - - - -] Successfully bumped revision number for resource b15d3ad4-579d-46dc-a611-76e97d353f2f (type: ports) to 2
2026-07-15 22:55:46.715 9 INFO neutron.wsgi [req-25931b87-b50d-43bd-8a14-c83260c23142 req-866ba2f9-7b52-477a-a508-a2493312c04e cf2e1d0a3abf415aa1bced3d92f377cc 8c61cbe1b6d5481a8367bcdf214497dd - - default default] 10.0.0.199 "GET /v2.0/ports?device_id=cd3b42e6-51e4-47f3-8c84-734d2cd82b9a HTTP/1.1" status: 200 len: 1170 time: 0.0768030
2026-07-15 22:55:46.721 10 INFO neutron.db.ovn_revision_numbers_db [None req-cd3b2352-ef9d-4b0d-b87f-52edbcc52025 - - - - - -] Successfully bumped revision number for resource b15d3ad4-579d-46dc-a611-76e97d353f2f (type: router_ports) to 2
2026-07-15 22:55:46.746 9 INFO neutron.db.ovn_revision_numbers_db [None req-00543523-a09f-4430-9453-b250a2444117 15347a2cd9fb413892463cba0acf75e4 3b11b5342cb9458b8a6fe990fe268e21 - - default default] Successfully bumped revision number for resource 0aab4da8-c799-444d-9670-0308b572df22 (type: router_ports) to 1
2026-07-15 22:55:46.767 9 WARNING neutron.scheduler.dhcp_agent_scheduler [None req-bc2f3fc8-a96a-48da-8f63-b6a3429cde33 15347a2cd9fb413892463cba0acf75e4 3b11b5342cb9458b8a6fe990fe268e21 - - default default] No more DHCP agents
2026-07-15 22:55:46.781 9 WARNING neutron.api.rpc.agentnotifiers.dhcp_rpc_agent_api [None req-bc2f3fc8-a96a-48da-8f63-b6a3429cde33 15347a2cd9fb413892463cba0acf75e4 3b11b5342cb9458b8a6fe990fe268e21 - - default default] Unable to schedule network 58f8516b-4467-47a4-91ed-74aeb75f627c: no agents available; will retry on subsequent port and subnet creation events.
2026-07-15 22:55:46.821 9 INFO neutron.wsgi [req-25931b87-b50d-43bd-8a14-c83260c23142 req-e18fc98e-47ff-4a8f-8c2f-3211637ffde0 cf2e1d0a3abf415aa1bced3d92f377cc 8c61cbe1b6d5481a8367bcdf214497dd - - default default] 10.0.0.199 "GET /v2.0/security-groups?id=bdc63d58-228f-4606-8cf1-a8617502a49f&fields=id&fields=name HTTP/1.1" status: 200 len: 312 time: 0.0946605
2026-07-15 22:55:46.898 10 INFO neutron.notifiers.nova [-] Nova event matching ['req-2cb17b38-7c5f-4326-bed6-78fb428c3263'] response: {'server_uuid': 'ed299645-6af1-4932-9caf-89bf628871fd', 'name': 'network-vif-unplugged', 'status': 'completed', 'tag': '0fc79b41-6b02-46fb-8cd7-4bf0a185a43e', 'code': 200}
2026-07-15 22:55:46.898 10 INFO neutron.notifiers.nova [-] Nova event matching ['req-2cb17b38-7c5f-4326-bed6-78fb428c3263'] response: {'server_uuid': 'ed299645-6af1-4932-9caf-89bf628871fd', 'name': 'network-vif-plugged', 'status': 'completed', 'tag': '0fc79b41-6b02-46fb-8cd7-4bf0a185a43e', 'code': 200}
2026-07-15 22:55:46.898 10 INFO neutron.notifiers.nova [-] Nova event matching ['req-2cb17b38-7c5f-4326-bed6-78fb428c3263'] response: {'name': 'network-changed', 'server_uuid': 'cd3b42e6-51e4-47f3-8c84-734d2cd82b9a', 'tag': '0e245250-91cb-4239-a43f-bb91c3c0fd53', 'status': 'completed', 'code': 200}
2026-07-15 22:55:47.208 9 INFO neutron.wsgi [req-7ac19f17-035f-434f-805b-982f8e3b5f5e req-1796b5d9-d846-41d5-8fda-0547ad1855d4 020148a245aa457ba8f9ae8eec1f5b74 f4970c914d95420382e7831c1c5a8c46 - - 713730aea4c849d39e19d81e6968278a 713730aea4c849d39e19d81e6968278a] 199.204.45.235 "GET /v2.0/ports?tenant_id=8c61cbe1b6d5481a8367bcdf214497dd&device_id=cd3b42e6-51e4-47f3-8c84-734d2cd82b9a HTTP/1.1" status: 200 len: 1409 time: 0.2898850
2026-07-15 22:55:47.322 9 INFO neutron.wsgi [req-8670522a-5359-458c-8170-ec2aea05ff5c req-8d659cce-c5d9-459c-804e-6414f888845b cf2e1d0a3abf415aa1bced3d92f377cc 8c61cbe1b6d5481a8367bcdf214497dd - - default default] 10.0.0.199 "GET /v2.0/ports?device_id=cd3b42e6-51e4-47f3-8c84-734d2cd82b9a HTTP/1.1" status: 200 len: 1170 time: 0.1090021
2026-07-15 22:55:47.364 9 INFO neutron.db.ovn_revision_numbers_db [None req-00543523-a09f-4430-9453-b250a2444117 15347a2cd9fb413892463cba0acf75e4 3b11b5342cb9458b8a6fe990fe268e21 - - default default] Successfully bumped revision number for resource 0aab4da8-c799-444d-9670-0308b572df22 (type: ports) to 1
2026-07-15 22:55:47.393 9 INFO neutron.wsgi [req-7ac19f17-035f-434f-805b-982f8e3b5f5e req-c2a74251-00b1-4e41-bb6e-28209809b860 020148a245aa457ba8f9ae8eec1f5b74 f4970c914d95420382e7831c1c5a8c46 - - 713730aea4c849d39e19d81e6968278a 713730aea4c849d39e19d81e6968278a] 199.204.45.235 "GET /v2.0/networks?id=d5948781-0e33-4413-a7e6-5edfe3716282 HTTP/1.1" status: 200 len: 977 time: 0.1704290
2026-07-15 22:55:47.399 9 INFO neutron.db.ovn_revision_numbers_db [None req-c2740de3-9fdc-4af1-8deb-8479581be0bc - - - - - -] Successfully bumped revision number for resource 46105246-e737-4723-a2b1-8221a480299e (type: router_ports) to 4
2026-07-15 22:55:47.472 9 INFO neutron.wsgi [req-8670522a-5359-458c-8170-ec2aea05ff5c req-8795b437-2967-4085-8b6c-25244adfcd55 cf2e1d0a3abf415aa1bced3d92f377cc 8c61cbe1b6d5481a8367bcdf214497dd - - default default] 10.0.0.199 "GET /v2.0/security-groups?id=bdc63d58-228f-4606-8cf1-a8617502a49f&fields=id&fields=name HTTP/1.1" status: 200 len: 312 time: 0.1298313
2026-07-15 22:55:47.503 9 INFO neutron.wsgi [req-7ac19f17-035f-434f-805b-982f8e3b5f5e req-bb369ce8-acf8-4e3d-b524-49c3f0ac50ee 020148a245aa457ba8f9ae8eec1f5b74 f4970c914d95420382e7831c1c5a8c46 - - 713730aea4c849d39e19d81e6968278a 713730aea4c849d39e19d81e6968278a] 199.204.45.235 "GET /v2.0/floatingips?fixed_ip_address=10.100.0.6&port_id=0e245250-91cb-4239-a43f-bb91c3c0fd53 HTTP/1.1" status: 200 len: 1059 time: 0.1012921
2026-07-15 22:55:47.548 10 INFO neutron.wsgi [req-cf9e0e2e-ff4d-4b52-8298-1bf4a5cd2c0c req-aab5f94e-c845-4ac4-8c42-67b5fc71bb54 cf2e1d0a3abf415aa1bced3d92f377cc 8c61cbe1b6d5481a8367bcdf214497dd - - default default] 199.204.45.235 "GET /v2.0/ports?device_id=cd3b42e6-51e4-47f3-8c84-734d2cd82b9a HTTP/1.1" status: 200 len: 1170 time: 0.1190350
2026-07-15 22:55:47.559 9 WARNING neutron.scheduler.dhcp_agent_scheduler [None req-00543523-a09f-4430-9453-b250a2444117 15347a2cd9fb413892463cba0acf75e4 3b11b5342cb9458b8a6fe990fe268e21 - - default default] No more DHCP agents
2026-07-15 22:55:47.565 9 WARNING neutron.api.rpc.agentnotifiers.dhcp_rpc_agent_api [None req-00543523-a09f-4430-9453-b250a2444117 15347a2cd9fb413892463cba0acf75e4 3b11b5342cb9458b8a6fe990fe268e21 - - default default] Unable to schedule network 96049479-5295-4c8e-9f65-88c5f4e9cea4: no agents available; will retry on subsequent port and subnet creation events.
2026-07-15 22:55:47.579 9 INFO neutron.wsgi [req-7ac19f17-035f-434f-805b-982f8e3b5f5e req-b71296ea-a224-4161-93d5-2fa1f8288dd6 020148a245aa457ba8f9ae8eec1f5b74 f4970c914d95420382e7831c1c5a8c46 - - 713730aea4c849d39e19d81e6968278a 713730aea4c849d39e19d81e6968278a] 199.204.45.235 "GET /v2.0/subnets?id=bdc83e6f-116b-4b14-b4c7-ad34f347c047 HTTP/1.1" status: 200 len: 872 time: 0.0682197 /var/lib/openstack/lib/python3.10/site-packages/pycadf/identifier.py:71: UserWarning: Invalid uuid: neutron. To ensure interoperability, identifiers should be a valid uuid. warnings.warn(('Invalid uuid: %s. To ensure interoperability, '
2026-07-15 22:55:47.627 9 INFO neutron.plugins.ml2.drivers.ovn.mech_driver.mech_driver [None req-c2740de3-9fdc-4af1-8deb-8479581be0bc - - - - - -] OVN reports status up for port: 0aab4da8-c799-444d-9670-0308b572df22
2026-07-15 22:55:47.642 9 INFO neutron.wsgi [req-7ac19f17-035f-434f-805b-982f8e3b5f5e req-d3f31012-b50b-4ee8-9228-ef71f96db544 020148a245aa457ba8f9ae8eec1f5b74 f4970c914d95420382e7831c1c5a8c46 - - 713730aea4c849d39e19d81e6968278a 713730aea4c849d39e19d81e6968278a] 199.204.45.235 "GET /v2.0/ports?network_id=d5948781-0e33-4413-a7e6-5edfe3716282&device_owner=network%3Adhcp HTTP/1.1" status: 200 len: 210 time: 0.0540342
2026-07-15 22:55:47.649 9 INFO neutron.plugins.ml2.plugin [None req-c2740de3-9fdc-4af1-8deb-8479581be0bc - - - - - -] Attempt 1 to provision port 0aab4da8-c799-444d-9670-0308b572df22
2026-07-15 22:55:47.781 9 INFO neutron.wsgi [req-7ac19f17-035f-434f-805b-982f8e3b5f5e req-6ffad029-f829-4290-a7a4-50f3d50ae2e0 020148a245aa457ba8f9ae8eec1f5b74 f4970c914d95420382e7831c1c5a8c46 - - 713730aea4c849d39e19d81e6968278a 713730aea4c849d39e19d81e6968278a] 199.204.45.235 "GET /v2.0/networks/d5948781-0e33-4413-a7e6-5edfe3716282?fields=segments HTTP/1.1" status: 200 len: 212 time: 0.1307428
2026-07-15 22:55:47.910 9 INFO neutron.wsgi [req-7ac19f17-035f-434f-805b-982f8e3b5f5e req-2026005a-108c-495f-b77c-8ab9b5e3c998 020148a245aa457ba8f9ae8eec1f5b74 f4970c914d95420382e7831c1c5a8c46 - - 713730aea4c849d39e19d81e6968278a 713730aea4c849d39e19d81e6968278a] 199.204.45.235 "GET /v2.0/networks/d5948781-0e33-4413-a7e6-5edfe3716282?fields=provider%3Aphysical_network&fields=provider%3Anetwork_type HTTP/1.1" status: 200 len: 277 time: 0.1210339
2026-07-15 22:55:48.098 10 INFO neutron.db.l3_db [req-cf9e0e2e-ff4d-4b52-8298-1bf4a5cd2c0c req-462f35a6-473c-4499-a15a-37c8bb6fea75 cf2e1d0a3abf415aa1bced3d92f377cc 8c61cbe1b6d5481a8367bcdf214497dd - - default default] Floating IP 2d1e83d1-0d3f-4759-96b9-b03091a897d0 disassociated. External IP: 10.96.250.202, port: 0e245250-91cb-4239-a43f-bb91c3c0fd53.
2026-07-15 22:55:48.351 10 INFO neutron.wsgi [req-cf9e0e2e-ff4d-4b52-8298-1bf4a5cd2c0c req-462f35a6-473c-4499-a15a-37c8bb6fea75 cf2e1d0a3abf415aa1bced3d92f377cc 8c61cbe1b6d5481a8367bcdf214497dd - - default default] 199.204.45.235 "DELETE /v2.0/ports/0e245250-91cb-4239-a43f-bb91c3c0fd53 HTTP/1.1" status: 204 len: 173 time: 0.7971039
2026-07-15 22:55:48.406 9 INFO neutron.db.ovn_revision_numbers_db [None req-c2740de3-9fdc-4af1-8deb-8479581be0bc - - - - - -] Successfully bumped revision number for resource 0aab4da8-c799-444d-9670-0308b572df22 (type: ports) to 2
2026-07-15 22:55:48.589 10 INFO neutron.wsgi [req-d7dc6ae2-b567-4098-8ee5-0ede6b8b8dbf req-bfdaff89-f34d-41bf-82dd-e4e1b2d72a95 cf2e1d0a3abf415aa1bced3d92f377cc 8c61cbe1b6d5481a8367bcdf214497dd - - default default] 10.0.0.199 "GET /v2.0/ports?device_id=cd3b42e6-51e4-47f3-8c84-734d2cd82b9a HTTP/1.1" status: 200 len: 210 time: 0.0291028
2026-07-15 22:55:48.659 9 INFO neutron.db.ovn_revision_numbers_db [None req-c2740de3-9fdc-4af1-8deb-8479581be0bc - - - - - -] Successfully bumped revision number for resource 0aab4da8-c799-444d-9670-0308b572df22 (type: router_ports) to 2
2026-07-15 22:55:48.710 9 INFO neutron.db.ovn_revision_numbers_db [None req-bc2f3fc8-a96a-48da-8f63-b6a3429cde33 15347a2cd9fb413892463cba0acf75e4 3b11b5342cb9458b8a6fe990fe268e21 - - default default] Successfully bumped revision number for resource b15d3ad4-579d-46dc-a611-76e97d353f2f (type: router_ports) to 2
2026-07-15 22:55:48.713 9 INFO neutron.wsgi [None req-bc2f3fc8-a96a-48da-8f63-b6a3429cde33 15347a2cd9fb413892463cba0acf75e4 3b11b5342cb9458b8a6fe990fe268e21 - - default default] 10.0.0.216 "PUT /v2.0/routers/342a600d-b98a-4823-b79f-f3691f48848f/add_router_interface HTTP/1.1" status: 200 len: 503 time: 5.2570090
2026-07-15 22:55:48.944 10 INFO neutron.notifiers.nova [-] Nova event matching ['req-d2aca7aa-c0cb-48d6-8f1f-1dd47fc615ba'] response: {'server_uuid': 'cd3b42e6-51e4-47f3-8c84-734d2cd82b9a', 'name': 'network-vif-deleted', 'tag': '0e245250-91cb-4239-a43f-bb91c3c0fd53', 'status': 'completed', 'code': 200}
2026-07-15 22:55:48.949 10 INFO neutron.wsgi [None req-222a2207-aa8f-49db-ac7b-1630da685320 15347a2cd9fb413892463cba0acf75e4 3b11b5342cb9458b8a6fe990fe268e21 - - default default] 10.0.0.216 "PUT /v2.0/routers/39b921ee-9d77-44e1-9910-4473deb315f6/remove_router_interface HTTP/1.1" status: 200 len: 503 time: 1.6339378 /var/lib/openstack/lib/python3.10/site-packages/pycadf/identifier.py:71: UserWarning: Invalid uuid: neutron. To ensure interoperability, identifiers should be a valid uuid. warnings.warn(('Invalid uuid: %s. To ensure interoperability, '
2026-07-15 22:55:49.023 9 INFO neutron.wsgi [None req-00543523-a09f-4430-9453-b250a2444117 15347a2cd9fb413892463cba0acf75e4 3b11b5342cb9458b8a6fe990fe268e21 - - default default] 10.0.0.216 "PUT /v2.0/routers/3e12ea88-c3b7-4f10-92f3-35108f14e78c/add_router_interface HTTP/1.1" status: 200 len: 503 time: 5.1019692
2026-07-15 22:55:49.426 10 INFO neutron.db.ovn_revision_numbers_db [None req-b7967a93-09c1-409e-9a79-6d7fcc44b17f 07cee014597842e3b100ad8edd6f41f1 5ef660e2c4914b00863607c6fd161a60 - - default default] Successfully bumped revision number for resource 51dcd016-1632-4916-b441-49ec6d1a0910 (type: security_groups) to 1
2026-07-15 22:55:49.451 10 INFO neutron.db.ovn_revision_numbers_db [None req-b7967a93-09c1-409e-9a79-6d7fcc44b17f 07cee014597842e3b100ad8edd6f41f1 5ef660e2c4914b00863607c6fd161a60 - - default default] Successfully bumped revision number for resource a45c2a26-0786-4982-8890-6c17ecdeb00b (type: security_group_rules) to 0
2026-07-15 22:55:49.465 10 INFO neutron.db.ovn_revision_numbers_db [None req-b7967a93-09c1-409e-9a79-6d7fcc44b17f 07cee014597842e3b100ad8edd6f41f1 5ef660e2c4914b00863607c6fd161a60 - - default default] Successfully bumped revision number for resource df7012e7-a211-47ae-bbb8-3f4e420fa45c (type: security_group_rules) to 0
2026-07-15 22:55:49.499 10 INFO neutron.wsgi [None req-b7967a93-09c1-409e-9a79-6d7fcc44b17f 07cee014597842e3b100ad8edd6f41f1 5ef660e2c4914b00863607c6fd161a60 - - default default] 10.0.0.216 "POST /v2.0/security-groups HTTP/1.1" status: 201 len: 1797 time: 0.2591560
2026-07-15 22:55:49.609 9 INFO neutron.db.ovn_revision_numbers_db [None req-f5497a7f-8cb6-47a8-aadd-346b60eab186 a2adbb392b07427182f6fa64aec77e55 50d24b6c76834dfcb80ebb9f73b33bf8 - - default default] Successfully bumped revision number for resource 71542d48-5bb5-4ed2-b0cc-5072881c74bb (type: security_groups) to 1
2026-07-15 22:55:49.626 9 INFO neutron.db.ovn_revision_numbers_db [None req-f5497a7f-8cb6-47a8-aadd-346b60eab186 a2adbb392b07427182f6fa64aec77e55 50d24b6c76834dfcb80ebb9f73b33bf8 - - default default] Successfully bumped revision number for resource 15cf3776-afd2-4268-ba04-17f5dc5a54db (type: security_group_rules) to 0
2026-07-15 22:55:49.641 9 INFO neutron.db.ovn_revision_numbers_db [None req-f5497a7f-8cb6-47a8-aadd-346b60eab186 a2adbb392b07427182f6fa64aec77e55 50d24b6c76834dfcb80ebb9f73b33bf8 - - default default] Successfully bumped revision number for resource 60f19d74-c503-47a1-93f7-883a704d3c37 (type: security_group_rules) to 0
2026-07-15 22:55:49.645 10 INFO neutron.wsgi [None req-b1179d7d-4045-48ba-a184-9b7553e50520 15347a2cd9fb413892463cba0acf75e4 3b11b5342cb9458b8a6fe990fe268e21 - - default default] 10.0.0.216 "DELETE /v2.0/routers/39b921ee-9d77-44e1-9910-4473deb315f6 HTTP/1.1" status: 204 len: 168 time: 0.6916051
2026-07-15 22:55:49.661 9 INFO neutron.wsgi [None req-f5497a7f-8cb6-47a8-aadd-346b60eab186 a2adbb392b07427182f6fa64aec77e55 50d24b6c76834dfcb80ebb9f73b33bf8 - - default default] 10.0.0.216 "POST /v2.0/security-groups HTTP/1.1" status: 201 len: 1797 time: 0.1730273
2026-07-15 22:55:49.673 10 INFO neutron.db.ovn_revision_numbers_db [None req-cb8b80d1-a42e-4260-8d62-25218e850273 07cee014597842e3b100ad8edd6f41f1 5ef660e2c4914b00863607c6fd161a60 - - default default] Successfully bumped revision number for resource 4194609c-c266-4bf5-8357-8e4d63a26547 (type: security_group_rules) to 0
2026-07-15 22:55:49.707 10 INFO neutron.wsgi [None req-cb8b80d1-a42e-4260-8d62-25218e850273 07cee014597842e3b100ad8edd6f41f1 5ef660e2c4914b00863607c6fd161a60 - - default default] 10.0.0.216 "POST /v2.0/security-group-rules HTTP/1.1" status: 201 len: 764 time: 0.2029915
2026-07-15 22:55:49.827 9 INFO neutron.wsgi [None req-0472402f-b91b-4af4-a40a-37be9d664c3f cf2e1d0a3abf415aa1bced3d92f377cc 8c61cbe1b6d5481a8367bcdf214497dd - - default default] 10.0.0.216 "DELETE /v2.0/security-groups/bdc63d58-228f-4606-8cf1-a8617502a49f HTTP/1.1" status: 204 len: 168 time: 0.1498010
2026-07-15 22:55:49.833 9 INFO neutron.db.ovn_revision_numbers_db [None req-3f462e1f-2e08-4e74-b3e7-620d3f912d1a a2adbb392b07427182f6fa64aec77e55 50d24b6c76834dfcb80ebb9f73b33bf8 - - default default] Successfully bumped revision number for resource 8da4dd82-4b97-44b9-b537-7b8f8e889fa1 (type: security_group_rules) to 0
2026-07-15 22:55:49.848 10 INFO neutron.api.v2.resource [None req-80935ffb-70e8-4c1d-88a0-8875c7ed64ef cf2e1d0a3abf415aa1bced3d92f377cc 8c61cbe1b6d5481a8367bcdf214497dd - - default default] show failed (client error): The resource could not be found.
2026-07-15 22:55:49.849 10 INFO neutron.wsgi [None req-80935ffb-70e8-4c1d-88a0-8875c7ed64ef cf2e1d0a3abf415aa1bced3d92f377cc 8c61cbe1b6d5481a8367bcdf214497dd - - default default] 10.0.0.216 "GET /v2.0/security-groups/bdc63d58-228f-4606-8cf1-a8617502a49f HTTP/1.1" status: 404 len: 347 time: 0.0138278
2026-07-15 22:55:49.858 10 INFO neutron.wsgi [None req-88bd5f94-8604-4c04-a8dc-affd63b398ec 15347a2cd9fb413892463cba0acf75e4 3b11b5342cb9458b8a6fe990fe268e21 - - default default] 10.0.0.216 "DELETE /v2.0/subnets/23ae525d-9c17-48f4-b282-c865cc174414 HTTP/1.1" status: 204 len: 168 time: 0.2062714
2026-07-15 22:55:49.864 9 INFO neutron.wsgi [None req-3f462e1f-2e08-4e74-b3e7-620d3f912d1a a2adbb392b07427182f6fa64aec77e55 50d24b6c76834dfcb80ebb9f73b33bf8 - - default default] 10.0.0.216 "POST /v2.0/security-group-rules HTTP/1.1" status: 201 len: 764 time: 0.1965151
2026-07-15 22:55:49.897 10 INFO neutron.db.ovn_revision_numbers_db [None req-60018d35-3f5f-4abf-9596-dc7fe38e73f6 07cee014597842e3b100ad8edd6f41f1 5ef660e2c4914b00863607c6fd161a60 - - default default] Successfully bumped revision number for resource 91bab18f-d80f-4758-8905-91aaca6d7938 (type: security_group_rules) to 0
2026-07-15 22:55:49.937 10 INFO neutron.wsgi [None req-60018d35-3f5f-4abf-9596-dc7fe38e73f6 07cee014597842e3b100ad8edd6f41f1 5ef660e2c4914b00863607c6fd161a60 - - default default] 10.0.0.216 "POST /v2.0/security-group-rules HTTP/1.1" status: 201 len: 769 time: 0.2248266
2026-07-15 22:55:50.066 10 INFO neutron.db.ovn_revision_numbers_db [None req-268b1828-72d8-42da-8a33-ff04a5583b27 a2adbb392b07427182f6fa64aec77e55 50d24b6c76834dfcb80ebb9f73b33bf8 - - default default] Successfully bumped revision number for resource 379d9c1c-b295-4080-bfee-da8f3ee3fb85 (type: security_group_rules) to 0
2026-07-15 22:55:50.091 10 INFO neutron.wsgi [None req-268b1828-72d8-42da-8a33-ff04a5583b27 a2adbb392b07427182f6fa64aec77e55 50d24b6c76834dfcb80ebb9f73b33bf8 - - default default] 10.0.0.216 "POST /v2.0/security-group-rules HTTP/1.1" status: 201 len: 769 time: 0.2229397
2026-07-15 22:55:50.256 10 INFO neutron.services.segments.plugin [-] Segment e3041a45-1ec5-4fe7-857f-24ce597f558a resource provider aggregate not found
2026-07-15 22:55:50.261 10 INFO neutron.services.segments.plugin [-] Segment e3041a45-1ec5-4fe7-857f-24ce597f558a resource provider aggregate not found
2026-07-15 22:55:50.271 10 INFO neutron.services.segments.plugin [-] Segment e3041a45-1ec5-4fe7-857f-24ce597f558a resource provider not found; error: Placement Client Error (4xx): {"errors": [{"status": 404, "title": "Not Found", "detail": "The resource could not be found.\n\n No resource provider with uuid e3041a45-1ec5-4fe7-857f-24ce597f558a found for delete ", "request_id": "req-c137c2bf-00f2-49f3-a374-42bc39800968"}]}
2026-07-15 22:55:50.276 10 INFO neutron.services.segments.plugin [-] Segment e3041a45-1ec5-4fe7-857f-24ce597f558a resource provider not found; error: Placement Client Error (4xx): {"errors": [{"status": 404, "title": "Not Found", "detail": "The resource could not be found.\n\n No resource provider with uuid e3041a45-1ec5-4fe7-857f-24ce597f558a found for delete ", "request_id": "req-8faed621-f88e-4866-ae7e-49a8f7e931b3"}]}
2026-07-15 22:55:50.300 10 INFO neutron.wsgi [None req-9aefda62-fc2f-4287-a67c-408da28c542e 15347a2cd9fb413892463cba0acf75e4 3b11b5342cb9458b8a6fe990fe268e21 - - default default] 10.0.0.216 "DELETE /v2.0/networks/7b92ae02-533c-449a-b7ff-809370db0278 HTTP/1.1" status: 204 len: 168 time: 0.4378321
2026-07-15 22:55:50.441 10 INFO neutron.wsgi [None req-027edb5c-6880-4669-b7ad-b4b783496909 15347a2cd9fb413892463cba0acf75e4 3b11b5342cb9458b8a6fe990fe268e21 - - default default] 10.0.0.216 "GET /v2.0/security-groups?tenant_id=8228ceb9e4254d4e9fc377776bafd4da&name=default HTTP/1.1" status: 200 len: 2992 time: 0.0365596
2026-07-15 22:55:50.520 9 WARNING neutron.scheduler.dhcp_agent_scheduler [None req-9f14515a-1aed-4a59-98c5-02302ed62b25 07cee014597842e3b100ad8edd6f41f1 5ef660e2c4914b00863607c6fd161a60 - - default default] No more DHCP agents
2026-07-15 22:55:50.525 9 WARNING neutron.api.rpc.agentnotifiers.dhcp_rpc_agent_api [None req-9f14515a-1aed-4a59-98c5-02302ed62b25 07cee014597842e3b100ad8edd6f41f1 5ef660e2c4914b00863607c6fd161a60 - - default default] Unable to schedule network 01918310-5a49-4c66-9985-8f31d597a661: no agents available; will retry on subsequent port and subnet creation events.
2026-07-15 22:55:50.587 9 INFO neutron.wsgi [None req-d3793560-5f28-4508-8758-5ccff2455432 cf2e1d0a3abf415aa1bced3d92f377cc 8c61cbe1b6d5481a8367bcdf214497dd - - default default] 10.0.0.216 "DELETE /v2.0/floatingips/2d1e83d1-0d3f-4759-96b9-b03091a897d0 HTTP/1.1" status: 204 len: 168 time: 0.7322717
2026-07-15 22:55:50.680 9 WARNING neutron.scheduler.dhcp_agent_scheduler [None req-861a3b85-ce23-4110-98f9-775e5fee43f7 a2adbb392b07427182f6fa64aec77e55 50d24b6c76834dfcb80ebb9f73b33bf8 - - default default] No more DHCP agents
2026-07-15 22:55:50.683 9 WARNING neutron.api.rpc.agentnotifiers.dhcp_rpc_agent_api [None req-861a3b85-ce23-4110-98f9-775e5fee43f7 a2adbb392b07427182f6fa64aec77e55 50d24b6c76834dfcb80ebb9f73b33bf8 - - default default] Unable to schedule network 01918310-5a49-4c66-9985-8f31d597a661: no agents available; will retry on subsequent port and subnet creation events.
2026-07-15 22:55:50.953 9 INFO neutron.db.ovn_revision_numbers_db [None req-9f14515a-1aed-4a59-98c5-02302ed62b25 07cee014597842e3b100ad8edd6f41f1 5ef660e2c4914b00863607c6fd161a60 - - default default] Successfully bumped revision number for resource fd7886c6-bc57-4477-ad74-aae6f5f68a46 (type: floatingips) to 0
2026-07-15 22:55:50.981 9 INFO neutron.wsgi [None req-9f14515a-1aed-4a59-98c5-02302ed62b25 07cee014597842e3b100ad8edd6f41f1 5ef660e2c4914b00863607c6fd161a60 - - default default] 10.0.0.216 "POST /v2.0/floatingips HTTP/1.1" status: 201 len: 751 time: 1.0391185
2026-07-15 22:55:51.026 10 INFO neutron.wsgi [None req-c5bd5ef8-b394-4dc1-8c2c-c1842d2f49de 15347a2cd9fb413892463cba0acf75e4 3b11b5342cb9458b8a6fe990fe268e21 - - default default] 10.0.0.216 "DELETE /v2.0/security-groups/d7f9724f-7831-42bf-a75f-042d38b015c3 HTTP/1.1" status: 204 len: 168 time: 0.5804811
2026-07-15 22:55:51.061 9 INFO neutron.db.ovn_revision_numbers_db [None req-861a3b85-ce23-4110-98f9-775e5fee43f7 a2adbb392b07427182f6fa64aec77e55 50d24b6c76834dfcb80ebb9f73b33bf8 - - default default] Successfully bumped revision number for resource 7d8db8d1-d58d-42fa-beba-5c0f147b5375 (type: floatingips) to 0
2026-07-15 22:55:51.078 9 INFO neutron.wsgi [None req-861a3b85-ce23-4110-98f9-775e5fee43f7 a2adbb392b07427182f6fa64aec77e55 50d24b6c76834dfcb80ebb9f73b33bf8 - - default default] 10.0.0.216 "POST /v2.0/floatingips HTTP/1.1" status: 201 len: 751 time: 0.9803128
2026-07-15 22:55:51.489 10 INFO neutron.wsgi [req-d553b202-0172-4cae-9174-bb4b36e9f9ed req-6473c3ff-e945-4400-a5b1-97474136b8c6 07cee014597842e3b100ad8edd6f41f1 5ef660e2c4914b00863607c6fd161a60 - - default default] 10.0.0.199 "GET /v2.0/security-groups?name=tempest-securitygroup--1975494312&fields=id&tenant_id=5ef660e2c4914b00863607c6fd161a60 HTTP/1.1" status: 200 len: 267 time: 0.0429106
2026-07-15 22:55:51.582 10 INFO neutron.wsgi [req-d553b202-0172-4cae-9174-bb4b36e9f9ed req-0995f781-eefc-463b-b273-63fcbea6137c 07cee014597842e3b100ad8edd6f41f1 5ef660e2c4914b00863607c6fd161a60 - - default default] 10.0.0.199 "GET /v2.0/networks?id=58f8516b-4467-47a4-91ed-74aeb75f627c HTTP/1.1" status: 200 len: 883 time: 0.0874088
2026-07-15 22:55:51.611 9 INFO neutron.wsgi [req-4d9f65fe-b5c6-49e6-a4c2-f6d095dc63e1 req-15a6c2ed-dbae-4e48-94a3-4817472db831 a2adbb392b07427182f6fa64aec77e55 50d24b6c76834dfcb80ebb9f73b33bf8 - - default default] 10.0.0.199 "GET /v2.0/security-groups?name=tempest-securitygroup--1414321063&fields=id&tenant_id=50d24b6c76834dfcb80ebb9f73b33bf8 HTTP/1.1" status: 200 len: 267 time: 0.0558915
2026-07-15 22:55:51.612 10 INFO neutron.wsgi [req-d553b202-0172-4cae-9174-bb4b36e9f9ed req-365dd530-bd90-42a7-bb45-bb30cdb75567 07cee014597842e3b100ad8edd6f41f1 5ef660e2c4914b00863607c6fd161a60 - - default default] 10.0.0.199 "GET /v2.0/quotas/5ef660e2c4914b00863607c6fd161a60 HTTP/1.1" status: 200 len: 386 time: 0.0191886
2026-07-15 22:55:51.686 10 INFO neutron.wsgi [-] 10.0.0.25 "GET / HTTP/1.1" status: 200 len: 247 time: 0.0018404
2026-07-15 22:55:51.688 10 INFO neutron.wsgi [-] 10.0.0.25 "GET / HTTP/1.1" status: 200 len: 247 time: 0.0015657
2026-07-15 22:55:51.699 9 INFO neutron.wsgi [req-4d9f65fe-b5c6-49e6-a4c2-f6d095dc63e1 req-d8fea44e-0497-4fee-a8fe-e010f44e86ab a2adbb392b07427182f6fa64aec77e55 50d24b6c76834dfcb80ebb9f73b33bf8 - - default default] 10.0.0.199 "GET /v2.0/networks?id=96049479-5295-4c8e-9f65-88c5f4e9cea4 HTTP/1.1" status: 200 len: 868 time: 0.0824335
2026-07-15 22:55:51.714 9 INFO neutron.wsgi [req-4d9f65fe-b5c6-49e6-a4c2-f6d095dc63e1 req-aef70293-848b-40d3-8711-2a5baadb3548 a2adbb392b07427182f6fa64aec77e55 50d24b6c76834dfcb80ebb9f73b33bf8 - - default default] 10.0.0.199 "GET /v2.0/quotas/50d24b6c76834dfcb80ebb9f73b33bf8 HTTP/1.1" status: 200 len: 386 time: 0.0085101
2026-07-15 22:55:51.768 10 INFO neutron.wsgi [req-d553b202-0172-4cae-9174-bb4b36e9f9ed req-44420f98-3fdf-437f-8fab-1e4f3a043959 07cee014597842e3b100ad8edd6f41f1 5ef660e2c4914b00863607c6fd161a60 - - default default] 10.0.0.199 "GET /v2.0/ports?tenant_id=5ef660e2c4914b00863607c6fd161a60&fields=id HTTP/1.1" status: 200 len: 302 time: 0.1372821
2026-07-15 22:55:51.810 9 INFO neutron.wsgi [req-4d9f65fe-b5c6-49e6-a4c2-f6d095dc63e1 req-659be475-12ef-4337-bf6f-aabedad42e0e a2adbb392b07427182f6fa64aec77e55 50d24b6c76834dfcb80ebb9f73b33bf8 - - default default] 10.0.0.199 "GET /v2.0/ports?tenant_id=50d24b6c76834dfcb80ebb9f73b33bf8&fields=id HTTP/1.1" status: 200 len: 302 time: 0.0897210
2026-07-15 22:55:51.871 10 INFO neutron.wsgi [req-d553b202-0172-4cae-9174-bb4b36e9f9ed req-5b3407a0-501a-4254-9ead-11a815d689df 020148a245aa457ba8f9ae8eec1f5b74 f4970c914d95420382e7831c1c5a8c46 - - 713730aea4c849d39e19d81e6968278a 713730aea4c849d39e19d81e6968278a] 10.0.0.199 "GET /v2.0/networks/58f8516b-4467-47a4-91ed-74aeb75f627c?fields=segments HTTP/1.1" status: 200 len: 212 time: 0.0807846
2026-07-15 22:55:51.882 9 INFO neutron.wsgi [req-4d9f65fe-b5c6-49e6-a4c2-f6d095dc63e1 req-c64f3c53-d18c-4bbf-91d5-9603db265fd0 020148a245aa457ba8f9ae8eec1f5b74 f4970c914d95420382e7831c1c5a8c46 - - 713730aea4c849d39e19d81e6968278a 713730aea4c849d39e19d81e6968278a] 10.0.0.199 "GET /v2.0/networks/96049479-5295-4c8e-9f65-88c5f4e9cea4?fields=segments HTTP/1.1" status: 200 len: 212 time: 0.0581939
2026-07-15 22:55:51.957 9 INFO neutron.wsgi [req-4d9f65fe-b5c6-49e6-a4c2-f6d095dc63e1 req-f299b623-275e-438d-95ef-2d68bd685720 020148a245aa457ba8f9ae8eec1f5b74 f4970c914d95420382e7831c1c5a8c46 - - 713730aea4c849d39e19d81e6968278a 713730aea4c849d39e19d81e6968278a] 10.0.0.199 "GET /v2.0/networks/96049479-5295-4c8e-9f65-88c5f4e9cea4?fields=provider%3Aphysical_network&fields=provider%3Anetwork_type HTTP/1.1" status: 200 len: 277 time: 0.0634270
2026-07-15 22:55:51.966 10 INFO neutron.wsgi [req-d553b202-0172-4cae-9174-bb4b36e9f9ed req-d5690775-0c51-4460-9d4b-d9f6932c7fcb 020148a245aa457ba8f9ae8eec1f5b74 f4970c914d95420382e7831c1c5a8c46 - - 713730aea4c849d39e19d81e6968278a 713730aea4c849d39e19d81e6968278a] 10.0.0.199 "GET /v2.0/networks/58f8516b-4467-47a4-91ed-74aeb75f627c?fields=provider%3Aphysical_network&fields=provider%3Anetwork_type HTTP/1.1" status: 200 len: 277 time: 0.0876083
2026-07-15 22:55:51.969 10 WARNING neutron.plugins.ml2.drivers.ovn.mech_driver.ovsdb.ovn_client [None req-cd3b2352-ef9d-4b0d-b87f-52edbcc52025 - - - - - -] No hosting information found for port b15d3ad4-579d-46dc-a611-76e97d353f2f: RuntimeError: No hosting information found for port b15d3ad4-579d-46dc-a611-76e97d353f2f
2026-07-15 22:55:51.969 10 INFO neutron.plugins.ml2.drivers.ovn.mech_driver.mech_driver [None req-cd3b2352-ef9d-4b0d-b87f-52edbcc52025 - - - - - -] OVN reports status down for port: 0e245250-91cb-4239-a43f-bb91c3c0fd53
2026-07-15 22:55:52.122 9 INFO neutron.wsgi [req-5640d415-3f42-442c-bd08-0644a96e83fd req-93b174ec-e2c8-4628-a5fc-940a87944b18 a2adbb392b07427182f6fa64aec77e55 50d24b6c76834dfcb80ebb9f73b33bf8 - - default default] 10.0.0.199 "GET /v2.0/ports?device_id=eb9d7952-214d-472b-8202-7630d6778c1b HTTP/1.1" status: 200 len: 210 time: 0.0362132
2026-07-15 22:55:52.142 10 INFO neutron.wsgi [req-e9760ef0-66d1-449f-99bf-c92531be7615 req-3df7a0dd-7346-4ea3-a53b-38d65e281cf0 07cee014597842e3b100ad8edd6f41f1 5ef660e2c4914b00863607c6fd161a60 - - default default] 10.0.0.199 "GET /v2.0/ports?device_id=4412d5cf-712e-470b-a52f-6989365df169 HTTP/1.1" status: 200 len: 210 time: 0.0228467
2026-07-15 22:55:52.297 10 INFO neutron.wsgi [None req-3970473e-18bb-48c0-adc0-d089a6987a5b 15347a2cd9fb413892463cba0acf75e4 3b11b5342cb9458b8a6fe990fe268e21 - - default default] 10.0.0.216 "PUT /v2.0/routers/ae5cc027-d728-47e9-9066-94605e63d4ab/remove_router_interface HTTP/1.1" status: 200 len: 503 time: 1.7049937 /var/lib/openstack/lib/python3.10/site-packages/pycadf/identifier.py:71: UserWarning: Invalid uuid: neutron. To ensure interoperability, identifiers should be a valid uuid. warnings.warn(('Invalid uuid: %s. To ensure interoperability, '
2026-07-15 22:55:52.962 10 INFO neutron.wsgi [req-4d9f65fe-b5c6-49e6-a4c2-f6d095dc63e1 req-ba6484a4-f162-488d-ab12-4b4858e3e442 a2adbb392b07427182f6fa64aec77e55 50d24b6c76834dfcb80ebb9f73b33bf8 - - default default] 199.204.45.235 "GET /v2.0/networks?id=96049479-5295-4c8e-9f65-88c5f4e9cea4 HTTP/1.1" status: 200 len: 868 time: 0.1241601
2026-07-15 22:55:53.041 10 INFO neutron.wsgi [req-4d9f65fe-b5c6-49e6-a4c2-f6d095dc63e1 req-539913b9-3fe6-4f75-ae54-2cd057383034 a2adbb392b07427182f6fa64aec77e55 50d24b6c76834dfcb80ebb9f73b33bf8 - - default default] 199.204.45.235 "GET /v2.0/security-groups?fields=id&fields=name&tenant_id=50d24b6c76834dfcb80ebb9f73b33bf8 HTTP/1.1" status: 200 len: 380 time: 0.0665421
2026-07-15 22:55:53.051 10 INFO neutron.wsgi [None req-b195a40f-bcd7-4a07-a6b9-b28e53376d33 15347a2cd9fb413892463cba0acf75e4 3b11b5342cb9458b8a6fe990fe268e21 - - default default] 10.0.0.216 "DELETE /v2.0/routers/ae5cc027-d728-47e9-9066-94605e63d4ab HTTP/1.1" status: 204 len: 168 time: 0.7487669
2026-07-15 22:55:53.183 9 INFO neutron.wsgi [req-d553b202-0172-4cae-9174-bb4b36e9f9ed req-b20b1d32-bb30-451c-9a7d-0f37473459ce 07cee014597842e3b100ad8edd6f41f1 5ef660e2c4914b00863607c6fd161a60 - - default default] 199.204.45.235 "GET /v2.0/networks?id=58f8516b-4467-47a4-91ed-74aeb75f627c HTTP/1.1" status: 200 len: 883 time: 0.0883925
2026-07-15 22:55:53.237 9 INFO neutron.wsgi [req-5937cff1-8b22-4e50-a69d-d98dbe4b1be5 req-b8ea21f4-80c0-40af-a213-beff7b0ff88b a2adbb392b07427182f6fa64aec77e55 50d24b6c76834dfcb80ebb9f73b33bf8 - - default default] 10.0.0.199 "GET /v2.0/ports?device_id=eb9d7952-214d-472b-8202-7630d6778c1b HTTP/1.1" status: 200 len: 210 time: 0.0262418
2026-07-15 22:55:53.263 10 INFO neutron.wsgi [req-0d9aaa88-1886-4929-83ab-2610f7989873 req-97d28680-c9d8-4101-a640-ff509978f0fa 07cee014597842e3b100ad8edd6f41f1 5ef660e2c4914b00863607c6fd161a60 - - default default] 10.0.0.199 "GET /v2.0/ports?device_id=4412d5cf-712e-470b-a52f-6989365df169 HTTP/1.1" status: 200 len: 210 time: 0.0403748
2026-07-15 22:55:53.274 9 INFO neutron.wsgi [req-d553b202-0172-4cae-9174-bb4b36e9f9ed req-5eda8a93-467c-4fbf-9e9b-18d47896e889 07cee014597842e3b100ad8edd6f41f1 5ef660e2c4914b00863607c6fd161a60 - - default default] 199.204.45.235 "GET /v2.0/security-groups?fields=id&fields=name&tenant_id=5ef660e2c4914b00863607c6fd161a60 HTTP/1.1" status: 200 len: 380 time: 0.0807033
2026-07-15 22:55:53.390 10 INFO neutron.wsgi [None req-48c708fc-896d-48c0-8dfa-e90af3149f56 15347a2cd9fb413892463cba0acf75e4 3b11b5342cb9458b8a6fe990fe268e21 - - default default] 10.0.0.216 "DELETE /v2.0/subnets/bdc83e6f-116b-4b14-b4c7-ad34f347c047 HTTP/1.1" status: 204 len: 168 time: 0.3345990
2026-07-15 22:55:53.493 10 WARNING neutron.scheduler.dhcp_agent_scheduler [req-4d9f65fe-b5c6-49e6-a4c2-f6d095dc63e1 req-870a5f56-1b1c-4cab-8bcf-26d4ffe0ddd7 a2adbb392b07427182f6fa64aec77e55 50d24b6c76834dfcb80ebb9f73b33bf8 - - default default] No more DHCP agents
2026-07-15 22:55:53.497 10 WARNING neutron.api.rpc.agentnotifiers.dhcp_rpc_agent_api [req-4d9f65fe-b5c6-49e6-a4c2-f6d095dc63e1 req-870a5f56-1b1c-4cab-8bcf-26d4ffe0ddd7 a2adbb392b07427182f6fa64aec77e55 50d24b6c76834dfcb80ebb9f73b33bf8 - - default default] Unable to schedule network 96049479-5295-4c8e-9f65-88c5f4e9cea4: no agents available; will retry on subsequent port and subnet creation events.
2026-07-15 22:55:53.661 10 INFO neutron.db.ovn_revision_numbers_db [req-4d9f65fe-b5c6-49e6-a4c2-f6d095dc63e1 req-870a5f56-1b1c-4cab-8bcf-26d4ffe0ddd7 a2adbb392b07427182f6fa64aec77e55 50d24b6c76834dfcb80ebb9f73b33bf8 - - default default] Successfully bumped revision number for resource 72455fe1-fa95-4df3-b4ba-f0cbb251e1ae (type: ports) to 1
2026-07-15 22:55:53.684 10 INFO neutron.wsgi [req-4d9f65fe-b5c6-49e6-a4c2-f6d095dc63e1 req-870a5f56-1b1c-4cab-8bcf-26d4ffe0ddd7 a2adbb392b07427182f6fa64aec77e55 50d24b6c76834dfcb80ebb9f73b33bf8 - - default default] 199.204.45.235 "POST /v2.0/ports HTTP/1.1" status: 201 len: 1158 time: 0.6322570 /var/lib/openstack/lib/python3.10/site-packages/pycadf/identifier.py:71: UserWarning: Invalid uuid: neutron. To ensure interoperability, identifiers should be a valid uuid. warnings.warn(('Invalid uuid: %s. To ensure interoperability, '
2026-07-15 22:55:53.711 9 WARNING neutron.scheduler.dhcp_agent_scheduler [req-d553b202-0172-4cae-9174-bb4b36e9f9ed req-44ba65cb-11a0-4382-8fc7-6bf3cb25a288 07cee014597842e3b100ad8edd6f41f1 5ef660e2c4914b00863607c6fd161a60 - - default default] No more DHCP agents
2026-07-15 22:55:53.717 9 WARNING neutron.api.rpc.agentnotifiers.dhcp_rpc_agent_api [req-d553b202-0172-4cae-9174-bb4b36e9f9ed req-44ba65cb-11a0-4382-8fc7-6bf3cb25a288 07cee014597842e3b100ad8edd6f41f1 5ef660e2c4914b00863607c6fd161a60 - - default default] Unable to schedule network 58f8516b-4467-47a4-91ed-74aeb75f627c: no agents available; will retry on subsequent port and subnet creation events.
