2026-07-15 22:57:42.183 9 INFO neutron.db.ovn_revision_numbers_db [None req-d8878981-eff3-4b85-9fec-031362fcdf42 15347a2cd9fb413892463cba0acf75e4 3b11b5342cb9458b8a6fe990fe268e21 - - default default] Successfully bumped revision number for resource bdbbfcc9-cd06-4e7e-acc7-346fd46c15a7 (type: security_groups) to 1
2026-07-15 22:57:42.203 9 INFO neutron.db.ovn_revision_numbers_db [None req-d8878981-eff3-4b85-9fec-031362fcdf42 15347a2cd9fb413892463cba0acf75e4 3b11b5342cb9458b8a6fe990fe268e21 - - default default] Successfully bumped revision number for resource 151d295c-fac7-453f-ad02-432994560210 (type: security_group_rules) to 0
2026-07-15 22:57:42.226 9 INFO neutron.db.ovn_revision_numbers_db [None req-d8878981-eff3-4b85-9fec-031362fcdf42 15347a2cd9fb413892463cba0acf75e4 3b11b5342cb9458b8a6fe990fe268e21 - - default default] Successfully bumped revision number for resource 3635fc5e-43f4-493a-a149-85b0e0f60f5e (type: security_group_rules) to 0
2026-07-15 22:57:42.258 9 INFO neutron.db.ovn_revision_numbers_db [None req-d8878981-eff3-4b85-9fec-031362fcdf42 15347a2cd9fb413892463cba0acf75e4 3b11b5342cb9458b8a6fe990fe268e21 - - default default] Successfully bumped revision number for resource c15e47b7-a997-46e7-a00c-a6f72d34854d (type: security_group_rules) to 0
2026-07-15 22:57:42.259 9 WARNING neutron.scheduler.dhcp_agent_scheduler [None req-f3d42a2a-1acd-4de2-86fa-f965ef43ee3c 6338cd7dd2934d37b3bcd77465d8ed2a 79a6e8b9a8a64e1d885c17a746c51634 - - default default] No more DHCP agents
2026-07-15 22:57:42.262 9 WARNING neutron.api.rpc.agentnotifiers.dhcp_rpc_agent_api [None req-f3d42a2a-1acd-4de2-86fa-f965ef43ee3c 6338cd7dd2934d37b3bcd77465d8ed2a 79a6e8b9a8a64e1d885c17a746c51634 - - default default] Unable to schedule network c23c3c74-5a07-4369-9b16-0b5762a71f3c: no agents available; will retry on subsequent port and subnet creation events.
2026-07-15 22:57:42.283 9 INFO neutron.db.ovn_revision_numbers_db [None req-d8878981-eff3-4b85-9fec-031362fcdf42 15347a2cd9fb413892463cba0acf75e4 3b11b5342cb9458b8a6fe990fe268e21 - - default default] Successfully bumped revision number for resource c2c15c85-8c8e-4f85-9951-7175f222b8b6 (type: security_group_rules) to 0
2026-07-15 22:57:42.317 9 INFO neutron.wsgi [None req-d8878981-eff3-4b85-9fec-031362fcdf42 15347a2cd9fb413892463cba0acf75e4 3b11b5342cb9458b8a6fe990fe268e21 - - default default] 10.0.0.216 "GET /v2.0/security-groups?tenant_id=5cd9070346ba4c4d878fbc1b29c2dc0b&name=default HTTP/1.1" status: 200 len: 2996 time: 0.4887364
2026-07-15 22:57:42.333 10 INFO neutron.wsgi [None req-74e4eb2c-6263-41c2-88ac-bd7e77b73af9 15347a2cd9fb413892463cba0acf75e4 3b11b5342cb9458b8a6fe990fe268e21 - - default default] 10.0.0.216 "DELETE /v2.0/security-groups/8250811d-c633-4b72-a19b-8b2f5db97cb0 HTTP/1.1" status: 204 len: 168 time: 0.2316363
2026-07-15 22:57:42.357 9 INFO neutron.db.ovn_revision_numbers_db [None req-f3d42a2a-1acd-4de2-86fa-f965ef43ee3c 6338cd7dd2934d37b3bcd77465d8ed2a 79a6e8b9a8a64e1d885c17a746c51634 - - default default] Successfully bumped revision number for resource a1f3e6b6-624c-4dca-a72e-55e41bd1a1cc (type: ports) to 1
2026-07-15 22:57:42.381 9 INFO neutron.wsgi [None req-f3d42a2a-1acd-4de2-86fa-f965ef43ee3c 6338cd7dd2934d37b3bcd77465d8ed2a 79a6e8b9a8a64e1d885c17a746c51634 - - default default] 10.0.0.216 "POST /v2.0/networks HTTP/1.1" status: 201 len: 833 time: 0.5430923
2026-07-15 22:57:42.511 9 INFO neutron.wsgi [None req-e0cfc7de-2536-4aaf-8559-62fd017117f9 15347a2cd9fb413892463cba0acf75e4 3b11b5342cb9458b8a6fe990fe268e21 - - default default] 10.0.0.216 "DELETE /v2.0/security-groups/bdbbfcc9-cd06-4e7e-acc7-346fd46c15a7 HTTP/1.1" status: 204 len: 168 time: 0.1897223
2026-07-15 22:57:42.671 10 WARNING neutron.scheduler.dhcp_agent_scheduler [None req-28014915-dd1b-474f-9888-a4f70d9934ee 6338cd7dd2934d37b3bcd77465d8ed2a 79a6e8b9a8a64e1d885c17a746c51634 - - default default] No more DHCP agents
2026-07-15 22:57:42.673 10 WARNING neutron.api.rpc.agentnotifiers.dhcp_rpc_agent_api [None req-28014915-dd1b-474f-9888-a4f70d9934ee 6338cd7dd2934d37b3bcd77465d8ed2a 79a6e8b9a8a64e1d885c17a746c51634 - - default default] Unable to schedule network 70d18ebc-1e84-4c0d-91f5-5c5c9bd76772: no agents available; will retry on subsequent port and subnet creation events.
2026-07-15 22:57:42.719 10 INFO neutron.db.ovn_revision_numbers_db [None req-28014915-dd1b-474f-9888-a4f70d9934ee 6338cd7dd2934d37b3bcd77465d8ed2a 79a6e8b9a8a64e1d885c17a746c51634 - - default default] Successfully bumped revision number for resource db542ba8-a3c9-4400-b972-db214f6f1ff6 (type: subnets) to 0
2026-07-15 22:57:42.737 10 INFO neutron.wsgi [None req-28014915-dd1b-474f-9888-a4f70d9934ee 6338cd7dd2934d37b3bcd77465d8ed2a 79a6e8b9a8a64e1d885c17a746c51634 - - default default] 10.0.0.216 "POST /v2.0/subnets HTTP/1.1" status: 201 len: 821 time: 0.3508179
2026-07-15 22:57:43.007 10 WARNING neutron.scheduler.dhcp_agent_scheduler [None req-2ba461e3-5674-4742-8c4b-458c84209149 6338cd7dd2934d37b3bcd77465d8ed2a 79a6e8b9a8a64e1d885c17a746c51634 - - default default] No more DHCP agents
2026-07-15 22:57:43.010 10 WARNING neutron.api.rpc.agentnotifiers.dhcp_rpc_agent_api [None req-2ba461e3-5674-4742-8c4b-458c84209149 6338cd7dd2934d37b3bcd77465d8ed2a 79a6e8b9a8a64e1d885c17a746c51634 - - default default] Unable to schedule network c23c3c74-5a07-4369-9b16-0b5762a71f3c: no agents available; will retry on subsequent port and subnet creation events.
2026-07-15 22:57:43.042 10 INFO neutron.db.ovn_revision_numbers_db [None req-2ba461e3-5674-4742-8c4b-458c84209149 6338cd7dd2934d37b3bcd77465d8ed2a 79a6e8b9a8a64e1d885c17a746c51634 - - default default] Successfully bumped revision number for resource 3fd02d66-b6ab-4b18-95de-01c248321b76 (type: subnets) to 0
2026-07-15 22:57:43.058 10 INFO neutron.wsgi [None req-2ba461e3-5674-4742-8c4b-458c84209149 6338cd7dd2934d37b3bcd77465d8ed2a 79a6e8b9a8a64e1d885c17a746c51634 - - default default] 10.0.0.216 "POST /v2.0/subnets HTTP/1.1" status: 201 len: 830 time: 0.3168328
2026-07-15 22:57:43.250 10 INFO neutron.db.ovn_revision_numbers_db [None req-48fa7009-81e6-4363-ba62-c05046bf2320 6338cd7dd2934d37b3bcd77465d8ed2a 79a6e8b9a8a64e1d885c17a746c51634 - - default default] Successfully bumped revision number for resource 00dd6812-750d-4638-896e-470b0c825490 (type: routers) to 1
2026-07-15 22:57:43.266 10 INFO neutron.wsgi [None req-48fa7009-81e6-4363-ba62-c05046bf2320 6338cd7dd2934d37b3bcd77465d8ed2a 79a6e8b9a8a64e1d885c17a746c51634 - - default default] 10.0.0.216 "POST /v2.0/routers HTTP/1.1" status: 201 len: 691 time: 0.2014222
2026-07-15 22:57:43.676 10 WARNING neutron.scheduler.dhcp_agent_scheduler [None req-96683d91-f667-4acc-a5e9-d277d5102ff9 6338cd7dd2934d37b3bcd77465d8ed2a 79a6e8b9a8a64e1d885c17a746c51634 - - default default] No more DHCP agents
2026-07-15 22:57:43.678 10 WARNING neutron.api.rpc.agentnotifiers.dhcp_rpc_agent_api [None req-96683d91-f667-4acc-a5e9-d277d5102ff9 6338cd7dd2934d37b3bcd77465d8ed2a 79a6e8b9a8a64e1d885c17a746c51634 - - default default] Unable to schedule network 70d18ebc-1e84-4c0d-91f5-5c5c9bd76772: no agents available; will retry on subsequent port and subnet creation events.
2026-07-15 22:57:43.797 10 INFO neutron.db.ovn_revision_numbers_db [None req-96683d91-f667-4acc-a5e9-d277d5102ff9 6338cd7dd2934d37b3bcd77465d8ed2a 79a6e8b9a8a64e1d885c17a746c51634 - - default default] Successfully bumped revision number for resource 7c8d31f5-a7b4-4b93-a56a-dc7d6b1006dd (type: ports) to 1
2026-07-15 22:57:44.187 10 INFO neutron.db.ovn_revision_numbers_db [None req-96683d91-f667-4acc-a5e9-d277d5102ff9 6338cd7dd2934d37b3bcd77465d8ed2a 79a6e8b9a8a64e1d885c17a746c51634 - - default default] Successfully bumped revision number for resource 7c8d31f5-a7b4-4b93-a56a-dc7d6b1006dd (type: router_ports) to 1
2026-07-15 22:57:44.202 9 INFO neutron.plugins.ml2.drivers.ovn.mech_driver.mech_driver [None req-c2740de3-9fdc-4af1-8deb-8479581be0bc - - - - - -] OVN reports status up for port: 7c8d31f5-a7b4-4b93-a56a-dc7d6b1006dd
2026-07-15 22:57:44.208 9 INFO neutron.plugins.ml2.plugin [None req-c2740de3-9fdc-4af1-8deb-8479581be0bc - - - - - -] Attempt 1 to provision port 7c8d31f5-a7b4-4b93-a56a-dc7d6b1006dd
2026-07-15 22:57:44.250 9 INFO neutron.db.ovn_revision_numbers_db [None req-33975db7-eca7-4df8-b22c-b8e77e7909bc b2133b7b60684f678edb3964e0c734db 293f4d62faca4c0abfb8ee473b019187 - - default default] Successfully bumped revision number for resource 7383448f-1743-4206-bb37-8faa1b05d936 (type: security_groups) to 1
2026-07-15 22:57:44.270 9 INFO neutron.db.ovn_revision_numbers_db [None req-33975db7-eca7-4df8-b22c-b8e77e7909bc b2133b7b60684f678edb3964e0c734db 293f4d62faca4c0abfb8ee473b019187 - - default default] Successfully bumped revision number for resource 393b90bc-ebbc-48df-8708-ce89e17f2e40 (type: security_group_rules) to 0
2026-07-15 22:57:44.295 10 INFO neutron.db.ovn_revision_numbers_db [None req-96683d91-f667-4acc-a5e9-d277d5102ff9 6338cd7dd2934d37b3bcd77465d8ed2a 79a6e8b9a8a64e1d885c17a746c51634 - - default default] Successfully bumped revision number for resource 7c8d31f5-a7b4-4b93-a56a-dc7d6b1006dd (type: ports) to 1
2026-07-15 22:57:44.297 9 INFO neutron.db.ovn_revision_numbers_db [None req-33975db7-eca7-4df8-b22c-b8e77e7909bc b2133b7b60684f678edb3964e0c734db 293f4d62faca4c0abfb8ee473b019187 - - default default] Successfully bumped revision number for resource 529f2f73-0137-4e6f-8e9f-bb56ce75f171 (type: security_group_rules) to 0
2026-07-15 22:57:44.317 9 INFO neutron.db.ovn_revision_numbers_db [None req-33975db7-eca7-4df8-b22c-b8e77e7909bc b2133b7b60684f678edb3964e0c734db 293f4d62faca4c0abfb8ee473b019187 - - default default] Successfully bumped revision number for resource a342697d-bd62-4180-aaee-9fb19a18ebba (type: security_group_rules) to 0
2026-07-15 22:57:44.348 9 INFO neutron.db.ovn_revision_numbers_db [None req-33975db7-eca7-4df8-b22c-b8e77e7909bc b2133b7b60684f678edb3964e0c734db 293f4d62faca4c0abfb8ee473b019187 - - default default] Successfully bumped revision number for resource a7d269d0-afcf-471f-9e98-b0fa5cf1fc59 (type: security_group_rules) to 0
2026-07-15 22:57:44.365 10 WARNING neutron.scheduler.dhcp_agent_scheduler [None req-96683d91-f667-4acc-a5e9-d277d5102ff9 6338cd7dd2934d37b3bcd77465d8ed2a 79a6e8b9a8a64e1d885c17a746c51634 - - default default] No more DHCP agents
2026-07-15 22:57:44.367 10 WARNING neutron.api.rpc.agentnotifiers.dhcp_rpc_agent_api [None req-96683d91-f667-4acc-a5e9-d277d5102ff9 6338cd7dd2934d37b3bcd77465d8ed2a 79a6e8b9a8a64e1d885c17a746c51634 - - default default] Unable to schedule network 70d18ebc-1e84-4c0d-91f5-5c5c9bd76772: no agents available; will retry on subsequent port and subnet creation events.
2026-07-15 22:57:44.407 9 INFO neutron.db.segments_db [None req-33975db7-eca7-4df8-b22c-b8e77e7909bc b2133b7b60684f678edb3964e0c734db 293f4d62faca4c0abfb8ee473b019187 - - default default] Added segment 9405b5c9-f934-4af0-8983-8ed6c27d3365 of type geneve for network 749d199a-4959-4c78-813c-7f68d1bdc4f1
2026-07-15 22:57:44.546 10 INFO neutron.db.ovn_revision_numbers_db [None req-96683d91-f667-4acc-a5e9-d277d5102ff9 6338cd7dd2934d37b3bcd77465d8ed2a 79a6e8b9a8a64e1d885c17a746c51634 - - default default] Successfully bumped revision number for resource 7c8d31f5-a7b4-4b93-a56a-dc7d6b1006dd (type: router_ports) to 2
2026-07-15 22:57:44.549 10 INFO neutron.wsgi [None req-96683d91-f667-4acc-a5e9-d277d5102ff9 6338cd7dd2934d37b3bcd77465d8ed2a 79a6e8b9a8a64e1d885c17a746c51634 - - default default] 10.0.0.216 "PUT /v2.0/routers/00dd6812-750d-4638-896e-470b0c825490/add_router_interface HTTP/1.1" status: 200 len: 503 time: 1.2769487
2026-07-15 22:57:44.593 10 INFO neutron.wsgi [None req-a5cc2b47-2206-4815-a6e9-385cbf6b6ebb 6338cd7dd2934d37b3bcd77465d8ed2a 79a6e8b9a8a64e1d885c17a746c51634 - - default default] 10.0.0.216 "GET /v2.0/ports/7c8d31f5-a7b4-4b93-a56a-dc7d6b1006dd HTTP/1.1" status: 200 len: 1141 time: 0.0372729
2026-07-15 22:57:44.596 9 INFO neutron.db.ovn_revision_numbers_db [None req-33975db7-eca7-4df8-b22c-b8e77e7909bc b2133b7b60684f678edb3964e0c734db 293f4d62faca4c0abfb8ee473b019187 - - default default] Successfully bumped revision number for resource 749d199a-4959-4c78-813c-7f68d1bdc4f1 (type: networks) to 1
2026-07-15 22:57:44.598 9 INFO neutron.db.ovn_revision_numbers_db [None req-c2740de3-9fdc-4af1-8deb-8479581be0bc - - - - - -] Successfully bumped revision number for resource 7c8d31f5-a7b4-4b93-a56a-dc7d6b1006dd (type: ports) to 2
2026-07-15 22:57:44.781 9 INFO neutron.db.ovn_revision_numbers_db [None req-c2740de3-9fdc-4af1-8deb-8479581be0bc - - - - - -] Successfully bumped revision number for resource 7c8d31f5-a7b4-4b93-a56a-dc7d6b1006dd (type: router_ports) to 2
2026-07-15 22:57:44.826 9 WARNING neutron.scheduler.dhcp_agent_scheduler [None req-33975db7-eca7-4df8-b22c-b8e77e7909bc b2133b7b60684f678edb3964e0c734db 293f4d62faca4c0abfb8ee473b019187 - - default default] No more DHCP agents
2026-07-15 22:57:44.829 9 WARNING neutron.api.rpc.agentnotifiers.dhcp_rpc_agent_api [None req-33975db7-eca7-4df8-b22c-b8e77e7909bc b2133b7b60684f678edb3964e0c734db 293f4d62faca4c0abfb8ee473b019187 - - default default] Unable to schedule network 749d199a-4959-4c78-813c-7f68d1bdc4f1: no agents available; will retry on subsequent port and subnet creation events.
2026-07-15 22:57:44.905 9 INFO neutron.db.ovn_revision_numbers_db [None req-33975db7-eca7-4df8-b22c-b8e77e7909bc b2133b7b60684f678edb3964e0c734db 293f4d62faca4c0abfb8ee473b019187 - - default default] Successfully bumped revision number for resource 0d676906-66ba-447a-a77c-54b167785bc8 (type: ports) to 1
2026-07-15 22:57:44.927 9 INFO neutron.wsgi [None req-33975db7-eca7-4df8-b22c-b8e77e7909bc b2133b7b60684f678edb3964e0c734db 293f4d62faca4c0abfb8ee473b019187 - - default default] 10.0.0.216 "POST /v2.0/networks HTTP/1.1" status: 201 len: 831 time: 1.1384995
2026-07-15 22:57:45.029 10 WARNING neutron.scheduler.dhcp_agent_scheduler [None req-cb3c7a10-b921-498a-848e-f17e0e329958 6338cd7dd2934d37b3bcd77465d8ed2a 79a6e8b9a8a64e1d885c17a746c51634 - - default default] No more DHCP agents
2026-07-15 22:57:45.032 10 WARNING neutron.api.rpc.agentnotifiers.dhcp_rpc_agent_api [None req-cb3c7a10-b921-498a-848e-f17e0e329958 6338cd7dd2934d37b3bcd77465d8ed2a 79a6e8b9a8a64e1d885c17a746c51634 - - default default] Unable to schedule network c23c3c74-5a07-4369-9b16-0b5762a71f3c: no agents available; will retry on subsequent port and subnet creation events.
2026-07-15 22:57:45.134 10 INFO neutron.db.ovn_revision_numbers_db [None req-cb3c7a10-b921-498a-848e-f17e0e329958 6338cd7dd2934d37b3bcd77465d8ed2a 79a6e8b9a8a64e1d885c17a746c51634 - - default default] Successfully bumped revision number for resource 24f7655c-3f83-4f20-9298-d733e7d399b3 (type: ports) to 1
2026-07-15 22:57:45.439 9 WARNING neutron.scheduler.dhcp_agent_scheduler [None req-f07fa15d-8b3a-4fe3-a10a-cf11264a8691 b2133b7b60684f678edb3964e0c734db 293f4d62faca4c0abfb8ee473b019187 - - default default] No more DHCP agents
2026-07-15 22:57:45.442 9 WARNING neutron.api.rpc.agentnotifiers.dhcp_rpc_agent_api [None req-f07fa15d-8b3a-4fe3-a10a-cf11264a8691 b2133b7b60684f678edb3964e0c734db 293f4d62faca4c0abfb8ee473b019187 - - default default] Unable to schedule network 01918310-5a49-4c66-9985-8f31d597a661: no agents available; will retry on subsequent port and subnet creation events.
2026-07-15 22:57:45.598 10 INFO neutron.db.ovn_revision_numbers_db [None req-cb3c7a10-b921-498a-848e-f17e0e329958 6338cd7dd2934d37b3bcd77465d8ed2a 79a6e8b9a8a64e1d885c17a746c51634 - - default default] Successfully bumped revision number for resource 24f7655c-3f83-4f20-9298-d733e7d399b3 (type: router_ports) to 1
2026-07-15 22:57:45.642 9 INFO neutron.db.ovn_revision_numbers_db [None req-f07fa15d-8b3a-4fe3-a10a-cf11264a8691 b2133b7b60684f678edb3964e0c734db 293f4d62faca4c0abfb8ee473b019187 - - default default] Successfully bumped revision number for resource e488a384-69e1-4c99-ad16-aaefe3c05b09 (type: ports) to 1
2026-07-15 22:57:45.708 10 INFO neutron.db.ovn_revision_numbers_db [None req-cb3c7a10-b921-498a-848e-f17e0e329958 6338cd7dd2934d37b3bcd77465d8ed2a 79a6e8b9a8a64e1d885c17a746c51634 - - default default] Successfully bumped revision number for resource 24f7655c-3f83-4f20-9298-d733e7d399b3 (type: ports) to 1
2026-07-15 22:57:45.779 10 WARNING neutron.scheduler.dhcp_agent_scheduler [None req-cb3c7a10-b921-498a-848e-f17e0e329958 6338cd7dd2934d37b3bcd77465d8ed2a 79a6e8b9a8a64e1d885c17a746c51634 - - default default] No more DHCP agents
2026-07-15 22:57:45.780 10 WARNING neutron.api.rpc.agentnotifiers.dhcp_rpc_agent_api [None req-cb3c7a10-b921-498a-848e-f17e0e329958 6338cd7dd2934d37b3bcd77465d8ed2a 79a6e8b9a8a64e1d885c17a746c51634 - - default default] Unable to schedule network c23c3c74-5a07-4369-9b16-0b5762a71f3c: no agents available; will retry on subsequent port and subnet creation events.
2026-07-15 22:57:46.015 10 INFO neutron.db.ovn_revision_numbers_db [None req-cb3c7a10-b921-498a-848e-f17e0e329958 6338cd7dd2934d37b3bcd77465d8ed2a 79a6e8b9a8a64e1d885c17a746c51634 - - default default] Successfully bumped revision number for resource 24f7655c-3f83-4f20-9298-d733e7d399b3 (type: router_ports) to 1
2026-07-15 22:57:46.018 10 INFO neutron.wsgi [None req-cb3c7a10-b921-498a-848e-f17e0e329958 6338cd7dd2934d37b3bcd77465d8ed2a 79a6e8b9a8a64e1d885c17a746c51634 - - default default] 10.0.0.216 "PUT /v2.0/routers/00dd6812-750d-4638-896e-470b0c825490/add_router_interface HTTP/1.1" status: 200 len: 503 time: 1.4162760
2026-07-15 22:57:46.059 10 INFO neutron.wsgi [None req-f8475868-e5f1-43ae-8b25-513df30be918 6338cd7dd2934d37b3bcd77465d8ed2a 79a6e8b9a8a64e1d885c17a746c51634 - - default default] 10.0.0.216 "GET /v2.0/ports/24f7655c-3f83-4f20-9298-d733e7d399b3 HTTP/1.1" status: 200 len: 1147 time: 0.0357108
2026-07-15 22:57:46.095 10 INFO neutron.wsgi [None req-b2a2b449-6fd1-4f6d-8b2c-8968e14ff333 6338cd7dd2934d37b3bcd77465d8ed2a 79a6e8b9a8a64e1d885c17a746c51634 - - default default] 10.0.0.216 "GET /v2.0/ports/24f7655c-3f83-4f20-9298-d733e7d399b3 HTTP/1.1" status: 200 len: 1147 time: 0.0313587
2026-07-15 22:57:46.221 9 INFO neutron.plugins.ml2.drivers.ovn.mech_driver.ovsdb.ovsdb_monitor [None req-1ae8d785-5e4f-42a6-88de-b85d008ceb67 - - - - - -] Router 6c420860-b80e-43d8-924a-04e64f1869fa is bound to host instance
2026-07-15 22:57:46.266 9 INFO neutron.db.ovn_revision_numbers_db [None req-f07fa15d-8b3a-4fe3-a10a-cf11264a8691 b2133b7b60684f678edb3964e0c734db 293f4d62faca4c0abfb8ee473b019187 - - default default] Successfully bumped revision number for resource e488a384-69e1-4c99-ad16-aaefe3c05b09 (type: router_ports) to 1
2026-07-15 22:57:46.373 9 INFO neutron.db.ovn_revision_numbers_db [None req-f07fa15d-8b3a-4fe3-a10a-cf11264a8691 b2133b7b60684f678edb3964e0c734db 293f4d62faca4c0abfb8ee473b019187 - - default default] Successfully bumped revision number for resource 6c420860-b80e-43d8-924a-04e64f1869fa (type: routers) to 2
2026-07-15 22:57:46.399 9 INFO neutron.wsgi [None req-f07fa15d-8b3a-4fe3-a10a-cf11264a8691 b2133b7b60684f678edb3964e0c734db 293f4d62faca4c0abfb8ee473b019187 - - default default] 10.0.0.216 "POST /v2.0/routers HTTP/1.1" status: 201 len: 875 time: 1.4640388
2026-07-15 22:57:46.588 10 INFO neutron.wsgi [None req-a6ef8893-c6ff-4ddb-9329-0ded54c38507 e9f988f0bfeb43c3aa5d70885a4706a2 93e77344d2364f78bbe2033fbf36c588 - - default default] 10.0.0.216 "GET /v2.0/subnets?project_id=293f4d62faca4c0abfb8ee473b019187&cidr=10.100.0.0%2F28 HTTP/1.1" status: 200 len: 207 time: 0.1790574
2026-07-15 22:57:46.662 10 INFO neutron.wsgi [None req-73846e40-a3b6-4b75-9e68-76b778ca1301 7cca599be0054433a542ded1ad91cb12 7407aca154cb45ecb0daf2d99e7a2c38 - - default default] 10.0.0.216 "POST /v2.0/subnetpools HTTP/1.1" status: 201 len: 715 time: 0.1634543
2026-07-15 22:57:46.702 10 INFO neutron.wsgi [None req-d4c1c0e6-baf8-426a-b313-738a4a52a7d0 e9f988f0bfeb43c3aa5d70885a4706a2 93e77344d2364f78bbe2033fbf36c588 - - default default] 10.0.0.216 "GET /v2.0/networks?router%3Aexternal=True HTTP/1.1" status: 200 len: 947 time: 0.1066389
2026-07-15 22:57:46.733 9 INFO neutron.wsgi [None req-7b63b950-d7f1-4cb6-b344-d5530b3cc119 e9f988f0bfeb43c3aa5d70885a4706a2 93e77344d2364f78bbe2033fbf36c588 - - default default] 10.0.0.216 "GET /v2.0/subnets?network_id=01918310-5a49-4c66-9985-8f31d597a661&cidr=10.100.0.0%2F28 HTTP/1.1" status: 200 len: 207 time: 0.0215449
2026-07-15 22:57:46.733 10 INFO neutron.wsgi [None req-d97cd2f0-ea24-491c-8c46-010dfb695897 7cca599be0054433a542ded1ad91cb12 7407aca154cb45ecb0daf2d99e7a2c38 - - default default] 10.0.0.216 "POST /v2.0/subnetpools HTTP/1.1" status: 201 len: 715 time: 0.0651565
2026-07-15 22:57:46.825 9 INFO neutron.wsgi [None req-4c0afac0-b79f-4e4b-aa97-539b782ba1fd 7cca599be0054433a542ded1ad91cb12 7407aca154cb45ecb0daf2d99e7a2c38 - - default default] 10.0.0.216 "POST /v2.0/subnetpools HTTP/1.1" status: 201 len: 715 time: 0.0868289
2026-07-15 22:57:46.900 9 INFO neutron.wsgi [None req-bec29a42-3d47-499f-ad86-973de29ca79c 7cca599be0054433a542ded1ad91cb12 7407aca154cb45ecb0daf2d99e7a2c38 - - default default] 10.0.0.216 "POST /v2.0/subnetpools HTTP/1.1" status: 201 len: 715 time: 0.0716827
2026-07-15 22:57:46.971 9 INFO neutron.wsgi [None req-c5907880-2782-4feb-988b-e4816c3c6be7 7cca599be0054433a542ded1ad91cb12 7407aca154cb45ecb0daf2d99e7a2c38 - - default default] 10.0.0.216 "POST /v2.0/subnetpools HTTP/1.1" status: 201 len: 715 time: 0.0664823
2026-07-15 22:57:46.991 10 INFO neutron.db.ovn_revision_numbers_db [None req-d9e7597d-6d69-4136-b442-fa0b337d48ad a935e388d20d40aa867d828b049eb530 5dfa297bfdca40c792965bd689407912 - - default default] Successfully bumped revision number for resource 61732944-b8cb-455c-a165-45bee7d953e5 (type: routers) to 1
2026-07-15 22:57:47.005 9 INFO neutron.db.ovn_revision_numbers_db [None req-1ae8d785-5e4f-42a6-88de-b85d008ceb67 - - - - - -] Successfully bumped revision number for resource e488a384-69e1-4c99-ad16-aaefe3c05b09 (type: ports) to 1
2026-07-15 22:57:47.008 10 INFO neutron.wsgi [None req-d9e7597d-6d69-4136-b442-fa0b337d48ad a935e388d20d40aa867d828b049eb530 5dfa297bfdca40c792965bd689407912 - - default default] 10.0.0.216 "POST /v2.0/routers HTTP/1.1" status: 201 len: 654 time: 0.3005846
2026-07-15 22:57:47.011 9 INFO neutron.wsgi [None req-486e57ad-e902-42c6-9585-fee0dbb8db14 7cca599be0054433a542ded1ad91cb12 7407aca154cb45ecb0daf2d99e7a2c38 - - default default] 10.0.0.216 "PUT /v2.0/subnetpools/38f96435-dbde-4cd1-89a8-024d967d3639/tags HTTP/1.1" status: 200 len: 210 time: 0.0319436
2026-07-15 22:57:47.058 9 INFO neutron.wsgi [None req-da1aa845-03c8-4901-aad1-ba11a0487b46 7cca599be0054433a542ded1ad91cb12 7407aca154cb45ecb0daf2d99e7a2c38 - - default default] 10.0.0.216 "PUT /v2.0/subnetpools/427c60b5-e359-4add-832c-b5be89ab00f2/tags HTTP/1.1" status: 200 len: 218 time: 0.0384793
2026-07-15 22:57:47.102 10 WARNING neutron.scheduler.dhcp_agent_scheduler [None req-d3ef8cd6-bf57-4e63-b921-fa152d7c1074 b2133b7b60684f678edb3964e0c734db 293f4d62faca4c0abfb8ee473b019187 - - default default] No more DHCP agents
2026-07-15 22:57:47.105 10 WARNING neutron.api.rpc.agentnotifiers.dhcp_rpc_agent_api [None req-d3ef8cd6-bf57-4e63-b921-fa152d7c1074 b2133b7b60684f678edb3964e0c734db 293f4d62faca4c0abfb8ee473b019187 - - default default] Unable to schedule network 749d199a-4959-4c78-813c-7f68d1bdc4f1: no agents available; will retry on subsequent port and subnet creation events.
2026-07-15 22:57:47.130 9 INFO neutron.wsgi [None req-6196b388-03be-450d-adfd-6760b724ce07 7cca599be0054433a542ded1ad91cb12 7407aca154cb45ecb0daf2d99e7a2c38 - - default default] 10.0.0.216 "PUT /v2.0/subnetpools/76d71ca5-85d8-4119-8390-9e7ad359f630/tags HTTP/1.1" status: 200 len: 227 time: 0.0660391
2026-07-15 22:57:47.227 9 INFO neutron.wsgi [None req-c269c83f-2618-43c1-a8c1-55caa8083dc0 7cca599be0054433a542ded1ad91cb12 7407aca154cb45ecb0daf2d99e7a2c38 - - default default] 10.0.0.216 "PUT /v2.0/subnetpools/296d9f84-b4d5-487f-a462-459e29a43b6a/tags HTTP/1.1" status: 200 len: 212 time: 0.0895576
2026-07-15 22:57:47.271 10 INFO neutron.wsgi [None req-1b53e03b-5d42-442a-acc7-ad10bc0d7b24 7cca599be0054433a542ded1ad91cb12 7407aca154cb45ecb0daf2d99e7a2c38 - - default default] 10.0.0.216 "GET /v2.0/subnetpools?tags=red HTTP/1.1" status: 200 len: 1758 time: 0.0363519
2026-07-15 22:57:47.308 9 INFO neutron.db.ovn_revision_numbers_db [None req-3203d1f8-ee5c-4181-8aee-d5102d0c799e a935e388d20d40aa867d828b049eb530 5dfa297bfdca40c792965bd689407912 - - default default] Successfully bumped revision number for resource 5ccb088a-319c-4d48-b2db-88aeee70fcec (type: routers) to 1
2026-07-15 22:57:47.313 9 INFO neutron.wsgi [None req-b439eedd-e7b7-4103-bf66-9503405108d6 6338cd7dd2934d37b3bcd77465d8ed2a 79a6e8b9a8a64e1d885c17a746c51634 - - default default] 10.0.0.216 "GET /v2.0/ports/24f7655c-3f83-4f20-9298-d733e7d399b3 HTTP/1.1" status: 200 len: 1147 time: 0.2095675
2026-07-15 22:57:47.329 9 INFO neutron.wsgi [None req-3203d1f8-ee5c-4181-8aee-d5102d0c799e a935e388d20d40aa867d828b049eb530 5dfa297bfdca40c792965bd689407912 - - default default] 10.0.0.216 "POST /v2.0/routers HTTP/1.1" status: 201 len: 654 time: 0.3158422
2026-07-15 22:57:47.481 9 INFO neutron.db.ovn_revision_numbers_db [None req-1ae8d785-5e4f-42a6-88de-b85d008ceb67 - - - - - -] Successfully bumped revision number for resource e488a384-69e1-4c99-ad16-aaefe3c05b09 (type: router_ports) to 3
2026-07-15 22:57:47.529 9 INFO neutron.db.ovn_revision_numbers_db [None req-b521b34d-44f0-4cae-be85-8939ae18786b a935e388d20d40aa867d828b049eb530 5dfa297bfdca40c792965bd689407912 - - default default] Successfully bumped revision number for resource 79150e9e-57c8-41ed-9d2c-5adde09af9d0 (type: routers) to 1
2026-07-15 22:57:47.534 10 INFO neutron.wsgi [None req-49a0787e-9862-4054-b214-f088f2745c8c 7cca599be0054433a542ded1ad91cb12 7407aca154cb45ecb0daf2d99e7a2c38 - - default default] 10.0.0.216 "GET /v2.0/subnetpools?tags=red%2Cblue HTTP/1.1" status: 200 len: 1251 time: 0.2585242
2026-07-15 22:57:47.555 9 INFO neutron.wsgi [None req-b521b34d-44f0-4cae-be85-8939ae18786b a935e388d20d40aa867d828b049eb530 5dfa297bfdca40c792965bd689407912 - - default default] 10.0.0.216 "POST /v2.0/routers HTTP/1.1" status: 201 len: 654 time: 0.2217095
2026-07-15 22:57:47.576 10 INFO neutron.wsgi [None req-7bfd5624-5c1b-4cd9-a699-963be9b281c5 7cca599be0054433a542ded1ad91cb12 7407aca154cb45ecb0daf2d99e7a2c38 - - default default] 10.0.0.216 "GET /v2.0/subnetpools?tags-any=blue HTTP/1.1" status: 200 len: 1251 time: 0.0369990
2026-07-15 22:57:47.604 10 INFO neutron.wsgi [None req-b9481f4d-0755-42c3-9d5b-d69a83a0bac6 7cca599be0054433a542ded1ad91cb12 7407aca154cb45ecb0daf2d99e7a2c38 - - default default] 10.0.0.216 "GET /v2.0/subnetpools?tags-any=red%2Cblue HTTP/1.1" status: 200 len: 1758 time: 0.0251129
2026-07-15 22:57:47.639 10 INFO neutron.wsgi [None req-dc2a2fb2-18dc-4466-99a2-1aa26032de70 7cca599be0054433a542ded1ad91cb12 7407aca154cb45ecb0daf2d99e7a2c38 - - default default] 10.0.0.216 "GET /v2.0/subnetpools?not-tags=red HTTP/1.1" status: 200 len: 1223 time: 0.0285733
2026-07-15 22:57:47.677 10 INFO neutron.wsgi [None req-35d96741-fb35-4a1d-a5cc-00f83b696d24 7cca599be0054433a542ded1ad91cb12 7407aca154cb45ecb0daf2d99e7a2c38 - - default default] 10.0.0.216 "GET /v2.0/subnetpools?not-tags=red%2Cblue HTTP/1.1" status: 200 len: 1730 time: 0.0329273
2026-07-15 22:57:47.749 9 INFO neutron.wsgi [None req-01a6840a-88b2-4e74-bb9d-7a62f0ca6810 7cca599be0054433a542ded1ad91cb12 7407aca154cb45ecb0daf2d99e7a2c38 - - default default] 10.0.0.216 "GET /v2.0/subnetpools?not-tags-any=blue HTTP/1.1" status: 200 len: 1730 time: 0.0666256
2026-07-15 22:57:47.751 9 INFO neutron.db.ovn_revision_numbers_db [None req-1ae8d785-5e4f-42a6-88de-b85d008ceb67 - - - - - -] Successfully bumped revision number for resource e488a384-69e1-4c99-ad16-aaefe3c05b09 (type: ports) to 2
2026-07-15 22:57:47.765 9 INFO neutron.db.ovn_revision_numbers_db [None req-38240c5f-9b79-4b24-bd3d-251ebf15ea4f a935e388d20d40aa867d828b049eb530 5dfa297bfdca40c792965bd689407912 - - default default] Successfully bumped revision number for resource 3841da99-1020-4b7a-9aee-61d2a9e45195 (type: routers) to 1
2026-07-15 22:57:47.784 10 INFO neutron.wsgi [None req-2ceebd0a-c43b-4e0a-ab9e-3b2f42bdd903 7cca599be0054433a542ded1ad91cb12 7407aca154cb45ecb0daf2d99e7a2c38 - - default default] 10.0.0.216 "GET /v2.0/subnetpools?not-tags-any=red%2Cblue HTTP/1.1" status: 200 len: 1223 time: 0.0270512
2026-07-15 22:57:47.866 10 INFO neutron.wsgi [None req-1111aa5f-60e3-4ae7-b180-6a112f2c457e 7cca599be0054433a542ded1ad91cb12 7407aca154cb45ecb0daf2d99e7a2c38 - - default default] 10.0.0.216 "DELETE /v2.0/subnetpools/38f96435-dbde-4cd1-89a8-024d967d3639 HTTP/1.1" status: 204 len: 168 time: 0.0706079
2026-07-15 22:57:47.942 10 INFO neutron.wsgi [None req-94afb24e-efb1-4283-8a15-02b6e2a163c5 7cca599be0054433a542ded1ad91cb12 7407aca154cb45ecb0daf2d99e7a2c38 - - default default] 10.0.0.216 "DELETE /v2.0/subnetpools/427c60b5-e359-4add-832c-b5be89ab00f2 HTTP/1.1" status: 204 len: 168 time: 0.0699387
2026-07-15 22:57:47.953 10 INFO neutron.db.ovn_revision_numbers_db [None req-d3ef8cd6-bf57-4e63-b921-fa152d7c1074 b2133b7b60684f678edb3964e0c734db 293f4d62faca4c0abfb8ee473b019187 - - default default] Successfully bumped revision number for resource 0d676906-66ba-447a-a77c-54b167785bc8 (type: ports) to 2
2026-07-15 22:57:47.971 9 INFO neutron.wsgi [None req-38240c5f-9b79-4b24-bd3d-251ebf15ea4f a935e388d20d40aa867d828b049eb530 5dfa297bfdca40c792965bd689407912 - - default default] 10.0.0.216 "POST /v2.0/routers HTTP/1.1" status: 201 len: 654 time: 0.4122343
2026-07-15 22:57:47.993 10 INFO neutron.db.ovn_revision_numbers_db [None req-d3ef8cd6-bf57-4e63-b921-fa152d7c1074 b2133b7b60684f678edb3964e0c734db 293f4d62faca4c0abfb8ee473b019187 - - default default] Successfully bumped revision number for resource 2b4d3e08-92c2-472d-a2ee-5d4d1793b50e (type: subnets) to 0
2026-07-15 22:57:48.004 10 INFO neutron.wsgi [None req-992a3277-c761-43a8-a064-b937c675a621 7cca599be0054433a542ded1ad91cb12 7407aca154cb45ecb0daf2d99e7a2c38 - - default default] 10.0.0.216 "DELETE /v2.0/subnetpools/76d71ca5-85d8-4119-8390-9e7ad359f630 HTTP/1.1" status: 204 len: 168 time: 0.0577266
2026-07-15 22:57:48.006 10 INFO neutron.wsgi [None req-d3ef8cd6-bf57-4e63-b921-fa152d7c1074 b2133b7b60684f678edb3964e0c734db 293f4d62faca4c0abfb8ee473b019187 - - default default] 10.0.0.216 "POST /v2.0/subnets HTTP/1.1" status: 201 len: 832 time: 1.2680566
2026-07-15 22:57:48.065 10 INFO neutron.wsgi [None req-6e410c52-3309-464f-ba81-9996ed520cc7 7cca599be0054433a542ded1ad91cb12 7407aca154cb45ecb0daf2d99e7a2c38 - - default default] 10.0.0.216 "DELETE /v2.0/subnetpools/296d9f84-b4d5-487f-a462-459e29a43b6a HTTP/1.1" status: 204 len: 168 time: 0.0524144
2026-07-15 22:57:48.147 10 INFO neutron.wsgi [None req-6e3073ab-44d3-4dea-861d-f1e5c612e867 7cca599be0054433a542ded1ad91cb12 7407aca154cb45ecb0daf2d99e7a2c38 - - default default] 10.0.0.216 "DELETE /v2.0/subnetpools/b58d36f6-b886-4fba-9a66-82d421c1ef10 HTTP/1.1" status: 204 len: 168 time: 0.0738695
2026-07-15 22:57:48.248 9 INFO neutron.db.ovn_revision_numbers_db [None req-c789d9ab-dc0d-43d5-8bfd-59d889b5f5a0 a935e388d20d40aa867d828b049eb530 5dfa297bfdca40c792965bd689407912 - - default default] Successfully bumped revision number for resource 5641fea4-550f-48fc-9a46-0befabd80b91 (type: routers) to 1
2026-07-15 22:57:48.276 9 INFO neutron.wsgi [None req-c789d9ab-dc0d-43d5-8bfd-59d889b5f5a0 a935e388d20d40aa867d828b049eb530 5dfa297bfdca40c792965bd689407912 - - default default] 10.0.0.216 "POST /v2.0/routers HTTP/1.1" status: 201 len: 654 time: 0.2993913
2026-07-15 22:57:48.381 10 INFO neutron.wsgi [None req-05f435a5-063b-4394-91c2-dcd0980a9d99 a935e388d20d40aa867d828b049eb530 5dfa297bfdca40c792965bd689407912 - - default default] 10.0.0.216 "PUT /v2.0/routers/61732944-b8cb-455c-a165-45bee7d953e5/tags HTTP/1.1" status: 200 len: 210 time: 0.0963280
2026-07-15 22:57:48.394 9 INFO neutron.db.ovn_revision_numbers_db [None req-1ae8d785-5e4f-42a6-88de-b85d008ceb67 - - - - - -] Successfully bumped revision number for resource e488a384-69e1-4c99-ad16-aaefe3c05b09 (type: ports) to 4
2026-07-15 22:57:48.453 10 INFO neutron.wsgi [None req-40b74aba-0832-48aa-81bb-afcd2e560d3c a935e388d20d40aa867d828b049eb530 5dfa297bfdca40c792965bd689407912 - - default default] 10.0.0.216 "PUT /v2.0/routers/5ccb088a-319c-4d48-b2db-88aeee70fcec/tags HTTP/1.1" status: 200 len: 218 time: 0.0660269
2026-07-15 22:57:48.484 10 INFO neutron.wsgi [None req-aaccd1ca-75be-4e47-bf69-316ca52c7fc1 6338cd7dd2934d37b3bcd77465d8ed2a 79a6e8b9a8a64e1d885c17a746c51634 - - default default] 10.0.0.216 "GET /v2.0/ports/24f7655c-3f83-4f20-9298-d733e7d399b3 HTTP/1.1" status: 200 len: 1147 time: 0.1634567
2026-07-15 22:57:48.518 10 INFO neutron.wsgi [None req-079101ae-436e-42bd-b124-9202a119e5dd a935e388d20d40aa867d828b049eb530 5dfa297bfdca40c792965bd689407912 - - default default] 10.0.0.216 "PUT /v2.0/routers/79150e9e-57c8-41ed-9d2c-5adde09af9d0/tags HTTP/1.1" status: 200 len: 227 time: 0.0598471
2026-07-15 22:57:48.573 10 INFO neutron.wsgi [None req-31d931d3-80f2-424f-8d92-b30db39f4d5b a935e388d20d40aa867d828b049eb530 5dfa297bfdca40c792965bd689407912 - - default default] 10.0.0.216 "PUT /v2.0/routers/3841da99-1020-4b7a-9aee-61d2a9e45195/tags HTTP/1.1" status: 200 len: 212 time: 0.0501101
2026-07-15 22:57:48.647 10 INFO neutron.wsgi [None req-e12afbc4-fca2-4d62-a5e4-50cfbfdff104 a935e388d20d40aa867d828b049eb530 5dfa297bfdca40c792965bd689407912 - - default default] 10.0.0.216 "GET /v2.0/routers?tags=red HTTP/1.1" status: 200 len: 1601 time: 0.0685833
2026-07-15 22:57:48.670 9 INFO neutron.db.ovn_revision_numbers_db [None req-1ae8d785-5e4f-42a6-88de-b85d008ceb67 - - - - - -] Successfully bumped revision number for resource e488a384-69e1-4c99-ad16-aaefe3c05b09 (type: router_ports) to 4
2026-07-15 22:57:48.730 9 WARNING neutron.scheduler.dhcp_agent_scheduler [None req-f09e4fa8-7765-4b11-b1ea-bfa6b0828699 b2133b7b60684f678edb3964e0c734db 293f4d62faca4c0abfb8ee473b019187 - - default default] No more DHCP agents
2026-07-15 22:57:48.734 9 WARNING neutron.api.rpc.agentnotifiers.dhcp_rpc_agent_api [None req-f09e4fa8-7765-4b11-b1ea-bfa6b0828699 b2133b7b60684f678edb3964e0c734db 293f4d62faca4c0abfb8ee473b019187 - - default default] Unable to schedule network 749d199a-4959-4c78-813c-7f68d1bdc4f1: no agents available; will retry on subsequent port and subnet creation events.
2026-07-15 22:57:48.757 10 INFO neutron.wsgi [None req-8a462155-55bf-4042-b277-08b9a3082bdd a935e388d20d40aa867d828b049eb530 5dfa297bfdca40c792965bd689407912 - - default default] 10.0.0.216 "GET /v2.0/routers?tags=red%2Cblue HTTP/1.1" status: 200 len: 1144 time: 0.1049058
2026-07-15 22:57:48.824 10 INFO neutron.wsgi [None req-51c8ca82-ab56-4feb-948e-80d00f052b49 a935e388d20d40aa867d828b049eb530 5dfa297bfdca40c792965bd689407912 - - default default] 10.0.0.216 "GET /v2.0/routers?tags-any=blue HTTP/1.1" status: 200 len: 1144 time: 0.0611179
2026-07-15 22:57:48.878 9 INFO neutron.db.ovn_revision_numbers_db [None req-f09e4fa8-7765-4b11-b1ea-bfa6b0828699 b2133b7b60684f678edb3964e0c734db 293f4d62faca4c0abfb8ee473b019187 - - default default] Successfully bumped revision number for resource 86575d79-9e34-4718-8c5c-cb798ab06835 (type: ports) to 1
2026-07-15 22:57:48.880 10 INFO neutron.wsgi [None req-01805225-fa16-4540-8734-b3d8b0b39dbc a935e388d20d40aa867d828b049eb530 5dfa297bfdca40c792965bd689407912 - - default default] 10.0.0.216 "GET /v2.0/routers?tags-any=red%2Cblue HTTP/1.1" status: 200 len: 1601 time: 0.0497580
2026-07-15 22:57:48.954 10 INFO neutron.wsgi [None req-21b2592f-4469-4089-ac85-5a3e51dc53c0 a935e388d20d40aa867d828b049eb530 5dfa297bfdca40c792965bd689407912 - - default default] 10.0.0.216 "GET /v2.0/routers?not-tags=red HTTP/1.1" status: 200 len: 1116 time: 0.0693853
2026-07-15 22:57:49.038 10 INFO neutron.wsgi [None req-3503a08e-56ef-472a-8525-d8809f9f0892 a935e388d20d40aa867d828b049eb530 5dfa297bfdca40c792965bd689407912 - - default default] 10.0.0.216 "GET /v2.0/routers?not-tags=red%2Cblue HTTP/1.1" status: 200 len: 1573 time: 0.0776300
2026-07-15 22:57:49.113 10 INFO neutron.wsgi [None req-1933dd0c-a625-40a0-836e-9166815ef49c a935e388d20d40aa867d828b049eb530 5dfa297bfdca40c792965bd689407912 - - default default] 10.0.0.216 "GET /v2.0/routers?not-tags-any=blue HTTP/1.1" status: 200 len: 1573 time: 0.0710545
2026-07-15 22:57:49.170 10 INFO neutron.wsgi [None req-1a1d430a-e281-4658-9881-e68cb22dae37 a935e388d20d40aa867d828b049eb530 5dfa297bfdca40c792965bd689407912 - - default default] 10.0.0.216 "GET /v2.0/routers?not-tags-any=red%2Cblue HTTP/1.1" status: 200 len: 1116 time: 0.0507643
2026-07-15 22:57:49.236 10 INFO neutron.wsgi [None req-ef70ac2f-6a91-42b5-a31b-2072dc18d51c a935e388d20d40aa867d828b049eb530 5dfa297bfdca40c792965bd689407912 - - default default] 10.0.0.216 "GET /v2.0/routers/61732944-b8cb-455c-a165-45bee7d953e5 HTTP/1.1" status: 200 len: 660 time: 0.0609665
2026-07-15 22:57:49.382 10 INFO neutron.db.ovn_revision_numbers_db [None req-4b77b18c-8e65-4b2b-b3e5-88b0ff1d991c 15347a2cd9fb413892463cba0acf75e4 3b11b5342cb9458b8a6fe990fe268e21 - - default default] Successfully bumped revision number for resource ebffca3b-e8e7-4c1a-b75f-20e8cb38dbc6 (type: security_groups) to 1
2026-07-15 22:57:49.420 10 INFO neutron.db.ovn_revision_numbers_db [None req-4b77b18c-8e65-4b2b-b3e5-88b0ff1d991c 15347a2cd9fb413892463cba0acf75e4 3b11b5342cb9458b8a6fe990fe268e21 - - default default] Successfully bumped revision number for resource 2e282aae-d49e-42d1-992e-d66c4089299f (type: security_group_rules) to 0
2026-07-15 22:57:49.462 10 INFO neutron.db.ovn_revision_numbers_db [None req-4b77b18c-8e65-4b2b-b3e5-88b0ff1d991c 15347a2cd9fb413892463cba0acf75e4 3b11b5342cb9458b8a6fe990fe268e21 - - default default] Successfully bumped revision number for resource 6ab570c0-e95d-4fa1-8998-3b2ea6f24841 (type: security_group_rules) to 0
2026-07-15 22:57:49.500 10 INFO neutron.db.ovn_revision_numbers_db [None req-4b77b18c-8e65-4b2b-b3e5-88b0ff1d991c 15347a2cd9fb413892463cba0acf75e4 3b11b5342cb9458b8a6fe990fe268e21 - - default default] Successfully bumped revision number for resource 848cd143-5930-4e24-8d14-cc3b76397a8f (type: security_group_rules) to 0
2026-07-15 22:57:49.533 10 INFO neutron.db.ovn_revision_numbers_db [None req-4b77b18c-8e65-4b2b-b3e5-88b0ff1d991c 15347a2cd9fb413892463cba0acf75e4 3b11b5342cb9458b8a6fe990fe268e21 - - default default] Successfully bumped revision number for resource e4634516-f725-47c7-a01f-e3c5a9e14a73 (type: security_group_rules) to 0
2026-07-15 22:57:49.541 10 INFO neutron.wsgi [None req-4365c273-5edd-4d16-9bb9-c287238a5893 6338cd7dd2934d37b3bcd77465d8ed2a 79a6e8b9a8a64e1d885c17a746c51634 - - default default] 10.0.0.216 "GET /v2.0/ports/24f7655c-3f83-4f20-9298-d733e7d399b3 HTTP/1.1" status: 200 len: 1147 time: 0.0497096
2026-07-15 22:57:49.571 10 INFO neutron.wsgi [None req-4b77b18c-8e65-4b2b-b3e5-88b0ff1d991c 15347a2cd9fb413892463cba0acf75e4 3b11b5342cb9458b8a6fe990fe268e21 - - default default] 10.0.0.216 "GET /v2.0/security-groups?tenant_id=c0e07892d7cb416cb4d4cc8cb937a72a&name=default HTTP/1.1" status: 200 len: 2996 time: 0.5779231
2026-07-15 22:57:49.618 9 INFO neutron.db.ovn_revision_numbers_db [None req-f09e4fa8-7765-4b11-b1ea-bfa6b0828699 b2133b7b60684f678edb3964e0c734db 293f4d62faca4c0abfb8ee473b019187 - - default default] Successfully bumped revision number for resource 86575d79-9e34-4718-8c5c-cb798ab06835 (type: router_ports) to 1
2026-07-15 22:57:49.805 9 INFO neutron.db.ovn_revision_numbers_db [None req-f09e4fa8-7765-4b11-b1ea-bfa6b0828699 b2133b7b60684f678edb3964e0c734db 293f4d62faca4c0abfb8ee473b019187 - - default default] Successfully bumped revision number for resource 86575d79-9e34-4718-8c5c-cb798ab06835 (type: ports) to 1
2026-07-15 22:57:49.877 9 INFO neutron.wsgi [None req-5d3bd51e-e2e7-4f06-a04c-c00a36172247 15347a2cd9fb413892463cba0acf75e4 3b11b5342cb9458b8a6fe990fe268e21 - - default default] 10.0.0.216 "DELETE /v2.0/security-groups/ebffca3b-e8e7-4c1a-b75f-20e8cb38dbc6 HTTP/1.1" status: 204 len: 168 time: 0.2940526
2026-07-15 22:57:49.881 9 WARNING neutron.scheduler.dhcp_agent_scheduler [None req-f09e4fa8-7765-4b11-b1ea-bfa6b0828699 b2133b7b60684f678edb3964e0c734db 293f4d62faca4c0abfb8ee473b019187 - - default default] No more DHCP agents
2026-07-15 22:57:49.882 9 WARNING neutron.api.rpc.agentnotifiers.dhcp_rpc_agent_api [None req-f09e4fa8-7765-4b11-b1ea-bfa6b0828699 b2133b7b60684f678edb3964e0c734db 293f4d62faca4c0abfb8ee473b019187 - - default default] Unable to schedule network 749d199a-4959-4c78-813c-7f68d1bdc4f1: no agents available; will retry on subsequent port and subnet creation events.
2026-07-15 22:57:49.956 9 WARNING neutron.plugins.ml2.drivers.ovn.mech_driver.ovsdb.ovn_client [None req-c2740de3-9fdc-4af1-8deb-8479581be0bc - - - - - -] No hosting information found for port 7c8d31f5-a7b4-4b93-a56a-dc7d6b1006dd: RuntimeError: No hosting information found for port 7c8d31f5-a7b4-4b93-a56a-dc7d6b1006dd
2026-07-15 22:57:49.956 9 INFO neutron.plugins.ml2.drivers.ovn.mech_driver.mech_driver [None req-c2740de3-9fdc-4af1-8deb-8479581be0bc - - - - - -] OVN reports status up for port: 24f7655c-3f83-4f20-9298-d733e7d399b3
2026-07-15 22:57:49.961 10 INFO neutron.db.ovn_revision_numbers_db [None req-3b53ef39-7c15-47c3-8533-fa505d02eac1 a935e388d20d40aa867d828b049eb530 5dfa297bfdca40c792965bd689407912 - - default default] Successfully bumped revision number for resource 61732944-b8cb-455c-a165-45bee7d953e5 (type: routers) to 2
2026-07-15 22:57:49.965 10 INFO neutron.wsgi [None req-3b53ef39-7c15-47c3-8533-fa505d02eac1 a935e388d20d40aa867d828b049eb530 5dfa297bfdca40c792965bd689407912 - - default default] 10.0.0.216 "PUT /v2.0/routers/61732944-b8cb-455c-a165-45bee7d953e5 HTTP/1.1" status: 200 len: 660 time: 0.7213652
2026-07-15 22:57:49.970 9 INFO neutron.plugins.ml2.plugin [None req-c2740de3-9fdc-4af1-8deb-8479581be0bc - - - - - -] Attempt 1 to provision port 24f7655c-3f83-4f20-9298-d733e7d399b3
2026-07-15 22:57:49.990 10 INFO neutron.wsgi [None req-d19227ed-c2c7-46cf-a853-69828923fe05 a935e388d20d40aa867d828b049eb530 5dfa297bfdca40c792965bd689407912 - - default default] 10.0.0.216 "GET /v2.0/ports?device_id=61732944-b8cb-455c-a165-45bee7d953e5 HTTP/1.1" status: 200 len: 205 time: 0.0201352
2026-07-15 22:57:50.179 10 INFO neutron.db.ovn_revision_numbers_db [None req-45b858cc-fe1a-493c-b756-0380d27b4648 15347a2cd9fb413892463cba0acf75e4 3b11b5342cb9458b8a6fe990fe268e21 - - default default] Successfully bumped revision number for resource 8d25c725-25c3-412a-8bfc-866bb8666457 (type: security_groups) to 1
2026-07-15 22:57:50.186 10 INFO neutron.wsgi [None req-751fd058-2163-4cd2-abd9-02aefbf54a5f a935e388d20d40aa867d828b049eb530 5dfa297bfdca40c792965bd689407912 - - default default] 10.0.0.216 "DELETE /v2.0/routers/61732944-b8cb-455c-a165-45bee7d953e5 HTTP/1.1" status: 204 len: 168 time: 0.1918728
2026-07-15 22:57:50.219 10 INFO neutron.db.ovn_revision_numbers_db [None req-45b858cc-fe1a-493c-b756-0380d27b4648 15347a2cd9fb413892463cba0acf75e4 3b11b5342cb9458b8a6fe990fe268e21 - - default default] Successfully bumped revision number for resource 1a811df8-d16b-429e-b7cc-c7a1032e3d4e (type: security_group_rules) to 0
2026-07-15 22:57:50.243 10 INFO neutron.wsgi [None req-6387b0bf-bec5-4641-90ce-3aaf2b4da84d a935e388d20d40aa867d828b049eb530 5dfa297bfdca40c792965bd689407912 - - default default] 10.0.0.216 "GET /v2.0/routers/5ccb088a-319c-4d48-b2db-88aeee70fcec HTTP/1.1" status: 200 len: 668 time: 0.0520713
2026-07-15 22:57:50.244 10 INFO neutron.db.ovn_revision_numbers_db [None req-45b858cc-fe1a-493c-b756-0380d27b4648 15347a2cd9fb413892463cba0acf75e4 3b11b5342cb9458b8a6fe990fe268e21 - - default default] Successfully bumped revision number for resource 8fa9110a-0360-492f-8af3-c9d5378348e8 (type: security_group_rules) to 0
2026-07-15 22:57:50.258 10 INFO neutron.db.ovn_revision_numbers_db [None req-45b858cc-fe1a-493c-b756-0380d27b4648 15347a2cd9fb413892463cba0acf75e4 3b11b5342cb9458b8a6fe990fe268e21 - - default default] Successfully bumped revision number for resource c1d14d53-d109-440a-a7a8-e7ab9e485123 (type: security_group_rules) to 0
2026-07-15 22:57:50.284 10 INFO neutron.db.ovn_revision_numbers_db [None req-45b858cc-fe1a-493c-b756-0380d27b4648 15347a2cd9fb413892463cba0acf75e4 3b11b5342cb9458b8a6fe990fe268e21 - - default default] Successfully bumped revision number for resource dbb889bb-e44c-4913-8cc8-686d4e697688 (type: security_group_rules) to 0
2026-07-15 22:57:50.306 10 INFO neutron.wsgi [None req-45b858cc-fe1a-493c-b756-0380d27b4648 15347a2cd9fb413892463cba0acf75e4 3b11b5342cb9458b8a6fe990fe268e21 - - default default] 10.0.0.216 "GET /v2.0/security-groups?tenant_id=fa6d42e0e5704107a494627694d5fc96&name=default HTTP/1.1" status: 200 len: 2996 time: 0.3264749
2026-07-15 22:57:50.367 9 INFO neutron.db.ovn_revision_numbers_db [None req-f09e4fa8-7765-4b11-b1ea-bfa6b0828699 b2133b7b60684f678edb3964e0c734db 293f4d62faca4c0abfb8ee473b019187 - - default default] Successfully bumped revision number for resource 86575d79-9e34-4718-8c5c-cb798ab06835 (type: router_ports) to 1
2026-07-15 22:57:50.369 9 INFO neutron.wsgi [None req-f09e4fa8-7765-4b11-b1ea-bfa6b0828699 b2133b7b60684f678edb3964e0c734db 293f4d62faca4c0abfb8ee473b019187 - - default default] 10.0.0.216 "PUT /v2.0/routers/6c420860-b80e-43d8-924a-04e64f1869fa/add_router_interface HTTP/1.1" status: 200 len: 503 time: 2.3540580
2026-07-15 22:57:50.421 9 INFO neutron.db.ovn_revision_numbers_db [None req-c2740de3-9fdc-4af1-8deb-8479581be0bc - - - - - -] Successfully bumped revision number for resource 24f7655c-3f83-4f20-9298-d733e7d399b3 (type: ports) to 2
2026-07-15 22:57:50.460 10 INFO neutron.wsgi [None req-53a71277-6561-4359-a102-047d41493afc e9f988f0bfeb43c3aa5d70885a4706a2 93e77344d2364f78bbe2033fbf36c588 - - default default] 10.0.0.216 "GET /v2.0/networks HTTP/1.1" status: 200 len: 4605 time: 0.0850475
2026-07-15 22:57:50.511 10 INFO neutron.wsgi [None req-d9d50883-a4e8-40ff-8063-5dd6deacb789 e9f988f0bfeb43c3aa5d70885a4706a2 93e77344d2364f78bbe2033fbf36c588 - - default default] 10.0.0.216 "GET /v2.0/subnets HTTP/1.1" status: 200 len: 3366 time: 0.0434773
2026-07-15 22:57:50.620 10 INFO neutron.wsgi [None req-6d19a7ec-2b40-4751-9963-ef267b3e3429 6338cd7dd2934d37b3bcd77465d8ed2a 79a6e8b9a8a64e1d885c17a746c51634 - - default default] 10.0.0.216 "GET /v2.0/ports/24f7655c-3f83-4f20-9298-d733e7d399b3 HTTP/1.1" status: 200 len: 1149 time: 0.0677297
2026-07-15 22:57:50.631 9 INFO neutron.db.ovn_revision_numbers_db [None req-c2740de3-9fdc-4af1-8deb-8479581be0bc - - - - - -] Successfully bumped revision number for resource 24f7655c-3f83-4f20-9298-d733e7d399b3 (type: router_ports) to 2
2026-07-15 22:57:50.657 10 INFO neutron.wsgi [None req-a65264c3-a4d3-49fa-ace1-976da2aa0cc9 e9f988f0bfeb43c3aa5d70885a4706a2 93e77344d2364f78bbe2033fbf36c588 - - default default] 10.0.0.216 "GET /v2.0/routers HTTP/1.1" status: 200 len: 3214 time: 0.1405442
2026-07-15 22:57:50.682 10 INFO neutron.wsgi [None req-a821a94e-85f1-4ebe-adc3-b14d9c49a737 15347a2cd9fb413892463cba0acf75e4 3b11b5342cb9458b8a6fe990fe268e21 - - default default] 10.0.0.216 "DELETE /v2.0/security-groups/8d25c725-25c3-412a-8bfc-866bb8666457 HTTP/1.1" status: 204 len: 168 time: 0.3603573
2026-07-15 22:57:50.755 9 INFO neutron.db.ovn_revision_numbers_db [None req-faf85b58-0eaa-4d58-b76e-f035d21ffed0 a935e388d20d40aa867d828b049eb530 5dfa297bfdca40c792965bd689407912 - - default default] Successfully bumped revision number for resource 5ccb088a-319c-4d48-b2db-88aeee70fcec (type: routers) to 2
2026-07-15 22:57:50.758 9 INFO neutron.wsgi [None req-faf85b58-0eaa-4d58-b76e-f035d21ffed0 a935e388d20d40aa867d828b049eb530 5dfa297bfdca40c792965bd689407912 - - default default] 10.0.0.216 "PUT /v2.0/routers/5ccb088a-319c-4d48-b2db-88aeee70fcec HTTP/1.1" status: 200 len: 668 time: 0.5089545
2026-07-15 22:57:50.787 9 INFO neutron.wsgi [None req-f618c902-6a10-4c61-9e7d-fdf6ddcd387e a935e388d20d40aa867d828b049eb530 5dfa297bfdca40c792965bd689407912 - - default default] 10.0.0.216 "GET /v2.0/ports?device_id=5ccb088a-319c-4d48-b2db-88aeee70fcec HTTP/1.1" status: 200 len: 205 time: 0.0226426
2026-07-15 22:57:50.861 9 INFO neutron.db.ovn_revision_numbers_db [None req-fbd472d9-f0fc-4714-bd7b-69014b5ec74e b2133b7b60684f678edb3964e0c734db 293f4d62faca4c0abfb8ee473b019187 - - default default] Successfully bumped revision number for resource 7724859e-c359-43d5-ada6-24998b5e0199 (type: security_groups) to 1
2026-07-15 22:57:50.877 9 INFO neutron.db.ovn_revision_numbers_db [None req-fbd472d9-f0fc-4714-bd7b-69014b5ec74e b2133b7b60684f678edb3964e0c734db 293f4d62faca4c0abfb8ee473b019187 - - default default] Successfully bumped revision number for resource e81a3727-ea24-44e2-ac68-a20d4ecf019b (type: security_group_rules) to 0
2026-07-15 22:57:50.899 9 INFO neutron.db.ovn_revision_numbers_db [None req-fbd472d9-f0fc-4714-bd7b-69014b5ec74e b2133b7b60684f678edb3964e0c734db 293f4d62faca4c0abfb8ee473b019187 - - default default] Successfully bumped revision number for resource ee3c1fa5-f308-4257-ac93-a15059ba471c (type: security_group_rules) to 0
2026-07-15 22:57:50.921 9 INFO neutron.wsgi [None req-fbd472d9-f0fc-4714-bd7b-69014b5ec74e b2133b7b60684f678edb3964e0c734db 293f4d62faca4c0abfb8ee473b019187 - - default default] 10.0.0.216 "POST /v2.0/security-groups HTTP/1.1" status: 201 len: 1809 time: 0.2005243
2026-07-15 22:57:50.944 9 INFO neutron.db.ovn_revision_numbers_db [None req-409c4ee2-f6a4-461e-bc79-b21927953a66 15347a2cd9fb413892463cba0acf75e4 3b11b5342cb9458b8a6fe990fe268e21 - - default default] Successfully bumped revision number for resource 7688e765-de13-481f-849e-0b05845a0db2 (type: security_groups) to 1
2026-07-15 22:57:50.962 9 INFO neutron.db.ovn_revision_numbers_db [None req-409c4ee2-f6a4-461e-bc79-b21927953a66 15347a2cd9fb413892463cba0acf75e4 3b11b5342cb9458b8a6fe990fe268e21 - - default default] Successfully bumped revision number for resource 6977cfa2-4489-44b4-ab22-88e9c37b4b89 (type: security_group_rules) to 0
