2026-07-15 22:56:19.566 10 INFO neutron.wsgi [req-3c6d33f6-6f72-481f-b2a0-7290f6864439 req-23f95016-6074-4a7e-9ec3-78ed930ddd28 020148a245aa457ba8f9ae8eec1f5b74 f4970c914d95420382e7831c1c5a8c46 - - 713730aea4c849d39e19d81e6968278a 713730aea4c849d39e19d81e6968278a] 199.204.45.235 "PUT /v2.0/ports/5b934fa9-3f7e-4d16-8d70-6626d813da3b HTTP/1.1" status: 200 len: 1376 time: 0.6505973 /var/lib/openstack/lib/python3.10/site-packages/pycadf/identifier.py:71: UserWarning: Invalid uuid: neutron. To ensure interoperability, identifiers should be a valid uuid. warnings.warn(('Invalid uuid: %s. To ensure interoperability, '
2026-07-15 22:56:19.614 10 INFO neutron.notifiers.nova [-] Nova event matching ['req-8f1999c0-7d2e-402c-9673-6d0cc4c77f9b'] response: {'name': 'network-changed', 'server_uuid': '34747939-1d5e-4cb1-971a-2a3fc153188b', 'tag': '5b934fa9-3f7e-4d16-8d70-6626d813da3b', 'status': 'completed', 'code': 200}
2026-07-15 22:56:19.631 9 INFO neutron.wsgi [req-3c6d33f6-6f72-481f-b2a0-7290f6864439 req-bdb1094c-a726-4f26-a3c3-fdf5b97c2d2a 020148a245aa457ba8f9ae8eec1f5b74 f4970c914d95420382e7831c1c5a8c46 - - 713730aea4c849d39e19d81e6968278a 713730aea4c849d39e19d81e6968278a] 199.204.45.235 "GET /v2.0/ports?tenant_id=3c1210abb263489db88581596d990275&device_id=34747939-1d5e-4cb1-971a-2a3fc153188b HTTP/1.1" status: 200 len: 1407 time: 0.0292439
2026-07-15 22:56:19.639 10 INFO neutron.wsgi [req-a4cb3661-4b8f-4117-a550-1da9f3d13c7a req-af8eb460-9a67-4769-8b96-49031c01083a 020148a245aa457ba8f9ae8eec1f5b74 f4970c914d95420382e7831c1c5a8c46 - - 713730aea4c849d39e19d81e6968278a 713730aea4c849d39e19d81e6968278a] 199.204.45.235 "GET /v2.0/ports?tenant_id=5ef660e2c4914b00863607c6fd161a60&device_id=4412d5cf-712e-470b-a52f-6989365df169 HTTP/1.1" status: 200 len: 1409 time: 0.0378830
2026-07-15 22:56:19.672 9 INFO neutron.wsgi [req-3c6d33f6-6f72-481f-b2a0-7290f6864439 req-8891217c-22ed-498e-9b1c-9524779cef43 020148a245aa457ba8f9ae8eec1f5b74 f4970c914d95420382e7831c1c5a8c46 - - 713730aea4c849d39e19d81e6968278a 713730aea4c849d39e19d81e6968278a] 199.204.45.235 "GET /v2.0/floatingips?fixed_ip_address=10.100.0.7&port_id=5b934fa9-3f7e-4d16-8d70-6626d813da3b HTTP/1.1" status: 200 len: 217 time: 0.0335062
2026-07-15 22:56:19.725 9 INFO neutron.wsgi [req-3c6d33f6-6f72-481f-b2a0-7290f6864439 req-8280fe8f-aa84-48d5-b05d-7510fae96942 020148a245aa457ba8f9ae8eec1f5b74 f4970c914d95420382e7831c1c5a8c46 - - 713730aea4c849d39e19d81e6968278a 713730aea4c849d39e19d81e6968278a] 199.204.45.235 "GET /v2.0/subnets?id=942cfe2b-211d-4a64-a7e7-85fda4b07a18 HTTP/1.1" status: 200 len: 869 time: 0.0455129
2026-07-15 22:56:19.726 10 INFO neutron.wsgi [req-a4cb3661-4b8f-4117-a550-1da9f3d13c7a req-75ee0d17-8cc6-42b2-a35e-3d693927e03d 020148a245aa457ba8f9ae8eec1f5b74 f4970c914d95420382e7831c1c5a8c46 - - 713730aea4c849d39e19d81e6968278a 713730aea4c849d39e19d81e6968278a] 199.204.45.235 "GET /v2.0/networks?id=58f8516b-4467-47a4-91ed-74aeb75f627c HTTP/1.1" status: 200 len: 981 time: 0.0831172
2026-07-15 22:56:19.757 9 INFO neutron.wsgi [req-3c6d33f6-6f72-481f-b2a0-7290f6864439 req-aa0676e4-1f12-4ba2-b9bd-34441d434b71 020148a245aa457ba8f9ae8eec1f5b74 f4970c914d95420382e7831c1c5a8c46 - - 713730aea4c849d39e19d81e6968278a 713730aea4c849d39e19d81e6968278a] 199.204.45.235 "GET /v2.0/ports?network_id=a1c421e9-d419-4298-bcee-7c8bccdde121&device_owner=network%3Adhcp HTTP/1.1" status: 200 len: 210 time: 0.0189564
2026-07-15 22:56:19.802 10 INFO neutron.wsgi [req-a4cb3661-4b8f-4117-a550-1da9f3d13c7a req-3f558810-696b-42f2-ac28-8fdef7074b64 020148a245aa457ba8f9ae8eec1f5b74 f4970c914d95420382e7831c1c5a8c46 - - 713730aea4c849d39e19d81e6968278a 713730aea4c849d39e19d81e6968278a] 199.204.45.235 "GET /v2.0/floatingips?fixed_ip_address=10.100.0.3&port_id=adc35037-6e7c-4114-989e-b909d08e6cc1 HTTP/1.1" status: 200 len: 1059 time: 0.0630689
2026-07-15 22:56:19.808 10 INFO neutron.wsgi [req-9a31bcd8-87e5-4a12-a846-2fb97234c54e req-268e446a-8fbe-4621-8b09-cd5ca052d34d 74e4e5c06bb742b29185b5794417ca70 3c1210abb263489db88581596d990275 - - default default] 10.0.0.199 "GET /v2.0/ports?device_id=34747939-1d5e-4cb1-971a-2a3fc153188b HTTP/1.1" status: 200 len: 1168 time: 0.1211066
2026-07-15 22:56:19.831 9 INFO neutron.wsgi [req-3c6d33f6-6f72-481f-b2a0-7290f6864439 req-9d87464b-eeec-4d4e-a335-9490256944ba 020148a245aa457ba8f9ae8eec1f5b74 f4970c914d95420382e7831c1c5a8c46 - - 713730aea4c849d39e19d81e6968278a 713730aea4c849d39e19d81e6968278a] 199.204.45.235 "GET /v2.0/networks/a1c421e9-d419-4298-bcee-7c8bccdde121?fields=segments HTTP/1.1" status: 200 len: 212 time: 0.0636756
2026-07-15 22:56:19.850 10 INFO neutron.wsgi [req-a4cb3661-4b8f-4117-a550-1da9f3d13c7a req-5d91992c-fa84-4011-ba48-0c162f13cf7b 020148a245aa457ba8f9ae8eec1f5b74 f4970c914d95420382e7831c1c5a8c46 - - 713730aea4c849d39e19d81e6968278a 713730aea4c849d39e19d81e6968278a] 199.204.45.235 "GET /v2.0/subnets?id=d5f4e05a-88bc-4350-80a5-aa786ba1f016 HTTP/1.1" status: 200 len: 877 time: 0.0412490
2026-07-15 22:56:19.855 9 WARNING neutron.scheduler.dhcp_agent_scheduler [None req-0d04e162-b0dd-4427-9af4-d6c82af5a97f b08d0b050caa4a0bb57beaaf54683771 d40229a8e4954cf39799c5c3cb2ac288 - - default default] No more DHCP agents
2026-07-15 22:56:19.857 10 INFO neutron.wsgi [req-9a31bcd8-87e5-4a12-a846-2fb97234c54e req-33c9ce54-c737-41db-93a1-0e78b40ad732 74e4e5c06bb742b29185b5794417ca70 3c1210abb263489db88581596d990275 - - default default] 10.0.0.199 "GET /v2.0/security-groups?id=9113e511-96fc-43bd-b0f2-17ac3fde4105&fields=id&fields=name HTTP/1.1" status: 200 len: 313 time: 0.0402720
2026-07-15 22:56:19.857 9 WARNING neutron.api.rpc.agentnotifiers.dhcp_rpc_agent_api [None req-0d04e162-b0dd-4427-9af4-d6c82af5a97f b08d0b050caa4a0bb57beaaf54683771 d40229a8e4954cf39799c5c3cb2ac288 - - default default] Unable to schedule network c30e2e84-1d7e-4487-a53e-4d194b350eae: no agents available; will retry on subsequent port and subnet creation events.
2026-07-15 22:56:19.876 10 INFO neutron.wsgi [req-a4cb3661-4b8f-4117-a550-1da9f3d13c7a req-c572cd20-82c9-4dfb-a4ce-943795898a61 020148a245aa457ba8f9ae8eec1f5b74 f4970c914d95420382e7831c1c5a8c46 - - 713730aea4c849d39e19d81e6968278a 713730aea4c849d39e19d81e6968278a] 199.204.45.235 "GET /v2.0/ports?network_id=58f8516b-4467-47a4-91ed-74aeb75f627c&device_owner=network%3Adhcp HTTP/1.1" status: 200 len: 210 time: 0.0188348
2026-07-15 22:56:19.899 9 INFO neutron.db.ovn_revision_numbers_db [None req-0d04e162-b0dd-4427-9af4-d6c82af5a97f b08d0b050caa4a0bb57beaaf54683771 d40229a8e4954cf39799c5c3cb2ac288 - - default default] Successfully bumped revision number for resource bfa2844a-6ab5-4288-804b-639d6b0d7bde (type: subnets) to 0
2026-07-15 22:56:19.919 9 INFO neutron.wsgi [None req-0d04e162-b0dd-4427-9af4-d6c82af5a97f b08d0b050caa4a0bb57beaaf54683771 d40229a8e4954cf39799c5c3cb2ac288 - - default default] 10.0.0.216 "POST /v2.0/subnets HTTP/1.1" status: 201 len: 802 time: 0.3566942
2026-07-15 22:56:19.921 9 INFO neutron.wsgi [req-3c6d33f6-6f72-481f-b2a0-7290f6864439 req-8c03603f-5fb9-4447-afba-cb17a8933d2e 020148a245aa457ba8f9ae8eec1f5b74 f4970c914d95420382e7831c1c5a8c46 - - 713730aea4c849d39e19d81e6968278a 713730aea4c849d39e19d81e6968278a] 199.204.45.235 "GET /v2.0/networks/a1c421e9-d419-4298-bcee-7c8bccdde121?fields=provider%3Aphysical_network&fields=provider%3Anetwork_type HTTP/1.1" status: 200 len: 277 time: 0.0848172
2026-07-15 22:56:19.949 10 INFO neutron.wsgi [req-a4cb3661-4b8f-4117-a550-1da9f3d13c7a req-a96dc568-b32d-4819-a8f7-63e5aedef7b3 020148a245aa457ba8f9ae8eec1f5b74 f4970c914d95420382e7831c1c5a8c46 - - 713730aea4c849d39e19d81e6968278a 713730aea4c849d39e19d81e6968278a] 199.204.45.235 "GET /v2.0/networks/58f8516b-4467-47a4-91ed-74aeb75f627c?fields=segments HTTP/1.1" status: 200 len: 212 time: 0.0653024
2026-07-15 22:56:20.016 10 INFO neutron.wsgi [req-a4cb3661-4b8f-4117-a550-1da9f3d13c7a req-d3dc1586-5c8a-4512-a90b-fe90bebc4b52 020148a245aa457ba8f9ae8eec1f5b74 f4970c914d95420382e7831c1c5a8c46 - - 713730aea4c849d39e19d81e6968278a 713730aea4c849d39e19d81e6968278a] 199.204.45.235 "GET /v2.0/networks/58f8516b-4467-47a4-91ed-74aeb75f627c?fields=provider%3Aphysical_network&fields=provider%3Anetwork_type HTTP/1.1" status: 200 len: 277 time: 0.0562358
2026-07-15 22:56:20.107 10 INFO neutron.plugins.ml2.drivers.ovn.mech_driver.mech_driver [None req-cd3b2352-ef9d-4b0d-b87f-52edbcc52025 - - - - - -] OVN reports status up for port: 5b934fa9-3f7e-4d16-8d70-6626d813da3b
2026-07-15 22:56:20.122 10 INFO neutron.plugins.ml2.plugin [None req-cd3b2352-ef9d-4b0d-b87f-52edbcc52025 - - - - - -] Attempt 1 to provision port 5b934fa9-3f7e-4d16-8d70-6626d813da3b
2026-07-15 22:56:20.261 9 INFO neutron.wsgi [req-f52807fc-4c90-41ff-9241-31006820be6c req-9494bc12-fda6-40b7-8d40-c9dbcfc92c3b 020148a245aa457ba8f9ae8eec1f5b74 f4970c914d95420382e7831c1c5a8c46 - - 713730aea4c849d39e19d81e6968278a 713730aea4c849d39e19d81e6968278a] 199.204.45.235 "GET /v2.0/ports?tenant_id=3c1210abb263489db88581596d990275&device_id=34747939-1d5e-4cb1-971a-2a3fc153188b HTTP/1.1" status: 200 len: 1407 time: 0.3009717
2026-07-15 22:56:20.371 9 INFO neutron.wsgi [req-f52807fc-4c90-41ff-9241-31006820be6c req-ef652b69-0a16-4565-9208-2c25be4c2564 020148a245aa457ba8f9ae8eec1f5b74 f4970c914d95420382e7831c1c5a8c46 - - 713730aea4c849d39e19d81e6968278a 713730aea4c849d39e19d81e6968278a] 199.204.45.235 "GET /v2.0/networks?id=a1c421e9-d419-4298-bcee-7c8bccdde121 HTTP/1.1" status: 200 len: 974 time: 0.0952170
2026-07-15 22:56:20.407 9 INFO neutron.wsgi [req-f52807fc-4c90-41ff-9241-31006820be6c req-deda561f-1271-436a-80b4-47b9ec4343de 020148a245aa457ba8f9ae8eec1f5b74 f4970c914d95420382e7831c1c5a8c46 - - 713730aea4c849d39e19d81e6968278a 713730aea4c849d39e19d81e6968278a] 199.204.45.235 "GET /v2.0/floatingips?fixed_ip_address=10.100.0.7&port_id=5b934fa9-3f7e-4d16-8d70-6626d813da3b HTTP/1.1" status: 200 len: 217 time: 0.0256324
2026-07-15 22:56:20.484 9 INFO neutron.wsgi [req-f52807fc-4c90-41ff-9241-31006820be6c req-268cd59d-9405-4553-b982-08753b1308fd 020148a245aa457ba8f9ae8eec1f5b74 f4970c914d95420382e7831c1c5a8c46 - - 713730aea4c849d39e19d81e6968278a 713730aea4c849d39e19d81e6968278a] 199.204.45.235 "GET /v2.0/subnets?id=942cfe2b-211d-4a64-a7e7-85fda4b07a18 HTTP/1.1" status: 200 len: 869 time: 0.0577972
2026-07-15 22:56:20.484 10 INFO neutron.db.ovn_revision_numbers_db [None req-cd3b2352-ef9d-4b0d-b87f-52edbcc52025 - - - - - -] Successfully bumped revision number for resource 5b934fa9-3f7e-4d16-8d70-6626d813da3b (type: ports) to 4
2026-07-15 22:56:20.515 9 INFO neutron.wsgi [req-f52807fc-4c90-41ff-9241-31006820be6c req-191b9b86-4c47-443b-a0c7-0b84fe4834a1 020148a245aa457ba8f9ae8eec1f5b74 f4970c914d95420382e7831c1c5a8c46 - - 713730aea4c849d39e19d81e6968278a 713730aea4c849d39e19d81e6968278a] 199.204.45.235 "GET /v2.0/ports?network_id=a1c421e9-d419-4298-bcee-7c8bccdde121&device_owner=network%3Adhcp HTTP/1.1" status: 200 len: 210 time: 0.0179272
2026-07-15 22:56:20.592 9 INFO neutron.wsgi [req-f52807fc-4c90-41ff-9241-31006820be6c req-034d3506-872a-4cf6-ac91-5a1fe5033cb4 020148a245aa457ba8f9ae8eec1f5b74 f4970c914d95420382e7831c1c5a8c46 - - 713730aea4c849d39e19d81e6968278a 713730aea4c849d39e19d81e6968278a] 199.204.45.235 "GET /v2.0/networks/a1c421e9-d419-4298-bcee-7c8bccdde121?fields=segments HTTP/1.1" status: 200 len: 212 time: 0.0646131
2026-07-15 22:56:20.675 9 INFO neutron.wsgi [req-f52807fc-4c90-41ff-9241-31006820be6c req-0967ee6c-a901-4cbb-821f-ea3b7d0fbcd5 020148a245aa457ba8f9ae8eec1f5b74 f4970c914d95420382e7831c1c5a8c46 - - 713730aea4c849d39e19d81e6968278a 713730aea4c849d39e19d81e6968278a] 199.204.45.235 "GET /v2.0/networks/a1c421e9-d419-4298-bcee-7c8bccdde121?fields=provider%3Aphysical_network&fields=provider%3Anetwork_type HTTP/1.1" status: 200 len: 277 time: 0.0777860
2026-07-15 22:56:20.699 9 INFO neutron.wsgi [req-1d797853-a37b-4598-bb95-9125588ccecb req-828cec54-3027-4151-a848-a94a342e6eb5 07cee014597842e3b100ad8edd6f41f1 5ef660e2c4914b00863607c6fd161a60 - - default default] 10.0.0.199 "GET /v2.0/ports?device_id=4412d5cf-712e-470b-a52f-6989365df169 HTTP/1.1" status: 200 len: 1170 time: 0.0425189
2026-07-15 22:56:20.708 10 INFO neutron.plugins.ml2.drivers.ovn.mech_driver.mech_driver [None req-cd3b2352-ef9d-4b0d-b87f-52edbcc52025 - - - - - -] OVN reports status down for port: adc35037-6e7c-4114-989e-b909d08e6cc1
2026-07-15 22:56:20.783 9 INFO neutron.wsgi [req-1d797853-a37b-4598-bb95-9125588ccecb req-98cade91-bec9-45bb-af6d-f98fc2e7c6e5 07cee014597842e3b100ad8edd6f41f1 5ef660e2c4914b00863607c6fd161a60 - - default default] 10.0.0.199 "GET /v2.0/security-groups?id=51dcd016-1632-4916-b441-49ec6d1a0910&fields=id&fields=name HTTP/1.1" status: 200 len: 313 time: 0.0610704
2026-07-15 22:56:20.799 9 WARNING neutron.scheduler.dhcp_agent_scheduler [None req-af6887d5-cc1e-4039-8863-8ef667f758d1 b08d0b050caa4a0bb57beaaf54683771 d40229a8e4954cf39799c5c3cb2ac288 - - default default] No more DHCP agents
2026-07-15 22:56:20.805 9 WARNING neutron.api.rpc.agentnotifiers.dhcp_rpc_agent_api [None req-af6887d5-cc1e-4039-8863-8ef667f758d1 b08d0b050caa4a0bb57beaaf54683771 d40229a8e4954cf39799c5c3cb2ac288 - - default default] Unable to schedule network 01918310-5a49-4c66-9985-8f31d597a661: no agents available; will retry on subsequent port and subnet creation events. /var/lib/openstack/lib/python3.10/site-packages/pycadf/identifier.py:71: UserWarning: Invalid uuid: neutron. To ensure interoperability, identifiers should be a valid uuid. warnings.warn(('Invalid uuid: %s. To ensure interoperability, '
2026-07-15 22:56:20.972 10 INFO neutron.wsgi [req-8ced13d9-b123-4ab6-852e-2ea095eb38c8 req-aac17baa-3d5e-4a74-8d9f-804f41c8475e 74e4e5c06bb742b29185b5794417ca70 3c1210abb263489db88581596d990275 - - default default] 10.0.0.199 "GET /v2.0/ports?device_id=34747939-1d5e-4cb1-971a-2a3fc153188b HTTP/1.1" status: 200 len: 1170 time: 0.0471644
2026-07-15 22:56:21.019 10 INFO neutron.db.ovn_revision_numbers_db [None req-cd3b2352-ef9d-4b0d-b87f-52edbcc52025 - - - - - -] Successfully bumped revision number for resource adc35037-6e7c-4114-989e-b909d08e6cc1 (type: ports) to 7
2026-07-15 22:56:21.021 9 INFO neutron.db.ovn_revision_numbers_db [None req-af6887d5-cc1e-4039-8863-8ef667f758d1 b08d0b050caa4a0bb57beaaf54683771 d40229a8e4954cf39799c5c3cb2ac288 - - default default] Successfully bumped revision number for resource 27ce36bb-6d86-493a-922a-0bd7fa996f7f (type: ports) to 1
2026-07-15 22:56:21.027 10 INFO neutron.wsgi [req-8ced13d9-b123-4ab6-852e-2ea095eb38c8 req-8ef1f691-5470-4581-8ea3-7b16bf998bf1 74e4e5c06bb742b29185b5794417ca70 3c1210abb263489db88581596d990275 - - default default] 10.0.0.199 "GET /v2.0/security-groups?id=9113e511-96fc-43bd-b0f2-17ac3fde4105&fields=id&fields=name HTTP/1.1" status: 200 len: 313 time: 0.0472622
2026-07-15 22:56:21.095 9 INFO neutron.wsgi [req-4937e40f-6c88-4765-abfa-97167c9b4035 req-d33324b1-d275-48d0-8a49-5e9d99c8ffb0 07cee014597842e3b100ad8edd6f41f1 5ef660e2c4914b00863607c6fd161a60 - - default default] 199.204.45.235 "GET /v2.0/ports?device_id=4412d5cf-712e-470b-a52f-6989365df169 HTTP/1.1" status: 200 len: 1168 time: 0.1114962
2026-07-15 22:56:21.436 15 INFO neutron.plugins.ml2.drivers.ovn.mech_driver.ovsdb.maintenance [None req-f6d98e6d-e015-4055-8242-f1d4ec37a873 - - - - - -] Maintenance task: Synchronization finished (took 0.44 seconds)
2026-07-15 22:56:21.661 9 INFO neutron.db.l3_db [req-4937e40f-6c88-4765-abfa-97167c9b4035 req-22c3ff11-9501-4ad1-b37c-c85f0cda78b6 07cee014597842e3b100ad8edd6f41f1 5ef660e2c4914b00863607c6fd161a60 - - default default] Floating IP fd7886c6-bc57-4477-ad74-aae6f5f68a46 disassociated. External IP: 10.96.250.216, port: adc35037-6e7c-4114-989e-b909d08e6cc1.
2026-07-15 22:56:21.662 10 INFO neutron.notifiers.nova [-] Nova event matching ['req-dc081a40-5f32-49a8-85e0-0c9a9b5d6dfd'] response: {'server_uuid': '34747939-1d5e-4cb1-971a-2a3fc153188b', 'name': 'network-vif-plugged', 'status': 'completed', 'tag': '5b934fa9-3f7e-4d16-8d70-6626d813da3b', 'code': 200}
2026-07-15 22:56:21.663 10 INFO neutron.notifiers.nova [-] Nova event matching ['req-dc081a40-5f32-49a8-85e0-0c9a9b5d6dfd'] response: {'server_uuid': '34747939-1d5e-4cb1-971a-2a3fc153188b', 'name': 'network-vif-plugged', 'status': 'completed', 'tag': '5b934fa9-3f7e-4d16-8d70-6626d813da3b', 'code': 200}
2026-07-15 22:56:21.663 10 INFO neutron.notifiers.nova [-] Nova event matching ['req-dc081a40-5f32-49a8-85e0-0c9a9b5d6dfd'] response: {'server_uuid': '4412d5cf-712e-470b-a52f-6989365df169', 'name': 'network-vif-unplugged', 'status': 'completed', 'tag': 'adc35037-6e7c-4114-989e-b909d08e6cc1', 'code': 200}
2026-07-15 22:56:21.663 10 INFO neutron.notifiers.nova [-] Nova event matching ['req-dc081a40-5f32-49a8-85e0-0c9a9b5d6dfd'] response: {'server_uuid': '4412d5cf-712e-470b-a52f-6989365df169', 'name': 'network-vif-plugged', 'status': 'completed', 'tag': 'adc35037-6e7c-4114-989e-b909d08e6cc1', 'code': 200}
2026-07-15 22:56:21.684 10 INFO neutron.wsgi [-] 10.0.0.25 "GET / HTTP/1.1" status: 200 len: 247 time: 0.0023348
2026-07-15 22:56:21.687 10 INFO neutron.wsgi [-] 10.0.0.25 "GET / HTTP/1.1" status: 200 len: 247 time: 0.0019166 /var/lib/openstack/lib/python3.10/site-packages/pycadf/identifier.py:71: UserWarning: Invalid uuid: neutron. To ensure interoperability, identifiers should be a valid uuid. warnings.warn(('Invalid uuid: %s. To ensure interoperability, '
2026-07-15 22:56:21.946 10 INFO neutron.wsgi [req-08a06a1d-1585-43f0-840d-aea713759213 req-85327293-191e-4eee-b244-1fc1b755b90d 07cee014597842e3b100ad8edd6f41f1 5ef660e2c4914b00863607c6fd161a60 - - default default] 10.0.0.199 "GET /v2.0/ports?device_id=4412d5cf-712e-470b-a52f-6989365df169 HTTP/1.1" status: 200 len: 1168 time: 0.0865910
2026-07-15 22:56:21.984 9 INFO neutron.wsgi [req-4937e40f-6c88-4765-abfa-97167c9b4035 req-22c3ff11-9501-4ad1-b37c-c85f0cda78b6 07cee014597842e3b100ad8edd6f41f1 5ef660e2c4914b00863607c6fd161a60 - - default default] 199.204.45.235 "DELETE /v2.0/ports/adc35037-6e7c-4114-989e-b909d08e6cc1 HTTP/1.1" status: 204 len: 173 time: 0.8837020
2026-07-15 22:56:21.991 10 INFO neutron.wsgi [req-08a06a1d-1585-43f0-840d-aea713759213 req-1de59367-5e85-4978-8f51-5387b843185b 07cee014597842e3b100ad8edd6f41f1 5ef660e2c4914b00863607c6fd161a60 - - default default] 10.0.0.199 "GET /v2.0/security-groups?id=51dcd016-1632-4916-b441-49ec6d1a0910&fields=id&fields=name HTTP/1.1" status: 200 len: 313 time: 0.0363767
2026-07-15 22:56:22.038 9 INFO neutron.notifiers.nova [-] Nova event matching ['req-d03001e0-9a31-4fc5-aa48-e59fcd5ab4d1'] response: {'server_uuid': '4412d5cf-712e-470b-a52f-6989365df169', 'name': 'network-vif-deleted', 'tag': 'adc35037-6e7c-4114-989e-b909d08e6cc1', 'status': 'completed', 'code': 200}
2026-07-15 22:56:22.050 9 INFO neutron.plugins.ml2.drivers.ovn.mech_driver.mech_driver [None req-c2740de3-9fdc-4af1-8deb-8479581be0bc - - - - - -] OVN reports status up for port: 27ce36bb-6d86-493a-922a-0bd7fa996f7f
2026-07-15 22:56:22.067 9 INFO neutron.plugins.ml2.plugin [None req-c2740de3-9fdc-4af1-8deb-8479581be0bc - - - - - -] Attempt 1 to provision port 27ce36bb-6d86-493a-922a-0bd7fa996f7f
2026-07-15 22:56:22.094 9 INFO neutron.db.ovn_revision_numbers_db [None req-af6887d5-cc1e-4039-8863-8ef667f758d1 b08d0b050caa4a0bb57beaaf54683771 d40229a8e4954cf39799c5c3cb2ac288 - - default default] Successfully bumped revision number for resource 27ce36bb-6d86-493a-922a-0bd7fa996f7f (type: router_ports) to 1
2026-07-15 22:56:22.164 10 INFO neutron.wsgi [req-5214870c-7593-4ca7-9a5d-38588380ff19 req-5e303098-493a-4da2-9b8c-81e878290807 74e4e5c06bb742b29185b5794417ca70 3c1210abb263489db88581596d990275 - - default default] 10.0.0.199 "GET /v2.0/ports?device_id=34747939-1d5e-4cb1-971a-2a3fc153188b HTTP/1.1" status: 200 len: 1170 time: 0.0668604
2026-07-15 22:56:22.172 9 INFO neutron.db.ovn_revision_numbers_db [None req-af6887d5-cc1e-4039-8863-8ef667f758d1 b08d0b050caa4a0bb57beaaf54683771 d40229a8e4954cf39799c5c3cb2ac288 - - default default] Successfully bumped revision number for resource c2c2245d-0177-4050-957d-1c55167449f1 (type: routers) to 2
2026-07-15 22:56:22.197 9 INFO neutron.wsgi [None req-af6887d5-cc1e-4039-8863-8ef667f758d1 b08d0b050caa4a0bb57beaaf54683771 d40229a8e4954cf39799c5c3cb2ac288 - - default default] 10.0.0.216 "POST /v2.0/routers HTTP/1.1" status: 201 len: 874 time: 2.2721529 /var/lib/openstack/lib/python3.10/site-packages/pycadf/identifier.py:71: UserWarning: Invalid uuid: neutron. To ensure interoperability, identifiers should be a valid uuid. warnings.warn(('Invalid uuid: %s. To ensure interoperability, '
2026-07-15 22:56:22.226 10 INFO neutron.wsgi [req-5214870c-7593-4ca7-9a5d-38588380ff19 req-a6e28653-8feb-411e-9047-b5df3ef495c0 74e4e5c06bb742b29185b5794417ca70 3c1210abb263489db88581596d990275 - - default default] 10.0.0.199 "GET /v2.0/security-groups?id=9113e511-96fc-43bd-b0f2-17ac3fde4105&fields=id&fields=name HTTP/1.1" status: 200 len: 313 time: 0.0530198
2026-07-15 22:56:22.472 9 INFO neutron.wsgi [req-59ee80e5-eae9-4717-a06a-0d0544aec036 req-61f0dc0c-f1cb-4312-87ca-323c35c64542 74e4e5c06bb742b29185b5794417ca70 3c1210abb263489db88581596d990275 - - default default] 10.0.0.199 "GET /v2.0/ports?device_id=34747939-1d5e-4cb1-971a-2a3fc153188b HTTP/1.1" status: 200 len: 1170 time: 0.1740773
2026-07-15 22:56:22.812 9 INFO neutron.db.l3_db [None req-84f2d257-aaa3-476b-97f1-eed14541bc76 74e4e5c06bb742b29185b5794417ca70 3c1210abb263489db88581596d990275 - - default default] Floating IP 583c234c-d1a5-4295-81f2-30ab1bd2d83d associated. External IP: 10.96.250.209, port: 5b934fa9-3f7e-4d16-8d70-6626d813da3b.
2026-07-15 22:56:22.847 10 INFO neutron.db.ovn_revision_numbers_db [None req-a4cc8d95-d5f9-4df0-b579-01e1e8004e2d 15347a2cd9fb413892463cba0acf75e4 3b11b5342cb9458b8a6fe990fe268e21 - - default default] Successfully bumped revision number for resource d8fdb594-ca77-4c00-af04-6a6c40b5b45f (type: security_groups) to 1
2026-07-15 22:56:22.868 10 INFO neutron.db.ovn_revision_numbers_db [None req-a4cc8d95-d5f9-4df0-b579-01e1e8004e2d 15347a2cd9fb413892463cba0acf75e4 3b11b5342cb9458b8a6fe990fe268e21 - - default default] Successfully bumped revision number for resource 14574e9f-089f-4ebe-a7e5-e149ff02d0e6 (type: security_group_rules) to 0
2026-07-15 22:56:22.882 10 INFO neutron.db.ovn_revision_numbers_db [None req-a4cc8d95-d5f9-4df0-b579-01e1e8004e2d 15347a2cd9fb413892463cba0acf75e4 3b11b5342cb9458b8a6fe990fe268e21 - - default default] Successfully bumped revision number for resource bbfcf073-8c6e-4ebe-8a25-883b4db6826d (type: security_group_rules) to 0
2026-07-15 22:56:22.897 10 INFO neutron.db.ovn_revision_numbers_db [None req-a4cc8d95-d5f9-4df0-b579-01e1e8004e2d 15347a2cd9fb413892463cba0acf75e4 3b11b5342cb9458b8a6fe990fe268e21 - - default default] Successfully bumped revision number for resource c53681d2-c105-4db2-a2b9-582e89c17843 (type: security_group_rules) to 0
2026-07-15 22:56:22.909 10 INFO neutron.db.ovn_revision_numbers_db [None req-a4cc8d95-d5f9-4df0-b579-01e1e8004e2d 15347a2cd9fb413892463cba0acf75e4 3b11b5342cb9458b8a6fe990fe268e21 - - default default] Successfully bumped revision number for resource f8c3609d-dc5c-4656-949d-c3fab12d930c (type: security_group_rules) to 0
2026-07-15 22:56:22.930 10 INFO neutron.wsgi [None req-a4cc8d95-d5f9-4df0-b579-01e1e8004e2d 15347a2cd9fb413892463cba0acf75e4 3b11b5342cb9458b8a6fe990fe268e21 - - default default] 10.0.0.216 "GET /v2.0/security-groups?tenant_id=359e40fb94a7492f83936c3e15424c8c&name=default HTTP/1.1" status: 200 len: 2996 time: 0.4411247
2026-07-15 22:56:23.171 10 INFO neutron.wsgi [None req-d3322ce5-e352-4482-b2e9-9bedb9843a6d 15347a2cd9fb413892463cba0acf75e4 3b11b5342cb9458b8a6fe990fe268e21 - - default default] 10.0.0.216 "DELETE /v2.0/security-groups/d8fdb594-ca77-4c00-af04-6a6c40b5b45f HTTP/1.1" status: 204 len: 168 time: 0.2346587
2026-07-15 22:56:23.226 10 INFO neutron.wsgi [None req-1f8f170a-0aea-48a1-8f81-4558a65e3f23 07cee014597842e3b100ad8edd6f41f1 5ef660e2c4914b00863607c6fd161a60 - - default default] 10.0.0.216 "DELETE /v2.0/security-groups/51dcd016-1632-4916-b441-49ec6d1a0910 HTTP/1.1" status: 204 len: 168 time: 0.1341755
2026-07-15 22:56:23.249 10 INFO neutron.api.v2.resource [None req-93e76b31-83a5-4791-84ad-59ea2d478ffd 07cee014597842e3b100ad8edd6f41f1 5ef660e2c4914b00863607c6fd161a60 - - default default] show failed (client error): The resource could not be found.
2026-07-15 22:56:23.250 10 INFO neutron.wsgi [None req-93e76b31-83a5-4791-84ad-59ea2d478ffd 07cee014597842e3b100ad8edd6f41f1 5ef660e2c4914b00863607c6fd161a60 - - default default] 10.0.0.216 "GET /v2.0/security-groups/51dcd016-1632-4916-b441-49ec6d1a0910 HTTP/1.1" status: 404 len: 347 time: 0.0187316
2026-07-15 22:56:23.262 9 WARNING neutron.scheduler.dhcp_agent_scheduler [None req-062649d4-d570-4e0e-8ac8-774ae5957eef b08d0b050caa4a0bb57beaaf54683771 d40229a8e4954cf39799c5c3cb2ac288 - - default default] No more DHCP agents
2026-07-15 22:56:23.270 9 WARNING neutron.api.rpc.agentnotifiers.dhcp_rpc_agent_api [None req-062649d4-d570-4e0e-8ac8-774ae5957eef b08d0b050caa4a0bb57beaaf54683771 d40229a8e4954cf39799c5c3cb2ac288 - - default default] Unable to schedule network c30e2e84-1d7e-4487-a53e-4d194b350eae: no agents available; will retry on subsequent port and subnet creation events.
2026-07-15 22:56:23.343 9 INFO neutron.db.ovn_revision_numbers_db [None req-84f2d257-aaa3-476b-97f1-eed14541bc76 74e4e5c06bb742b29185b5794417ca70 3c1210abb263489db88581596d990275 - - default default] Successfully bumped revision number for resource 583c234c-d1a5-4295-81f2-30ab1bd2d83d (type: floatingips) to 1
2026-07-15 22:56:23.517 9 INFO neutron.db.ovn_revision_numbers_db [None req-84f2d257-aaa3-476b-97f1-eed14541bc76 74e4e5c06bb742b29185b5794417ca70 3c1210abb263489db88581596d990275 - - default default] Successfully bumped revision number for resource 583c234c-d1a5-4295-81f2-30ab1bd2d83d (type: floatingips) to 2
2026-07-15 22:56:23.538 9 INFO neutron.db.ovn_revision_numbers_db [None req-062649d4-d570-4e0e-8ac8-774ae5957eef b08d0b050caa4a0bb57beaaf54683771 d40229a8e4954cf39799c5c3cb2ac288 - - default default] Successfully bumped revision number for resource 8017aadd-4b17-4978-a53c-a6d20f8941f8 (type: ports) to 1
2026-07-15 22:56:23.552 9 INFO neutron.db.ovn_revision_numbers_db [None req-2b6bf746-3008-426e-a766-29308c99f045 15347a2cd9fb413892463cba0acf75e4 3b11b5342cb9458b8a6fe990fe268e21 - - default default] Successfully bumped revision number for resource 68d7ce59-88eb-4e81-b3b6-d012a16cc8a8 (type: security_groups) to 1
2026-07-15 22:56:23.564 9 INFO neutron.wsgi [None req-84f2d257-aaa3-476b-97f1-eed14541bc76 74e4e5c06bb742b29185b5794417ca70 3c1210abb263489db88581596d990275 - - default default] 10.0.0.216 "PUT /v2.0/floatingips/583c234c-d1a5-4295-81f2-30ab1bd2d83d HTTP/1.1" status: 200 len: 1049 time: 1.0768561
2026-07-15 22:56:23.579 9 INFO neutron.db.ovn_revision_numbers_db [None req-2b6bf746-3008-426e-a766-29308c99f045 15347a2cd9fb413892463cba0acf75e4 3b11b5342cb9458b8a6fe990fe268e21 - - default default] Successfully bumped revision number for resource 80925c79-bfeb-4cdd-9a5f-02d2b37c869f (type: security_group_rules) to 0
2026-07-15 22:56:23.591 10 INFO neutron.wsgi [None req-b85b70ff-c882-40e8-bed7-d5a6777242c3 07cee014597842e3b100ad8edd6f41f1 5ef660e2c4914b00863607c6fd161a60 - - default default] 10.0.0.216 "DELETE /v2.0/floatingips/fd7886c6-bc57-4477-ad74-aae6f5f68a46 HTTP/1.1" status: 204 len: 168 time: 0.3347573
2026-07-15 22:56:23.628 9 INFO neutron.db.ovn_revision_numbers_db [None req-2b6bf746-3008-426e-a766-29308c99f045 15347a2cd9fb413892463cba0acf75e4 3b11b5342cb9458b8a6fe990fe268e21 - - default default] Successfully bumped revision number for resource b0cf8e76-1ebe-452a-9b23-3fab5aaf1a69 (type: security_group_rules) to 0
2026-07-15 22:56:23.656 9 INFO neutron.db.ovn_revision_numbers_db [None req-2b6bf746-3008-426e-a766-29308c99f045 15347a2cd9fb413892463cba0acf75e4 3b11b5342cb9458b8a6fe990fe268e21 - - default default] Successfully bumped revision number for resource d5676c02-3f3e-4b63-bdbe-79396df99903 (type: security_group_rules) to 0
2026-07-15 22:56:23.674 9 INFO neutron.db.ovn_revision_numbers_db [None req-2b6bf746-3008-426e-a766-29308c99f045 15347a2cd9fb413892463cba0acf75e4 3b11b5342cb9458b8a6fe990fe268e21 - - default default] Successfully bumped revision number for resource ebdedaba-9f53-4303-b901-b3ecf3bc5055 (type: security_group_rules) to 0
2026-07-15 22:56:23.705 9 INFO neutron.wsgi [None req-2b6bf746-3008-426e-a766-29308c99f045 15347a2cd9fb413892463cba0acf75e4 3b11b5342cb9458b8a6fe990fe268e21 - - default default] 10.0.0.216 "GET /v2.0/security-groups?tenant_id=26dfbd5bcf4f404e90221d663bb97233&name=default HTTP/1.1" status: 200 len: 2996 time: 0.3714988
2026-07-15 22:56:24.059 9 INFO neutron.wsgi [None req-d1c0a00c-4401-461a-a328-beef57a7b4c0 15347a2cd9fb413892463cba0acf75e4 3b11b5342cb9458b8a6fe990fe268e21 - - default default] 10.0.0.216 "DELETE /v2.0/security-groups/68d7ce59-88eb-4e81-b3b6-d012a16cc8a8 HTTP/1.1" status: 204 len: 168 time: 0.3483827
2026-07-15 22:56:24.078 9 INFO neutron.notifiers.nova [-] Nova event matching ['req-4b2be118-67a2-4623-9725-544642e65889'] response: {'name': 'network-changed', 'server_uuid': '34747939-1d5e-4cb1-971a-2a3fc153188b', 'tag': '5b934fa9-3f7e-4d16-8d70-6626d813da3b', 'status': 'completed', 'code': 200}
2026-07-15 22:56:24.151 9 INFO neutron.wsgi [req-4719f3eb-3682-4cb2-9a10-5a2a1d47c6c5 req-90f99da6-616e-4f98-9952-71a2925c4801 020148a245aa457ba8f9ae8eec1f5b74 f4970c914d95420382e7831c1c5a8c46 - - 713730aea4c849d39e19d81e6968278a 713730aea4c849d39e19d81e6968278a] 199.204.45.235 "GET /v2.0/ports?tenant_id=3c1210abb263489db88581596d990275&device_id=34747939-1d5e-4cb1-971a-2a3fc153188b HTTP/1.1" status: 200 len: 1409 time: 0.0483096
2026-07-15 22:56:24.161 10 INFO neutron.plugins.ml2.drivers.ovn.mech_driver.mech_driver [None req-cd3b2352-ef9d-4b0d-b87f-52edbcc52025 - - - - - -] OVN reports status up for port: 8017aadd-4b17-4978-a53c-a6d20f8941f8
2026-07-15 22:56:24.171 10 INFO neutron.plugins.ml2.plugin [None req-cd3b2352-ef9d-4b0d-b87f-52edbcc52025 - - - - - -] Attempt 1 to provision port 8017aadd-4b17-4978-a53c-a6d20f8941f8
2026-07-15 22:56:24.203 9 INFO neutron.db.ovn_revision_numbers_db [None req-062649d4-d570-4e0e-8ac8-774ae5957eef b08d0b050caa4a0bb57beaaf54683771 d40229a8e4954cf39799c5c3cb2ac288 - - default default] Successfully bumped revision number for resource 8017aadd-4b17-4978-a53c-a6d20f8941f8 (type: router_ports) to 1
2026-07-15 22:56:24.246 9 INFO neutron.wsgi [req-4719f3eb-3682-4cb2-9a10-5a2a1d47c6c5 req-4b32b65b-795f-457a-8e1c-bb07e0840392 020148a245aa457ba8f9ae8eec1f5b74 f4970c914d95420382e7831c1c5a8c46 - - 713730aea4c849d39e19d81e6968278a 713730aea4c849d39e19d81e6968278a] 199.204.45.235 "GET /v2.0/networks?id=a1c421e9-d419-4298-bcee-7c8bccdde121 HTTP/1.1" status: 200 len: 974 time: 0.0878065
2026-07-15 22:56:24.313 9 INFO neutron.wsgi [req-4719f3eb-3682-4cb2-9a10-5a2a1d47c6c5 req-7a17a15d-101c-4ea7-8ff9-fea95b724930 020148a245aa457ba8f9ae8eec1f5b74 f4970c914d95420382e7831c1c5a8c46 - - 713730aea4c849d39e19d81e6968278a 713730aea4c849d39e19d81e6968278a] 199.204.45.235 "GET /v2.0/floatingips?fixed_ip_address=10.100.0.7&port_id=5b934fa9-3f7e-4d16-8d70-6626d813da3b HTTP/1.1" status: 200 len: 1059 time: 0.0591462
2026-07-15 22:56:24.371 9 INFO neutron.wsgi [req-4719f3eb-3682-4cb2-9a10-5a2a1d47c6c5 req-34bfdda0-6e24-46e9-bf8c-3c3adf0b7f15 020148a245aa457ba8f9ae8eec1f5b74 f4970c914d95420382e7831c1c5a8c46 - - 713730aea4c849d39e19d81e6968278a 713730aea4c849d39e19d81e6968278a] 199.204.45.235 "GET /v2.0/subnets?id=942cfe2b-211d-4a64-a7e7-85fda4b07a18 HTTP/1.1" status: 200 len: 869 time: 0.0482135
2026-07-15 22:56:24.395 9 INFO neutron.wsgi [req-4719f3eb-3682-4cb2-9a10-5a2a1d47c6c5 req-494308a3-fe01-4e8f-8d62-0c8632352f0a 020148a245aa457ba8f9ae8eec1f5b74 f4970c914d95420382e7831c1c5a8c46 - - 713730aea4c849d39e19d81e6968278a 713730aea4c849d39e19d81e6968278a] 199.204.45.235 "GET /v2.0/ports?network_id=a1c421e9-d419-4298-bcee-7c8bccdde121&device_owner=network%3Adhcp HTTP/1.1" status: 200 len: 210 time: 0.0208468
2026-07-15 22:56:24.450 9 INFO neutron.db.ovn_revision_numbers_db [None req-062649d4-d570-4e0e-8ac8-774ae5957eef b08d0b050caa4a0bb57beaaf54683771 d40229a8e4954cf39799c5c3cb2ac288 - - default default] Successfully bumped revision number for resource 8017aadd-4b17-4978-a53c-a6d20f8941f8 (type: ports) to 1
2026-07-15 22:56:24.465 9 INFO neutron.wsgi [req-4719f3eb-3682-4cb2-9a10-5a2a1d47c6c5 req-d4eb1d97-0dce-4743-a36c-e9f93bf99cbd 020148a245aa457ba8f9ae8eec1f5b74 f4970c914d95420382e7831c1c5a8c46 - - 713730aea4c849d39e19d81e6968278a 713730aea4c849d39e19d81e6968278a] 199.204.45.235 "GET /v2.0/networks/a1c421e9-d419-4298-bcee-7c8bccdde121?fields=segments HTTP/1.1" status: 200 len: 212 time: 0.0654919
2026-07-15 22:56:24.541 9 WARNING neutron.scheduler.dhcp_agent_scheduler [None req-062649d4-d570-4e0e-8ac8-774ae5957eef b08d0b050caa4a0bb57beaaf54683771 d40229a8e4954cf39799c5c3cb2ac288 - - default default] No more DHCP agents
2026-07-15 22:56:24.543 9 WARNING neutron.api.rpc.agentnotifiers.dhcp_rpc_agent_api [None req-062649d4-d570-4e0e-8ac8-774ae5957eef b08d0b050caa4a0bb57beaaf54683771 d40229a8e4954cf39799c5c3cb2ac288 - - default default] Unable to schedule network c30e2e84-1d7e-4487-a53e-4d194b350eae: no agents available; will retry on subsequent port and subnet creation events.
2026-07-15 22:56:24.566 9 INFO neutron.wsgi [req-4719f3eb-3682-4cb2-9a10-5a2a1d47c6c5 req-85e71809-a91d-4bf8-8324-e4ee1fcffb91 020148a245aa457ba8f9ae8eec1f5b74 f4970c914d95420382e7831c1c5a8c46 - - 713730aea4c849d39e19d81e6968278a 713730aea4c849d39e19d81e6968278a] 199.204.45.235 "GET /v2.0/networks/a1c421e9-d419-4298-bcee-7c8bccdde121?fields=provider%3Aphysical_network&fields=provider%3Anetwork_type HTTP/1.1" status: 200 len: 277 time: 0.0935099
2026-07-15 22:56:24.762 10 INFO neutron.db.ovn_revision_numbers_db [None req-cd3b2352-ef9d-4b0d-b87f-52edbcc52025 - - - - - -] Successfully bumped revision number for resource 8017aadd-4b17-4978-a53c-a6d20f8941f8 (type: ports) to 2
2026-07-15 22:56:24.932 9 INFO neutron.db.ovn_revision_numbers_db [None req-062649d4-d570-4e0e-8ac8-774ae5957eef b08d0b050caa4a0bb57beaaf54683771 d40229a8e4954cf39799c5c3cb2ac288 - - default default] Successfully bumped revision number for resource 8017aadd-4b17-4978-a53c-a6d20f8941f8 (type: router_ports) to 2
2026-07-15 22:56:24.935 9 INFO neutron.wsgi [None req-062649d4-d570-4e0e-8ac8-774ae5957eef b08d0b050caa4a0bb57beaaf54683771 d40229a8e4954cf39799c5c3cb2ac288 - - default default] 10.0.0.216 "PUT /v2.0/routers/c2c2245d-0177-4050-957d-1c55167449f1/add_router_interface HTTP/1.1" status: 200 len: 503 time: 2.7317235
2026-07-15 22:56:25.176 10 INFO neutron.wsgi [None req-f1999070-e2ea-4e04-bea8-3b0e183e8f45 15347a2cd9fb413892463cba0acf75e4 3b11b5342cb9458b8a6fe990fe268e21 - - default default] 10.0.0.216 "PUT /v2.0/routers/342a600d-b98a-4823-b79f-f3691f48848f/remove_router_interface HTTP/1.1" status: 200 len: 503 time: 1.4983082 /var/lib/openstack/lib/python3.10/site-packages/pycadf/identifier.py:71: UserWarning: Invalid uuid: neutron. To ensure interoperability, identifiers should be a valid uuid. warnings.warn(('Invalid uuid: %s. To ensure interoperability, '
2026-07-15 22:56:25.256 9 WARNING neutron.scheduler.dhcp_agent_scheduler [None req-f0dd3221-5ad4-4cac-89f6-705cabc52134 b08d0b050caa4a0bb57beaaf54683771 d40229a8e4954cf39799c5c3cb2ac288 - - default default] No more DHCP agents
2026-07-15 22:56:25.259 9 WARNING neutron.api.rpc.agentnotifiers.dhcp_rpc_agent_api [None req-f0dd3221-5ad4-4cac-89f6-705cabc52134 b08d0b050caa4a0bb57beaaf54683771 d40229a8e4954cf39799c5c3cb2ac288 - - default default] Unable to schedule network c30e2e84-1d7e-4487-a53e-4d194b350eae: no agents available; will retry on subsequent port and subnet creation events.
2026-07-15 22:56:25.440 9 INFO neutron.db.ovn_revision_numbers_db [None req-f0dd3221-5ad4-4cac-89f6-705cabc52134 b08d0b050caa4a0bb57beaaf54683771 d40229a8e4954cf39799c5c3cb2ac288 - - default default] Successfully bumped revision number for resource 80bebbb9-8f11-4f33-ae70-e6a566c5b1e4 (type: ports) to 1
2026-07-15 22:56:25.463 9 INFO neutron.wsgi [None req-f0dd3221-5ad4-4cac-89f6-705cabc52134 b08d0b050caa4a0bb57beaaf54683771 d40229a8e4954cf39799c5c3cb2ac288 - - default default] 10.0.0.216 "POST /v2.0/ports HTTP/1.1" status: 201 len: 1157 time: 0.5209844 /var/lib/openstack/lib/python3.10/site-packages/pycadf/identifier.py:71: UserWarning: Invalid uuid: neutron. To ensure interoperability, identifiers should be a valid uuid. warnings.warn(('Invalid uuid: %s. To ensure interoperability, '
2026-07-15 22:56:25.800 9 WARNING neutron.scheduler.dhcp_agent_scheduler [None req-3d1aa015-0ee3-40c6-a9fa-c358c88b1f26 b08d0b050caa4a0bb57beaaf54683771 d40229a8e4954cf39799c5c3cb2ac288 - - default default] No more DHCP agents
2026-07-15 22:56:25.802 9 WARNING neutron.api.rpc.agentnotifiers.dhcp_rpc_agent_api [None req-3d1aa015-0ee3-40c6-a9fa-c358c88b1f26 b08d0b050caa4a0bb57beaaf54683771 d40229a8e4954cf39799c5c3cb2ac288 - - default default] Unable to schedule network c30e2e84-1d7e-4487-a53e-4d194b350eae: no agents available; will retry on subsequent port and subnet creation events.
2026-07-15 22:56:25.850 10 INFO neutron.wsgi [None req-2ffd4a01-7883-45bd-af82-608dc6cf0c6b 15347a2cd9fb413892463cba0acf75e4 3b11b5342cb9458b8a6fe990fe268e21 - - default default] 10.0.0.216 "DELETE /v2.0/routers/342a600d-b98a-4823-b79f-f3691f48848f HTTP/1.1" status: 204 len: 168 time: 0.6633852 /var/lib/openstack/lib/python3.10/site-packages/pycadf/identifier.py:71: UserWarning: Invalid uuid: neutron. To ensure interoperability, identifiers should be a valid uuid. warnings.warn(('Invalid uuid: %s. To ensure interoperability, '
2026-07-15 22:56:26.024 9 INFO neutron.db.ovn_revision_numbers_db [None req-3d1aa015-0ee3-40c6-a9fa-c358c88b1f26 b08d0b050caa4a0bb57beaaf54683771 d40229a8e4954cf39799c5c3cb2ac288 - - default default] Successfully bumped revision number for resource fff12a62-72c7-4daf-94a6-52db79c0eb6f (type: ports) to 1
2026-07-15 22:56:26.053 9 INFO neutron.wsgi [None req-3d1aa015-0ee3-40c6-a9fa-c358c88b1f26 b08d0b050caa4a0bb57beaaf54683771 d40229a8e4954cf39799c5c3cb2ac288 - - default default] 10.0.0.216 "POST /v2.0/ports HTTP/1.1" status: 201 len: 1153 time: 0.5837162
2026-07-15 22:56:26.123 9 INFO neutron.wsgi [None req-f167fa69-4466-4ed3-bb08-b241e9f1b43c 15347a2cd9fb413892463cba0acf75e4 3b11b5342cb9458b8a6fe990fe268e21 - - default default] 10.0.0.216 "DELETE /v2.0/subnets/d5f4e05a-88bc-4350-80a5-aa786ba1f016 HTTP/1.1" status: 204 len: 168 time: 0.2685301
2026-07-15 22:56:26.407 9 WARNING neutron.scheduler.dhcp_agent_scheduler [None req-09f2a01c-32ea-4419-bc42-24fc8e54b04f b08d0b050caa4a0bb57beaaf54683771 d40229a8e4954cf39799c5c3cb2ac288 - - default default] No more DHCP agents
2026-07-15 22:56:26.411 9 WARNING neutron.api.rpc.agentnotifiers.dhcp_rpc_agent_api [None req-09f2a01c-32ea-4419-bc42-24fc8e54b04f b08d0b050caa4a0bb57beaaf54683771 d40229a8e4954cf39799c5c3cb2ac288 - - default default] Unable to schedule network 01918310-5a49-4c66-9985-8f31d597a661: no agents available; will retry on subsequent port and subnet creation events.
2026-07-15 22:56:26.589 9 INFO neutron.services.segments.plugin [-] Segment 6308e9b6-7559-430e-8afb-b8e00f818e0d resource provider aggregate not found
2026-07-15 22:56:26.610 9 INFO neutron.services.segments.plugin [-] Segment 6308e9b6-7559-430e-8afb-b8e00f818e0d resource provider aggregate not found
2026-07-15 22:56:26.615 9 INFO neutron.services.segments.plugin [-] Segment 6308e9b6-7559-430e-8afb-b8e00f818e0d resource provider not found; error: Placement Client Error (4xx): {"errors": [{"status": 404, "title": "Not Found", "detail": "The resource could not be found.\n\n No resource provider with uuid 6308e9b6-7559-430e-8afb-b8e00f818e0d found for delete ", "request_id": "req-de9b2e99-5edb-4d3b-a32a-a30673f584e9"}]}
2026-07-15 22:56:26.631 9 INFO neutron.services.segments.plugin [-] Segment 6308e9b6-7559-430e-8afb-b8e00f818e0d resource provider not found; error: Placement Client Error (4xx): {"errors": [{"status": 404, "title": "Not Found", "detail": "The resource could not be found.\n\n No resource provider with uuid 6308e9b6-7559-430e-8afb-b8e00f818e0d found for delete ", "request_id": "req-368d782b-6be9-4278-9893-dfcfc50d6f35"}]}
2026-07-15 22:56:26.669 9 INFO neutron.wsgi [None req-9c57113a-bfbc-4593-a13a-a46a8d32ff0a 15347a2cd9fb413892463cba0acf75e4 3b11b5342cb9458b8a6fe990fe268e21 - - default default] 10.0.0.216 "DELETE /v2.0/networks/58f8516b-4467-47a4-91ed-74aeb75f627c HTTP/1.1" status: 204 len: 168 time: 0.5408323
2026-07-15 22:56:26.837 10 INFO neutron.wsgi [None req-394e705a-4c91-44c4-b4bb-9dce49d7e8d1 15347a2cd9fb413892463cba0acf75e4 3b11b5342cb9458b8a6fe990fe268e21 - - default default] 10.0.0.216 "GET /v2.0/security-groups?tenant_id=5ef660e2c4914b00863607c6fd161a60&name=default HTTP/1.1" status: 200 len: 2996 time: 0.0381186
2026-07-15 22:56:27.072 10 INFO neutron.wsgi [None req-9a4dd1a9-26eb-43f2-8c24-12c2fec5ac60 15347a2cd9fb413892463cba0acf75e4 3b11b5342cb9458b8a6fe990fe268e21 - - default default] 10.0.0.216 "DELETE /v2.0/security-groups/a855003d-9f92-4aca-8086-0da006da8583 HTTP/1.1" status: 204 len: 168 time: 0.2298782
2026-07-15 22:56:27.090 9 INFO neutron.db.l3_db [None req-09f2a01c-32ea-4419-bc42-24fc8e54b04f b08d0b050caa4a0bb57beaaf54683771 d40229a8e4954cf39799c5c3cb2ac288 - - default default] Floating IP 6c99226b-7573-4a38-83b4-dd475d70844a associated. External IP: 10.96.250.211, port: fff12a62-72c7-4daf-94a6-52db79c0eb6f.
2026-07-15 22:56:27.257 9 WARNING neutron.plugins.ml2.drivers.ovn.mech_driver.ovsdb.ovn_client [None req-c2740de3-9fdc-4af1-8deb-8479581be0bc - - - - - -] No hosting information found for port 27ce36bb-6d86-493a-922a-0bd7fa996f7f: RuntimeError: No hosting information found for port 27ce36bb-6d86-493a-922a-0bd7fa996f7f
2026-07-15 22:56:27.331 9 INFO neutron.db.ovn_revision_numbers_db [None req-09f2a01c-32ea-4419-bc42-24fc8e54b04f b08d0b050caa4a0bb57beaaf54683771 d40229a8e4954cf39799c5c3cb2ac288 - - default default] Successfully bumped revision number for resource 6c99226b-7573-4a38-83b4-dd475d70844a (type: floatingips) to 0
2026-07-15 22:56:27.435 9 INFO neutron.db.ovn_revision_numbers_db [None req-09f2a01c-32ea-4419-bc42-24fc8e54b04f b08d0b050caa4a0bb57beaaf54683771 d40229a8e4954cf39799c5c3cb2ac288 - - default default] Successfully bumped revision number for resource 6c99226b-7573-4a38-83b4-dd475d70844a (type: floatingips) to 1
2026-07-15 22:56:27.475 9 INFO neutron.wsgi [None req-09f2a01c-32ea-4419-bc42-24fc8e54b04f b08d0b050caa4a0bb57beaaf54683771 d40229a8e4954cf39799c5c3cb2ac288 - - default default] 10.0.0.216 "POST /v2.0/floatingips HTTP/1.1" status: 201 len: 1040 time: 1.4173908 /var/lib/openstack/lib/python3.10/site-packages/pycadf/identifier.py:71: UserWarning: Invalid uuid: neutron. To ensure interoperability, identifiers should be a valid uuid. warnings.warn(('Invalid uuid: %s. To ensure interoperability, '
2026-07-15 22:56:27.596 9 INFO neutron.db.l3_db [None req-9e82c316-15f7-430d-851c-2cfd45bee5b1 b08d0b050caa4a0bb57beaaf54683771 d40229a8e4954cf39799c5c3cb2ac288 - - default default] Floating IP 6c99226b-7573-4a38-83b4-dd475d70844a disassociated. External IP: 10.96.250.211, port: fff12a62-72c7-4daf-94a6-52db79c0eb6f.
2026-07-15 22:56:27.663 9 INFO neutron.db.ovn_revision_numbers_db [None req-9e82c316-15f7-430d-851c-2cfd45bee5b1 b08d0b050caa4a0bb57beaaf54683771 d40229a8e4954cf39799c5c3cb2ac288 - - default default] Successfully bumped revision number for resource 6c99226b-7573-4a38-83b4-dd475d70844a (type: floatingips) to 2
2026-07-15 22:56:27.732 9 INFO neutron.wsgi [None req-9e82c316-15f7-430d-851c-2cfd45bee5b1 b08d0b050caa4a0bb57beaaf54683771 d40229a8e4954cf39799c5c3cb2ac288 - - default default] 10.0.0.216 "PUT /v2.0/floatingips/6c99226b-7573-4a38-83b4-dd475d70844a HTTP/1.1" status: 200 len: 748 time: 0.2517819 /var/lib/openstack/lib/python3.10/site-packages/pycadf/identifier.py:71: UserWarning: Invalid uuid: neutron. To ensure interoperability, identifiers should be a valid uuid. warnings.warn(('Invalid uuid: %s. To ensure interoperability, '
2026-07-15 22:56:28.012 9 INFO neutron.wsgi [None req-1a1046f5-6d99-44ff-8afa-cad6a56b9a72 b08d0b050caa4a0bb57beaaf54683771 d40229a8e4954cf39799c5c3cb2ac288 - - default default] 10.0.0.216 "DELETE /v2.0/floatingips/6c99226b-7573-4a38-83b4-dd475d70844a HTTP/1.1" status: 204 len: 168 time: 0.2740035
2026-07-15 22:56:28.318 9 WARNING neutron.scheduler.dhcp_agent_scheduler [None req-3b2b5222-3ac3-401a-b4d3-07230ec8d77f b08d0b050caa4a0bb57beaaf54683771 d40229a8e4954cf39799c5c3cb2ac288 - - default default] No more DHCP agents
2026-07-15 22:56:28.319 9 WARNING neutron.api.rpc.agentnotifiers.dhcp_rpc_agent_api [None req-3b2b5222-3ac3-401a-b4d3-07230ec8d77f b08d0b050caa4a0bb57beaaf54683771 d40229a8e4954cf39799c5c3cb2ac288 - - default default] Unable to schedule network 01918310-5a49-4c66-9985-8f31d597a661: no agents available; will retry on subsequent port and subnet creation events.
2026-07-15 22:56:28.365 9 INFO neutron.db.ovn_revision_numbers_db [None req-cb2c85e3-cb30-4c22-9c0c-4b20c0709194 15347a2cd9fb413892463cba0acf75e4 3b11b5342cb9458b8a6fe990fe268e21 - - default default] Successfully bumped revision number for resource 42ef253d-c513-4f2f-bd65-16a54cd6dd6c (type: security_groups) to 1
2026-07-15 22:56:28.380 9 INFO neutron.db.ovn_revision_numbers_db [None req-cb2c85e3-cb30-4c22-9c0c-4b20c0709194 15347a2cd9fb413892463cba0acf75e4 3b11b5342cb9458b8a6fe990fe268e21 - - default default] Successfully bumped revision number for resource 0f732a5c-7a3f-4e58-98c6-b6ccdd5529cc (type: security_group_rules) to 0
2026-07-15 22:56:28.398 9 INFO neutron.db.ovn_revision_numbers_db [None req-cb2c85e3-cb30-4c22-9c0c-4b20c0709194 15347a2cd9fb413892463cba0acf75e4 3b11b5342cb9458b8a6fe990fe268e21 - - default default] Successfully bumped revision number for resource 6e0615b8-b85a-4987-8209-5510530ec423 (type: security_group_rules) to 0
2026-07-15 22:56:28.433 9 INFO neutron.db.ovn_revision_numbers_db [None req-cb2c85e3-cb30-4c22-9c0c-4b20c0709194 15347a2cd9fb413892463cba0acf75e4 3b11b5342cb9458b8a6fe990fe268e21 - - default default] Successfully bumped revision number for resource 8af2e93d-f0ca-47c4-9210-268a4c9f77e1 (type: security_group_rules) to 0
2026-07-15 22:56:28.453 9 INFO neutron.db.ovn_revision_numbers_db [None req-cb2c85e3-cb30-4c22-9c0c-4b20c0709194 15347a2cd9fb413892463cba0acf75e4 3b11b5342cb9458b8a6fe990fe268e21 - - default default] Successfully bumped revision number for resource df8befd5-023c-4e70-8f52-93abc31820f7 (type: security_group_rules) to 0
2026-07-15 22:56:28.481 9 INFO neutron.wsgi [None req-cb2c85e3-cb30-4c22-9c0c-4b20c0709194 15347a2cd9fb413892463cba0acf75e4 3b11b5342cb9458b8a6fe990fe268e21 - - default default] 10.0.0.216 "GET /v2.0/security-groups?tenant_id=0332763a2d874a43a70643749054cc84&name=default HTTP/1.1" status: 200 len: 2996 time: 0.5109358
2026-07-15 22:56:28.669 10 INFO neutron.wsgi [None req-6716d2a7-34b1-43b4-96d8-4979f367c3bc 15347a2cd9fb413892463cba0acf75e4 3b11b5342cb9458b8a6fe990fe268e21 - - default default] 10.0.0.216 "DELETE /v2.0/security-groups/42ef253d-c513-4f2f-bd65-16a54cd6dd6c HTTP/1.1" status: 204 len: 168 time: 0.1824772
2026-07-15 22:56:28.742 9 INFO neutron.db.l3_db [None req-3b2b5222-3ac3-401a-b4d3-07230ec8d77f b08d0b050caa4a0bb57beaaf54683771 d40229a8e4954cf39799c5c3cb2ac288 - - default default] Floating IP 863dd286-9ff6-484b-aa88-062b8ceafe23 associated. External IP: 10.96.250.208, port: 80bebbb9-8f11-4f33-ae70-e6a566c5b1e4.
2026-07-15 22:56:28.915 10 INFO neutron.db.ovn_revision_numbers_db [None req-b2a0af3c-65d7-41cc-96a4-a380c9378225 15347a2cd9fb413892463cba0acf75e4 3b11b5342cb9458b8a6fe990fe268e21 - - default default] Successfully bumped revision number for resource 607ec204-a5b8-47aa-af0c-8fb63c26bde4 (type: security_groups) to 1
2026-07-15 22:56:28.926 10 INFO neutron.db.ovn_revision_numbers_db [None req-b2a0af3c-65d7-41cc-96a4-a380c9378225 15347a2cd9fb413892463cba0acf75e4 3b11b5342cb9458b8a6fe990fe268e21 - - default default] Successfully bumped revision number for resource 10ea5718-dd1b-4495-ad7d-1cb40adb0cac (type: security_group_rules) to 0
2026-07-15 22:56:28.940 10 INFO neutron.db.ovn_revision_numbers_db [None req-b2a0af3c-65d7-41cc-96a4-a380c9378225 15347a2cd9fb413892463cba0acf75e4 3b11b5342cb9458b8a6fe990fe268e21 - - default default] Successfully bumped revision number for resource 190885f8-0003-4f48-8fbb-770f9689187f (type: security_group_rules) to 0
2026-07-15 22:56:28.953 9 INFO neutron.db.ovn_revision_numbers_db [None req-3b2b5222-3ac3-401a-b4d3-07230ec8d77f b08d0b050caa4a0bb57beaaf54683771 d40229a8e4954cf39799c5c3cb2ac288 - - default default] Successfully bumped revision number for resource 863dd286-9ff6-484b-aa88-062b8ceafe23 (type: floatingips) to 0
2026-07-15 22:56:28.955 10 INFO neutron.db.ovn_revision_numbers_db [None req-b2a0af3c-65d7-41cc-96a4-a380c9378225 15347a2cd9fb413892463cba0acf75e4 3b11b5342cb9458b8a6fe990fe268e21 - - default default] Successfully bumped revision number for resource 58152c1e-e87d-42c2-ad8e-7003b8bac535 (type: security_group_rules) to 0
2026-07-15 22:56:28.967 10 INFO neutron.db.ovn_revision_numbers_db [None req-b2a0af3c-65d7-41cc-96a4-a380c9378225 15347a2cd9fb413892463cba0acf75e4 3b11b5342cb9458b8a6fe990fe268e21 - - default default] Successfully bumped revision number for resource 8710b3ce-26bb-4d25-acf8-b7a07baa4397 (type: security_group_rules) to 0
2026-07-15 22:56:28.989 10 INFO neutron.wsgi [None req-b2a0af3c-65d7-41cc-96a4-a380c9378225 15347a2cd9fb413892463cba0acf75e4 3b11b5342cb9458b8a6fe990fe268e21 - - default default] 10.0.0.216 "GET /v2.0/security-groups?tenant_id=002bb7cba3da4f849a8be0b4b986d292&name=default HTTP/1.1" status: 200 len: 2996 time: 0.1681848
