2026-07-15 22:56:01.389 9 WARNING neutron.api.rpc.agentnotifiers.dhcp_rpc_agent_api [None req-b2006378-4162-42f5-af09-719f90e0be6c 15347a2cd9fb413892463cba0acf75e4 3b11b5342cb9458b8a6fe990fe268e21 - - default default] Unable to schedule network 3f3a896b-6e30-4bb1-9800-f40ec159c56e: no agents available; will retry on subsequent port and subnet creation events.
2026-07-15 22:56:01.524 10 INFO neutron.notifiers.nova [-] Nova event matching ['req-a9f3837c-4545-4703-9c07-6b9a9dc48d10'] response: {'name': 'network-changed', 'server_uuid': '4412d5cf-712e-470b-a52f-6989365df169', 'tag': 'adc35037-6e7c-4114-989e-b909d08e6cc1', 'status': 'completed', 'code': 200}
2026-07-15 22:56:01.524 10 INFO neutron.notifiers.nova [-] Nova event matching ['req-a9f3837c-4545-4703-9c07-6b9a9dc48d10'] response: {'server_uuid': 'eb9d7952-214d-472b-8202-7630d6778c1b', 'name': 'network-vif-deleted', 'tag': '72455fe1-fa95-4df3-b4ba-f0cbb251e1ae', 'status': 'completed', 'code': 200}
2026-07-15 22:56:01.539 9 INFO neutron.db.ovn_revision_numbers_db [None req-b2006378-4162-42f5-af09-719f90e0be6c 15347a2cd9fb413892463cba0acf75e4 3b11b5342cb9458b8a6fe990fe268e21 - - default default] Successfully bumped revision number for resource f7e9b5b8-8132-4718-b11b-c25a82219ff0 (type: ports) to 1
2026-07-15 22:56:01.620 10 INFO neutron.db.ovn_revision_numbers_db [None req-6f53d01f-47f8-431f-8151-91ad584aebdf - - - - - -] Successfully bumped revision number for resource c7f4ac09-ac23-4436-a056-1089ccb70386 (type: router_ports) to 3
2026-07-15 22:56:01.638 10 INFO neutron.wsgi [req-ef0a96f3-66e1-4630-9e12-95699aec8ea3 req-2b173d1c-11ca-47bf-9acd-91cb457412ea 020148a245aa457ba8f9ae8eec1f5b74 f4970c914d95420382e7831c1c5a8c46 - - 713730aea4c849d39e19d81e6968278a 713730aea4c849d39e19d81e6968278a] 199.204.45.235 "GET /v2.0/ports?tenant_id=5ef660e2c4914b00863607c6fd161a60&device_id=4412d5cf-712e-470b-a52f-6989365df169 HTTP/1.1" status: 200 len: 1409 time: 0.0562141
2026-07-15 22:56:01.701 10 INFO neutron.db.ovn_revision_numbers_db [None req-e6186412-ac00-40c0-9272-c6806c4920db 15347a2cd9fb413892463cba0acf75e4 3b11b5342cb9458b8a6fe990fe268e21 - - default default] Successfully bumped revision number for resource 82520932-d3fa-4573-b344-9c8337e5a0b0 (type: security_groups) to 1
2026-07-15 22:56:01.728 10 INFO neutron.db.ovn_revision_numbers_db [None req-e6186412-ac00-40c0-9272-c6806c4920db 15347a2cd9fb413892463cba0acf75e4 3b11b5342cb9458b8a6fe990fe268e21 - - default default] Successfully bumped revision number for resource 32cfc552-31b1-4ac7-9b40-59f489907325 (type: security_group_rules) to 0
2026-07-15 22:56:01.746 10 INFO neutron.wsgi [req-ef0a96f3-66e1-4630-9e12-95699aec8ea3 req-b979ed7e-289a-4d98-9ce4-66f7ede99c97 020148a245aa457ba8f9ae8eec1f5b74 f4970c914d95420382e7831c1c5a8c46 - - 713730aea4c849d39e19d81e6968278a 713730aea4c849d39e19d81e6968278a] 199.204.45.235 "GET /v2.0/networks?id=58f8516b-4467-47a4-91ed-74aeb75f627c HTTP/1.1" status: 200 len: 981 time: 0.0982516
2026-07-15 22:56:01.764 10 INFO neutron.db.ovn_revision_numbers_db [None req-e6186412-ac00-40c0-9272-c6806c4920db 15347a2cd9fb413892463cba0acf75e4 3b11b5342cb9458b8a6fe990fe268e21 - - default default] Successfully bumped revision number for resource 8e275df3-6076-4967-8b74-b054dd81c754 (type: security_group_rules) to 0
2026-07-15 22:56:01.811 10 INFO neutron.db.ovn_revision_numbers_db [None req-e6186412-ac00-40c0-9272-c6806c4920db 15347a2cd9fb413892463cba0acf75e4 3b11b5342cb9458b8a6fe990fe268e21 - - default default] Successfully bumped revision number for resource cf45656f-89b3-43be-b8f5-61411e05b97d (type: security_group_rules) to 0
2026-07-15 22:56:01.830 10 INFO neutron.wsgi [req-ef0a96f3-66e1-4630-9e12-95699aec8ea3 req-dee5c646-d498-4cb8-bb4b-9ea9a0665696 020148a245aa457ba8f9ae8eec1f5b74 f4970c914d95420382e7831c1c5a8c46 - - 713730aea4c849d39e19d81e6968278a 713730aea4c849d39e19d81e6968278a] 199.204.45.235 "GET /v2.0/floatingips?fixed_ip_address=10.100.0.3&port_id=adc35037-6e7c-4114-989e-b909d08e6cc1 HTTP/1.1" status: 200 len: 1059 time: 0.0715628
2026-07-15 22:56:01.850 10 INFO neutron.db.ovn_revision_numbers_db [None req-e6186412-ac00-40c0-9272-c6806c4920db 15347a2cd9fb413892463cba0acf75e4 3b11b5342cb9458b8a6fe990fe268e21 - - default default] Successfully bumped revision number for resource dd368f16-2d4b-4796-87c3-1cde9e9ca14c (type: security_group_rules) to 0
2026-07-15 22:56:01.889 10 INFO neutron.wsgi [None req-e6186412-ac00-40c0-9272-c6806c4920db 15347a2cd9fb413892463cba0acf75e4 3b11b5342cb9458b8a6fe990fe268e21 - - default default] 10.0.0.216 "GET /v2.0/security-groups?tenant_id=b7d6ccf6e8ff4f36a9ea7fddd6d39acf&name=default HTTP/1.1" status: 200 len: 2996 time: 0.5782886
2026-07-15 22:56:01.896 10 INFO neutron.wsgi [req-ef0a96f3-66e1-4630-9e12-95699aec8ea3 req-d0ec3b1b-8b7e-4585-b557-c362072ce062 020148a245aa457ba8f9ae8eec1f5b74 f4970c914d95420382e7831c1c5a8c46 - - 713730aea4c849d39e19d81e6968278a 713730aea4c849d39e19d81e6968278a] 199.204.45.235 "GET /v2.0/subnets?id=d5f4e05a-88bc-4350-80a5-aa786ba1f016 HTTP/1.1" status: 200 len: 877 time: 0.0538249
2026-07-15 22:56:01.897 10 INFO neutron.db.ovn_revision_numbers_db [None req-6f53d01f-47f8-431f-8151-91ad584aebdf - - - - - -] Successfully bumped revision number for resource c7f4ac09-ac23-4436-a056-1089ccb70386 (type: ports) to 2
2026-07-15 22:56:01.927 10 INFO neutron.wsgi [req-ef0a96f3-66e1-4630-9e12-95699aec8ea3 req-c3383181-2da5-488b-9ad1-d2c446eca34d 020148a245aa457ba8f9ae8eec1f5b74 f4970c914d95420382e7831c1c5a8c46 - - 713730aea4c849d39e19d81e6968278a 713730aea4c849d39e19d81e6968278a] 199.204.45.235 "GET /v2.0/ports?network_id=58f8516b-4467-47a4-91ed-74aeb75f627c&device_owner=network%3Adhcp HTTP/1.1" status: 200 len: 210 time: 0.0225632
2026-07-15 22:56:01.950 10 INFO neutron.plugins.ml2.drivers.ovn.mech_driver.mech_driver [None req-cd3b2352-ef9d-4b0d-b87f-52edbcc52025 - - - - - -] OVN reports status up for port: f7e9b5b8-8132-4718-b11b-c25a82219ff0
2026-07-15 22:56:01.966 10 INFO neutron.plugins.ml2.plugin [None req-cd3b2352-ef9d-4b0d-b87f-52edbcc52025 - - - - - -] Attempt 1 to provision port f7e9b5b8-8132-4718-b11b-c25a82219ff0
2026-07-15 22:56:01.972 9 INFO neutron.db.ovn_revision_numbers_db [None req-b2006378-4162-42f5-af09-719f90e0be6c 15347a2cd9fb413892463cba0acf75e4 3b11b5342cb9458b8a6fe990fe268e21 - - default default] Successfully bumped revision number for resource f7e9b5b8-8132-4718-b11b-c25a82219ff0 (type: router_ports) to 1
2026-07-15 22:56:02.035 10 INFO neutron.wsgi [req-ef0a96f3-66e1-4630-9e12-95699aec8ea3 req-ca183797-1dad-4dd7-90bf-cd79e9b6ab88 020148a245aa457ba8f9ae8eec1f5b74 f4970c914d95420382e7831c1c5a8c46 - - 713730aea4c849d39e19d81e6968278a 713730aea4c849d39e19d81e6968278a] 199.204.45.235 "GET /v2.0/networks/58f8516b-4467-47a4-91ed-74aeb75f627c?fields=segments HTTP/1.1" status: 200 len: 212 time: 0.1008749
2026-07-15 22:56:02.147 9 INFO neutron.db.ovn_revision_numbers_db [None req-b2006378-4162-42f5-af09-719f90e0be6c 15347a2cd9fb413892463cba0acf75e4 3b11b5342cb9458b8a6fe990fe268e21 - - default default] Successfully bumped revision number for resource f7e9b5b8-8132-4718-b11b-c25a82219ff0 (type: ports) to 1
2026-07-15 22:56:02.163 9 INFO neutron.wsgi [None req-5ecf05b2-dc10-4833-8425-ac812bf7675a 15347a2cd9fb413892463cba0acf75e4 3b11b5342cb9458b8a6fe990fe268e21 - - default default] 10.0.0.216 "DELETE /v2.0/security-groups/82520932-d3fa-4573-b344-9c8337e5a0b0 HTTP/1.1" status: 204 len: 168 time: 0.2672398
2026-07-15 22:56:02.252 9 INFO neutron.notifiers.nova [-] Nova event matching ['req-dd5f46e0-db1e-4931-b522-05ce529e2806'] response: {'server_uuid': 'eb9d7952-214d-472b-8202-7630d6778c1b', 'name': 'network-vif-plugged', 'status': 'completed', 'tag': '72455fe1-fa95-4df3-b4ba-f0cbb251e1ae', 'code': 200}
2026-07-15 22:56:02.265 9 WARNING neutron.scheduler.dhcp_agent_scheduler [None req-b2006378-4162-42f5-af09-719f90e0be6c 15347a2cd9fb413892463cba0acf75e4 3b11b5342cb9458b8a6fe990fe268e21 - - default default] No more DHCP agents
2026-07-15 22:56:02.266 9 WARNING neutron.api.rpc.agentnotifiers.dhcp_rpc_agent_api [None req-b2006378-4162-42f5-af09-719f90e0be6c 15347a2cd9fb413892463cba0acf75e4 3b11b5342cb9458b8a6fe990fe268e21 - - default default] Unable to schedule network 3f3a896b-6e30-4bb1-9800-f40ec159c56e: no agents available; will retry on subsequent port and subnet creation events.
2026-07-15 22:56:02.409 9 INFO neutron.wsgi [None req-3a4c3325-4ba1-4d7c-81c6-5aa758177ad9 a2adbb392b07427182f6fa64aec77e55 50d24b6c76834dfcb80ebb9f73b33bf8 - - default default] 10.0.0.216 "DELETE /v2.0/security-groups/71542d48-5bb5-4ed2-b0cc-5072881c74bb HTTP/1.1" status: 204 len: 168 time: 0.1944950
2026-07-15 22:56:02.437 10 INFO neutron.api.v2.resource [None req-c7fa2baf-9fef-44a7-bc51-0c494375f179 a2adbb392b07427182f6fa64aec77e55 50d24b6c76834dfcb80ebb9f73b33bf8 - - default default] show failed (client error): The resource could not be found.
2026-07-15 22:56:02.438 10 INFO neutron.wsgi [None req-c7fa2baf-9fef-44a7-bc51-0c494375f179 a2adbb392b07427182f6fa64aec77e55 50d24b6c76834dfcb80ebb9f73b33bf8 - - default default] 10.0.0.216 "GET /v2.0/security-groups/71542d48-5bb5-4ed2-b0cc-5072881c74bb HTTP/1.1" status: 404 len: 347 time: 0.0239966
2026-07-15 22:56:02.486 10 INFO neutron.wsgi [req-ef0a96f3-66e1-4630-9e12-95699aec8ea3 req-602773d4-a3e0-473c-aa0f-65231b875c84 020148a245aa457ba8f9ae8eec1f5b74 f4970c914d95420382e7831c1c5a8c46 - - 713730aea4c849d39e19d81e6968278a 713730aea4c849d39e19d81e6968278a] 199.204.45.235 "GET /v2.0/networks/58f8516b-4467-47a4-91ed-74aeb75f627c?fields=provider%3Aphysical_network&fields=provider%3Anetwork_type HTTP/1.1" status: 200 len: 277 time: 0.4432702
2026-07-15 22:56:02.509 9 INFO neutron.db.ovn_revision_numbers_db [None req-b8f2d2fc-f716-44ab-8943-7964a019ab0f 15347a2cd9fb413892463cba0acf75e4 3b11b5342cb9458b8a6fe990fe268e21 - - default default] Successfully bumped revision number for resource 7ef2826d-2e22-497a-883a-f672d5d865d6 (type: security_groups) to 1
2026-07-15 22:56:02.535 9 INFO neutron.db.ovn_revision_numbers_db [None req-b8f2d2fc-f716-44ab-8943-7964a019ab0f 15347a2cd9fb413892463cba0acf75e4 3b11b5342cb9458b8a6fe990fe268e21 - - default default] Successfully bumped revision number for resource 394563a0-65de-4b71-a05d-97bee3edf040 (type: security_group_rules) to 0
2026-07-15 22:56:02.568 9 INFO neutron.db.ovn_revision_numbers_db [None req-b8f2d2fc-f716-44ab-8943-7964a019ab0f 15347a2cd9fb413892463cba0acf75e4 3b11b5342cb9458b8a6fe990fe268e21 - - default default] Successfully bumped revision number for resource 452cbb43-f227-40ac-b132-40b98da9749d (type: security_group_rules) to 0
2026-07-15 22:56:02.600 10 INFO neutron.db.ovn_revision_numbers_db [None req-6f53d01f-47f8-431f-8151-91ad584aebdf - - - - - -] Successfully bumped revision number for resource c7f4ac09-ac23-4436-a056-1089ccb70386 (type: ports) to 4
2026-07-15 22:56:02.601 9 INFO neutron.db.ovn_revision_numbers_db [None req-b8f2d2fc-f716-44ab-8943-7964a019ab0f 15347a2cd9fb413892463cba0acf75e4 3b11b5342cb9458b8a6fe990fe268e21 - - default default] Successfully bumped revision number for resource ee7a8211-5096-4658-a067-a1f55648412b (type: security_group_rules) to 0
2026-07-15 22:56:02.634 9 INFO neutron.db.ovn_revision_numbers_db [None req-b8f2d2fc-f716-44ab-8943-7964a019ab0f 15347a2cd9fb413892463cba0acf75e4 3b11b5342cb9458b8a6fe990fe268e21 - - default default] Successfully bumped revision number for resource f23d5dda-6d28-4345-8ac0-f197958a5195 (type: security_group_rules) to 0
2026-07-15 22:56:02.697 9 INFO neutron.wsgi [None req-b8f2d2fc-f716-44ab-8943-7964a019ab0f 15347a2cd9fb413892463cba0acf75e4 3b11b5342cb9458b8a6fe990fe268e21 - - default default] 10.0.0.216 "GET /v2.0/security-groups?tenant_id=5b9a6fb8a92640d194ec364d8e9c809a&name=default HTTP/1.1" status: 200 len: 2996 time: 0.4044142
2026-07-15 22:56:02.726 10 INFO neutron.db.ovn_revision_numbers_db [None req-cd3b2352-ef9d-4b0d-b87f-52edbcc52025 - - - - - -] Successfully bumped revision number for resource f7e9b5b8-8132-4718-b11b-c25a82219ff0 (type: ports) to 2
2026-07-15 22:56:02.928 10 INFO neutron.db.ovn_revision_numbers_db [None req-cd3b2352-ef9d-4b0d-b87f-52edbcc52025 - - - - - -] Successfully bumped revision number for resource f7e9b5b8-8132-4718-b11b-c25a82219ff0 (type: router_ports) to 2
2026-07-15 22:56:02.931 10 INFO neutron.db.ovn_revision_numbers_db [None req-6f53d01f-47f8-431f-8151-91ad584aebdf - - - - - -] Successfully bumped revision number for resource c7f4ac09-ac23-4436-a056-1089ccb70386 (type: router_ports) to 4
2026-07-15 22:56:02.932 9 INFO neutron.wsgi [None req-62fb8088-1c6d-4fdf-bd52-3d6476d344be a2adbb392b07427182f6fa64aec77e55 50d24b6c76834dfcb80ebb9f73b33bf8 - - default default] 10.0.0.216 "DELETE /v2.0/floatingips/7d8db8d1-d58d-42fa-beba-5c0f147b5375 HTTP/1.1" status: 204 len: 168 time: 0.4847412
2026-07-15 22:56:03.029 10 INFO neutron.wsgi [None req-0f036d9d-e5d3-4a41-9b6a-e183fc0c9682 15347a2cd9fb413892463cba0acf75e4 3b11b5342cb9458b8a6fe990fe268e21 - - default default] 10.0.0.216 "DELETE /v2.0/security-groups/7ef2826d-2e22-497a-883a-f672d5d865d6 HTTP/1.1" status: 204 len: 168 time: 0.3256469
2026-07-15 22:56:03.109 9 INFO neutron.wsgi [None req-b2006378-4162-42f5-af09-719f90e0be6c 15347a2cd9fb413892463cba0acf75e4 3b11b5342cb9458b8a6fe990fe268e21 - - default default] 10.0.0.216 "PUT /v2.0/routers/38bcbc1e-a553-45ea-b03e-779a1958e722/add_router_interface HTTP/1.1" status: 200 len: 503 time: 2.3839178 /var/lib/openstack/lib/python3.10/site-packages/pycadf/identifier.py:71: UserWarning: Invalid uuid: neutron. To ensure interoperability, identifiers should be a valid uuid. warnings.warn(('Invalid uuid: %s. To ensure interoperability, '
2026-07-15 22:56:04.084 9 INFO neutron.db.ovn_revision_numbers_db [None req-23695db8-7c8b-429d-8040-e85b4cae46e0 c5c9be513d4a42a78b85c16d6e5144e5 3832369c156d4be0b81ebe2961d2a443 - - default default] Successfully bumped revision number for resource 28f1b977-477e-412b-8faa-756f12bf565e (type: security_groups) to 1
2026-07-15 22:56:04.106 9 INFO neutron.db.ovn_revision_numbers_db [None req-23695db8-7c8b-429d-8040-e85b4cae46e0 c5c9be513d4a42a78b85c16d6e5144e5 3832369c156d4be0b81ebe2961d2a443 - - default default] Successfully bumped revision number for resource 2ab0792d-639d-4140-98ca-6aeaf97f88e2 (type: security_group_rules) to 0
2026-07-15 22:56:04.141 9 INFO neutron.db.ovn_revision_numbers_db [None req-23695db8-7c8b-429d-8040-e85b4cae46e0 c5c9be513d4a42a78b85c16d6e5144e5 3832369c156d4be0b81ebe2961d2a443 - - default default] Successfully bumped revision number for resource 763a8180-0039-43cb-b45c-832ce5d1ed65 (type: security_group_rules) to 0
2026-07-15 22:56:04.166 9 INFO neutron.wsgi [None req-23695db8-7c8b-429d-8040-e85b4cae46e0 c5c9be513d4a42a78b85c16d6e5144e5 3832369c156d4be0b81ebe2961d2a443 - - default default] 10.0.0.216 "POST /v2.0/security-groups HTTP/1.1" status: 201 len: 1797 time: 0.3980384
2026-07-15 22:56:04.315 9 INFO neutron.wsgi [None req-e0b554b0-3c92-4aee-9823-3899b35e04d6 15347a2cd9fb413892463cba0acf75e4 3b11b5342cb9458b8a6fe990fe268e21 - - default default] 10.0.0.216 "PUT /v2.0/routers/3e12ea88-c3b7-4f10-92f3-35108f14e78c/remove_router_interface HTTP/1.1" status: 200 len: 503 time: 1.3781054 /var/lib/openstack/lib/python3.10/site-packages/pycadf/identifier.py:71: UserWarning: Invalid uuid: neutron. To ensure interoperability, identifiers should be a valid uuid. warnings.warn(('Invalid uuid: %s. To ensure interoperability, '
2026-07-15 22:56:04.337 10 INFO neutron.db.ovn_revision_numbers_db [None req-bc201878-75af-48a6-a8d8-bfc88aa75377 c5c9be513d4a42a78b85c16d6e5144e5 3832369c156d4be0b81ebe2961d2a443 - - default default] Successfully bumped revision number for resource 6a35772b-bbe3-4713-8ddc-c7d72ac01504 (type: security_group_rules) to 0
2026-07-15 22:56:04.368 10 INFO neutron.wsgi [None req-bc201878-75af-48a6-a8d8-bfc88aa75377 c5c9be513d4a42a78b85c16d6e5144e5 3832369c156d4be0b81ebe2961d2a443 - - default default] 10.0.0.216 "POST /v2.0/security-group-rules HTTP/1.1" status: 201 len: 764 time: 0.1848245
2026-07-15 22:56:04.487 10 INFO neutron.db.ovn_revision_numbers_db [None req-659757e0-fcce-49b2-a62f-67a38cb76778 c5c9be513d4a42a78b85c16d6e5144e5 3832369c156d4be0b81ebe2961d2a443 - - default default] Successfully bumped revision number for resource 8d61b6fa-54dc-4b8a-9556-ea19fa91efc7 (type: security_group_rules) to 0
2026-07-15 22:56:04.512 10 INFO neutron.wsgi [None req-659757e0-fcce-49b2-a62f-67a38cb76778 c5c9be513d4a42a78b85c16d6e5144e5 3832369c156d4be0b81ebe2961d2a443 - - default default] 10.0.0.216 "POST /v2.0/security-group-rules HTTP/1.1" status: 201 len: 769 time: 0.1388834
2026-07-15 22:56:04.878 9 WARNING neutron.scheduler.dhcp_agent_scheduler [None req-4c665276-675a-473e-83d1-cfcf71352c86 c5c9be513d4a42a78b85c16d6e5144e5 3832369c156d4be0b81ebe2961d2a443 - - default default] No more DHCP agents
2026-07-15 22:56:04.882 9 WARNING neutron.api.rpc.agentnotifiers.dhcp_rpc_agent_api [None req-4c665276-675a-473e-83d1-cfcf71352c86 c5c9be513d4a42a78b85c16d6e5144e5 3832369c156d4be0b81ebe2961d2a443 - - default default] Unable to schedule network 01918310-5a49-4c66-9985-8f31d597a661: no agents available; will retry on subsequent port and subnet creation events.
2026-07-15 22:56:05.066 9 INFO neutron.wsgi [None req-719523d2-a261-4a5f-aa66-0c9a5bbda111 15347a2cd9fb413892463cba0acf75e4 3b11b5342cb9458b8a6fe990fe268e21 - - default default] 10.0.0.216 "DELETE /v2.0/routers/3e12ea88-c3b7-4f10-92f3-35108f14e78c HTTP/1.1" status: 204 len: 168 time: 0.7451892
2026-07-15 22:56:05.264 9 INFO neutron.db.ovn_revision_numbers_db [None req-4c665276-675a-473e-83d1-cfcf71352c86 c5c9be513d4a42a78b85c16d6e5144e5 3832369c156d4be0b81ebe2961d2a443 - - default default] Successfully bumped revision number for resource a1f4dcb2-c995-4afa-a96c-0dc1cb77fa9f (type: floatingips) to 0
2026-07-15 22:56:05.277 10 INFO neutron.wsgi [None req-e2240dc5-f924-43ff-bd34-875ef2052534 15347a2cd9fb413892463cba0acf75e4 3b11b5342cb9458b8a6fe990fe268e21 - - default default] 10.0.0.216 "DELETE /v2.0/subnets/3f627ea8-643a-4eef-bdb9-09d2a05b5097 HTTP/1.1" status: 204 len: 168 time: 0.2052968
2026-07-15 22:56:05.278 9 INFO neutron.wsgi [None req-4c665276-675a-473e-83d1-cfcf71352c86 c5c9be513d4a42a78b85c16d6e5144e5 3832369c156d4be0b81ebe2961d2a443 - - default default] 10.0.0.216 "POST /v2.0/floatingips HTTP/1.1" status: 201 len: 751 time: 0.7578585
2026-07-15 22:56:05.554 9 INFO neutron.services.segments.plugin [-] Segment 15d68a06-f226-457b-a79f-ca1277f676e9 resource provider aggregate not found
2026-07-15 22:56:05.557 9 INFO neutron.services.segments.plugin [-] Segment 15d68a06-f226-457b-a79f-ca1277f676e9 resource provider aggregate not found
2026-07-15 22:56:05.573 9 INFO neutron.services.segments.plugin [-] Segment 15d68a06-f226-457b-a79f-ca1277f676e9 resource provider not found; error: Placement Client Error (4xx): {"errors": [{"status": 404, "title": "Not Found", "detail": "The resource could not be found.\n\n No resource provider with uuid 15d68a06-f226-457b-a79f-ca1277f676e9 found for delete ", "request_id": "req-7afe815e-b16c-4fed-befb-9b88b88d2abf"}]}
2026-07-15 22:56:05.576 9 INFO neutron.services.segments.plugin [-] Segment 15d68a06-f226-457b-a79f-ca1277f676e9 resource provider not found; error: Placement Client Error (4xx): {"errors": [{"status": 404, "title": "Not Found", "detail": "The resource could not be found.\n\n No resource provider with uuid 15d68a06-f226-457b-a79f-ca1277f676e9 found for delete ", "request_id": "req-40f57ff3-a084-4e7e-a867-4f3682c8471c"}]}
2026-07-15 22:56:05.588 9 INFO neutron.wsgi [None req-ff47c91c-9422-4f3b-b038-7e0d81e9abac 15347a2cd9fb413892463cba0acf75e4 3b11b5342cb9458b8a6fe990fe268e21 - - default default] 10.0.0.216 "DELETE /v2.0/networks/96049479-5295-4c8e-9f65-88c5f4e9cea4 HTTP/1.1" status: 204 len: 168 time: 0.3034854
2026-07-15 22:56:05.766 9 INFO neutron.wsgi [None req-26892fca-2807-4be0-a5e8-d66bf1508c22 15347a2cd9fb413892463cba0acf75e4 3b11b5342cb9458b8a6fe990fe268e21 - - default default] 10.0.0.216 "GET /v2.0/security-groups?tenant_id=50d24b6c76834dfcb80ebb9f73b33bf8&name=default HTTP/1.1" status: 200 len: 2996 time: 0.0366888
2026-07-15 22:56:05.767 10 INFO neutron.wsgi [req-6fcb869c-d56f-4bc7-8c92-119d5bc66fa5 req-61a7dd0a-b1c5-4e7b-9a49-61f7ba2d87f7 c5c9be513d4a42a78b85c16d6e5144e5 3832369c156d4be0b81ebe2961d2a443 - - default default] 10.0.0.199 "GET /v2.0/security-groups?name=tempest-securitygroup--2140003465&fields=id&tenant_id=3832369c156d4be0b81ebe2961d2a443 HTTP/1.1" status: 200 len: 267 time: 0.0490696
2026-07-15 22:56:05.885 10 INFO neutron.wsgi [req-6fcb869c-d56f-4bc7-8c92-119d5bc66fa5 req-be20c7e1-1edd-40e3-87fe-403ebbd731a4 c5c9be513d4a42a78b85c16d6e5144e5 3832369c156d4be0b81ebe2961d2a443 - - default default] 10.0.0.199 "GET /v2.0/networks?id=3f3a896b-6e30-4bb1-9800-f40ec159c56e HTTP/1.1" status: 200 len: 875 time: 0.1078656
2026-07-15 22:56:05.905 10 INFO neutron.wsgi [req-6fcb869c-d56f-4bc7-8c92-119d5bc66fa5 req-5581a915-bd59-4302-abea-24fefb86650c c5c9be513d4a42a78b85c16d6e5144e5 3832369c156d4be0b81ebe2961d2a443 - - default default] 10.0.0.199 "GET /v2.0/quotas/3832369c156d4be0b81ebe2961d2a443 HTTP/1.1" status: 200 len: 386 time: 0.0132322
2026-07-15 22:56:06.014 10 INFO neutron.wsgi [req-6fcb869c-d56f-4bc7-8c92-119d5bc66fa5 req-8d6159e1-deae-4939-af5b-2dbb27229c09 c5c9be513d4a42a78b85c16d6e5144e5 3832369c156d4be0b81ebe2961d2a443 - - default default] 10.0.0.199 "GET /v2.0/ports?tenant_id=3832369c156d4be0b81ebe2961d2a443&fields=id HTTP/1.1" status: 200 len: 302 time: 0.0991914
2026-07-15 22:56:06.015 9 INFO neutron.wsgi [None req-74134d5d-e533-4c88-975e-3fc810f05f95 15347a2cd9fb413892463cba0acf75e4 3b11b5342cb9458b8a6fe990fe268e21 - - default default] 10.0.0.62 "GET /v2.0/networks HTTP/1.1" status: 200 len: 3878 time: 0.2611694
2026-07-15 22:56:06.061 9 INFO neutron.wsgi [None req-b3e9b3a6-c3bd-415c-9c84-0e96256ffb9d 15347a2cd9fb413892463cba0acf75e4 3b11b5342cb9458b8a6fe990fe268e21 - - default default] 10.0.0.216 "DELETE /v2.0/security-groups/e7fa637a-5ea2-4a7f-acbe-d76d469f754f HTTP/1.1" status: 204 len: 168 time: 0.2913177
2026-07-15 22:56:06.065 9 INFO neutron.wsgi [None req-bda12369-dfe7-4596-8819-5f9ea22993d9 15347a2cd9fb413892463cba0acf75e4 3b11b5342cb9458b8a6fe990fe268e21 - - default default] 10.0.0.62 "GET /v2.0/subnets HTTP/1.1" status: 200 len: 2759 time: 0.0452173
2026-07-15 22:56:06.076 9 INFO neutron.wsgi [None req-79f9d68d-f4d0-4724-a481-19e39f9a8b04 15347a2cd9fb413892463cba0acf75e4 3b11b5342cb9458b8a6fe990fe268e21 - - default default] 10.0.0.62 "GET /v2.0/subnetpools HTTP/1.1" status: 200 len: 193 time: 0.0090530
2026-07-15 22:56:06.106 10 INFO neutron.wsgi [req-6fcb869c-d56f-4bc7-8c92-119d5bc66fa5 req-5b6ee574-e6bc-44bf-9955-eaf3afdfb7ee 020148a245aa457ba8f9ae8eec1f5b74 f4970c914d95420382e7831c1c5a8c46 - - 713730aea4c849d39e19d81e6968278a 713730aea4c849d39e19d81e6968278a] 10.0.0.199 "GET /v2.0/networks/3f3a896b-6e30-4bb1-9800-f40ec159c56e?fields=segments HTTP/1.1" status: 200 len: 212 time: 0.0768991
2026-07-15 22:56:06.114 9 INFO neutron.wsgi [None req-54516ad5-b43a-4653-9679-d380a278a7d5 15347a2cd9fb413892463cba0acf75e4 3b11b5342cb9458b8a6fe990fe268e21 - - default default] 10.0.0.62 "GET /v2.0/ports HTTP/1.1" status: 200 len: 14988 time: 0.0371199
2026-07-15 22:56:06.187 10 INFO neutron.wsgi [req-6fcb869c-d56f-4bc7-8c92-119d5bc66fa5 req-22e6c979-4d27-4ee6-9895-a69208efca79 020148a245aa457ba8f9ae8eec1f5b74 f4970c914d95420382e7831c1c5a8c46 - - 713730aea4c849d39e19d81e6968278a 713730aea4c849d39e19d81e6968278a] 10.0.0.199 "GET /v2.0/networks/3f3a896b-6e30-4bb1-9800-f40ec159c56e?fields=provider%3Aphysical_network&fields=provider%3Anetwork_type HTTP/1.1" status: 200 len: 277 time: 0.0693214
2026-07-15 22:56:06.246 9 INFO neutron.wsgi [None req-75e21340-e902-4557-b925-9cde24e65aae 15347a2cd9fb413892463cba0acf75e4 3b11b5342cb9458b8a6fe990fe268e21 - - default default] 10.0.0.62 "GET /v2.0/routers HTTP/1.1" status: 200 len: 1545 time: 0.1231465
2026-07-15 22:56:06.261 9 INFO neutron.wsgi [None req-14a3ed23-74c7-4063-87cc-b1dc74afb74e 15347a2cd9fb413892463cba0acf75e4 3b11b5342cb9458b8a6fe990fe268e21 - - default default] 10.0.0.62 "GET /v2.0/agents?binary=ovn-controller HTTP/1.1" status: 200 len: 591 time: 0.0137553
2026-07-15 22:56:06.322 9 INFO neutron.wsgi [None req-f23b4d2d-b4b3-494c-bb90-ec035500fab3 15347a2cd9fb413892463cba0acf75e4 3b11b5342cb9458b8a6fe990fe268e21 - - default default] 10.0.0.62 "GET /v2.0/floatingips HTTP/1.1" status: 200 len: 1574 time: 0.0595229
2026-07-15 22:56:06.387 9 INFO neutron.wsgi [req-f2dcd317-a77c-4720-ad12-e8038d22fe06 req-b40fffbd-f226-4456-9da8-df22d847565e c5c9be513d4a42a78b85c16d6e5144e5 3832369c156d4be0b81ebe2961d2a443 - - default default] 10.0.0.199 "GET /v2.0/ports?device_id=2bc6c1c0-18b1-4559-8260-d9f9bd56725a HTTP/1.1" status: 200 len: 210 time: 0.0304437
2026-07-15 22:56:06.397 9 INFO neutron.wsgi [None req-e3163342-1ad6-4ee3-8795-97c41beb1ac7 15347a2cd9fb413892463cba0acf75e4 3b11b5342cb9458b8a6fe990fe268e21 - - default default] 10.0.0.62 "GET /v2.0/security-groups HTTP/1.1" status: 200 len: 27847 time: 0.0732539
2026-07-15 22:56:06.426 9 INFO neutron.wsgi [None req-91ced583-63a4-46b1-ae26-a8f199a926a0 15347a2cd9fb413892463cba0acf75e4 3b11b5342cb9458b8a6fe990fe268e21 - - default default] 10.0.0.62 "GET /v2.0/agents HTTP/1.1" status: 200 len: 997 time: 0.0186064
2026-07-15 22:56:06.465 9 INFO neutron.wsgi [None req-38ae04e8-4c42-4115-92e8-e491135007f3 15347a2cd9fb413892463cba0acf75e4 3b11b5342cb9458b8a6fe990fe268e21 - - default default] 10.0.0.62 "GET /v2.0/subnets HTTP/1.1" status: 200 len: 2759 time: 0.0380118
2026-07-15 22:56:06.475 9 INFO neutron.wsgi [None req-5666cab7-7b35-416f-8114-3ae7df5f0b49 15347a2cd9fb413892463cba0acf75e4 3b11b5342cb9458b8a6fe990fe268e21 - - default default] 10.0.0.62 "GET /v2.0/network-ip-availabilities HTTP/1.1" status: 200 len: 2252 time: 0.0089438
2026-07-15 22:56:06.683 9 INFO neutron.wsgi [-] 10.0.0.25 "GET / HTTP/1.1" status: 200 len: 247 time: 0.0024583
2026-07-15 22:56:06.686 9 INFO neutron.wsgi [-] 10.0.0.25 "GET / HTTP/1.1" status: 200 len: 247 time: 0.0012290
2026-07-15 22:56:07.107 10 INFO neutron.wsgi [req-6fcb869c-d56f-4bc7-8c92-119d5bc66fa5 req-62588e99-9b46-46f9-9161-c5cc4b10cc43 c5c9be513d4a42a78b85c16d6e5144e5 3832369c156d4be0b81ebe2961d2a443 - - default default] 199.204.45.235 "GET /v2.0/networks?id=3f3a896b-6e30-4bb1-9800-f40ec159c56e HTTP/1.1" status: 200 len: 875 time: 0.0820992
2026-07-15 22:56:07.156 10 INFO neutron.wsgi [req-6fcb869c-d56f-4bc7-8c92-119d5bc66fa5 req-acf71586-98c3-4634-82d0-50914b1a78e1 c5c9be513d4a42a78b85c16d6e5144e5 3832369c156d4be0b81ebe2961d2a443 - - default default] 199.204.45.235 "GET /v2.0/security-groups?fields=id&fields=name&tenant_id=3832369c156d4be0b81ebe2961d2a443 HTTP/1.1" status: 200 len: 380 time: 0.0423439
2026-07-15 22:56:07.477 10 INFO neutron.wsgi [req-7f5926e7-4e1d-47ce-9853-6af7e6df5730 req-6597527e-df57-4c63-84d2-76dcaaebe68c c5c9be513d4a42a78b85c16d6e5144e5 3832369c156d4be0b81ebe2961d2a443 - - default default] 10.0.0.199 "GET /v2.0/ports?device_id=2bc6c1c0-18b1-4559-8260-d9f9bd56725a HTTP/1.1" status: 200 len: 210 time: 0.0182893
2026-07-15 22:56:07.509 10 WARNING neutron.scheduler.dhcp_agent_scheduler [req-6fcb869c-d56f-4bc7-8c92-119d5bc66fa5 req-a82f90cf-c23b-4203-bead-d30e6127fca9 c5c9be513d4a42a78b85c16d6e5144e5 3832369c156d4be0b81ebe2961d2a443 - - default default] No more DHCP agents
2026-07-15 22:56:07.512 10 WARNING neutron.api.rpc.agentnotifiers.dhcp_rpc_agent_api [req-6fcb869c-d56f-4bc7-8c92-119d5bc66fa5 req-a82f90cf-c23b-4203-bead-d30e6127fca9 c5c9be513d4a42a78b85c16d6e5144e5 3832369c156d4be0b81ebe2961d2a443 - - default default] Unable to schedule network 3f3a896b-6e30-4bb1-9800-f40ec159c56e: no agents available; will retry on subsequent port and subnet creation events.
2026-07-15 22:56:07.672 10 INFO neutron.db.ovn_revision_numbers_db [req-6fcb869c-d56f-4bc7-8c92-119d5bc66fa5 req-a82f90cf-c23b-4203-bead-d30e6127fca9 c5c9be513d4a42a78b85c16d6e5144e5 3832369c156d4be0b81ebe2961d2a443 - - default default] Successfully bumped revision number for resource 0173766a-d989-402c-829c-68e1691d369a (type: ports) to 1
2026-07-15 22:56:07.694 10 INFO neutron.wsgi [req-6fcb869c-d56f-4bc7-8c92-119d5bc66fa5 req-a82f90cf-c23b-4203-bead-d30e6127fca9 c5c9be513d4a42a78b85c16d6e5144e5 3832369c156d4be0b81ebe2961d2a443 - - default default] 199.204.45.235 "POST /v2.0/ports HTTP/1.1" status: 201 len: 1158 time: 0.5325079 /var/lib/openstack/lib/python3.10/site-packages/pycadf/identifier.py:71: UserWarning: Invalid uuid: neutron. To ensure interoperability, identifiers should be a valid uuid. warnings.warn(('Invalid uuid: %s. To ensure interoperability, '
2026-07-15 22:56:07.894 10 WARNING neutron.plugins.ml2.drivers.ovn.mech_driver.ovsdb.ovn_client [None req-cd3b2352-ef9d-4b0d-b87f-52edbcc52025 - - - - - -] No hosting information found for port f7e9b5b8-8132-4718-b11b-c25a82219ff0: RuntimeError: No hosting information found for port f7e9b5b8-8132-4718-b11b-c25a82219ff0
2026-07-15 22:56:08.099 10 INFO neutron.db.ovn_revision_numbers_db [req-6fcb869c-d56f-4bc7-8c92-119d5bc66fa5 req-11cf0a9e-69b5-4825-b359-65a57fe90bde 020148a245aa457ba8f9ae8eec1f5b74 f4970c914d95420382e7831c1c5a8c46 - - 713730aea4c849d39e19d81e6968278a 713730aea4c849d39e19d81e6968278a] Successfully bumped revision number for resource 0173766a-d989-402c-829c-68e1691d369a (type: ports) to 2
2026-07-15 22:56:08.252 9 INFO neutron.db.ovn_revision_numbers_db [None req-64310096-e3cd-4dfe-99e4-8d1549a53f26 15347a2cd9fb413892463cba0acf75e4 3b11b5342cb9458b8a6fe990fe268e21 - - default default] Successfully bumped revision number for resource efae020b-4fcd-4f14-b649-d366c55613d9 (type: security_groups) to 1
2026-07-15 22:56:08.270 9 INFO neutron.db.ovn_revision_numbers_db [None req-64310096-e3cd-4dfe-99e4-8d1549a53f26 15347a2cd9fb413892463cba0acf75e4 3b11b5342cb9458b8a6fe990fe268e21 - - default default] Successfully bumped revision number for resource 2b2e9dd8-ad05-436c-bda0-4ee6f72eaf04 (type: security_group_rules) to 0
2026-07-15 22:56:08.288 9 INFO neutron.db.ovn_revision_numbers_db [None req-64310096-e3cd-4dfe-99e4-8d1549a53f26 15347a2cd9fb413892463cba0acf75e4 3b11b5342cb9458b8a6fe990fe268e21 - - default default] Successfully bumped revision number for resource c2957e7b-f3c3-4766-9d13-26b6feb4de52 (type: security_group_rules) to 0
2026-07-15 22:56:08.300 10 INFO neutron.db.ovn_revision_numbers_db [req-6fcb869c-d56f-4bc7-8c92-119d5bc66fa5 req-11cf0a9e-69b5-4825-b359-65a57fe90bde 020148a245aa457ba8f9ae8eec1f5b74 f4970c914d95420382e7831c1c5a8c46 - - 713730aea4c849d39e19d81e6968278a 713730aea4c849d39e19d81e6968278a] Successfully bumped revision number for resource 0173766a-d989-402c-829c-68e1691d369a (type: ports) to 2
2026-07-15 22:56:08.308 9 INFO neutron.db.ovn_revision_numbers_db [None req-64310096-e3cd-4dfe-99e4-8d1549a53f26 15347a2cd9fb413892463cba0acf75e4 3b11b5342cb9458b8a6fe990fe268e21 - - default default] Successfully bumped revision number for resource da6d2d7d-a3e4-48c8-be05-e21c0872b9d0 (type: security_group_rules) to 0
2026-07-15 22:56:08.317 10 INFO neutron.wsgi [req-6fcb869c-d56f-4bc7-8c92-119d5bc66fa5 req-11cf0a9e-69b5-4825-b359-65a57fe90bde 020148a245aa457ba8f9ae8eec1f5b74 f4970c914d95420382e7831c1c5a8c46 - - 713730aea4c849d39e19d81e6968278a 713730aea4c849d39e19d81e6968278a] 199.204.45.235 "PUT /v2.0/ports/0173766a-d989-402c-829c-68e1691d369a HTTP/1.1" status: 200 len: 1376 time: 0.6171367
2026-07-15 22:56:08.333 9 INFO neutron.db.ovn_revision_numbers_db [None req-64310096-e3cd-4dfe-99e4-8d1549a53f26 15347a2cd9fb413892463cba0acf75e4 3b11b5342cb9458b8a6fe990fe268e21 - - default default] Successfully bumped revision number for resource fe88e6fa-8db3-48be-8f17-b4c658477bdd (type: security_group_rules) to 0
2026-07-15 22:56:08.352 10 INFO neutron.notifiers.nova [-] Nova event matching ['req-205d6873-91b2-418b-8bc2-8b613e174ee4'] response: {'name': 'network-changed', 'server_uuid': '2bc6c1c0-18b1-4559-8260-d9f9bd56725a', 'tag': '0173766a-d989-402c-829c-68e1691d369a', 'status': 'completed', 'code': 200} /var/lib/openstack/lib/python3.10/site-packages/pycadf/identifier.py:71: UserWarning: Invalid uuid: neutron. To ensure interoperability, identifiers should be a valid uuid. warnings.warn(('Invalid uuid: %s. To ensure interoperability, '
2026-07-15 22:56:08.396 9 INFO neutron.db.segments_db [None req-64310096-e3cd-4dfe-99e4-8d1549a53f26 15347a2cd9fb413892463cba0acf75e4 3b11b5342cb9458b8a6fe990fe268e21 - - default default] Added segment 61757133-01dd-4d2a-b12a-02460289f987 of type geneve for network a1c421e9-d419-4298-bcee-7c8bccdde121
2026-07-15 22:56:08.396 10 INFO neutron.wsgi [req-6fcb869c-d56f-4bc7-8c92-119d5bc66fa5 req-ede425bf-c2e7-490a-924a-7ec8e65ea8c1 020148a245aa457ba8f9ae8eec1f5b74 f4970c914d95420382e7831c1c5a8c46 - - 713730aea4c849d39e19d81e6968278a 713730aea4c849d39e19d81e6968278a] 199.204.45.235 "GET /v2.0/ports?tenant_id=3832369c156d4be0b81ebe2961d2a443&device_id=2bc6c1c0-18b1-4559-8260-d9f9bd56725a HTTP/1.1" status: 200 len: 1407 time: 0.0329866
2026-07-15 22:56:08.429 10 INFO neutron.wsgi [req-6fcb869c-d56f-4bc7-8c92-119d5bc66fa5 req-c16908f6-1c46-4022-b039-252b9bdb354b 020148a245aa457ba8f9ae8eec1f5b74 f4970c914d95420382e7831c1c5a8c46 - - 713730aea4c849d39e19d81e6968278a 713730aea4c849d39e19d81e6968278a] 199.204.45.235 "GET /v2.0/floatingips?fixed_ip_address=10.100.0.3&port_id=0173766a-d989-402c-829c-68e1691d369a HTTP/1.1" status: 200 len: 217 time: 0.0239654
2026-07-15 22:56:08.469 10 INFO neutron.wsgi [req-6fcb869c-d56f-4bc7-8c92-119d5bc66fa5 req-8ea5f93d-c6c1-4ff0-a403-b5a2afaa9d79 020148a245aa457ba8f9ae8eec1f5b74 f4970c914d95420382e7831c1c5a8c46 - - 713730aea4c849d39e19d81e6968278a 713730aea4c849d39e19d81e6968278a] 199.204.45.235 "GET /v2.0/subnets?id=d58a78f9-899b-4e8b-806f-c414cc2f7c6c HTTP/1.1" status: 200 len: 869 time: 0.0308988
2026-07-15 22:56:08.500 10 INFO neutron.wsgi [req-6fcb869c-d56f-4bc7-8c92-119d5bc66fa5 req-7196831a-db23-420d-a3d0-8fd2a22098e1 020148a245aa457ba8f9ae8eec1f5b74 f4970c914d95420382e7831c1c5a8c46 - - 713730aea4c849d39e19d81e6968278a 713730aea4c849d39e19d81e6968278a] 199.204.45.235 "GET /v2.0/ports?network_id=3f3a896b-6e30-4bb1-9800-f40ec159c56e&device_owner=network%3Adhcp HTTP/1.1" status: 200 len: 210 time: 0.0219290
2026-07-15 22:56:08.522 9 INFO neutron.db.ovn_revision_numbers_db [None req-64310096-e3cd-4dfe-99e4-8d1549a53f26 15347a2cd9fb413892463cba0acf75e4 3b11b5342cb9458b8a6fe990fe268e21 - - default default] Successfully bumped revision number for resource a1c421e9-d419-4298-bcee-7c8bccdde121 (type: networks) to 1
2026-07-15 22:56:08.565 10 INFO neutron.wsgi [req-6fcb869c-d56f-4bc7-8c92-119d5bc66fa5 req-10dc974d-7b60-48c3-ad22-3be13c7d2efc 020148a245aa457ba8f9ae8eec1f5b74 f4970c914d95420382e7831c1c5a8c46 - - 713730aea4c849d39e19d81e6968278a 713730aea4c849d39e19d81e6968278a] 199.204.45.235 "GET /v2.0/networks/3f3a896b-6e30-4bb1-9800-f40ec159c56e?fields=segments HTTP/1.1" status: 200 len: 212 time: 0.0562651
2026-07-15 22:56:08.807 9 INFO neutron.wsgi [req-7fa3d168-2b50-4f12-8960-d812f7b80d1f req-8e74f8a3-0360-477a-8f43-ecb6cd9393ab c5c9be513d4a42a78b85c16d6e5144e5 3832369c156d4be0b81ebe2961d2a443 - - default default] 10.0.0.199 "GET /v2.0/ports?device_id=2bc6c1c0-18b1-4559-8260-d9f9bd56725a HTTP/1.1" status: 200 len: 1168 time: 0.2596343
2026-07-15 22:56:08.862 9 INFO neutron.wsgi [req-7fa3d168-2b50-4f12-8960-d812f7b80d1f req-d9d4bcfa-7539-4d2a-9793-65d93405047e c5c9be513d4a42a78b85c16d6e5144e5 3832369c156d4be0b81ebe2961d2a443 - - default default] 10.0.0.199 "GET /v2.0/security-groups?id=28f1b977-477e-412b-8faa-756f12bf565e&fields=id&fields=name HTTP/1.1" status: 200 len: 313 time: 0.0450697
2026-07-15 22:56:08.871 9 WARNING neutron.scheduler.dhcp_agent_scheduler [None req-64310096-e3cd-4dfe-99e4-8d1549a53f26 15347a2cd9fb413892463cba0acf75e4 3b11b5342cb9458b8a6fe990fe268e21 - - default default] No more DHCP agents
2026-07-15 22:56:08.873 9 WARNING neutron.api.rpc.agentnotifiers.dhcp_rpc_agent_api [None req-64310096-e3cd-4dfe-99e4-8d1549a53f26 15347a2cd9fb413892463cba0acf75e4 3b11b5342cb9458b8a6fe990fe268e21 - - default default] Unable to schedule network a1c421e9-d419-4298-bcee-7c8bccdde121: no agents available; will retry on subsequent port and subnet creation events.
2026-07-15 22:56:08.945 9 INFO neutron.db.ovn_revision_numbers_db [None req-64310096-e3cd-4dfe-99e4-8d1549a53f26 15347a2cd9fb413892463cba0acf75e4 3b11b5342cb9458b8a6fe990fe268e21 - - default default] Successfully bumped revision number for resource 6dd86947-919d-4516-8368-5c2a199046b3 (type: ports) to 1
2026-07-15 22:56:08.964 9 INFO neutron.wsgi [None req-64310096-e3cd-4dfe-99e4-8d1549a53f26 15347a2cd9fb413892463cba0acf75e4 3b11b5342cb9458b8a6fe990fe268e21 - - default default] 10.0.0.216 "POST /v2.0/networks HTTP/1.1" status: 201 len: 946 time: 1.0893836
2026-07-15 22:56:09.021 10 INFO neutron.wsgi [req-6fcb869c-d56f-4bc7-8c92-119d5bc66fa5 req-cbe09d39-0477-4297-ac4a-70e55274d965 020148a245aa457ba8f9ae8eec1f5b74 f4970c914d95420382e7831c1c5a8c46 - - 713730aea4c849d39e19d81e6968278a 713730aea4c849d39e19d81e6968278a] 199.204.45.235 "GET /v2.0/networks/3f3a896b-6e30-4bb1-9800-f40ec159c56e?fields=provider%3Aphysical_network&fields=provider%3Anetwork_type HTTP/1.1" status: 200 len: 277 time: 0.4498696
2026-07-15 22:56:09.102 10 INFO neutron.wsgi [req-5363600f-f942-4de8-b2d6-beb16254628c req-6f681aa1-4cba-402a-a2ca-2980284108ef 020148a245aa457ba8f9ae8eec1f5b74 f4970c914d95420382e7831c1c5a8c46 - - 713730aea4c849d39e19d81e6968278a 713730aea4c849d39e19d81e6968278a] 199.204.45.235 "GET /v2.0/ports?tenant_id=3832369c156d4be0b81ebe2961d2a443&device_id=2bc6c1c0-18b1-4559-8260-d9f9bd56725a HTTP/1.1" status: 200 len: 1407 time: 0.0375080
2026-07-15 22:56:09.123 9 WARNING neutron.scheduler.dhcp_agent_scheduler [None req-a409f738-4cd0-4f25-9bc9-ab92e09355a2 15347a2cd9fb413892463cba0acf75e4 3b11b5342cb9458b8a6fe990fe268e21 - - default default] No more DHCP agents
2026-07-15 22:56:09.124 9 WARNING neutron.api.rpc.agentnotifiers.dhcp_rpc_agent_api [None req-a409f738-4cd0-4f25-9bc9-ab92e09355a2 15347a2cd9fb413892463cba0acf75e4 3b11b5342cb9458b8a6fe990fe268e21 - - default default] Unable to schedule network a1c421e9-d419-4298-bcee-7c8bccdde121: no agents available; will retry on subsequent port and subnet creation events.
2026-07-15 22:56:09.158 10 INFO neutron.wsgi [req-5363600f-f942-4de8-b2d6-beb16254628c req-369d4749-eee9-4999-aa8a-094cd61a4fed 020148a245aa457ba8f9ae8eec1f5b74 f4970c914d95420382e7831c1c5a8c46 - - 713730aea4c849d39e19d81e6968278a 713730aea4c849d39e19d81e6968278a] 199.204.45.235 "GET /v2.0/networks?id=3f3a896b-6e30-4bb1-9800-f40ec159c56e HTTP/1.1" status: 200 len: 973 time: 0.0506678
2026-07-15 22:56:09.211 10 INFO neutron.wsgi [req-5363600f-f942-4de8-b2d6-beb16254628c req-d835a3a2-f9e5-4f70-b095-22088802c3c8 020148a245aa457ba8f9ae8eec1f5b74 f4970c914d95420382e7831c1c5a8c46 - - 713730aea4c849d39e19d81e6968278a 713730aea4c849d39e19d81e6968278a] 199.204.45.235 "GET /v2.0/floatingips?fixed_ip_address=10.100.0.3&port_id=0173766a-d989-402c-829c-68e1691d369a HTTP/1.1" status: 200 len: 217 time: 0.0451934
2026-07-15 22:56:09.264 9 INFO neutron.plugins.ml2.drivers.ovn.mech_driver.mech_driver [None req-c2740de3-9fdc-4af1-8deb-8479581be0bc - - - - - -] OVN reports status up for port: 0173766a-d989-402c-829c-68e1691d369a
2026-07-15 22:56:09.279 10 INFO neutron.wsgi [req-5363600f-f942-4de8-b2d6-beb16254628c req-8cba5be8-8eb7-4f4c-96f4-ce6f8bc83893 020148a245aa457ba8f9ae8eec1f5b74 f4970c914d95420382e7831c1c5a8c46 - - 713730aea4c849d39e19d81e6968278a 713730aea4c849d39e19d81e6968278a] 199.204.45.235 "GET /v2.0/subnets?id=d58a78f9-899b-4e8b-806f-c414cc2f7c6c HTTP/1.1" status: 200 len: 869 time: 0.0619745
2026-07-15 22:56:09.288 9 INFO neutron.plugins.ml2.plugin [None req-c2740de3-9fdc-4af1-8deb-8479581be0bc - - - - - -] Attempt 1 to provision port 0173766a-d989-402c-829c-68e1691d369a
2026-07-15 22:56:09.332 10 INFO neutron.wsgi [req-5363600f-f942-4de8-b2d6-beb16254628c req-bfc94733-70e4-460e-886b-14d32c752150 020148a245aa457ba8f9ae8eec1f5b74 f4970c914d95420382e7831c1c5a8c46 - - 713730aea4c849d39e19d81e6968278a 713730aea4c849d39e19d81e6968278a] 199.204.45.235 "GET /v2.0/ports?network_id=3f3a896b-6e30-4bb1-9800-f40ec159c56e&device_owner=network%3Adhcp HTTP/1.1" status: 200 len: 210 time: 0.0473506
2026-07-15 22:56:09.414 10 INFO neutron.wsgi [req-5363600f-f942-4de8-b2d6-beb16254628c req-250a817d-edea-453c-bd48-78b8e8012939 020148a245aa457ba8f9ae8eec1f5b74 f4970c914d95420382e7831c1c5a8c46 - - 713730aea4c849d39e19d81e6968278a 713730aea4c849d39e19d81e6968278a] 199.204.45.235 "GET /v2.0/networks/3f3a896b-6e30-4bb1-9800-f40ec159c56e?fields=segments HTTP/1.1" status: 200 len: 212 time: 0.0736277
2026-07-15 22:56:09.471 9 INFO neutron.notifiers.nova [-] Nova event matching ['req-b087b754-080e-44e7-a636-44bf19af9c57'] response: {'server_uuid': '2bc6c1c0-18b1-4559-8260-d9f9bd56725a', 'name': 'network-vif-plugged', 'status': 'completed', 'tag': '0173766a-d989-402c-829c-68e1691d369a', 'code': 200}
2026-07-15 22:56:09.480 10 INFO neutron.wsgi [req-5363600f-f942-4de8-b2d6-beb16254628c req-3df38423-7a8d-4518-81c9-9b1bbc76b186 020148a245aa457ba8f9ae8eec1f5b74 f4970c914d95420382e7831c1c5a8c46 - - 713730aea4c849d39e19d81e6968278a 713730aea4c849d39e19d81e6968278a] 199.204.45.235 "GET /v2.0/networks/3f3a896b-6e30-4bb1-9800-f40ec159c56e?fields=provider%3Aphysical_network&fields=provider%3Anetwork_type HTTP/1.1" status: 200 len: 277 time: 0.0598979
2026-07-15 22:56:09.580 9 INFO neutron.db.ovn_revision_numbers_db [None req-af04dbff-2f36-452f-bdb7-d9e65f22579f 15347a2cd9fb413892463cba0acf75e4 3b11b5342cb9458b8a6fe990fe268e21 - - default default] Successfully bumped revision number for resource 7907c9ec-0193-4a56-9d14-13b6b247fcf6 (type: security_groups) to 1
2026-07-15 22:56:09.611 9 INFO neutron.db.ovn_revision_numbers_db [None req-af04dbff-2f36-452f-bdb7-d9e65f22579f 15347a2cd9fb413892463cba0acf75e4 3b11b5342cb9458b8a6fe990fe268e21 - - default default] Successfully bumped revision number for resource 4efd9aad-65af-4ecf-b1c6-6fb93f09c7a9 (type: security_group_rules) to 0
2026-07-15 22:56:09.648 9 INFO neutron.db.ovn_revision_numbers_db [None req-af04dbff-2f36-452f-bdb7-d9e65f22579f 15347a2cd9fb413892463cba0acf75e4 3b11b5342cb9458b8a6fe990fe268e21 - - default default] Successfully bumped revision number for resource da9042f3-bdf5-43a7-8dc7-ad2ce38a6291 (type: security_group_rules) to 0
2026-07-15 22:56:09.674 9 INFO neutron.db.ovn_revision_numbers_db [None req-af04dbff-2f36-452f-bdb7-d9e65f22579f 15347a2cd9fb413892463cba0acf75e4 3b11b5342cb9458b8a6fe990fe268e21 - - default default] Successfully bumped revision number for resource e0ae2ff0-5b8b-42aa-95c8-394bd109027a (type: security_group_rules) to 0
2026-07-15 22:56:09.713 9 INFO neutron.db.ovn_revision_numbers_db [None req-af04dbff-2f36-452f-bdb7-d9e65f22579f 15347a2cd9fb413892463cba0acf75e4 3b11b5342cb9458b8a6fe990fe268e21 - - default default] Successfully bumped revision number for resource f248a6d0-fbfe-4678-b768-2714a87c1f9d (type: security_group_rules) to 0
2026-07-15 22:56:09.722 9 INFO neutron.db.ovn_revision_numbers_db [None req-c2740de3-9fdc-4af1-8deb-8479581be0bc - - - - - -] Successfully bumped revision number for resource 0173766a-d989-402c-829c-68e1691d369a (type: ports) to 4
2026-07-15 22:56:09.764 9 INFO neutron.wsgi [None req-af04dbff-2f36-452f-bdb7-d9e65f22579f 15347a2cd9fb413892463cba0acf75e4 3b11b5342cb9458b8a6fe990fe268e21 - - default default] 10.0.0.216 "GET /v2.0/security-groups?tenant_id=3efe5676969746e093d61c3b91073a21&name=default HTTP/1.1" status: 200 len: 2996 time: 0.6758087
2026-07-15 22:56:09.846 9 INFO neutron.db.ovn_revision_numbers_db [None req-a409f738-4cd0-4f25-9bc9-ab92e09355a2 15347a2cd9fb413892463cba0acf75e4 3b11b5342cb9458b8a6fe990fe268e21 - - default default] Successfully bumped revision number for resource 6dd86947-919d-4516-8368-5c2a199046b3 (type: ports) to 2
2026-07-15 22:56:09.874 9 INFO neutron.db.ovn_revision_numbers_db [None req-a409f738-4cd0-4f25-9bc9-ab92e09355a2 15347a2cd9fb413892463cba0acf75e4 3b11b5342cb9458b8a6fe990fe268e21 - - default default] Successfully bumped revision number for resource 942cfe2b-211d-4a64-a7e7-85fda4b07a18 (type: subnets) to 0
2026-07-15 22:56:09.892 9 INFO neutron.wsgi [None req-a409f738-4cd0-4f25-9bc9-ab92e09355a2 15347a2cd9fb413892463cba0acf75e4 3b11b5342cb9458b8a6fe990fe268e21 - - default default] 10.0.0.216 "POST /v2.0/subnets HTTP/1.1" status: 201 len: 866 time: 0.9228725 /var/lib/openstack/lib/python3.10/site-packages/pycadf/identifier.py:71: UserWarning: Invalid uuid: neutron. To ensure interoperability, identifiers should be a valid uuid. warnings.warn(('Invalid uuid: %s. To ensure interoperability, '
2026-07-15 22:56:09.973 10 INFO neutron.wsgi [None req-6311b162-554e-4880-9b63-b86d4cd64145 15347a2cd9fb413892463cba0acf75e4 3b11b5342cb9458b8a6fe990fe268e21 - - default default] 10.0.0.216 "DELETE /v2.0/security-groups/7907c9ec-0193-4a56-9d14-13b6b247fcf6 HTTP/1.1" status: 204 len: 168 time: 0.1998672
2026-07-15 22:56:09.999 9 INFO neutron.wsgi [req-f0f914f1-b314-4207-9337-091b9e528de0 req-1a7875f7-6f53-4815-826f-6264c2b8d5af c5c9be513d4a42a78b85c16d6e5144e5 3832369c156d4be0b81ebe2961d2a443 - - default default] 10.0.0.199 "GET /v2.0/ports?device_id=2bc6c1c0-18b1-4559-8260-d9f9bd56725a HTTP/1.1" status: 200 len: 1170 time: 0.0633366
2026-07-15 22:56:10.071 9 INFO neutron.wsgi [req-f0f914f1-b314-4207-9337-091b9e528de0 req-bee1a2cf-7485-426b-988f-5aa0f471cb98 c5c9be513d4a42a78b85c16d6e5144e5 3832369c156d4be0b81ebe2961d2a443 - - default default] 10.0.0.199 "GET /v2.0/security-groups?id=28f1b977-477e-412b-8faa-756f12bf565e&fields=id&fields=name HTTP/1.1" status: 200 len: 313 time: 0.0650899
2026-07-15 22:56:10.196 10 INFO neutron.wsgi [req-54ce6f82-200f-4b79-bc2b-20b1936acfad req-6f39b74a-beee-4756-b8d6-934d70241e73 c5c9be513d4a42a78b85c16d6e5144e5 3832369c156d4be0b81ebe2961d2a443 - - default default] 10.0.0.199 "GET /v2.0/ports?device_id=2bc6c1c0-18b1-4559-8260-d9f9bd56725a HTTP/1.1" status: 200 len: 1170 time: 0.0457594
2026-07-15 22:56:10.291 10 INFO neutron.db.ovn_revision_numbers_db [None req-0330dd83-816e-4130-88f1-c06f06170eb9 15347a2cd9fb413892463cba0acf75e4 3b11b5342cb9458b8a6fe990fe268e21 - - default default] Successfully bumped revision number for resource d8424639-ebea-4684-bae3-c823d07a1500 (type: security_groups) to 1
2026-07-15 22:56:10.319 10 INFO neutron.wsgi [req-5f8edbcd-c1b7-432d-aa40-b44e7756f8d0 req-a19cf5a7-f8bb-46c4-82ed-3bf399d81651 020148a245aa457ba8f9ae8eec1f5b74 f4970c914d95420382e7831c1c5a8c46 - - 713730aea4c849d39e19d81e6968278a 713730aea4c849d39e19d81e6968278a] 10.0.0.241 "GET /v2.0/ports?device_id=4412d5cf-712e-470b-a52f-6989365df169 HTTP/1.1" status: 200 len: 1409 time: 0.2819579
2026-07-15 22:56:10.334 10 INFO neutron.db.ovn_revision_numbers_db [None req-0330dd83-816e-4130-88f1-c06f06170eb9 15347a2cd9fb413892463cba0acf75e4 3b11b5342cb9458b8a6fe990fe268e21 - - default default] Successfully bumped revision number for resource 9f21e5ed-dc97-436e-8082-46e45037b271 (type: security_group_rules) to 0
2026-07-15 22:56:10.370 10 INFO neutron.db.ovn_revision_numbers_db [None req-0330dd83-816e-4130-88f1-c06f06170eb9 15347a2cd9fb413892463cba0acf75e4 3b11b5342cb9458b8a6fe990fe268e21 - - default default] Successfully bumped revision number for resource a43203ab-28cd-4e7b-b702-cccba643e8f2 (type: security_group_rules) to 0
2026-07-15 22:56:10.374 9 WARNING neutron.scheduler.dhcp_agent_scheduler [None req-ff8e7c51-12d2-40c6-ba49-1a8df3bcca3c 15347a2cd9fb413892463cba0acf75e4 3b11b5342cb9458b8a6fe990fe268e21 - - default default] No more DHCP agents
2026-07-15 22:56:10.376 9 WARNING neutron.api.rpc.agentnotifiers.dhcp_rpc_agent_api [None req-ff8e7c51-12d2-40c6-ba49-1a8df3bcca3c 15347a2cd9fb413892463cba0acf75e4 3b11b5342cb9458b8a6fe990fe268e21 - - default default] Unable to schedule network 01918310-5a49-4c66-9985-8f31d597a661: no agents available; will retry on subsequent port and subnet creation events.
2026-07-15 22:56:10.421 10 INFO neutron.wsgi [req-5f8edbcd-c1b7-432d-aa40-b44e7756f8d0 req-baaa7601-5582-4ac5-80f8-6f0f99d11550 020148a245aa457ba8f9ae8eec1f5b74 f4970c914d95420382e7831c1c5a8c46 - - 713730aea4c849d39e19d81e6968278a 713730aea4c849d39e19d81e6968278a] 10.0.0.241 "GET /v2.0/security-groups?id=51dcd016-1632-4916-b441-49ec6d1a0910&fields=id&fields=name HTTP/1.1" status: 200 len: 313 time: 0.0936282
2026-07-15 22:56:10.430 10 INFO neutron.db.ovn_revision_numbers_db [None req-0330dd83-816e-4130-88f1-c06f06170eb9 15347a2cd9fb413892463cba0acf75e4 3b11b5342cb9458b8a6fe990fe268e21 - - default default] Successfully bumped revision number for resource a8f0c817-9e11-4b3a-8394-c62e83c5bd31 (type: security_group_rules) to 0
2026-07-15 22:56:10.454 10 INFO neutron.db.ovn_revision_numbers_db [None req-0330dd83-816e-4130-88f1-c06f06170eb9 15347a2cd9fb413892463cba0acf75e4 3b11b5342cb9458b8a6fe990fe268e21 - - default default] Successfully bumped revision number for resource e2783f01-e83c-4acc-ab29-bcc285c1a13c (type: security_group_rules) to 0
2026-07-15 22:56:10.510 10 INFO neutron.wsgi [None req-0330dd83-816e-4130-88f1-c06f06170eb9 15347a2cd9fb413892463cba0acf75e4 3b11b5342cb9458b8a6fe990fe268e21 - - default default] 10.0.0.216 "GET /v2.0/security-groups?tenant_id=f0db1d19efd14014b083d996f11a977c&name=default HTTP/1.1" status: 200 len: 2996 time: 0.4093695
2026-07-15 22:56:10.533 9 INFO neutron.db.ovn_revision_numbers_db [None req-ff8e7c51-12d2-40c6-ba49-1a8df3bcca3c 15347a2cd9fb413892463cba0acf75e4 3b11b5342cb9458b8a6fe990fe268e21 - - default default] Successfully bumped revision number for resource 8bb728f5-306c-4a1d-adda-10ed730af924 (type: ports) to 1
2026-07-15 22:56:10.546 10 INFO neutron.db.l3_db [None req-061722c0-7bcf-4fe5-af35-4ccc1ed34c2b c5c9be513d4a42a78b85c16d6e5144e5 3832369c156d4be0b81ebe2961d2a443 - - default default] Floating IP a1f4dcb2-c995-4afa-a96c-0dc1cb77fa9f associated. External IP: 10.96.250.213, port: 0173766a-d989-402c-829c-68e1691d369a.
