2026-07-15 22:51:31.136 9 INFO neutron.wsgi [None req-9bbfdcd8-09a7-4e3b-8147-45943f84fb1f 15347a2cd9fb413892463cba0acf75e4 3b11b5342cb9458b8a6fe990fe268e21 - - default default] 199.204.45.235,10.0.0.25 "GET /v2.0/networks HTTP/1.1" status: 200 len: 2350 time: 0.1032255
2026-07-15 22:51:32.136 9 INFO neutron.wsgi [None req-5a2e704f-df08-4989-9736-9af0c7db9870 15347a2cd9fb413892463cba0acf75e4 3b11b5342cb9458b8a6fe990fe268e21 - - default default] 199.204.45.235,10.0.0.25 "GET /v2.0/subnets HTTP/1.1" status: 200 len: 1437 time: 0.0619919
2026-07-15 22:51:32.213 9 INFO neutron.wsgi [None req-8332b816-c124-4e08-a985-4c6032b39592 15347a2cd9fb413892463cba0acf75e4 3b11b5342cb9458b8a6fe990fe268e21 - - default default] 199.204.45.235,10.0.0.25 "GET /v2.0/networks HTTP/1.1" status: 200 len: 2350 time: 0.0702088
2026-07-15 22:51:36.684 10 INFO neutron.wsgi [-] 10.0.0.25 "GET / HTTP/1.1" status: 200 len: 247 time: 0.0028358
2026-07-15 22:51:36.687 9 INFO neutron.wsgi [-] 10.0.0.25 "GET / HTTP/1.1" status: 200 len: 247 time: 0.0050006
2026-07-15 22:51:51.683 10 INFO neutron.wsgi [-] 10.0.0.25 "GET / HTTP/1.1" status: 200 len: 247 time: 0.0022535
2026-07-15 22:51:51.685 10 INFO neutron.wsgi [-] 10.0.0.25 "GET / HTTP/1.1" status: 200 len: 247 time: 0.0012016
2026-07-15 22:52:05.813 9 INFO neutron.wsgi [None req-301de3de-9311-47fc-9c30-2f728045df33 15347a2cd9fb413892463cba0acf75e4 3b11b5342cb9458b8a6fe990fe268e21 - - default default] 10.0.0.62 "GET /v2.0/subnets HTTP/1.1" status: 200 len: 1437 time: 0.1346655
2026-07-15 22:52:05.823 9 INFO neutron.wsgi [None req-91601647-afc4-4658-839f-bd04309014df 15347a2cd9fb413892463cba0acf75e4 3b11b5342cb9458b8a6fe990fe268e21 - - default default] 10.0.0.62 "GET /v2.0/subnetpools HTTP/1.1" status: 200 len: 193 time: 0.0082936
2026-07-15 22:52:05.880 9 INFO neutron.wsgi [None req-519993b9-a7f4-4d82-9b86-ea836679d4e2 15347a2cd9fb413892463cba0acf75e4 3b11b5342cb9458b8a6fe990fe268e21 - - default default] 10.0.0.62 "GET /v2.0/networks HTTP/1.1" status: 200 len: 2350 time: 0.0561924
2026-07-15 22:52:05.914 9 INFO neutron.wsgi [None req-702fb00b-f1b6-4353-8e97-57bf18799d08 15347a2cd9fb413892463cba0acf75e4 3b11b5342cb9458b8a6fe990fe268e21 - - default default] 10.0.0.62 "GET /v2.0/ports HTTP/1.1" status: 200 len: 5351 time: 0.0324845
2026-07-15 22:52:06.075 9 INFO neutron.wsgi [None req-6c248de4-e9a5-42da-baa6-bb1be5ebddc5 15347a2cd9fb413892463cba0acf75e4 3b11b5342cb9458b8a6fe990fe268e21 - - default default] 10.0.0.62 "GET /v2.0/routers HTTP/1.1" status: 200 len: 189 time: 0.1574202
2026-07-15 22:52:06.116 9 INFO neutron.wsgi [None req-ccc93125-0cf2-4e22-9fe5-d7067f704cab 15347a2cd9fb413892463cba0acf75e4 3b11b5342cb9458b8a6fe990fe268e21 - - default default] 10.0.0.62 "GET /v2.0/agents?binary=ovn-controller HTTP/1.1" status: 200 len: 591 time: 0.0394971
2026-07-15 22:52:06.128 9 INFO neutron.wsgi [None req-aead40cd-d555-49f1-9b52-340c240a8849 15347a2cd9fb413892463cba0acf75e4 3b11b5342cb9458b8a6fe990fe268e21 - - default default] 10.0.0.62 "GET /v2.0/agents HTTP/1.1" status: 200 len: 997 time: 0.0108762
2026-07-15 22:52:06.142 9 INFO neutron.wsgi [None req-cc2e905c-32f8-41f1-b00a-4f1d95f3e044 15347a2cd9fb413892463cba0acf75e4 3b11b5342cb9458b8a6fe990fe268e21 - - default default] 10.0.0.62 "GET /v2.0/network-ip-availabilities HTTP/1.1" status: 200 len: 1280 time: 0.0109437
2026-07-15 22:52:06.174 9 INFO neutron.wsgi [None req-eed2834e-d489-4ea2-9e6d-b3d6f88c3606 15347a2cd9fb413892463cba0acf75e4 3b11b5342cb9458b8a6fe990fe268e21 - - default default] 10.0.0.62 "GET /v2.0/subnets HTTP/1.1" status: 200 len: 1437 time: 0.0303848
2026-07-15 22:52:06.197 9 INFO neutron.wsgi [None req-358814c4-c274-4fe4-a826-8cf5bf15c10c 15347a2cd9fb413892463cba0acf75e4 3b11b5342cb9458b8a6fe990fe268e21 - - default default] 10.0.0.62 "GET /v2.0/floatingips HTTP/1.1" status: 200 len: 193 time: 0.0216117
2026-07-15 22:52:06.242 9 INFO neutron.wsgi [None req-cc9c9326-8a42-41dc-b5c1-ab21cde30a0e 15347a2cd9fb413892463cba0acf75e4 3b11b5342cb9458b8a6fe990fe268e21 - - default default] 10.0.0.62 "GET /v2.0/security-groups HTTP/1.1" status: 200 len: 16803 time: 0.0444546
2026-07-15 22:52:06.683 10 INFO neutron.wsgi [-] 10.0.0.25 "GET / HTTP/1.1" status: 200 len: 247 time: 0.0016799
2026-07-15 22:52:06.683 9 INFO neutron.wsgi [-] 10.0.0.25 "GET / HTTP/1.1" status: 200 len: 247 time: 0.0023785
2026-07-15 22:52:08.109 9 INFO neutron.wsgi [None req-4a605ca6-00e9-4655-8bc5-9916582f0d30 15347a2cd9fb413892463cba0acf75e4 3b11b5342cb9458b8a6fe990fe268e21 - - default default] 199.204.45.235,10.0.0.25 "GET /v2.0/networks HTTP/1.1" status: 200 len: 2350 time: 0.0967119
2026-07-15 22:52:08.990 9 INFO neutron.wsgi [None req-65742f05-0347-46ed-ac6c-a46b1a05943e 15347a2cd9fb413892463cba0acf75e4 3b11b5342cb9458b8a6fe990fe268e21 - - default default] 199.204.45.235,10.0.0.25 "GET /v2.0/subnets HTTP/1.1" status: 200 len: 1437 time: 0.0755432
2026-07-15 22:52:09.044 9 INFO neutron.wsgi [None req-aae5836c-b3bc-444d-9aad-14132525d224 15347a2cd9fb413892463cba0acf75e4 3b11b5342cb9458b8a6fe990fe268e21 - - default default] 199.204.45.235,10.0.0.25 "GET /v2.0/networks HTTP/1.1" status: 200 len: 2350 time: 0.0470068
2026-07-15 22:52:10.153 9 INFO neutron.wsgi [None req-415bf6d4-0541-4887-a55d-22e034890886 15347a2cd9fb413892463cba0acf75e4 3b11b5342cb9458b8a6fe990fe268e21 - - default default] 199.204.45.235,10.0.0.25 "GET /v2.0/security-groups?tenant_id=3b11b5342cb9458b8a6fe990fe268e21 HTTP/1.1" status: 200 len: 10161 time: 0.0911493
2026-07-15 22:52:11.332 9 INFO neutron.wsgi [None req-0c580684-8b98-4fb2-bb45-78cd0adc3b2c 15347a2cd9fb413892463cba0acf75e4 3b11b5342cb9458b8a6fe990fe268e21 - - default default] 199.204.45.235,10.0.0.25 "GET /v2.0/security-groups?tenant_id=3b11b5342cb9458b8a6fe990fe268e21 HTTP/1.1" status: 200 len: 10161 time: 0.1052377
2026-07-15 22:52:12.135 9 INFO neutron.wsgi [None req-acaf6d4d-cee9-456c-80a4-e5a1e3603a9e 15347a2cd9fb413892463cba0acf75e4 3b11b5342cb9458b8a6fe990fe268e21 - - default default] 199.204.45.235,10.0.0.25 "GET /v2.0/security-groups?tenant_id=3b11b5342cb9458b8a6fe990fe268e21 HTTP/1.1" status: 200 len: 10161 time: 0.0690072
2026-07-15 22:52:12.965 9 INFO neutron.wsgi [None req-7cf6dd67-c619-4fcc-ab47-fc4351b8b196 15347a2cd9fb413892463cba0acf75e4 3b11b5342cb9458b8a6fe990fe268e21 - - default default] 199.204.45.235,10.0.0.25 "GET /v2.0/security-groups?tenant_id=3b11b5342cb9458b8a6fe990fe268e21 HTTP/1.1" status: 200 len: 10161 time: 0.0806937
2026-07-15 22:52:13.795 9 INFO neutron.wsgi [None req-29cbb047-4acb-4ad1-a66c-7a5c46530635 15347a2cd9fb413892463cba0acf75e4 3b11b5342cb9458b8a6fe990fe268e21 - - default default] 199.204.45.235,10.0.0.25 "GET /v2.0/security-groups?tenant_id=3b11b5342cb9458b8a6fe990fe268e21 HTTP/1.1" status: 200 len: 10161 time: 0.0767875
2026-07-15 22:52:14.624 9 INFO neutron.wsgi [None req-9df3c648-7d05-4b4e-bfc0-78b0a2e1dbf7 15347a2cd9fb413892463cba0acf75e4 3b11b5342cb9458b8a6fe990fe268e21 - - default default] 199.204.45.235,10.0.0.25 "GET /v2.0/security-groups?tenant_id=3b11b5342cb9458b8a6fe990fe268e21 HTTP/1.1" status: 200 len: 10161 time: 0.0709267
2026-07-15 22:52:15.815 9 INFO neutron.wsgi [None req-aa64ab85-c596-4601-9b71-e296e9fcd726 15347a2cd9fb413892463cba0acf75e4 3b11b5342cb9458b8a6fe990fe268e21 - - default default] 199.204.45.235,10.0.0.25 "GET /v2.0/security-groups HTTP/1.1" status: 200 len: 16803 time: 0.0876703
2026-07-15 22:52:15.863 9 INFO neutron.wsgi [None req-7576a420-564a-4400-8dde-a96048a4bfb3 15347a2cd9fb413892463cba0acf75e4 3b11b5342cb9458b8a6fe990fe268e21 - - default default] 199.204.45.235,10.0.0.25 "GET /v2.0/ports HTTP/1.1" status: 200 len: 5351 time: 0.0352879
2026-07-15 22:52:21.684 10 INFO neutron.wsgi [-] 10.0.0.25 "GET / HTTP/1.1" status: 200 len: 247 time: 0.0023882
2026-07-15 22:52:21.686 10 INFO neutron.wsgi [-] 10.0.0.25 "GET / HTTP/1.1" status: 200 len: 247 time: 0.0013258
2026-07-15 22:52:22.338 9 INFO neutron.pecan_wsgi.hooks.translation [None req-aef30d91-4757-444e-af82-c1d866136a1d 15347a2cd9fb413892463cba0acf75e4 3b11b5342cb9458b8a6fe990fe268e21 - - default default] GET failed (client error): The resource could not be found.
2026-07-15 22:52:22.340 9 INFO neutron.wsgi [None req-aef30d91-4757-444e-af82-c1d866136a1d 15347a2cd9fb413892463cba0acf75e4 3b11b5342cb9458b8a6fe990fe268e21 - - default default] 199.204.45.235,10.0.0.25 "GET /v2.0/ports/octavia-health-manager-port-instance HTTP/1.1" status: 404 len: 314 time: 0.0616081
2026-07-15 22:52:22.373 9 INFO neutron.wsgi [None req-646cec77-8449-49a9-8e4a-2502ff295c22 15347a2cd9fb413892463cba0acf75e4 3b11b5342cb9458b8a6fe990fe268e21 - - default default] 199.204.45.235,10.0.0.25 "GET /v2.0/ports?name=octavia-health-manager-port-instance HTTP/1.1" status: 200 len: 1399 time: 0.0297382
2026-07-15 22:52:23.624 9 INFO neutron.wsgi [None req-1f553a45-3aff-4fd0-8b31-cf158eab9f61 15347a2cd9fb413892463cba0acf75e4 3b11b5342cb9458b8a6fe990fe268e21 - - default default] 199.204.45.235,10.0.0.25 "GET /v2.0/ports HTTP/1.1" status: 200 len: 5351 time: 0.0668049
2026-07-15 22:52:24.605 9 INFO neutron.wsgi [None req-348b8d1b-5a6f-4e30-8314-a1e67ab6f753 15347a2cd9fb413892463cba0acf75e4 3b11b5342cb9458b8a6fe990fe268e21 - - default default] 199.204.45.235,10.0.0.25 "GET /v2.0/security-groups?tenant_id=3b11b5342cb9458b8a6fe990fe268e21 HTTP/1.1" status: 200 len: 10161 time: 0.0773911
2026-07-15 22:52:25.520 9 INFO neutron.wsgi [None req-83a08df2-6a61-4ed9-b049-27babb84f477 15347a2cd9fb413892463cba0acf75e4 3b11b5342cb9458b8a6fe990fe268e21 - - default default] 199.204.45.235,10.0.0.25 "GET /v2.0/security-groups?tenant_id=3b11b5342cb9458b8a6fe990fe268e21 HTTP/1.1" status: 200 len: 10161 time: 0.0907352
2026-07-15 22:52:26.333 9 INFO neutron.wsgi [None req-b2489767-e2d8-48ba-a25e-8e1e78e8e4f2 15347a2cd9fb413892463cba0acf75e4 3b11b5342cb9458b8a6fe990fe268e21 - - default default] 199.204.45.235,10.0.0.25 "GET /v2.0/security-groups?tenant_id=3b11b5342cb9458b8a6fe990fe268e21 HTTP/1.1" status: 200 len: 10161 time: 0.0920315
2026-07-15 22:52:36.683 9 INFO neutron.wsgi [-] 10.0.0.25 "GET / HTTP/1.1" status: 200 len: 247 time: 0.0021708
2026-07-15 22:52:36.683 10 INFO neutron.wsgi [-] 10.0.0.25 "GET / HTTP/1.1" status: 200 len: 247 time: 0.0026720
2026-07-15 22:52:36.734 9 INFO neutron.wsgi [None req-c9d5ece6-9322-48a8-a758-3f74babdbaa7 15347a2cd9fb413892463cba0acf75e4 3b11b5342cb9458b8a6fe990fe268e21 - - default default] 199.204.45.235,10.0.0.25 "GET /v2.0/quotas/3b11b5342cb9458b8a6fe990fe268e21 HTTP/1.1" status: 200 len: 361 time: 0.0116794
2026-07-15 22:52:51.684 9 INFO neutron.wsgi [-] 10.0.0.25 "GET / HTTP/1.1" status: 200 len: 247 time: 0.0037262
2026-07-15 22:52:51.687 9 INFO neutron.wsgi [-] 10.0.0.25 "GET / HTTP/1.1" status: 200 len: 247 time: 0.0015216
2026-07-15 22:53:05.755 9 INFO neutron.wsgi [None req-c3d09c28-a998-4535-a512-09007447c395 15347a2cd9fb413892463cba0acf75e4 3b11b5342cb9458b8a6fe990fe268e21 - - default default] 10.0.0.62 "GET /v2.0/agents HTTP/1.1" status: 200 len: 997 time: 0.0906036
2026-07-15 22:53:05.770 9 INFO neutron.wsgi [None req-3deffe23-2202-46b7-8067-1b0f65f98e8c 15347a2cd9fb413892463cba0acf75e4 3b11b5342cb9458b8a6fe990fe268e21 - - default default] 10.0.0.62 "GET /v2.0/network-ip-availabilities HTTP/1.1" status: 200 len: 1280 time: 0.0132036
2026-07-15 22:53:05.793 9 INFO neutron.wsgi [None req-04a54241-5194-448e-90d8-09345ecde874 15347a2cd9fb413892463cba0acf75e4 3b11b5342cb9458b8a6fe990fe268e21 - - default default] 10.0.0.62 "GET /v2.0/floatingips HTTP/1.1" status: 200 len: 193 time: 0.0222838
2026-07-15 22:53:05.862 9 INFO neutron.wsgi [None req-da68c314-9b19-4492-91e0-5f3097ef7f25 15347a2cd9fb413892463cba0acf75e4 3b11b5342cb9458b8a6fe990fe268e21 - - default default] 10.0.0.62 "GET /v2.0/networks HTTP/1.1" status: 200 len: 2350 time: 0.0680931
2026-07-15 22:53:05.904 9 INFO neutron.wsgi [None req-26a2b562-fb7b-4c4c-b459-584f047e43b2 15347a2cd9fb413892463cba0acf75e4 3b11b5342cb9458b8a6fe990fe268e21 - - default default] 10.0.0.62 "GET /v2.0/ports HTTP/1.1" status: 200 len: 5351 time: 0.0395896
2026-07-15 22:53:05.945 9 INFO neutron.wsgi [None req-b2eccbc9-31d4-4b70-a2c9-16655730d068 15347a2cd9fb413892463cba0acf75e4 3b11b5342cb9458b8a6fe990fe268e21 - - default default] 10.0.0.62 "GET /v2.0/subnets HTTP/1.1" status: 200 len: 1437 time: 0.0343029
2026-07-15 22:53:05.957 9 INFO neutron.wsgi [None req-2093b8b9-196b-4bbc-a7c4-328dda6e6102 15347a2cd9fb413892463cba0acf75e4 3b11b5342cb9458b8a6fe990fe268e21 - - default default] 10.0.0.62 "GET /v2.0/subnetpools HTTP/1.1" status: 200 len: 193 time: 0.0096447
2026-07-15 22:53:06.020 9 INFO neutron.wsgi [None req-b88d763f-f79c-459a-99e1-ff98f89034fc 15347a2cd9fb413892463cba0acf75e4 3b11b5342cb9458b8a6fe990fe268e21 - - default default] 10.0.0.62 "GET /v2.0/security-groups HTTP/1.1" status: 200 len: 16803 time: 0.0623887
2026-07-15 22:53:06.054 9 INFO neutron.wsgi [None req-b0d744ab-187f-4b37-b161-9dc9ac1ad0b5 15347a2cd9fb413892463cba0acf75e4 3b11b5342cb9458b8a6fe990fe268e21 - - default default] 10.0.0.62 "GET /v2.0/subnets HTTP/1.1" status: 200 len: 1437 time: 0.0310776
2026-07-15 22:53:06.074 9 INFO neutron.wsgi [None req-af06a202-3773-43f3-9752-e0117ccb25b2 15347a2cd9fb413892463cba0acf75e4 3b11b5342cb9458b8a6fe990fe268e21 - - default default] 10.0.0.62 "GET /v2.0/routers HTTP/1.1" status: 200 len: 189 time: 0.0189013
2026-07-15 22:53:06.087 9 INFO neutron.wsgi [None req-2bd22ec4-5152-458f-8847-1e4f9bc09db7 15347a2cd9fb413892463cba0acf75e4 3b11b5342cb9458b8a6fe990fe268e21 - - default default] 10.0.0.62 "GET /v2.0/agents?binary=ovn-controller HTTP/1.1" status: 200 len: 591 time: 0.0117397
2026-07-15 22:53:06.684 9 INFO neutron.wsgi [-] 10.0.0.25 "GET / HTTP/1.1" status: 200 len: 247 time: 0.0024817
2026-07-15 22:53:06.684 10 INFO neutron.wsgi [-] 10.0.0.25 "GET / HTTP/1.1" status: 200 len: 247 time: 0.0029228
2026-07-15 22:53:21.683 10 INFO neutron.wsgi [-] 10.0.0.25 "GET / HTTP/1.1" status: 200 len: 247 time: 0.0018506
2026-07-15 22:53:21.682 9 INFO neutron.wsgi [-] 10.0.0.25 "GET / HTTP/1.1" status: 200 len: 247 time: 0.0016837
2026-07-15 22:53:26.399 9 INFO neutron.wsgi [None req-5ebbb2b9-fd62-432a-bfce-9898eaca7275 15347a2cd9fb413892463cba0acf75e4 3b11b5342cb9458b8a6fe990fe268e21 - - default default] 199.204.45.235,10.0.0.25 "GET /v2.0/security-groups?tenant_id=f4970c914d95420382e7831c1c5a8c46 HTTP/1.1" status: 200 len: 6838 time: 0.0747187
2026-07-15 22:53:27.355 9 INFO neutron.wsgi [None req-dd994b7c-9f3e-4856-a529-5fc206dbf5fd 15347a2cd9fb413892463cba0acf75e4 3b11b5342cb9458b8a6fe990fe268e21 - - default default] 199.204.45.235,10.0.0.25 "GET /v2.0/security-groups?tenant_id=f4970c914d95420382e7831c1c5a8c46 HTTP/1.1" status: 200 len: 6838 time: 0.0857127
2026-07-15 22:53:28.234 9 INFO neutron.wsgi [None req-fcb982ed-1a59-4f50-908a-f0e8f799ac39 15347a2cd9fb413892463cba0acf75e4 3b11b5342cb9458b8a6fe990fe268e21 - - default default] 199.204.45.235,10.0.0.25 "GET /v2.0/security-groups?tenant_id=f4970c914d95420382e7831c1c5a8c46 HTTP/1.1" status: 200 len: 6838 time: 0.0947344
2026-07-15 22:53:29.148 9 INFO neutron.wsgi [None req-bed766a4-c0f5-4be9-b0ff-fc95ff7801ab 15347a2cd9fb413892463cba0acf75e4 3b11b5342cb9458b8a6fe990fe268e21 - - default default] 199.204.45.235,10.0.0.25 "GET /v2.0/security-groups?tenant_id=f4970c914d95420382e7831c1c5a8c46 HTTP/1.1" status: 200 len: 6838 time: 0.0751669
2026-07-15 22:53:30.120 9 INFO neutron.wsgi [None req-73910d8c-998b-4a2f-81ef-d6efa663b428 15347a2cd9fb413892463cba0acf75e4 3b11b5342cb9458b8a6fe990fe268e21 - - default default] 199.204.45.235,10.0.0.25 "GET /v2.0/security-groups?tenant_id=f4970c914d95420382e7831c1c5a8c46 HTTP/1.1" status: 200 len: 6838 time: 0.0810204
2026-07-15 22:53:36.684 9 INFO neutron.wsgi [-] 10.0.0.25 "GET / HTTP/1.1" status: 200 len: 247 time: 0.0027421
2026-07-15 22:53:36.684 10 INFO neutron.wsgi [-] 10.0.0.25 "GET / HTTP/1.1" status: 200 len: 247 time: 0.0031421
2026-07-15 22:53:37.491 9 INFO neutron.wsgi [None req-67339260-8c83-4fc8-b449-defb6c5a2fbf 15347a2cd9fb413892463cba0acf75e4 3b11b5342cb9458b8a6fe990fe268e21 - - default default] 199.204.45.235,10.0.0.25 "GET /v2.0/quotas/f4970c914d95420382e7831c1c5a8c46 HTTP/1.1" status: 200 len: 361 time: 0.0128715
2026-07-15 22:53:51.683 9 INFO neutron.wsgi [-] 10.0.0.25 "GET / HTTP/1.1" status: 200 len: 247 time: 0.0024078
2026-07-15 22:53:51.683 10 INFO neutron.wsgi [-] 10.0.0.25 "GET / HTTP/1.1" status: 200 len: 247 time: 0.0025036
2026-07-15 22:54:05.742 9 INFO neutron.wsgi [None req-00fa2e60-1842-4e89-82c4-67edeea38fdf 15347a2cd9fb413892463cba0acf75e4 3b11b5342cb9458b8a6fe990fe268e21 - - default default] 10.0.0.62 "GET /v2.0/ports HTTP/1.1" status: 200 len: 5351 time: 0.0697320
2026-07-15 22:54:05.759 9 INFO neutron.wsgi [None req-fcfe936a-635c-4308-a7fb-5183b702c7af 15347a2cd9fb413892463cba0acf75e4 3b11b5342cb9458b8a6fe990fe268e21 - - default default] 10.0.0.62 "GET /v2.0/network-ip-availabilities HTTP/1.1" status: 200 len: 1280 time: 0.0135198
2026-07-15 22:54:05.779 9 INFO neutron.wsgi [None req-885f6119-7983-4e28-a645-94752a0beaa3 15347a2cd9fb413892463cba0acf75e4 3b11b5342cb9458b8a6fe990fe268e21 - - default default] 10.0.0.62 "GET /v2.0/floatingips HTTP/1.1" status: 200 len: 193 time: 0.0189016
2026-07-15 22:54:05.806 9 INFO neutron.wsgi [None req-82f1fa35-511e-40fd-8aef-d31cf78e1120 15347a2cd9fb413892463cba0acf75e4 3b11b5342cb9458b8a6fe990fe268e21 - - default default] 10.0.0.62 "GET /v2.0/subnets HTTP/1.1" status: 200 len: 1437 time: 0.0263853
2026-07-15 22:54:05.840 9 INFO neutron.wsgi [None req-24a4d99e-1eb6-4898-b41d-ab4eb79d6d94 15347a2cd9fb413892463cba0acf75e4 3b11b5342cb9458b8a6fe990fe268e21 - - default default] 10.0.0.62 "GET /v2.0/agents HTTP/1.1" status: 200 len: 997 time: 0.0331964
2026-07-15 22:54:05.890 9 INFO neutron.wsgi [None req-260a26ba-b05f-41d9-bb3f-115d6a7c3112 15347a2cd9fb413892463cba0acf75e4 3b11b5342cb9458b8a6fe990fe268e21 - - default default] 10.0.0.62 "GET /v2.0/security-groups HTTP/1.1" status: 200 len: 16803 time: 0.0480065
2026-07-15 22:54:05.920 9 INFO neutron.wsgi [None req-1bf83ea5-9809-45c5-8d69-a3b7e90f8c1e 15347a2cd9fb413892463cba0acf75e4 3b11b5342cb9458b8a6fe990fe268e21 - - default default] 10.0.0.62 "GET /v2.0/routers HTTP/1.1" status: 200 len: 189 time: 0.0247965
2026-07-15 22:54:05.929 9 INFO neutron.wsgi [None req-bd8b40aa-d778-4b40-8438-890e446d6e97 15347a2cd9fb413892463cba0acf75e4 3b11b5342cb9458b8a6fe990fe268e21 - - default default] 10.0.0.62 "GET /v2.0/agents?binary=ovn-controller HTTP/1.1" status: 200 len: 591 time: 0.0082531
2026-07-15 22:54:05.994 9 INFO neutron.wsgi [None req-97ad2427-47e1-4dee-857a-ad97ca27ff6b 15347a2cd9fb413892463cba0acf75e4 3b11b5342cb9458b8a6fe990fe268e21 - - default default] 10.0.0.62 "GET /v2.0/networks HTTP/1.1" status: 200 len: 2350 time: 0.0639052
2026-07-15 22:54:06.025 9 INFO neutron.wsgi [None req-ab885ea4-01e6-4271-a4ac-240a62ac66f2 15347a2cd9fb413892463cba0acf75e4 3b11b5342cb9458b8a6fe990fe268e21 - - default default] 10.0.0.62 "GET /v2.0/subnets HTTP/1.1" status: 200 len: 1437 time: 0.0293176
2026-07-15 22:54:06.033 9 INFO neutron.wsgi [None req-ab91d3f7-54c5-4503-874a-c38defcb820e 15347a2cd9fb413892463cba0acf75e4 3b11b5342cb9458b8a6fe990fe268e21 - - default default] 10.0.0.62 "GET /v2.0/subnetpools HTTP/1.1" status: 200 len: 193 time: 0.0066156
2026-07-15 22:54:06.683 9 INFO neutron.wsgi [-] 10.0.0.25 "GET / HTTP/1.1" status: 200 len: 247 time: 0.0017242
2026-07-15 22:54:06.685 9 INFO neutron.wsgi [-] 10.0.0.25 "GET / HTTP/1.1" status: 200 len: 247 time: 0.0013182
2026-07-15 22:54:21.684 10 INFO neutron.wsgi [-] 10.0.0.25 "GET / HTTP/1.1" status: 200 len: 247 time: 0.0023723
2026-07-15 22:54:21.684 9 INFO neutron.wsgi [-] 10.0.0.25 "GET / HTTP/1.1" status: 200 len: 247 time: 0.0024631
2026-07-15 22:54:28.241 9 INFO neutron.wsgi [None req-779bc0e2-37c1-4987-bd21-3992c130705d 15347a2cd9fb413892463cba0acf75e4 3b11b5342cb9458b8a6fe990fe268e21 - - default default] 199.204.45.235,10.0.0.25 "GET /v2.0/networks HTTP/1.1" status: 200 len: 2350 time: 0.1424692
2026-07-15 22:54:36.683 10 INFO neutron.wsgi [-] 10.0.0.25 "GET / HTTP/1.1" status: 200 len: 247 time: 0.0021207
2026-07-15 22:54:36.683 9 INFO neutron.wsgi [-] 10.0.0.25 "GET / HTTP/1.1" status: 200 len: 247 time: 0.0023754
2026-07-15 22:54:51.682 10 INFO neutron.wsgi [-] 10.0.0.25 "GET / HTTP/1.1" status: 200 len: 247 time: 0.0016210
2026-07-15 22:54:51.683 9 INFO neutron.wsgi [-] 10.0.0.25 "GET / HTTP/1.1" status: 200 len: 247 time: 0.0018940
2026-07-15 22:55:05.894 9 INFO neutron.wsgi [None req-5ced6fe7-948b-4fe7-a44e-9241c9d6e3ca 15347a2cd9fb413892463cba0acf75e4 3b11b5342cb9458b8a6fe990fe268e21 - - default default] 10.0.0.62 "GET /v2.0/networks HTTP/1.1" status: 200 len: 2350 time: 0.1658189
2026-07-15 22:55:05.917 9 INFO neutron.wsgi [None req-f42a26f5-964b-4db0-89e8-ef7b2d973cfd 15347a2cd9fb413892463cba0acf75e4 3b11b5342cb9458b8a6fe990fe268e21 - - default default] 10.0.0.62 "GET /v2.0/routers HTTP/1.1" status: 200 len: 189 time: 0.0207973
2026-07-15 22:55:05.974 9 INFO neutron.wsgi [None req-213baa23-88f0-4d9a-9f81-f64070062611 15347a2cd9fb413892463cba0acf75e4 3b11b5342cb9458b8a6fe990fe268e21 - - default default] 10.0.0.62 "GET /v2.0/agents?binary=ovn-controller HTTP/1.1" status: 200 len: 591 time: 0.0566480
2026-07-15 22:55:05.985 9 INFO neutron.wsgi [None req-78d7396e-1de7-49c9-8672-0605a6ea0ed4 15347a2cd9fb413892463cba0acf75e4 3b11b5342cb9458b8a6fe990fe268e21 - - default default] 10.0.0.62 "GET /v2.0/agents HTTP/1.1" status: 200 len: 997 time: 0.0100062
2026-07-15 22:55:06.008 9 INFO neutron.wsgi [None req-7b7aacdf-8292-4f9f-adb5-2375b147a97a 15347a2cd9fb413892463cba0acf75e4 3b11b5342cb9458b8a6fe990fe268e21 - - default default] 10.0.0.62 "GET /v2.0/floatingips HTTP/1.1" status: 200 len: 193 time: 0.0218945
2026-07-15 22:55:06.039 9 INFO neutron.wsgi [None req-d792b054-16e6-459a-a058-18fdedf59f2b 15347a2cd9fb413892463cba0acf75e4 3b11b5342cb9458b8a6fe990fe268e21 - - default default] 10.0.0.62 "GET /v2.0/subnets HTTP/1.1" status: 200 len: 1437 time: 0.0303459
2026-07-15 22:55:06.059 9 INFO neutron.wsgi [None req-ef5fdf19-ad2e-44b7-a09e-441081e88a64 15347a2cd9fb413892463cba0acf75e4 3b11b5342cb9458b8a6fe990fe268e21 - - default default] 10.0.0.62 "GET /v2.0/network-ip-availabilities HTTP/1.1" status: 200 len: 1280 time: 0.0187664
2026-07-15 22:55:06.118 9 INFO neutron.wsgi [None req-424ed14b-7ae5-4d12-b191-40a986fe35ad 15347a2cd9fb413892463cba0acf75e4 3b11b5342cb9458b8a6fe990fe268e21 - - default default] 10.0.0.62 "GET /v2.0/security-groups HTTP/1.1" status: 200 len: 16803 time: 0.0562220
2026-07-15 22:55:06.157 9 INFO neutron.wsgi [None req-d6f589a6-165e-4a8a-a1da-49586f7c8897 15347a2cd9fb413892463cba0acf75e4 3b11b5342cb9458b8a6fe990fe268e21 - - default default] 10.0.0.62 "GET /v2.0/ports HTTP/1.1" status: 200 len: 5351 time: 0.0346508
2026-07-15 22:55:06.200 9 INFO neutron.wsgi [None req-fd869179-a9ab-4318-af5a-f83167a0a02a 15347a2cd9fb413892463cba0acf75e4 3b11b5342cb9458b8a6fe990fe268e21 - - default default] 10.0.0.62 "GET /v2.0/subnets HTTP/1.1" status: 200 len: 1437 time: 0.0385695
2026-07-15 22:55:06.216 9 INFO neutron.wsgi [None req-862d1728-4643-4dd9-908b-3ce97a898eeb 15347a2cd9fb413892463cba0acf75e4 3b11b5342cb9458b8a6fe990fe268e21 - - default default] 10.0.0.62 "GET /v2.0/subnetpools HTTP/1.1" status: 200 len: 193 time: 0.0147839
2026-07-15 22:55:06.685 10 INFO neutron.wsgi [-] 10.0.0.25 "GET / HTTP/1.1" status: 200 len: 247 time: 0.0031433
2026-07-15 22:55:06.687 9 INFO neutron.wsgi [-] 10.0.0.25 "GET / HTTP/1.1" status: 200 len: 247 time: 0.0022166
2026-07-15 22:55:08.288 9 INFO neutron.wsgi [None req-614fbbbc-4070-4924-931a-a27fdff7d404 15347a2cd9fb413892463cba0acf75e4 3b11b5342cb9458b8a6fe990fe268e21 - - default default] 10.0.0.216 "GET /v2.0/networks HTTP/1.1" status: 200 len: 2369 time: 0.0965428 /var/lib/openstack/lib/python3.10/site-packages/pycadf/identifier.py:71: UserWarning: Invalid uuid: neutron. To ensure interoperability, identifiers should be a valid uuid. warnings.warn(('Invalid uuid: %s. To ensure interoperability, '
2026-07-15 22:55:09.484 10 INFO neutron.wsgi [None req-e15b2c5c-8c1c-403c-95cd-dd1baf33f629 15347a2cd9fb413892463cba0acf75e4 3b11b5342cb9458b8a6fe990fe268e21 - - default default] 10.0.0.216 "GET /v2.0/floatingips HTTP/1.1" status: 200 len: 212 time: 0.0410452
2026-07-15 22:55:09.568 10 INFO neutron.wsgi [None req-fd04000d-3926-4d5c-a401-826d57399804 15347a2cd9fb413892463cba0acf75e4 3b11b5342cb9458b8a6fe990fe268e21 - - default default] 10.0.0.216 "GET /v2.0/routers HTTP/1.1" status: 200 len: 208 time: 0.0789423
2026-07-15 22:55:09.624 10 INFO neutron.wsgi [None req-26f5b9e0-19f8-43b8-ae1a-15d07c6b6be0 15347a2cd9fb413892463cba0acf75e4 3b11b5342cb9458b8a6fe990fe268e21 - - default default] 10.0.0.216 "GET /v2.0/ports HTTP/1.1" status: 200 len: 5370 time: 0.0506570
2026-07-15 22:55:09.675 9 INFO neutron.wsgi [None req-ab7235fe-ba5f-42d9-ae0f-279df84c4fe5 15347a2cd9fb413892463cba0acf75e4 3b11b5342cb9458b8a6fe990fe268e21 - - default default] 10.0.0.216 "GET /v2.0/subnets HTTP/1.1" status: 200 len: 1456 time: 0.0450797
2026-07-15 22:55:09.768 9 INFO neutron.wsgi [None req-7ec6a9f7-bdec-42a3-8e21-f54104970b8b 15347a2cd9fb413892463cba0acf75e4 3b11b5342cb9458b8a6fe990fe268e21 - - default default] 10.0.0.216 "GET /v2.0/networks HTTP/1.1" status: 200 len: 2369 time: 0.0887556
2026-07-15 22:55:09.827 9 INFO neutron.wsgi [None req-0339a7b4-675a-43f0-acdd-7f9cfe68abca 15347a2cd9fb413892463cba0acf75e4 3b11b5342cb9458b8a6fe990fe268e21 - - default default] 10.0.0.216 "GET /v2.0/security-groups HTTP/1.1" status: 200 len: 16822 time: 0.0480130
2026-07-15 22:55:09.841 9 INFO neutron.wsgi [None req-0323ed8a-dff4-4820-a790-a11a96976f91 15347a2cd9fb413892463cba0acf75e4 3b11b5342cb9458b8a6fe990fe268e21 - - default default] 10.0.0.216 "GET /v2.0/subnetpools HTTP/1.1" status: 200 len: 212 time: 0.0087528
2026-07-15 22:55:21.345 10 INFO neutron.db.ovn_revision_numbers_db [None req-74a6b219-a9c5-4399-8feb-09737e875b69 15347a2cd9fb413892463cba0acf75e4 3b11b5342cb9458b8a6fe990fe268e21 - - default default] Successfully bumped revision number for resource 396f2857-2419-448b-b19b-45a1c63e8110 (type: security_groups) to 1
2026-07-15 22:55:21.356 10 INFO neutron.db.ovn_revision_numbers_db [None req-74a6b219-a9c5-4399-8feb-09737e875b69 15347a2cd9fb413892463cba0acf75e4 3b11b5342cb9458b8a6fe990fe268e21 - - default default] Successfully bumped revision number for resource 31ffac2a-ef8c-408d-9f0f-f3477f118414 (type: security_group_rules) to 0
2026-07-15 22:55:21.367 10 INFO neutron.db.ovn_revision_numbers_db [None req-74a6b219-a9c5-4399-8feb-09737e875b69 15347a2cd9fb413892463cba0acf75e4 3b11b5342cb9458b8a6fe990fe268e21 - - default default] Successfully bumped revision number for resource c4f5792f-dbee-4efc-80bf-c930b14e8c48 (type: security_group_rules) to 0
2026-07-15 22:55:21.378 10 INFO neutron.db.ovn_revision_numbers_db [None req-74a6b219-a9c5-4399-8feb-09737e875b69 15347a2cd9fb413892463cba0acf75e4 3b11b5342cb9458b8a6fe990fe268e21 - - default default] Successfully bumped revision number for resource e44bd056-ec7b-41c3-9f2b-4e5236a87100 (type: security_group_rules) to 0
2026-07-15 22:55:21.391 10 INFO neutron.db.ovn_revision_numbers_db [None req-74a6b219-a9c5-4399-8feb-09737e875b69 15347a2cd9fb413892463cba0acf75e4 3b11b5342cb9458b8a6fe990fe268e21 - - default default] Successfully bumped revision number for resource ec8d2808-3ecc-4f73-9037-ef3d8cbef1da (type: security_group_rules) to 0
2026-07-15 22:55:21.439 9 INFO neutron.db.ovn_revision_numbers_db [None req-9941bd63-5c6b-469b-9f3c-a07713f5c92b 15347a2cd9fb413892463cba0acf75e4 3b11b5342cb9458b8a6fe990fe268e21 - - default default] Successfully bumped revision number for resource de61d61e-22cd-42f5-a85d-68b7bd28d318 (type: security_groups) to 1
2026-07-15 22:55:21.440 9 INFO neutron.db.ovn_revision_numbers_db [None req-307e9934-d4c5-4c01-87c2-abdb55c9676e 15347a2cd9fb413892463cba0acf75e4 3b11b5342cb9458b8a6fe990fe268e21 - - default default] Successfully bumped revision number for resource c154e30c-7d3d-4112-bbe0-efad8a85a205 (type: security_groups) to 1
2026-07-15 22:55:21.447 10 INFO neutron.db.segments_db [None req-74a6b219-a9c5-4399-8feb-09737e875b69 15347a2cd9fb413892463cba0acf75e4 3b11b5342cb9458b8a6fe990fe268e21 - - default default] Added segment 4687b0aa-fdd5-4e36-a2f3-eecce2b4e52a of type geneve for network 6c0eea18-553a-435c-bb13-c7f9c0c8184d
2026-07-15 22:55:21.454 9 INFO neutron.db.ovn_revision_numbers_db [None req-307e9934-d4c5-4c01-87c2-abdb55c9676e 15347a2cd9fb413892463cba0acf75e4 3b11b5342cb9458b8a6fe990fe268e21 - - default default] Successfully bumped revision number for resource 988084ad-7879-4358-8a50-7365fc65813d (type: security_group_rules) to 0
2026-07-15 22:55:21.469 9 INFO neutron.db.ovn_revision_numbers_db [None req-9941bd63-5c6b-469b-9f3c-a07713f5c92b 15347a2cd9fb413892463cba0acf75e4 3b11b5342cb9458b8a6fe990fe268e21 - - default default] Successfully bumped revision number for resource 40bc8f6e-3e98-4c6b-a70a-02ceb6c68046 (type: security_group_rules) to 0
2026-07-15 22:55:21.471 9 INFO neutron.db.ovn_revision_numbers_db [None req-307e9934-d4c5-4c01-87c2-abdb55c9676e 15347a2cd9fb413892463cba0acf75e4 3b11b5342cb9458b8a6fe990fe268e21 - - default default] Successfully bumped revision number for resource a0484540-d7af-4a29-ae5e-97c5e75f2cf8 (type: security_group_rules) to 0
2026-07-15 22:55:21.482 9 INFO neutron.db.ovn_revision_numbers_db [None req-9941bd63-5c6b-469b-9f3c-a07713f5c92b 15347a2cd9fb413892463cba0acf75e4 3b11b5342cb9458b8a6fe990fe268e21 - - default default] Successfully bumped revision number for resource 61b0b6c3-7d78-4a35-b00e-c6e9bb710c92 (type: security_group_rules) to 0
2026-07-15 22:55:21.497 9 INFO neutron.db.ovn_revision_numbers_db [None req-307e9934-d4c5-4c01-87c2-abdb55c9676e 15347a2cd9fb413892463cba0acf75e4 3b11b5342cb9458b8a6fe990fe268e21 - - default default] Successfully bumped revision number for resource d7496be8-7117-4a84-99c7-71d1929f10cf (type: security_group_rules) to 0
2026-07-15 22:55:21.498 9 INFO neutron.db.ovn_revision_numbers_db [None req-9941bd63-5c6b-469b-9f3c-a07713f5c92b 15347a2cd9fb413892463cba0acf75e4 3b11b5342cb9458b8a6fe990fe268e21 - - default default] Successfully bumped revision number for resource 90885acc-0cbf-4260-8de3-6dc85eb8b281 (type: security_group_rules) to 0
2026-07-15 22:55:21.513 9 INFO neutron.db.ovn_revision_numbers_db [None req-307e9934-d4c5-4c01-87c2-abdb55c9676e 15347a2cd9fb413892463cba0acf75e4 3b11b5342cb9458b8a6fe990fe268e21 - - default default] Successfully bumped revision number for resource e02b8c05-a564-478e-8eb8-4c098a32939c (type: security_group_rules) to 0
2026-07-15 22:55:21.517 9 INFO neutron.db.ovn_revision_numbers_db [None req-9941bd63-5c6b-469b-9f3c-a07713f5c92b 15347a2cd9fb413892463cba0acf75e4 3b11b5342cb9458b8a6fe990fe268e21 - - default default] Successfully bumped revision number for resource 95092546-9314-4053-9a7b-485ce414e51c (type: security_group_rules) to 0
2026-07-15 22:55:21.575 9 INFO neutron.db.segments_db [None req-307e9934-d4c5-4c01-87c2-abdb55c9676e 15347a2cd9fb413892463cba0acf75e4 3b11b5342cb9458b8a6fe990fe268e21 - - default default] Added segment bcc28795-502b-418f-a94c-74228fa7d8ce of type geneve for network bef78b84-7f0f-42ff-9a6b-c61825590d52
2026-07-15 22:55:21.583 9 INFO neutron.db.segments_db [None req-9941bd63-5c6b-469b-9f3c-a07713f5c92b 15347a2cd9fb413892463cba0acf75e4 3b11b5342cb9458b8a6fe990fe268e21 - - default default] Added segment 0a1604b9-8db8-4f2c-adc5-89399f1b2461 of type geneve for network d5948781-0e33-4413-a7e6-5edfe3716282
2026-07-15 22:55:21.624 10 INFO neutron.db.ovn_revision_numbers_db [None req-74a6b219-a9c5-4399-8feb-09737e875b69 15347a2cd9fb413892463cba0acf75e4 3b11b5342cb9458b8a6fe990fe268e21 - - default default] Successfully bumped revision number for resource 6c0eea18-553a-435c-bb13-c7f9c0c8184d (type: networks) to 1
2026-07-15 22:55:21.683 10 INFO neutron.wsgi [-] 10.0.0.25 "GET / HTTP/1.1" status: 200 len: 247 time: 0.0019665
2026-07-15 22:55:21.685 10 INFO neutron.wsgi [-] 10.0.0.25 "GET / HTTP/1.1" status: 200 len: 247 time: 0.0011625
2026-07-15 22:55:21.859 10 WARNING neutron.scheduler.dhcp_agent_scheduler [None req-74a6b219-a9c5-4399-8feb-09737e875b69 15347a2cd9fb413892463cba0acf75e4 3b11b5342cb9458b8a6fe990fe268e21 - - default default] No more DHCP agents
2026-07-15 22:55:21.860 10 WARNING neutron.api.rpc.agentnotifiers.dhcp_rpc_agent_api [None req-74a6b219-a9c5-4399-8feb-09737e875b69 15347a2cd9fb413892463cba0acf75e4 3b11b5342cb9458b8a6fe990fe268e21 - - default default] Unable to schedule network 6c0eea18-553a-435c-bb13-c7f9c0c8184d: no agents available; will retry on subsequent port and subnet creation events.
2026-07-15 22:55:21.931 9 INFO neutron.db.ovn_revision_numbers_db [None req-9941bd63-5c6b-469b-9f3c-a07713f5c92b 15347a2cd9fb413892463cba0acf75e4 3b11b5342cb9458b8a6fe990fe268e21 - - default default] Successfully bumped revision number for resource d5948781-0e33-4413-a7e6-5edfe3716282 (type: networks) to 1
2026-07-15 22:55:21.933 9 INFO neutron.db.ovn_revision_numbers_db [None req-307e9934-d4c5-4c01-87c2-abdb55c9676e 15347a2cd9fb413892463cba0acf75e4 3b11b5342cb9458b8a6fe990fe268e21 - - default default] Successfully bumped revision number for resource bef78b84-7f0f-42ff-9a6b-c61825590d52 (type: networks) to 1
2026-07-15 22:55:21.966 10 INFO neutron.db.ovn_revision_numbers_db [None req-74a6b219-a9c5-4399-8feb-09737e875b69 15347a2cd9fb413892463cba0acf75e4 3b11b5342cb9458b8a6fe990fe268e21 - - default default] Successfully bumped revision number for resource 8713dfeb-5429-4e03-9bdc-b2949a39d0b5 (type: ports) to 1
2026-07-15 22:55:21.992 10 INFO neutron.wsgi [None req-74a6b219-a9c5-4399-8feb-09737e875b69 15347a2cd9fb413892463cba0acf75e4 3b11b5342cb9458b8a6fe990fe268e21 - - default default] 10.0.0.216 "POST /v2.0/networks HTTP/1.1" status: 201 len: 951 time: 0.9982030
2026-07-15 22:55:22.125 9 WARNING neutron.scheduler.dhcp_agent_scheduler [None req-9941bd63-5c6b-469b-9f3c-a07713f5c92b 15347a2cd9fb413892463cba0acf75e4 3b11b5342cb9458b8a6fe990fe268e21 - - default default] No more DHCP agents
2026-07-15 22:55:22.129 9 WARNING neutron.api.rpc.agentnotifiers.dhcp_rpc_agent_api [None req-9941bd63-5c6b-469b-9f3c-a07713f5c92b 15347a2cd9fb413892463cba0acf75e4 3b11b5342cb9458b8a6fe990fe268e21 - - default default] Unable to schedule network d5948781-0e33-4413-a7e6-5edfe3716282: no agents available; will retry on subsequent port and subnet creation events.
2026-07-15 22:55:22.188 10 WARNING neutron.scheduler.dhcp_agent_scheduler [None req-ca6ed0fe-b112-4683-a252-a6ef4cdc1146 15347a2cd9fb413892463cba0acf75e4 3b11b5342cb9458b8a6fe990fe268e21 - - default default] No more DHCP agents
2026-07-15 22:55:22.189 10 WARNING neutron.api.rpc.agentnotifiers.dhcp_rpc_agent_api [None req-ca6ed0fe-b112-4683-a252-a6ef4cdc1146 15347a2cd9fb413892463cba0acf75e4 3b11b5342cb9458b8a6fe990fe268e21 - - default default] Unable to schedule network 6c0eea18-553a-435c-bb13-c7f9c0c8184d: no agents available; will retry on subsequent port and subnet creation events.
2026-07-15 22:55:22.199 9 WARNING neutron.scheduler.dhcp_agent_scheduler [None req-307e9934-d4c5-4c01-87c2-abdb55c9676e 15347a2cd9fb413892463cba0acf75e4 3b11b5342cb9458b8a6fe990fe268e21 - - default default] No more DHCP agents
2026-07-15 22:55:22.211 9 WARNING neutron.api.rpc.agentnotifiers.dhcp_rpc_agent_api [None req-307e9934-d4c5-4c01-87c2-abdb55c9676e 15347a2cd9fb413892463cba0acf75e4 3b11b5342cb9458b8a6fe990fe268e21 - - default default] Unable to schedule network bef78b84-7f0f-42ff-9a6b-c61825590d52: no agents available; will retry on subsequent port and subnet creation events.
2026-07-15 22:55:22.247 9 INFO neutron.db.ovn_revision_numbers_db [None req-9941bd63-5c6b-469b-9f3c-a07713f5c92b 15347a2cd9fb413892463cba0acf75e4 3b11b5342cb9458b8a6fe990fe268e21 - - default default] Successfully bumped revision number for resource 47a76d68-9f9c-4e5d-bb36-158ad7b985e0 (type: ports) to 1
2026-07-15 22:55:22.296 9 INFO neutron.wsgi [None req-9941bd63-5c6b-469b-9f3c-a07713f5c92b 15347a2cd9fb413892463cba0acf75e4 3b11b5342cb9458b8a6fe990fe268e21 - - default default] 10.0.0.216 "POST /v2.0/networks HTTP/1.1" status: 201 len: 949 time: 1.2944777
2026-07-15 22:55:22.328 9 INFO neutron.db.ovn_revision_numbers_db [None req-307e9934-d4c5-4c01-87c2-abdb55c9676e 15347a2cd9fb413892463cba0acf75e4 3b11b5342cb9458b8a6fe990fe268e21 - - default default] Successfully bumped revision number for resource ecb0c1aa-3621-436d-8979-015990d3b586 (type: ports) to 1
2026-07-15 22:55:22.354 9 INFO neutron.wsgi [None req-307e9934-d4c5-4c01-87c2-abdb55c9676e 15347a2cd9fb413892463cba0acf75e4 3b11b5342cb9458b8a6fe990fe268e21 - - default default] 10.0.0.216 "POST /v2.0/networks HTTP/1.1" status: 201 len: 947 time: 1.1639214
2026-07-15 22:55:22.439 9 INFO neutron.db.ovn_revision_numbers_db [None req-d2604f2a-40ae-4ab5-a680-6c3d621ed628 15347a2cd9fb413892463cba0acf75e4 3b11b5342cb9458b8a6fe990fe268e21 - - default default] Successfully bumped revision number for resource 0034f780-ac04-49c8-b234-732e7499c42c (type: security_groups) to 1
2026-07-15 22:55:22.456 9 INFO neutron.db.ovn_revision_numbers_db [None req-d2604f2a-40ae-4ab5-a680-6c3d621ed628 15347a2cd9fb413892463cba0acf75e4 3b11b5342cb9458b8a6fe990fe268e21 - - default default] Successfully bumped revision number for resource 3fcd92f5-eda1-4ad1-92a6-11bd0876f50a (type: security_group_rules) to 0
2026-07-15 22:55:22.471 9 INFO neutron.db.ovn_revision_numbers_db [None req-d2604f2a-40ae-4ab5-a680-6c3d621ed628 15347a2cd9fb413892463cba0acf75e4 3b11b5342cb9458b8a6fe990fe268e21 - - default default] Successfully bumped revision number for resource 5a83a3ab-66bd-4037-a431-a8a7e87ccbc5 (type: security_group_rules) to 0
2026-07-15 22:55:22.495 9 INFO neutron.db.ovn_revision_numbers_db [None req-d2604f2a-40ae-4ab5-a680-6c3d621ed628 15347a2cd9fb413892463cba0acf75e4 3b11b5342cb9458b8a6fe990fe268e21 - - default default] Successfully bumped revision number for resource dc34cd56-3920-4e81-97b1-1018352e169f (type: security_group_rules) to 0
2026-07-15 22:55:22.516 9 INFO neutron.db.ovn_revision_numbers_db [None req-d2604f2a-40ae-4ab5-a680-6c3d621ed628 15347a2cd9fb413892463cba0acf75e4 3b11b5342cb9458b8a6fe990fe268e21 - - default default] Successfully bumped revision number for resource fe997527-ec23-4c6d-bd4a-b10141dd72d2 (type: security_group_rules) to 0
2026-07-15 22:55:22.546 9 WARNING neutron.scheduler.dhcp_agent_scheduler [None req-9142efd0-bedb-4f47-b168-46fc59fa4188 15347a2cd9fb413892463cba0acf75e4 3b11b5342cb9458b8a6fe990fe268e21 - - default default] No more DHCP agents
2026-07-15 22:55:22.548 9 INFO neutron.wsgi [None req-d2604f2a-40ae-4ab5-a680-6c3d621ed628 15347a2cd9fb413892463cba0acf75e4 3b11b5342cb9458b8a6fe990fe268e21 - - default default] 10.0.0.216 "GET /v2.0/security-groups?tenant_id=53991cbca52e4b548f3c4dfc3a9105b5&name=default HTTP/1.1" status: 200 len: 2992 time: 0.4156985
2026-07-15 22:55:22.550 9 WARNING neutron.api.rpc.agentnotifiers.dhcp_rpc_agent_api [None req-9142efd0-bedb-4f47-b168-46fc59fa4188 15347a2cd9fb413892463cba0acf75e4 3b11b5342cb9458b8a6fe990fe268e21 - - default default] Unable to schedule network bef78b84-7f0f-42ff-9a6b-c61825590d52: no agents available; will retry on subsequent port and subnet creation events.
2026-07-15 22:55:22.602 10 WARNING neutron.scheduler.dhcp_agent_scheduler [None req-c3d678e0-38fa-4767-a630-08f36520b3c6 15347a2cd9fb413892463cba0acf75e4 3b11b5342cb9458b8a6fe990fe268e21 - - default default] No more DHCP agents
2026-07-15 22:55:22.606 10 WARNING neutron.api.rpc.agentnotifiers.dhcp_rpc_agent_api [None req-c3d678e0-38fa-4767-a630-08f36520b3c6 15347a2cd9fb413892463cba0acf75e4 3b11b5342cb9458b8a6fe990fe268e21 - - default default] Unable to schedule network d5948781-0e33-4413-a7e6-5edfe3716282: no agents available; will retry on subsequent port and subnet creation events.
2026-07-15 22:55:22.805 9 INFO neutron.wsgi [None req-df4641f3-2b92-482b-8cf6-8e78c5a61031 15347a2cd9fb413892463cba0acf75e4 3b11b5342cb9458b8a6fe990fe268e21 - - default default] 10.0.0.216 "DELETE /v2.0/security-groups/0034f780-ac04-49c8-b234-732e7499c42c HTTP/1.1" status: 204 len: 168 time: 0.2521238
2026-07-15 22:55:22.909 10 INFO neutron.db.ovn_revision_numbers_db [None req-ca6ed0fe-b112-4683-a252-a6ef4cdc1146 15347a2cd9fb413892463cba0acf75e4 3b11b5342cb9458b8a6fe990fe268e21 - - default default] Successfully bumped revision number for resource 8713dfeb-5429-4e03-9bdc-b2949a39d0b5 (type: ports) to 2
2026-07-15 22:55:23.002 10 INFO neutron.db.ovn_revision_numbers_db [None req-ca6ed0fe-b112-4683-a252-a6ef4cdc1146 15347a2cd9fb413892463cba0acf75e4 3b11b5342cb9458b8a6fe990fe268e21 - - default default] Successfully bumped revision number for resource e6d168cf-f778-452e-9238-513bfb7fb015 (type: subnets) to 0
2026-07-15 22:55:23.020 10 INFO neutron.wsgi [None req-ca6ed0fe-b112-4683-a252-a6ef4cdc1146 15347a2cd9fb413892463cba0acf75e4 3b11b5342cb9458b8a6fe990fe268e21 - - default default] 10.0.0.216 "POST /v2.0/subnets HTTP/1.1" status: 201 len: 871 time: 1.0100536
2026-07-15 22:55:23.057 9 INFO neutron.db.ovn_revision_numbers_db [None req-9142efd0-bedb-4f47-b168-46fc59fa4188 15347a2cd9fb413892463cba0acf75e4 3b11b5342cb9458b8a6fe990fe268e21 - - default default] Successfully bumped revision number for resource ecb0c1aa-3621-436d-8979-015990d3b586 (type: ports) to 2
2026-07-15 22:55:23.190 10 INFO neutron.db.ovn_revision_numbers_db [None req-c3d678e0-38fa-4767-a630-08f36520b3c6 15347a2cd9fb413892463cba0acf75e4 3b11b5342cb9458b8a6fe990fe268e21 - - default default] Successfully bumped revision number for resource 47a76d68-9f9c-4e5d-bb36-158ad7b985e0 (type: ports) to 2
2026-07-15 22:55:23.220 9 INFO neutron.db.ovn_revision_numbers_db [None req-9142efd0-bedb-4f47-b168-46fc59fa4188 15347a2cd9fb413892463cba0acf75e4 3b11b5342cb9458b8a6fe990fe268e21 - - default default] Successfully bumped revision number for resource 4e6c12c7-ed67-4ead-b9be-d6ba84d3061c (type: subnets) to 0
2026-07-15 22:55:23.228 10 INFO neutron.db.ovn_revision_numbers_db [None req-c3d678e0-38fa-4767-a630-08f36520b3c6 15347a2cd9fb413892463cba0acf75e4 3b11b5342cb9458b8a6fe990fe268e21 - - default default] Successfully bumped revision number for resource bdc83e6f-116b-4b14-b4c7-ad34f347c047 (type: subnets) to 0
2026-07-15 22:55:23.242 10 INFO neutron.wsgi [None req-c3d678e0-38fa-4767-a630-08f36520b3c6 15347a2cd9fb413892463cba0acf75e4 3b11b5342cb9458b8a6fe990fe268e21 - - default default] 10.0.0.216 "POST /v2.0/subnets HTTP/1.1" status: 201 len: 869 time: 0.9403400
2026-07-15 22:55:23.248 9 INFO neutron.wsgi [None req-9142efd0-bedb-4f47-b168-46fc59fa4188 15347a2cd9fb413892463cba0acf75e4 3b11b5342cb9458b8a6fe990fe268e21 - - default default] 10.0.0.216 "POST /v2.0/subnets HTTP/1.1" status: 201 len: 867 time: 0.8886697
2026-07-15 22:55:23.744 9 WARNING neutron.scheduler.dhcp_agent_scheduler [None req-0da0806c-3d03-4bae-9eb7-22ea16b65658 15347a2cd9fb413892463cba0acf75e4 3b11b5342cb9458b8a6fe990fe268e21 - - default default] No more DHCP agents
2026-07-15 22:55:23.747 9 WARNING neutron.api.rpc.agentnotifiers.dhcp_rpc_agent_api [None req-0da0806c-3d03-4bae-9eb7-22ea16b65658 15347a2cd9fb413892463cba0acf75e4 3b11b5342cb9458b8a6fe990fe268e21 - - default default] Unable to schedule network 01918310-5a49-4c66-9985-8f31d597a661: no agents available; will retry on subsequent port and subnet creation events.
2026-07-15 22:55:23.785 10 WARNING neutron.scheduler.dhcp_agent_scheduler [None req-2ebe7533-c3fc-4bee-b64f-46aedb7f18a3 15347a2cd9fb413892463cba0acf75e4 3b11b5342cb9458b8a6fe990fe268e21 - - default default] No more DHCP agents
2026-07-15 22:55:23.788 10 WARNING neutron.api.rpc.agentnotifiers.dhcp_rpc_agent_api [None req-2ebe7533-c3fc-4bee-b64f-46aedb7f18a3 15347a2cd9fb413892463cba0acf75e4 3b11b5342cb9458b8a6fe990fe268e21 - - default default] Unable to schedule network 01918310-5a49-4c66-9985-8f31d597a661: no agents available; will retry on subsequent port and subnet creation events.
2026-07-15 22:55:23.819 9 WARNING neutron.scheduler.dhcp_agent_scheduler [None req-40afdb53-10cf-45d9-83a4-2853e32c1426 15347a2cd9fb413892463cba0acf75e4 3b11b5342cb9458b8a6fe990fe268e21 - - default default] No more DHCP agents
2026-07-15 22:55:23.824 9 WARNING neutron.api.rpc.agentnotifiers.dhcp_rpc_agent_api [None req-40afdb53-10cf-45d9-83a4-2853e32c1426 15347a2cd9fb413892463cba0acf75e4 3b11b5342cb9458b8a6fe990fe268e21 - - default default] Unable to schedule network 01918310-5a49-4c66-9985-8f31d597a661: no agents available; will retry on subsequent port and subnet creation events.
2026-07-15 22:55:23.926 9 INFO neutron.db.ovn_revision_numbers_db [None req-0da0806c-3d03-4bae-9eb7-22ea16b65658 15347a2cd9fb413892463cba0acf75e4 3b11b5342cb9458b8a6fe990fe268e21 - - default default] Successfully bumped revision number for resource 347fb1c9-9ff8-4b6c-8c16-c60fb84129f9 (type: ports) to 1
2026-07-15 22:55:23.939 10 INFO neutron.db.ovn_revision_numbers_db [None req-2ebe7533-c3fc-4bee-b64f-46aedb7f18a3 15347a2cd9fb413892463cba0acf75e4 3b11b5342cb9458b8a6fe990fe268e21 - - default default] Successfully bumped revision number for resource 015c22de-e130-4f9e-93ce-d5fed0b7b3fe (type: ports) to 1
2026-07-15 22:55:24.099 9 INFO neutron.db.ovn_revision_numbers_db [None req-40afdb53-10cf-45d9-83a4-2853e32c1426 15347a2cd9fb413892463cba0acf75e4 3b11b5342cb9458b8a6fe990fe268e21 - - default default] Successfully bumped revision number for resource c67f0628-a147-4782-b414-5f2099236926 (type: ports) to 1
2026-07-15 22:55:24.197 10 INFO neutron.plugins.ml2.drivers.ovn.mech_driver.ovsdb.extensions.qos [None req-2ebe7533-c3fc-4bee-b64f-46aedb7f18a3 15347a2cd9fb413892463cba0acf75e4 3b11b5342cb9458b8a6fe990fe268e21 - - default default] Starting OVNClientQosExtension
2026-07-15 22:55:24.342 9 INFO neutron.plugins.ml2.drivers.ovn.mech_driver.ovsdb.extensions.qos [None req-0da0806c-3d03-4bae-9eb7-22ea16b65658 15347a2cd9fb413892463cba0acf75e4 3b11b5342cb9458b8a6fe990fe268e21 - - default default] Starting OVNClientQosExtension
2026-07-15 22:55:24.515 10 INFO neutron.plugins.ml2.drivers.ovn.mech_driver.mech_driver [None req-cd3b2352-ef9d-4b0d-b87f-52edbcc52025 - - - - - -] OVN reports status up for port: 015c22de-e130-4f9e-93ce-d5fed0b7b3fe
2026-07-15 22:55:24.526 9 INFO neutron.plugins.ml2.drivers.ovn.mech_driver.ovsdb.ovsdb_monitor [-] Router ae5cc027-d728-47e9-9066-94605e63d4ab is bound to host instance
2026-07-15 22:55:24.536 10 INFO neutron.plugins.ml2.plugin [None req-cd3b2352-ef9d-4b0d-b87f-52edbcc52025 - - - - - -] Attempt 1 to provision port 015c22de-e130-4f9e-93ce-d5fed0b7b3fe
2026-07-15 22:55:24.554 10 INFO neutron.db.ovn_revision_numbers_db [None req-2ebe7533-c3fc-4bee-b64f-46aedb7f18a3 15347a2cd9fb413892463cba0acf75e4 3b11b5342cb9458b8a6fe990fe268e21 - - default default] Successfully bumped revision number for resource 015c22de-e130-4f9e-93ce-d5fed0b7b3fe (type: router_ports) to 1
2026-07-15 22:55:24.627 10 INFO neutron.db.ovn_revision_numbers_db [None req-2ebe7533-c3fc-4bee-b64f-46aedb7f18a3 15347a2cd9fb413892463cba0acf75e4 3b11b5342cb9458b8a6fe990fe268e21 - - default default] Successfully bumped revision number for resource ae5cc027-d728-47e9-9066-94605e63d4ab (type: routers) to 2
2026-07-15 22:55:24.643 10 INFO neutron.wsgi [None req-2ebe7533-c3fc-4bee-b64f-46aedb7f18a3 15347a2cd9fb413892463cba0acf75e4 3b11b5342cb9458b8a6fe990fe268e21 - - default default] 10.0.0.216 "POST /v2.0/routers HTTP/1.1" status: 201 len: 880 time: 1.3968453
2026-07-15 22:55:24.886 9 INFO neutron.plugins.ml2.drivers.ovn.mech_driver.mech_driver [None req-c2740de3-9fdc-4af1-8deb-8479581be0bc - - - - - -] OVN reports status up for port: 347fb1c9-9ff8-4b6c-8c16-c60fb84129f9
2026-07-15 22:55:24.912 9 INFO neutron.plugins.ml2.plugin [None req-c2740de3-9fdc-4af1-8deb-8479581be0bc - - - - - -] Attempt 1 to provision port 347fb1c9-9ff8-4b6c-8c16-c60fb84129f9
2026-07-15 22:55:24.937 10 INFO neutron.plugins.ml2.drivers.ovn.mech_driver.ovsdb.ovsdb_monitor [-] Router 94c2d388-53d4-45c9-bf3f-a911f9654662 is bound to host instance
2026-07-15 22:55:24.965 9 INFO neutron.db.ovn_revision_numbers_db [None req-0da0806c-3d03-4bae-9eb7-22ea16b65658 15347a2cd9fb413892463cba0acf75e4 3b11b5342cb9458b8a6fe990fe268e21 - - default default] Successfully bumped revision number for resource 347fb1c9-9ff8-4b6c-8c16-c60fb84129f9 (type: router_ports) to 1
2026-07-15 22:55:25.091 9 INFO neutron.db.ovn_revision_numbers_db [None req-0da0806c-3d03-4bae-9eb7-22ea16b65658 15347a2cd9fb413892463cba0acf75e4 3b11b5342cb9458b8a6fe990fe268e21 - - default default] Successfully bumped revision number for resource 94c2d388-53d4-45c9-bf3f-a911f9654662 (type: routers) to 2
2026-07-15 22:55:25.116 9 INFO neutron.wsgi [None req-0da0806c-3d03-4bae-9eb7-22ea16b65658 15347a2cd9fb413892463cba0acf75e4 3b11b5342cb9458b8a6fe990fe268e21 - - default default] 10.0.0.216 "POST /v2.0/routers HTTP/1.1" status: 201 len: 882 time: 2.0854950
2026-07-15 22:55:25.144 10 INFO neutron.db.ovn_revision_numbers_db [None req-ba582210-5ecb-4931-b124-157e00e64876 15347a2cd9fb413892463cba0acf75e4 3b11b5342cb9458b8a6fe990fe268e21 - - default default] Successfully bumped revision number for resource d7f9724f-7831-42bf-a75f-042d38b015c3 (type: security_groups) to 1
2026-07-15 22:55:25.158 9 INFO neutron.db.ovn_revision_numbers_db [None req-40afdb53-10cf-45d9-83a4-2853e32c1426 15347a2cd9fb413892463cba0acf75e4 3b11b5342cb9458b8a6fe990fe268e21 - - default default] Successfully bumped revision number for resource c67f0628-a147-4782-b414-5f2099236926 (type: router_ports) to 1
2026-07-15 22:55:25.183 10 INFO neutron.db.ovn_revision_numbers_db [None req-ba582210-5ecb-4931-b124-157e00e64876 15347a2cd9fb413892463cba0acf75e4 3b11b5342cb9458b8a6fe990fe268e21 - - default default] Successfully bumped revision number for resource 54eadaa6-bb19-4914-b548-ab36f0b71397 (type: security_group_rules) to 0
