2026-07-15 22:59:34.055 10 WARNING neutron.scheduler.dhcp_agent_scheduler [None req-be3ca803-4d7c-4eeb-9584-238330d93bbb 3d3a7022022542b28522a7df1ae6f07a 8ffce727ee354c99ac91b56cd319ff3c - - default default] No more DHCP agents
2026-07-15 22:59:34.057 10 WARNING neutron.api.rpc.agentnotifiers.dhcp_rpc_agent_api [None req-be3ca803-4d7c-4eeb-9584-238330d93bbb 3d3a7022022542b28522a7df1ae6f07a 8ffce727ee354c99ac91b56cd319ff3c - - default default] Unable to schedule network 58c34c5f-500a-492f-a69d-f87768e2f22d: no agents available; will retry on subsequent port and subnet creation events.
2026-07-15 22:59:34.138 10 INFO neutron.db.ovn_revision_numbers_db [None req-be3ca803-4d7c-4eeb-9584-238330d93bbb 3d3a7022022542b28522a7df1ae6f07a 8ffce727ee354c99ac91b56cd319ff3c - - default default] Successfully bumped revision number for resource d0e940d2-9e83-48e9-914d-3e515ab433df (type: ports) to 1
2026-07-15 22:59:34.160 10 INFO neutron.wsgi [None req-be3ca803-4d7c-4eeb-9584-238330d93bbb 3d3a7022022542b28522a7df1ae6f07a 8ffce727ee354c99ac91b56cd319ff3c - - default default] 10.0.0.216 "POST /v2.0/networks HTTP/1.1" status: 201 len: 837 time: 0.5408566
2026-07-15 22:59:34.319 9 INFO neutron.services.segments.plugin [-] Segment 72709af7-171c-4ce3-a7d6-fa0d49d30f9e resource provider aggregate not found
2026-07-15 22:59:34.324 9 INFO neutron.services.segments.plugin [-] Segment 72709af7-171c-4ce3-a7d6-fa0d49d30f9e resource provider aggregate not found
2026-07-15 22:59:34.341 9 INFO neutron.services.segments.plugin [-] Segment 72709af7-171c-4ce3-a7d6-fa0d49d30f9e resource provider not found; error: Placement Client Error (4xx): {"errors": [{"status": 404, "title": "Not Found", "detail": "The resource could not be found.\n\n No resource provider with uuid 72709af7-171c-4ce3-a7d6-fa0d49d30f9e found for delete ", "request_id": "req-d12f4af7-00bf-4fbc-be83-95ba989b04da"}]}
2026-07-15 22:59:34.342 9 INFO neutron.services.segments.plugin [-] Segment 72709af7-171c-4ce3-a7d6-fa0d49d30f9e resource provider not found; error: Placement Client Error (4xx): {"errors": [{"status": 404, "title": "Not Found", "detail": "The resource could not be found.\n\n No resource provider with uuid 72709af7-171c-4ce3-a7d6-fa0d49d30f9e found for delete ", "request_id": "req-21a56aab-5b9c-4a1f-b6c3-a56a0bbe9634"}]}
2026-07-15 22:59:34.359 9 INFO neutron.wsgi [None req-92311fca-bd87-4287-ba15-c1ef6015c705 15347a2cd9fb413892463cba0acf75e4 3b11b5342cb9458b8a6fe990fe268e21 - - default default] 10.0.0.216 "DELETE /v2.0/networks/28beb0f8-a905-4adf-a4cb-53a3be76572e HTTP/1.1" status: 204 len: 168 time: 0.3511505
2026-07-15 22:59:34.470 10 WARNING neutron.scheduler.dhcp_agent_scheduler [None req-572c0455-78bd-44c0-9063-e7726bb5734c 3d3a7022022542b28522a7df1ae6f07a 8ffce727ee354c99ac91b56cd319ff3c - - default default] No more DHCP agents
2026-07-15 22:59:34.472 10 WARNING neutron.api.rpc.agentnotifiers.dhcp_rpc_agent_api [None req-572c0455-78bd-44c0-9063-e7726bb5734c 3d3a7022022542b28522a7df1ae6f07a 8ffce727ee354c99ac91b56cd319ff3c - - default default] Unable to schedule network 58c34c5f-500a-492f-a69d-f87768e2f22d: no agents available; will retry on subsequent port and subnet creation events.
2026-07-15 22:59:34.702 9 INFO neutron.wsgi [None req-1f21e1b6-cc97-4f63-9048-8313616ea9da 15347a2cd9fb413892463cba0acf75e4 3b11b5342cb9458b8a6fe990fe268e21 - - default default] 10.0.0.216 "GET /v2.0/security-groups?tenant_id=5232a88f02f346cd89762e70d8abb6fd&name=default HTTP/1.1" status: 200 len: 2996 time: 0.0462327
2026-07-15 22:59:34.892 9 INFO neutron.wsgi [None req-17b64a95-0d3c-4d1b-9f6a-d378480df33d 15347a2cd9fb413892463cba0acf75e4 3b11b5342cb9458b8a6fe990fe268e21 - - default default] 10.0.0.216 "DELETE /v2.0/security-groups/75c764d6-df36-471a-b7b8-ffa10cc91156 HTTP/1.1" status: 204 len: 168 time: 0.1862321
2026-07-15 22:59:35.023 10 INFO neutron.db.ovn_revision_numbers_db [None req-572c0455-78bd-44c0-9063-e7726bb5734c 3d3a7022022542b28522a7df1ae6f07a 8ffce727ee354c99ac91b56cd319ff3c - - default default] Successfully bumped revision number for resource d0e940d2-9e83-48e9-914d-3e515ab433df (type: ports) to 2
2026-07-15 22:59:35.056 10 INFO neutron.db.ovn_revision_numbers_db [None req-572c0455-78bd-44c0-9063-e7726bb5734c 3d3a7022022542b28522a7df1ae6f07a 8ffce727ee354c99ac91b56cd319ff3c - - default default] Successfully bumped revision number for resource d59570df-6f73-4f36-9663-8ff0bd6021e8 (type: subnets) to 0
2026-07-15 22:59:35.072 10 INFO neutron.wsgi [None req-572c0455-78bd-44c0-9063-e7726bb5734c 3d3a7022022542b28522a7df1ae6f07a 8ffce727ee354c99ac91b56cd319ff3c - - default default] 10.0.0.216 "POST /v2.0/subnets HTTP/1.1" status: 201 len: 831 time: 0.9034736
2026-07-15 22:59:35.084 9 INFO neutron.wsgi [None req-c9e276ea-20e3-421d-a5a2-d00616899251 15347a2cd9fb413892463cba0acf75e4 3b11b5342cb9458b8a6fe990fe268e21 - - default default] 10.0.0.216 "GET /v2.0/security-groups?tenant_id=f0486f649a62403bb34f545abdb00e50&name=default HTTP/1.1" status: 200 len: 2996 time: 0.0388484
2026-07-15 22:59:35.313 9 INFO neutron.wsgi [None req-609b9a5f-4e85-4a63-b013-775188cb5689 15347a2cd9fb413892463cba0acf75e4 3b11b5342cb9458b8a6fe990fe268e21 - - default default] 10.0.0.216 "DELETE /v2.0/security-groups/6f4137a2-3552-4291-b106-2a6496e33d0c HTTP/1.1" status: 204 len: 168 time: 0.2228367
2026-07-15 22:59:35.369 10 WARNING neutron.scheduler.dhcp_agent_scheduler [None req-80b4da02-a229-4350-8ddd-1273577dd751 3d3a7022022542b28522a7df1ae6f07a 8ffce727ee354c99ac91b56cd319ff3c - - default default] No more DHCP agents
2026-07-15 22:59:35.374 10 WARNING neutron.api.rpc.agentnotifiers.dhcp_rpc_agent_api [None req-80b4da02-a229-4350-8ddd-1273577dd751 3d3a7022022542b28522a7df1ae6f07a 8ffce727ee354c99ac91b56cd319ff3c - - default default] Unable to schedule network 58c34c5f-500a-492f-a69d-f87768e2f22d: no agents available; will retry on subsequent port and subnet creation events.
2026-07-15 22:59:35.412 10 INFO neutron.db.ovn_revision_numbers_db [None req-80b4da02-a229-4350-8ddd-1273577dd751 3d3a7022022542b28522a7df1ae6f07a 8ffce727ee354c99ac91b56cd319ff3c - - default default] Successfully bumped revision number for resource b662ae85-0165-4ba7-970f-9a055bcc5cd9 (type: subnets) to 0
2026-07-15 22:59:35.430 10 INFO neutron.wsgi [None req-80b4da02-a229-4350-8ddd-1273577dd751 3d3a7022022542b28522a7df1ae6f07a 8ffce727ee354c99ac91b56cd319ff3c - - default default] 10.0.0.216 "POST /v2.0/subnets HTTP/1.1" status: 201 len: 905 time: 0.3522077
2026-07-15 22:59:35.914 10 WARNING neutron.scheduler.dhcp_agent_scheduler [None req-10e4dd3e-bd00-4f56-8c88-a1cd3152f7a1 3d3a7022022542b28522a7df1ae6f07a 8ffce727ee354c99ac91b56cd319ff3c - - default default] No more DHCP agents
2026-07-15 22:59:35.916 10 WARNING neutron.api.rpc.agentnotifiers.dhcp_rpc_agent_api [None req-10e4dd3e-bd00-4f56-8c88-a1cd3152f7a1 3d3a7022022542b28522a7df1ae6f07a 8ffce727ee354c99ac91b56cd319ff3c - - default default] Unable to schedule network 01918310-5a49-4c66-9985-8f31d597a661: no agents available; will retry on subsequent port and subnet creation events.
2026-07-15 22:59:36.075 10 INFO neutron.db.ovn_revision_numbers_db [None req-10e4dd3e-bd00-4f56-8c88-a1cd3152f7a1 3d3a7022022542b28522a7df1ae6f07a 8ffce727ee354c99ac91b56cd319ff3c - - default default] Successfully bumped revision number for resource 62976781-47c3-4158-a3bb-4b06a774a088 (type: ports) to 1
2026-07-15 22:59:36.682 9 INFO neutron.wsgi [-] 10.0.0.25 "GET / HTTP/1.1" status: 200 len: 247 time: 0.0014479
2026-07-15 22:59:36.684 9 INFO neutron.wsgi [-] 10.0.0.25 "GET / HTTP/1.1" status: 200 len: 247 time: 0.0009148
2026-07-15 22:59:37.062 9 INFO neutron.plugins.ml2.drivers.ovn.mech_driver.mech_driver [None req-c2740de3-9fdc-4af1-8deb-8479581be0bc - - - - - -] OVN reports status up for port: 62976781-47c3-4158-a3bb-4b06a774a088
2026-07-15 22:59:37.084 9 INFO neutron.plugins.ml2.drivers.ovn.mech_driver.ovsdb.ovsdb_monitor [None req-1ae8d785-5e4f-42a6-88de-b85d008ceb67 - - - - - -] Router e0329304-d6ed-4cac-9931-7ef9cb130401 is bound to host instance
2026-07-15 22:59:37.086 9 INFO neutron.plugins.ml2.plugin [None req-c2740de3-9fdc-4af1-8deb-8479581be0bc - - - - - -] Attempt 1 to provision port 62976781-47c3-4158-a3bb-4b06a774a088
2026-07-15 22:59:37.101 10 INFO neutron.db.ovn_revision_numbers_db [None req-10e4dd3e-bd00-4f56-8c88-a1cd3152f7a1 3d3a7022022542b28522a7df1ae6f07a 8ffce727ee354c99ac91b56cd319ff3c - - default default] Successfully bumped revision number for resource 62976781-47c3-4158-a3bb-4b06a774a088 (type: router_ports) to 1
2026-07-15 22:59:37.166 10 INFO neutron.db.ovn_revision_numbers_db [None req-10e4dd3e-bd00-4f56-8c88-a1cd3152f7a1 3d3a7022022542b28522a7df1ae6f07a 8ffce727ee354c99ac91b56cd319ff3c - - default default] Successfully bumped revision number for resource e0329304-d6ed-4cac-9931-7ef9cb130401 (type: routers) to 2
2026-07-15 22:59:37.184 10 INFO neutron.wsgi [None req-10e4dd3e-bd00-4f56-8c88-a1cd3152f7a1 3d3a7022022542b28522a7df1ae6f07a 8ffce727ee354c99ac91b56cd319ff3c - - default default] 10.0.0.216 "POST /v2.0/routers HTTP/1.1" status: 201 len: 865 time: 1.7494540
2026-07-15 22:59:37.666 9 INFO neutron.db.ovn_revision_numbers_db [None req-1ae8d785-5e4f-42a6-88de-b85d008ceb67 - - - - - -] Successfully bumped revision number for resource 62976781-47c3-4158-a3bb-4b06a774a088 (type: ports) to 1
2026-07-15 22:59:37.772 10 WARNING neutron.scheduler.dhcp_agent_scheduler [None req-d484d256-ab53-4abb-b0fe-c1b0d71e64ed 3d3a7022022542b28522a7df1ae6f07a 8ffce727ee354c99ac91b56cd319ff3c - - default default] No more DHCP agents
2026-07-15 22:59:37.774 10 WARNING neutron.api.rpc.agentnotifiers.dhcp_rpc_agent_api [None req-d484d256-ab53-4abb-b0fe-c1b0d71e64ed 3d3a7022022542b28522a7df1ae6f07a 8ffce727ee354c99ac91b56cd319ff3c - - default default] Unable to schedule network 62ccd2fe-d2b6-4800-85d1-58f525e4920a: no agents available; will retry on subsequent port and subnet creation events.
2026-07-15 22:59:37.908 9 INFO neutron.db.ovn_revision_numbers_db [None req-1ae8d785-5e4f-42a6-88de-b85d008ceb67 - - - - - -] Successfully bumped revision number for resource 62976781-47c3-4158-a3bb-4b06a774a088 (type: router_ports) to 3
2026-07-15 22:59:37.932 10 INFO neutron.db.ovn_revision_numbers_db [None req-d484d256-ab53-4abb-b0fe-c1b0d71e64ed 3d3a7022022542b28522a7df1ae6f07a 8ffce727ee354c99ac91b56cd319ff3c - - default default] Successfully bumped revision number for resource b868d75c-1548-46e6-84a9-6a48ba83bb67 (type: ports) to 1
2026-07-15 22:59:38.063 9 INFO neutron.db.ovn_revision_numbers_db [None req-1ae8d785-5e4f-42a6-88de-b85d008ceb67 - - - - - -] Successfully bumped revision number for resource 62976781-47c3-4158-a3bb-4b06a774a088 (type: ports) to 2
2026-07-15 22:59:38.328 9 INFO neutron.db.ovn_revision_numbers_db [None req-1ae8d785-5e4f-42a6-88de-b85d008ceb67 - - - - - -] Successfully bumped revision number for resource 62976781-47c3-4158-a3bb-4b06a774a088 (type: ports) to 4
2026-07-15 22:59:38.458 10 INFO neutron.plugins.ml2.drivers.ovn.mech_driver.mech_driver [None req-cd3b2352-ef9d-4b0d-b87f-52edbcc52025 - - - - - -] OVN reports status up for port: b868d75c-1548-46e6-84a9-6a48ba83bb67
2026-07-15 22:59:38.474 10 INFO neutron.plugins.ml2.plugin [None req-cd3b2352-ef9d-4b0d-b87f-52edbcc52025 - - - - - -] Attempt 1 to provision port b868d75c-1548-46e6-84a9-6a48ba83bb67
2026-07-15 22:59:38.499 10 INFO neutron.db.ovn_revision_numbers_db [None req-d484d256-ab53-4abb-b0fe-c1b0d71e64ed 3d3a7022022542b28522a7df1ae6f07a 8ffce727ee354c99ac91b56cd319ff3c - - default default] Successfully bumped revision number for resource b868d75c-1548-46e6-84a9-6a48ba83bb67 (type: router_ports) to 1
2026-07-15 22:59:38.613 9 INFO neutron.db.ovn_revision_numbers_db [None req-1ae8d785-5e4f-42a6-88de-b85d008ceb67 - - - - - -] Successfully bumped revision number for resource 62976781-47c3-4158-a3bb-4b06a774a088 (type: router_ports) to 4
2026-07-15 22:59:38.758 10 INFO neutron.db.ovn_revision_numbers_db [None req-d484d256-ab53-4abb-b0fe-c1b0d71e64ed 3d3a7022022542b28522a7df1ae6f07a 8ffce727ee354c99ac91b56cd319ff3c - - default default] Successfully bumped revision number for resource b868d75c-1548-46e6-84a9-6a48ba83bb67 (type: ports) to 1
2026-07-15 22:59:38.865 10 WARNING neutron.scheduler.dhcp_agent_scheduler [None req-d484d256-ab53-4abb-b0fe-c1b0d71e64ed 3d3a7022022542b28522a7df1ae6f07a 8ffce727ee354c99ac91b56cd319ff3c - - default default] No more DHCP agents
2026-07-15 22:59:38.866 10 WARNING neutron.api.rpc.agentnotifiers.dhcp_rpc_agent_api [None req-d484d256-ab53-4abb-b0fe-c1b0d71e64ed 3d3a7022022542b28522a7df1ae6f07a 8ffce727ee354c99ac91b56cd319ff3c - - default default] Unable to schedule network 62ccd2fe-d2b6-4800-85d1-58f525e4920a: no agents available; will retry on subsequent port and subnet creation events.
2026-07-15 22:59:38.890 10 INFO neutron.db.ovn_revision_numbers_db [None req-cd3b2352-ef9d-4b0d-b87f-52edbcc52025 - - - - - -] Successfully bumped revision number for resource b868d75c-1548-46e6-84a9-6a48ba83bb67 (type: ports) to 2
2026-07-15 22:59:39.079 10 INFO neutron.db.ovn_revision_numbers_db [None req-cd3b2352-ef9d-4b0d-b87f-52edbcc52025 - - - - - -] Successfully bumped revision number for resource b868d75c-1548-46e6-84a9-6a48ba83bb67 (type: router_ports) to 2
2026-07-15 22:59:39.257 10 INFO neutron.db.ovn_revision_numbers_db [None req-d484d256-ab53-4abb-b0fe-c1b0d71e64ed 3d3a7022022542b28522a7df1ae6f07a 8ffce727ee354c99ac91b56cd319ff3c - - default default] Successfully bumped revision number for resource b868d75c-1548-46e6-84a9-6a48ba83bb67 (type: router_ports) to 2
2026-07-15 22:59:39.260 10 INFO neutron.wsgi [None req-d484d256-ab53-4abb-b0fe-c1b0d71e64ed 3d3a7022022542b28522a7df1ae6f07a 8ffce727ee354c99ac91b56cd319ff3c - - default default] 10.0.0.216 "PUT /v2.0/routers/e0329304-d6ed-4cac-9931-7ef9cb130401/add_router_interface HTTP/1.1" status: 200 len: 503 time: 2.0617828
2026-07-15 22:59:39.808 10 WARNING neutron.scheduler.dhcp_agent_scheduler [None req-661f4e49-f386-4ac9-8f42-8eeed968f360 3d3a7022022542b28522a7df1ae6f07a 8ffce727ee354c99ac91b56cd319ff3c - - default default] No more DHCP agents
2026-07-15 22:59:39.812 10 WARNING neutron.api.rpc.agentnotifiers.dhcp_rpc_agent_api [None req-661f4e49-f386-4ac9-8f42-8eeed968f360 3d3a7022022542b28522a7df1ae6f07a 8ffce727ee354c99ac91b56cd319ff3c - - default default] Unable to schedule network 7a774c76-5041-4ab4-aa60-3fe940d6426c: no agents available; will retry on subsequent port and subnet creation events.
2026-07-15 22:59:39.940 9 INFO neutron.db.ovn_revision_numbers_db [None req-60c5e82c-76a3-4646-b985-8f2727c88228 f87e9853fd7e48198a84815d6a55813d 3e4c91bedd27415d8625dfe93d4a11c7 - - default default] Successfully bumped revision number for resource 85cfab78-2380-4813-b76f-f3a01d30ef8e (type: security_groups) to 1
2026-07-15 22:59:39.956 9 INFO neutron.db.ovn_revision_numbers_db [None req-60c5e82c-76a3-4646-b985-8f2727c88228 f87e9853fd7e48198a84815d6a55813d 3e4c91bedd27415d8625dfe93d4a11c7 - - default default] Successfully bumped revision number for resource 40cca68c-bcc0-4f63-8eec-d4e12b2ff2a1 (type: security_group_rules) to 0
2026-07-15 22:59:39.972 9 INFO neutron.db.ovn_revision_numbers_db [None req-60c5e82c-76a3-4646-b985-8f2727c88228 f87e9853fd7e48198a84815d6a55813d 3e4c91bedd27415d8625dfe93d4a11c7 - - default default] Successfully bumped revision number for resource 863cbd40-1407-4ac1-9aca-5cbe29f82136 (type: security_group_rules) to 0
2026-07-15 22:59:39.986 9 INFO neutron.db.ovn_revision_numbers_db [None req-60c5e82c-76a3-4646-b985-8f2727c88228 f87e9853fd7e48198a84815d6a55813d 3e4c91bedd27415d8625dfe93d4a11c7 - - default default] Successfully bumped revision number for resource 96addebb-4f1a-4776-8ab0-4f712819488f (type: security_group_rules) to 0
2026-07-15 22:59:39.992 10 INFO neutron.db.ovn_revision_numbers_db [None req-661f4e49-f386-4ac9-8f42-8eeed968f360 3d3a7022022542b28522a7df1ae6f07a 8ffce727ee354c99ac91b56cd319ff3c - - default default] Successfully bumped revision number for resource 1a66432d-77ea-4b31-8177-016628f485d4 (type: ports) to 1
2026-07-15 22:59:40.001 9 INFO neutron.db.ovn_revision_numbers_db [None req-60c5e82c-76a3-4646-b985-8f2727c88228 f87e9853fd7e48198a84815d6a55813d 3e4c91bedd27415d8625dfe93d4a11c7 - - default default] Successfully bumped revision number for resource d39d9ebd-2e2c-46b5-9c00-c793d18a0e0d (type: security_group_rules) to 0
2026-07-15 22:59:40.053 9 INFO neutron.db.segments_db [None req-60c5e82c-76a3-4646-b985-8f2727c88228 f87e9853fd7e48198a84815d6a55813d 3e4c91bedd27415d8625dfe93d4a11c7 - - default default] Added segment d5c90c33-5b7a-42f2-89c1-411483bb22a6 of type geneve for network 61dc11fa-20ea-47e6-9a6a-237b20a0320b
2026-07-15 22:59:40.217 9 INFO neutron.db.ovn_revision_numbers_db [None req-60c5e82c-76a3-4646-b985-8f2727c88228 f87e9853fd7e48198a84815d6a55813d 3e4c91bedd27415d8625dfe93d4a11c7 - - default default] Successfully bumped revision number for resource 61dc11fa-20ea-47e6-9a6a-237b20a0320b (type: networks) to 1
2026-07-15 22:59:40.397 9 WARNING neutron.scheduler.dhcp_agent_scheduler [None req-60c5e82c-76a3-4646-b985-8f2727c88228 f87e9853fd7e48198a84815d6a55813d 3e4c91bedd27415d8625dfe93d4a11c7 - - default default] No more DHCP agents
2026-07-15 22:59:40.400 9 WARNING neutron.api.rpc.agentnotifiers.dhcp_rpc_agent_api [None req-60c5e82c-76a3-4646-b985-8f2727c88228 f87e9853fd7e48198a84815d6a55813d 3e4c91bedd27415d8625dfe93d4a11c7 - - default default] Unable to schedule network 61dc11fa-20ea-47e6-9a6a-237b20a0320b: no agents available; will retry on subsequent port and subnet creation events.
2026-07-15 22:59:40.480 9 INFO neutron.db.ovn_revision_numbers_db [None req-60c5e82c-76a3-4646-b985-8f2727c88228 f87e9853fd7e48198a84815d6a55813d 3e4c91bedd27415d8625dfe93d4a11c7 - - default default] Successfully bumped revision number for resource 7477c15a-96aa-4a02-84db-ce6f8c56d8fb (type: ports) to 1
2026-07-15 22:59:40.500 9 INFO neutron.wsgi [None req-60c5e82c-76a3-4646-b985-8f2727c88228 f87e9853fd7e48198a84815d6a55813d 3e4c91bedd27415d8625dfe93d4a11c7 - - default default] 10.0.0.216 "POST /v2.0/networks HTTP/1.1" status: 201 len: 928 time: 0.9404223
2026-07-15 22:59:40.871 10 INFO neutron.db.ovn_revision_numbers_db [None req-661f4e49-f386-4ac9-8f42-8eeed968f360 3d3a7022022542b28522a7df1ae6f07a 8ffce727ee354c99ac91b56cd319ff3c - - default default] Successfully bumped revision number for resource 1a66432d-77ea-4b31-8177-016628f485d4 (type: router_ports) to 1
2026-07-15 22:59:40.892 9 WARNING neutron.scheduler.dhcp_agent_scheduler [None req-018abb07-3dc9-4c34-8750-dc4700edef6e f87e9853fd7e48198a84815d6a55813d 3e4c91bedd27415d8625dfe93d4a11c7 - - default default] No more DHCP agents
2026-07-15 22:59:40.894 9 WARNING neutron.api.rpc.agentnotifiers.dhcp_rpc_agent_api [None req-018abb07-3dc9-4c34-8750-dc4700edef6e f87e9853fd7e48198a84815d6a55813d 3e4c91bedd27415d8625dfe93d4a11c7 - - default default] Unable to schedule network 61dc11fa-20ea-47e6-9a6a-237b20a0320b: no agents available; will retry on subsequent port and subnet creation events.
2026-07-15 22:59:41.049 10 INFO neutron.db.ovn_revision_numbers_db [None req-661f4e49-f386-4ac9-8f42-8eeed968f360 3d3a7022022542b28522a7df1ae6f07a 8ffce727ee354c99ac91b56cd319ff3c - - default default] Successfully bumped revision number for resource 1a66432d-77ea-4b31-8177-016628f485d4 (type: ports) to 1
2026-07-15 22:59:41.117 10 WARNING neutron.scheduler.dhcp_agent_scheduler [None req-661f4e49-f386-4ac9-8f42-8eeed968f360 3d3a7022022542b28522a7df1ae6f07a 8ffce727ee354c99ac91b56cd319ff3c - - default default] No more DHCP agents
2026-07-15 22:59:41.119 10 WARNING neutron.api.rpc.agentnotifiers.dhcp_rpc_agent_api [None req-661f4e49-f386-4ac9-8f42-8eeed968f360 3d3a7022022542b28522a7df1ae6f07a 8ffce727ee354c99ac91b56cd319ff3c - - default default] Unable to schedule network 7a774c76-5041-4ab4-aa60-3fe940d6426c: no agents available; will retry on subsequent port and subnet creation events.
2026-07-15 22:59:41.414 9 INFO neutron.db.ovn_revision_numbers_db [None req-018abb07-3dc9-4c34-8750-dc4700edef6e f87e9853fd7e48198a84815d6a55813d 3e4c91bedd27415d8625dfe93d4a11c7 - - default default] Successfully bumped revision number for resource 7477c15a-96aa-4a02-84db-ce6f8c56d8fb (type: ports) to 2
2026-07-15 22:59:41.453 9 INFO neutron.db.ovn_revision_numbers_db [None req-018abb07-3dc9-4c34-8750-dc4700edef6e f87e9853fd7e48198a84815d6a55813d 3e4c91bedd27415d8625dfe93d4a11c7 - - default default] Successfully bumped revision number for resource d45ed73b-201d-4bf9-8387-926b074a34cd (type: subnets) to 0
2026-07-15 22:59:41.458 10 INFO neutron.db.ovn_revision_numbers_db [None req-661f4e49-f386-4ac9-8f42-8eeed968f360 3d3a7022022542b28522a7df1ae6f07a 8ffce727ee354c99ac91b56cd319ff3c - - default default] Successfully bumped revision number for resource 1a66432d-77ea-4b31-8177-016628f485d4 (type: router_ports) to 1
2026-07-15 22:59:41.460 10 INFO neutron.wsgi [None req-661f4e49-f386-4ac9-8f42-8eeed968f360 3d3a7022022542b28522a7df1ae6f07a 8ffce727ee354c99ac91b56cd319ff3c - - default default] 10.0.0.216 "PUT /v2.0/routers/e0329304-d6ed-4cac-9931-7ef9cb130401/add_router_interface HTTP/1.1" status: 200 len: 503 time: 2.1931791
2026-07-15 22:59:41.470 9 INFO neutron.wsgi [None req-018abb07-3dc9-4c34-8750-dc4700edef6e f87e9853fd7e48198a84815d6a55813d 3e4c91bedd27415d8625dfe93d4a11c7 - - default default] 10.0.0.216 "POST /v2.0/subnets HTTP/1.1" status: 201 len: 819 time: 0.9645422
2026-07-15 22:59:41.495 10 WARNING neutron.api.v2.base [None req-def5b314-fcbf-490e-8802-0eef1fd72ae9 f87e9853fd7e48198a84815d6a55813d 3e4c91bedd27415d8625dfe93d4a11c7 - - default default] An exception happened while processing the request body. The exception message is [Invalid input for target_tenant. Reason: 'None' is not a valid string.].: webob.exc.HTTPBadRequest: Invalid input for target_tenant. Reason: 'None' is not a valid string.
2026-07-15 22:59:41.496 10 INFO neutron.api.v2.resource [None req-def5b314-fcbf-490e-8802-0eef1fd72ae9 f87e9853fd7e48198a84815d6a55813d 3e4c91bedd27415d8625dfe93d4a11c7 - - default default] create failed (client error): Invalid input for target_tenant. Reason: 'None' is not a valid string.
2026-07-15 22:59:41.497 10 INFO neutron.wsgi [None req-def5b314-fcbf-490e-8802-0eef1fd72ae9 f87e9853fd7e48198a84815d6a55813d 3e4c91bedd27415d8625dfe93d4a11c7 - - default default] 10.0.0.216 "POST /v2.0/rbac-policies HTTP/1.1" status: 400 len: 346 time: 0.0096514
2026-07-15 22:59:42.117 10 WARNING neutron.scheduler.dhcp_agent_scheduler [None req-bbfef6b1-1122-49a7-9735-32feb4e2bfb4 3d3a7022022542b28522a7df1ae6f07a 8ffce727ee354c99ac91b56cd319ff3c - - default default] No more DHCP agents
2026-07-15 22:59:42.121 10 WARNING neutron.api.rpc.agentnotifiers.dhcp_rpc_agent_api [None req-bbfef6b1-1122-49a7-9735-32feb4e2bfb4 3d3a7022022542b28522a7df1ae6f07a 8ffce727ee354c99ac91b56cd319ff3c - - default default] Unable to schedule network 58c34c5f-500a-492f-a69d-f87768e2f22d: no agents available; will retry on subsequent port and subnet creation events.
2026-07-15 22:59:42.210 10 INFO neutron.services.segments.plugin [-] Segment d5c90c33-5b7a-42f2-89c1-411483bb22a6 resource provider aggregate not found
2026-07-15 22:59:42.217 10 INFO neutron.services.segments.plugin [-] Segment d5c90c33-5b7a-42f2-89c1-411483bb22a6 resource provider aggregate not found
2026-07-15 22:59:42.228 10 INFO neutron.services.segments.plugin [-] Segment d5c90c33-5b7a-42f2-89c1-411483bb22a6 resource provider not found; error: Placement Client Error (4xx): {"errors": [{"status": 404, "title": "Not Found", "detail": "The resource could not be found.\n\n No resource provider with uuid d5c90c33-5b7a-42f2-89c1-411483bb22a6 found for delete ", "request_id": "req-35fea6e3-aa74-4fef-94ab-06106dcc622e"}]}
2026-07-15 22:59:42.240 10 INFO neutron.services.segments.plugin [-] Segment d5c90c33-5b7a-42f2-89c1-411483bb22a6 resource provider not found; error: Placement Client Error (4xx): {"errors": [{"status": 404, "title": "Not Found", "detail": "The resource could not be found.\n\n No resource provider with uuid d5c90c33-5b7a-42f2-89c1-411483bb22a6 found for delete ", "request_id": "req-6c54b797-5e18-4e1e-9b2c-ac87ec5a557b"}]}
2026-07-15 22:59:42.264 10 INFO neutron.wsgi [None req-d2747373-57b6-49ae-8bd6-7a282c5dcc7f f87e9853fd7e48198a84815d6a55813d 3e4c91bedd27415d8625dfe93d4a11c7 - - default default] 10.0.0.216 "DELETE /v2.0/networks/61dc11fa-20ea-47e6-9a6a-237b20a0320b HTTP/1.1" status: 204 len: 168 time: 0.7641609
2026-07-15 22:59:42.352 10 INFO neutron.db.ovn_revision_numbers_db [None req-bbfef6b1-1122-49a7-9735-32feb4e2bfb4 3d3a7022022542b28522a7df1ae6f07a 8ffce727ee354c99ac91b56cd319ff3c - - default default] Successfully bumped revision number for resource 539b2f83-bd71-4068-a999-1f5975ab0546 (type: ports) to 1
2026-07-15 22:59:42.379 9 INFO neutron.db.segments_db [None req-eda77c3d-f527-4259-acfb-f0a21b10ddfa f87e9853fd7e48198a84815d6a55813d 3e4c91bedd27415d8625dfe93d4a11c7 - - default default] Added segment 7c7bf62c-150b-4e8f-b388-b8df0e7dc701 of type geneve for network 523cd7d0-2f21-4f2b-aad0-ce51adce17e1
2026-07-15 22:59:42.513 9 INFO neutron.db.ovn_revision_numbers_db [None req-eda77c3d-f527-4259-acfb-f0a21b10ddfa f87e9853fd7e48198a84815d6a55813d 3e4c91bedd27415d8625dfe93d4a11c7 - - default default] Successfully bumped revision number for resource 523cd7d0-2f21-4f2b-aad0-ce51adce17e1 (type: networks) to 1
2026-07-15 22:59:42.672 9 WARNING neutron.scheduler.dhcp_agent_scheduler [None req-eda77c3d-f527-4259-acfb-f0a21b10ddfa f87e9853fd7e48198a84815d6a55813d 3e4c91bedd27415d8625dfe93d4a11c7 - - default default] No more DHCP agents
2026-07-15 22:59:42.675 9 WARNING neutron.api.rpc.agentnotifiers.dhcp_rpc_agent_api [None req-eda77c3d-f527-4259-acfb-f0a21b10ddfa f87e9853fd7e48198a84815d6a55813d 3e4c91bedd27415d8625dfe93d4a11c7 - - default default] Unable to schedule network 523cd7d0-2f21-4f2b-aad0-ce51adce17e1: no agents available; will retry on subsequent port and subnet creation events.
2026-07-15 22:59:42.744 9 INFO neutron.db.ovn_revision_numbers_db [None req-eda77c3d-f527-4259-acfb-f0a21b10ddfa f87e9853fd7e48198a84815d6a55813d 3e4c91bedd27415d8625dfe93d4a11c7 - - default default] Successfully bumped revision number for resource 0e21dc60-d360-4fca-a747-807a40df047e (type: ports) to 1
2026-07-15 22:59:42.764 9 INFO neutron.wsgi [None req-eda77c3d-f527-4259-acfb-f0a21b10ddfa f87e9853fd7e48198a84815d6a55813d 3e4c91bedd27415d8625dfe93d4a11c7 - - default default] 10.0.0.216 "POST /v2.0/networks HTTP/1.1" status: 201 len: 929 time: 0.4885671
2026-07-15 22:59:42.922 9 WARNING neutron.scheduler.dhcp_agent_scheduler [None req-4d201bcd-156e-4139-9b5d-6f8613ad0c56 f87e9853fd7e48198a84815d6a55813d 3e4c91bedd27415d8625dfe93d4a11c7 - - default default] No more DHCP agents
2026-07-15 22:59:42.925 9 WARNING neutron.api.rpc.agentnotifiers.dhcp_rpc_agent_api [None req-4d201bcd-156e-4139-9b5d-6f8613ad0c56 f87e9853fd7e48198a84815d6a55813d 3e4c91bedd27415d8625dfe93d4a11c7 - - default default] Unable to schedule network 523cd7d0-2f21-4f2b-aad0-ce51adce17e1: no agents available; will retry on subsequent port and subnet creation events.
2026-07-15 22:59:42.964 10 INFO neutron.db.ovn_revision_numbers_db [None req-bbfef6b1-1122-49a7-9735-32feb4e2bfb4 3d3a7022022542b28522a7df1ae6f07a 8ffce727ee354c99ac91b56cd319ff3c - - default default] Successfully bumped revision number for resource 539b2f83-bd71-4068-a999-1f5975ab0546 (type: router_ports) to 1
2026-07-15 22:59:43.111 10 INFO neutron.db.ovn_revision_numbers_db [None req-bbfef6b1-1122-49a7-9735-32feb4e2bfb4 3d3a7022022542b28522a7df1ae6f07a 8ffce727ee354c99ac91b56cd319ff3c - - default default] Successfully bumped revision number for resource 539b2f83-bd71-4068-a999-1f5975ab0546 (type: ports) to 1
2026-07-15 22:59:43.174 10 WARNING neutron.scheduler.dhcp_agent_scheduler [None req-bbfef6b1-1122-49a7-9735-32feb4e2bfb4 3d3a7022022542b28522a7df1ae6f07a 8ffce727ee354c99ac91b56cd319ff3c - - default default] No more DHCP agents
2026-07-15 22:59:43.175 10 WARNING neutron.api.rpc.agentnotifiers.dhcp_rpc_agent_api [None req-bbfef6b1-1122-49a7-9735-32feb4e2bfb4 3d3a7022022542b28522a7df1ae6f07a 8ffce727ee354c99ac91b56cd319ff3c - - default default] Unable to schedule network 58c34c5f-500a-492f-a69d-f87768e2f22d: no agents available; will retry on subsequent port and subnet creation events.
2026-07-15 22:59:43.384 9 INFO neutron.db.ovn_revision_numbers_db [None req-4d201bcd-156e-4139-9b5d-6f8613ad0c56 f87e9853fd7e48198a84815d6a55813d 3e4c91bedd27415d8625dfe93d4a11c7 - - default default] Successfully bumped revision number for resource 0e21dc60-d360-4fca-a747-807a40df047e (type: ports) to 2
2026-07-15 22:59:43.414 9 INFO neutron.db.ovn_revision_numbers_db [None req-4d201bcd-156e-4139-9b5d-6f8613ad0c56 f87e9853fd7e48198a84815d6a55813d 3e4c91bedd27415d8625dfe93d4a11c7 - - default default] Successfully bumped revision number for resource 3d76fead-64f0-4e67-837d-4800e0295092 (type: subnets) to 0
2026-07-15 22:59:43.428 9 INFO neutron.wsgi [None req-4d201bcd-156e-4139-9b5d-6f8613ad0c56 f87e9853fd7e48198a84815d6a55813d 3e4c91bedd27415d8625dfe93d4a11c7 - - default default] 10.0.0.216 "POST /v2.0/subnets HTTP/1.1" status: 201 len: 822 time: 0.6592247
2026-07-15 22:59:43.439 9 WARNING neutron.api.v2.base [None req-e8003544-96e8-4fa0-b543-9d584e3904e5 f87e9853fd7e48198a84815d6a55813d 3e4c91bedd27415d8625dfe93d4a11c7 - - default default] An exception happened while processing the request body. The exception message is [Invalid input for target_tenant. Reason: '1234123412341234123412341234123412341234123412341234123412341234123412341234123412341234123412341234123412341234123412341234123412341234123412341234123412341234123412341234123412341234123412341234123412341234123412341234123412341234123412341234123412341234123412341234123412341234123412341234123412341234123412341234123412341234123412341234123412341234123412341234123412341234123412341234123412341234' exceeds maximum length of 255.].: webob.exc.HTTPBadRequest: Invalid input for target_tenant. Reason: '1234123412341234123412341234123412341234123412341234123412341234123412341234123412341234123412341234123412341234123412341234123412341234123412341234123412341234123412341234123412341234123412341234123412341234123412341234123412341234123412341234123412341234123412341234123412341234123412341234123412341234123412341234123412341234123412341234123412341234123412341234123412341234123412341234123412341234' exceeds maximum length of 255.
2026-07-15 22:59:43.440 9 INFO neutron.api.v2.resource [None req-e8003544-96e8-4fa0-b543-9d584e3904e5 f87e9853fd7e48198a84815d6a55813d 3e4c91bedd27415d8625dfe93d4a11c7 - - default default] create failed (client error): Invalid input for target_tenant. Reason: '1234123412341234123412341234123412341234123412341234123412341234123412341234123412341234123412341234123412341234123412341234123412341234123412341234123412341234123412341234123412341234123412341234123412341234123412341234123412341234123412341234123412341234123412341234123412341234123412341234123412341234123412341234123412341234123412341234123412341234123412341234123412341234123412341234123412341234' exceeds maximum length of 255.
2026-07-15 22:59:43.442 9 INFO neutron.wsgi [None req-e8003544-96e8-4fa0-b543-9d584e3904e5 f87e9853fd7e48198a84815d6a55813d 3e4c91bedd27415d8625dfe93d4a11c7 - - default default] 10.0.0.216 "POST /v2.0/rbac-policies HTTP/1.1" status: 400 len: 750 time: 0.0072565
2026-07-15 22:59:43.488 10 INFO neutron.db.ovn_revision_numbers_db [None req-bbfef6b1-1122-49a7-9735-32feb4e2bfb4 3d3a7022022542b28522a7df1ae6f07a 8ffce727ee354c99ac91b56cd319ff3c - - default default] Successfully bumped revision number for resource 539b2f83-bd71-4068-a999-1f5975ab0546 (type: router_ports) to 1
2026-07-15 22:59:43.491 10 INFO neutron.wsgi [None req-bbfef6b1-1122-49a7-9735-32feb4e2bfb4 3d3a7022022542b28522a7df1ae6f07a 8ffce727ee354c99ac91b56cd319ff3c - - default default] 10.0.0.216 "PUT /v2.0/routers/e0329304-d6ed-4cac-9931-7ef9cb130401/add_router_interface HTTP/1.1" status: 200 len: 503 time: 2.0246735
2026-07-15 22:59:43.692 9 INFO neutron.db.ovn_revision_numbers_db [None req-d97c8669-d750-4d52-bc0f-729c3bb476db 3d3a7022022542b28522a7df1ae6f07a 8ffce727ee354c99ac91b56cd319ff3c - - default default] Successfully bumped revision number for resource 21edd4f1-ffc8-4f41-8574-745ed18a5a0d (type: security_groups) to 1
2026-07-15 22:59:43.716 9 INFO neutron.db.ovn_revision_numbers_db [None req-d97c8669-d750-4d52-bc0f-729c3bb476db 3d3a7022022542b28522a7df1ae6f07a 8ffce727ee354c99ac91b56cd319ff3c - - default default] Successfully bumped revision number for resource 804567c5-2cfd-4b57-b03b-048995fecaed (type: security_group_rules) to 0
2026-07-15 22:59:43.731 9 INFO neutron.db.ovn_revision_numbers_db [None req-d97c8669-d750-4d52-bc0f-729c3bb476db 3d3a7022022542b28522a7df1ae6f07a 8ffce727ee354c99ac91b56cd319ff3c - - default default] Successfully bumped revision number for resource ad0ab7a2-5520-4b15-bd71-4bb5213772b6 (type: security_group_rules) to 0
2026-07-15 22:59:43.751 9 INFO neutron.wsgi [None req-d97c8669-d750-4d52-bc0f-729c3bb476db 3d3a7022022542b28522a7df1ae6f07a 8ffce727ee354c99ac91b56cd319ff3c - - default default] 10.0.0.216 "POST /v2.0/security-groups HTTP/1.1" status: 201 len: 1766 time: 0.2045522
2026-07-15 22:59:43.893 10 INFO neutron.db.ovn_revision_numbers_db [None req-4294e178-0340-4cc7-8572-2f2d0793188b 3d3a7022022542b28522a7df1ae6f07a 8ffce727ee354c99ac91b56cd319ff3c - - default default] Successfully bumped revision number for resource 8c557a25-d95b-42a1-bbc3-d59c20cfc207 (type: security_group_rules) to 0
2026-07-15 22:59:43.920 10 INFO neutron.wsgi [None req-4294e178-0340-4cc7-8572-2f2d0793188b 3d3a7022022542b28522a7df1ae6f07a 8ffce727ee354c99ac91b56cd319ff3c - - default default] 10.0.0.216 "POST /v2.0/security-group-rules HTTP/1.1" status: 201 len: 764 time: 0.1637285
2026-07-15 22:59:43.945 9 INFO neutron.services.segments.plugin [-] Segment 7c7bf62c-150b-4e8f-b388-b8df0e7dc701 resource provider aggregate not found
2026-07-15 22:59:43.949 9 INFO neutron.services.segments.plugin [-] Segment 7c7bf62c-150b-4e8f-b388-b8df0e7dc701 resource provider aggregate not found
2026-07-15 22:59:43.960 9 INFO neutron.services.segments.plugin [-] Segment 7c7bf62c-150b-4e8f-b388-b8df0e7dc701 resource provider not found; error: Placement Client Error (4xx): {"errors": [{"status": 404, "title": "Not Found", "detail": "The resource could not be found.\n\n No resource provider with uuid 7c7bf62c-150b-4e8f-b388-b8df0e7dc701 found for delete ", "request_id": "req-7f543fa4-5611-4146-8119-5565c6d97e50"}]}
2026-07-15 22:59:43.961 9 INFO neutron.services.segments.plugin [-] Segment 7c7bf62c-150b-4e8f-b388-b8df0e7dc701 resource provider not found; error: Placement Client Error (4xx): {"errors": [{"status": 404, "title": "Not Found", "detail": "The resource could not be found.\n\n No resource provider with uuid 7c7bf62c-150b-4e8f-b388-b8df0e7dc701 found for delete ", "request_id": "req-c9fcf3c6-dfc1-447b-9c24-3c43ef2d7265"}]}
2026-07-15 22:59:43.981 9 INFO neutron.wsgi [None req-3524bc1e-e53d-4310-826b-5d3f99bf83d2 f87e9853fd7e48198a84815d6a55813d 3e4c91bedd27415d8625dfe93d4a11c7 - - default default] 10.0.0.216 "DELETE /v2.0/networks/523cd7d0-2f21-4f2b-aad0-ce51adce17e1 HTTP/1.1" status: 204 len: 168 time: 0.5340502
2026-07-15 22:59:44.039 10 INFO neutron.db.ovn_revision_numbers_db [None req-525580f5-0250-4c7c-af2e-dfcdb6eae787 3d3a7022022542b28522a7df1ae6f07a 8ffce727ee354c99ac91b56cd319ff3c - - default default] Successfully bumped revision number for resource 4bd5c5f0-5b90-4b79-ad2a-739550e283b8 (type: security_group_rules) to 0
2026-07-15 22:59:44.063 10 INFO neutron.wsgi [None req-525580f5-0250-4c7c-af2e-dfcdb6eae787 3d3a7022022542b28522a7df1ae6f07a 8ffce727ee354c99ac91b56cd319ff3c - - default default] 10.0.0.216 "POST /v2.0/security-group-rules HTTP/1.1" status: 201 len: 764 time: 0.1374533
2026-07-15 22:59:44.064 9 INFO neutron.db.segments_db [None req-0beebef6-5af5-4dc9-8035-ff45bca97148 f87e9853fd7e48198a84815d6a55813d 3e4c91bedd27415d8625dfe93d4a11c7 - - default default] Added segment ad08e9c6-2825-43cc-968d-1a8cc8e07361 of type geneve for network f9ee48e0-8b41-4dea-9cd5-968541cd0f08
2026-07-15 22:59:44.205 9 INFO neutron.db.ovn_revision_numbers_db [None req-0beebef6-5af5-4dc9-8035-ff45bca97148 f87e9853fd7e48198a84815d6a55813d 3e4c91bedd27415d8625dfe93d4a11c7 - - default default] Successfully bumped revision number for resource f9ee48e0-8b41-4dea-9cd5-968541cd0f08 (type: networks) to 1
2026-07-15 22:59:44.235 10 WARNING neutron.plugins.ml2.drivers.ovn.mech_driver.ovsdb.ovn_client [None req-cd3b2352-ef9d-4b0d-b87f-52edbcc52025 - - - - - -] No hosting information found for port b868d75c-1548-46e6-84a9-6a48ba83bb67: RuntimeError: No hosting information found for port b868d75c-1548-46e6-84a9-6a48ba83bb67
2026-07-15 22:59:44.235 10 INFO neutron.plugins.ml2.drivers.ovn.mech_driver.mech_driver [None req-cd3b2352-ef9d-4b0d-b87f-52edbcc52025 - - - - - -] OVN reports status up for port: 1a66432d-77ea-4b31-8177-016628f485d4
2026-07-15 22:59:44.236 9 INFO neutron.db.ovn_revision_numbers_db [None req-835a8ce4-9560-4212-8730-0fea9662c600 3d3a7022022542b28522a7df1ae6f07a 8ffce727ee354c99ac91b56cd319ff3c - - default default] Successfully bumped revision number for resource 82a70689-6f6a-4bdf-9409-06d662c85aa9 (type: security_group_rules) to 0
2026-07-15 22:59:44.245 10 INFO neutron.plugins.ml2.plugin [None req-cd3b2352-ef9d-4b0d-b87f-52edbcc52025 - - - - - -] Attempt 1 to provision port 1a66432d-77ea-4b31-8177-016628f485d4
2026-07-15 22:59:44.272 9 INFO neutron.wsgi [None req-835a8ce4-9560-4212-8730-0fea9662c600 3d3a7022022542b28522a7df1ae6f07a 8ffce727ee354c99ac91b56cd319ff3c - - default default] 10.0.0.216 "POST /v2.0/security-group-rules HTTP/1.1" status: 201 len: 766 time: 0.2042232
2026-07-15 22:59:44.385 9 WARNING neutron.scheduler.dhcp_agent_scheduler [None req-0beebef6-5af5-4dc9-8035-ff45bca97148 f87e9853fd7e48198a84815d6a55813d 3e4c91bedd27415d8625dfe93d4a11c7 - - default default] No more DHCP agents
2026-07-15 22:59:44.389 9 WARNING neutron.api.rpc.agentnotifiers.dhcp_rpc_agent_api [None req-0beebef6-5af5-4dc9-8035-ff45bca97148 f87e9853fd7e48198a84815d6a55813d 3e4c91bedd27415d8625dfe93d4a11c7 - - default default] Unable to schedule network f9ee48e0-8b41-4dea-9cd5-968541cd0f08: no agents available; will retry on subsequent port and subnet creation events.
2026-07-15 22:59:44.443 9 INFO neutron.db.ovn_revision_numbers_db [None req-57e857cf-13ea-407a-9a74-3aafe5e347d3 3d3a7022022542b28522a7df1ae6f07a 8ffce727ee354c99ac91b56cd319ff3c - - default default] Successfully bumped revision number for resource d95dfe84-84c2-4ee8-9fb4-670701a675a0 (type: security_group_rules) to 0
2026-07-15 22:59:44.476 9 INFO neutron.wsgi [None req-57e857cf-13ea-407a-9a74-3aafe5e347d3 3d3a7022022542b28522a7df1ae6f07a 8ffce727ee354c99ac91b56cd319ff3c - - default default] 10.0.0.216 "POST /v2.0/security-group-rules HTTP/1.1" status: 201 len: 768 time: 0.1987109
2026-07-15 22:59:44.477 9 INFO neutron.db.ovn_revision_numbers_db [None req-0beebef6-5af5-4dc9-8035-ff45bca97148 f87e9853fd7e48198a84815d6a55813d 3e4c91bedd27415d8625dfe93d4a11c7 - - default default] Successfully bumped revision number for resource 24beda7a-1943-4bb0-b67b-6761dc1a3ef8 (type: ports) to 1
2026-07-15 22:59:44.502 9 INFO neutron.wsgi [None req-0beebef6-5af5-4dc9-8035-ff45bca97148 f87e9853fd7e48198a84815d6a55813d 3e4c91bedd27415d8625dfe93d4a11c7 - - default default] 10.0.0.216 "POST /v2.0/networks HTTP/1.1" status: 201 len: 928 time: 0.5154402
2026-07-15 22:59:44.544 10 INFO neutron.db.ovn_revision_numbers_db [None req-cd3b2352-ef9d-4b0d-b87f-52edbcc52025 - - - - - -] Successfully bumped revision number for resource 1a66432d-77ea-4b31-8177-016628f485d4 (type: ports) to 2
2026-07-15 22:59:44.589 9 INFO neutron.db.ovn_revision_numbers_db [None req-f2630149-7450-4d0a-8be7-ed989722507c 3d3a7022022542b28522a7df1ae6f07a 8ffce727ee354c99ac91b56cd319ff3c - - default default] Successfully bumped revision number for resource ace1c64f-49ca-4d98-9fd4-05614f34e8b3 (type: security_group_rules) to 0
2026-07-15 22:59:44.611 9 INFO neutron.wsgi [None req-f2630149-7450-4d0a-8be7-ed989722507c 3d3a7022022542b28522a7df1ae6f07a 8ffce727ee354c99ac91b56cd319ff3c - - default default] 10.0.0.216 "POST /v2.0/security-group-rules HTTP/1.1" status: 201 len: 768 time: 0.1305809
2026-07-15 22:59:44.709 10 INFO neutron.db.ovn_revision_numbers_db [None req-cd3b2352-ef9d-4b0d-b87f-52edbcc52025 - - - - - -] Successfully bumped revision number for resource 1a66432d-77ea-4b31-8177-016628f485d4 (type: router_ports) to 2
2026-07-15 22:59:44.728 9 INFO neutron.db.ovn_revision_numbers_db [None req-55be753a-c005-4486-ae1b-cb5140b25f01 3d3a7022022542b28522a7df1ae6f07a 8ffce727ee354c99ac91b56cd319ff3c - - default default] Successfully bumped revision number for resource 92a74b85-858a-4972-a8b8-1cb6e0fb10f0 (type: security_group_rules) to 0
2026-07-15 22:59:44.739 10 WARNING neutron.scheduler.dhcp_agent_scheduler [None req-32b5e21a-e423-406b-906a-03fd175c04c8 f87e9853fd7e48198a84815d6a55813d 3e4c91bedd27415d8625dfe93d4a11c7 - - default default] No more DHCP agents
2026-07-15 22:59:44.741 10 WARNING neutron.api.rpc.agentnotifiers.dhcp_rpc_agent_api [None req-32b5e21a-e423-406b-906a-03fd175c04c8 f87e9853fd7e48198a84815d6a55813d 3e4c91bedd27415d8625dfe93d4a11c7 - - default default] Unable to schedule network f9ee48e0-8b41-4dea-9cd5-968541cd0f08: no agents available; will retry on subsequent port and subnet creation events.
2026-07-15 22:59:44.756 9 INFO neutron.wsgi [None req-55be753a-c005-4486-ae1b-cb5140b25f01 3d3a7022022542b28522a7df1ae6f07a 8ffce727ee354c99ac91b56cd319ff3c - - default default] 10.0.0.216 "POST /v2.0/security-group-rules HTTP/1.1" status: 201 len: 764 time: 0.1386247
2026-07-15 22:59:44.874 9 INFO neutron.db.ovn_revision_numbers_db [None req-6b830959-dd66-4305-bfa1-96b67c7e68d5 3d3a7022022542b28522a7df1ae6f07a 8ffce727ee354c99ac91b56cd319ff3c - - default default] Successfully bumped revision number for resource a5864fb6-7b62-4629-aca7-acbfc5932079 (type: security_group_rules) to 0
2026-07-15 22:59:44.896 9 INFO neutron.wsgi [None req-6b830959-dd66-4305-bfa1-96b67c7e68d5 3d3a7022022542b28522a7df1ae6f07a 8ffce727ee354c99ac91b56cd319ff3c - - default default] 10.0.0.216 "POST /v2.0/security-group-rules HTTP/1.1" status: 201 len: 764 time: 0.1344442
2026-07-15 22:59:45.023 9 INFO neutron.db.ovn_revision_numbers_db [None req-5a9e42f7-86d6-4c11-a0ae-2e1c37dd3e55 3d3a7022022542b28522a7df1ae6f07a 8ffce727ee354c99ac91b56cd319ff3c - - default default] Successfully bumped revision number for resource 174cd75b-db1f-468d-a00f-fae6e7a71b43 (type: security_group_rules) to 0
2026-07-15 22:59:45.044 9 INFO neutron.wsgi [None req-5a9e42f7-86d6-4c11-a0ae-2e1c37dd3e55 3d3a7022022542b28522a7df1ae6f07a 8ffce727ee354c99ac91b56cd319ff3c - - default default] 10.0.0.216 "POST /v2.0/security-group-rules HTTP/1.1" status: 201 len: 764 time: 0.1428773
2026-07-15 22:59:45.162 9 INFO neutron.db.ovn_revision_numbers_db [None req-451e7193-619b-403b-833e-77b64ff81114 3d3a7022022542b28522a7df1ae6f07a 8ffce727ee354c99ac91b56cd319ff3c - - default default] Successfully bumped revision number for resource 917ceb6c-de40-45da-b519-fc9cdf72b17e (type: security_group_rules) to 0
2026-07-15 22:59:45.188 9 INFO neutron.wsgi [None req-451e7193-619b-403b-833e-77b64ff81114 3d3a7022022542b28522a7df1ae6f07a 8ffce727ee354c99ac91b56cd319ff3c - - default default] 10.0.0.216 "POST /v2.0/security-group-rules HTTP/1.1" status: 201 len: 766 time: 0.1380866
2026-07-15 22:59:45.322 9 INFO neutron.db.ovn_revision_numbers_db [None req-3b9f215b-30c9-4244-80f7-7e3aca37ec73 3d3a7022022542b28522a7df1ae6f07a 8ffce727ee354c99ac91b56cd319ff3c - - default default] Successfully bumped revision number for resource 68618055-bc7f-4302-a990-7b9b9b07c560 (type: security_group_rules) to 0
2026-07-15 22:59:45.349 9 INFO neutron.wsgi [None req-3b9f215b-30c9-4244-80f7-7e3aca37ec73 3d3a7022022542b28522a7df1ae6f07a 8ffce727ee354c99ac91b56cd319ff3c - - default default] 10.0.0.216 "POST /v2.0/security-group-rules HTTP/1.1" status: 201 len: 768 time: 0.1552577
2026-07-15 22:59:45.474 9 INFO neutron.db.ovn_revision_numbers_db [None req-59436301-409e-46ed-9c31-ced4d2476931 3d3a7022022542b28522a7df1ae6f07a 8ffce727ee354c99ac91b56cd319ff3c - - default default] Successfully bumped revision number for resource 93820c9b-5941-4771-a9c2-d3ace02ff380 (type: security_group_rules) to 0
2026-07-15 22:59:45.496 9 INFO neutron.wsgi [None req-59436301-409e-46ed-9c31-ced4d2476931 3d3a7022022542b28522a7df1ae6f07a 8ffce727ee354c99ac91b56cd319ff3c - - default default] 10.0.0.216 "POST /v2.0/security-group-rules HTTP/1.1" status: 201 len: 764 time: 0.1418886
2026-07-15 22:59:45.591 10 INFO neutron.db.ovn_revision_numbers_db [None req-32b5e21a-e423-406b-906a-03fd175c04c8 f87e9853fd7e48198a84815d6a55813d 3e4c91bedd27415d8625dfe93d4a11c7 - - default default] Successfully bumped revision number for resource 24beda7a-1943-4bb0-b67b-6761dc1a3ef8 (type: ports) to 2
2026-07-15 22:59:45.623 10 INFO neutron.db.ovn_revision_numbers_db [None req-32b5e21a-e423-406b-906a-03fd175c04c8 f87e9853fd7e48198a84815d6a55813d 3e4c91bedd27415d8625dfe93d4a11c7 - - default default] Successfully bumped revision number for resource 45c22ce9-51af-4656-b81c-e9d05568193b (type: subnets) to 0
2026-07-15 22:59:45.638 10 INFO neutron.wsgi [None req-32b5e21a-e423-406b-906a-03fd175c04c8 f87e9853fd7e48198a84815d6a55813d 3e4c91bedd27415d8625dfe93d4a11c7 - - default default] 10.0.0.216 "POST /v2.0/subnets HTTP/1.1" status: 201 len: 822 time: 1.1293020
2026-07-15 22:59:45.827 10 INFO neutron.wsgi [req-a55c14c7-47d7-4086-bc52-4982a444ac2f req-453c97a5-969f-427a-8609-1f7801f1fb31 3d3a7022022542b28522a7df1ae6f07a 8ffce727ee354c99ac91b56cd319ff3c - - default default] 10.0.0.199 "GET /v2.0/security-groups?name=tempest-lb_member_SG-1108090575&fields=id&tenant_id=8ffce727ee354c99ac91b56cd319ff3c HTTP/1.1" status: 200 len: 267 time: 0.0576308
2026-07-15 22:59:45.917 10 INFO neutron.wsgi [req-a55c14c7-47d7-4086-bc52-4982a444ac2f req-ad2caf26-fe98-43d7-be14-709aa099f646 3d3a7022022542b28522a7df1ae6f07a 8ffce727ee354c99ac91b56cd319ff3c - - default default] 10.0.0.199 "GET /v2.0/networks?id=7a774c76-5041-4ab4-aa60-3fe940d6426c HTTP/1.1" status: 200 len: 903 time: 0.0833511
2026-07-15 22:59:45.951 10 INFO neutron.wsgi [req-a55c14c7-47d7-4086-bc52-4982a444ac2f req-e777ced0-00c5-4670-b73c-81d30e9cce70 3d3a7022022542b28522a7df1ae6f07a 8ffce727ee354c99ac91b56cd319ff3c - - default default] 10.0.0.199 "GET /v2.0/quotas/8ffce727ee354c99ac91b56cd319ff3c HTTP/1.1" status: 200 len: 386 time: 0.0271719
2026-07-15 22:59:46.011 10 INFO neutron.wsgi [None req-285b0e39-269a-45e9-bcbb-cbcdb5b99379 f87e9853fd7e48198a84815d6a55813d 3e4c91bedd27415d8625dfe93d4a11c7 - - default default] 10.0.0.216 "POST /v2.0/rbac-policies HTTP/1.1" status: 201 len: 523 time: 0.3665948
2026-07-15 22:59:46.150 10 INFO neutron.wsgi [req-a55c14c7-47d7-4086-bc52-4982a444ac2f req-73088a3f-109a-45f8-96a9-25f154eafbd8 3d3a7022022542b28522a7df1ae6f07a 8ffce727ee354c99ac91b56cd319ff3c - - default default] 10.0.0.199 "GET /v2.0/ports?tenant_id=8ffce727ee354c99ac91b56cd319ff3c&fields=id HTTP/1.1" status: 200 len: 486 time: 0.1919632
2026-07-15 22:59:46.222 10 INFO neutron.wsgi [req-a55c14c7-47d7-4086-bc52-4982a444ac2f req-2ad6669f-f539-4493-bcd1-94b03948bd0e 020148a245aa457ba8f9ae8eec1f5b74 f4970c914d95420382e7831c1c5a8c46 - - 713730aea4c849d39e19d81e6968278a 713730aea4c849d39e19d81e6968278a] 10.0.0.199 "GET /v2.0/networks/7a774c76-5041-4ab4-aa60-3fe940d6426c?fields=segments HTTP/1.1" status: 200 len: 212 time: 0.0572560
2026-07-15 22:59:46.296 10 INFO neutron.wsgi [req-a55c14c7-47d7-4086-bc52-4982a444ac2f req-2d458329-83f8-4535-9cf6-44456ead6059 020148a245aa457ba8f9ae8eec1f5b74 f4970c914d95420382e7831c1c5a8c46 - - 713730aea4c849d39e19d81e6968278a 713730aea4c849d39e19d81e6968278a] 10.0.0.199 "GET /v2.0/networks/7a774c76-5041-4ab4-aa60-3fe940d6426c?fields=provider%3Aphysical_network&fields=provider%3Anetwork_type HTTP/1.1" status: 200 len: 277 time: 0.0691881
2026-07-15 22:59:46.427 9 INFO neutron.wsgi [req-19263a95-7bd6-4e18-b23e-631f23e61724 req-5cea699a-efa7-458d-ae54-b099d7af55f5 3d3a7022022542b28522a7df1ae6f07a 8ffce727ee354c99ac91b56cd319ff3c - - default default] 10.0.0.199 "GET /v2.0/ports?device_id=cbae58f0-de3e-45fb-ba5b-b6730e63847a HTTP/1.1" status: 200 len: 210 time: 0.0277643
2026-07-15 22:59:46.484 9 INFO neutron.wsgi [None req-71a8ea9f-182d-474c-80df-3378280af18e 6203457a8272439f91d00f87a0a6293d 93e661fb273e4382b11bab6d9498ac2a - - default default] 10.0.0.216 "GET /v2.0/networks/f9ee48e0-8b41-4dea-9cd5-968541cd0f08 HTTP/1.1" status: 200 len: 848 time: 0.1156940
2026-07-15 22:59:46.907 10 INFO neutron.pecan_wsgi.hooks.translation [None req-d36d6dd3-c2b3-4e18-b749-9f1cc7ebc931 37b91f80869e4ddbad6a43758275e0a5 5fca268e49544d86b1586d9666e84ce9 - - default default] GET failed (client error): The resource could not be found.
2026-07-15 22:59:46.908 10 INFO neutron.wsgi [None req-d36d6dd3-c2b3-4e18-b749-9f1cc7ebc931 37b91f80869e4ddbad6a43758275e0a5 5fca268e49544d86b1586d9666e84ce9 - - default default] 10.0.0.216 "GET /v2.0/networks/f9ee48e0-8b41-4dea-9cd5-968541cd0f08 HTTP/1.1" status: 404 len: 339 time: 0.0649188
2026-07-15 22:59:47.129 10 INFO neutron.wsgi [req-a55c14c7-47d7-4086-bc52-4982a444ac2f req-a81620b9-0777-4930-ba4c-00e01f82f51e 3d3a7022022542b28522a7df1ae6f07a 8ffce727ee354c99ac91b56cd319ff3c - - default default] 199.204.45.235 "GET /v2.0/networks?id=7a774c76-5041-4ab4-aa60-3fe940d6426c HTTP/1.1" status: 200 len: 903 time: 0.0891225
2026-07-15 22:59:47.189 10 INFO neutron.wsgi [req-a55c14c7-47d7-4086-bc52-4982a444ac2f req-384d6344-d697-4839-8105-ffd87fc987fa 3d3a7022022542b28522a7df1ae6f07a 8ffce727ee354c99ac91b56cd319ff3c - - default default] 199.204.45.235 "GET /v2.0/security-groups?fields=id&fields=name&tenant_id=8ffce727ee354c99ac91b56cd319ff3c HTTP/1.1" status: 200 len: 378 time: 0.0554066
