2026-07-15 22:56:46.100 10 INFO neutron.wsgi [None req-465f8946-88d3-4306-aaeb-6c7c5a38090a 8b8b6741d84c435a9db3f640b66bc138 ce47a77e07924bd884ac3d7141194ede - - default default] 10.0.0.216 "GET /v2.0/ports?device_id=02442450-dead-491d-b223-deabbd2200dc HTTP/1.1" status: 200 len: 205 time: 0.0185533
2026-07-15 22:56:46.151 9 WARNING neutron.scheduler.dhcp_agent_scheduler [None req-6d188054-d20d-4176-9598-b5e62ab4d84a 9808bc71a986436b8d6746a457649fa5 77a38021297b46ba9b5409e1c711f924 - - default default] No more DHCP agents
2026-07-15 22:56:46.152 9 WARNING neutron.api.rpc.agentnotifiers.dhcp_rpc_agent_api [None req-6d188054-d20d-4176-9598-b5e62ab4d84a 9808bc71a986436b8d6746a457649fa5 77a38021297b46ba9b5409e1c711f924 - - default default] Unable to schedule network 18776f90-8790-474c-9c8d-6321bc81bb00: no agents available; will retry on subsequent port and subnet creation events.
2026-07-15 22:56:46.183 9 INFO neutron.wsgi [None req-b6513746-0e34-41b1-b68e-5e92a58cbbab 35de0566a6494902ba60ea7ea1dfa368 521d54750d3e4bbc8b8179e20f7c2ffa - - default default] 10.0.0.216 "DELETE /v2.0/subnets/afc1bd69-b03a-4524-afc0-608d9202545a HTTP/1.1" status: 204 len: 168 time: 0.2772014
2026-07-15 22:56:46.248 9 INFO neutron.db.ovn_revision_numbers_db [None req-6d188054-d20d-4176-9598-b5e62ab4d84a 9808bc71a986436b8d6746a457649fa5 77a38021297b46ba9b5409e1c711f924 - - default default] Successfully bumped revision number for resource c17c2dcb-9deb-42f0-8b02-0642c242786b (type: ports) to 1
2026-07-15 22:56:46.281 9 INFO neutron.wsgi [None req-6d188054-d20d-4176-9598-b5e62ab4d84a 9808bc71a986436b8d6746a457649fa5 77a38021297b46ba9b5409e1c711f924 - - default default] 10.0.0.216 "POST /v2.0/networks HTTP/1.1" status: 201 len: 1446 time: 1.7062020
2026-07-15 22:56:46.415 10 INFO neutron.wsgi [None req-0c8d361d-f4f5-4e8e-b267-3ec796556547 8b8b6741d84c435a9db3f640b66bc138 ce47a77e07924bd884ac3d7141194ede - - default default] 10.0.0.216 "DELETE /v2.0/routers/02442450-dead-491d-b223-deabbd2200dc HTTP/1.1" status: 204 len: 168 time: 0.3105953
2026-07-15 22:56:46.423 10 INFO neutron.wsgi [None req-7705c20e-bf47-42db-a23d-598f29c43b85 9808bc71a986436b8d6746a457649fa5 77a38021297b46ba9b5409e1c711f924 - - default default] 10.0.0.216 "GET /v2.0/networks HTTP/1.1" status: 200 len: 2052 time: 0.1356208
2026-07-15 22:56:46.723 10 INFO neutron.services.segments.plugin [-] Segment eb90898a-8502-411e-9c6c-ef4ea258b7d7 resource provider aggregate not found
2026-07-15 22:56:46.727 10 INFO neutron.services.segments.plugin [-] Segment eb90898a-8502-411e-9c6c-ef4ea258b7d7 resource provider aggregate not found
2026-07-15 22:56:46.751 10 INFO neutron.services.segments.plugin [-] Segment eb90898a-8502-411e-9c6c-ef4ea258b7d7 resource provider not found; error: Placement Client Error (4xx): {"errors": [{"status": 404, "title": "Not Found", "detail": "The resource could not be found.\n\n No resource provider with uuid eb90898a-8502-411e-9c6c-ef4ea258b7d7 found for delete ", "request_id": "req-a318391f-86ea-437c-bdbf-40c2353bc170"}]}
2026-07-15 22:56:46.770 10 INFO neutron.services.segments.plugin [-] Segment eb90898a-8502-411e-9c6c-ef4ea258b7d7 resource provider not found; error: Placement Client Error (4xx): {"errors": [{"status": 404, "title": "Not Found", "detail": "The resource could not be found.\n\n No resource provider with uuid eb90898a-8502-411e-9c6c-ef4ea258b7d7 found for delete ", "request_id": "req-255ee8df-8b7d-4f66-b7a2-a3e557bdd5dc"}]}
2026-07-15 22:56:46.814 10 INFO neutron.wsgi [None req-9a6411ab-ba18-498c-b544-399283d3514a 35de0566a6494902ba60ea7ea1dfa368 521d54750d3e4bbc8b8179e20f7c2ffa - - default default] 10.0.0.216 "DELETE /v2.0/networks/9b56ff7a-5dbf-4d67-b133-4efbbdebcbf6 HTTP/1.1" status: 204 len: 168 time: 0.6258540
2026-07-15 22:56:46.885 9 INFO neutron.wsgi [None req-48a91f20-ed9a-4df5-859b-093491dfb236 8b8b6741d84c435a9db3f640b66bc138 ce47a77e07924bd884ac3d7141194ede - - default default] 10.0.0.216 "DELETE /v2.0/subnets/516f6167-c603-455a-94cd-054e2f09f04d HTTP/1.1" status: 204 len: 168 time: 0.4643626
2026-07-15 22:56:46.945 10 INFO neutron.wsgi [None req-94e9f94f-a6dd-4896-b286-77e0e083cd71 9808bc71a986436b8d6746a457649fa5 77a38021297b46ba9b5409e1c711f924 - - default default] 10.0.0.216 "DELETE /v2.0/networks/6cf72d65-6a67-4403-bdca-d3be350b5fd8 HTTP/1.1" status: 204 len: 168 time: 0.5179272
2026-07-15 22:56:47.103 9 INFO neutron.wsgi [None req-7a05b9e9-fdef-4885-a8f4-5c710ce649a1 8b8b6741d84c435a9db3f640b66bc138 ce47a77e07924bd884ac3d7141194ede - - default default] 10.0.0.216 "DELETE /v2.0/subnets/09d8340d-9554-476b-91bd-494f9b0ed50c HTTP/1.1" status: 204 len: 168 time: 0.2118454
2026-07-15 22:56:47.442 10 INFO neutron.wsgi [None req-5c2a7c27-d549-4b25-a3c8-18da7aaf3da4 9808bc71a986436b8d6746a457649fa5 77a38021297b46ba9b5409e1c711f924 - - default default] 10.0.0.216 "DELETE /v2.0/networks/18776f90-8790-474c-9c8d-6321bc81bb00 HTTP/1.1" status: 204 len: 168 time: 0.4871228
2026-07-15 22:56:47.488 9 INFO neutron.wsgi [None req-a17c9d1e-1cb2-4215-90b0-5f27287f5821 15347a2cd9fb413892463cba0acf75e4 3b11b5342cb9458b8a6fe990fe268e21 - - default default] 10.0.0.216 "GET /v2.0/security-groups?tenant_id=521d54750d3e4bbc8b8179e20f7c2ffa&name=default HTTP/1.1" status: 200 len: 2996 time: 0.1210694
2026-07-15 22:56:47.528 10 INFO neutron.wsgi [None req-8de5cceb-598f-48dd-ae30-77b429de7dcc 9808bc71a986436b8d6746a457649fa5 77a38021297b46ba9b5409e1c711f924 - - default default] 10.0.0.216 "GET /v2.0/networks HTTP/1.1" status: 200 len: 845 time: 0.0796871
2026-07-15 22:56:47.580 9 WARNING neutron.plugins.ml2.drivers.ovn.mech_driver.ovsdb.ovn_client [None req-c2740de3-9fdc-4af1-8deb-8479581be0bc - - - - - -] No port found with ID 68a5ea21-7170-485a-b4df-8b27bde9e382: RuntimeError: No port found with ID 68a5ea21-7170-485a-b4df-8b27bde9e382
2026-07-15 22:56:47.607 10 INFO neutron.wsgi [None req-e07fc6ff-dbeb-4756-9daa-5ef565b9b218 8b8b6741d84c435a9db3f640b66bc138 ce47a77e07924bd884ac3d7141194ede - - default default] 10.0.0.216 "DELETE /v2.0/networks/a7fbb585-302b-4315-85d2-f742657f08cc HTTP/1.1" status: 204 len: 168 time: 0.4986806
2026-07-15 22:56:47.653 9 INFO neutron.db.segments_db [None req-c335c19b-b123-4170-8153-eb202e03e0dd 9808bc71a986436b8d6746a457649fa5 77a38021297b46ba9b5409e1c711f924 - - default default] Added segment 6abb7e84-be2e-4776-aa98-d4d6fd71b618 of type geneve for network fd565deb-4415-4b49-ad1c-035be208e447
2026-07-15 22:56:47.839 9 INFO neutron.wsgi [None req-d6e7e73d-afb4-4562-881a-2d2d1c300536 15347a2cd9fb413892463cba0acf75e4 3b11b5342cb9458b8a6fe990fe268e21 - - default default] 10.0.0.216 "DELETE /v2.0/security-groups/4eaa9564-985a-4833-8b00-a4a23f3826b8 HTTP/1.1" status: 204 len: 168 time: 0.3449290
2026-07-15 22:56:47.848 9 INFO neutron.db.ovn_revision_numbers_db [None req-c335c19b-b123-4170-8153-eb202e03e0dd 9808bc71a986436b8d6746a457649fa5 77a38021297b46ba9b5409e1c711f924 - - default default] Successfully bumped revision number for resource fd565deb-4415-4b49-ad1c-035be208e447 (type: networks) to 1
2026-07-15 22:56:48.057 9 WARNING neutron.scheduler.dhcp_agent_scheduler [None req-c335c19b-b123-4170-8153-eb202e03e0dd 9808bc71a986436b8d6746a457649fa5 77a38021297b46ba9b5409e1c711f924 - - default default] No more DHCP agents
2026-07-15 22:56:48.059 9 WARNING neutron.api.rpc.agentnotifiers.dhcp_rpc_agent_api [None req-c335c19b-b123-4170-8153-eb202e03e0dd 9808bc71a986436b8d6746a457649fa5 77a38021297b46ba9b5409e1c711f924 - - default default] Unable to schedule network fd565deb-4415-4b49-ad1c-035be208e447: no agents available; will retry on subsequent port and subnet creation events.
2026-07-15 22:56:48.086 9 INFO neutron.services.segments.plugin [-] Segment ccae2b1a-cbcc-442b-a022-b35881ab0ca3 resource provider aggregate not found
2026-07-15 22:56:48.093 9 INFO neutron.services.segments.plugin [-] Segment ccae2b1a-cbcc-442b-a022-b35881ab0ca3 resource provider aggregate not found
2026-07-15 22:56:48.112 9 INFO neutron.services.segments.plugin [-] Segment ccae2b1a-cbcc-442b-a022-b35881ab0ca3 resource provider not found; error: Placement Client Error (4xx): {"errors": [{"status": 404, "title": "Not Found", "detail": "The resource could not be found.\n\n No resource provider with uuid ccae2b1a-cbcc-442b-a022-b35881ab0ca3 found for delete ", "request_id": "req-3f4601e4-5744-44cc-b528-50e794d25f72"}]}
2026-07-15 22:56:48.124 9 INFO neutron.services.segments.plugin [-] Segment ccae2b1a-cbcc-442b-a022-b35881ab0ca3 resource provider not found; error: Placement Client Error (4xx): {"errors": [{"status": 404, "title": "Not Found", "detail": "The resource could not be found.\n\n No resource provider with uuid ccae2b1a-cbcc-442b-a022-b35881ab0ca3 found for delete ", "request_id": "req-d67b9c17-9511-47f2-90e5-b7ebe4a74b89"}]}
2026-07-15 22:56:48.156 9 INFO neutron.wsgi [None req-4a351b9b-715c-411c-81cf-1876a77f0225 8b8b6741d84c435a9db3f640b66bc138 ce47a77e07924bd884ac3d7141194ede - - default default] 10.0.0.216 "DELETE /v2.0/networks/8fad6fc8-1e35-447a-b9e0-f50e520dbfd1 HTTP/1.1" status: 204 len: 168 time: 0.5439794
2026-07-15 22:56:48.192 9 INFO neutron.db.ovn_revision_numbers_db [None req-c335c19b-b123-4170-8153-eb202e03e0dd 9808bc71a986436b8d6746a457649fa5 77a38021297b46ba9b5409e1c711f924 - - default default] Successfully bumped revision number for resource 27fcfc43-67a9-49a2-9339-f187b4c5f5b6 (type: ports) to 1
2026-07-15 22:56:48.224 9 INFO neutron.wsgi [None req-c335c19b-b123-4170-8153-eb202e03e0dd 9808bc71a986436b8d6746a457649fa5 77a38021297b46ba9b5409e1c711f924 - - default default] 10.0.0.216 "POST /v2.0/networks HTTP/1.1" status: 201 len: 853 time: 0.6895983
2026-07-15 22:56:48.272 10 INFO neutron.db.segments_db [None req-b6018c78-0a3b-472d-8d6c-2b4bbc22e3bd 8b8b6741d84c435a9db3f640b66bc138 ce47a77e07924bd884ac3d7141194ede - - default default] Added segment a0e9eb81-54a4-4698-86f5-940da46d9c88 of type geneve for network 8c1d456c-812e-476f-aa63-d7a960b8ac98
2026-07-15 22:56:48.333 10 INFO neutron.db.segments_db [None req-b7963d0f-3bb4-49c6-9792-4d9a06bc3726 9808bc71a986436b8d6746a457649fa5 77a38021297b46ba9b5409e1c711f924 - - default default] Added segment 530193ac-a12c-492e-af0d-2dd50b3490b8 of type geneve for network 31c54c82-293d-4402-823b-b18f4c022562
2026-07-15 22:56:48.461 10 INFO neutron.db.ovn_revision_numbers_db [None req-b6018c78-0a3b-472d-8d6c-2b4bbc22e3bd 8b8b6741d84c435a9db3f640b66bc138 ce47a77e07924bd884ac3d7141194ede - - default default] Successfully bumped revision number for resource 8c1d456c-812e-476f-aa63-d7a960b8ac98 (type: networks) to 1
2026-07-15 22:56:48.510 10 INFO neutron.db.ovn_revision_numbers_db [None req-b7963d0f-3bb4-49c6-9792-4d9a06bc3726 9808bc71a986436b8d6746a457649fa5 77a38021297b46ba9b5409e1c711f924 - - default default] Successfully bumped revision number for resource 31c54c82-293d-4402-823b-b18f4c022562 (type: networks) to 1
2026-07-15 22:56:48.697 10 WARNING neutron.scheduler.dhcp_agent_scheduler [None req-b6018c78-0a3b-472d-8d6c-2b4bbc22e3bd 8b8b6741d84c435a9db3f640b66bc138 ce47a77e07924bd884ac3d7141194ede - - default default] No more DHCP agents
2026-07-15 22:56:48.702 10 WARNING neutron.api.rpc.agentnotifiers.dhcp_rpc_agent_api [None req-b6018c78-0a3b-472d-8d6c-2b4bbc22e3bd 8b8b6741d84c435a9db3f640b66bc138 ce47a77e07924bd884ac3d7141194ede - - default default] Unable to schedule network 8c1d456c-812e-476f-aa63-d7a960b8ac98: no agents available; will retry on subsequent port and subnet creation events.
2026-07-15 22:56:48.761 10 WARNING neutron.scheduler.dhcp_agent_scheduler [None req-b7963d0f-3bb4-49c6-9792-4d9a06bc3726 9808bc71a986436b8d6746a457649fa5 77a38021297b46ba9b5409e1c711f924 - - default default] No more DHCP agents
2026-07-15 22:56:48.769 10 WARNING neutron.api.rpc.agentnotifiers.dhcp_rpc_agent_api [None req-b7963d0f-3bb4-49c6-9792-4d9a06bc3726 9808bc71a986436b8d6746a457649fa5 77a38021297b46ba9b5409e1c711f924 - - default default] Unable to schedule network 31c54c82-293d-4402-823b-b18f4c022562: no agents available; will retry on subsequent port and subnet creation events.
2026-07-15 22:56:48.780 10 INFO neutron.services.segments.plugin [-] Segment 9c6179f1-cb2d-4862-85f2-721f830b7abe resource provider aggregate not found
2026-07-15 22:56:48.796 10 INFO neutron.services.segments.plugin [-] Segment 9c6179f1-cb2d-4862-85f2-721f830b7abe resource provider aggregate not found
2026-07-15 22:56:48.803 10 INFO neutron.services.segments.plugin [-] Segment 9c6179f1-cb2d-4862-85f2-721f830b7abe resource provider not found; error: Placement Client Error (4xx): {"errors": [{"status": 404, "title": "Not Found", "detail": "The resource could not be found.\n\n No resource provider with uuid 9c6179f1-cb2d-4862-85f2-721f830b7abe found for delete ", "request_id": "req-855adae2-15ca-41ab-a321-4f1e683571b9"}]}
2026-07-15 22:56:48.816 10 INFO neutron.services.segments.plugin [-] Segment 9c6179f1-cb2d-4862-85f2-721f830b7abe resource provider not found; error: Placement Client Error (4xx): {"errors": [{"status": 404, "title": "Not Found", "detail": "The resource could not be found.\n\n No resource provider with uuid 9c6179f1-cb2d-4862-85f2-721f830b7abe found for delete ", "request_id": "req-b4163b49-b3a2-4bdd-8479-6fb6553a49e1"}]}
2026-07-15 22:56:48.826 10 INFO neutron.services.segments.plugin [-] Segment b541913a-c15f-424d-8a5f-c92195ddc1eb resource provider aggregate not found
2026-07-15 22:56:48.851 10 INFO neutron.services.segments.plugin [-] Segment b541913a-c15f-424d-8a5f-c92195ddc1eb resource provider not found; error: Placement Client Error (4xx): {"errors": [{"status": 404, "title": "Not Found", "detail": "The resource could not be found.\n\n No resource provider with uuid b541913a-c15f-424d-8a5f-c92195ddc1eb found for delete ", "request_id": "req-e5b3ff91-6827-4a09-86a9-3dde88750e81"}]}
2026-07-15 22:56:48.855 10 INFO neutron.services.segments.plugin [-] Segment b541913a-c15f-424d-8a5f-c92195ddc1eb resource provider aggregate not found
2026-07-15 22:56:48.876 10 INFO neutron.services.segments.plugin [-] Segment 12e68b4a-56e0-4d29-b141-2353a9e209ec resource provider aggregate not found
2026-07-15 22:56:48.881 10 INFO neutron.services.segments.plugin [-] Segment b541913a-c15f-424d-8a5f-c92195ddc1eb resource provider not found; error: Placement Client Error (4xx): {"errors": [{"status": 404, "title": "Not Found", "detail": "The resource could not be found.\n\n No resource provider with uuid b541913a-c15f-424d-8a5f-c92195ddc1eb found for delete ", "request_id": "req-0ba2aca9-3577-4fde-8968-3d9d1b9121c3"}]}
2026-07-15 22:56:48.903 10 INFO neutron.services.segments.plugin [-] Segment 12e68b4a-56e0-4d29-b141-2353a9e209ec resource provider not found; error: Placement Client Error (4xx): {"errors": [{"status": 404, "title": "Not Found", "detail": "The resource could not be found.\n\n No resource provider with uuid 12e68b4a-56e0-4d29-b141-2353a9e209ec found for delete ", "request_id": "req-826c0b69-233b-4a6f-8c24-514629923d4a"}]}
2026-07-15 22:56:48.904 10 INFO neutron.services.segments.plugin [-] Segment 12e68b4a-56e0-4d29-b141-2353a9e209ec resource provider aggregate not found
2026-07-15 22:56:48.915 10 INFO neutron.db.ovn_revision_numbers_db [None req-b6018c78-0a3b-472d-8d6c-2b4bbc22e3bd 8b8b6741d84c435a9db3f640b66bc138 ce47a77e07924bd884ac3d7141194ede - - default default] Successfully bumped revision number for resource 46dc510c-9076-495e-9382-396bb0813f93 (type: ports) to 1
2026-07-15 22:56:48.922 10 INFO neutron.services.segments.plugin [-] Segment 12e68b4a-56e0-4d29-b141-2353a9e209ec resource provider not found; error: Placement Client Error (4xx): {"errors": [{"status": 404, "title": "Not Found", "detail": "The resource could not be found.\n\n No resource provider with uuid 12e68b4a-56e0-4d29-b141-2353a9e209ec found for delete ", "request_id": "req-2008012f-5c2e-4817-8b3e-0de91e0c167d"}]}
2026-07-15 22:56:48.935 10 INFO neutron.db.ovn_revision_numbers_db [None req-b7963d0f-3bb4-49c6-9792-4d9a06bc3726 9808bc71a986436b8d6746a457649fa5 77a38021297b46ba9b5409e1c711f924 - - default default] Successfully bumped revision number for resource 733eac5e-10f0-4657-960b-bddf9f2b6a2c (type: ports) to 1
2026-07-15 22:56:48.944 10 INFO neutron.wsgi [None req-b6018c78-0a3b-472d-8d6c-2b4bbc22e3bd 8b8b6741d84c435a9db3f640b66bc138 ce47a77e07924bd884ac3d7141194ede - - default default] 10.0.0.216 "POST /v2.0/networks HTTP/1.1" status: 201 len: 829 time: 0.7785931
2026-07-15 22:56:48.958 10 INFO neutron.wsgi [None req-b7963d0f-3bb4-49c6-9792-4d9a06bc3726 9808bc71a986436b8d6746a457649fa5 77a38021297b46ba9b5409e1c711f924 - - default default] 10.0.0.216 "POST /v2.0/networks HTTP/1.1" status: 201 len: 852 time: 0.7293279
2026-07-15 22:56:49.388 9 WARNING neutron.scheduler.dhcp_agent_scheduler [None req-0580c004-d5b2-4b4a-b718-722917d242da 9808bc71a986436b8d6746a457649fa5 77a38021297b46ba9b5409e1c711f924 - - default default] No more DHCP agents
2026-07-15 22:56:49.392 9 WARNING neutron.api.rpc.agentnotifiers.dhcp_rpc_agent_api [None req-0580c004-d5b2-4b4a-b718-722917d242da 9808bc71a986436b8d6746a457649fa5 77a38021297b46ba9b5409e1c711f924 - - default default] Unable to schedule network fd565deb-4415-4b49-ad1c-035be208e447: no agents available; will retry on subsequent port and subnet creation events.
2026-07-15 22:56:49.465 9 INFO neutron.db.ovn_revision_numbers_db [None req-0580c004-d5b2-4b4a-b718-722917d242da 9808bc71a986436b8d6746a457649fa5 77a38021297b46ba9b5409e1c711f924 - - default default] Successfully bumped revision number for resource deb8ee7f-7a46-4288-908a-8ecbbc7cc145 (type: ports) to 1
2026-07-15 22:56:49.492 9 WARNING neutron.scheduler.dhcp_agent_scheduler [None req-0580c004-d5b2-4b4a-b718-722917d242da 9808bc71a986436b8d6746a457649fa5 77a38021297b46ba9b5409e1c711f924 - - default default] No more DHCP agents
2026-07-15 22:56:49.494 9 WARNING neutron.api.rpc.agentnotifiers.dhcp_rpc_agent_api [None req-0580c004-d5b2-4b4a-b718-722917d242da 9808bc71a986436b8d6746a457649fa5 77a38021297b46ba9b5409e1c711f924 - - default default] Unable to schedule network 31c54c82-293d-4402-823b-b18f4c022562: no agents available; will retry on subsequent port and subnet creation events.
2026-07-15 22:56:49.497 10 WARNING neutron.scheduler.dhcp_agent_scheduler [None req-5246b1ea-6b76-4d8a-98ed-2fdb461b41e1 8b8b6741d84c435a9db3f640b66bc138 ce47a77e07924bd884ac3d7141194ede - - default default] No more DHCP agents
2026-07-15 22:56:49.498 10 WARNING neutron.api.rpc.agentnotifiers.dhcp_rpc_agent_api [None req-5246b1ea-6b76-4d8a-98ed-2fdb461b41e1 8b8b6741d84c435a9db3f640b66bc138 ce47a77e07924bd884ac3d7141194ede - - default default] Unable to schedule network 8c1d456c-812e-476f-aa63-d7a960b8ac98: no agents available; will retry on subsequent port and subnet creation events.
2026-07-15 22:56:49.577 9 INFO neutron.db.ovn_revision_numbers_db [None req-0580c004-d5b2-4b4a-b718-722917d242da 9808bc71a986436b8d6746a457649fa5 77a38021297b46ba9b5409e1c711f924 - - default default] Successfully bumped revision number for resource 66cd5e8b-fff2-40ab-983c-36fa5e4b4aad (type: ports) to 1
2026-07-15 22:56:49.598 9 INFO neutron.wsgi [None req-0580c004-d5b2-4b4a-b718-722917d242da 9808bc71a986436b8d6746a457649fa5 77a38021297b46ba9b5409e1c711f924 - - default default] 10.0.0.216 "POST /v2.0/ports HTTP/1.1" status: 201 len: 1706 time: 0.6352911 /var/lib/openstack/lib/python3.10/site-packages/pycadf/identifier.py:71: UserWarning: Invalid uuid: neutron. To ensure interoperability, identifiers should be a valid uuid. warnings.warn(('Invalid uuid: %s. To ensure interoperability, '
2026-07-15 22:56:49.733 9 INFO neutron.wsgi [None req-c3aadcdb-8ca3-48e1-9c65-8070d541351e 9808bc71a986436b8d6746a457649fa5 77a38021297b46ba9b5409e1c711f924 - - default default] 10.0.0.216 "GET /v2.0/ports HTTP/1.1" status: 200 len: 3213 time: 0.1300721
2026-07-15 22:56:49.864 9 INFO neutron.db.ovn_revision_numbers_db [None req-c52880a4-b599-4f71-959c-ed53487c5b8e a79e365362224320b5ef954d615dbc9f 70f0f2a9a5434d19a64390cd5c75498c - - default default] Successfully bumped revision number for resource 36868a44-edf1-4310-a201-2550dfacb019 (type: security_groups) to 1
2026-07-15 22:56:49.893 10 WARNING neutron.plugins.ml2.drivers.ovn.mech_driver.ovsdb.ovn_client [None req-cd3b2352-ef9d-4b0d-b87f-52edbcc52025 - - - - - -] No port found with ID 3dd9aa5c-b990-4e4b-ae33-e0d28f88244a: RuntimeError: No port found with ID 3dd9aa5c-b990-4e4b-ae33-e0d28f88244a
2026-07-15 22:56:49.901 9 INFO neutron.db.ovn_revision_numbers_db [None req-c52880a4-b599-4f71-959c-ed53487c5b8e a79e365362224320b5ef954d615dbc9f 70f0f2a9a5434d19a64390cd5c75498c - - default default] Successfully bumped revision number for resource 44862477-7202-405e-9b02-33b6e167f67f (type: security_group_rules) to 0
2026-07-15 22:56:49.915 9 INFO neutron.db.ovn_revision_numbers_db [None req-c52880a4-b599-4f71-959c-ed53487c5b8e a79e365362224320b5ef954d615dbc9f 70f0f2a9a5434d19a64390cd5c75498c - - default default] Successfully bumped revision number for resource 8f603576-6b3f-42a5-8af2-59405970eca3 (type: security_group_rules) to 0
2026-07-15 22:56:49.928 9 INFO neutron.db.ovn_revision_numbers_db [None req-c52880a4-b599-4f71-959c-ed53487c5b8e a79e365362224320b5ef954d615dbc9f 70f0f2a9a5434d19a64390cd5c75498c - - default default] Successfully bumped revision number for resource 9c8ae715-1a78-4f43-8a53-0d01ca55f7de (type: security_group_rules) to 0
2026-07-15 22:56:49.959 9 INFO neutron.db.ovn_revision_numbers_db [None req-c52880a4-b599-4f71-959c-ed53487c5b8e a79e365362224320b5ef954d615dbc9f 70f0f2a9a5434d19a64390cd5c75498c - - default default] Successfully bumped revision number for resource b9f49716-e719-4172-b015-52153919c514 (type: security_group_rules) to 0
2026-07-15 22:56:49.974 10 INFO neutron.db.ovn_revision_numbers_db [None req-5246b1ea-6b76-4d8a-98ed-2fdb461b41e1 8b8b6741d84c435a9db3f640b66bc138 ce47a77e07924bd884ac3d7141194ede - - default default] Successfully bumped revision number for resource 46dc510c-9076-495e-9382-396bb0813f93 (type: ports) to 2
2026-07-15 22:56:49.990 9 INFO neutron.wsgi [None req-43a9c44f-1da7-42af-8195-9a5216648c11 9808bc71a986436b8d6746a457649fa5 77a38021297b46ba9b5409e1c711f924 - - default default] 10.0.0.216 "DELETE /v2.0/ports/deb8ee7f-7a46-4288-908a-8ecbbc7cc145 HTTP/1.1" status: 204 len: 168 time: 0.2509496
2026-07-15 22:56:50.017 10 INFO neutron.db.ovn_revision_numbers_db [None req-5246b1ea-6b76-4d8a-98ed-2fdb461b41e1 8b8b6741d84c435a9db3f640b66bc138 ce47a77e07924bd884ac3d7141194ede - - default default] Successfully bumped revision number for resource 9d2d2448-507e-400c-ae0d-960ee10d7918 (type: subnets) to 0
2026-07-15 22:56:50.018 9 INFO neutron.db.segments_db [None req-c52880a4-b599-4f71-959c-ed53487c5b8e a79e365362224320b5ef954d615dbc9f 70f0f2a9a5434d19a64390cd5c75498c - - default default] Added segment caae3f7a-6991-4def-ae2f-1d5967dfdf87 of type geneve for network 778924c6-bdb3-411c-ac23-e4528f83236f
2026-07-15 22:56:50.033 10 INFO neutron.wsgi [None req-5246b1ea-6b76-4d8a-98ed-2fdb461b41e1 8b8b6741d84c435a9db3f640b66bc138 ce47a77e07924bd884ac3d7141194ede - - default default] 10.0.0.216 "POST /v2.0/subnets HTTP/1.1" status: 201 len: 801 time: 1.0837469
2026-07-15 22:56:50.287 9 INFO neutron.db.ovn_revision_numbers_db [None req-c52880a4-b599-4f71-959c-ed53487c5b8e a79e365362224320b5ef954d615dbc9f 70f0f2a9a5434d19a64390cd5c75498c - - default default] Successfully bumped revision number for resource 778924c6-bdb3-411c-ac23-e4528f83236f (type: networks) to 1
2026-07-15 22:56:50.340 9 INFO neutron.db.ovn_revision_numbers_db [None req-1f0862b7-5d5d-4063-8d4b-eb8fd87c6a7e 8b8b6741d84c435a9db3f640b66bc138 ce47a77e07924bd884ac3d7141194ede - - default default] Successfully bumped revision number for resource 2eccdc02-f43e-40c2-8ddc-5d35c06534c5 (type: routers) to 1
2026-07-15 22:56:50.365 9 INFO neutron.wsgi [None req-1f0862b7-5d5d-4063-8d4b-eb8fd87c6a7e 8b8b6741d84c435a9db3f640b66bc138 ce47a77e07924bd884ac3d7141194ede - - default default] 10.0.0.216 "POST /v2.0/routers HTTP/1.1" status: 201 len: 687 time: 0.3265464
2026-07-15 22:56:50.441 9 INFO neutron.wsgi [None req-58feb6a4-d70b-4401-b6d6-b71c7bd8626f 9808bc71a986436b8d6746a457649fa5 77a38021297b46ba9b5409e1c711f924 - - default default] 10.0.0.216 "DELETE /v2.0/ports/66cd5e8b-fff2-40ab-983c-36fa5e4b4aad HTTP/1.1" status: 204 len: 168 time: 0.4467175
2026-07-15 22:56:50.490 9 INFO neutron.wsgi [None req-88340c7e-1638-4cb5-bb51-c937afae8c69 9808bc71a986436b8d6746a457649fa5 77a38021297b46ba9b5409e1c711f924 - - default default] 10.0.0.216 "GET /v2.0/ports HTTP/1.1" status: 200 len: 1718 time: 0.0444815
2026-07-15 22:56:50.536 9 WARNING neutron.scheduler.dhcp_agent_scheduler [None req-c52880a4-b599-4f71-959c-ed53487c5b8e a79e365362224320b5ef954d615dbc9f 70f0f2a9a5434d19a64390cd5c75498c - - default default] No more DHCP agents
2026-07-15 22:56:50.539 9 WARNING neutron.api.rpc.agentnotifiers.dhcp_rpc_agent_api [None req-c52880a4-b599-4f71-959c-ed53487c5b8e a79e365362224320b5ef954d615dbc9f 70f0f2a9a5434d19a64390cd5c75498c - - default default] Unable to schedule network 778924c6-bdb3-411c-ac23-e4528f83236f: no agents available; will retry on subsequent port and subnet creation events.
2026-07-15 22:56:50.605 9 INFO neutron.db.segments_db [None req-b2b92909-a4c9-4568-b2b8-d42665ac50d1 9808bc71a986436b8d6746a457649fa5 77a38021297b46ba9b5409e1c711f924 - - default default] Added segment 9d2cc696-d3cf-40fd-abd9-2d3733325ea7 of type geneve for network 4afa7966-8dc8-4a3e-8df7-56fe28d5da34
2026-07-15 22:56:50.629 9 INFO neutron.db.ovn_revision_numbers_db [None req-c52880a4-b599-4f71-959c-ed53487c5b8e a79e365362224320b5ef954d615dbc9f 70f0f2a9a5434d19a64390cd5c75498c - - default default] Successfully bumped revision number for resource b476b0bb-a2ac-4c9f-827f-1ca767237cab (type: ports) to 1
2026-07-15 22:56:50.660 9 INFO neutron.wsgi [None req-c52880a4-b599-4f71-959c-ed53487c5b8e a79e365362224320b5ef954d615dbc9f 70f0f2a9a5434d19a64390cd5c75498c - - default default] 10.0.0.216 "POST /v2.0/networks HTTP/1.1" status: 201 len: 843 time: 1.1447079
2026-07-15 22:56:50.726 10 WARNING neutron.scheduler.dhcp_agent_scheduler [None req-8a90685e-556a-4b2f-b326-b204e3442d0d 8b8b6741d84c435a9db3f640b66bc138 ce47a77e07924bd884ac3d7141194ede - - default default] No more DHCP agents
2026-07-15 22:56:50.729 10 WARNING neutron.api.rpc.agentnotifiers.dhcp_rpc_agent_api [None req-8a90685e-556a-4b2f-b326-b204e3442d0d 8b8b6741d84c435a9db3f640b66bc138 ce47a77e07924bd884ac3d7141194ede - - default default] Unable to schedule network 8c1d456c-812e-476f-aa63-d7a960b8ac98: no agents available; will retry on subsequent port and subnet creation events.
2026-07-15 22:56:50.778 9 INFO neutron.db.ovn_revision_numbers_db [None req-b2b92909-a4c9-4568-b2b8-d42665ac50d1 9808bc71a986436b8d6746a457649fa5 77a38021297b46ba9b5409e1c711f924 - - default default] Successfully bumped revision number for resource 4afa7966-8dc8-4a3e-8df7-56fe28d5da34 (type: networks) to 1
2026-07-15 22:56:50.885 10 INFO neutron.db.ovn_revision_numbers_db [None req-8a90685e-556a-4b2f-b326-b204e3442d0d 8b8b6741d84c435a9db3f640b66bc138 ce47a77e07924bd884ac3d7141194ede - - default default] Successfully bumped revision number for resource ef7b5bcc-6880-4345-b7fc-d1181a5f973c (type: ports) to 1
2026-07-15 22:56:50.909 10 INFO neutron.wsgi [None req-8a90685e-556a-4b2f-b326-b204e3442d0d 8b8b6741d84c435a9db3f640b66bc138 ce47a77e07924bd884ac3d7141194ede - - default default] 10.0.0.216 "POST /v2.0/ports HTTP/1.1" status: 201 len: 1147 time: 0.5385635 /var/lib/openstack/lib/python3.10/site-packages/pycadf/identifier.py:71: UserWarning: Invalid uuid: neutron. To ensure interoperability, identifiers should be a valid uuid. warnings.warn(('Invalid uuid: %s. To ensure interoperability, '
2026-07-15 22:56:50.981 9 WARNING neutron.scheduler.dhcp_agent_scheduler [None req-b2b92909-a4c9-4568-b2b8-d42665ac50d1 9808bc71a986436b8d6746a457649fa5 77a38021297b46ba9b5409e1c711f924 - - default default] No more DHCP agents
2026-07-15 22:56:50.984 9 WARNING neutron.api.rpc.agentnotifiers.dhcp_rpc_agent_api [None req-b2b92909-a4c9-4568-b2b8-d42665ac50d1 9808bc71a986436b8d6746a457649fa5 77a38021297b46ba9b5409e1c711f924 - - default default] Unable to schedule network 4afa7966-8dc8-4a3e-8df7-56fe28d5da34: no agents available; will retry on subsequent port and subnet creation events.
2026-07-15 22:56:50.994 9 WARNING neutron.scheduler.dhcp_agent_scheduler [None req-a0678a2a-8ea9-4696-9a54-73284e78884c a79e365362224320b5ef954d615dbc9f 70f0f2a9a5434d19a64390cd5c75498c - - default default] No more DHCP agents
2026-07-15 22:56:51.005 9 WARNING neutron.api.rpc.agentnotifiers.dhcp_rpc_agent_api [None req-a0678a2a-8ea9-4696-9a54-73284e78884c a79e365362224320b5ef954d615dbc9f 70f0f2a9a5434d19a64390cd5c75498c - - default default] Unable to schedule network 778924c6-bdb3-411c-ac23-e4528f83236f: no agents available; will retry on subsequent port and subnet creation events.
2026-07-15 22:56:51.098 9 INFO neutron.db.ovn_revision_numbers_db [None req-b2b92909-a4c9-4568-b2b8-d42665ac50d1 9808bc71a986436b8d6746a457649fa5 77a38021297b46ba9b5409e1c711f924 - - default default] Successfully bumped revision number for resource 7708fd71-82d9-46a9-b514-afaaff7d959f (type: ports) to 1
2026-07-15 22:56:51.106 9 INFO neutron.db.ovn_revision_numbers_db [None req-a0678a2a-8ea9-4696-9a54-73284e78884c a79e365362224320b5ef954d615dbc9f 70f0f2a9a5434d19a64390cd5c75498c - - default default] Successfully bumped revision number for resource 03bc0a5a-ab7a-49b5-8e6d-28f6bbefaf0c (type: ports) to 1
2026-07-15 22:56:51.120 9 INFO neutron.wsgi [None req-b2b92909-a4c9-4568-b2b8-d42665ac50d1 9808bc71a986436b8d6746a457649fa5 77a38021297b46ba9b5409e1c711f924 - - default default] 10.0.0.216 "POST /v2.0/networks HTTP/1.1" status: 201 len: 853 time: 0.6231449
2026-07-15 22:56:51.126 9 INFO neutron.wsgi [None req-a0678a2a-8ea9-4696-9a54-73284e78884c a79e365362224320b5ef954d615dbc9f 70f0f2a9a5434d19a64390cd5c75498c - - default default] 10.0.0.216 "POST /v2.0/ports HTTP/1.1" status: 201 len: 974 time: 0.4595246 /var/lib/openstack/lib/python3.10/site-packages/pycadf/identifier.py:71: UserWarning: Invalid uuid: neutron. To ensure interoperability, identifiers should be a valid uuid. warnings.warn(('Invalid uuid: %s. To ensure interoperability, '
2026-07-15 22:56:51.211 9 INFO neutron.db.segments_db [None req-600a2a51-9a82-4ab0-86a1-e89605e4898b 9808bc71a986436b8d6746a457649fa5 77a38021297b46ba9b5409e1c711f924 - - default default] Added segment f94fffe7-4eb7-48be-ab77-e901406cb79a of type geneve for network 2a709ace-9240-4d0a-8671-a8ee77250935
2026-07-15 22:56:51.254 10 INFO neutron.db.segments_db [None req-aa325aac-a4f7-4359-bc38-1403bed2de0d a79e365362224320b5ef954d615dbc9f 70f0f2a9a5434d19a64390cd5c75498c - - default default] Added segment ffc7be12-7a07-42de-bf5d-0ed98353446f of type geneve for network 63a51c1a-c216-45f0-b734-73e9dc564885
2026-07-15 22:56:51.435 10 INFO neutron.plugins.ml2.drivers.ovn.mech_driver.mech_driver [None req-cd3b2352-ef9d-4b0d-b87f-52edbcc52025 - - - - - -] OVN reports status up for port: ef7b5bcc-6880-4345-b7fc-d1181a5f973c
2026-07-15 22:56:51.458 10 INFO neutron.plugins.ml2.plugin [None req-cd3b2352-ef9d-4b0d-b87f-52edbcc52025 - - - - - -] Attempt 1 to provision port ef7b5bcc-6880-4345-b7fc-d1181a5f973c
2026-07-15 22:56:51.468 10 INFO neutron.db.ovn_revision_numbers_db [None req-aa325aac-a4f7-4359-bc38-1403bed2de0d a79e365362224320b5ef954d615dbc9f 70f0f2a9a5434d19a64390cd5c75498c - - default default] Successfully bumped revision number for resource 63a51c1a-c216-45f0-b734-73e9dc564885 (type: networks) to 1
2026-07-15 22:56:51.471 10 INFO neutron.db.ovn_revision_numbers_db [None req-7fc84fd4-7c22-48fe-8958-4471c2b9d809 8b8b6741d84c435a9db3f640b66bc138 ce47a77e07924bd884ac3d7141194ede - - default default] Successfully bumped revision number for resource ef7b5bcc-6880-4345-b7fc-d1181a5f973c (type: router_ports) to 2
2026-07-15 22:56:51.598 9 INFO neutron.db.ovn_revision_numbers_db [None req-600a2a51-9a82-4ab0-86a1-e89605e4898b 9808bc71a986436b8d6746a457649fa5 77a38021297b46ba9b5409e1c711f924 - - default default] Successfully bumped revision number for resource 2a709ace-9240-4d0a-8671-a8ee77250935 (type: networks) to 1
2026-07-15 22:56:51.683 9 INFO neutron.wsgi [-] 10.0.0.25 "GET / HTTP/1.1" status: 200 len: 247 time: 0.0012197
2026-07-15 22:56:51.685 9 INFO neutron.wsgi [-] 10.0.0.25 "GET / HTTP/1.1" status: 200 len: 247 time: 0.0008495
2026-07-15 22:56:51.757 10 WARNING neutron.scheduler.dhcp_agent_scheduler [None req-aa325aac-a4f7-4359-bc38-1403bed2de0d a79e365362224320b5ef954d615dbc9f 70f0f2a9a5434d19a64390cd5c75498c - - default default] No more DHCP agents
2026-07-15 22:56:51.759 10 WARNING neutron.api.rpc.agentnotifiers.dhcp_rpc_agent_api [None req-aa325aac-a4f7-4359-bc38-1403bed2de0d a79e365362224320b5ef954d615dbc9f 70f0f2a9a5434d19a64390cd5c75498c - - default default] Unable to schedule network 63a51c1a-c216-45f0-b734-73e9dc564885: no agents available; will retry on subsequent port and subnet creation events.
2026-07-15 22:56:51.772 9 WARNING neutron.scheduler.dhcp_agent_scheduler [None req-600a2a51-9a82-4ab0-86a1-e89605e4898b 9808bc71a986436b8d6746a457649fa5 77a38021297b46ba9b5409e1c711f924 - - default default] No more DHCP agents
2026-07-15 22:56:51.774 9 WARNING neutron.api.rpc.agentnotifiers.dhcp_rpc_agent_api [None req-600a2a51-9a82-4ab0-86a1-e89605e4898b 9808bc71a986436b8d6746a457649fa5 77a38021297b46ba9b5409e1c711f924 - - default default] Unable to schedule network 2a709ace-9240-4d0a-8671-a8ee77250935: no agents available; will retry on subsequent port and subnet creation events.
2026-07-15 22:56:51.821 10 INFO neutron.db.ovn_revision_numbers_db [None req-7fc84fd4-7c22-48fe-8958-4471c2b9d809 8b8b6741d84c435a9db3f640b66bc138 ce47a77e07924bd884ac3d7141194ede - - default default] Successfully bumped revision number for resource ef7b5bcc-6880-4345-b7fc-d1181a5f973c (type: ports) to 2
2026-07-15 22:56:51.872 9 INFO neutron.db.ovn_revision_numbers_db [None req-600a2a51-9a82-4ab0-86a1-e89605e4898b 9808bc71a986436b8d6746a457649fa5 77a38021297b46ba9b5409e1c711f924 - - default default] Successfully bumped revision number for resource 31e214ed-d005-4816-9c60-96d4feaf8ee1 (type: ports) to 1
2026-07-15 22:56:51.887 10 INFO neutron.db.ovn_revision_numbers_db [None req-aa325aac-a4f7-4359-bc38-1403bed2de0d a79e365362224320b5ef954d615dbc9f 70f0f2a9a5434d19a64390cd5c75498c - - default default] Successfully bumped revision number for resource 38562a22-f23b-421f-b92e-bc7ba6a1afd1 (type: ports) to 1
2026-07-15 22:56:51.894 9 INFO neutron.wsgi [None req-600a2a51-9a82-4ab0-86a1-e89605e4898b 9808bc71a986436b8d6746a457649fa5 77a38021297b46ba9b5409e1c711f924 - - default default] 10.0.0.216 "POST /v2.0/networks HTTP/1.1" status: 201 len: 851 time: 0.7666440
2026-07-15 22:56:51.929 10 INFO neutron.wsgi [None req-aa325aac-a4f7-4359-bc38-1403bed2de0d a79e365362224320b5ef954d615dbc9f 70f0f2a9a5434d19a64390cd5c75498c - - default default] 10.0.0.216 "POST /v2.0/networks HTTP/1.1" status: 201 len: 831 time: 0.7962427
2026-07-15 22:56:51.976 10 INFO neutron.db.ovn_revision_numbers_db [None req-cd3b2352-ef9d-4b0d-b87f-52edbcc52025 - - - - - -] Successfully bumped revision number for resource ef7b5bcc-6880-4345-b7fc-d1181a5f973c (type: ports) to 3
2026-07-15 22:56:52.132 10 INFO neutron.db.ovn_revision_numbers_db [None req-cd3b2352-ef9d-4b0d-b87f-52edbcc52025 - - - - - -] Successfully bumped revision number for resource ef7b5bcc-6880-4345-b7fc-d1181a5f973c (type: router_ports) to 3
2026-07-15 22:56:52.186 9 WARNING neutron.scheduler.dhcp_agent_scheduler [None req-18c09546-d0f9-4b5c-b959-d9ddbb6d7c0c a79e365362224320b5ef954d615dbc9f 70f0f2a9a5434d19a64390cd5c75498c - - default default] No more DHCP agents
2026-07-15 22:56:52.190 9 WARNING neutron.api.rpc.agentnotifiers.dhcp_rpc_agent_api [None req-18c09546-d0f9-4b5c-b959-d9ddbb6d7c0c a79e365362224320b5ef954d615dbc9f 70f0f2a9a5434d19a64390cd5c75498c - - default default] Unable to schedule network 63a51c1a-c216-45f0-b734-73e9dc564885: no agents available; will retry on subsequent port and subnet creation events.
2026-07-15 22:56:52.678 10 INFO neutron.db.ovn_revision_numbers_db [None req-7fc84fd4-7c22-48fe-8958-4471c2b9d809 8b8b6741d84c435a9db3f640b66bc138 ce47a77e07924bd884ac3d7141194ede - - default default] Successfully bumped revision number for resource ef7b5bcc-6880-4345-b7fc-d1181a5f973c (type: ports) to 3
2026-07-15 22:56:52.749 10 WARNING neutron.scheduler.dhcp_agent_scheduler [None req-7fc84fd4-7c22-48fe-8958-4471c2b9d809 8b8b6741d84c435a9db3f640b66bc138 ce47a77e07924bd884ac3d7141194ede - - default default] No more DHCP agents
2026-07-15 22:56:52.750 10 WARNING neutron.api.rpc.agentnotifiers.dhcp_rpc_agent_api [None req-7fc84fd4-7c22-48fe-8958-4471c2b9d809 8b8b6741d84c435a9db3f640b66bc138 ce47a77e07924bd884ac3d7141194ede - - default default] Unable to schedule network 8c1d456c-812e-476f-aa63-d7a960b8ac98: no agents available; will retry on subsequent port and subnet creation events.
2026-07-15 22:56:52.758 9 INFO neutron.db.ovn_revision_numbers_db [None req-18c09546-d0f9-4b5c-b959-d9ddbb6d7c0c a79e365362224320b5ef954d615dbc9f 70f0f2a9a5434d19a64390cd5c75498c - - default default] Successfully bumped revision number for resource 38562a22-f23b-421f-b92e-bc7ba6a1afd1 (type: ports) to 2
2026-07-15 22:56:52.802 9 INFO neutron.db.ovn_revision_numbers_db [None req-18c09546-d0f9-4b5c-b959-d9ddbb6d7c0c a79e365362224320b5ef954d615dbc9f 70f0f2a9a5434d19a64390cd5c75498c - - default default] Successfully bumped revision number for resource 5a538769-6a45-4931-90ac-67ccff59376d (type: subnets) to 0
2026-07-15 22:56:52.824 9 INFO neutron.wsgi [None req-18c09546-d0f9-4b5c-b959-d9ddbb6d7c0c a79e365362224320b5ef954d615dbc9f 70f0f2a9a5434d19a64390cd5c75498c - - default default] 10.0.0.216 "POST /v2.0/subnets HTTP/1.1" status: 201 len: 801 time: 0.8883588 /var/lib/openstack/lib/python3.10/site-packages/pycadf/identifier.py:71: UserWarning: Invalid uuid: neutron. To ensure interoperability, identifiers should be a valid uuid. warnings.warn(('Invalid uuid: %s. To ensure interoperability, '
2026-07-15 22:56:52.880 9 WARNING neutron.scheduler.dhcp_agent_scheduler [None req-1b481314-b264-440a-bd5a-646010cbb124 9808bc71a986436b8d6746a457649fa5 77a38021297b46ba9b5409e1c711f924 - - default default] No more DHCP agents
2026-07-15 22:56:52.883 9 WARNING neutron.api.rpc.agentnotifiers.dhcp_rpc_agent_api [None req-1b481314-b264-440a-bd5a-646010cbb124 9808bc71a986436b8d6746a457649fa5 77a38021297b46ba9b5409e1c711f924 - - default default] Unable to schedule network 4afa7966-8dc8-4a3e-8df7-56fe28d5da34: no agents available; will retry on subsequent port and subnet creation events.
2026-07-15 22:56:52.914 9 INFO neutron.db.ovn_revision_numbers_db [None req-1b481314-b264-440a-bd5a-646010cbb124 9808bc71a986436b8d6746a457649fa5 77a38021297b46ba9b5409e1c711f924 - - default default] Successfully bumped revision number for resource afd4cc33-78fc-4229-b85c-97027047a135 (type: subnets) to 0
2026-07-15 22:56:52.939 9 WARNING neutron.scheduler.dhcp_agent_scheduler [None req-1b481314-b264-440a-bd5a-646010cbb124 9808bc71a986436b8d6746a457649fa5 77a38021297b46ba9b5409e1c711f924 - - default default] No more DHCP agents
2026-07-15 22:56:52.940 10 INFO neutron.db.ovn_revision_numbers_db [None req-7fc84fd4-7c22-48fe-8958-4471c2b9d809 8b8b6741d84c435a9db3f640b66bc138 ce47a77e07924bd884ac3d7141194ede - - default default] Successfully bumped revision number for resource ef7b5bcc-6880-4345-b7fc-d1181a5f973c (type: router_ports) to 3
2026-07-15 22:56:52.941 9 WARNING neutron.api.rpc.agentnotifiers.dhcp_rpc_agent_api [None req-1b481314-b264-440a-bd5a-646010cbb124 9808bc71a986436b8d6746a457649fa5 77a38021297b46ba9b5409e1c711f924 - - default default] Unable to schedule network 2a709ace-9240-4d0a-8671-a8ee77250935: no agents available; will retry on subsequent port and subnet creation events.
2026-07-15 22:56:52.942 10 INFO neutron.wsgi [None req-7fc84fd4-7c22-48fe-8958-4471c2b9d809 8b8b6741d84c435a9db3f640b66bc138 ce47a77e07924bd884ac3d7141194ede - - default default] 10.0.0.216 "PUT /v2.0/routers/2eccdc02-f43e-40c2-8ddc-5d35c06534c5/add_router_interface HTTP/1.1" status: 200 len: 503 time: 2.0282013
2026-07-15 22:56:52.965 9 INFO neutron.db.ovn_revision_numbers_db [None req-1b481314-b264-440a-bd5a-646010cbb124 9808bc71a986436b8d6746a457649fa5 77a38021297b46ba9b5409e1c711f924 - - default default] Successfully bumped revision number for resource cb714e08-1adf-4c26-969e-bfd7d661f5e5 (type: subnets) to 0
2026-07-15 22:56:52.980 9 INFO neutron.wsgi [None req-1b481314-b264-440a-bd5a-646010cbb124 9808bc71a986436b8d6746a457649fa5 77a38021297b46ba9b5409e1c711f924 - - default default] 10.0.0.216 "POST /v2.0/subnets HTTP/1.1" status: 201 len: 1475 time: 0.5813975
2026-07-15 22:56:52.990 10 INFO neutron.wsgi [None req-3c570f72-74e7-414f-a3ff-92c5271f6d51 8b8b6741d84c435a9db3f640b66bc138 ce47a77e07924bd884ac3d7141194ede - - default default] 10.0.0.216 "GET /v2.0/ports/ef7b5bcc-6880-4345-b7fc-d1181a5f973c HTTP/1.1" status: 200 len: 1205 time: 0.0413454
2026-07-15 22:56:53.024 9 INFO neutron.wsgi [None req-26e4ce1b-bc99-46da-8192-44b6c7f39b18 9808bc71a986436b8d6746a457649fa5 77a38021297b46ba9b5409e1c711f924 - - default default] 10.0.0.216 "GET /v2.0/subnets HTTP/1.1" status: 200 len: 2083 time: 0.0411124
2026-07-15 22:56:53.217 9 INFO neutron.wsgi [None req-a900aff5-7268-454a-b139-d480fea5d738 9808bc71a986436b8d6746a457649fa5 77a38021297b46ba9b5409e1c711f924 - - default default] 10.0.0.216 "DELETE /v2.0/subnets/afd4cc33-78fc-4229-b85c-97027047a135 HTTP/1.1" status: 204 len: 168 time: 0.1762402
2026-07-15 22:56:53.315 10 WARNING neutron.scheduler.dhcp_agent_scheduler [None req-9ddc4059-caae-46a6-a7a0-54758cb36ee2 a79e365362224320b5ef954d615dbc9f 70f0f2a9a5434d19a64390cd5c75498c - - default default] No more DHCP agents
2026-07-15 22:56:53.325 10 WARNING neutron.api.rpc.agentnotifiers.dhcp_rpc_agent_api [None req-9ddc4059-caae-46a6-a7a0-54758cb36ee2 a79e365362224320b5ef954d615dbc9f 70f0f2a9a5434d19a64390cd5c75498c - - default default] Unable to schedule network 63a51c1a-c216-45f0-b734-73e9dc564885: no agents available; will retry on subsequent port and subnet creation events.
2026-07-15 22:56:53.399 9 INFO neutron.wsgi [None req-b76df2dd-6c26-469e-a798-5810f61a5ee6 9808bc71a986436b8d6746a457649fa5 77a38021297b46ba9b5409e1c711f924 - - default default] 10.0.0.216 "DELETE /v2.0/subnets/cb714e08-1adf-4c26-969e-bfd7d661f5e5 HTTP/1.1" status: 204 len: 168 time: 0.1757786 /var/lib/openstack/lib/python3.10/site-packages/pycadf/identifier.py:71: UserWarning: Invalid uuid: neutron. To ensure interoperability, identifiers should be a valid uuid. warnings.warn(('Invalid uuid: %s. To ensure interoperability, '
2026-07-15 22:56:53.435 9 INFO neutron.wsgi [None req-6ad78f78-4619-4a68-a4d4-8651583dec16 9808bc71a986436b8d6746a457649fa5 77a38021297b46ba9b5409e1c711f924 - - default default] 10.0.0.216 "GET /v2.0/subnets HTTP/1.1" status: 200 len: 820 time: 0.0315795
2026-07-15 22:56:53.473 10 INFO neutron.wsgi [req-b25335bb-d294-43ad-a314-ec3a528e1521 req-d09fa057-d5c3-40ac-8a89-dc796ed2b4c1 020148a245aa457ba8f9ae8eec1f5b74 f4970c914d95420382e7831c1c5a8c46 - - 713730aea4c849d39e19d81e6968278a 713730aea4c849d39e19d81e6968278a] 10.0.0.241 "GET /v2.0/ports?device_id=34747939-1d5e-4cb1-971a-2a3fc153188b HTTP/1.1" status: 200 len: 1409 time: 0.0505035
2026-07-15 22:56:53.568 10 INFO neutron.wsgi [req-b25335bb-d294-43ad-a314-ec3a528e1521 req-c607a9ca-d4ca-4df4-a2be-63dac1766107 020148a245aa457ba8f9ae8eec1f5b74 f4970c914d95420382e7831c1c5a8c46 - - 713730aea4c849d39e19d81e6968278a 713730aea4c849d39e19d81e6968278a] 10.0.0.241 "GET /v2.0/security-groups?id=9113e511-96fc-43bd-b0f2-17ac3fde4105&fields=id&fields=name HTTP/1.1" status: 200 len: 313 time: 0.0856497
2026-07-15 22:56:53.608 10 INFO neutron.db.ovn_revision_numbers_db [None req-9ddc4059-caae-46a6-a7a0-54758cb36ee2 a79e365362224320b5ef954d615dbc9f 70f0f2a9a5434d19a64390cd5c75498c - - default default] Successfully bumped revision number for resource ed61967b-823d-458f-af9e-f98e57097928 (type: ports) to 1
2026-07-15 22:56:53.640 10 INFO neutron.wsgi [None req-9ddc4059-caae-46a6-a7a0-54758cb36ee2 a79e365362224320b5ef954d615dbc9f 70f0f2a9a5434d19a64390cd5c75498c - - default default] 10.0.0.216 "POST /v2.0/ports HTTP/1.1" status: 201 len: 1148 time: 0.8102648
2026-07-15 22:56:53.770 9 INFO neutron.services.segments.plugin [-] Segment f94fffe7-4eb7-48be-ab77-e901406cb79a resource provider aggregate not found
2026-07-15 22:56:53.790 9 INFO neutron.services.segments.plugin [-] Segment f94fffe7-4eb7-48be-ab77-e901406cb79a resource provider aggregate not found
2026-07-15 22:56:53.796 9 INFO neutron.services.segments.plugin [-] Segment f94fffe7-4eb7-48be-ab77-e901406cb79a resource provider not found; error: Placement Client Error (4xx): {"errors": [{"status": 404, "title": "Not Found", "detail": "The resource could not be found.\n\n No resource provider with uuid f94fffe7-4eb7-48be-ab77-e901406cb79a found for delete ", "request_id": "req-0cb8a8de-a030-4ec0-828c-617d7b6e1743"}]}
2026-07-15 22:56:53.829 10 INFO neutron.wsgi [None req-7d09616b-fd49-4872-bfdd-c1d3cd179d88 8b8b6741d84c435a9db3f640b66bc138 ce47a77e07924bd884ac3d7141194ede - - default default] 10.0.0.216 "PUT /v2.0/routers/2eccdc02-f43e-40c2-8ddc-5d35c06534c5/remove_router_interface HTTP/1.1" status: 200 len: 503 time: 0.8336463
2026-07-15 22:56:53.830 9 INFO neutron.services.segments.plugin [-] Segment f94fffe7-4eb7-48be-ab77-e901406cb79a resource provider not found; error: Placement Client Error (4xx): {"errors": [{"status": 404, "title": "Not Found", "detail": "The resource could not be found.\n\n No resource provider with uuid f94fffe7-4eb7-48be-ab77-e901406cb79a found for delete ", "request_id": "req-a831ac71-4478-4606-89b7-c1cae7e10349"}]} /var/lib/openstack/lib/python3.10/site-packages/pycadf/identifier.py:71: UserWarning: Invalid uuid: neutron. To ensure interoperability, identifiers should be a valid uuid. warnings.warn(('Invalid uuid: %s. To ensure interoperability, '
2026-07-15 22:56:53.862 9 INFO neutron.wsgi [None req-60929e73-566c-4478-8fd2-28d7e057535c 9808bc71a986436b8d6746a457649fa5 77a38021297b46ba9b5409e1c711f924 - - default default] 10.0.0.216 "DELETE /v2.0/networks/2a709ace-9240-4d0a-8671-a8ee77250935 HTTP/1.1" status: 204 len: 168 time: 0.4212511
2026-07-15 22:56:53.932 10 INFO neutron.api.v2.resource [None req-cbf24c6e-4539-4039-a782-6c31427026db 8b8b6741d84c435a9db3f640b66bc138 ce47a77e07924bd884ac3d7141194ede - - default default] remove_router_interface failed (client error): The resource could not be found.
2026-07-15 22:56:53.933 10 INFO neutron.wsgi [None req-cbf24c6e-4539-4039-a782-6c31427026db 8b8b6741d84c435a9db3f640b66bc138 ce47a77e07924bd884ac3d7141194ede - - default default] 10.0.0.216 "PUT /v2.0/routers/2eccdc02-f43e-40c2-8ddc-5d35c06534c5/remove_router_interface HTTP/1.1" status: 404 len: 398 time: 0.0987575
2026-07-15 22:56:53.963 9 INFO neutron.wsgi [None req-f151728e-1900-4335-bc96-84b3f054237f 8b8b6741d84c435a9db3f640b66bc138 ce47a77e07924bd884ac3d7141194ede - - default default] 10.0.0.216 "GET /v2.0/ports?device_id=2eccdc02-f43e-40c2-8ddc-5d35c06534c5 HTTP/1.1" status: 200 len: 205 time: 0.0244136
2026-07-15 22:56:54.179 9 INFO neutron.wsgi [None req-65221a9d-eb60-4974-b819-b15cd54b424c a79e365362224320b5ef954d615dbc9f 70f0f2a9a5434d19a64390cd5c75498c - - default default] 10.0.0.216 "DELETE /v2.0/ports/ed61967b-823d-458f-af9e-f98e57097928 HTTP/1.1" status: 204 len: 168 time: 0.5337706
2026-07-15 22:56:54.204 10 INFO neutron.pecan_wsgi.hooks.translation [None req-e3859ecb-c6d0-425c-8a20-7039bb97fab2 a79e365362224320b5ef954d615dbc9f 70f0f2a9a5434d19a64390cd5c75498c - - default default] DELETE failed (client error): The resource could not be found.
2026-07-15 22:56:54.206 10 INFO neutron.wsgi [None req-e3859ecb-c6d0-425c-8a20-7039bb97fab2 a79e365362224320b5ef954d615dbc9f 70f0f2a9a5434d19a64390cd5c75498c - - default default] 10.0.0.216 "DELETE /v2.0/ports/ed61967b-823d-458f-af9e-f98e57097928 HTTP/1.1" status: 404 len: 333 time: 0.0198309
2026-07-15 22:56:54.235 10 INFO neutron.services.segments.plugin [-] Segment 9d2cc696-d3cf-40fd-abd9-2d3733325ea7 resource provider aggregate not found
2026-07-15 22:56:54.236 9 INFO neutron.wsgi [None req-1cd192b6-9aa0-4fb6-99af-a529776a1569 8b8b6741d84c435a9db3f640b66bc138 ce47a77e07924bd884ac3d7141194ede - - default default] 10.0.0.216 "DELETE /v2.0/routers/2eccdc02-f43e-40c2-8ddc-5d35c06534c5 HTTP/1.1" status: 204 len: 168 time: 0.2682199
2026-07-15 22:56:54.237 9 INFO neutron.pecan_wsgi.hooks.translation [None req-cf6666da-9273-43c3-922c-3869c4400ee8 a79e365362224320b5ef954d615dbc9f 70f0f2a9a5434d19a64390cd5c75498c - - default default] GET failed (client error): The resource could not be found.
2026-07-15 22:56:54.239 9 INFO neutron.wsgi [None req-cf6666da-9273-43c3-922c-3869c4400ee8 a79e365362224320b5ef954d615dbc9f 70f0f2a9a5434d19a64390cd5c75498c - - default default] 10.0.0.216 "GET /v2.0/ports/ed61967b-823d-458f-af9e-f98e57097928 HTTP/1.1" status: 404 len: 333 time: 0.0258048
2026-07-15 22:56:54.240 10 INFO neutron.services.segments.plugin [-] Segment 9d2cc696-d3cf-40fd-abd9-2d3733325ea7 resource provider aggregate not found
2026-07-15 22:56:54.257 10 INFO neutron.services.segments.plugin [-] Segment 9d2cc696-d3cf-40fd-abd9-2d3733325ea7 resource provider not found; error: Placement Client Error (4xx): {"errors": [{"status": 404, "title": "Not Found", "detail": "The resource could not be found.\n\n No resource provider with uuid 9d2cc696-d3cf-40fd-abd9-2d3733325ea7 found for delete ", "request_id": "req-f7d0c887-d469-4527-9b8e-6befbd0b6779"}]}
