2026-07-15 22:59:00.408 9 WARNING neutron.scheduler.dhcp_agent_scheduler [None req-17db84d6-eeb3-417a-be3d-7e14acf0dcc4 bbf137bba300457d8c08e174d3b31ade bf1145dac45948e7842a98bf19c387ec - - default default] No more DHCP agents
2026-07-15 22:59:00.412 9 WARNING neutron.api.rpc.agentnotifiers.dhcp_rpc_agent_api [None req-17db84d6-eeb3-417a-be3d-7e14acf0dcc4 bbf137bba300457d8c08e174d3b31ade bf1145dac45948e7842a98bf19c387ec - - default default] Unable to schedule network 70e02708-445a-493e-85ac-da2af5dc3ffc: no agents available; will retry on subsequent port and subnet creation events.
2026-07-15 22:59:00.501 9 INFO neutron.db.ovn_revision_numbers_db [None req-17db84d6-eeb3-417a-be3d-7e14acf0dcc4 bbf137bba300457d8c08e174d3b31ade bf1145dac45948e7842a98bf19c387ec - - default default] Successfully bumped revision number for resource c1d4a5b0-c8b9-4bf9-9f40-02c639bb2e1f (type: ports) to 1
2026-07-15 22:59:00.522 9 INFO neutron.wsgi [None req-17db84d6-eeb3-417a-be3d-7e14acf0dcc4 bbf137bba300457d8c08e174d3b31ade bf1145dac45948e7842a98bf19c387ec - - default default] 10.0.0.216 "POST /v2.0/networks HTTP/1.1" status: 201 len: 829 time: 0.9473817
2026-07-15 22:59:00.621 9 INFO neutron.plugins.ml2.drivers.ovn.mech_driver.mech_driver [None req-c2740de3-9fdc-4af1-8deb-8479581be0bc - - - - - -] OVN reports status up for port: bf8494ba-1156-4794-92f3-e7397b71090d
2026-07-15 22:59:00.629 9 INFO neutron.plugins.ml2.plugin [None req-c2740de3-9fdc-4af1-8deb-8479581be0bc - - - - - -] Attempt 1 to provision port bf8494ba-1156-4794-92f3-e7397b71090d
2026-07-15 22:59:00.775 10 INFO neutron.db.ovn_revision_numbers_db [None req-8f700d5c-1ce7-4706-8388-ce91c82ae32b f9983b848cbf4113a8ae046b1a408ede 5232a88f02f346cd89762e70d8abb6fd - - default default] Successfully bumped revision number for resource d4724e6e-84b8-4cfe-8733-18f013829179 (type: security_groups) to 1
2026-07-15 22:59:00.791 10 INFO neutron.db.ovn_revision_numbers_db [None req-8f700d5c-1ce7-4706-8388-ce91c82ae32b f9983b848cbf4113a8ae046b1a408ede 5232a88f02f346cd89762e70d8abb6fd - - default default] Successfully bumped revision number for resource 02542151-7671-4938-bd73-c9148c4d15e8 (type: security_group_rules) to 0
2026-07-15 22:59:00.806 10 INFO neutron.db.ovn_revision_numbers_db [None req-8f700d5c-1ce7-4706-8388-ce91c82ae32b f9983b848cbf4113a8ae046b1a408ede 5232a88f02f346cd89762e70d8abb6fd - - default default] Successfully bumped revision number for resource b83ef3ca-7b6d-4656-80c9-9016755cb484 (type: security_group_rules) to 0
2026-07-15 22:59:00.830 10 INFO neutron.wsgi [None req-8f700d5c-1ce7-4706-8388-ce91c82ae32b f9983b848cbf4113a8ae046b1a408ede 5232a88f02f346cd89762e70d8abb6fd - - default default] 10.0.0.216 "POST /v2.0/security-groups HTTP/1.1" status: 201 len: 1809 time: 0.1730614
2026-07-15 22:59:00.847 9 WARNING neutron.scheduler.dhcp_agent_scheduler [None req-5c939326-9373-464d-92fd-e15d2c79d0d7 bbf137bba300457d8c08e174d3b31ade bf1145dac45948e7842a98bf19c387ec - - default default] No more DHCP agents
2026-07-15 22:59:00.849 9 WARNING neutron.api.rpc.agentnotifiers.dhcp_rpc_agent_api [None req-5c939326-9373-464d-92fd-e15d2c79d0d7 bbf137bba300457d8c08e174d3b31ade bf1145dac45948e7842a98bf19c387ec - - default default] Unable to schedule network 70e02708-445a-493e-85ac-da2af5dc3ffc: no agents available; will retry on subsequent port and subnet creation events.
2026-07-15 22:59:00.960 10 INFO neutron.db.ovn_revision_numbers_db [None req-fed798df-1f58-4ba0-b0de-07dc60342c50 f9983b848cbf4113a8ae046b1a408ede 5232a88f02f346cd89762e70d8abb6fd - - default default] Successfully bumped revision number for resource 0c10342d-33ad-4f8a-8edf-cffe477b0d02 (type: security_group_rules) to 0
2026-07-15 22:59:00.987 10 INFO neutron.wsgi [None req-fed798df-1f58-4ba0-b0de-07dc60342c50 f9983b848cbf4113a8ae046b1a408ede 5232a88f02f346cd89762e70d8abb6fd - - default default] 10.0.0.216 "POST /v2.0/security-group-rules HTTP/1.1" status: 201 len: 764 time: 0.1505485
2026-07-15 22:59:01.010 9 INFO neutron.db.ovn_revision_numbers_db [None req-c2740de3-9fdc-4af1-8deb-8479581be0bc - - - - - -] Successfully bumped revision number for resource bf8494ba-1156-4794-92f3-e7397b71090d (type: ports) to 2
2026-07-15 22:59:01.123 10 INFO neutron.db.ovn_revision_numbers_db [None req-4995c641-571b-4890-ba03-36a43175f11c f9983b848cbf4113a8ae046b1a408ede 5232a88f02f346cd89762e70d8abb6fd - - default default] Successfully bumped revision number for resource e35150f3-b58e-4732-9059-fd44d2601f92 (type: security_group_rules) to 0
2026-07-15 22:59:01.148 10 INFO neutron.wsgi [None req-4995c641-571b-4890-ba03-36a43175f11c f9983b848cbf4113a8ae046b1a408ede 5232a88f02f346cd89762e70d8abb6fd - - default default] 10.0.0.216 "POST /v2.0/security-group-rules HTTP/1.1" status: 201 len: 763 time: 0.1564522
2026-07-15 22:59:01.289 10 INFO neutron.db.ovn_revision_numbers_db [None req-8f10bfad-b6be-4a37-b4e7-b1bb75572d3d f9983b848cbf4113a8ae046b1a408ede 5232a88f02f346cd89762e70d8abb6fd - - default default] Successfully bumped revision number for resource 7214bb48-cfc2-4e6e-83de-20e86400a304 (type: security_group_rules) to 0
2026-07-15 22:59:01.328 10 INFO neutron.wsgi [None req-8f10bfad-b6be-4a37-b4e7-b1bb75572d3d f9983b848cbf4113a8ae046b1a408ede 5232a88f02f346cd89762e70d8abb6fd - - default default] 10.0.0.216 "POST /v2.0/security-group-rules HTTP/1.1" status: 201 len: 769 time: 0.1738534
2026-07-15 22:59:01.400 9 INFO neutron.db.ovn_revision_numbers_db [None req-c2740de3-9fdc-4af1-8deb-8479581be0bc - - - - - -] Successfully bumped revision number for resource bf8494ba-1156-4794-92f3-e7397b71090d (type: router_ports) to 2
2026-07-15 22:59:01.478 10 INFO neutron.db.ovn_revision_numbers_db [None req-61fb02d7-2c96-428a-8dde-bc1cc8ad369c f9983b848cbf4113a8ae046b1a408ede 5232a88f02f346cd89762e70d8abb6fd - - default default] Successfully bumped revision number for resource fd0a9c76-d2e9-4ecb-b33a-0330c79ae314 (type: security_group_rules) to 0
2026-07-15 22:59:01.508 10 INFO neutron.wsgi [None req-61fb02d7-2c96-428a-8dde-bc1cc8ad369c f9983b848cbf4113a8ae046b1a408ede 5232a88f02f346cd89762e70d8abb6fd - - default default] 10.0.0.216 "POST /v2.0/security-group-rules HTTP/1.1" status: 201 len: 768 time: 0.1759236
2026-07-15 22:59:01.536 10 INFO neutron.db.securitygroups_db [None req-730a686b-8fcd-46d9-97c6-8aa682423c86 f9983b848cbf4113a8ae046b1a408ede 5232a88f02f346cd89762e70d8abb6fd - - default default] Project 5232a88f02f346cd89762e70d8abb6fd added a security group rule with legacy IPv6 ICMP protocol name icmp, ipv6-icmp should be used instead. It was automatically converted.
2026-07-15 22:59:01.629 10 INFO neutron.db.ovn_revision_numbers_db [None req-730a686b-8fcd-46d9-97c6-8aa682423c86 f9983b848cbf4113a8ae046b1a408ede 5232a88f02f346cd89762e70d8abb6fd - - default default] Successfully bumped revision number for resource 8937de63-1924-48ee-8168-1113def30868 (type: security_group_rules) to 0
2026-07-15 22:59:01.655 10 INFO neutron.wsgi [None req-730a686b-8fcd-46d9-97c6-8aa682423c86 f9983b848cbf4113a8ae046b1a408ede 5232a88f02f346cd89762e70d8abb6fd - - default default] 10.0.0.216 "POST /v2.0/security-group-rules HTTP/1.1" status: 201 len: 774 time: 0.1402764
2026-07-15 22:59:01.662 9 INFO neutron.db.ovn_revision_numbers_db [None req-5c939326-9373-464d-92fd-e15d2c79d0d7 bbf137bba300457d8c08e174d3b31ade bf1145dac45948e7842a98bf19c387ec - - default default] Successfully bumped revision number for resource c1d4a5b0-c8b9-4bf9-9f40-02c639bb2e1f (type: ports) to 2
2026-07-15 22:59:01.682 10 INFO neutron.db.securitygroups_db [None req-a52eebd9-09ff-43ed-8fb5-8ad1c1bc621a f9983b848cbf4113a8ae046b1a408ede 5232a88f02f346cd89762e70d8abb6fd - - default default] Project 5232a88f02f346cd89762e70d8abb6fd added a security group rule with legacy IPv6 ICMP protocol name icmp, ipv6-icmp should be used instead. It was automatically converted.
2026-07-15 22:59:01.707 9 INFO neutron.db.ovn_revision_numbers_db [None req-5c939326-9373-464d-92fd-e15d2c79d0d7 bbf137bba300457d8c08e174d3b31ade bf1145dac45948e7842a98bf19c387ec - - default default] Successfully bumped revision number for resource d478337f-ecec-4f60-9833-1f7e57fec498 (type: subnets) to 0
2026-07-15 22:59:01.723 9 INFO neutron.wsgi [None req-5c939326-9373-464d-92fd-e15d2c79d0d7 bbf137bba300457d8c08e174d3b31ade bf1145dac45948e7842a98bf19c387ec - - default default] 10.0.0.216 "POST /v2.0/subnets HTTP/1.1" status: 201 len: 801 time: 1.1952350
2026-07-15 22:59:01.799 9 INFO neutron.wsgi [None req-90483db3-39f6-4ca1-8ffb-43425133bf99 bbf137bba300457d8c08e174d3b31ade bf1145dac45948e7842a98bf19c387ec - - default default] 10.0.0.216 "PUT /v2.0/subnets/d478337f-ecec-4f60-9833-1f7e57fec498/tags HTTP/1.1" status: 200 len: 218 time: 0.0705495
2026-07-15 22:59:01.803 10 INFO neutron.db.ovn_revision_numbers_db [None req-a52eebd9-09ff-43ed-8fb5-8ad1c1bc621a f9983b848cbf4113a8ae046b1a408ede 5232a88f02f346cd89762e70d8abb6fd - - default default] Successfully bumped revision number for resource 057b5bc2-5540-4cd0-861b-7073fd0ad3af (type: security_group_rules) to 0
2026-07-15 22:59:01.836 9 INFO neutron.wsgi [None req-a4106cd4-65f0-4236-a34b-649cf875efc6 bbf137bba300457d8c08e174d3b31ade bf1145dac45948e7842a98bf19c387ec - - default default] 10.0.0.216 "GET /v2.0/subnets/d478337f-ecec-4f60-9833-1f7e57fec498/tags HTTP/1.1" status: 200 len: 218 time: 0.0320249
2026-07-15 22:59:01.836 10 INFO neutron.wsgi [None req-a52eebd9-09ff-43ed-8fb5-8ad1c1bc621a f9983b848cbf4113a8ae046b1a408ede 5232a88f02f346cd89762e70d8abb6fd - - default default] 10.0.0.216 "POST /v2.0/security-group-rules HTTP/1.1" status: 201 len: 773 time: 0.1761284
2026-07-15 22:59:01.908 9 INFO neutron.wsgi [None req-7dd0bf38-cf92-4ffe-b070-d1a374b19b04 bbf137bba300457d8c08e174d3b31ade bf1145dac45948e7842a98bf19c387ec - - default default] 10.0.0.216 "PUT /v2.0/subnets/d478337f-ecec-4f60-9833-1f7e57fec498/tags/green HTTP/1.1" status: 201 len: 201 time: 0.0618618
2026-07-15 22:59:01.943 9 INFO neutron.wsgi [None req-0c6ae31e-f743-4677-9e1e-9332c32f745a bbf137bba300457d8c08e174d3b31ade bf1145dac45948e7842a98bf19c387ec - - default default] 10.0.0.216 "GET /v2.0/subnets/d478337f-ecec-4f60-9833-1f7e57fec498/tags HTTP/1.1" status: 200 len: 227 time: 0.0292799
2026-07-15 22:59:01.974 9 INFO neutron.wsgi [None req-bd0ae397-7a66-42bc-b976-32ee3223ede6 bbf137bba300457d8c08e174d3b31ade bf1145dac45948e7842a98bf19c387ec - - default default] 10.0.0.216 "PUT /v2.0/subnets/d478337f-ecec-4f60-9833-1f7e57fec498/tags/red HTTP/1.1" status: 201 len: 201 time: 0.0265555
2026-07-15 22:59:02.007 9 INFO neutron.wsgi [None req-8a1b0a60-d274-49d2-abed-f5ae3b5a804f bbf137bba300457d8c08e174d3b31ade bf1145dac45948e7842a98bf19c387ec - - default default] 10.0.0.216 "GET /v2.0/subnets/d478337f-ecec-4f60-9833-1f7e57fec498/tags HTTP/1.1" status: 200 len: 227 time: 0.0283718
2026-07-15 22:59:02.071 9 INFO neutron.wsgi [None req-082ea13e-0486-418b-8f7e-c9196dda95b6 bbf137bba300457d8c08e174d3b31ade bf1145dac45948e7842a98bf19c387ec - - default default] 10.0.0.216 "PUT /v2.0/subnets/d478337f-ecec-4f60-9833-1f7e57fec498/tags/black.or.white HTTP/1.1" status: 201 len: 201 time: 0.0590434
2026-07-15 22:59:02.101 9 INFO neutron.wsgi [None req-84966c37-5d28-4771-ae7f-f6efad5cf60e bbf137bba300457d8c08e174d3b31ade bf1145dac45948e7842a98bf19c387ec - - default default] 10.0.0.216 "GET /v2.0/subnets/d478337f-ecec-4f60-9833-1f7e57fec498/tags HTTP/1.1" status: 200 len: 245 time: 0.0240877
2026-07-15 22:59:02.166 9 INFO neutron.wsgi [None req-5d13b4a1-c24a-4058-a839-713f5dc62454 bbf137bba300457d8c08e174d3b31ade bf1145dac45948e7842a98bf19c387ec - - default default] 10.0.0.216 "PUT /v2.0/subnets/d478337f-ecec-4f60-9833-1f7e57fec498/tags HTTP/1.1" status: 200 len: 230 time: 0.0606568
2026-07-15 22:59:02.212 9 INFO neutron.wsgi [None req-ad33994a-3e26-4680-b9e4-b4f7b1e87846 bbf137bba300457d8c08e174d3b31ade bf1145dac45948e7842a98bf19c387ec - - default default] 10.0.0.216 "GET /v2.0/subnets/d478337f-ecec-4f60-9833-1f7e57fec498/tags HTTP/1.1" status: 200 len: 230 time: 0.0419436
2026-07-15 22:59:02.267 9 INFO neutron.wsgi [None req-e478c133-e9ac-4f62-b24d-f2a013b88757 bbf137bba300457d8c08e174d3b31ade bf1145dac45948e7842a98bf19c387ec - - default default] 10.0.0.216 "GET /v2.0/subnets/d478337f-ecec-4f60-9833-1f7e57fec498/tags/red HTTP/1.1" status: 204 len: 168 time: 0.0473988
2026-07-15 22:59:02.314 9 INFO neutron.api.v2.resource [None req-32c656bb-6b28-4de5-bc59-524751174671 bbf137bba300457d8c08e174d3b31ade bf1145dac45948e7842a98bf19c387ec - - default default] show failed (client error): The resource could not be found.
2026-07-15 22:59:02.316 9 INFO neutron.wsgi [None req-32c656bb-6b28-4de5-bc59-524751174671 bbf137bba300457d8c08e174d3b31ade bf1145dac45948e7842a98bf19c387ec - - default default] 10.0.0.216 "GET /v2.0/subnets/d478337f-ecec-4f60-9833-1f7e57fec498/tags/green HTTP/1.1" status: 404 len: 299 time: 0.0431409
2026-07-15 22:59:02.389 9 INFO neutron.wsgi [None req-856a2be6-88c1-4de7-bd17-dd2c1c8c07da bbf137bba300457d8c08e174d3b31ade bf1145dac45948e7842a98bf19c387ec - - default default] 10.0.0.216 "DELETE /v2.0/subnets/d478337f-ecec-4f60-9833-1f7e57fec498/tags/red HTTP/1.1" status: 204 len: 168 time: 0.0678508
2026-07-15 22:59:02.402 9 INFO neutron.db.ovn_revision_numbers_db [None req-3af279c6-b06d-4e78-9a6b-1bc618c3883f f9983b848cbf4113a8ae046b1a408ede 5232a88f02f346cd89762e70d8abb6fd - - default default] Successfully bumped revision number for resource af83def7-04dc-47c5-a134-1e9026ba1235 (type: security_groups) to 1
2026-07-15 22:59:02.431 9 INFO neutron.db.ovn_revision_numbers_db [None req-3af279c6-b06d-4e78-9a6b-1bc618c3883f f9983b848cbf4113a8ae046b1a408ede 5232a88f02f346cd89762e70d8abb6fd - - default default] Successfully bumped revision number for resource 07c316b6-f105-4117-b5b7-a5f9de134735 (type: security_group_rules) to 0
2026-07-15 22:59:02.441 9 INFO neutron.wsgi [None req-3a07ddd6-a6e0-4e4b-9079-3779ddf6a830 bbf137bba300457d8c08e174d3b31ade bf1145dac45948e7842a98bf19c387ec - - default default] 10.0.0.216 "GET /v2.0/subnets/d478337f-ecec-4f60-9833-1f7e57fec498/tags HTTP/1.1" status: 200 len: 223 time: 0.0463152
2026-07-15 22:59:02.451 9 INFO neutron.db.ovn_revision_numbers_db [None req-3af279c6-b06d-4e78-9a6b-1bc618c3883f f9983b848cbf4113a8ae046b1a408ede 5232a88f02f346cd89762e70d8abb6fd - - default default] Successfully bumped revision number for resource b9a948ce-6396-4739-a17f-574bdf4d9ae0 (type: security_group_rules) to 0
2026-07-15 22:59:02.477 9 INFO neutron.wsgi [None req-3af279c6-b06d-4e78-9a6b-1bc618c3883f f9983b848cbf4113a8ae046b1a408ede 5232a88f02f346cd89762e70d8abb6fd - - default default] 10.0.0.216 "POST /v2.0/security-groups HTTP/1.1" status: 201 len: 1795 time: 0.2748523
2026-07-15 22:59:02.500 10 INFO neutron.api.v2.resource [None req-8a2fe6f5-3417-4423-bea2-087287e97e9b bbf137bba300457d8c08e174d3b31ade bf1145dac45948e7842a98bf19c387ec - - default default] delete failed (client error): The resource could not be found.
2026-07-15 22:59:02.501 10 INFO neutron.wsgi [None req-8a2fe6f5-3417-4423-bea2-087287e97e9b bbf137bba300457d8c08e174d3b31ade bf1145dac45948e7842a98bf19c387ec - - default default] 10.0.0.216 "DELETE /v2.0/subnets/d478337f-ecec-4f60-9833-1f7e57fec498/tags/green HTTP/1.1" status: 404 len: 299 time: 0.0549204
2026-07-15 22:59:02.556 10 INFO neutron.wsgi [None req-9fb4763b-9646-46df-96d0-06eea34c28d2 bbf137bba300457d8c08e174d3b31ade bf1145dac45948e7842a98bf19c387ec - - default default] 10.0.0.216 "DELETE /v2.0/subnets/d478337f-ecec-4f60-9833-1f7e57fec498/tags HTTP/1.1" status: 204 len: 168 time: 0.0497427
2026-07-15 22:59:02.595 10 INFO neutron.wsgi [None req-d2e371e7-9307-4e42-8191-0fef449d64b1 bbf137bba300457d8c08e174d3b31ade bf1145dac45948e7842a98bf19c387ec - - default default] 10.0.0.216 "GET /v2.0/subnets/d478337f-ecec-4f60-9833-1f7e57fec498/tags HTTP/1.1" status: 200 len: 205 time: 0.0355055
2026-07-15 22:59:02.604 9 INFO neutron.db.ovn_revision_numbers_db [None req-1d286b09-e826-4d41-84d4-cdf4cb965246 f9983b848cbf4113a8ae046b1a408ede 5232a88f02f346cd89762e70d8abb6fd - - default default] Successfully bumped revision number for resource 24f8e180-ab5c-4ed5-9126-decc432255ff (type: security_group_rules) to 0
2026-07-15 22:59:02.638 9 INFO neutron.wsgi [None req-1d286b09-e826-4d41-84d4-cdf4cb965246 f9983b848cbf4113a8ae046b1a408ede 5232a88f02f346cd89762e70d8abb6fd - - default default] 10.0.0.216 "POST /v2.0/security-group-rules HTTP/1.1" status: 201 len: 764 time: 0.1559865
2026-07-15 22:59:02.752 9 INFO neutron.db.ovn_revision_numbers_db [None req-c1e3dfd9-6030-45b8-88fc-1bb131efc9ad f9983b848cbf4113a8ae046b1a408ede 5232a88f02f346cd89762e70d8abb6fd - - default default] Successfully bumped revision number for resource ef03cfb0-846c-46c6-8f9f-01f873f77050 (type: security_group_rules) to 0
2026-07-15 22:59:02.791 9 INFO neutron.wsgi [None req-c1e3dfd9-6030-45b8-88fc-1bb131efc9ad f9983b848cbf4113a8ae046b1a408ede 5232a88f02f346cd89762e70d8abb6fd - - default default] 10.0.0.216 "POST /v2.0/security-group-rules HTTP/1.1" status: 201 len: 769 time: 0.1475255
2026-07-15 22:59:02.854 10 INFO neutron.wsgi [None req-0e976e0c-39f4-484f-b698-a2cefb6071df bbf137bba300457d8c08e174d3b31ade bf1145dac45948e7842a98bf19c387ec - - default default] 10.0.0.216 "DELETE /v2.0/subnets/d478337f-ecec-4f60-9833-1f7e57fec498 HTTP/1.1" status: 204 len: 168 time: 0.2530837
2026-07-15 22:59:03.072 10 WARNING neutron.scheduler.dhcp_agent_scheduler [None req-4cab0d92-2f90-4d49-b07b-0a0a811ea5e9 f9983b848cbf4113a8ae046b1a408ede 5232a88f02f346cd89762e70d8abb6fd - - default default] No more DHCP agents
2026-07-15 22:59:03.073 10 WARNING neutron.api.rpc.agentnotifiers.dhcp_rpc_agent_api [None req-4cab0d92-2f90-4d49-b07b-0a0a811ea5e9 f9983b848cbf4113a8ae046b1a408ede 5232a88f02f346cd89762e70d8abb6fd - - default default] Unable to schedule network 01918310-5a49-4c66-9985-8f31d597a661: no agents available; will retry on subsequent port and subnet creation events.
2026-07-15 22:59:03.250 9 INFO neutron.services.segments.plugin [-] Segment d88498ff-1c88-44a4-84b8-3002a961f932 resource provider aggregate not found
2026-07-15 22:59:03.259 9 INFO neutron.services.segments.plugin [-] Segment d88498ff-1c88-44a4-84b8-3002a961f932 resource provider aggregate not found
2026-07-15 22:59:03.281 9 INFO neutron.services.segments.plugin [-] Segment d88498ff-1c88-44a4-84b8-3002a961f932 resource provider not found; error: Placement Client Error (4xx): {"errors": [{"status": 404, "title": "Not Found", "detail": "The resource could not be found.\n\n No resource provider with uuid d88498ff-1c88-44a4-84b8-3002a961f932 found for delete ", "request_id": "req-117bace4-e0a5-4b9e-9a40-6cf5bc0fe427"}]}
2026-07-15 22:59:03.282 9 INFO neutron.services.segments.plugin [-] Segment d88498ff-1c88-44a4-84b8-3002a961f932 resource provider not found; error: Placement Client Error (4xx): {"errors": [{"status": 404, "title": "Not Found", "detail": "The resource could not be found.\n\n No resource provider with uuid d88498ff-1c88-44a4-84b8-3002a961f932 found for delete ", "request_id": "req-c52e773a-bea4-4285-89e1-f25ca6a6e57b"}]}
2026-07-15 22:59:03.309 9 INFO neutron.wsgi [None req-fa7d5597-aae0-40f1-a4ca-84f1bcfb4554 bbf137bba300457d8c08e174d3b31ade bf1145dac45948e7842a98bf19c387ec - - default default] 10.0.0.216 "DELETE /v2.0/networks/70e02708-445a-493e-85ac-da2af5dc3ffc HTTP/1.1" status: 204 len: 168 time: 0.4470441
2026-07-15 22:59:03.394 10 INFO neutron.db.ovn_revision_numbers_db [None req-4cab0d92-2f90-4d49-b07b-0a0a811ea5e9 f9983b848cbf4113a8ae046b1a408ede 5232a88f02f346cd89762e70d8abb6fd - - default default] Successfully bumped revision number for resource 25210028-84e4-4b5a-aff8-bad486165c05 (type: floatingips) to 0
2026-07-15 22:59:03.410 10 INFO neutron.wsgi [None req-4cab0d92-2f90-4d49-b07b-0a0a811ea5e9 f9983b848cbf4113a8ae046b1a408ede 5232a88f02f346cd89762e70d8abb6fd - - default default] 10.0.0.216 "POST /v2.0/floatingips HTTP/1.1" status: 201 len: 751 time: 0.6130567
2026-07-15 22:59:03.516 10 INFO neutron.wsgi [req-ce5de596-66c0-450d-876c-60de7d25e6dd req-8a560352-e4ea-451e-bd62-12b6436f4bdc f9983b848cbf4113a8ae046b1a408ede 5232a88f02f346cd89762e70d8abb6fd - - default default] 10.0.0.199 "GET /v2.0/security-groups?name=tempest-securitygroup--1812831463&fields=id&tenant_id=5232a88f02f346cd89762e70d8abb6fd HTTP/1.1" status: 200 len: 267 time: 0.0362391
2026-07-15 22:59:03.557 10 INFO neutron.wsgi [req-ce5de596-66c0-450d-876c-60de7d25e6dd req-7471f80f-931a-487d-b35b-e63905239bcf f9983b848cbf4113a8ae046b1a408ede 5232a88f02f346cd89762e70d8abb6fd - - default default] 10.0.0.199 "GET /v2.0/security-groups?name=tempest-secgroup-smoke-201082438&fields=id&tenant_id=5232a88f02f346cd89762e70d8abb6fd HTTP/1.1" status: 200 len: 267 time: 0.0376194
2026-07-15 22:59:03.623 10 INFO neutron.wsgi [req-ce5de596-66c0-450d-876c-60de7d25e6dd req-658495e8-a512-42d0-a264-618b940b0791 f9983b848cbf4113a8ae046b1a408ede 5232a88f02f346cd89762e70d8abb6fd - - default default] 10.0.0.199 "GET /v2.0/networks?id=35f286f8-c47e-4f43-b4a7-e642bf35bb7c HTTP/1.1" status: 200 len: 872 time: 0.0625410
2026-07-15 22:59:03.642 10 INFO neutron.wsgi [req-ce5de596-66c0-450d-876c-60de7d25e6dd req-53310756-d9ed-4f4f-ba8d-f119b00fdb3a f9983b848cbf4113a8ae046b1a408ede 5232a88f02f346cd89762e70d8abb6fd - - default default] 10.0.0.199 "GET /v2.0/quotas/5232a88f02f346cd89762e70d8abb6fd HTTP/1.1" status: 200 len: 386 time: 0.0101628
2026-07-15 22:59:03.732 10 INFO neutron.wsgi [req-ce5de596-66c0-450d-876c-60de7d25e6dd req-bfad4772-e02b-4aa2-bf4a-4e61ef68b41f f9983b848cbf4113a8ae046b1a408ede 5232a88f02f346cd89762e70d8abb6fd - - default default] 10.0.0.199 "GET /v2.0/ports?tenant_id=5232a88f02f346cd89762e70d8abb6fd&fields=id HTTP/1.1" status: 200 len: 302 time: 0.0840726
2026-07-15 22:59:03.811 10 INFO neutron.wsgi [req-ce5de596-66c0-450d-876c-60de7d25e6dd req-d86ff21b-ef19-4ea9-8682-6a8abe22176c 020148a245aa457ba8f9ae8eec1f5b74 f4970c914d95420382e7831c1c5a8c46 - - 713730aea4c849d39e19d81e6968278a 713730aea4c849d39e19d81e6968278a] 10.0.0.199 "GET /v2.0/networks/35f286f8-c47e-4f43-b4a7-e642bf35bb7c?fields=segments HTTP/1.1" status: 200 len: 212 time: 0.0638688
2026-07-15 22:59:03.881 10 INFO neutron.wsgi [req-ce5de596-66c0-450d-876c-60de7d25e6dd req-f73130fe-f7d5-4661-90f5-2ac23b76a1f9 020148a245aa457ba8f9ae8eec1f5b74 f4970c914d95420382e7831c1c5a8c46 - - 713730aea4c849d39e19d81e6968278a 713730aea4c849d39e19d81e6968278a] 10.0.0.199 "GET /v2.0/networks/35f286f8-c47e-4f43-b4a7-e642bf35bb7c?fields=provider%3Aphysical_network&fields=provider%3Anetwork_type HTTP/1.1" status: 200 len: 277 time: 0.0631132
2026-07-15 22:59:04.027 9 INFO neutron.wsgi [req-2e062d69-a1bc-4845-8deb-4e7728d71661 req-0d382823-b59d-4fb9-bd18-c3549352cc81 f9983b848cbf4113a8ae046b1a408ede 5232a88f02f346cd89762e70d8abb6fd - - default default] 10.0.0.199 "GET /v2.0/ports?device_id=c895cdbd-98dd-4068-93f6-ca753ee26aad HTTP/1.1" status: 200 len: 210 time: 0.0217781
2026-07-15 22:59:04.106 9 INFO neutron.wsgi [None req-9a374dde-fa70-4b5c-bd85-0a6197d78d63 15347a2cd9fb413892463cba0acf75e4 3b11b5342cb9458b8a6fe990fe268e21 - - default default] 10.0.0.216 "GET /v2.0/security-groups?tenant_id=bf1145dac45948e7842a98bf19c387ec&name=default HTTP/1.1" status: 200 len: 2996 time: 0.1377687
2026-07-15 22:59:04.337 10 INFO neutron.wsgi [None req-1dbfd4fa-effd-49a4-a606-d8068a4e5331 15347a2cd9fb413892463cba0acf75e4 3b11b5342cb9458b8a6fe990fe268e21 - - default default] 10.0.0.216 "DELETE /v2.0/security-groups/a8d0e6ea-f00c-4a58-9ca2-966e82a79274 HTTP/1.1" status: 204 len: 168 time: 0.2246509
2026-07-15 22:59:04.536 9 INFO neutron.db.ovn_revision_numbers_db [None req-a2b38bd5-8dfd-40b2-bcbb-cee277bc5e5c 15347a2cd9fb413892463cba0acf75e4 3b11b5342cb9458b8a6fe990fe268e21 - - default default] Successfully bumped revision number for resource e08f1d61-23f5-417b-837e-d5e7a1c82c3e (type: security_groups) to 1
2026-07-15 22:59:04.550 9 INFO neutron.db.ovn_revision_numbers_db [None req-a2b38bd5-8dfd-40b2-bcbb-cee277bc5e5c 15347a2cd9fb413892463cba0acf75e4 3b11b5342cb9458b8a6fe990fe268e21 - - default default] Successfully bumped revision number for resource 428b651b-6a55-40db-8f8a-66aa77ae9fc9 (type: security_group_rules) to 0
2026-07-15 22:59:04.563 9 INFO neutron.db.ovn_revision_numbers_db [None req-a2b38bd5-8dfd-40b2-bcbb-cee277bc5e5c 15347a2cd9fb413892463cba0acf75e4 3b11b5342cb9458b8a6fe990fe268e21 - - default default] Successfully bumped revision number for resource 4c6b700c-5e08-45d8-b9fe-9a1530d9dcf4 (type: security_group_rules) to 0
2026-07-15 22:59:04.584 9 INFO neutron.db.ovn_revision_numbers_db [None req-a2b38bd5-8dfd-40b2-bcbb-cee277bc5e5c 15347a2cd9fb413892463cba0acf75e4 3b11b5342cb9458b8a6fe990fe268e21 - - default default] Successfully bumped revision number for resource 749111e6-2061-4d2a-aad4-f5b643da6135 (type: security_group_rules) to 0
2026-07-15 22:59:04.601 9 INFO neutron.db.ovn_revision_numbers_db [None req-a2b38bd5-8dfd-40b2-bcbb-cee277bc5e5c 15347a2cd9fb413892463cba0acf75e4 3b11b5342cb9458b8a6fe990fe268e21 - - default default] Successfully bumped revision number for resource f16130bf-9aa0-490d-9015-64b0ae195e5c (type: security_group_rules) to 0
2026-07-15 22:59:04.630 9 INFO neutron.wsgi [None req-a2b38bd5-8dfd-40b2-bcbb-cee277bc5e5c 15347a2cd9fb413892463cba0acf75e4 3b11b5342cb9458b8a6fe990fe268e21 - - default default] 10.0.0.216 "GET /v2.0/security-groups?tenant_id=1209d284290a42d6a6c0819df68d6a6d&name=default HTTP/1.1" status: 200 len: 2996 time: 0.1972206
2026-07-15 22:59:04.740 10 INFO neutron.wsgi [req-ce5de596-66c0-450d-876c-60de7d25e6dd req-f029b8cb-467d-4fba-b432-7972aa78e25c f9983b848cbf4113a8ae046b1a408ede 5232a88f02f346cd89762e70d8abb6fd - - default default] 199.204.45.235 "GET /v2.0/networks?id=35f286f8-c47e-4f43-b4a7-e642bf35bb7c HTTP/1.1" status: 200 len: 872 time: 0.0728037
2026-07-15 22:59:04.795 10 INFO neutron.wsgi [req-ce5de596-66c0-450d-876c-60de7d25e6dd req-d1153f9e-d6d0-4439-89fd-d0009999088c f9983b848cbf4113a8ae046b1a408ede 5232a88f02f346cd89762e70d8abb6fd - - default default] 199.204.45.235 "GET /v2.0/security-groups?fields=id&fields=name&tenant_id=5232a88f02f346cd89762e70d8abb6fd HTTP/1.1" status: 200 len: 472 time: 0.0473425
2026-07-15 22:59:04.841 9 INFO neutron.wsgi [None req-329dda41-a01a-4c76-a191-2aa55a2ad225 15347a2cd9fb413892463cba0acf75e4 3b11b5342cb9458b8a6fe990fe268e21 - - default default] 10.0.0.216 "DELETE /v2.0/security-groups/e08f1d61-23f5-417b-837e-d5e7a1c82c3e HTTP/1.1" status: 204 len: 168 time: 0.2056248
2026-07-15 22:59:05.125 10 INFO neutron.wsgi [req-fd565a68-b43e-40c0-a6f8-3d65299c3dba req-13254651-75c0-47ba-924d-f00d541a3455 f9983b848cbf4113a8ae046b1a408ede 5232a88f02f346cd89762e70d8abb6fd - - default default] 10.0.0.199 "GET /v2.0/ports?device_id=c895cdbd-98dd-4068-93f6-ca753ee26aad HTTP/1.1" status: 200 len: 210 time: 0.0243959
2026-07-15 22:59:05.182 10 WARNING neutron.scheduler.dhcp_agent_scheduler [req-ce5de596-66c0-450d-876c-60de7d25e6dd req-cbb03412-f342-41b1-ae84-a4a1480ac698 f9983b848cbf4113a8ae046b1a408ede 5232a88f02f346cd89762e70d8abb6fd - - default default] No more DHCP agents
2026-07-15 22:59:05.184 10 WARNING neutron.api.rpc.agentnotifiers.dhcp_rpc_agent_api [req-ce5de596-66c0-450d-876c-60de7d25e6dd req-cbb03412-f342-41b1-ae84-a4a1480ac698 f9983b848cbf4113a8ae046b1a408ede 5232a88f02f346cd89762e70d8abb6fd - - default default] Unable to schedule network 35f286f8-c47e-4f43-b4a7-e642bf35bb7c: no agents available; will retry on subsequent port and subnet creation events.
2026-07-15 22:59:05.411 10 INFO neutron.db.ovn_revision_numbers_db [req-ce5de596-66c0-450d-876c-60de7d25e6dd req-cbb03412-f342-41b1-ae84-a4a1480ac698 f9983b848cbf4113a8ae046b1a408ede 5232a88f02f346cd89762e70d8abb6fd - - default default] Successfully bumped revision number for resource e4a5214a-1aa5-4757-8d80-56dfc51d192c (type: ports) to 1
2026-07-15 22:59:05.439 10 INFO neutron.wsgi [req-ce5de596-66c0-450d-876c-60de7d25e6dd req-cbb03412-f342-41b1-ae84-a4a1480ac698 f9983b848cbf4113a8ae046b1a408ede 5232a88f02f346cd89762e70d8abb6fd - - default default] 199.204.45.235 "POST /v2.0/ports HTTP/1.1" status: 201 len: 1201 time: 0.6388869 /var/lib/openstack/lib/python3.10/site-packages/pycadf/identifier.py:71: UserWarning: Invalid uuid: neutron. To ensure interoperability, identifiers should be a valid uuid. warnings.warn(('Invalid uuid: %s. To ensure interoperability, '
2026-07-15 22:59:05.889 10 INFO neutron.db.ovn_revision_numbers_db [req-ce5de596-66c0-450d-876c-60de7d25e6dd req-ecf7809a-c3d2-4bc6-ae82-b8ef577ecd00 020148a245aa457ba8f9ae8eec1f5b74 f4970c914d95420382e7831c1c5a8c46 - - 713730aea4c849d39e19d81e6968278a 713730aea4c849d39e19d81e6968278a] Successfully bumped revision number for resource e4a5214a-1aa5-4757-8d80-56dfc51d192c (type: ports) to 2
2026-07-15 22:59:05.982 9 INFO neutron.wsgi [None req-3a4b17be-ba88-4675-8270-52462c82ba70 15347a2cd9fb413892463cba0acf75e4 3b11b5342cb9458b8a6fe990fe268e21 - - default default] 10.0.0.62 "GET /v2.0/routers HTTP/1.1" status: 200 len: 1530 time: 0.2834408
2026-07-15 22:59:06.014 9 INFO neutron.wsgi [None req-9919f005-4366-460c-9df5-b4a4dbfa21b3 15347a2cd9fb413892463cba0acf75e4 3b11b5342cb9458b8a6fe990fe268e21 - - default default] 10.0.0.62 "GET /v2.0/agents?binary=ovn-controller HTTP/1.1" status: 200 len: 591 time: 0.0308259
2026-07-15 22:59:06.050 9 INFO neutron.wsgi [None req-66ee40a5-6c09-4a9d-aaba-b59ce054e518 15347a2cd9fb413892463cba0acf75e4 3b11b5342cb9458b8a6fe990fe268e21 - - default default] 10.0.0.62 "GET /v2.0/floatingips HTTP/1.1" status: 200 len: 730 time: 0.0346711
2026-07-15 22:59:06.096 9 INFO neutron.wsgi [None req-5efc7cdd-27f0-4c1d-8600-84c33b956d8c 15347a2cd9fb413892463cba0acf75e4 3b11b5342cb9458b8a6fe990fe268e21 - - default default] 10.0.0.62 "GET /v2.0/ports HTTP/1.1" status: 200 len: 14035 time: 0.0439267
2026-07-15 22:59:06.126 9 INFO neutron.wsgi [None req-873e5f9a-d391-4d1c-ac4c-16fd18e4be72 15347a2cd9fb413892463cba0acf75e4 3b11b5342cb9458b8a6fe990fe268e21 - - default default] 10.0.0.62 "GET /v2.0/network-ip-availabilities HTTP/1.1" status: 200 len: 2222 time: 0.0232878
2026-07-15 22:59:06.129 10 INFO neutron.db.ovn_revision_numbers_db [req-ce5de596-66c0-450d-876c-60de7d25e6dd req-ecf7809a-c3d2-4bc6-ae82-b8ef577ecd00 020148a245aa457ba8f9ae8eec1f5b74 f4970c914d95420382e7831c1c5a8c46 - - 713730aea4c849d39e19d81e6968278a 713730aea4c849d39e19d81e6968278a] Successfully bumped revision number for resource e4a5214a-1aa5-4757-8d80-56dfc51d192c (type: ports) to 2
2026-07-15 22:59:06.142 10 INFO neutron.wsgi [req-ce5de596-66c0-450d-876c-60de7d25e6dd req-ecf7809a-c3d2-4bc6-ae82-b8ef577ecd00 020148a245aa457ba8f9ae8eec1f5b74 f4970c914d95420382e7831c1c5a8c46 - - 713730aea4c849d39e19d81e6968278a 713730aea4c849d39e19d81e6968278a] 199.204.45.235 "PUT /v2.0/ports/e4a5214a-1aa5-4757-8d80-56dfc51d192c HTTP/1.1" status: 200 len: 1419 time: 0.6930549
2026-07-15 22:59:06.176 9 INFO neutron.wsgi [None req-9faa1186-d050-45ff-b024-8fbc9f72fa96 15347a2cd9fb413892463cba0acf75e4 3b11b5342cb9458b8a6fe990fe268e21 - - default default] 10.0.0.62 "GET /v2.0/subnets HTTP/1.1" status: 200 len: 2744 time: 0.0491185 /var/lib/openstack/lib/python3.10/site-packages/pycadf/identifier.py:71: UserWarning: Invalid uuid: neutron. To ensure interoperability, identifiers should be a valid uuid. warnings.warn(('Invalid uuid: %s. To ensure interoperability, '
2026-07-15 22:59:06.192 10 INFO neutron.notifiers.nova [-] Nova event matching ['req-a0b0c128-24e9-4d72-add3-580437b16dad'] response: {'name': 'network-changed', 'server_uuid': 'c895cdbd-98dd-4068-93f6-ca753ee26aad', 'tag': 'e4a5214a-1aa5-4757-8d80-56dfc51d192c', 'status': 'completed', 'code': 200}
2026-07-15 22:59:06.193 9 INFO neutron.wsgi [None req-fccfb3fa-8e59-497e-9261-baa65580f749 15347a2cd9fb413892463cba0acf75e4 3b11b5342cb9458b8a6fe990fe268e21 - - default default] 10.0.0.62 "GET /v2.0/subnetpools HTTP/1.1" status: 200 len: 193 time: 0.0143843
2026-07-15 22:59:06.268 10 INFO neutron.wsgi [req-ce5de596-66c0-450d-876c-60de7d25e6dd req-4eb023b9-ec71-4641-88e8-8f0932adca36 020148a245aa457ba8f9ae8eec1f5b74 f4970c914d95420382e7831c1c5a8c46 - - 713730aea4c849d39e19d81e6968278a 713730aea4c849d39e19d81e6968278a] 199.204.45.235 "GET /v2.0/ports?tenant_id=5232a88f02f346cd89762e70d8abb6fd&device_id=c895cdbd-98dd-4068-93f6-ca753ee26aad HTTP/1.1" status: 200 len: 1450 time: 0.0873039
2026-07-15 22:59:06.279 9 INFO neutron.wsgi [None req-60e6a569-c3dc-4b6a-adf9-bee39ee6c287 15347a2cd9fb413892463cba0acf75e4 3b11b5342cb9458b8a6fe990fe268e21 - - default default] 10.0.0.62 "GET /v2.0/networks HTTP/1.1" status: 200 len: 3865 time: 0.0856223
2026-07-15 22:59:06.285 9 WARNING neutron.plugins.ml2.drivers.ovn.mech_driver.ovsdb.ovn_client [None req-c2740de3-9fdc-4af1-8deb-8479581be0bc - - - - - -] No hosting information found for port bf8494ba-1156-4794-92f3-e7397b71090d: RuntimeError: No hosting information found for port bf8494ba-1156-4794-92f3-e7397b71090d
2026-07-15 22:59:06.295 9 INFO neutron.wsgi [None req-f43241df-3056-4649-9242-40f0c2fe1874 15347a2cd9fb413892463cba0acf75e4 3b11b5342cb9458b8a6fe990fe268e21 - - default default] 10.0.0.62 "GET /v2.0/agents HTTP/1.1" status: 200 len: 997 time: 0.0087032
2026-07-15 22:59:06.298 10 INFO neutron.wsgi [req-f63b094a-9060-4661-8d11-592318f153d2 req-6fa63931-e843-4770-a28c-9838c2f6f18c f9983b848cbf4113a8ae046b1a408ede 5232a88f02f346cd89762e70d8abb6fd - - default default] 10.0.0.199 "GET /v2.0/ports?device_id=c895cdbd-98dd-4068-93f6-ca753ee26aad HTTP/1.1" status: 200 len: 1212 time: 0.0737684
2026-07-15 22:59:06.328 10 INFO neutron.wsgi [req-ce5de596-66c0-450d-876c-60de7d25e6dd req-9643512c-dcb6-48d8-af41-e20b772a283f 020148a245aa457ba8f9ae8eec1f5b74 f4970c914d95420382e7831c1c5a8c46 - - 713730aea4c849d39e19d81e6968278a 713730aea4c849d39e19d81e6968278a] 199.204.45.235 "GET /v2.0/floatingips?fixed_ip_address=10.100.0.11&port_id=e4a5214a-1aa5-4757-8d80-56dfc51d192c HTTP/1.1" status: 200 len: 217 time: 0.0495906
2026-07-15 22:59:06.355 9 INFO neutron.wsgi [None req-ec1e5c5d-0925-4b18-96d4-9a7bdc490f4e 15347a2cd9fb413892463cba0acf75e4 3b11b5342cb9458b8a6fe990fe268e21 - - default default] 10.0.0.62 "GET /v2.0/security-groups HTTP/1.1" status: 200 len: 30195 time: 0.0596263
2026-07-15 22:59:06.371 10 INFO neutron.wsgi [req-f63b094a-9060-4661-8d11-592318f153d2 req-e0d4e243-adf4-414e-ae71-cbb5e0bcb74f f9983b848cbf4113a8ae046b1a408ede 5232a88f02f346cd89762e70d8abb6fd - - default default] 10.0.0.199 "GET /v2.0/security-groups?id=d4724e6e-84b8-4cfe-8733-18f013829179&id=af83def7-04dc-47c5-a134-1e9026ba1235&fields=id&fields=name HTTP/1.1" status: 200 len: 405 time: 0.0618455
2026-07-15 22:59:06.373 10 INFO neutron.wsgi [req-ce5de596-66c0-450d-876c-60de7d25e6dd req-25599e67-3762-4cbf-ae5b-9571b6c57561 020148a245aa457ba8f9ae8eec1f5b74 f4970c914d95420382e7831c1c5a8c46 - - 713730aea4c849d39e19d81e6968278a 713730aea4c849d39e19d81e6968278a] 199.204.45.235 "GET /v2.0/subnets?id=556348d2-a0e3-4d37-927c-6a28217d9835 HTTP/1.1" status: 200 len: 866 time: 0.0376904
2026-07-15 22:59:06.406 9 INFO neutron.wsgi [None req-91258f6e-5a6f-4469-b184-5ebcb0198be1 15347a2cd9fb413892463cba0acf75e4 3b11b5342cb9458b8a6fe990fe268e21 - - default default] 10.0.0.62 "GET /v2.0/subnets HTTP/1.1" status: 200 len: 2744 time: 0.0415785
2026-07-15 22:59:06.416 10 INFO neutron.wsgi [req-ce5de596-66c0-450d-876c-60de7d25e6dd req-99c4e9d4-cd58-463d-93e6-b7c5d9755ff3 020148a245aa457ba8f9ae8eec1f5b74 f4970c914d95420382e7831c1c5a8c46 - - 713730aea4c849d39e19d81e6968278a 713730aea4c849d39e19d81e6968278a] 199.204.45.235 "GET /v2.0/ports?network_id=35f286f8-c47e-4f43-b4a7-e642bf35bb7c&device_owner=network%3Adhcp HTTP/1.1" status: 200 len: 210 time: 0.0341520
2026-07-15 22:59:06.486 10 INFO neutron.wsgi [req-ce5de596-66c0-450d-876c-60de7d25e6dd req-3c5ccf91-38f2-4ad9-953b-539d182a49bc 020148a245aa457ba8f9ae8eec1f5b74 f4970c914d95420382e7831c1c5a8c46 - - 713730aea4c849d39e19d81e6968278a 713730aea4c849d39e19d81e6968278a] 199.204.45.235 "GET /v2.0/networks/35f286f8-c47e-4f43-b4a7-e642bf35bb7c?fields=segments HTTP/1.1" status: 200 len: 212 time: 0.0599463
2026-07-15 22:59:06.549 10 INFO neutron.wsgi [req-ce5de596-66c0-450d-876c-60de7d25e6dd req-05d90178-89cf-422f-bc4a-d55c100bde17 020148a245aa457ba8f9ae8eec1f5b74 f4970c914d95420382e7831c1c5a8c46 - - 713730aea4c849d39e19d81e6968278a 713730aea4c849d39e19d81e6968278a] 199.204.45.235 "GET /v2.0/networks/35f286f8-c47e-4f43-b4a7-e642bf35bb7c?fields=provider%3Aphysical_network&fields=provider%3Anetwork_type HTTP/1.1" status: 200 len: 277 time: 0.0565970
2026-07-15 22:59:06.618 10 INFO neutron.wsgi [req-9d99a8f9-fff7-49bc-a0f9-c3bef614a61e req-61466628-3841-47b9-8668-7ed067e75b90 020148a245aa457ba8f9ae8eec1f5b74 f4970c914d95420382e7831c1c5a8c46 - - 713730aea4c849d39e19d81e6968278a 713730aea4c849d39e19d81e6968278a] 199.204.45.235 "GET /v2.0/ports?tenant_id=5232a88f02f346cd89762e70d8abb6fd&device_id=c895cdbd-98dd-4068-93f6-ca753ee26aad HTTP/1.1" status: 200 len: 1450 time: 0.0352943
2026-07-15 22:59:06.685 9 INFO neutron.wsgi [-] 10.0.0.25 "GET / HTTP/1.1" status: 200 len: 247 time: 0.0031965
2026-07-15 22:59:06.688 9 INFO neutron.wsgi [-] 10.0.0.25 "GET / HTTP/1.1" status: 200 len: 247 time: 0.0017149
2026-07-15 22:59:06.700 10 INFO neutron.wsgi [req-9d99a8f9-fff7-49bc-a0f9-c3bef614a61e req-a64c3d70-0ba8-4c8a-98c2-ad1072b1c780 020148a245aa457ba8f9ae8eec1f5b74 f4970c914d95420382e7831c1c5a8c46 - - 713730aea4c849d39e19d81e6968278a 713730aea4c849d39e19d81e6968278a] 199.204.45.235 "GET /v2.0/networks?id=35f286f8-c47e-4f43-b4a7-e642bf35bb7c HTTP/1.1" status: 200 len: 971 time: 0.0717154
2026-07-15 22:59:06.727 10 INFO neutron.wsgi [req-9d99a8f9-fff7-49bc-a0f9-c3bef614a61e req-fedf204c-7493-4c08-8339-3a717d941a46 020148a245aa457ba8f9ae8eec1f5b74 f4970c914d95420382e7831c1c5a8c46 - - 713730aea4c849d39e19d81e6968278a 713730aea4c849d39e19d81e6968278a] 199.204.45.235 "GET /v2.0/floatingips?fixed_ip_address=10.100.0.11&port_id=e4a5214a-1aa5-4757-8d80-56dfc51d192c HTTP/1.1" status: 200 len: 217 time: 0.0229583
2026-07-15 22:59:06.727 9 INFO neutron.wsgi [req-541ac845-a8fb-4802-8223-00b3fb3f5ba2 req-b556478a-0d74-46fe-8bc7-393295eacabb 020148a245aa457ba8f9ae8eec1f5b74 f4970c914d95420382e7831c1c5a8c46 - - 713730aea4c849d39e19d81e6968278a 713730aea4c849d39e19d81e6968278a] 199.204.45.235 "GET /v2.0/ports?device_id=c895cdbd-98dd-4068-93f6-ca753ee26aad HTTP/1.1" status: 200 len: 1450 time: 0.0327208
2026-07-15 22:59:06.778 10 INFO neutron.wsgi [req-9d99a8f9-fff7-49bc-a0f9-c3bef614a61e req-cdd3a43e-aedd-4a85-a8cd-8010da11cabc 020148a245aa457ba8f9ae8eec1f5b74 f4970c914d95420382e7831c1c5a8c46 - - 713730aea4c849d39e19d81e6968278a 713730aea4c849d39e19d81e6968278a] 199.204.45.235 "GET /v2.0/subnets?id=556348d2-a0e3-4d37-927c-6a28217d9835 HTTP/1.1" status: 200 len: 866 time: 0.0438576
2026-07-15 22:59:06.778 9 INFO neutron.wsgi [req-541ac845-a8fb-4802-8223-00b3fb3f5ba2 req-5c74d0d8-b147-4eb8-a289-5efd4c43f918 020148a245aa457ba8f9ae8eec1f5b74 f4970c914d95420382e7831c1c5a8c46 - - 713730aea4c849d39e19d81e6968278a 713730aea4c849d39e19d81e6968278a] 199.204.45.235 "GET /v2.0/security-groups?id=af83def7-04dc-47c5-a134-1e9026ba1235&id=d4724e6e-84b8-4cfe-8733-18f013829179&fields=id&fields=name HTTP/1.1" status: 200 len: 405 time: 0.0439925
2026-07-15 22:59:06.836 10 INFO neutron.wsgi [req-9d99a8f9-fff7-49bc-a0f9-c3bef614a61e req-c5dc82a0-6319-4421-aa2f-2a860693120b 020148a245aa457ba8f9ae8eec1f5b74 f4970c914d95420382e7831c1c5a8c46 - - 713730aea4c849d39e19d81e6968278a 713730aea4c849d39e19d81e6968278a] 199.204.45.235 "GET /v2.0/ports?network_id=35f286f8-c47e-4f43-b4a7-e642bf35bb7c&device_owner=network%3Adhcp HTTP/1.1" status: 200 len: 210 time: 0.0231063
2026-07-15 22:59:06.900 10 INFO neutron.plugins.ml2.drivers.ovn.mech_driver.mech_driver [None req-cd3b2352-ef9d-4b0d-b87f-52edbcc52025 - - - - - -] OVN reports status up for port: e4a5214a-1aa5-4757-8d80-56dfc51d192c
2026-07-15 22:59:06.917 10 INFO neutron.plugins.ml2.plugin [None req-cd3b2352-ef9d-4b0d-b87f-52edbcc52025 - - - - - -] Attempt 1 to provision port e4a5214a-1aa5-4757-8d80-56dfc51d192c
2026-07-15 22:59:06.920 10 INFO neutron.wsgi [req-9d99a8f9-fff7-49bc-a0f9-c3bef614a61e req-4231743b-77ae-4184-8299-bed2d08dfda9 020148a245aa457ba8f9ae8eec1f5b74 f4970c914d95420382e7831c1c5a8c46 - - 713730aea4c849d39e19d81e6968278a 713730aea4c849d39e19d81e6968278a] 199.204.45.235 "GET /v2.0/networks/35f286f8-c47e-4f43-b4a7-e642bf35bb7c?fields=segments HTTP/1.1" status: 200 len: 212 time: 0.0757084
2026-07-15 22:59:07.022 10 INFO neutron.wsgi [req-9d99a8f9-fff7-49bc-a0f9-c3bef614a61e req-c40518ee-fe27-4b2d-afdd-07b7b7c46e61 020148a245aa457ba8f9ae8eec1f5b74 f4970c914d95420382e7831c1c5a8c46 - - 713730aea4c849d39e19d81e6968278a 713730aea4c849d39e19d81e6968278a] 199.204.45.235 "GET /v2.0/networks/35f286f8-c47e-4f43-b4a7-e642bf35bb7c?fields=provider%3Aphysical_network&fields=provider%3Anetwork_type HTTP/1.1" status: 200 len: 277 time: 0.0831413
2026-07-15 22:59:07.547 9 INFO neutron.wsgi [req-b7b1274b-98d9-4aec-885e-9a0248e2cd18 req-542de761-5e8d-4ad3-bd12-05b6c9a3a199 f9983b848cbf4113a8ae046b1a408ede 5232a88f02f346cd89762e70d8abb6fd - - default default] 10.0.0.199 "GET /v2.0/ports?device_id=c895cdbd-98dd-4068-93f6-ca753ee26aad HTTP/1.1" status: 200 len: 1214 time: 0.0988729
2026-07-15 22:59:07.605 9 INFO neutron.wsgi [req-b7b1274b-98d9-4aec-885e-9a0248e2cd18 req-5d3825e5-21a4-4068-aa96-5bc82b85f6f9 f9983b848cbf4113a8ae046b1a408ede 5232a88f02f346cd89762e70d8abb6fd - - default default] 10.0.0.199 "GET /v2.0/security-groups?id=d4724e6e-84b8-4cfe-8733-18f013829179&id=af83def7-04dc-47c5-a134-1e9026ba1235&fields=id&fields=name HTTP/1.1" status: 200 len: 405 time: 0.0482061
2026-07-15 22:59:07.756 10 INFO neutron.db.ovn_revision_numbers_db [None req-cd3b2352-ef9d-4b0d-b87f-52edbcc52025 - - - - - -] Successfully bumped revision number for resource e4a5214a-1aa5-4757-8d80-56dfc51d192c (type: ports) to 4
2026-07-15 22:59:08.232 10 INFO neutron.notifiers.nova [-] Nova event matching ['req-a80010cd-1b93-48f6-834e-e086a038febd'] response: {'server_uuid': 'c895cdbd-98dd-4068-93f6-ca753ee26aad', 'name': 'network-vif-plugged', 'status': 'completed', 'tag': 'e4a5214a-1aa5-4757-8d80-56dfc51d192c', 'code': 200}
2026-07-15 22:59:08.233 10 INFO neutron.notifiers.nova [-] Nova event matching ['req-a80010cd-1b93-48f6-834e-e086a038febd'] response: {'server_uuid': 'c895cdbd-98dd-4068-93f6-ca753ee26aad', 'name': 'network-vif-plugged', 'status': 'completed', 'tag': 'e4a5214a-1aa5-4757-8d80-56dfc51d192c', 'code': 200} /var/lib/openstack/lib/python3.10/site-packages/pycadf/identifier.py:71: UserWarning: Invalid uuid: neutron. To ensure interoperability, identifiers should be a valid uuid. warnings.warn(('Invalid uuid: %s. To ensure interoperability, '
2026-07-15 22:59:08.508 10 INFO neutron.db.ovn_revision_numbers_db [None req-c0254988-e941-41ab-8f9b-74aef99710bf a8a369b1a80246658a85fab9000cb95c 8f1dc9009d8b4df1bfc455ab21ccd72f - - default default] Successfully bumped revision number for resource bf0c2a37-c9f0-43c2-ba98-13951eecb5df (type: security_groups) to 1
2026-07-15 22:59:08.520 10 INFO neutron.db.ovn_revision_numbers_db [None req-c0254988-e941-41ab-8f9b-74aef99710bf a8a369b1a80246658a85fab9000cb95c 8f1dc9009d8b4df1bfc455ab21ccd72f - - default default] Successfully bumped revision number for resource 1b7689c2-93f8-4820-a2dd-d147230169b0 (type: security_group_rules) to 0
2026-07-15 22:59:08.533 10 INFO neutron.db.ovn_revision_numbers_db [None req-c0254988-e941-41ab-8f9b-74aef99710bf a8a369b1a80246658a85fab9000cb95c 8f1dc9009d8b4df1bfc455ab21ccd72f - - default default] Successfully bumped revision number for resource 5ea830e3-6071-4a72-8563-1e05dde8a2e8 (type: security_group_rules) to 0
2026-07-15 22:59:08.548 10 INFO neutron.db.ovn_revision_numbers_db [None req-c0254988-e941-41ab-8f9b-74aef99710bf a8a369b1a80246658a85fab9000cb95c 8f1dc9009d8b4df1bfc455ab21ccd72f - - default default] Successfully bumped revision number for resource 98d5b13a-5805-4c97-a1cc-cc892056107f (type: security_group_rules) to 0
2026-07-15 22:59:08.560 10 INFO neutron.db.ovn_revision_numbers_db [None req-c0254988-e941-41ab-8f9b-74aef99710bf a8a369b1a80246658a85fab9000cb95c 8f1dc9009d8b4df1bfc455ab21ccd72f - - default default] Successfully bumped revision number for resource f348a818-a16f-4888-9f0e-2a76c85849d3 (type: security_group_rules) to 0
2026-07-15 22:59:08.620 10 INFO neutron.db.segments_db [None req-c0254988-e941-41ab-8f9b-74aef99710bf a8a369b1a80246658a85fab9000cb95c 8f1dc9009d8b4df1bfc455ab21ccd72f - - default default] Added segment 2e652cec-295b-4888-89d4-b34300c6eee0 of type geneve for network fe23991c-afcc-47a4-8505-b62e7c2756d0
2026-07-15 22:59:08.712 9 INFO neutron.wsgi [req-83596df7-79c4-49d5-a2fe-78dcac78e2e2 req-62ee4847-b1d6-449b-80e9-43c1c6a8a9a5 f9983b848cbf4113a8ae046b1a408ede 5232a88f02f346cd89762e70d8abb6fd - - default default] 10.0.0.199 "GET /v2.0/ports?device_id=c895cdbd-98dd-4068-93f6-ca753ee26aad HTTP/1.1" status: 200 len: 1214 time: 0.0470269
2026-07-15 22:59:08.771 9 INFO neutron.wsgi [req-83596df7-79c4-49d5-a2fe-78dcac78e2e2 req-83a50b77-a0cc-4d11-a2bf-78bd3fbc907e f9983b848cbf4113a8ae046b1a408ede 5232a88f02f346cd89762e70d8abb6fd - - default default] 10.0.0.199 "GET /v2.0/security-groups?id=d4724e6e-84b8-4cfe-8733-18f013829179&id=af83def7-04dc-47c5-a134-1e9026ba1235&fields=id&fields=name HTTP/1.1" status: 200 len: 405 time: 0.0516362
2026-07-15 22:59:08.791 10 INFO neutron.db.ovn_revision_numbers_db [None req-c0254988-e941-41ab-8f9b-74aef99710bf a8a369b1a80246658a85fab9000cb95c 8f1dc9009d8b4df1bfc455ab21ccd72f - - default default] Successfully bumped revision number for resource fe23991c-afcc-47a4-8505-b62e7c2756d0 (type: networks) to 1
2026-07-15 22:59:08.947 10 INFO neutron.wsgi [req-b28a37a8-9415-4c11-8a6e-ee9fb6c629b0 req-6027e3ac-63f0-4934-87f9-7124ce3d6165 f9983b848cbf4113a8ae046b1a408ede 5232a88f02f346cd89762e70d8abb6fd - - default default] 10.0.0.199 "GET /v2.0/ports?device_id=c895cdbd-98dd-4068-93f6-ca753ee26aad HTTP/1.1" status: 200 len: 1214 time: 0.1237655
2026-07-15 22:59:09.019 10 WARNING neutron.scheduler.dhcp_agent_scheduler [None req-c0254988-e941-41ab-8f9b-74aef99710bf a8a369b1a80246658a85fab9000cb95c 8f1dc9009d8b4df1bfc455ab21ccd72f - - default default] No more DHCP agents
2026-07-15 22:59:09.021 10 WARNING neutron.api.rpc.agentnotifiers.dhcp_rpc_agent_api [None req-c0254988-e941-41ab-8f9b-74aef99710bf a8a369b1a80246658a85fab9000cb95c 8f1dc9009d8b4df1bfc455ab21ccd72f - - default default] Unable to schedule network fe23991c-afcc-47a4-8505-b62e7c2756d0: no agents available; will retry on subsequent port and subnet creation events.
2026-07-15 22:59:09.089 10 INFO neutron.db.ovn_revision_numbers_db [None req-c0254988-e941-41ab-8f9b-74aef99710bf a8a369b1a80246658a85fab9000cb95c 8f1dc9009d8b4df1bfc455ab21ccd72f - - default default] Successfully bumped revision number for resource 97b5c8e6-9a82-4390-ac1e-7176aacd08a7 (type: ports) to 1
2026-07-15 22:59:09.109 10 INFO neutron.wsgi [None req-c0254988-e941-41ab-8f9b-74aef99710bf a8a369b1a80246658a85fab9000cb95c 8f1dc9009d8b4df1bfc455ab21ccd72f - - default default] 10.0.0.216 "POST /v2.0/networks HTTP/1.1" status: 201 len: 830 time: 0.9480612
2026-07-15 22:59:09.318 9 INFO neutron.db.l3_db [None req-168809d5-73ba-4887-8997-a714c7c2429e f9983b848cbf4113a8ae046b1a408ede 5232a88f02f346cd89762e70d8abb6fd - - default default] Floating IP 25210028-84e4-4b5a-aff8-bad486165c05 associated. External IP: 10.96.250.217, port: e4a5214a-1aa5-4757-8d80-56dfc51d192c.
2026-07-15 22:59:09.453 10 WARNING neutron.scheduler.dhcp_agent_scheduler [None req-757b8822-549e-464e-8288-a492610eb3da a8a369b1a80246658a85fab9000cb95c 8f1dc9009d8b4df1bfc455ab21ccd72f - - default default] No more DHCP agents
2026-07-15 22:59:09.455 10 WARNING neutron.api.rpc.agentnotifiers.dhcp_rpc_agent_api [None req-757b8822-549e-464e-8288-a492610eb3da a8a369b1a80246658a85fab9000cb95c 8f1dc9009d8b4df1bfc455ab21ccd72f - - default default] Unable to schedule network fe23991c-afcc-47a4-8505-b62e7c2756d0: no agents available; will retry on subsequent port and subnet creation events.
2026-07-15 22:59:09.545 10 INFO neutron.db.ovn_revision_numbers_db [None req-757b8822-549e-464e-8288-a492610eb3da a8a369b1a80246658a85fab9000cb95c 8f1dc9009d8b4df1bfc455ab21ccd72f - - default default] Successfully bumped revision number for resource 62a021fa-0463-42ca-9bd7-a39b14162dd1 (type: ports) to 1
2026-07-15 22:59:09.567 10 INFO neutron.wsgi [None req-757b8822-549e-464e-8288-a492610eb3da a8a369b1a80246658a85fab9000cb95c 8f1dc9009d8b4df1bfc455ab21ccd72f - - default default] 10.0.0.216 "POST /v2.0/ports HTTP/1.1" status: 201 len: 942 time: 0.4528956 /var/lib/openstack/lib/python3.10/site-packages/pycadf/identifier.py:71: UserWarning: Invalid uuid: neutron. To ensure interoperability, identifiers should be a valid uuid. warnings.warn(('Invalid uuid: %s. To ensure interoperability, '
2026-07-15 22:59:09.576 9 INFO neutron.db.ovn_revision_numbers_db [None req-168809d5-73ba-4887-8997-a714c7c2429e f9983b848cbf4113a8ae046b1a408ede 5232a88f02f346cd89762e70d8abb6fd - - default default] Successfully bumped revision number for resource 25210028-84e4-4b5a-aff8-bad486165c05 (type: floatingips) to 1
2026-07-15 22:59:09.717 9 INFO neutron.db.ovn_revision_numbers_db [None req-168809d5-73ba-4887-8997-a714c7c2429e f9983b848cbf4113a8ae046b1a408ede 5232a88f02f346cd89762e70d8abb6fd - - default default] Successfully bumped revision number for resource 25210028-84e4-4b5a-aff8-bad486165c05 (type: floatingips) to 2
2026-07-15 22:59:09.754 9 INFO neutron.wsgi [None req-168809d5-73ba-4887-8997-a714c7c2429e f9983b848cbf4113a8ae046b1a408ede 5232a88f02f346cd89762e70d8abb6fd - - default default] 10.0.0.216 "PUT /v2.0/floatingips/25210028-84e4-4b5a-aff8-bad486165c05 HTTP/1.1" status: 200 len: 1050 time: 0.7906337
2026-07-15 22:59:09.787 9 INFO neutron.notifiers.nova [-] Nova event matching ['req-39658f3e-4a7a-41b0-8272-d04e9b392ce0'] response: {'name': 'network-changed', 'server_uuid': 'c895cdbd-98dd-4068-93f6-ca753ee26aad', 'tag': 'e4a5214a-1aa5-4757-8d80-56dfc51d192c', 'status': 'completed', 'code': 200}
