2026-07-15 22:57:20.969 9 INFO neutron.services.segments.plugin [-] Segment df0e870f-6039-42a7-a3c2-377bb656454f resource provider not found; error: Placement Client Error (4xx): {"errors": [{"status": 404, "title": "Not Found", "detail": "The resource could not be found.\n\n No resource provider with uuid df0e870f-6039-42a7-a3c2-377bb656454f found for delete ", "request_id": "req-7680c106-0d47-4f27-b1da-e6607f276d7f"}]}
2026-07-15 22:57:20.987 10 INFO neutron.wsgi [None req-e11480a5-d087-4f0c-b198-0ca35d855e2c 1bc5085e476541e7a817ce536612d565 54b5edc4ef8c42a5abaed06197cd866d - - default default] 10.0.0.216 "GET /v2.0/security-group-rules HTTP/1.1" status: 200 len: 3567 time: 0.0402036
2026-07-15 22:57:20.991 9 INFO neutron.wsgi [None req-f592b260-04b6-4d7f-bb70-e2da844f6ada 19ce5e4f0e0140ebab4b88eba4c90697 3c5a48843cff472ab5059ad15cd164c4 - - default default] 10.0.0.216 "DELETE /v2.0/networks/6a37b2a1-0b41-48a4-b479-e6d450fc5b50 HTTP/1.1" status: 204 len: 168 time: 0.4544859
2026-07-15 22:57:21.135 10 INFO neutron.db.ovn_revision_numbers_db [None req-8f56d6df-a647-4a5b-a3c8-e579c65894ef 1bc5085e476541e7a817ce536612d565 54b5edc4ef8c42a5abaed06197cd866d - - default default] Successfully bumped revision number for resource 7ddff77c-a681-46be-add6-a273645c7937 (type: security_group_rules) to 0
2026-07-15 22:57:21.166 10 INFO neutron.wsgi [None req-8f56d6df-a647-4a5b-a3c8-e579c65894ef 1bc5085e476541e7a817ce536612d565 54b5edc4ef8c42a5abaed06197cd866d - - default default] 10.0.0.216 "POST /v2.0/security-group-rules HTTP/1.1" status: 201 len: 768 time: 0.1723630
2026-07-15 22:57:21.191 10 INFO neutron.wsgi [None req-db55aed7-572f-41e1-98d6-325c2aa8f159 1bc5085e476541e7a817ce536612d565 54b5edc4ef8c42a5abaed06197cd866d - - default default] 10.0.0.216 "GET /v2.0/security-group-rules/7ddff77c-a681-46be-add6-a273645c7937 HTTP/1.1" status: 200 len: 763 time: 0.0195742
2026-07-15 22:57:21.235 10 INFO neutron.wsgi [None req-60a1345e-713a-461c-95fb-a0bf4d8fe412 1bc5085e476541e7a817ce536612d565 54b5edc4ef8c42a5abaed06197cd866d - - default default] 10.0.0.216 "GET /v2.0/security-group-rules HTTP/1.1" status: 200 len: 4113 time: 0.0392175
2026-07-15 22:57:21.340 10 INFO neutron.wsgi [None req-05b11334-47ac-43cf-a4ce-81c259b7cfbf 1bc5085e476541e7a817ce536612d565 54b5edc4ef8c42a5abaed06197cd866d - - default default] 10.0.0.216 "DELETE /v2.0/security-group-rules/7ddff77c-a681-46be-add6-a273645c7937 HTTP/1.1" status: 204 len: 168 time: 0.0990331
2026-07-15 22:57:21.376 10 INFO neutron.wsgi [None req-2e04f458-217a-46f2-a8bc-9dcb3de0c780 1bc5085e476541e7a817ce536612d565 54b5edc4ef8c42a5abaed06197cd866d - - default default] 10.0.0.216 "GET /v2.0/security-group-rules HTTP/1.1" status: 200 len: 3567 time: 0.0319643
2026-07-15 22:57:21.413 10 INFO neutron.db.securitygroups_db [None req-396f413a-3a0d-4ef4-9b46-adaa08aefad5 1bc5085e476541e7a817ce536612d565 54b5edc4ef8c42a5abaed06197cd866d - - default default] Project 54b5edc4ef8c42a5abaed06197cd866d added a security group rule with legacy IPv6 ICMP protocol name icmp, ipv6-icmp should be used instead. It was automatically converted.
2026-07-15 22:57:21.435 9 INFO neutron.wsgi [None req-e31c725b-fd47-41eb-aeae-4b89a23f85a4 19ce5e4f0e0140ebab4b88eba4c90697 3c5a48843cff472ab5059ad15cd164c4 - - default default] 10.0.0.216 "DELETE /v2.0/networks/05f698c4-59d6-44a3-8086-f2cf374d517c HTTP/1.1" status: 204 len: 168 time: 0.4384804
2026-07-15 22:57:21.544 10 INFO neutron.db.ovn_revision_numbers_db [None req-396f413a-3a0d-4ef4-9b46-adaa08aefad5 1bc5085e476541e7a817ce536612d565 54b5edc4ef8c42a5abaed06197cd866d - - default default] Successfully bumped revision number for resource 7eb2b599-0a23-4a9f-b272-f4b15624b6ea (type: security_group_rules) to 0
2026-07-15 22:57:21.605 10 INFO neutron.wsgi [None req-396f413a-3a0d-4ef4-9b46-adaa08aefad5 1bc5085e476541e7a817ce536612d565 54b5edc4ef8c42a5abaed06197cd866d - - default default] 10.0.0.216 "POST /v2.0/security-group-rules HTTP/1.1" status: 201 len: 774 time: 0.2240899
2026-07-15 22:57:21.627 9 INFO neutron.wsgi [None req-3d606b24-2eef-4ee5-8b37-9138f1478740 1bc5085e476541e7a817ce536612d565 54b5edc4ef8c42a5abaed06197cd866d - - default default] 10.0.0.216 "GET /v2.0/security-group-rules/7eb2b599-0a23-4a9f-b272-f4b15624b6ea HTTP/1.1" status: 200 len: 769 time: 0.0170460
2026-07-15 22:57:21.669 9 INFO neutron.wsgi [None req-9bfb237a-e26c-445d-a422-5079a56d8854 1bc5085e476541e7a817ce536612d565 54b5edc4ef8c42a5abaed06197cd866d - - default default] 10.0.0.216 "GET /v2.0/security-group-rules HTTP/1.1" status: 200 len: 4119 time: 0.0378308
2026-07-15 22:57:21.683 10 INFO neutron.wsgi [-] 10.0.0.25 "GET / HTTP/1.1" status: 200 len: 247 time: 0.0016840
2026-07-15 22:57:21.683 9 INFO neutron.wsgi [-] 10.0.0.25 "GET / HTTP/1.1" status: 200 len: 247 time: 0.0019877
2026-07-15 22:57:21.809 9 INFO neutron.wsgi [None req-ddcbeb62-6e71-40bb-adc4-d5025933093b 1bc5085e476541e7a817ce536612d565 54b5edc4ef8c42a5abaed06197cd866d - - default default] 10.0.0.216 "DELETE /v2.0/security-group-rules/7eb2b599-0a23-4a9f-b272-f4b15624b6ea HTTP/1.1" status: 204 len: 168 time: 0.1348121
2026-07-15 22:57:21.855 9 INFO neutron.wsgi [None req-d09f7f5b-181c-49ff-8e9a-1fbdd841e746 1bc5085e476541e7a817ce536612d565 54b5edc4ef8c42a5abaed06197cd866d - - default default] 10.0.0.216 "GET /v2.0/security-group-rules HTTP/1.1" status: 200 len: 3567 time: 0.0411971
2026-07-15 22:57:21.865 10 INFO neutron.wsgi [None req-f037d526-c935-471f-b9d1-6beebdaebd8b 19ce5e4f0e0140ebab4b88eba4c90697 3c5a48843cff472ab5059ad15cd164c4 - - default default] 10.0.0.216 "DELETE /v2.0/networks/b1810038-d183-440e-b0f9-85343359f913 HTTP/1.1" status: 204 len: 168 time: 0.4243031
2026-07-15 22:57:21.979 9 INFO neutron.wsgi [None req-714f00d7-aeef-46de-9c70-9f0bbd84bfd6 1bc5085e476541e7a817ce536612d565 54b5edc4ef8c42a5abaed06197cd866d - - default default] 10.0.0.216 "DELETE /v2.0/security-groups/82946fa7-3b2c-4f1f-b618-92ce7c157926 HTTP/1.1" status: 204 len: 168 time: 0.1124065
2026-07-15 22:57:22.017 9 INFO neutron.wsgi [None req-8ec1ffff-1b35-4809-ac73-db5b559b5800 1bc5085e476541e7a817ce536612d565 54b5edc4ef8c42a5abaed06197cd866d - - default default] 10.0.0.216 "GET /v2.0/security-groups HTTP/1.1" status: 200 len: 2996 time: 0.0333478
2026-07-15 22:57:22.056 9 INFO neutron.wsgi [None req-fd317ed6-e5af-4626-a015-ec03493862fe 1bc5085e476541e7a817ce536612d565 54b5edc4ef8c42a5abaed06197cd866d - - default default] 10.0.0.216 "GET /v2.0/security-groups HTTP/1.1" status: 200 len: 2996 time: 0.0322096
2026-07-15 22:57:22.283 10 INFO neutron.wsgi [None req-8efa2b47-3610-4ae6-b95c-3fea1e35b501 19ce5e4f0e0140ebab4b88eba4c90697 3c5a48843cff472ab5059ad15cd164c4 - - default default] 10.0.0.216 "DELETE /v2.0/networks/1d67c409-1ef2-493a-b510-a5128fa4300c HTTP/1.1" status: 204 len: 168 time: 0.4120965
2026-07-15 22:57:22.548 10 INFO neutron.services.segments.plugin [-] Segment 62ab15aa-8517-4889-8589-24eea507e6c1 resource provider aggregate not found
2026-07-15 22:57:22.554 10 INFO neutron.services.segments.plugin [-] Segment 62ab15aa-8517-4889-8589-24eea507e6c1 resource provider aggregate not found
2026-07-15 22:57:22.569 10 INFO neutron.services.segments.plugin [-] Segment 62ab15aa-8517-4889-8589-24eea507e6c1 resource provider not found; error: Placement Client Error (4xx): {"errors": [{"status": 404, "title": "Not Found", "detail": "The resource could not be found.\n\n No resource provider with uuid 62ab15aa-8517-4889-8589-24eea507e6c1 found for delete ", "request_id": "req-228be1ec-89be-412a-985c-def961420d8e"}]}
2026-07-15 22:57:22.575 10 INFO neutron.services.segments.plugin [-] Segment 62ab15aa-8517-4889-8589-24eea507e6c1 resource provider not found; error: Placement Client Error (4xx): {"errors": [{"status": 404, "title": "Not Found", "detail": "The resource could not be found.\n\n No resource provider with uuid 62ab15aa-8517-4889-8589-24eea507e6c1 found for delete ", "request_id": "req-b1e30f01-fd61-4d68-90bf-ab0b02a4b84c"}]}
2026-07-15 22:57:22.587 10 INFO neutron.services.segments.plugin [-] Segment a6ebb0a4-e51b-4b4e-be12-8e4e36abda6f resource provider aggregate not found
2026-07-15 22:57:22.592 10 INFO neutron.services.segments.plugin [-] Segment a6ebb0a4-e51b-4b4e-be12-8e4e36abda6f resource provider aggregate not found
2026-07-15 22:57:22.607 10 INFO neutron.services.segments.plugin [-] Segment a6ebb0a4-e51b-4b4e-be12-8e4e36abda6f resource provider not found; error: Placement Client Error (4xx): {"errors": [{"status": 404, "title": "Not Found", "detail": "The resource could not be found.\n\n No resource provider with uuid a6ebb0a4-e51b-4b4e-be12-8e4e36abda6f found for delete ", "request_id": "req-4e2b1184-b173-4821-89ef-2c3318d3ca3a"}]}
2026-07-15 22:57:22.610 10 INFO neutron.services.segments.plugin [-] Segment a6ebb0a4-e51b-4b4e-be12-8e4e36abda6f resource provider not found; error: Placement Client Error (4xx): {"errors": [{"status": 404, "title": "Not Found", "detail": "The resource could not be found.\n\n No resource provider with uuid a6ebb0a4-e51b-4b4e-be12-8e4e36abda6f found for delete ", "request_id": "req-b159b900-3084-44f0-aad2-073c839d9f9b"}]}
2026-07-15 22:57:22.830 10 INFO neutron.wsgi [None req-6f8eb1ea-1b19-484d-9281-805dfe839954 15347a2cd9fb413892463cba0acf75e4 3b11b5342cb9458b8a6fe990fe268e21 - - default default] 10.0.0.216 "GET /v2.0/security-groups?tenant_id=54b5edc4ef8c42a5abaed06197cd866d&name=default HTTP/1.1" status: 200 len: 2996 time: 0.1743615
2026-07-15 22:57:22.989 9 INFO neutron.services.segments.plugin [-] Segment 479d95dc-efba-46b9-97b6-8f80de1a1e16 resource provider aggregate not found
2026-07-15 22:57:22.998 9 INFO neutron.services.segments.plugin [-] Segment 479d95dc-efba-46b9-97b6-8f80de1a1e16 resource provider aggregate not found
2026-07-15 22:57:23.015 9 INFO neutron.services.segments.plugin [-] Segment 479d95dc-efba-46b9-97b6-8f80de1a1e16 resource provider not found; error: Placement Client Error (4xx): {"errors": [{"status": 404, "title": "Not Found", "detail": "The resource could not be found.\n\n No resource provider with uuid 479d95dc-efba-46b9-97b6-8f80de1a1e16 found for delete ", "request_id": "req-212142a1-0e15-41ab-b8d1-473b2e3b840b"}]}
2026-07-15 22:57:23.020 9 INFO neutron.services.segments.plugin [-] Segment 479d95dc-efba-46b9-97b6-8f80de1a1e16 resource provider not found; error: Placement Client Error (4xx): {"errors": [{"status": 404, "title": "Not Found", "detail": "The resource could not be found.\n\n No resource provider with uuid 479d95dc-efba-46b9-97b6-8f80de1a1e16 found for delete ", "request_id": "req-3c9d3949-ccbb-49ab-9ac2-2e4a30299118"}]}
2026-07-15 22:57:23.039 10 INFO neutron.wsgi [None req-9e3ad715-a9c3-47c2-8e85-18767aba868e 15347a2cd9fb413892463cba0acf75e4 3b11b5342cb9458b8a6fe990fe268e21 - - default default] 10.0.0.216 "DELETE /v2.0/security-groups/7ef9e371-3b51-450d-9ba1-223ad300ecea HTTP/1.1" status: 204 len: 168 time: 0.2019742
2026-07-15 22:57:23.161 9 INFO neutron.db.ovn_revision_numbers_db [None req-7ba14344-38d9-439b-9034-618c38a2d76e 15347a2cd9fb413892463cba0acf75e4 3b11b5342cb9458b8a6fe990fe268e21 - - default default] Successfully bumped revision number for resource 799ba87c-9aa5-45f5-83b5-4f54892edb70 (type: security_groups) to 1
2026-07-15 22:57:23.179 9 INFO neutron.db.ovn_revision_numbers_db [None req-7ba14344-38d9-439b-9034-618c38a2d76e 15347a2cd9fb413892463cba0acf75e4 3b11b5342cb9458b8a6fe990fe268e21 - - default default] Successfully bumped revision number for resource 0253ca24-c796-4616-a43a-736c6e2421c8 (type: security_group_rules) to 0
2026-07-15 22:57:23.197 9 INFO neutron.db.ovn_revision_numbers_db [None req-7ba14344-38d9-439b-9034-618c38a2d76e 15347a2cd9fb413892463cba0acf75e4 3b11b5342cb9458b8a6fe990fe268e21 - - default default] Successfully bumped revision number for resource 2b69084c-7bc6-4134-8b36-91a68f77061e (type: security_group_rules) to 0
2026-07-15 22:57:23.216 9 INFO neutron.db.ovn_revision_numbers_db [None req-7ba14344-38d9-439b-9034-618c38a2d76e 15347a2cd9fb413892463cba0acf75e4 3b11b5342cb9458b8a6fe990fe268e21 - - default default] Successfully bumped revision number for resource 5c3552da-0ef9-41f4-ab00-e2b13994adf9 (type: security_group_rules) to 0
2026-07-15 22:57:23.236 9 INFO neutron.db.ovn_revision_numbers_db [None req-7ba14344-38d9-439b-9034-618c38a2d76e 15347a2cd9fb413892463cba0acf75e4 3b11b5342cb9458b8a6fe990fe268e21 - - default default] Successfully bumped revision number for resource f616b394-bc7c-416f-9d04-cb3d85a3b443 (type: security_group_rules) to 0
2026-07-15 22:57:23.263 9 INFO neutron.wsgi [None req-7ba14344-38d9-439b-9034-618c38a2d76e 15347a2cd9fb413892463cba0acf75e4 3b11b5342cb9458b8a6fe990fe268e21 - - default default] 10.0.0.216 "GET /v2.0/security-groups?tenant_id=8586fe044e924e63a66b4a82b75313c8&name=default HTTP/1.1" status: 200 len: 2996 time: 0.3126612
2026-07-15 22:57:23.481 10 INFO neutron.db.ovn_revision_numbers_db [None req-9a98a3fe-c9c3-4fd2-aa04-cfb827f42a64 15347a2cd9fb413892463cba0acf75e4 3b11b5342cb9458b8a6fe990fe268e21 - - default default] Successfully bumped revision number for resource bc48c0fd-096f-4d94-85c6-e14219043619 (type: security_groups) to 1
2026-07-15 22:57:23.484 9 INFO neutron.wsgi [None req-4ccc9e0b-8bd7-4fb3-9497-a67d73cc6513 15347a2cd9fb413892463cba0acf75e4 3b11b5342cb9458b8a6fe990fe268e21 - - default default] 10.0.0.216 "DELETE /v2.0/security-groups/799ba87c-9aa5-45f5-83b5-4f54892edb70 HTTP/1.1" status: 204 len: 168 time: 0.2159452
2026-07-15 22:57:23.500 10 INFO neutron.db.ovn_revision_numbers_db [None req-9a98a3fe-c9c3-4fd2-aa04-cfb827f42a64 15347a2cd9fb413892463cba0acf75e4 3b11b5342cb9458b8a6fe990fe268e21 - - default default] Successfully bumped revision number for resource 24834200-9d95-414c-95a7-f7cfe0d22e6c (type: security_group_rules) to 0
2026-07-15 22:57:23.515 10 INFO neutron.db.ovn_revision_numbers_db [None req-9a98a3fe-c9c3-4fd2-aa04-cfb827f42a64 15347a2cd9fb413892463cba0acf75e4 3b11b5342cb9458b8a6fe990fe268e21 - - default default] Successfully bumped revision number for resource 546b32fa-67aa-4bee-9808-86d6f224d8d2 (type: security_group_rules) to 0
2026-07-15 22:57:23.534 10 INFO neutron.db.ovn_revision_numbers_db [None req-9a98a3fe-c9c3-4fd2-aa04-cfb827f42a64 15347a2cd9fb413892463cba0acf75e4 3b11b5342cb9458b8a6fe990fe268e21 - - default default] Successfully bumped revision number for resource 9bb762f8-f148-46b6-b5eb-dbf4339342da (type: security_group_rules) to 0
2026-07-15 22:57:23.552 10 INFO neutron.db.ovn_revision_numbers_db [None req-9a98a3fe-c9c3-4fd2-aa04-cfb827f42a64 15347a2cd9fb413892463cba0acf75e4 3b11b5342cb9458b8a6fe990fe268e21 - - default default] Successfully bumped revision number for resource e78ee681-4631-4b4c-86ac-52498e13a0bc (type: security_group_rules) to 0
2026-07-15 22:57:23.578 10 INFO neutron.wsgi [None req-9a98a3fe-c9c3-4fd2-aa04-cfb827f42a64 15347a2cd9fb413892463cba0acf75e4 3b11b5342cb9458b8a6fe990fe268e21 - - default default] 10.0.0.216 "GET /v2.0/security-groups?tenant_id=532f50818c3c4f6086b3530f52ed727d&name=default HTTP/1.1" status: 200 len: 2996 time: 0.3269262
2026-07-15 22:57:23.792 10 INFO neutron.db.ovn_revision_numbers_db [None req-75551d8b-9682-47bb-b4e0-38b89dfda760 15347a2cd9fb413892463cba0acf75e4 3b11b5342cb9458b8a6fe990fe268e21 - - default default] Successfully bumped revision number for resource d6a62563-f554-4e6c-8556-6a06b3ddffce (type: security_groups) to 1
2026-07-15 22:57:23.807 9 INFO neutron.wsgi [None req-b31e5456-36d6-4e38-89ae-17aa60cfeca9 15347a2cd9fb413892463cba0acf75e4 3b11b5342cb9458b8a6fe990fe268e21 - - default default] 10.0.0.216 "DELETE /v2.0/security-groups/bc48c0fd-096f-4d94-85c6-e14219043619 HTTP/1.1" status: 204 len: 168 time: 0.2213728
2026-07-15 22:57:23.811 10 INFO neutron.db.ovn_revision_numbers_db [None req-75551d8b-9682-47bb-b4e0-38b89dfda760 15347a2cd9fb413892463cba0acf75e4 3b11b5342cb9458b8a6fe990fe268e21 - - default default] Successfully bumped revision number for resource 7eca1367-d9b8-4232-8b82-446e074bb5c6 (type: security_group_rules) to 0
2026-07-15 22:57:23.836 10 INFO neutron.db.ovn_revision_numbers_db [None req-75551d8b-9682-47bb-b4e0-38b89dfda760 15347a2cd9fb413892463cba0acf75e4 3b11b5342cb9458b8a6fe990fe268e21 - - default default] Successfully bumped revision number for resource 93d5b279-85f5-4266-8914-3317a2a5838c (type: security_group_rules) to 0
2026-07-15 22:57:23.853 10 INFO neutron.db.ovn_revision_numbers_db [None req-75551d8b-9682-47bb-b4e0-38b89dfda760 15347a2cd9fb413892463cba0acf75e4 3b11b5342cb9458b8a6fe990fe268e21 - - default default] Successfully bumped revision number for resource bc458417-fbf8-4476-b652-cb0e2cfc0d4d (type: security_group_rules) to 0
2026-07-15 22:57:23.901 10 INFO neutron.db.ovn_revision_numbers_db [None req-75551d8b-9682-47bb-b4e0-38b89dfda760 15347a2cd9fb413892463cba0acf75e4 3b11b5342cb9458b8a6fe990fe268e21 - - default default] Successfully bumped revision number for resource edfb7dc4-8c67-43d3-a101-a4762ffd01a2 (type: security_group_rules) to 0
2026-07-15 22:57:23.944 10 INFO neutron.wsgi [None req-75551d8b-9682-47bb-b4e0-38b89dfda760 15347a2cd9fb413892463cba0acf75e4 3b11b5342cb9458b8a6fe990fe268e21 - - default default] 10.0.0.216 "GET /v2.0/security-groups?tenant_id=5631c293260844a19105d60ee18e2c78&name=default HTTP/1.1" status: 200 len: 2996 time: 0.2720666
2026-07-15 22:57:24.217 10 INFO neutron.wsgi [None req-5640a16c-26ef-4406-b0d5-0fd81ffd09b1 15347a2cd9fb413892463cba0acf75e4 3b11b5342cb9458b8a6fe990fe268e21 - - default default] 10.0.0.216 "DELETE /v2.0/security-groups/d6a62563-f554-4e6c-8556-6a06b3ddffce HTTP/1.1" status: 204 len: 168 time: 0.2610266
2026-07-15 22:57:24.234 9 INFO neutron.db.ovn_revision_numbers_db [None req-718bbdc1-65d8-4578-bf50-9c26af745996 15347a2cd9fb413892463cba0acf75e4 3b11b5342cb9458b8a6fe990fe268e21 - - default default] Successfully bumped revision number for resource 5dc849ec-0358-4d30-8ed8-1b763fe73774 (type: security_groups) to 1
2026-07-15 22:57:24.248 9 INFO neutron.db.ovn_revision_numbers_db [None req-718bbdc1-65d8-4578-bf50-9c26af745996 15347a2cd9fb413892463cba0acf75e4 3b11b5342cb9458b8a6fe990fe268e21 - - default default] Successfully bumped revision number for resource 35e57030-8939-4c63-88b4-cd399a322dcd (type: security_group_rules) to 0
2026-07-15 22:57:24.274 9 INFO neutron.db.ovn_revision_numbers_db [None req-718bbdc1-65d8-4578-bf50-9c26af745996 15347a2cd9fb413892463cba0acf75e4 3b11b5342cb9458b8a6fe990fe268e21 - - default default] Successfully bumped revision number for resource 5aaeec27-b675-424b-a80f-87db661f28de (type: security_group_rules) to 0
2026-07-15 22:57:24.295 9 INFO neutron.db.ovn_revision_numbers_db [None req-718bbdc1-65d8-4578-bf50-9c26af745996 15347a2cd9fb413892463cba0acf75e4 3b11b5342cb9458b8a6fe990fe268e21 - - default default] Successfully bumped revision number for resource b465c9a5-3e61-4c6e-8903-386228608150 (type: security_group_rules) to 0
2026-07-15 22:57:24.317 9 INFO neutron.db.ovn_revision_numbers_db [None req-718bbdc1-65d8-4578-bf50-9c26af745996 15347a2cd9fb413892463cba0acf75e4 3b11b5342cb9458b8a6fe990fe268e21 - - default default] Successfully bumped revision number for resource c1764462-ee03-46a8-93d4-48243116ac02 (type: security_group_rules) to 0
2026-07-15 22:57:24.347 9 INFO neutron.wsgi [None req-718bbdc1-65d8-4578-bf50-9c26af745996 15347a2cd9fb413892463cba0acf75e4 3b11b5342cb9458b8a6fe990fe268e21 - - default default] 10.0.0.216 "GET /v2.0/security-groups?tenant_id=0c5222d4cdd040ae8874b47d6d7b4001&name=default HTTP/1.1" status: 200 len: 2996 time: 0.2342422
2026-07-15 22:57:24.596 9 INFO neutron.wsgi [None req-b9f90424-61c3-413f-84d1-555dcfb4a30f 15347a2cd9fb413892463cba0acf75e4 3b11b5342cb9458b8a6fe990fe268e21 - - default default] 10.0.0.216 "DELETE /v2.0/security-groups/5dc849ec-0358-4d30-8ed8-1b763fe73774 HTTP/1.1" status: 204 len: 168 time: 0.2427921
2026-07-15 22:57:24.763 9 INFO neutron.wsgi [None req-d70e04af-1b97-4fa3-a005-4d92bd87ab97 15347a2cd9fb413892463cba0acf75e4 3b11b5342cb9458b8a6fe990fe268e21 - - default default] 10.0.0.216 "GET /v2.0/security-groups?tenant_id=3c5a48843cff472ab5059ad15cd164c4&name=default HTTP/1.1" status: 200 len: 2996 time: 0.0555573
2026-07-15 22:57:25.002 9 INFO neutron.wsgi [None req-da1bc708-bc4e-4893-8e77-e811a4a45583 15347a2cd9fb413892463cba0acf75e4 3b11b5342cb9458b8a6fe990fe268e21 - - default default] 10.0.0.216 "DELETE /v2.0/security-groups/d411482a-625d-4c6a-b211-eff715607f26 HTTP/1.1" status: 204 len: 168 time: 0.2323613
2026-07-15 22:57:26.371 9 INFO neutron.db.ovn_revision_numbers_db [None req-3c9ebee6-39e7-4feb-955d-8a846bcbe43d 52fcf3dcfa7542e7acbea276560f9bbb 94c3d71c811c454e87bce9cb87c370d2 - - default default] Successfully bumped revision number for resource 420ed8a6-1926-4999-8f5e-f14e30ead93f (type: security_groups) to 1
2026-07-15 22:57:26.386 9 INFO neutron.db.ovn_revision_numbers_db [None req-3c9ebee6-39e7-4feb-955d-8a846bcbe43d 52fcf3dcfa7542e7acbea276560f9bbb 94c3d71c811c454e87bce9cb87c370d2 - - default default] Successfully bumped revision number for resource 5056e9f3-28c1-42b9-8f5e-19039fd1a489 (type: security_group_rules) to 0
2026-07-15 22:57:26.404 9 INFO neutron.db.ovn_revision_numbers_db [None req-3c9ebee6-39e7-4feb-955d-8a846bcbe43d 52fcf3dcfa7542e7acbea276560f9bbb 94c3d71c811c454e87bce9cb87c370d2 - - default default] Successfully bumped revision number for resource 5f9137f7-48c4-4c77-89ba-a2d2e2ca328a (type: security_group_rules) to 0
2026-07-15 22:57:26.421 9 INFO neutron.db.ovn_revision_numbers_db [None req-3c9ebee6-39e7-4feb-955d-8a846bcbe43d 52fcf3dcfa7542e7acbea276560f9bbb 94c3d71c811c454e87bce9cb87c370d2 - - default default] Successfully bumped revision number for resource 825a5f41-d4f0-4cf7-9747-32afb9e2bcae (type: security_group_rules) to 0
2026-07-15 22:57:26.435 9 INFO neutron.db.ovn_revision_numbers_db [None req-3c9ebee6-39e7-4feb-955d-8a846bcbe43d 52fcf3dcfa7542e7acbea276560f9bbb 94c3d71c811c454e87bce9cb87c370d2 - - default default] Successfully bumped revision number for resource a169cebb-ac99-49b9-b1c9-6a7e25c48bf8 (type: security_group_rules) to 0
2026-07-15 22:57:26.506 9 INFO neutron.db.segments_db [None req-3c9ebee6-39e7-4feb-955d-8a846bcbe43d 52fcf3dcfa7542e7acbea276560f9bbb 94c3d71c811c454e87bce9cb87c370d2 - - default default] Added segment 3ae78e5b-7aa3-43a3-adf6-56be3f0f03e4 of type geneve for network 8ac6171b-83f9-4676-a9d8-5ef70dad7452
2026-07-15 22:57:26.631 9 INFO neutron.db.segments_db [None req-3c9ebee6-39e7-4feb-955d-8a846bcbe43d 52fcf3dcfa7542e7acbea276560f9bbb 94c3d71c811c454e87bce9cb87c370d2 - - default default] Added segment 8857c091-f0ff-46bc-bf48-f102c6de8a7d of type geneve for network 688f3117-e414-4db1-b9ca-c79f2e5af6bf
2026-07-15 22:57:27.087 9 INFO neutron.db.ovn_revision_numbers_db [None req-3c9ebee6-39e7-4feb-955d-8a846bcbe43d 52fcf3dcfa7542e7acbea276560f9bbb 94c3d71c811c454e87bce9cb87c370d2 - - default default] Successfully bumped revision number for resource 8ac6171b-83f9-4676-a9d8-5ef70dad7452 (type: networks) to 1
2026-07-15 22:57:27.304 9 WARNING neutron.scheduler.dhcp_agent_scheduler [None req-3c9ebee6-39e7-4feb-955d-8a846bcbe43d 52fcf3dcfa7542e7acbea276560f9bbb 94c3d71c811c454e87bce9cb87c370d2 - - default default] No more DHCP agents
2026-07-15 22:57:27.308 9 WARNING neutron.api.rpc.agentnotifiers.dhcp_rpc_agent_api [None req-3c9ebee6-39e7-4feb-955d-8a846bcbe43d 52fcf3dcfa7542e7acbea276560f9bbb 94c3d71c811c454e87bce9cb87c370d2 - - default default] Unable to schedule network 8ac6171b-83f9-4676-a9d8-5ef70dad7452: no agents available; will retry on subsequent port and subnet creation events.
2026-07-15 22:57:27.396 9 INFO neutron.db.ovn_revision_numbers_db [None req-3c9ebee6-39e7-4feb-955d-8a846bcbe43d 52fcf3dcfa7542e7acbea276560f9bbb 94c3d71c811c454e87bce9cb87c370d2 - - default default] Successfully bumped revision number for resource 1d719f1f-42b8-4ac0-ba2d-919cd7aaf94a (type: ports) to 1
2026-07-15 22:57:27.472 9 INFO neutron.db.ovn_revision_numbers_db [None req-3c9ebee6-39e7-4feb-955d-8a846bcbe43d 52fcf3dcfa7542e7acbea276560f9bbb 94c3d71c811c454e87bce9cb87c370d2 - - default default] Successfully bumped revision number for resource 688f3117-e414-4db1-b9ca-c79f2e5af6bf (type: networks) to 1
2026-07-15 22:57:27.645 9 WARNING neutron.scheduler.dhcp_agent_scheduler [None req-3c9ebee6-39e7-4feb-955d-8a846bcbe43d 52fcf3dcfa7542e7acbea276560f9bbb 94c3d71c811c454e87bce9cb87c370d2 - - default default] No more DHCP agents
2026-07-15 22:57:27.648 9 WARNING neutron.api.rpc.agentnotifiers.dhcp_rpc_agent_api [None req-3c9ebee6-39e7-4feb-955d-8a846bcbe43d 52fcf3dcfa7542e7acbea276560f9bbb 94c3d71c811c454e87bce9cb87c370d2 - - default default] Unable to schedule network 688f3117-e414-4db1-b9ca-c79f2e5af6bf: no agents available; will retry on subsequent port and subnet creation events.
2026-07-15 22:57:27.727 9 INFO neutron.db.ovn_revision_numbers_db [None req-3c9ebee6-39e7-4feb-955d-8a846bcbe43d 52fcf3dcfa7542e7acbea276560f9bbb 94c3d71c811c454e87bce9cb87c370d2 - - default default] Successfully bumped revision number for resource b38561bd-e9ce-4d1a-b5d6-e00cc55bdb70 (type: ports) to 1
2026-07-15 22:57:27.753 9 INFO neutron.wsgi [None req-3c9ebee6-39e7-4feb-955d-8a846bcbe43d 52fcf3dcfa7542e7acbea276560f9bbb 94c3d71c811c454e87bce9cb87c370d2 - - default default] 10.0.0.216 "POST /v2.0/networks HTTP/1.1" status: 201 len: 1444 time: 1.6935673
2026-07-15 22:57:27.847 9 INFO neutron.wsgi [None req-44721d38-3cd8-4a84-bf72-529bf9f32025 52fcf3dcfa7542e7acbea276560f9bbb 94c3d71c811c454e87bce9cb87c370d2 - - default default] 10.0.0.216 "GET /v2.0/networks HTTP/1.1" status: 200 len: 2050 time: 0.0897937
2026-07-15 22:57:28.266 9 INFO neutron.services.segments.plugin [-] Segment 3ae78e5b-7aa3-43a3-adf6-56be3f0f03e4 resource provider aggregate not found
2026-07-15 22:57:28.271 9 INFO neutron.services.segments.plugin [-] Segment 3ae78e5b-7aa3-43a3-adf6-56be3f0f03e4 resource provider aggregate not found
2026-07-15 22:57:28.289 9 INFO neutron.services.segments.plugin [-] Segment 3ae78e5b-7aa3-43a3-adf6-56be3f0f03e4 resource provider not found; error: Placement Client Error (4xx): {"errors": [{"status": 404, "title": "Not Found", "detail": "The resource could not be found.\n\n No resource provider with uuid 3ae78e5b-7aa3-43a3-adf6-56be3f0f03e4 found for delete ", "request_id": "req-2adf7e87-e382-4b3f-8822-5c647e026966"}]}
2026-07-15 22:57:28.291 9 INFO neutron.services.segments.plugin [-] Segment 3ae78e5b-7aa3-43a3-adf6-56be3f0f03e4 resource provider not found; error: Placement Client Error (4xx): {"errors": [{"status": 404, "title": "Not Found", "detail": "The resource could not be found.\n\n No resource provider with uuid 3ae78e5b-7aa3-43a3-adf6-56be3f0f03e4 found for delete ", "request_id": "req-b6747cc1-13a4-4909-9d60-7bb163c70e4e"}]}
2026-07-15 22:57:28.311 9 INFO neutron.wsgi [None req-19ce0c73-dc59-4f70-92bd-e62e00ade89b 52fcf3dcfa7542e7acbea276560f9bbb 94c3d71c811c454e87bce9cb87c370d2 - - default default] 10.0.0.216 "DELETE /v2.0/networks/8ac6171b-83f9-4676-a9d8-5ef70dad7452 HTTP/1.1" status: 204 len: 168 time: 0.4594779
2026-07-15 22:57:28.688 10 INFO neutron.db.ovn_revision_numbers_db [None req-73b16ae2-f779-4209-b8ae-b950437dd156 15347a2cd9fb413892463cba0acf75e4 3b11b5342cb9458b8a6fe990fe268e21 - - default default] Successfully bumped revision number for resource 78078d07-7526-4b7e-88da-724e82fd80df (type: security_groups) to 1
2026-07-15 22:57:28.702 10 INFO neutron.db.ovn_revision_numbers_db [None req-73b16ae2-f779-4209-b8ae-b950437dd156 15347a2cd9fb413892463cba0acf75e4 3b11b5342cb9458b8a6fe990fe268e21 - - default default] Successfully bumped revision number for resource 26424a52-f17d-421d-be1c-66b2f639174c (type: security_group_rules) to 0
2026-07-15 22:57:28.721 10 INFO neutron.db.ovn_revision_numbers_db [None req-73b16ae2-f779-4209-b8ae-b950437dd156 15347a2cd9fb413892463cba0acf75e4 3b11b5342cb9458b8a6fe990fe268e21 - - default default] Successfully bumped revision number for resource 8c5daddf-c581-4430-a420-f909ffa01a15 (type: security_group_rules) to 0
2026-07-15 22:57:28.728 9 INFO neutron.wsgi [None req-29d6033e-bd9d-430b-a70a-355fab1481b1 52fcf3dcfa7542e7acbea276560f9bbb 94c3d71c811c454e87bce9cb87c370d2 - - default default] 10.0.0.216 "DELETE /v2.0/networks/688f3117-e414-4db1-b9ca-c79f2e5af6bf HTTP/1.1" status: 204 len: 168 time: 0.4078889
2026-07-15 22:57:28.737 10 INFO neutron.db.ovn_revision_numbers_db [None req-73b16ae2-f779-4209-b8ae-b950437dd156 15347a2cd9fb413892463cba0acf75e4 3b11b5342cb9458b8a6fe990fe268e21 - - default default] Successfully bumped revision number for resource 97799d3f-f4a6-4699-bb38-e26586d4898c (type: security_group_rules) to 0
2026-07-15 22:57:28.754 10 INFO neutron.db.ovn_revision_numbers_db [None req-73b16ae2-f779-4209-b8ae-b950437dd156 15347a2cd9fb413892463cba0acf75e4 3b11b5342cb9458b8a6fe990fe268e21 - - default default] Successfully bumped revision number for resource 9e17a744-9777-41b2-9688-8c84a2c532cc (type: security_group_rules) to 0
2026-07-15 22:57:28.778 10 INFO neutron.wsgi [None req-73b16ae2-f779-4209-b8ae-b950437dd156 15347a2cd9fb413892463cba0acf75e4 3b11b5342cb9458b8a6fe990fe268e21 - - default default] 10.0.0.216 "GET /v2.0/security-groups?tenant_id=cb4e93b4e7954fe9a8683da1e57c13d1&name=default HTTP/1.1" status: 200 len: 2996 time: 0.3170345
2026-07-15 22:57:28.808 9 INFO neutron.wsgi [None req-f6a3cc10-ed98-400c-979b-270014b49169 52fcf3dcfa7542e7acbea276560f9bbb 94c3d71c811c454e87bce9cb87c370d2 - - default default] 10.0.0.216 "GET /v2.0/networks HTTP/1.1" status: 200 len: 845 time: 0.0755591
2026-07-15 22:57:28.904 9 INFO neutron.db.segments_db [None req-ca41553d-e118-4291-b470-c01fce05a2c0 52fcf3dcfa7542e7acbea276560f9bbb 94c3d71c811c454e87bce9cb87c370d2 - - default default] Added segment da56a87a-3608-4028-ae94-2af10e0bcf20 of type geneve for network 69b4a7dd-7642-4b78-afcf-e8538420d5ec
2026-07-15 22:57:28.996 10 INFO neutron.wsgi [None req-eb8fdc11-7038-48ae-8e9d-5a1141620b1d 15347a2cd9fb413892463cba0acf75e4 3b11b5342cb9458b8a6fe990fe268e21 - - default default] 10.0.0.216 "DELETE /v2.0/security-groups/78078d07-7526-4b7e-88da-724e82fd80df HTTP/1.1" status: 204 len: 168 time: 0.2135522
2026-07-15 22:57:29.082 9 INFO neutron.db.ovn_revision_numbers_db [None req-ca41553d-e118-4291-b470-c01fce05a2c0 52fcf3dcfa7542e7acbea276560f9bbb 94c3d71c811c454e87bce9cb87c370d2 - - default default] Successfully bumped revision number for resource 69b4a7dd-7642-4b78-afcf-e8538420d5ec (type: networks) to 1
2026-07-15 22:57:29.279 9 WARNING neutron.scheduler.dhcp_agent_scheduler [None req-ca41553d-e118-4291-b470-c01fce05a2c0 52fcf3dcfa7542e7acbea276560f9bbb 94c3d71c811c454e87bce9cb87c370d2 - - default default] No more DHCP agents
2026-07-15 22:57:29.285 9 WARNING neutron.api.rpc.agentnotifiers.dhcp_rpc_agent_api [None req-ca41553d-e118-4291-b470-c01fce05a2c0 52fcf3dcfa7542e7acbea276560f9bbb 94c3d71c811c454e87bce9cb87c370d2 - - default default] Unable to schedule network 69b4a7dd-7642-4b78-afcf-e8538420d5ec: no agents available; will retry on subsequent port and subnet creation events.
2026-07-15 22:57:29.348 10 INFO neutron.db.ovn_revision_numbers_db [None req-534aadb8-b904-4be2-8767-d8a1c959f52a 15347a2cd9fb413892463cba0acf75e4 3b11b5342cb9458b8a6fe990fe268e21 - - default default] Successfully bumped revision number for resource 96f57975-8ec8-4ddc-b400-2c0fb54687a8 (type: security_groups) to 1
2026-07-15 22:57:29.363 10 INFO neutron.db.ovn_revision_numbers_db [None req-534aadb8-b904-4be2-8767-d8a1c959f52a 15347a2cd9fb413892463cba0acf75e4 3b11b5342cb9458b8a6fe990fe268e21 - - default default] Successfully bumped revision number for resource 87f83127-6d41-42fa-bfdf-27781ae3f20b (type: security_group_rules) to 0
2026-07-15 22:57:29.365 9 INFO neutron.db.ovn_revision_numbers_db [None req-ca41553d-e118-4291-b470-c01fce05a2c0 52fcf3dcfa7542e7acbea276560f9bbb 94c3d71c811c454e87bce9cb87c370d2 - - default default] Successfully bumped revision number for resource 8c12c0b7-3f08-4d63-80d9-6b01f5175c89 (type: ports) to 1
2026-07-15 22:57:29.382 10 INFO neutron.db.ovn_revision_numbers_db [None req-534aadb8-b904-4be2-8767-d8a1c959f52a 15347a2cd9fb413892463cba0acf75e4 3b11b5342cb9458b8a6fe990fe268e21 - - default default] Successfully bumped revision number for resource 88021de3-a7db-4e43-a125-fcdabd8bbe48 (type: security_group_rules) to 0
2026-07-15 22:57:29.390 9 INFO neutron.wsgi [None req-ca41553d-e118-4291-b470-c01fce05a2c0 52fcf3dcfa7542e7acbea276560f9bbb 94c3d71c811c454e87bce9cb87c370d2 - - default default] 10.0.0.216 "POST /v2.0/networks HTTP/1.1" status: 201 len: 848 time: 0.5733027
2026-07-15 22:57:29.396 10 INFO neutron.db.ovn_revision_numbers_db [None req-534aadb8-b904-4be2-8767-d8a1c959f52a 15347a2cd9fb413892463cba0acf75e4 3b11b5342cb9458b8a6fe990fe268e21 - - default default] Successfully bumped revision number for resource 9328557e-4610-4ca1-92d8-7bd5852116a0 (type: security_group_rules) to 0
2026-07-15 22:57:29.414 10 INFO neutron.db.ovn_revision_numbers_db [None req-534aadb8-b904-4be2-8767-d8a1c959f52a 15347a2cd9fb413892463cba0acf75e4 3b11b5342cb9458b8a6fe990fe268e21 - - default default] Successfully bumped revision number for resource 94496ab3-c786-4c0d-ba74-4fea60469fb6 (type: security_group_rules) to 0
2026-07-15 22:57:29.437 10 INFO neutron.wsgi [None req-534aadb8-b904-4be2-8767-d8a1c959f52a 15347a2cd9fb413892463cba0acf75e4 3b11b5342cb9458b8a6fe990fe268e21 - - default default] 10.0.0.216 "GET /v2.0/security-groups?tenant_id=b11b3669978b4ac58907e9dd7eb91cf3&name=default HTTP/1.1" status: 200 len: 2996 time: 0.2153313
2026-07-15 22:57:29.478 9 INFO neutron.db.segments_db [None req-fc7146c8-9950-4373-a093-6ff8afca22cb 52fcf3dcfa7542e7acbea276560f9bbb 94c3d71c811c454e87bce9cb87c370d2 - - default default] Added segment 131edaa9-e641-4bfb-9265-6606ba6a1b8f of type geneve for network 15d42d00-e929-48a1-8c53-ec727b7e99a6
2026-07-15 22:57:29.624 9 INFO neutron.db.ovn_revision_numbers_db [None req-30538a41-b598-4067-99d1-00b61e587d1d 15347a2cd9fb413892463cba0acf75e4 3b11b5342cb9458b8a6fe990fe268e21 - - default default] Successfully bumped revision number for resource 7d2de3d3-f03b-496a-bf14-603ef690ee6f (type: security_groups) to 1
2026-07-15 22:57:29.646 9 INFO neutron.db.ovn_revision_numbers_db [None req-30538a41-b598-4067-99d1-00b61e587d1d 15347a2cd9fb413892463cba0acf75e4 3b11b5342cb9458b8a6fe990fe268e21 - - default default] Successfully bumped revision number for resource 375e664c-3a53-44bd-a503-0207a9ffb149 (type: security_group_rules) to 0
2026-07-15 22:57:29.665 9 INFO neutron.db.ovn_revision_numbers_db [None req-fc7146c8-9950-4373-a093-6ff8afca22cb 52fcf3dcfa7542e7acbea276560f9bbb 94c3d71c811c454e87bce9cb87c370d2 - - default default] Successfully bumped revision number for resource 15d42d00-e929-48a1-8c53-ec727b7e99a6 (type: networks) to 1
2026-07-15 22:57:29.674 9 INFO neutron.db.ovn_revision_numbers_db [None req-30538a41-b598-4067-99d1-00b61e587d1d 15347a2cd9fb413892463cba0acf75e4 3b11b5342cb9458b8a6fe990fe268e21 - - default default] Successfully bumped revision number for resource 8d60d9ba-3cf9-414c-982e-6af5ffaf9e43 (type: security_group_rules) to 0
2026-07-15 22:57:29.680 10 INFO neutron.db.ovn_revision_numbers_db [None req-db423e58-1721-437c-a58a-d047a7baa1bf 4943a783bcf24682a637dc00641d2522 c860d6117cef4fbeb4056c476c4bf7b1 - - default default] Successfully bumped revision number for resource 8250811d-c633-4b72-a19b-8b2f5db97cb0 (type: security_groups) to 1
2026-07-15 22:57:29.696 9 INFO neutron.db.ovn_revision_numbers_db [None req-30538a41-b598-4067-99d1-00b61e587d1d 15347a2cd9fb413892463cba0acf75e4 3b11b5342cb9458b8a6fe990fe268e21 - - default default] Successfully bumped revision number for resource 9f0f337f-6632-4608-b610-55b883c40de4 (type: security_group_rules) to 0
2026-07-15 22:57:29.701 10 INFO neutron.db.ovn_revision_numbers_db [None req-db423e58-1721-437c-a58a-d047a7baa1bf 4943a783bcf24682a637dc00641d2522 c860d6117cef4fbeb4056c476c4bf7b1 - - default default] Successfully bumped revision number for resource 23c69f6d-815b-4fcf-a518-60ddc491854f (type: security_group_rules) to 0
2026-07-15 22:57:29.718 10 INFO neutron.db.ovn_revision_numbers_db [None req-db423e58-1721-437c-a58a-d047a7baa1bf 4943a783bcf24682a637dc00641d2522 c860d6117cef4fbeb4056c476c4bf7b1 - - default default] Successfully bumped revision number for resource 84843928-b7b3-410d-bc86-5df21189c347 (type: security_group_rules) to 0
2026-07-15 22:57:29.723 9 INFO neutron.db.ovn_revision_numbers_db [None req-30538a41-b598-4067-99d1-00b61e587d1d 15347a2cd9fb413892463cba0acf75e4 3b11b5342cb9458b8a6fe990fe268e21 - - default default] Successfully bumped revision number for resource cdce0f8d-364c-4478-9f7d-3a8c5036b866 (type: security_group_rules) to 0
2026-07-15 22:57:29.737 10 INFO neutron.db.ovn_revision_numbers_db [None req-db423e58-1721-437c-a58a-d047a7baa1bf 4943a783bcf24682a637dc00641d2522 c860d6117cef4fbeb4056c476c4bf7b1 - - default default] Successfully bumped revision number for resource ba07ae02-bf60-4c44-adbf-59205e0ea936 (type: security_group_rules) to 0
2026-07-15 22:57:29.758 9 INFO neutron.wsgi [None req-30538a41-b598-4067-99d1-00b61e587d1d 15347a2cd9fb413892463cba0acf75e4 3b11b5342cb9458b8a6fe990fe268e21 - - default default] 10.0.0.216 "GET /v2.0/security-groups?tenant_id=ee8dd92e58d44515934b63f74cbb8895&name=default HTTP/1.1" status: 200 len: 2996 time: 0.4766951
2026-07-15 22:57:29.759 10 INFO neutron.db.ovn_revision_numbers_db [None req-db423e58-1721-437c-a58a-d047a7baa1bf 4943a783bcf24682a637dc00641d2522 c860d6117cef4fbeb4056c476c4bf7b1 - - default default] Successfully bumped revision number for resource c01bda62-3f68-4207-97a6-45941ffd0e2b (type: security_group_rules) to 0
2026-07-15 22:57:29.789 9 INFO neutron.wsgi [None req-074b20be-bbd3-414b-9b0b-375c696d32bc 15347a2cd9fb413892463cba0acf75e4 3b11b5342cb9458b8a6fe990fe268e21 - - default default] 10.0.0.216 "DELETE /v2.0/security-groups/96f57975-8ec8-4ddc-b400-2c0fb54687a8 HTTP/1.1" status: 204 len: 168 time: 0.3480065
2026-07-15 22:57:29.831 10 INFO neutron.db.segments_db [None req-db423e58-1721-437c-a58a-d047a7baa1bf 4943a783bcf24682a637dc00641d2522 c860d6117cef4fbeb4056c476c4bf7b1 - - default default] Added segment a7fbbc65-bf67-4536-afe2-7c0ee0638010 of type geneve for network 3e8d8648-3934-442d-96d2-69033b86abe0
2026-07-15 22:57:29.852 9 WARNING neutron.scheduler.dhcp_agent_scheduler [None req-fc7146c8-9950-4373-a093-6ff8afca22cb 52fcf3dcfa7542e7acbea276560f9bbb 94c3d71c811c454e87bce9cb87c370d2 - - default default] No more DHCP agents
2026-07-15 22:57:29.854 9 WARNING neutron.api.rpc.agentnotifiers.dhcp_rpc_agent_api [None req-fc7146c8-9950-4373-a093-6ff8afca22cb 52fcf3dcfa7542e7acbea276560f9bbb 94c3d71c811c454e87bce9cb87c370d2 - - default default] Unable to schedule network 15d42d00-e929-48a1-8c53-ec727b7e99a6: no agents available; will retry on subsequent port and subnet creation events.
2026-07-15 22:57:29.930 9 INFO neutron.db.ovn_revision_numbers_db [None req-fc7146c8-9950-4373-a093-6ff8afca22cb 52fcf3dcfa7542e7acbea276560f9bbb 94c3d71c811c454e87bce9cb87c370d2 - - default default] Successfully bumped revision number for resource 3d92e661-450e-4e3d-95a5-4589062b79e2 (type: ports) to 1
2026-07-15 22:57:29.950 9 INFO neutron.wsgi [None req-fc7146c8-9950-4373-a093-6ff8afca22cb 52fcf3dcfa7542e7acbea276560f9bbb 94c3d71c811c454e87bce9cb87c370d2 - - default default] 10.0.0.216 "POST /v2.0/networks HTTP/1.1" status: 201 len: 848 time: 0.5550866
2026-07-15 22:57:30.021 10 INFO neutron.db.ovn_revision_numbers_db [None req-db423e58-1721-437c-a58a-d047a7baa1bf 4943a783bcf24682a637dc00641d2522 c860d6117cef4fbeb4056c476c4bf7b1 - - default default] Successfully bumped revision number for resource 3e8d8648-3934-442d-96d2-69033b86abe0 (type: networks) to 1
2026-07-15 22:57:30.127 10 INFO neutron.wsgi [None req-a040b6ae-bd10-44bd-83de-4973b00e6b6a 15347a2cd9fb413892463cba0acf75e4 3b11b5342cb9458b8a6fe990fe268e21 - - default default] 10.0.0.216 "DELETE /v2.0/security-groups/7d2de3d3-f03b-496a-bf14-603ef690ee6f HTTP/1.1" status: 204 len: 168 time: 0.3538043
2026-07-15 22:57:30.254 10 WARNING neutron.scheduler.dhcp_agent_scheduler [None req-db423e58-1721-437c-a58a-d047a7baa1bf 4943a783bcf24682a637dc00641d2522 c860d6117cef4fbeb4056c476c4bf7b1 - - default default] No more DHCP agents
2026-07-15 22:57:30.259 10 WARNING neutron.api.rpc.agentnotifiers.dhcp_rpc_agent_api [None req-db423e58-1721-437c-a58a-d047a7baa1bf 4943a783bcf24682a637dc00641d2522 c860d6117cef4fbeb4056c476c4bf7b1 - - default default] Unable to schedule network 3e8d8648-3934-442d-96d2-69033b86abe0: no agents available; will retry on subsequent port and subnet creation events.
2026-07-15 22:57:30.317 9 INFO neutron.services.segments.plugin [-] Segment 8857c091-f0ff-46bc-bf48-f102c6de8a7d resource provider aggregate not found
2026-07-15 22:57:30.328 9 INFO neutron.services.segments.plugin [-] Segment 8857c091-f0ff-46bc-bf48-f102c6de8a7d resource provider aggregate not found
2026-07-15 22:57:30.345 9 INFO neutron.services.segments.plugin [-] Segment 8857c091-f0ff-46bc-bf48-f102c6de8a7d resource provider not found; error: Placement Client Error (4xx): {"errors": [{"status": 404, "title": "Not Found", "detail": "The resource could not be found.\n\n No resource provider with uuid 8857c091-f0ff-46bc-bf48-f102c6de8a7d found for delete ", "request_id": "req-356e0246-8424-45d6-bf81-e12b5737f333"}]}
2026-07-15 22:57:30.350 9 INFO neutron.services.segments.plugin [-] Segment 8857c091-f0ff-46bc-bf48-f102c6de8a7d resource provider not found; error: Placement Client Error (4xx): {"errors": [{"status": 404, "title": "Not Found", "detail": "The resource could not be found.\n\n No resource provider with uuid 8857c091-f0ff-46bc-bf48-f102c6de8a7d found for delete ", "request_id": "req-b885acc7-bf26-41cd-af2a-670de5eb67ef"}]}
2026-07-15 22:57:30.370 10 INFO neutron.db.ovn_revision_numbers_db [None req-db423e58-1721-437c-a58a-d047a7baa1bf 4943a783bcf24682a637dc00641d2522 c860d6117cef4fbeb4056c476c4bf7b1 - - default default] Successfully bumped revision number for resource d3cf04d9-1067-4a7b-862a-cdab3db85f7a (type: ports) to 1
2026-07-15 22:57:30.402 10 INFO neutron.wsgi [None req-db423e58-1721-437c-a58a-d047a7baa1bf 4943a783bcf24682a637dc00641d2522 c860d6117cef4fbeb4056c476c4bf7b1 - - default default] 10.0.0.216 "POST /v2.0/networks HTTP/1.1" status: 201 len: 831 time: 1.0020761
2026-07-15 22:57:30.512 9 WARNING neutron.scheduler.dhcp_agent_scheduler [None req-f75439aa-d55f-4184-8e74-14830b6dfe8a 52fcf3dcfa7542e7acbea276560f9bbb 94c3d71c811c454e87bce9cb87c370d2 - - default default] No more DHCP agents
2026-07-15 22:57:30.513 9 WARNING neutron.api.rpc.agentnotifiers.dhcp_rpc_agent_api [None req-f75439aa-d55f-4184-8e74-14830b6dfe8a 52fcf3dcfa7542e7acbea276560f9bbb 94c3d71c811c454e87bce9cb87c370d2 - - default default] Unable to schedule network 69b4a7dd-7642-4b78-afcf-e8538420d5ec: no agents available; will retry on subsequent port and subnet creation events.
2026-07-15 22:57:30.592 9 INFO neutron.db.ovn_revision_numbers_db [None req-f75439aa-d55f-4184-8e74-14830b6dfe8a 52fcf3dcfa7542e7acbea276560f9bbb 94c3d71c811c454e87bce9cb87c370d2 - - default default] Successfully bumped revision number for resource 9a750a12-651b-4020-95e4-17c0f928d974 (type: ports) to 1
2026-07-15 22:57:30.617 9 WARNING neutron.scheduler.dhcp_agent_scheduler [None req-f75439aa-d55f-4184-8e74-14830b6dfe8a 52fcf3dcfa7542e7acbea276560f9bbb 94c3d71c811c454e87bce9cb87c370d2 - - default default] No more DHCP agents
2026-07-15 22:57:30.620 9 WARNING neutron.api.rpc.agentnotifiers.dhcp_rpc_agent_api [None req-f75439aa-d55f-4184-8e74-14830b6dfe8a 52fcf3dcfa7542e7acbea276560f9bbb 94c3d71c811c454e87bce9cb87c370d2 - - default default] Unable to schedule network 15d42d00-e929-48a1-8c53-ec727b7e99a6: no agents available; will retry on subsequent port and subnet creation events.
2026-07-15 22:57:30.648 10 WARNING neutron.scheduler.dhcp_agent_scheduler [None req-739ea4c9-b28c-4b6a-83d2-0c9892e87cba 4943a783bcf24682a637dc00641d2522 c860d6117cef4fbeb4056c476c4bf7b1 - - default default] No more DHCP agents
2026-07-15 22:57:30.651 10 WARNING neutron.api.rpc.agentnotifiers.dhcp_rpc_agent_api [None req-739ea4c9-b28c-4b6a-83d2-0c9892e87cba 4943a783bcf24682a637dc00641d2522 c860d6117cef4fbeb4056c476c4bf7b1 - - default default] Unable to schedule network 3e8d8648-3934-442d-96d2-69033b86abe0: no agents available; will retry on subsequent port and subnet creation events.
2026-07-15 22:57:30.688 9 INFO neutron.db.ovn_revision_numbers_db [None req-f75439aa-d55f-4184-8e74-14830b6dfe8a 52fcf3dcfa7542e7acbea276560f9bbb 94c3d71c811c454e87bce9cb87c370d2 - - default default] Successfully bumped revision number for resource bd8f1c95-ef98-4c1b-bbef-75c9e4d8942c (type: ports) to 1
2026-07-15 22:57:30.709 9 INFO neutron.wsgi [None req-f75439aa-d55f-4184-8e74-14830b6dfe8a 52fcf3dcfa7542e7acbea276560f9bbb 94c3d71c811c454e87bce9cb87c370d2 - - default default] 10.0.0.216 "POST /v2.0/ports HTTP/1.1" status: 201 len: 1706 time: 0.7504952 /var/lib/openstack/lib/python3.10/site-packages/pycadf/identifier.py:71: UserWarning: Invalid uuid: neutron. To ensure interoperability, identifiers should be a valid uuid. warnings.warn(('Invalid uuid: %s. To ensure interoperability, '
2026-07-15 22:57:30.755 10 INFO neutron.db.ovn_revision_numbers_db [None req-739ea4c9-b28c-4b6a-83d2-0c9892e87cba 4943a783bcf24682a637dc00641d2522 c860d6117cef4fbeb4056c476c4bf7b1 - - default default] Successfully bumped revision number for resource 0611cff5-b950-40ed-9d17-8e26076d79fd (type: ports) to 1
2026-07-15 22:57:30.779 10 INFO neutron.wsgi [None req-739ea4c9-b28c-4b6a-83d2-0c9892e87cba 4943a783bcf24682a637dc00641d2522 c860d6117cef4fbeb4056c476c4bf7b1 - - default default] 10.0.0.216 "POST /v2.0/ports HTTP/1.1" status: 201 len: 942 time: 0.3713918
2026-07-15 22:57:30.849 9 INFO neutron.wsgi [None req-3b92c06b-9630-44ca-b6fa-0bebd912a13f 52fcf3dcfa7542e7acbea276560f9bbb 94c3d71c811c454e87bce9cb87c370d2 - - default default] 10.0.0.216 "GET /v2.0/ports HTTP/1.1" status: 200 len: 3213 time: 0.1355135
2026-07-15 22:57:30.894 9 INFO neutron.db.segments_db [None req-4edba9c6-5eee-45c0-b08a-4b837885ba44 4943a783bcf24682a637dc00641d2522 c860d6117cef4fbeb4056c476c4bf7b1 - - default default] Added segment 6bb6da9a-308d-4ea7-9a16-c771b50164f4 of type geneve for network cd25f06b-0d47-426e-aab5-b62e60cf081d
2026-07-15 22:57:31.075 9 INFO neutron.db.ovn_revision_numbers_db [None req-4edba9c6-5eee-45c0-b08a-4b837885ba44 4943a783bcf24682a637dc00641d2522 c860d6117cef4fbeb4056c476c4bf7b1 - - default default] Successfully bumped revision number for resource cd25f06b-0d47-426e-aab5-b62e60cf081d (type: networks) to 1
2026-07-15 22:57:31.146 9 INFO neutron.wsgi [None req-1361ae34-d548-499f-a72d-2fce0052cbe4 52fcf3dcfa7542e7acbea276560f9bbb 94c3d71c811c454e87bce9cb87c370d2 - - default default] 10.0.0.216 "DELETE /v2.0/ports/9a750a12-651b-4020-95e4-17c0f928d974 HTTP/1.1" status: 204 len: 168 time: 0.2810595
2026-07-15 22:57:31.470 9 WARNING neutron.scheduler.dhcp_agent_scheduler [None req-4edba9c6-5eee-45c0-b08a-4b837885ba44 4943a783bcf24682a637dc00641d2522 c860d6117cef4fbeb4056c476c4bf7b1 - - default default] No more DHCP agents
2026-07-15 22:57:31.474 9 WARNING neutron.api.rpc.agentnotifiers.dhcp_rpc_agent_api [None req-4edba9c6-5eee-45c0-b08a-4b837885ba44 4943a783bcf24682a637dc00641d2522 c860d6117cef4fbeb4056c476c4bf7b1 - - default default] Unable to schedule network cd25f06b-0d47-426e-aab5-b62e60cf081d: no agents available; will retry on subsequent port and subnet creation events.
2026-07-15 22:57:31.588 9 INFO neutron.db.ovn_revision_numbers_db [None req-4edba9c6-5eee-45c0-b08a-4b837885ba44 4943a783bcf24682a637dc00641d2522 c860d6117cef4fbeb4056c476c4bf7b1 - - default default] Successfully bumped revision number for resource 98ad33f4-b3f8-4488-8abb-de7c50a98d37 (type: ports) to 1
2026-07-15 22:57:31.620 9 INFO neutron.wsgi [None req-fdc465e0-7257-49ee-914d-b9a5f7fb55bd 52fcf3dcfa7542e7acbea276560f9bbb 94c3d71c811c454e87bce9cb87c370d2 - - default default] 10.0.0.216 "DELETE /v2.0/ports/bd8f1c95-ef98-4c1b-bbef-75c9e4d8942c HTTP/1.1" status: 204 len: 168 time: 0.4688299
2026-07-15 22:57:31.622 9 INFO neutron.wsgi [None req-4edba9c6-5eee-45c0-b08a-4b837885ba44 4943a783bcf24682a637dc00641d2522 c860d6117cef4fbeb4056c476c4bf7b1 - - default default] 10.0.0.216 "POST /v2.0/networks HTTP/1.1" status: 201 len: 831 time: 0.8371582 /var/lib/openstack/lib/python3.10/site-packages/pycadf/identifier.py:71: UserWarning: Invalid uuid: neutron. To ensure interoperability, identifiers should be a valid uuid. warnings.warn(('Invalid uuid: %s. To ensure interoperability, '
2026-07-15 22:57:31.732 10 INFO neutron.wsgi [None req-aec5a936-9acb-49c9-941e-b8e517fdc02f 52fcf3dcfa7542e7acbea276560f9bbb 94c3d71c811c454e87bce9cb87c370d2 - - default default] 10.0.0.216 "GET /v2.0/ports HTTP/1.1" status: 200 len: 1718 time: 0.1072378
2026-07-15 22:57:31.872 9 INFO neutron.db.segments_db [None req-f9650ec3-bfaa-47a6-9924-0ec494215e43 52fcf3dcfa7542e7acbea276560f9bbb 94c3d71c811c454e87bce9cb87c370d2 - - default default] Added segment 49f062ca-492b-4d6e-920c-6d8135dcaa23 of type geneve for network ec7730ca-fb89-41f6-aaa0-8c2ed86dd36a
2026-07-15 22:57:31.877 9 WARNING neutron.scheduler.dhcp_agent_scheduler [None req-daef0424-e697-4d10-b25e-d263062df26f 4943a783bcf24682a637dc00641d2522 c860d6117cef4fbeb4056c476c4bf7b1 - - default default] No more DHCP agents
2026-07-15 22:57:31.880 9 WARNING neutron.api.rpc.agentnotifiers.dhcp_rpc_agent_api [None req-daef0424-e697-4d10-b25e-d263062df26f 4943a783bcf24682a637dc00641d2522 c860d6117cef4fbeb4056c476c4bf7b1 - - default default] Unable to schedule network cd25f06b-0d47-426e-aab5-b62e60cf081d: no agents available; will retry on subsequent port and subnet creation events.
2026-07-15 22:57:32.003 9 INFO neutron.db.ovn_revision_numbers_db [None req-daef0424-e697-4d10-b25e-d263062df26f 4943a783bcf24682a637dc00641d2522 c860d6117cef4fbeb4056c476c4bf7b1 - - default default] Successfully bumped revision number for resource 1b3a8772-099a-43c6-b302-d5cd7b8f39ae (type: ports) to 1
