2026-07-15 23:01:41.704 10 INFO neutron.wsgi [req-20820840-11fc-425c-b0c9-d66659003e44 req-96e7b5ea-dfac-4abe-888f-91cdcef36a22 020148a245aa457ba8f9ae8eec1f5b74 f4970c914d95420382e7831c1c5a8c46 - - 713730aea4c849d39e19d81e6968278a 713730aea4c849d39e19d81e6968278a] 199.204.45.235 "GET /v2.0/subnets?id=f0952432-3ffb-4c51-aaf6-3098d3abfe25 HTTP/1.1" status: 200 len: 829 time: 0.0332804
2026-07-15 23:01:41.730 10 INFO neutron.wsgi [req-20820840-11fc-425c-b0c9-d66659003e44 req-ba48b7f3-477a-4f5f-8f33-0edb8eedd66a 020148a245aa457ba8f9ae8eec1f5b74 f4970c914d95420382e7831c1c5a8c46 - - 713730aea4c849d39e19d81e6968278a 713730aea4c849d39e19d81e6968278a] 199.204.45.235 "GET /v2.0/ports?network_id=696b48a7-c4c9-4a85-9190-21669bb9d787&device_owner=network%3Adhcp HTTP/1.1" status: 200 len: 210 time: 0.0209551
2026-07-15 23:01:41.785 9 INFO neutron.wsgi [req-7246b3cd-bfff-476d-ad68-293f52030e3c req-2b6980e3-4a64-4ecc-a94c-9822deff8e20 020148a245aa457ba8f9ae8eec1f5b74 f4970c914d95420382e7831c1c5a8c46 - - 713730aea4c849d39e19d81e6968278a 713730aea4c849d39e19d81e6968278a] 199.204.45.235 "GET /v2.0/ports?device_id=395877eb-c527-486d-8b2e-67c02807f060&fields=binding%3Ahost_id&fields=binding%3Avif_type HTTP/1.1" status: 200 len: 265 time: 0.0302713
2026-07-15 23:01:41.787 10 INFO neutron.wsgi [req-20820840-11fc-425c-b0c9-d66659003e44 req-b5a291b2-5880-48e1-a0e8-a16d6a12d0b6 020148a245aa457ba8f9ae8eec1f5b74 f4970c914d95420382e7831c1c5a8c46 - - 713730aea4c849d39e19d81e6968278a 713730aea4c849d39e19d81e6968278a] 199.204.45.235 "GET /v2.0/networks/696b48a7-c4c9-4a85-9190-21669bb9d787?fields=segments HTTP/1.1" status: 200 len: 212 time: 0.0486517
2026-07-15 23:01:41.860 10 INFO neutron.wsgi [req-20820840-11fc-425c-b0c9-d66659003e44 req-7375f2c7-3139-488a-8a4b-e5ecbe0c8846 020148a245aa457ba8f9ae8eec1f5b74 f4970c914d95420382e7831c1c5a8c46 - - 713730aea4c849d39e19d81e6968278a 713730aea4c849d39e19d81e6968278a] 199.204.45.235 "GET /v2.0/networks/696b48a7-c4c9-4a85-9190-21669bb9d787?fields=provider%3Aphysical_network&fields=provider%3Anetwork_type HTTP/1.1" status: 200 len: 277 time: 0.0554194
2026-07-15 23:01:41.882 9 INFO neutron.wsgi [req-7246b3cd-bfff-476d-ad68-293f52030e3c req-73493e81-62ea-4e39-8f89-4a1945693616 020148a245aa457ba8f9ae8eec1f5b74 f4970c914d95420382e7831c1c5a8c46 - - 713730aea4c849d39e19d81e6968278a 713730aea4c849d39e19d81e6968278a] 199.204.45.235 "GET /v2.0/ports?tenant_id=8ffce727ee354c99ac91b56cd319ff3c&device_id=395877eb-c527-486d-8b2e-67c02807f060 HTTP/1.1" status: 200 len: 1642 time: 0.0579617
2026-07-15 23:01:41.893 10 INFO neutron.wsgi [req-20820840-11fc-425c-b0c9-d66659003e44 req-f00fd085-a426-4f83-800f-2d728d37555e 020148a245aa457ba8f9ae8eec1f5b74 f4970c914d95420382e7831c1c5a8c46 - - 713730aea4c849d39e19d81e6968278a 713730aea4c849d39e19d81e6968278a] 199.204.45.235 "GET /v2.0/floatingips?fixed_ip_address=10.1.1.30&port_id=0f997c92-58d4-462e-9e4b-e53682897977 HTTP/1.1" status: 200 len: 217 time: 0.0255420
2026-07-15 23:01:41.938 10 INFO neutron.wsgi [req-20820840-11fc-425c-b0c9-d66659003e44 req-2caa248f-a0d0-4ecb-a3d9-ef26775c2691 020148a245aa457ba8f9ae8eec1f5b74 f4970c914d95420382e7831c1c5a8c46 - - 713730aea4c849d39e19d81e6968278a 713730aea4c849d39e19d81e6968278a] 199.204.45.235 "GET /v2.0/subnets?id=36a7db66-ebe7-442b-88b3-46ef3b9b7035 HTTP/1.1" status: 200 len: 853 time: 0.0363033
2026-07-15 23:01:41.971 9 INFO neutron.wsgi [req-7246b3cd-bfff-476d-ad68-293f52030e3c req-486d2287-ca5e-4c52-b728-a435d28c9152 020148a245aa457ba8f9ae8eec1f5b74 f4970c914d95420382e7831c1c5a8c46 - - 713730aea4c849d39e19d81e6968278a 713730aea4c849d39e19d81e6968278a] 199.204.45.235 "GET /v2.0/networks?id=58c34c5f-500a-492f-a69d-f87768e2f22d HTTP/1.1" status: 200 len: 1003 time: 0.0661170
2026-07-15 23:01:41.974 10 INFO neutron.wsgi [req-20820840-11fc-425c-b0c9-d66659003e44 req-002e1951-c5f3-43a4-9cc4-45d0490b3e96 020148a245aa457ba8f9ae8eec1f5b74 f4970c914d95420382e7831c1c5a8c46 - - 713730aea4c849d39e19d81e6968278a 713730aea4c849d39e19d81e6968278a] 199.204.45.235 "GET /v2.0/ports?network_id=62ccd2fe-d2b6-4800-85d1-58f525e4920a&device_owner=network%3Adhcp HTTP/1.1" status: 200 len: 210 time: 0.0286407
2026-07-15 23:01:42.035 10 INFO neutron.wsgi [req-20820840-11fc-425c-b0c9-d66659003e44 req-4766465a-9c59-4ccf-89ae-1098b09a6706 020148a245aa457ba8f9ae8eec1f5b74 f4970c914d95420382e7831c1c5a8c46 - - 713730aea4c849d39e19d81e6968278a 713730aea4c849d39e19d81e6968278a] 199.204.45.235 "GET /v2.0/networks/62ccd2fe-d2b6-4800-85d1-58f525e4920a?fields=segments HTTP/1.1" status: 200 len: 212 time: 0.0515013
2026-07-15 23:01:42.047 9 INFO neutron.wsgi [req-7246b3cd-bfff-476d-ad68-293f52030e3c req-899df6d1-0b22-48b7-9aa1-0de0f7a495a4 020148a245aa457ba8f9ae8eec1f5b74 f4970c914d95420382e7831c1c5a8c46 - - 713730aea4c849d39e19d81e6968278a 713730aea4c849d39e19d81e6968278a] 199.204.45.235 "GET /v2.0/floatingips?fixed_ip_address=10.2.2.245&port_id=991cdb14-332d-4f87-a903-debbd3b159d3 HTTP/1.1" status: 200 len: 1059 time: 0.0635917
2026-07-15 23:01:42.070 9 INFO neutron.wsgi [req-7246b3cd-bfff-476d-ad68-293f52030e3c req-40179d29-304f-42f9-b8a6-2d50f8b87635 020148a245aa457ba8f9ae8eec1f5b74 f4970c914d95420382e7831c1c5a8c46 - - 713730aea4c849d39e19d81e6968278a 713730aea4c849d39e19d81e6968278a] 199.204.45.235 "GET /v2.0/floatingips?fixed_ip_address=fd77%3A1457%3A4cf0%3A26a8%3A%3A384&port_id=991cdb14-332d-4f87-a903-debbd3b159d3 HTTP/1.1" status: 200 len: 217 time: 0.0179505
2026-07-15 23:01:42.098 10 INFO neutron.wsgi [req-20820840-11fc-425c-b0c9-d66659003e44 req-7d5ed07e-732a-49db-a723-808a53ab1bc4 020148a245aa457ba8f9ae8eec1f5b74 f4970c914d95420382e7831c1c5a8c46 - - 713730aea4c849d39e19d81e6968278a 713730aea4c849d39e19d81e6968278a] 199.204.45.235 "GET /v2.0/networks/62ccd2fe-d2b6-4800-85d1-58f525e4920a?fields=provider%3Aphysical_network&fields=provider%3Anetwork_type HTTP/1.1" status: 200 len: 277 time: 0.0570989
2026-07-15 23:01:42.113 9 INFO neutron.wsgi [req-7246b3cd-bfff-476d-ad68-293f52030e3c req-d1fe1428-9aec-4e6d-8e2b-9ff33b3d0a99 020148a245aa457ba8f9ae8eec1f5b74 f4970c914d95420382e7831c1c5a8c46 - - 713730aea4c849d39e19d81e6968278a 713730aea4c849d39e19d81e6968278a] 199.204.45.235 "GET /v2.0/subnets?id=d59570df-6f73-4f36-9663-8ff0bd6021e8&id=b662ae85-0165-4ba7-970f-9a055bcc5cd9 HTTP/1.1" status: 200 len: 1567 time: 0.0343516
2026-07-15 23:01:42.129 10 INFO neutron.wsgi [req-20820840-11fc-425c-b0c9-d66659003e44 req-e1cd81d5-602a-4a8c-b1d9-199949d8405e 020148a245aa457ba8f9ae8eec1f5b74 f4970c914d95420382e7831c1c5a8c46 - - 713730aea4c849d39e19d81e6968278a 713730aea4c849d39e19d81e6968278a] 199.204.45.235 "GET /v2.0/floatingips?fixed_ip_address=10.2.1.112&port_id=fb56792a-97f5-4217-9857-9ce66fb28bb7 HTTP/1.1" status: 200 len: 217 time: 0.0226014
2026-07-15 23:01:42.155 9 INFO neutron.wsgi [req-7246b3cd-bfff-476d-ad68-293f52030e3c req-3037010d-a725-4f63-94c8-6c14b567ab59 020148a245aa457ba8f9ae8eec1f5b74 f4970c914d95420382e7831c1c5a8c46 - - 713730aea4c849d39e19d81e6968278a 713730aea4c849d39e19d81e6968278a] 199.204.45.235 "GET /v2.0/ports?network_id=58c34c5f-500a-492f-a69d-f87768e2f22d&device_owner=network%3Adhcp HTTP/1.1" status: 200 len: 210 time: 0.0329795
2026-07-15 23:01:42.161 10 INFO neutron.wsgi [req-20820840-11fc-425c-b0c9-d66659003e44 req-20eb2bb5-34da-4770-a167-ac7420356260 020148a245aa457ba8f9ae8eec1f5b74 f4970c914d95420382e7831c1c5a8c46 - - 713730aea4c849d39e19d81e6968278a 713730aea4c849d39e19d81e6968278a] 199.204.45.235 "GET /v2.0/subnets?id=c5ff9653-90e2-4591-b40b-cc6bec57bfa2 HTTP/1.1" status: 200 len: 852 time: 0.0287938
2026-07-15 23:01:42.185 10 INFO neutron.wsgi [req-20820840-11fc-425c-b0c9-d66659003e44 req-c393558d-f7c8-4e2a-9664-2ced3e43349f 020148a245aa457ba8f9ae8eec1f5b74 f4970c914d95420382e7831c1c5a8c46 - - 713730aea4c849d39e19d81e6968278a 713730aea4c849d39e19d81e6968278a] 199.204.45.235 "GET /v2.0/ports?network_id=7a774c76-5041-4ab4-aa60-3fe940d6426c&device_owner=network%3Adhcp HTTP/1.1" status: 200 len: 210 time: 0.0183299
2026-07-15 23:01:42.190 9 INFO neutron.wsgi [req-7246b3cd-bfff-476d-ad68-293f52030e3c req-9f04c796-b741-4af2-8011-5ec56b7f76f5 020148a245aa457ba8f9ae8eec1f5b74 f4970c914d95420382e7831c1c5a8c46 - - 713730aea4c849d39e19d81e6968278a 713730aea4c849d39e19d81e6968278a] 199.204.45.235 "GET /v2.0/ports?network_id=58c34c5f-500a-492f-a69d-f87768e2f22d&device_owner=network%3Adhcp HTTP/1.1" status: 200 len: 210 time: 0.0236762
2026-07-15 23:01:42.263 10 INFO neutron.wsgi [req-20820840-11fc-425c-b0c9-d66659003e44 req-b6155a92-e3f4-4425-b452-de1bfa61d2dd 020148a245aa457ba8f9ae8eec1f5b74 f4970c914d95420382e7831c1c5a8c46 - - 713730aea4c849d39e19d81e6968278a 713730aea4c849d39e19d81e6968278a] 199.204.45.235 "GET /v2.0/networks/7a774c76-5041-4ab4-aa60-3fe940d6426c?fields=segments HTTP/1.1" status: 200 len: 212 time: 0.0671360
2026-07-15 23:01:42.266 9 INFO neutron.wsgi [req-7246b3cd-bfff-476d-ad68-293f52030e3c req-0537575d-6660-4289-b127-fe9783758b1b 020148a245aa457ba8f9ae8eec1f5b74 f4970c914d95420382e7831c1c5a8c46 - - 713730aea4c849d39e19d81e6968278a 713730aea4c849d39e19d81e6968278a] 199.204.45.235 "GET /v2.0/networks/58c34c5f-500a-492f-a69d-f87768e2f22d?fields=segments HTTP/1.1" status: 200 len: 212 time: 0.0701549
2026-07-15 23:01:42.325 9 INFO neutron.wsgi [req-7246b3cd-bfff-476d-ad68-293f52030e3c req-5914b0da-aed8-425f-a291-3a8937778820 020148a245aa457ba8f9ae8eec1f5b74 f4970c914d95420382e7831c1c5a8c46 - - 713730aea4c849d39e19d81e6968278a 713730aea4c849d39e19d81e6968278a] 199.204.45.235 "GET /v2.0/networks/58c34c5f-500a-492f-a69d-f87768e2f22d?fields=provider%3Aphysical_network&fields=provider%3Anetwork_type HTTP/1.1" status: 200 len: 277 time: 0.0550871
2026-07-15 23:01:42.327 10 INFO neutron.wsgi [req-20820840-11fc-425c-b0c9-d66659003e44 req-7766a99e-7138-4427-85ab-5bfbd0bffdcb 020148a245aa457ba8f9ae8eec1f5b74 f4970c914d95420382e7831c1c5a8c46 - - 713730aea4c849d39e19d81e6968278a 713730aea4c849d39e19d81e6968278a] 199.204.45.235 "GET /v2.0/networks/7a774c76-5041-4ab4-aa60-3fe940d6426c?fields=provider%3Aphysical_network&fields=provider%3Anetwork_type HTTP/1.1" status: 200 len: 277 time: 0.0572450
2026-07-15 23:01:42.354 10 INFO neutron.wsgi [req-20820840-11fc-425c-b0c9-d66659003e44 req-df40cc34-6c25-4445-b620-eac0b0f9c63c 020148a245aa457ba8f9ae8eec1f5b74 f4970c914d95420382e7831c1c5a8c46 - - 713730aea4c849d39e19d81e6968278a 713730aea4c849d39e19d81e6968278a] 199.204.45.235 "GET /v2.0/floatingips?fixed_ip_address=10.2.2.77&port_id=8b75d265-80c8-492f-874b-be06fd2ba7f4 HTTP/1.1" status: 200 len: 217 time: 0.0196621
2026-07-15 23:01:42.380 10 INFO neutron.wsgi [req-20820840-11fc-425c-b0c9-d66659003e44 req-161858de-e4d4-48ca-a03b-b9f6e07f06da 020148a245aa457ba8f9ae8eec1f5b74 f4970c914d95420382e7831c1c5a8c46 - - 713730aea4c849d39e19d81e6968278a 713730aea4c849d39e19d81e6968278a] 199.204.45.235 "GET /v2.0/floatingips?fixed_ip_address=fd77%3A1457%3A4cf0%3A26a8%3A%3Aa6&port_id=8b75d265-80c8-492f-874b-be06fd2ba7f4 HTTP/1.1" status: 200 len: 217 time: 0.0185730
2026-07-15 23:01:42.419 10 INFO neutron.wsgi [req-20820840-11fc-425c-b0c9-d66659003e44 req-fb4efb45-78b6-4f49-a7ec-5b1e25f94050 020148a245aa457ba8f9ae8eec1f5b74 f4970c914d95420382e7831c1c5a8c46 - - 713730aea4c849d39e19d81e6968278a 713730aea4c849d39e19d81e6968278a] 199.204.45.235 "GET /v2.0/subnets?id=d59570df-6f73-4f36-9663-8ff0bd6021e8&id=b662ae85-0165-4ba7-970f-9a055bcc5cd9 HTTP/1.1" status: 200 len: 1567 time: 0.0330167
2026-07-15 23:01:42.443 10 INFO neutron.wsgi [req-20820840-11fc-425c-b0c9-d66659003e44 req-210eaced-7929-4807-9a94-2e904b62249c 020148a245aa457ba8f9ae8eec1f5b74 f4970c914d95420382e7831c1c5a8c46 - - 713730aea4c849d39e19d81e6968278a 713730aea4c849d39e19d81e6968278a] 199.204.45.235 "GET /v2.0/ports?network_id=58c34c5f-500a-492f-a69d-f87768e2f22d&device_owner=network%3Adhcp HTTP/1.1" status: 200 len: 210 time: 0.0166192
2026-07-15 23:01:42.475 10 INFO neutron.wsgi [req-20820840-11fc-425c-b0c9-d66659003e44 req-e4217ee0-47e6-4782-9603-9d47401f1b31 020148a245aa457ba8f9ae8eec1f5b74 f4970c914d95420382e7831c1c5a8c46 - - 713730aea4c849d39e19d81e6968278a 713730aea4c849d39e19d81e6968278a] 199.204.45.235 "GET /v2.0/ports?network_id=58c34c5f-500a-492f-a69d-f87768e2f22d&device_owner=network%3Adhcp HTTP/1.1" status: 200 len: 210 time: 0.0255132
2026-07-15 23:01:42.536 10 INFO neutron.wsgi [req-20820840-11fc-425c-b0c9-d66659003e44 req-679dc6c0-6315-4ed1-9803-bf8d40231cd8 020148a245aa457ba8f9ae8eec1f5b74 f4970c914d95420382e7831c1c5a8c46 - - 713730aea4c849d39e19d81e6968278a 713730aea4c849d39e19d81e6968278a] 199.204.45.235 "GET /v2.0/networks/58c34c5f-500a-492f-a69d-f87768e2f22d?fields=segments HTTP/1.1" status: 200 len: 212 time: 0.0545549
2026-07-15 23:01:42.593 10 INFO neutron.wsgi [req-20820840-11fc-425c-b0c9-d66659003e44 req-fa5e61dc-c752-4a1e-a740-471ffb884f53 020148a245aa457ba8f9ae8eec1f5b74 f4970c914d95420382e7831c1c5a8c46 - - 713730aea4c849d39e19d81e6968278a 713730aea4c849d39e19d81e6968278a] 199.204.45.235 "GET /v2.0/networks/58c34c5f-500a-492f-a69d-f87768e2f22d?fields=provider%3Aphysical_network&fields=provider%3Anetwork_type HTTP/1.1" status: 200 len: 277 time: 0.0507808
2026-07-15 23:01:42.686 10 INFO neutron.wsgi [req-77e0badd-19c8-4fd5-a0b7-58d58dcc1704 req-de2727d9-db8d-46ac-91ed-01cf376dfd5a 020148a245aa457ba8f9ae8eec1f5b74 f4970c914d95420382e7831c1c5a8c46 - - 713730aea4c849d39e19d81e6968278a 713730aea4c849d39e19d81e6968278a] 199.204.45.235 "GET /v2.0/ports?tenant_id=3b11b5342cb9458b8a6fe990fe268e21&device_id=4b9a6f44-9f2b-43e9-a0d8-8c0131dbcc0f HTTP/1.1" status: 200 len: 5335 time: 0.0505054
2026-07-15 23:01:42.690 10 INFO neutron.plugins.ml2.drivers.ovn.mech_driver.mech_driver [None req-cd3b2352-ef9d-4b0d-b87f-52edbcc52025 - - - - - -] OVN reports status up for port: 8b75d265-80c8-492f-874b-be06fd2ba7f4
2026-07-15 23:01:42.708 10 INFO neutron.plugins.ml2.plugin [None req-cd3b2352-ef9d-4b0d-b87f-52edbcc52025 - - - - - -] Attempt 1 to provision port 8b75d265-80c8-492f-874b-be06fd2ba7f4
2026-07-15 23:01:42.755 10 INFO neutron.wsgi [req-77e0badd-19c8-4fd5-a0b7-58d58dcc1704 req-c7b3743e-22f4-434d-a573-4014c9fc549a 020148a245aa457ba8f9ae8eec1f5b74 f4970c914d95420382e7831c1c5a8c46 - - 713730aea4c849d39e19d81e6968278a 713730aea4c849d39e19d81e6968278a] 199.204.45.235 "GET /v2.0/networks?id=58c34c5f-500a-492f-a69d-f87768e2f22d HTTP/1.1" status: 200 len: 1003 time: 0.0608909
2026-07-15 23:01:42.790 10 INFO neutron.wsgi [req-77e0badd-19c8-4fd5-a0b7-58d58dcc1704 req-ec53c39b-4117-423c-90b0-b3d6c0c1ac4c 020148a245aa457ba8f9ae8eec1f5b74 f4970c914d95420382e7831c1c5a8c46 - - 713730aea4c849d39e19d81e6968278a 713730aea4c849d39e19d81e6968278a] 199.204.45.235 "GET /v2.0/floatingips?fixed_ip_address=10.2.2.77&port_id=8b75d265-80c8-492f-874b-be06fd2ba7f4 HTTP/1.1" status: 200 len: 217 time: 0.0276945
2026-07-15 23:01:42.831 10 INFO neutron.wsgi [req-77e0badd-19c8-4fd5-a0b7-58d58dcc1704 req-55292291-ed6d-447d-bb37-07a1252dca39 020148a245aa457ba8f9ae8eec1f5b74 f4970c914d95420382e7831c1c5a8c46 - - 713730aea4c849d39e19d81e6968278a 713730aea4c849d39e19d81e6968278a] 199.204.45.235 "GET /v2.0/floatingips?fixed_ip_address=fd77%3A1457%3A4cf0%3A26a8%3A%3Aa6&port_id=8b75d265-80c8-492f-874b-be06fd2ba7f4 HTTP/1.1" status: 200 len: 217 time: 0.0325398
2026-07-15 23:01:42.894 10 INFO neutron.wsgi [req-77e0badd-19c8-4fd5-a0b7-58d58dcc1704 req-0e71e9e9-c450-470d-ab44-d8a9dbcc71e2 020148a245aa457ba8f9ae8eec1f5b74 f4970c914d95420382e7831c1c5a8c46 - - 713730aea4c849d39e19d81e6968278a 713730aea4c849d39e19d81e6968278a] 199.204.45.235 "GET /v2.0/subnets?id=d59570df-6f73-4f36-9663-8ff0bd6021e8&id=b662ae85-0165-4ba7-970f-9a055bcc5cd9 HTTP/1.1" status: 200 len: 1567 time: 0.0576389
2026-07-15 23:01:42.900 9 INFO neutron.wsgi [req-20820840-11fc-425c-b0c9-d66659003e44 req-4793e0ed-b6ec-427f-94a6-3d812c45029d 15347a2cd9fb413892463cba0acf75e4 3b11b5342cb9458b8a6fe990fe268e21 - - default default] 10.0.0.199 "GET /v2.0/ports/8b75d265-80c8-492f-874b-be06fd2ba7f4 HTTP/1.1" status: 200 len: 1629 time: 0.0384471
2026-07-15 23:01:42.944 10 INFO neutron.wsgi [req-77e0badd-19c8-4fd5-a0b7-58d58dcc1704 req-9ff48dbe-346c-4972-8644-35f125202c70 020148a245aa457ba8f9ae8eec1f5b74 f4970c914d95420382e7831c1c5a8c46 - - 713730aea4c849d39e19d81e6968278a 713730aea4c849d39e19d81e6968278a] 199.204.45.235 "GET /v2.0/ports?network_id=58c34c5f-500a-492f-a69d-f87768e2f22d&device_owner=network%3Adhcp HTTP/1.1" status: 200 len: 210 time: 0.0374415
2026-07-15 23:01:42.967 9 INFO neutron.wsgi [None req-442a285e-a812-45c9-8e0c-eaf5d63ab431 15347a2cd9fb413892463cba0acf75e4 3b11b5342cb9458b8a6fe990fe268e21 - - default default] 199.204.45.235 "GET /v2.0/ports/8b75d265-80c8-492f-874b-be06fd2ba7f4 HTTP/1.1" status: 200 len: 1631 time: 0.0556924
2026-07-15 23:01:42.970 10 INFO neutron.wsgi [req-77e0badd-19c8-4fd5-a0b7-58d58dcc1704 req-fc1ab311-6302-4ed4-ad8d-89cf374237af 020148a245aa457ba8f9ae8eec1f5b74 f4970c914d95420382e7831c1c5a8c46 - - 713730aea4c849d39e19d81e6968278a 713730aea4c849d39e19d81e6968278a] 199.204.45.235 "GET /v2.0/ports?network_id=58c34c5f-500a-492f-a69d-f87768e2f22d&device_owner=network%3Adhcp HTTP/1.1" status: 200 len: 210 time: 0.0207026
2026-07-15 23:01:42.998 9 INFO neutron.wsgi [None req-f12463ff-e40a-4aca-aa2a-df24ea0097df 15347a2cd9fb413892463cba0acf75e4 3b11b5342cb9458b8a6fe990fe268e21 - - default default] 199.204.45.235 "GET /v2.0/ports/8b75d265-80c8-492f-874b-be06fd2ba7f4 HTTP/1.1" status: 200 len: 1631 time: 0.0261500
2026-07-15 23:01:43.329 10 INFO neutron.wsgi [req-77e0badd-19c8-4fd5-a0b7-58d58dcc1704 req-cbb4c3f6-c2eb-4e2a-9b0c-12c833be50cb 020148a245aa457ba8f9ae8eec1f5b74 f4970c914d95420382e7831c1c5a8c46 - - 713730aea4c849d39e19d81e6968278a 713730aea4c849d39e19d81e6968278a] 199.204.45.235 "GET /v2.0/networks/58c34c5f-500a-492f-a69d-f87768e2f22d?fields=segments HTTP/1.1" status: 200 len: 212 time: 0.3516085
2026-07-15 23:01:43.430 10 INFO neutron.wsgi [req-77e0badd-19c8-4fd5-a0b7-58d58dcc1704 req-1713926f-b207-46df-8739-b9786f2ce8a4 020148a245aa457ba8f9ae8eec1f5b74 f4970c914d95420382e7831c1c5a8c46 - - 713730aea4c849d39e19d81e6968278a 713730aea4c849d39e19d81e6968278a] 199.204.45.235 "GET /v2.0/networks/58c34c5f-500a-492f-a69d-f87768e2f22d?fields=provider%3Aphysical_network&fields=provider%3Anetwork_type HTTP/1.1" status: 200 len: 277 time: 0.0910761
2026-07-15 23:01:43.434 10 INFO neutron.db.ovn_revision_numbers_db [None req-cd3b2352-ef9d-4b0d-b87f-52edbcc52025 - - - - - -] Successfully bumped revision number for resource 8b75d265-80c8-492f-874b-be06fd2ba7f4 (type: ports) to 4
2026-07-15 23:01:43.457 9 INFO neutron.db.ovn_revision_numbers_db [None req-cbd5f22d-995d-49cb-a274-58292967b6c3 15347a2cd9fb413892463cba0acf75e4 3b11b5342cb9458b8a6fe990fe268e21 - - default default] Successfully bumped revision number for resource 8b75d265-80c8-492f-874b-be06fd2ba7f4 (type: ports) to 5
2026-07-15 23:01:43.467 9 INFO neutron.wsgi [None req-cbd5f22d-995d-49cb-a274-58292967b6c3 15347a2cd9fb413892463cba0acf75e4 3b11b5342cb9458b8a6fe990fe268e21 - - default default] 199.204.45.235 "PUT /v2.0/ports/8b75d265-80c8-492f-874b-be06fd2ba7f4 HTTP/1.1" status: 200 len: 1374 time: 0.4653065 /var/lib/openstack/lib/python3.10/site-packages/pycadf/identifier.py:71: UserWarning: Invalid uuid: neutron. To ensure interoperability, identifiers should be a valid uuid. warnings.warn(('Invalid uuid: %s. To ensure interoperability, '
2026-07-15 23:01:43.505 9 INFO neutron.notifiers.nova [-] Nova event matching ['req-3245fe07-4054-483c-9df5-6054ae2bc696'] response: {'name': 'network-changed', 'server_uuid': '4b9a6f44-9f2b-43e9-a0d8-8c0131dbcc0f', 'tag': '8b75d265-80c8-492f-874b-be06fd2ba7f4', 'status': 'completed', 'code': 200} /var/lib/openstack/lib/python3.10/site-packages/pycadf/identifier.py:71: UserWarning: Invalid uuid: neutron. To ensure interoperability, identifiers should be a valid uuid. warnings.warn(('Invalid uuid: %s. To ensure interoperability, '
2026-07-15 23:01:43.535 9 INFO neutron.wsgi [None req-b28c8d8c-672f-49c9-9cc2-d2f1adec31f0 15347a2cd9fb413892463cba0acf75e4 3b11b5342cb9458b8a6fe990fe268e21 - - default default] 199.204.45.235 "GET /v2.0/networks/58c34c5f-500a-492f-a69d-f87768e2f22d HTTP/1.1" status: 200 len: 1000 time: 0.0614398
2026-07-15 23:01:43.571 10 INFO neutron.wsgi [req-92056a04-d378-4af1-9228-c10857104316 req-17e76794-30a0-4534-85a4-d188e5e89ce6 020148a245aa457ba8f9ae8eec1f5b74 f4970c914d95420382e7831c1c5a8c46 - - 713730aea4c849d39e19d81e6968278a 713730aea4c849d39e19d81e6968278a] 199.204.45.235 "GET /v2.0/ports?tenant_id=3b11b5342cb9458b8a6fe990fe268e21&device_id=4b9a6f44-9f2b-43e9-a0d8-8c0131dbcc0f HTTP/1.1" status: 200 len: 5108 time: 0.0475996
2026-07-15 23:01:43.574 9 INFO neutron.wsgi [None req-2c220a6f-aacf-45c7-8713-6cd30aca559e 15347a2cd9fb413892463cba0acf75e4 3b11b5342cb9458b8a6fe990fe268e21 - - default default] 199.204.45.235 "GET /v2.0/subnets/d59570df-6f73-4f36-9663-8ff0bd6021e8 HTTP/1.1" status: 200 len: 849 time: 0.0328085
2026-07-15 23:01:43.597 10 INFO neutron.notifiers.nova [-] Nova event matching ['req-0ce885c4-f447-4997-a145-b31a53c31169'] response: {'server_uuid': '4b9a6f44-9f2b-43e9-a0d8-8c0131dbcc0f', 'name': 'network-vif-plugged', 'status': 'completed', 'tag': '8b75d265-80c8-492f-874b-be06fd2ba7f4', 'code': 200}
2026-07-15 23:01:43.598 10 INFO neutron.notifiers.nova [-] Nova event matching ['req-0ce885c4-f447-4997-a145-b31a53c31169'] response: {'server_uuid': '4b9a6f44-9f2b-43e9-a0d8-8c0131dbcc0f', 'name': 'network-vif-plugged', 'status': 'completed', 'tag': '8b75d265-80c8-492f-874b-be06fd2ba7f4', 'code': 200}
2026-07-15 23:01:43.639 10 INFO neutron.wsgi [req-92056a04-d378-4af1-9228-c10857104316 req-4a08de1f-cce2-477f-8242-d8b8f853b653 020148a245aa457ba8f9ae8eec1f5b74 f4970c914d95420382e7831c1c5a8c46 - - 713730aea4c849d39e19d81e6968278a 713730aea4c849d39e19d81e6968278a] 199.204.45.235 "GET /v2.0/networks?id=58c34c5f-500a-492f-a69d-f87768e2f22d HTTP/1.1" status: 200 len: 1003 time: 0.0639112
2026-07-15 23:01:43.644 9 INFO neutron.wsgi [None req-b19fa510-31b7-47d4-8112-76fd7cff4eeb 15347a2cd9fb413892463cba0acf75e4 3b11b5342cb9458b8a6fe990fe268e21 - - default default] 199.204.45.235 "GET /v2.0/extensions/security-group HTTP/1.1" status: 200 len: 369 time: 0.0065687
2026-07-15 23:01:43.651 9 INFO neutron.wsgi [None req-10b08a8b-376d-4e8b-9e13-40f0bfd6a312 15347a2cd9fb413892463cba0acf75e4 3b11b5342cb9458b8a6fe990fe268e21 - - default default] 199.204.45.235 "GET /v2.0/extensions/dns-integration HTTP/1.1" status: 200 len: 371 time: 0.0043106
2026-07-15 23:01:43.660 9 INFO neutron.wsgi [None req-53a65f53-9c58-46b1-bcc0-19e4ebc3f1bb 15347a2cd9fb413892463cba0acf75e4 3b11b5342cb9458b8a6fe990fe268e21 - - default default] 199.204.45.235 "GET /v2.0/extensions/qos HTTP/1.1" status: 200 len: 365 time: 0.0041530
2026-07-15 23:01:43.669 9 INFO neutron.wsgi [None req-637e44cd-2c82-497b-8bbf-bfd798526ac0 15347a2cd9fb413892463cba0acf75e4 3b11b5342cb9458b8a6fe990fe268e21 - - default default] 199.204.45.235 "GET /v2.0/extensions/allowed-address-pairs HTTP/1.1" status: 200 len: 383 time: 0.0045259
2026-07-15 23:01:43.670 10 INFO neutron.wsgi [req-92056a04-d378-4af1-9228-c10857104316 req-bfec3730-2cba-46f0-a77c-d32e333ac130 020148a245aa457ba8f9ae8eec1f5b74 f4970c914d95420382e7831c1c5a8c46 - - 713730aea4c849d39e19d81e6968278a 713730aea4c849d39e19d81e6968278a] 199.204.45.235 "GET /v2.0/floatingips?fixed_ip_address=10.2.2.77&port_id=8b75d265-80c8-492f-874b-be06fd2ba7f4 HTTP/1.1" status: 200 len: 217 time: 0.0242429
2026-07-15 23:01:43.703 9 INFO neutron.wsgi [None req-b080023e-63db-44a5-b72b-2bdf535cfb0e 15347a2cd9fb413892463cba0acf75e4 3b11b5342cb9458b8a6fe990fe268e21 - - default default] 199.204.45.235 "GET /v2.0/subnets/36a7db66-ebe7-442b-88b3-46ef3b9b7035 HTTP/1.1" status: 200 len: 850 time: 0.0283649
2026-07-15 23:01:43.709 10 INFO neutron.wsgi [req-92056a04-d378-4af1-9228-c10857104316 req-de19bf60-2ee3-4805-bab7-5d33ed2e0473 020148a245aa457ba8f9ae8eec1f5b74 f4970c914d95420382e7831c1c5a8c46 - - 713730aea4c849d39e19d81e6968278a 713730aea4c849d39e19d81e6968278a] 199.204.45.235 "GET /v2.0/subnets?id=d59570df-6f73-4f36-9663-8ff0bd6021e8 HTTP/1.1" status: 200 len: 852 time: 0.0337834
2026-07-15 23:01:43.738 9 INFO neutron.wsgi [None req-926e4ee0-3307-4851-a8c9-9cafc44b974c 15347a2cd9fb413892463cba0acf75e4 3b11b5342cb9458b8a6fe990fe268e21 - - default default] 199.204.45.235 "GET /v2.0/ports/cdc38da4-96ff-46bd-acd5-8be75b87db26 HTTP/1.1" status: 200 len: 1340 time: 0.0289819
2026-07-15 23:01:43.744 10 INFO neutron.wsgi [req-92056a04-d378-4af1-9228-c10857104316 req-72d49eec-b96f-4c87-85aa-ba3ad41fec24 020148a245aa457ba8f9ae8eec1f5b74 f4970c914d95420382e7831c1c5a8c46 - - 713730aea4c849d39e19d81e6968278a 713730aea4c849d39e19d81e6968278a] 199.204.45.235 "GET /v2.0/ports?network_id=58c34c5f-500a-492f-a69d-f87768e2f22d&device_owner=network%3Adhcp HTTP/1.1" status: 200 len: 210 time: 0.0278411
2026-07-15 23:01:43.772 9 INFO neutron.wsgi [None req-c304ce0e-0971-4313-afac-6770ada15801 15347a2cd9fb413892463cba0acf75e4 3b11b5342cb9458b8a6fe990fe268e21 - - default default] 199.204.45.235 "GET /v2.0/ports/0f997c92-58d4-462e-9e4b-e53682897977 HTTP/1.1" status: 200 len: 1515 time: 0.0276754
2026-07-15 23:01:43.807 9 INFO neutron.wsgi [None req-0361bc31-44dc-45d0-a569-fa0c3d08e5ff 15347a2cd9fb413892463cba0acf75e4 3b11b5342cb9458b8a6fe990fe268e21 - - default default] 199.204.45.235 "GET /v2.0/subnets/36a7db66-ebe7-442b-88b3-46ef3b9b7035 HTTP/1.1" status: 200 len: 850 time: 0.0300441
2026-07-15 23:01:43.824 10 INFO neutron.wsgi [req-92056a04-d378-4af1-9228-c10857104316 req-b2fcd756-48bf-4788-9521-646e6ec77db9 020148a245aa457ba8f9ae8eec1f5b74 f4970c914d95420382e7831c1c5a8c46 - - 713730aea4c849d39e19d81e6968278a 713730aea4c849d39e19d81e6968278a] 199.204.45.235 "GET /v2.0/networks/58c34c5f-500a-492f-a69d-f87768e2f22d?fields=segments HTTP/1.1" status: 200 len: 212 time: 0.0729234
2026-07-15 23:01:43.868 9 INFO neutron.wsgi [None req-0ba26811-a9b8-4aef-b3e8-bbe4be323381 15347a2cd9fb413892463cba0acf75e4 3b11b5342cb9458b8a6fe990fe268e21 - - default default] 199.204.45.235 "GET /v2.0/networks/62ccd2fe-d2b6-4800-85d1-58f525e4920a HTTP/1.1" status: 200 len: 1002 time: 0.0549541
2026-07-15 23:01:43.896 10 INFO neutron.wsgi [req-92056a04-d378-4af1-9228-c10857104316 req-bdeee4c0-b554-4f19-bccf-8614eaac5b60 020148a245aa457ba8f9ae8eec1f5b74 f4970c914d95420382e7831c1c5a8c46 - - 713730aea4c849d39e19d81e6968278a 713730aea4c849d39e19d81e6968278a] 199.204.45.235 "GET /v2.0/networks/58c34c5f-500a-492f-a69d-f87768e2f22d?fields=provider%3Aphysical_network&fields=provider%3Anetwork_type HTTP/1.1" status: 200 len: 277 time: 0.0656338
2026-07-15 23:01:43.906 9 INFO neutron.wsgi [None req-616c7323-2ebe-496d-9d73-c80b24343957 15347a2cd9fb413892463cba0acf75e4 3b11b5342cb9458b8a6fe990fe268e21 - - default default] 199.204.45.235 "GET /v2.0/ports/cdc38da4-96ff-46bd-acd5-8be75b87db26 HTTP/1.1" status: 200 len: 1340 time: 0.0328295
2026-07-15 23:01:43.934 9 INFO neutron.wsgi [None req-e6b82aee-0bf4-4efb-a448-a39fd2e3eed3 15347a2cd9fb413892463cba0acf75e4 3b11b5342cb9458b8a6fe990fe268e21 - - default default] 199.204.45.235 "GET /v2.0/subnets/36a7db66-ebe7-442b-88b3-46ef3b9b7035 HTTP/1.1" status: 200 len: 850 time: 0.0231981
2026-07-15 23:01:51.683 9 INFO neutron.wsgi [-] 10.0.0.25 "GET / HTTP/1.1" status: 200 len: 247 time: 0.0020819
2026-07-15 23:01:51.684 10 INFO neutron.wsgi [-] 10.0.0.25 "GET / HTTP/1.1" status: 200 len: 247 time: 0.0029433
2026-07-15 23:01:53.121 9 INFO neutron.wsgi [None req-7a973e8d-b64e-4732-ab49-c7e5ff0db05b 15347a2cd9fb413892463cba0acf75e4 3b11b5342cb9458b8a6fe990fe268e21 - - default default] 199.204.45.235 "GET /v2.0/extensions/security-group HTTP/1.1" status: 200 len: 369 time: 0.0065093
2026-07-15 23:01:53.133 9 INFO neutron.wsgi [None req-ced8e079-bec5-47e9-aee5-7d7fc925ccb4 15347a2cd9fb413892463cba0acf75e4 3b11b5342cb9458b8a6fe990fe268e21 - - default default] 199.204.45.235 "GET /v2.0/extensions/dns-integration HTTP/1.1" status: 200 len: 371 time: 0.0081799
2026-07-15 23:01:53.144 9 INFO neutron.wsgi [None req-768d8599-40c0-400f-8ae3-3a7bfa921599 15347a2cd9fb413892463cba0acf75e4 3b11b5342cb9458b8a6fe990fe268e21 - - default default] 199.204.45.235 "GET /v2.0/extensions/qos HTTP/1.1" status: 200 len: 365 time: 0.0055211
2026-07-15 23:01:53.153 9 INFO neutron.wsgi [None req-9eec95dc-d3d1-4ff7-99b4-bc688d1b857a 15347a2cd9fb413892463cba0acf75e4 3b11b5342cb9458b8a6fe990fe268e21 - - default default] 199.204.45.235 "GET /v2.0/extensions/allowed-address-pairs HTTP/1.1" status: 200 len: 383 time: 0.0046628
2026-07-15 23:01:53.192 9 INFO neutron.wsgi [None req-50f2cde2-e3d9-4c73-9978-45bf662785f5 15347a2cd9fb413892463cba0acf75e4 3b11b5342cb9458b8a6fe990fe268e21 - - default default] 199.204.45.235 "GET /v2.0/subnets/c5ff9653-90e2-4591-b40b-cc6bec57bfa2 HTTP/1.1" status: 200 len: 849 time: 0.0336957
2026-07-15 23:01:53.237 9 INFO neutron.wsgi [None req-77effe85-4f8f-44c7-9059-37d15369edf7 15347a2cd9fb413892463cba0acf75e4 3b11b5342cb9458b8a6fe990fe268e21 - - default default] 199.204.45.235 "GET /v2.0/ports?device_id=4b9a6f44-9f2b-43e9-a0d8-8c0131dbcc0f HTTP/1.1" status: 200 len: 5108 time: 0.0387571
2026-07-15 23:01:53.388 9 INFO neutron.wsgi [None req-350e8a16-c439-4e24-8a44-077af2c9c47f 15347a2cd9fb413892463cba0acf75e4 3b11b5342cb9458b8a6fe990fe268e21 - - default default] 199.204.45.235 "GET /v2.0/extensions/security-group HTTP/1.1" status: 200 len: 369 time: 0.0073216
2026-07-15 23:01:53.395 9 INFO neutron.wsgi [None req-1e97f056-a942-4cd3-bc7b-80281d1f76e4 15347a2cd9fb413892463cba0acf75e4 3b11b5342cb9458b8a6fe990fe268e21 - - default default] 199.204.45.235 "GET /v2.0/extensions/dns-integration HTTP/1.1" status: 200 len: 371 time: 0.0046399
2026-07-15 23:01:53.405 9 INFO neutron.wsgi [None req-66e163b2-7285-48b0-a955-714313ff034f 15347a2cd9fb413892463cba0acf75e4 3b11b5342cb9458b8a6fe990fe268e21 - - default default] 199.204.45.235 "GET /v2.0/extensions/qos HTTP/1.1" status: 200 len: 365 time: 0.0064001
2026-07-15 23:01:53.414 9 INFO neutron.wsgi [None req-6296c947-79be-41d5-bec2-dd3797b79ec0 15347a2cd9fb413892463cba0acf75e4 3b11b5342cb9458b8a6fe990fe268e21 - - default default] 199.204.45.235 "GET /v2.0/extensions/allowed-address-pairs HTTP/1.1" status: 200 len: 383 time: 0.0037444
2026-07-15 23:01:53.463 9 INFO neutron.wsgi [None req-5fe33850-7fd6-4682-9db3-e618e7264ba5 15347a2cd9fb413892463cba0acf75e4 3b11b5342cb9458b8a6fe990fe268e21 - - default default] 199.204.45.235 "GET /v2.0/ports/8b75d265-80c8-492f-874b-be06fd2ba7f4 HTTP/1.1" status: 200 len: 1402 time: 0.0431848
2026-07-15 23:01:53.831 9 INFO neutron.db.ovn_revision_numbers_db [None req-39f943e7-0e75-47ed-bfb2-8035223802a3 15347a2cd9fb413892463cba0acf75e4 3b11b5342cb9458b8a6fe990fe268e21 - - default default] Successfully bumped revision number for resource 8b75d265-80c8-492f-874b-be06fd2ba7f4 (type: ports) to 6
2026-07-15 23:01:53.842 9 INFO neutron.wsgi [None req-39f943e7-0e75-47ed-bfb2-8035223802a3 15347a2cd9fb413892463cba0acf75e4 3b11b5342cb9458b8a6fe990fe268e21 - - default default] 199.204.45.235 "PUT /v2.0/ports/8b75d265-80c8-492f-874b-be06fd2ba7f4 HTTP/1.1" status: 200 len: 1203 time: 0.3718867 /var/lib/openstack/lib/python3.10/site-packages/pycadf/identifier.py:71: UserWarning: Invalid uuid: neutron. To ensure interoperability, identifiers should be a valid uuid. warnings.warn(('Invalid uuid: %s. To ensure interoperability, '
2026-07-15 23:01:53.885 9 INFO neutron.notifiers.nova [-] Nova event matching ['req-50d72214-69b9-4dc5-bb53-360148a2dfc6'] response: {'name': 'network-changed', 'server_uuid': '4b9a6f44-9f2b-43e9-a0d8-8c0131dbcc0f', 'tag': '8b75d265-80c8-492f-874b-be06fd2ba7f4', 'status': 'completed', 'code': 200}
2026-07-15 23:01:53.910 9 INFO neutron.wsgi [None req-6cbebb39-ead4-4865-b128-6fa19fc70cf3 15347a2cd9fb413892463cba0acf75e4 3b11b5342cb9458b8a6fe990fe268e21 - - default default] 199.204.45.235 "GET /v2.0/networks/58c34c5f-500a-492f-a69d-f87768e2f22d HTTP/1.1" status: 200 len: 1000 time: 0.0598142
2026-07-15 23:01:53.945 9 INFO neutron.wsgi [None req-9c921699-ba6e-48ce-bfcf-ad116e3d89fd 15347a2cd9fb413892463cba0acf75e4 3b11b5342cb9458b8a6fe990fe268e21 - - default default] 199.204.45.235 "GET /v2.0/ports?device_id=4b9a6f44-9f2b-43e9-a0d8-8c0131dbcc0f HTTP/1.1" status: 200 len: 4937 time: 0.0303926
2026-07-15 23:01:53.955 10 INFO neutron.wsgi [req-ceb7425d-53e2-40c8-89f6-20efb96058b6 req-1e104655-6691-4d22-8bfc-ef9f4c331580 020148a245aa457ba8f9ae8eec1f5b74 f4970c914d95420382e7831c1c5a8c46 - - 713730aea4c849d39e19d81e6968278a 713730aea4c849d39e19d81e6968278a] 199.204.45.235 "GET /v2.0/ports?tenant_id=3b11b5342cb9458b8a6fe990fe268e21&device_id=4b9a6f44-9f2b-43e9-a0d8-8c0131dbcc0f HTTP/1.1" status: 200 len: 4937 time: 0.0457325
2026-07-15 23:01:54.021 10 INFO neutron.wsgi [req-ceb7425d-53e2-40c8-89f6-20efb96058b6 req-bd058f60-70c6-425a-8e79-ee3622a3f203 020148a245aa457ba8f9ae8eec1f5b74 f4970c914d95420382e7831c1c5a8c46 - - 713730aea4c849d39e19d81e6968278a 713730aea4c849d39e19d81e6968278a] 199.204.45.235 "GET /v2.0/networks?id=58c34c5f-500a-492f-a69d-f87768e2f22d HTTP/1.1" status: 200 len: 1003 time: 0.0602818
2026-07-15 23:01:54.081 9 INFO neutron.wsgi [None req-f9f5769d-27c2-4e7e-82a0-034c4bccbca0 15347a2cd9fb413892463cba0acf75e4 3b11b5342cb9458b8a6fe990fe268e21 - - default default] 199.204.45.235 "GET /v2.0/ports?device_id=4b9a6f44-9f2b-43e9-a0d8-8c0131dbcc0f HTTP/1.1" status: 200 len: 4937 time: 0.0445364
2026-07-15 23:01:54.106 10 INFO neutron.wsgi [req-ceb7425d-53e2-40c8-89f6-20efb96058b6 req-df6f0c68-eed3-4ad3-8790-4190eb14fb31 020148a245aa457ba8f9ae8eec1f5b74 f4970c914d95420382e7831c1c5a8c46 - - 713730aea4c849d39e19d81e6968278a 713730aea4c849d39e19d81e6968278a] 199.204.45.235 "GET /v2.0/networks/58c34c5f-500a-492f-a69d-f87768e2f22d?fields=segments HTTP/1.1" status: 200 len: 212 time: 0.0767031
2026-07-15 23:01:54.177 10 INFO neutron.wsgi [req-ceb7425d-53e2-40c8-89f6-20efb96058b6 req-eaf16fdf-22b2-41d7-94bd-db2f3538c01a 020148a245aa457ba8f9ae8eec1f5b74 f4970c914d95420382e7831c1c5a8c46 - - 713730aea4c849d39e19d81e6968278a 713730aea4c849d39e19d81e6968278a] 199.204.45.235 "GET /v2.0/networks/58c34c5f-500a-492f-a69d-f87768e2f22d?fields=provider%3Aphysical_network&fields=provider%3Anetwork_type HTTP/1.1" status: 200 len: 277 time: 0.0653698
2026-07-15 23:01:54.334 10 INFO neutron.plugins.ml2.drivers.ovn.mech_driver.mech_driver [None req-cd3b2352-ef9d-4b0d-b87f-52edbcc52025 - - - - - -] OVN reports status down for port: 8b75d265-80c8-492f-874b-be06fd2ba7f4
2026-07-15 23:01:54.394 10 INFO neutron.wsgi [req-d21e908e-bf89-4db6-afe0-31e0c16479ad req-e8c36d8b-6c3d-4899-a830-261675b84aba 020148a245aa457ba8f9ae8eec1f5b74 f4970c914d95420382e7831c1c5a8c46 - - 713730aea4c849d39e19d81e6968278a 713730aea4c849d39e19d81e6968278a] 199.204.45.235 "GET /v2.0/ports/8b75d265-80c8-492f-874b-be06fd2ba7f4 HTTP/1.1" status: 200 len: 1231 time: 0.0327387
2026-07-15 23:01:54.506 10 INFO neutron.notifiers.nova [-] Nova event matching ['req-fab7e64f-8e46-483d-bd32-1edc0a18bd85'] response: {'server_uuid': '4b9a6f44-9f2b-43e9-a0d8-8c0131dbcc0f', 'name': 'network-vif-unplugged', 'status': 'completed', 'tag': '8b75d265-80c8-492f-874b-be06fd2ba7f4', 'code': 200}
2026-07-15 23:01:54.677 10 INFO neutron.db.ovn_revision_numbers_db [None req-cd3b2352-ef9d-4b0d-b87f-52edbcc52025 - - - - - -] Successfully bumped revision number for resource 8b75d265-80c8-492f-874b-be06fd2ba7f4 (type: ports) to 7
2026-07-15 23:01:54.682 10 ERROR ovsdbapp.backend.ovs_idl.command [None req-cd3b2352-ef9d-4b0d-b87f-52edbcc52025 - - - - - -] Error executing command (LspGetUpCommand): ovsdbapp.backend.ovs_idl.idlutils.RowNotFound: Cannot find Logical_Switch_Port with name=8b75d265-80c8-492f-874b-be06fd2ba7f4
2026-07-15 23:01:54.682 10 ERROR ovsdbapp.backend.ovs_idl.command
Traceback (most recent call last):
2026-07-15 23:01:54.682 10 ERROR ovsdbapp.backend.ovs_idl.command
File "/var/lib/openstack/lib/python3.10/site-packages/ovsdbapp/backend/ovs_idl/command.py", line 47, in execute
2026-07-15 23:01:54.682 10 ERROR ovsdbapp.backend.ovs_idl.command self.run_idl(None)
2026-07-15 23:01:54.682 10 ERROR ovsdbapp.backend.ovs_idl.command
File "/var/lib/openstack/lib/python3.10/site-packages/ovsdbapp/schema/ovn_northbound/commands.py", line 650, in run_idl
2026-07-15 23:01:54.682 10 ERROR ovsdbapp.backend.ovs_idl.command lsp = self.api.lookup('Logical_Switch_Port', self.port)
2026-07-15 23:01:54.682 10 ERROR ovsdbapp.backend.ovs_idl.command
File "/var/lib/openstack/lib/python3.10/site-packages/ovsdbapp/backend/ovs_idl/__init__.py", line 183, in lookup
2026-07-15 23:01:54.682 10 ERROR ovsdbapp.backend.ovs_idl.command return self._lookup(table, record)
2026-07-15 23:01:54.682 10 ERROR ovsdbapp.backend.ovs_idl.command
File "/var/lib/openstack/lib/python3.10/site-packages/ovsdbapp/backend/ovs_idl/__init__.py", line 234, in _lookup
2026-07-15 23:01:54.682 10 ERROR ovsdbapp.backend.ovs_idl.command row = idlutils.row_by_value(self, rl.table, rl.column, record)
2026-07-15 23:01:54.682 10 ERROR ovsdbapp.backend.ovs_idl.command
File "/var/lib/openstack/lib/python3.10/site-packages/ovsdbapp/backend/ovs_idl/idlutils.py", line 114, in row_by_value
2026-07-15 23:01:54.682 10 ERROR ovsdbapp.backend.ovs_idl.command raise RowNotFound(table=table, col=column, match=match)
2026-07-15 23:01:54.682 10 ERROR ovsdbapp.backend.ovs_idl.command ovsdbapp.backend.ovs_idl.idlutils.RowNotFound: Cannot find Logical_Switch_Port with name=8b75d265-80c8-492f-874b-be06fd2ba7f4
2026-07-15 23:01:54.682 10 ERROR ovsdbapp.backend.ovs_idl.command 
2026-07-15 23:01:54.683 10 ERROR ovsdbapp.event [None req-cd3b2352-ef9d-4b0d-b87f-52edbcc52025 - - - - - -] Unexpected exception in notify_loop: ovsdbapp.backend.ovs_idl.idlutils.RowNotFound: Cannot find Logical_Switch_Port with name=8b75d265-80c8-492f-874b-be06fd2ba7f4
2026-07-15 23:01:54.683 10 ERROR ovsdbapp.event
Traceback (most recent call last):
2026-07-15 23:01:54.683 10 ERROR ovsdbapp.event
File "/var/lib/openstack/lib/python3.10/site-packages/ovsdbapp/event.py", line 177, in notify_loop
2026-07-15 23:01:54.683 10 ERROR ovsdbapp.event match.run(event, row, updates)
2026-07-15 23:01:54.683 10 ERROR ovsdbapp.event
File "/var/lib/openstack/lib/python3.10/site-packages/neutron/plugins/ml2/drivers/ovn/mech_driver/ovsdb/ovsdb_monitor.py", line 543, in run
2026-07-15 23:01:54.683 10 ERROR ovsdbapp.event self.driver.set_port_status_down(row.name)
2026-07-15 23:01:54.683 10 ERROR ovsdbapp.event
File "/var/lib/openstack/lib/python3.10/site-packages/neutron/plugins/ml2/drivers/ovn/mech_driver/mech_driver.py", line 1231, in set_port_status_down
2026-07-15 23:01:54.683 10 ERROR ovsdbapp.event self._ovn_client.update_lsp_host_info(
2026-07-15 23:01:54.683 10 ERROR ovsdbapp.event
File "/var/lib/openstack/lib/python3.10/site-packages/neutron/plugins/ml2/drivers/ovn/mech_driver/ovsdb/ovn_client.py", line 297, in update_lsp_host_info
2026-07-15 23:01:54.683 10 ERROR ovsdbapp.event port_up = self._nb_idl.lsp_get_up(db_port.id).execute(
2026-07-15 23:01:54.683 10 ERROR ovsdbapp.event
File "/var/lib/openstack/lib/python3.10/site-packages/ovsdbapp/backend/ovs_idl/command.py", line 47, in execute
2026-07-15 23:01:54.683 10 ERROR ovsdbapp.event self.run_idl(None)
2026-07-15 23:01:54.683 10 ERROR ovsdbapp.event
File "/var/lib/openstack/lib/python3.10/site-packages/ovsdbapp/schema/ovn_northbound/commands.py", line 650, in run_idl
2026-07-15 23:01:54.683 10 ERROR ovsdbapp.event lsp = self.api.lookup('Logical_Switch_Port', self.port)
2026-07-15 23:01:54.683 10 ERROR ovsdbapp.event
File "/var/lib/openstack/lib/python3.10/site-packages/ovsdbapp/backend/ovs_idl/__init__.py", line 183, in lookup
2026-07-15 23:01:54.683 10 ERROR ovsdbapp.event return self._lookup(table, record)
2026-07-15 23:01:54.683 10 ERROR ovsdbapp.event
File "/var/lib/openstack/lib/python3.10/site-packages/ovsdbapp/backend/ovs_idl/__init__.py", line 234, in _lookup
2026-07-15 23:01:54.683 10 ERROR ovsdbapp.event row = idlutils.row_by_value(self, rl.table, rl.column, record)
2026-07-15 23:01:54.683 10 ERROR ovsdbapp.event
File "/var/lib/openstack/lib/python3.10/site-packages/ovsdbapp/backend/ovs_idl/idlutils.py", line 114, in row_by_value
2026-07-15 23:01:54.683 10 ERROR ovsdbapp.event raise RowNotFound(table=table, col=column, match=match)
2026-07-15 23:01:54.683 10 ERROR ovsdbapp.event ovsdbapp.backend.ovs_idl.idlutils.RowNotFound: Cannot find Logical_Switch_Port with name=8b75d265-80c8-492f-874b-be06fd2ba7f4
2026-07-15 23:01:54.683 10 ERROR ovsdbapp.event 
2026-07-15 23:01:54.698 10 INFO neutron.wsgi [req-d21e908e-bf89-4db6-afe0-31e0c16479ad req-bb9d8776-0474-49d2-ac05-1df0545cb04d 15347a2cd9fb413892463cba0acf75e4 3b11b5342cb9458b8a6fe990fe268e21 - - default default] 199.204.45.235 "DELETE /v2.0/ports/8b75d265-80c8-492f-874b-be06fd2ba7f4 HTTP/1.1" status: 204 len: 173 time: 0.2998254
2026-07-15 23:01:54.779 10 INFO neutron.wsgi [req-d21e908e-bf89-4db6-afe0-31e0c16479ad req-5b0416a1-b575-4dba-85b6-f294f164bfd9 020148a245aa457ba8f9ae8eec1f5b74 f4970c914d95420382e7831c1c5a8c46 - - 713730aea4c849d39e19d81e6968278a 713730aea4c849d39e19d81e6968278a] 199.204.45.235 "GET /v2.0/ports?tenant_id=3b11b5342cb9458b8a6fe990fe268e21&device_id=4b9a6f44-9f2b-43e9-a0d8-8c0131dbcc0f HTTP/1.1" status: 200 len: 3914 time: 0.0340343
2026-07-15 23:01:54.860 10 INFO neutron.wsgi [req-d21e908e-bf89-4db6-afe0-31e0c16479ad req-e98aa3b0-58d2-4fb7-8e14-940cd28b38fb 020148a245aa457ba8f9ae8eec1f5b74 f4970c914d95420382e7831c1c5a8c46 - - 713730aea4c849d39e19d81e6968278a 713730aea4c849d39e19d81e6968278a] 199.204.45.235 "GET /v2.0/networks?id=696b48a7-c4c9-4a85-9190-21669bb9d787&id=62ccd2fe-d2b6-4800-85d1-58f525e4920a&id=7a774c76-5041-4ab4-aa60-3fe940d6426c&id=58c34c5f-500a-492f-a69d-f87768e2f22d HTTP/1.1" status: 200 len: 3308 time: 0.0745378
2026-07-15 23:01:54.892 10 INFO neutron.wsgi [req-d21e908e-bf89-4db6-afe0-31e0c16479ad req-a5c49967-c9b7-4feb-a874-dc9d31b4e6ae 020148a245aa457ba8f9ae8eec1f5b74 f4970c914d95420382e7831c1c5a8c46 - - 713730aea4c849d39e19d81e6968278a 713730aea4c849d39e19d81e6968278a] 199.204.45.235 "GET /v2.0/floatingips?fixed_ip_address=172.24.0.8&port_id=5efa58f2-b463-4169-a44d-a90a6fb772f3 HTTP/1.1" status: 200 len: 217 time: 0.0228031
2026-07-15 23:01:54.929 10 INFO neutron.wsgi [req-d21e908e-bf89-4db6-afe0-31e0c16479ad req-dc53edf9-452c-44ae-917e-243a013b81af 020148a245aa457ba8f9ae8eec1f5b74 f4970c914d95420382e7831c1c5a8c46 - - 713730aea4c849d39e19d81e6968278a 713730aea4c849d39e19d81e6968278a] 199.204.45.235 "GET /v2.0/subnets?id=f0952432-3ffb-4c51-aaf6-3098d3abfe25 HTTP/1.1" status: 200 len: 829 time: 0.0297663
2026-07-15 23:01:54.957 10 INFO neutron.wsgi [req-d21e908e-bf89-4db6-afe0-31e0c16479ad req-b0fdff9a-5c55-4638-82f7-2a47ff1716bc 020148a245aa457ba8f9ae8eec1f5b74 f4970c914d95420382e7831c1c5a8c46 - - 713730aea4c849d39e19d81e6968278a 713730aea4c849d39e19d81e6968278a] 199.204.45.235 "GET /v2.0/ports?network_id=696b48a7-c4c9-4a85-9190-21669bb9d787&device_owner=network%3Adhcp HTTP/1.1" status: 200 len: 210 time: 0.0198715
2026-07-15 23:01:55.025 10 INFO neutron.wsgi [req-d21e908e-bf89-4db6-afe0-31e0c16479ad req-fa351220-2fef-4cc1-92b8-c38e27a9d1d5 020148a245aa457ba8f9ae8eec1f5b74 f4970c914d95420382e7831c1c5a8c46 - - 713730aea4c849d39e19d81e6968278a 713730aea4c849d39e19d81e6968278a] 199.204.45.235 "GET /v2.0/networks/696b48a7-c4c9-4a85-9190-21669bb9d787?fields=segments HTTP/1.1" status: 200 len: 212 time: 0.0592513
2026-07-15 23:01:55.088 10 INFO neutron.wsgi [req-d21e908e-bf89-4db6-afe0-31e0c16479ad req-20f9279c-0127-4b56-8217-ed4509d7379d 020148a245aa457ba8f9ae8eec1f5b74 f4970c914d95420382e7831c1c5a8c46 - - 713730aea4c849d39e19d81e6968278a 713730aea4c849d39e19d81e6968278a] 199.204.45.235 "GET /v2.0/networks/696b48a7-c4c9-4a85-9190-21669bb9d787?fields=provider%3Aphysical_network&fields=provider%3Anetwork_type HTTP/1.1" status: 200 len: 277 time: 0.0555949
2026-07-15 23:01:55.119 10 INFO neutron.wsgi [req-d21e908e-bf89-4db6-afe0-31e0c16479ad req-3b0f112b-a8a6-460e-bb16-2eb4fa45b789 020148a245aa457ba8f9ae8eec1f5b74 f4970c914d95420382e7831c1c5a8c46 - - 713730aea4c849d39e19d81e6968278a 713730aea4c849d39e19d81e6968278a] 199.204.45.235 "GET /v2.0/floatingips?fixed_ip_address=10.1.1.30&port_id=0f997c92-58d4-462e-9e4b-e53682897977 HTTP/1.1" status: 200 len: 217 time: 0.0233438
2026-07-15 23:01:55.121 9 INFO neutron.wsgi [None req-64223e39-f4db-412c-ba16-5a23d2ff36e1 15347a2cd9fb413892463cba0acf75e4 3b11b5342cb9458b8a6fe990fe268e21 - - default default] 199.204.45.235 "GET /v2.0/ports?device_id=4b9a6f44-9f2b-43e9-a0d8-8c0131dbcc0f HTTP/1.1" status: 200 len: 3914 time: 0.0315187
2026-07-15 23:01:55.147 9 INFO neutron.pecan_wsgi.hooks.translation [None req-d8902e44-8ef9-47e4-a636-af75d8311220 15347a2cd9fb413892463cba0acf75e4 3b11b5342cb9458b8a6fe990fe268e21 - - default default] DELETE failed (client error): The resource could not be found.
2026-07-15 23:01:55.150 9 INFO neutron.wsgi [None req-d8902e44-8ef9-47e4-a636-af75d8311220 15347a2cd9fb413892463cba0acf75e4 3b11b5342cb9458b8a6fe990fe268e21 - - default default] 199.204.45.235 "DELETE /v2.0/ports/8b75d265-80c8-492f-874b-be06fd2ba7f4 HTTP/1.1" status: 404 len: 338 time: 0.0215244
2026-07-15 23:01:55.160 10 INFO neutron.wsgi [req-d21e908e-bf89-4db6-afe0-31e0c16479ad req-f3ac63b8-4d7e-4526-8c6b-6845a72bccc3 020148a245aa457ba8f9ae8eec1f5b74 f4970c914d95420382e7831c1c5a8c46 - - 713730aea4c849d39e19d81e6968278a 713730aea4c849d39e19d81e6968278a] 199.204.45.235 "GET /v2.0/subnets?id=36a7db66-ebe7-442b-88b3-46ef3b9b7035 HTTP/1.1" status: 200 len: 853 time: 0.0353384
2026-07-15 23:01:55.203 10 INFO neutron.wsgi [req-d21e908e-bf89-4db6-afe0-31e0c16479ad req-f74dcb64-7c91-429e-b88b-6a45b6b4335f 020148a245aa457ba8f9ae8eec1f5b74 f4970c914d95420382e7831c1c5a8c46 - - 713730aea4c849d39e19d81e6968278a 713730aea4c849d39e19d81e6968278a] 199.204.45.235 "GET /v2.0/ports?network_id=62ccd2fe-d2b6-4800-85d1-58f525e4920a&device_owner=network%3Adhcp HTTP/1.1" status: 200 len: 210 time: 0.0382016
2026-07-15 23:01:55.233 9 INFO neutron.wsgi [None req-51f03e05-b276-493f-aefe-985a752e4117 15347a2cd9fb413892463cba0acf75e4 3b11b5342cb9458b8a6fe990fe268e21 - - default default] 199.204.45.235 "GET /v2.0/extensions/security-group HTTP/1.1" status: 200 len: 369 time: 0.0067463
2026-07-15 23:01:55.240 9 INFO neutron.wsgi [None req-f567fa21-2cdc-4952-af0b-3f0fb6501a4b 15347a2cd9fb413892463cba0acf75e4 3b11b5342cb9458b8a6fe990fe268e21 - - default default] 199.204.45.235 "GET /v2.0/extensions/dns-integration HTTP/1.1" status: 200 len: 371 time: 0.0037315
2026-07-15 23:01:55.253 9 INFO neutron.wsgi [None req-2ea9f787-faa3-45c2-aa51-bd707fa0f1c0 15347a2cd9fb413892463cba0acf75e4 3b11b5342cb9458b8a6fe990fe268e21 - - default default] 199.204.45.235 "GET /v2.0/extensions/qos HTTP/1.1" status: 200 len: 365 time: 0.0066125
2026-07-15 23:01:55.268 9 INFO neutron.wsgi [None req-f122e966-feaa-4178-a15e-c6b908ec4040 15347a2cd9fb413892463cba0acf75e4 3b11b5342cb9458b8a6fe990fe268e21 - - default default] 199.204.45.235 "GET /v2.0/extensions/allowed-address-pairs HTTP/1.1" status: 200 len: 383 time: 0.0095043
2026-07-15 23:01:55.282 10 INFO neutron.wsgi [req-d21e908e-bf89-4db6-afe0-31e0c16479ad req-5080320a-1372-45ef-b32f-233a750923e7 020148a245aa457ba8f9ae8eec1f5b74 f4970c914d95420382e7831c1c5a8c46 - - 713730aea4c849d39e19d81e6968278a 713730aea4c849d39e19d81e6968278a] 199.204.45.235 "GET /v2.0/networks/62ccd2fe-d2b6-4800-85d1-58f525e4920a?fields=segments HTTP/1.1" status: 200 len: 212 time: 0.0708981
2026-07-15 23:01:55.318 9 INFO neutron.wsgi [None req-e757295c-43b9-4615-993b-447538277c40 15347a2cd9fb413892463cba0acf75e4 3b11b5342cb9458b8a6fe990fe268e21 - - default default] 199.204.45.235 "GET /v2.0/subnets/36a7db66-ebe7-442b-88b3-46ef3b9b7035 HTTP/1.1" status: 200 len: 850 time: 0.0412359
2026-07-15 23:01:55.347 10 INFO neutron.wsgi [req-d21e908e-bf89-4db6-afe0-31e0c16479ad req-4a283521-a362-4c08-8353-106bb4bac3c5 020148a245aa457ba8f9ae8eec1f5b74 f4970c914d95420382e7831c1c5a8c46 - - 713730aea4c849d39e19d81e6968278a 713730aea4c849d39e19d81e6968278a] 199.204.45.235 "GET /v2.0/networks/62ccd2fe-d2b6-4800-85d1-58f525e4920a?fields=provider%3Aphysical_network&fields=provider%3Anetwork_type HTTP/1.1" status: 200 len: 277 time: 0.0598950
2026-07-15 23:01:55.357 9 INFO neutron.wsgi [None req-210a01ef-042b-446e-bbe2-e19698c0b8c3 15347a2cd9fb413892463cba0acf75e4 3b11b5342cb9458b8a6fe990fe268e21 - - default default] 199.204.45.235 "GET /v2.0/ports/cdc38da4-96ff-46bd-acd5-8be75b87db26 HTTP/1.1" status: 200 len: 1340 time: 0.0324960
2026-07-15 23:01:55.377 10 INFO neutron.wsgi [req-d21e908e-bf89-4db6-afe0-31e0c16479ad req-81f3b931-eaed-427d-b771-54c963fa2bf2 020148a245aa457ba8f9ae8eec1f5b74 f4970c914d95420382e7831c1c5a8c46 - - 713730aea4c849d39e19d81e6968278a 713730aea4c849d39e19d81e6968278a] 199.204.45.235 "GET /v2.0/floatingips?fixed_ip_address=10.2.1.112&port_id=fb56792a-97f5-4217-9857-9ce66fb28bb7 HTTP/1.1" status: 200 len: 217 time: 0.0216398
2026-07-15 23:01:55.390 9 INFO neutron.wsgi [None req-6a8b5ffc-d1f2-4332-b028-625052f4b146 15347a2cd9fb413892463cba0acf75e4 3b11b5342cb9458b8a6fe990fe268e21 - - default default] 199.204.45.235 "GET /v2.0/ports/0f997c92-58d4-462e-9e4b-e53682897977 HTTP/1.1" status: 200 len: 1515 time: 0.0286186
2026-07-15 23:01:55.409 10 INFO neutron.wsgi [req-d21e908e-bf89-4db6-afe0-31e0c16479ad req-c4ca42d4-3f0e-4aa2-a291-dc77cce61f95 020148a245aa457ba8f9ae8eec1f5b74 f4970c914d95420382e7831c1c5a8c46 - - 713730aea4c849d39e19d81e6968278a 713730aea4c849d39e19d81e6968278a] 199.204.45.235 "GET /v2.0/subnets?id=c5ff9653-90e2-4591-b40b-cc6bec57bfa2 HTTP/1.1" status: 200 len: 852 time: 0.0261111
2026-07-15 23:01:55.428 9 INFO neutron.wsgi [None req-8958af6d-c133-438f-9047-b68a5f957492 15347a2cd9fb413892463cba0acf75e4 3b11b5342cb9458b8a6fe990fe268e21 - - default default] 199.204.45.235 "GET /v2.0/subnets/36a7db66-ebe7-442b-88b3-46ef3b9b7035 HTTP/1.1" status: 200 len: 850 time: 0.0325801
