2026-07-15 22:57:57.898 10 INFO neutron.db.ovn_revision_numbers_db [None req-7249234b-fa16-4a1f-b0b0-10e42c15668e 6338cd7dd2934d37b3bcd77465d8ed2a 79a6e8b9a8a64e1d885c17a746c51634 - - default default] Successfully bumped revision number for resource d44e660b-a9f7-46ff-b2a1-f51fbd826c5e (type: ports) to 3
2026-07-15 22:57:57.962 9 INFO neutron.wsgi [req-83418968-e2bb-4abf-b8da-e76732d38e11 req-ae3aec67-93ac-4bff-bd58-87109f840997 020148a245aa457ba8f9ae8eec1f5b74 f4970c914d95420382e7831c1c5a8c46 - - 713730aea4c849d39e19d81e6968278a 713730aea4c849d39e19d81e6968278a] 199.204.45.235 "GET /v2.0/networks/749d199a-4959-4c78-813c-7f68d1bdc4f1?fields=provider%3Aphysical_network&fields=provider%3Anetwork_type HTTP/1.1" status: 200 len: 277 time: 0.0947642
2026-07-15 22:57:57.964 10 WARNING neutron.scheduler.dhcp_agent_scheduler [None req-7249234b-fa16-4a1f-b0b0-10e42c15668e 6338cd7dd2934d37b3bcd77465d8ed2a 79a6e8b9a8a64e1d885c17a746c51634 - - default default] No more DHCP agents
2026-07-15 22:57:57.965 9 INFO neutron.wsgi [None req-fd1779c8-55c0-4617-b4a1-7f4667bcdac3 59da1f242fab49e7a9249a6a054d633e 259383ab35cd4f0ea2de7a606f25d3c0 - - default default] 10.0.0.216 "DELETE /v2.0/networks/0c9bc150-7f81-4c6f-bfd0-c71f4bb4ce2a/tags HTTP/1.1" status: 204 len: 168 time: 0.0833983
2026-07-15 22:57:57.966 10 WARNING neutron.api.rpc.agentnotifiers.dhcp_rpc_agent_api [None req-7249234b-fa16-4a1f-b0b0-10e42c15668e 6338cd7dd2934d37b3bcd77465d8ed2a 79a6e8b9a8a64e1d885c17a746c51634 - - default default] Unable to schedule network ddf9f9f9-443e-454a-a9d7-b09a451c4595: no agents available; will retry on subsequent port and subnet creation events.
2026-07-15 22:57:58.009 9 INFO neutron.wsgi [None req-2421c11f-d981-4725-a446-cd4b5cd45800 59da1f242fab49e7a9249a6a054d633e 259383ab35cd4f0ea2de7a606f25d3c0 - - default default] 10.0.0.216 "GET /v2.0/networks/0c9bc150-7f81-4c6f-bfd0-c71f4bb4ce2a/tags HTTP/1.1" status: 200 len: 205 time: 0.0386539
2026-07-15 22:57:58.050 9 INFO neutron.wsgi [req-f44c1ae4-bf0a-488f-8266-d950cb9d3c26 req-fd080cd7-8473-4b4e-9289-eeb7111a8669 020148a245aa457ba8f9ae8eec1f5b74 f4970c914d95420382e7831c1c5a8c46 - - 713730aea4c849d39e19d81e6968278a 713730aea4c849d39e19d81e6968278a] 199.204.45.235 "GET /v2.0/ports?tenant_id=293f4d62faca4c0abfb8ee473b019187&device_id=09beeafb-3088-4a5f-ad15-cbc66b520011 HTTP/1.1" status: 200 len: 1407 time: 0.0402670
2026-07-15 22:57:58.129 9 INFO neutron.wsgi [None req-553d2292-17bd-43a7-adcc-8684a97b8133 15347a2cd9fb413892463cba0acf75e4 3b11b5342cb9458b8a6fe990fe268e21 - - default default] 10.0.0.216 "DELETE /v2.0/security-groups/f6d66ef4-b666-434b-a3e9-ef7b036653e6 HTTP/1.1" status: 204 len: 168 time: 0.3448553
2026-07-15 22:57:58.160 9 INFO neutron.wsgi [req-f44c1ae4-bf0a-488f-8266-d950cb9d3c26 req-06dc7631-8476-4740-a13d-db9708c2e238 020148a245aa457ba8f9ae8eec1f5b74 f4970c914d95420382e7831c1c5a8c46 - - 713730aea4c849d39e19d81e6968278a 713730aea4c849d39e19d81e6968278a] 199.204.45.235 "GET /v2.0/networks?id=749d199a-4959-4c78-813c-7f68d1bdc4f1 HTTP/1.1" status: 200 len: 958 time: 0.1051776
2026-07-15 22:57:58.222 9 INFO neutron.wsgi [req-f44c1ae4-bf0a-488f-8266-d950cb9d3c26 req-8d84d8db-0687-4187-bc89-ddeccbc38aa9 020148a245aa457ba8f9ae8eec1f5b74 f4970c914d95420382e7831c1c5a8c46 - - 713730aea4c849d39e19d81e6968278a 713730aea4c849d39e19d81e6968278a] 199.204.45.235 "GET /v2.0/floatingips?fixed_ip_address=10.100.0.5&port_id=b6bf009d-e8ba-4dd8-a3b8-2c471025cf32 HTTP/1.1" status: 200 len: 217 time: 0.0455306
2026-07-15 22:57:58.273 9 INFO neutron.wsgi [req-f44c1ae4-bf0a-488f-8266-d950cb9d3c26 req-c8fbe24c-89cd-44bf-b788-d4a3b4f34de3 020148a245aa457ba8f9ae8eec1f5b74 f4970c914d95420382e7831c1c5a8c46 - - 713730aea4c849d39e19d81e6968278a 713730aea4c849d39e19d81e6968278a] 199.204.45.235 "GET /v2.0/subnets?id=2b4d3e08-92c2-472d-a2ee-5d4d1793b50e HTTP/1.1" status: 200 len: 853 time: 0.0425456
2026-07-15 22:57:58.306 9 INFO neutron.wsgi [req-f44c1ae4-bf0a-488f-8266-d950cb9d3c26 req-ff8d4402-e711-46ab-8350-773f224abd1a 020148a245aa457ba8f9ae8eec1f5b74 f4970c914d95420382e7831c1c5a8c46 - - 713730aea4c849d39e19d81e6968278a 713730aea4c849d39e19d81e6968278a] 199.204.45.235 "GET /v2.0/ports?network_id=749d199a-4959-4c78-813c-7f68d1bdc4f1&device_owner=network%3Adhcp HTTP/1.1" status: 200 len: 210 time: 0.0268621
2026-07-15 22:57:58.380 9 INFO neutron.wsgi [req-f44c1ae4-bf0a-488f-8266-d950cb9d3c26 req-c4ddcda5-c7be-4931-bd39-bcda53056cb7 020148a245aa457ba8f9ae8eec1f5b74 f4970c914d95420382e7831c1c5a8c46 - - 713730aea4c849d39e19d81e6968278a 713730aea4c849d39e19d81e6968278a] 199.204.45.235 "GET /v2.0/networks/749d199a-4959-4c78-813c-7f68d1bdc4f1?fields=segments HTTP/1.1" status: 200 len: 212 time: 0.0695572
2026-07-15 22:57:58.425 10 INFO neutron.db.ovn_revision_numbers_db [None req-7249234b-fa16-4a1f-b0b0-10e42c15668e 6338cd7dd2934d37b3bcd77465d8ed2a 79a6e8b9a8a64e1d885c17a746c51634 - - default default] Successfully bumped revision number for resource d44e660b-a9f7-46ff-b2a1-f51fbd826c5e (type: router_ports) to 3
2026-07-15 22:57:58.427 10 INFO neutron.wsgi [None req-7249234b-fa16-4a1f-b0b0-10e42c15668e 6338cd7dd2934d37b3bcd77465d8ed2a 79a6e8b9a8a64e1d885c17a746c51634 - - default default] 10.0.0.216 "PUT /v2.0/routers/9b819a98-af62-4b70-b640-482cce9c8c94/add_router_interface HTTP/1.1" status: 200 len: 503 time: 1.8914580
2026-07-15 22:57:58.458 9 INFO neutron.wsgi [req-f44c1ae4-bf0a-488f-8266-d950cb9d3c26 req-9e9cdefa-386f-4247-a78f-a95928e0129f 020148a245aa457ba8f9ae8eec1f5b74 f4970c914d95420382e7831c1c5a8c46 - - 713730aea4c849d39e19d81e6968278a 713730aea4c849d39e19d81e6968278a] 199.204.45.235 "GET /v2.0/networks/749d199a-4959-4c78-813c-7f68d1bdc4f1?fields=provider%3Aphysical_network&fields=provider%3Anetwork_type HTTP/1.1" status: 200 len: 277 time: 0.0692742
2026-07-15 22:57:58.533 9 INFO neutron.wsgi [None req-74881959-8ba8-40ca-812c-5d748e1867ce 6338cd7dd2934d37b3bcd77465d8ed2a 79a6e8b9a8a64e1d885c17a746c51634 - - default default] 10.0.0.216 "GET /v2.0/ports/d44e660b-a9f7-46ff-b2a1-f51fbd826c5e HTTP/1.1" status: 200 len: 1220 time: 0.0998626
2026-07-15 22:57:58.663 10 INFO neutron.services.segments.plugin [-] Segment ee4344a7-f891-495d-8fe3-c2f67322d35f resource provider aggregate not found
2026-07-15 22:57:58.672 10 INFO neutron.services.segments.plugin [-] Segment ee4344a7-f891-495d-8fe3-c2f67322d35f resource provider aggregate not found
2026-07-15 22:57:58.692 10 INFO neutron.services.segments.plugin [-] Segment ee4344a7-f891-495d-8fe3-c2f67322d35f resource provider not found; error: Placement Client Error (4xx): {"errors": [{"status": 404, "title": "Not Found", "detail": "The resource could not be found.\n\n No resource provider with uuid ee4344a7-f891-495d-8fe3-c2f67322d35f found for delete ", "request_id": "req-70b7b918-a078-4ca3-85ae-6315b3817a34"}]}
2026-07-15 22:57:58.694 10 INFO neutron.services.segments.plugin [-] Segment ee4344a7-f891-495d-8fe3-c2f67322d35f resource provider not found; error: Placement Client Error (4xx): {"errors": [{"status": 404, "title": "Not Found", "detail": "The resource could not be found.\n\n No resource provider with uuid ee4344a7-f891-495d-8fe3-c2f67322d35f found for delete ", "request_id": "req-27ae1a2d-4e42-4726-a367-b4efe1cfe427"}]}
2026-07-15 22:57:58.744 10 INFO neutron.wsgi [None req-39417ddd-9c65-43ed-aba5-89651c487967 59da1f242fab49e7a9249a6a054d633e 259383ab35cd4f0ea2de7a606f25d3c0 - - default default] 10.0.0.216 "DELETE /v2.0/networks/0c9bc150-7f81-4c6f-bfd0-c71f4bb4ce2a HTTP/1.1" status: 204 len: 168 time: 0.7268922 /var/lib/openstack/lib/python3.10/site-packages/pycadf/identifier.py:71: UserWarning: Invalid uuid: neutron. To ensure interoperability, identifiers should be a valid uuid. warnings.warn(('Invalid uuid: %s. To ensure interoperability, '
2026-07-15 22:57:59.017 10 INFO neutron.wsgi [req-e3ec57b6-0828-4ca7-a6fc-72c1d020fb1f req-394aa9c7-1ddd-42f2-8b27-e2aeebe13a87 b2133b7b60684f678edb3964e0c734db 293f4d62faca4c0abfb8ee473b019187 - - default default] 10.0.0.199 "GET /v2.0/ports?device_id=09beeafb-3088-4a5f-ad15-cbc66b520011 HTTP/1.1" status: 200 len: 1168 time: 0.1111362
2026-07-15 22:57:59.076 10 INFO neutron.wsgi [req-e3ec57b6-0828-4ca7-a6fc-72c1d020fb1f req-143f7722-2eba-4b17-83a0-3668accb17a7 b2133b7b60684f678edb3964e0c734db 293f4d62faca4c0abfb8ee473b019187 - - default default] 10.0.0.199 "GET /v2.0/security-groups?id=7724859e-c359-43d5-ada6-24998b5e0199&fields=id&fields=name HTTP/1.1" status: 200 len: 312 time: 0.0415783
2026-07-15 22:57:59.333 10 INFO neutron.wsgi [None req-03ceafca-f9e6-40f8-a2bf-5d7fd7cc51b9 6338cd7dd2934d37b3bcd77465d8ed2a 79a6e8b9a8a64e1d885c17a746c51634 - - default default] 10.0.0.216 "PUT /v2.0/routers/9b819a98-af62-4b70-b640-482cce9c8c94/remove_router_interface HTTP/1.1" status: 200 len: 503 time: 0.7953641 /var/lib/openstack/lib/python3.10/site-packages/pycadf/identifier.py:71: UserWarning: Invalid uuid: neutron. To ensure interoperability, identifiers should be a valid uuid. warnings.warn(('Invalid uuid: %s. To ensure interoperability, '
2026-07-15 22:57:59.404 10 INFO neutron.api.v2.resource [None req-6f5b344f-5a56-47d3-8f85-65eebea20407 6338cd7dd2934d37b3bcd77465d8ed2a 79a6e8b9a8a64e1d885c17a746c51634 - - default default] remove_router_interface failed (client error): The resource could not be found.
2026-07-15 22:57:59.406 10 INFO neutron.wsgi [None req-6f5b344f-5a56-47d3-8f85-65eebea20407 6338cd7dd2934d37b3bcd77465d8ed2a 79a6e8b9a8a64e1d885c17a746c51634 - - default default] 10.0.0.216 "PUT /v2.0/routers/9b819a98-af62-4b70-b640-482cce9c8c94/remove_router_interface HTTP/1.1" status: 404 len: 398 time: 0.0673153
2026-07-15 22:57:59.433 10 INFO neutron.wsgi [None req-b5034bf6-c3cc-45b8-9784-a6524e0f7374 6338cd7dd2934d37b3bcd77465d8ed2a 79a6e8b9a8a64e1d885c17a746c51634 - - default default] 10.0.0.216 "GET /v2.0/ports?device_id=9b819a98-af62-4b70-b640-482cce9c8c94 HTTP/1.1" status: 200 len: 205 time: 0.0214684
2026-07-15 22:57:59.614 9 INFO neutron.wsgi [None req-5f000499-bb79-4a6f-a6c0-a032f3007579 15347a2cd9fb413892463cba0acf75e4 3b11b5342cb9458b8a6fe990fe268e21 - - default default] 10.0.0.216 "GET /v2.0/security-groups?tenant_id=259383ab35cd4f0ea2de7a606f25d3c0&name=default HTTP/1.1" status: 200 len: 2996 time: 0.1809304
2026-07-15 22:57:59.663 10 INFO neutron.wsgi [None req-d8839b83-fd6f-41fb-a1ab-31f67c3d1f54 6338cd7dd2934d37b3bcd77465d8ed2a 79a6e8b9a8a64e1d885c17a746c51634 - - default default] 10.0.0.216 "DELETE /v2.0/routers/9b819a98-af62-4b70-b640-482cce9c8c94 HTTP/1.1" status: 204 len: 168 time: 0.2271883
2026-07-15 22:57:59.877 10 INFO neutron.wsgi [None req-5a730517-3ed3-4a96-b824-0d80267437b2 6338cd7dd2934d37b3bcd77465d8ed2a 79a6e8b9a8a64e1d885c17a746c51634 - - default default] 10.0.0.216 "DELETE /v2.0/subnets/280b4a9b-48bc-49c1-886a-9705b752f67a HTTP/1.1" status: 204 len: 168 time: 0.1923449
2026-07-15 22:57:59.937 10 INFO neutron.wsgi [None req-1ca99d86-2354-4d0a-91e0-3ce9bf2313c3 15347a2cd9fb413892463cba0acf75e4 3b11b5342cb9458b8a6fe990fe268e21 - - default default] 10.0.0.216 "DELETE /v2.0/security-groups/77c4c81b-1b9c-462c-8561-186d2af81aec HTTP/1.1" status: 204 len: 168 time: 0.3177667
2026-07-15 22:58:00.168 9 INFO neutron.wsgi [req-b3de6e49-9254-49d2-9972-25a9fd610e0e req-dc7d66c4-b58f-4dfa-a82d-16fce2b21078 b2133b7b60684f678edb3964e0c734db 293f4d62faca4c0abfb8ee473b019187 - - default default] 10.0.0.199 "GET /v2.0/ports?device_id=09beeafb-3088-4a5f-ad15-cbc66b520011 HTTP/1.1" status: 200 len: 1168 time: 0.0299940
2026-07-15 22:58:00.215 9 INFO neutron.db.ovn_revision_numbers_db [None req-b2e5f18d-1bb5-4cf4-8358-24961bd87ca5 15347a2cd9fb413892463cba0acf75e4 3b11b5342cb9458b8a6fe990fe268e21 - - default default] Successfully bumped revision number for resource 0ebf8295-dd97-4101-86d5-4c56170c8876 (type: security_groups) to 1
2026-07-15 22:58:00.222 9 INFO neutron.wsgi [req-b3de6e49-9254-49d2-9972-25a9fd610e0e req-627b8237-9a2a-4d12-9bcc-c4c89f5e083d b2133b7b60684f678edb3964e0c734db 293f4d62faca4c0abfb8ee473b019187 - - default default] 10.0.0.199 "GET /v2.0/security-groups?id=7724859e-c359-43d5-ada6-24998b5e0199&fields=id&fields=name HTTP/1.1" status: 200 len: 312 time: 0.0484071
2026-07-15 22:58:00.235 9 INFO neutron.db.ovn_revision_numbers_db [None req-b2e5f18d-1bb5-4cf4-8358-24961bd87ca5 15347a2cd9fb413892463cba0acf75e4 3b11b5342cb9458b8a6fe990fe268e21 - - default default] Successfully bumped revision number for resource 0d19b21d-96b4-4a56-a38c-3769a642c52b (type: security_group_rules) to 0
2026-07-15 22:58:00.250 9 INFO neutron.db.ovn_revision_numbers_db [None req-b2e5f18d-1bb5-4cf4-8358-24961bd87ca5 15347a2cd9fb413892463cba0acf75e4 3b11b5342cb9458b8a6fe990fe268e21 - - default default] Successfully bumped revision number for resource 39311184-b34e-47c8-8030-76e83e27561b (type: security_group_rules) to 0
2026-07-15 22:58:00.266 10 INFO neutron.wsgi [None req-88e5cf94-b5e3-4895-a77e-a2a381f3794d 6338cd7dd2934d37b3bcd77465d8ed2a 79a6e8b9a8a64e1d885c17a746c51634 - - default default] 10.0.0.216 "DELETE /v2.0/networks/ddf9f9f9-443e-454a-a9d7-b09a451c4595 HTTP/1.1" status: 204 len: 168 time: 0.3822045
2026-07-15 22:58:00.271 9 INFO neutron.db.ovn_revision_numbers_db [None req-b2e5f18d-1bb5-4cf4-8358-24961bd87ca5 15347a2cd9fb413892463cba0acf75e4 3b11b5342cb9458b8a6fe990fe268e21 - - default default] Successfully bumped revision number for resource 9c102b2f-27c2-4955-9b3e-83ef2a457691 (type: security_group_rules) to 0
2026-07-15 22:58:00.301 9 INFO neutron.db.ovn_revision_numbers_db [None req-b2e5f18d-1bb5-4cf4-8358-24961bd87ca5 15347a2cd9fb413892463cba0acf75e4 3b11b5342cb9458b8a6fe990fe268e21 - - default default] Successfully bumped revision number for resource ee8da813-6017-47cb-8c05-f23b86b34cef (type: security_group_rules) to 0
2026-07-15 22:58:00.332 9 INFO neutron.wsgi [None req-b2e5f18d-1bb5-4cf4-8358-24961bd87ca5 15347a2cd9fb413892463cba0acf75e4 3b11b5342cb9458b8a6fe990fe268e21 - - default default] 10.0.0.216 "GET /v2.0/security-groups?tenant_id=7f999ece0a584e74bef2ddc7b9e07dfe&name=default HTTP/1.1" status: 200 len: 2996 time: 0.2613366
2026-07-15 22:58:00.376 9 INFO neutron.db.segments_db [None req-00526cb1-750d-482d-a324-e1b9e07ffe36 6338cd7dd2934d37b3bcd77465d8ed2a 79a6e8b9a8a64e1d885c17a746c51634 - - default default] Added segment 48b8cf12-5edd-43e0-b89f-7b7566a2aa7c of type geneve for network 2711f0eb-a690-4670-82ac-b36f9b4220cf
2026-07-15 22:58:00.547 9 INFO neutron.db.ovn_revision_numbers_db [None req-00526cb1-750d-482d-a324-e1b9e07ffe36 6338cd7dd2934d37b3bcd77465d8ed2a 79a6e8b9a8a64e1d885c17a746c51634 - - default default] Successfully bumped revision number for resource 2711f0eb-a690-4670-82ac-b36f9b4220cf (type: networks) to 1
2026-07-15 22:58:00.634 9 INFO neutron.wsgi [None req-4faf0511-c52e-4e3a-9460-7974673c3a88 15347a2cd9fb413892463cba0acf75e4 3b11b5342cb9458b8a6fe990fe268e21 - - default default] 10.0.0.216 "DELETE /v2.0/security-groups/0ebf8295-dd97-4101-86d5-4c56170c8876 HTTP/1.1" status: 204 len: 168 time: 0.2979467
2026-07-15 22:58:00.719 10 INFO neutron.services.segments.plugin [-] Segment 4adc146f-6c14-4204-a3ae-0a12f791179f resource provider aggregate not found
2026-07-15 22:58:00.726 10 INFO neutron.services.segments.plugin [-] Segment 4adc146f-6c14-4204-a3ae-0a12f791179f resource provider aggregate not found
2026-07-15 22:58:00.734 9 WARNING neutron.scheduler.dhcp_agent_scheduler [None req-00526cb1-750d-482d-a324-e1b9e07ffe36 6338cd7dd2934d37b3bcd77465d8ed2a 79a6e8b9a8a64e1d885c17a746c51634 - - default default] No more DHCP agents
2026-07-15 22:58:00.736 10 INFO neutron.services.segments.plugin [-] Segment 4adc146f-6c14-4204-a3ae-0a12f791179f resource provider not found; error: Placement Client Error (4xx): {"errors": [{"status": 404, "title": "Not Found", "detail": "The resource could not be found.\n\n No resource provider with uuid 4adc146f-6c14-4204-a3ae-0a12f791179f found for delete ", "request_id": "req-a5bd2987-5668-4ffc-8941-26f782adc98f"}]}
2026-07-15 22:58:00.737 9 WARNING neutron.api.rpc.agentnotifiers.dhcp_rpc_agent_api [None req-00526cb1-750d-482d-a324-e1b9e07ffe36 6338cd7dd2934d37b3bcd77465d8ed2a 79a6e8b9a8a64e1d885c17a746c51634 - - default default] Unable to schedule network 2711f0eb-a690-4670-82ac-b36f9b4220cf: no agents available; will retry on subsequent port and subnet creation events.
2026-07-15 22:58:00.737 10 INFO neutron.services.segments.plugin [-] Segment 4adc146f-6c14-4204-a3ae-0a12f791179f resource provider not found; error: Placement Client Error (4xx): {"errors": [{"status": 404, "title": "Not Found", "detail": "The resource could not be found.\n\n No resource provider with uuid 4adc146f-6c14-4204-a3ae-0a12f791179f found for delete ", "request_id": "req-66ddd193-d511-4541-8af0-460fda2f8927"}]}
2026-07-15 22:58:00.815 9 INFO neutron.db.ovn_revision_numbers_db [None req-00526cb1-750d-482d-a324-e1b9e07ffe36 6338cd7dd2934d37b3bcd77465d8ed2a 79a6e8b9a8a64e1d885c17a746c51634 - - default default] Successfully bumped revision number for resource 31102586-5f17-404e-b9f6-bd015b30cfc9 (type: ports) to 1
2026-07-15 22:58:00.853 9 INFO neutron.wsgi [None req-00526cb1-750d-482d-a324-e1b9e07ffe36 6338cd7dd2934d37b3bcd77465d8ed2a 79a6e8b9a8a64e1d885c17a746c51634 - - default default] 10.0.0.216 "POST /v2.0/networks HTTP/1.1" status: 201 len: 832 time: 0.5777407
2026-07-15 22:58:01.114 9 WARNING neutron.scheduler.dhcp_agent_scheduler [None req-7535988c-6d8a-486e-9386-599757d58937 6338cd7dd2934d37b3bcd77465d8ed2a 79a6e8b9a8a64e1d885c17a746c51634 - - default default] No more DHCP agents
2026-07-15 22:58:01.116 9 WARNING neutron.api.rpc.agentnotifiers.dhcp_rpc_agent_api [None req-7535988c-6d8a-486e-9386-599757d58937 6338cd7dd2934d37b3bcd77465d8ed2a 79a6e8b9a8a64e1d885c17a746c51634 - - default default] Unable to schedule network 2711f0eb-a690-4670-82ac-b36f9b4220cf: no agents available; will retry on subsequent port and subnet creation events.
2026-07-15 22:58:01.144 9 INFO neutron.db.ovn_revision_numbers_db [None req-7535988c-6d8a-486e-9386-599757d58937 6338cd7dd2934d37b3bcd77465d8ed2a 79a6e8b9a8a64e1d885c17a746c51634 - - default default] Successfully bumped revision number for resource db53a6d8-b3ab-47c1-8be1-22a3c11a01c2 (type: subnets) to 0
2026-07-15 22:58:01.161 9 INFO neutron.wsgi [None req-7535988c-6d8a-486e-9386-599757d58937 6338cd7dd2934d37b3bcd77465d8ed2a 79a6e8b9a8a64e1d885c17a746c51634 - - default default] 10.0.0.216 "POST /v2.0/subnets HTTP/1.1" status: 201 len: 821 time: 0.3026135
2026-07-15 22:58:01.344 10 INFO neutron.wsgi [req-6f491c65-fffe-4bc7-ab52-c23799372530 req-4f090096-2631-4af3-ad70-07d747c39927 b2133b7b60684f678edb3964e0c734db 293f4d62faca4c0abfb8ee473b019187 - - default default] 10.0.0.199 "GET /v2.0/ports?device_id=09beeafb-3088-4a5f-ad15-cbc66b520011 HTTP/1.1" status: 200 len: 1168 time: 0.0398352
2026-07-15 22:58:01.356 9 INFO neutron.db.ovn_revision_numbers_db [None req-b6e75498-de93-479a-8fa4-e7a8c8c20eac 6338cd7dd2934d37b3bcd77465d8ed2a 79a6e8b9a8a64e1d885c17a746c51634 - - default default] Successfully bumped revision number for resource 58f751ef-205c-411f-895f-e2b86c741f46 (type: routers) to 1
2026-07-15 22:58:01.372 9 INFO neutron.wsgi [None req-b6e75498-de93-479a-8fa4-e7a8c8c20eac 6338cd7dd2934d37b3bcd77465d8ed2a 79a6e8b9a8a64e1d885c17a746c51634 - - default default] 10.0.0.216 "POST /v2.0/routers HTTP/1.1" status: 201 len: 691 time: 0.2059710
2026-07-15 22:58:01.398 10 INFO neutron.wsgi [req-6f491c65-fffe-4bc7-ab52-c23799372530 req-371017ee-3b7b-442c-ae27-f2b5ae1e3185 b2133b7b60684f678edb3964e0c734db 293f4d62faca4c0abfb8ee473b019187 - - default default] 10.0.0.199 "GET /v2.0/security-groups?id=7724859e-c359-43d5-ada6-24998b5e0199&fields=id&fields=name HTTP/1.1" status: 200 len: 312 time: 0.0434017
2026-07-15 22:58:01.775 9 WARNING neutron.scheduler.dhcp_agent_scheduler [None req-a6e60447-187b-4ca8-8a39-c316b3f050ba 6338cd7dd2934d37b3bcd77465d8ed2a 79a6e8b9a8a64e1d885c17a746c51634 - - default default] No more DHCP agents
2026-07-15 22:58:01.779 9 WARNING neutron.api.rpc.agentnotifiers.dhcp_rpc_agent_api [None req-a6e60447-187b-4ca8-8a39-c316b3f050ba 6338cd7dd2934d37b3bcd77465d8ed2a 79a6e8b9a8a64e1d885c17a746c51634 - - default default] Unable to schedule network 2711f0eb-a690-4670-82ac-b36f9b4220cf: no agents available; will retry on subsequent port and subnet creation events.
2026-07-15 22:58:01.893 9 INFO neutron.db.ovn_revision_numbers_db [None req-a6e60447-187b-4ca8-8a39-c316b3f050ba 6338cd7dd2934d37b3bcd77465d8ed2a 79a6e8b9a8a64e1d885c17a746c51634 - - default default] Successfully bumped revision number for resource 27387447-abec-4212-9f9c-e03b46be72e9 (type: ports) to 1
2026-07-15 22:58:02.191 9 WARNING neutron.plugins.ml2.drivers.ovn.mech_driver.ovsdb.ovn_client [None req-c2740de3-9fdc-4af1-8deb-8479581be0bc - - - - - -] No hosting information found for port 86575d79-9e34-4718-8c5c-cb798ab06835: RuntimeError: No hosting information found for port 86575d79-9e34-4718-8c5c-cb798ab06835
2026-07-15 22:58:02.191 9 INFO neutron.plugins.ml2.drivers.ovn.mech_driver.mech_driver [None req-c2740de3-9fdc-4af1-8deb-8479581be0bc - - - - - -] OVN reports status up for port: b6bf009d-e8ba-4dd8-a3b8-2c471025cf32
2026-07-15 22:58:02.216 9 INFO neutron.plugins.ml2.plugin [None req-c2740de3-9fdc-4af1-8deb-8479581be0bc - - - - - -] Attempt 1 to provision port b6bf009d-e8ba-4dd8-a3b8-2c471025cf32
2026-07-15 22:58:02.381 9 INFO neutron.db.ovn_revision_numbers_db [None req-a6e60447-187b-4ca8-8a39-c316b3f050ba 6338cd7dd2934d37b3bcd77465d8ed2a 79a6e8b9a8a64e1d885c17a746c51634 - - default default] Successfully bumped revision number for resource 27387447-abec-4212-9f9c-e03b46be72e9 (type: router_ports) to 1
2026-07-15 22:58:02.401 9 INFO neutron.notifiers.nova [-] Nova event matching ['req-376ba220-4544-4709-a474-7b7db9be6c04'] response: {'server_uuid': '09beeafb-3088-4a5f-ad15-cbc66b520011', 'name': 'network-vif-plugged', 'status': 'completed', 'tag': 'b6bf009d-e8ba-4dd8-a3b8-2c471025cf32', 'code': 200}
2026-07-15 22:58:02.524 9 INFO neutron.db.ovn_revision_numbers_db [None req-a6e60447-187b-4ca8-8a39-c316b3f050ba 6338cd7dd2934d37b3bcd77465d8ed2a 79a6e8b9a8a64e1d885c17a746c51634 - - default default] Successfully bumped revision number for resource 27387447-abec-4212-9f9c-e03b46be72e9 (type: ports) to 1
2026-07-15 22:58:02.527 10 INFO neutron.wsgi [req-93bed8bd-88a0-46fb-be3c-5734d5a9c18a req-be0f940f-92e2-41e4-ac5f-102d068562d5 b2133b7b60684f678edb3964e0c734db 293f4d62faca4c0abfb8ee473b019187 - - default default] 10.0.0.199 "GET /v2.0/ports?device_id=09beeafb-3088-4a5f-ad15-cbc66b520011 HTTP/1.1" status: 200 len: 1170 time: 0.0397780
2026-07-15 22:58:02.575 10 INFO neutron.wsgi [req-93bed8bd-88a0-46fb-be3c-5734d5a9c18a req-812cdbbc-69af-47ca-b457-1532de90ab68 b2133b7b60684f678edb3964e0c734db 293f4d62faca4c0abfb8ee473b019187 - - default default] 10.0.0.199 "GET /v2.0/security-groups?id=7724859e-c359-43d5-ada6-24998b5e0199&fields=id&fields=name HTTP/1.1" status: 200 len: 312 time: 0.0390017
2026-07-15 22:58:02.632 9 WARNING neutron.scheduler.dhcp_agent_scheduler [None req-a6e60447-187b-4ca8-8a39-c316b3f050ba 6338cd7dd2934d37b3bcd77465d8ed2a 79a6e8b9a8a64e1d885c17a746c51634 - - default default] No more DHCP agents
2026-07-15 22:58:02.634 9 WARNING neutron.api.rpc.agentnotifiers.dhcp_rpc_agent_api [None req-a6e60447-187b-4ca8-8a39-c316b3f050ba 6338cd7dd2934d37b3bcd77465d8ed2a 79a6e8b9a8a64e1d885c17a746c51634 - - default default] Unable to schedule network 2711f0eb-a690-4670-82ac-b36f9b4220cf: no agents available; will retry on subsequent port and subnet creation events.
2026-07-15 22:58:02.653 9 INFO neutron.db.ovn_revision_numbers_db [None req-c2740de3-9fdc-4af1-8deb-8479581be0bc - - - - - -] Successfully bumped revision number for resource b6bf009d-e8ba-4dd8-a3b8-2c471025cf32 (type: ports) to 4
2026-07-15 22:58:02.718 10 WARNING neutron.plugins.ml2.drivers.ovn.mech_driver.ovsdb.ovn_client [None req-cd3b2352-ef9d-4b0d-b87f-52edbcc52025 - - - - - -] No port found with ID d44e660b-a9f7-46ff-b2a1-f51fbd826c5e: RuntimeError: No port found with ID d44e660b-a9f7-46ff-b2a1-f51fbd826c5e
2026-07-15 22:58:02.722 9 INFO neutron.plugins.ml2.drivers.ovn.mech_driver.mech_driver [None req-c2740de3-9fdc-4af1-8deb-8479581be0bc - - - - - -] OVN reports status up for port: 27387447-abec-4212-9f9c-e03b46be72e9
2026-07-15 22:58:02.739 9 INFO neutron.plugins.ml2.plugin [None req-c2740de3-9fdc-4af1-8deb-8479581be0bc - - - - - -] Attempt 1 to provision port 27387447-abec-4212-9f9c-e03b46be72e9
2026-07-15 22:58:02.866 9 INFO neutron.db.ovn_revision_numbers_db [None req-a6e60447-187b-4ca8-8a39-c316b3f050ba 6338cd7dd2934d37b3bcd77465d8ed2a 79a6e8b9a8a64e1d885c17a746c51634 - - default default] Successfully bumped revision number for resource 27387447-abec-4212-9f9c-e03b46be72e9 (type: router_ports) to 1
2026-07-15 22:58:02.869 9 INFO neutron.wsgi [None req-a6e60447-187b-4ca8-8a39-c316b3f050ba 6338cd7dd2934d37b3bcd77465d8ed2a 79a6e8b9a8a64e1d885c17a746c51634 - - default default] 10.0.0.216 "PUT /v2.0/routers/58f751ef-205c-411f-895f-e2b86c741f46/add_router_interface HTTP/1.1" status: 200 len: 503 time: 1.4921889
2026-07-15 22:58:02.954 10 INFO neutron.db.ovn_revision_numbers_db [None req-a0679a8c-4721-486f-81db-ed178b90bb89 eb7c46b578f14ea1801f62d541900e3d ae1cd72213a74fed8be2a0303817b922 - - default default] Successfully bumped revision number for resource 0a206181-eee2-4249-beaa-bafb4c4d3a64 (type: security_groups) to 1
2026-07-15 22:58:02.969 10 INFO neutron.wsgi [None req-5c246de8-27b9-491d-8b00-505c8d299801 6338cd7dd2934d37b3bcd77465d8ed2a 79a6e8b9a8a64e1d885c17a746c51634 - - default default] 10.0.0.216 "GET /v2.0/ports/27387447-abec-4212-9f9c-e03b46be72e9 HTTP/1.1" status: 200 len: 1141 time: 0.0947094
2026-07-15 22:58:02.981 10 INFO neutron.db.ovn_revision_numbers_db [None req-a0679a8c-4721-486f-81db-ed178b90bb89 eb7c46b578f14ea1801f62d541900e3d ae1cd72213a74fed8be2a0303817b922 - - default default] Successfully bumped revision number for resource 10acd734-5b73-4173-9c52-678ee7e8fb61 (type: security_group_rules) to 0
2026-07-15 22:58:03.015 10 INFO neutron.db.ovn_revision_numbers_db [None req-a0679a8c-4721-486f-81db-ed178b90bb89 eb7c46b578f14ea1801f62d541900e3d ae1cd72213a74fed8be2a0303817b922 - - default default] Successfully bumped revision number for resource 640f380c-195e-43e4-8342-0370fb26cacb (type: security_group_rules) to 0
2026-07-15 22:58:03.021 10 INFO neutron.wsgi [None req-170ddaab-e77a-432c-bfb5-8601454fb0b8 6338cd7dd2934d37b3bcd77465d8ed2a 79a6e8b9a8a64e1d885c17a746c51634 - - default default] 10.0.0.216 "GET /v2.0/ports/27387447-abec-4212-9f9c-e03b46be72e9 HTTP/1.1" status: 200 len: 1141 time: 0.0474937
2026-07-15 22:58:03.058 10 INFO neutron.db.ovn_revision_numbers_db [None req-a0679a8c-4721-486f-81db-ed178b90bb89 eb7c46b578f14ea1801f62d541900e3d ae1cd72213a74fed8be2a0303817b922 - - default default] Successfully bumped revision number for resource 7902b15f-4e42-465c-977b-582368e4f0d9 (type: security_group_rules) to 0
2026-07-15 22:58:03.081 10 INFO neutron.db.ovn_revision_numbers_db [None req-a0679a8c-4721-486f-81db-ed178b90bb89 eb7c46b578f14ea1801f62d541900e3d ae1cd72213a74fed8be2a0303817b922 - - default default] Successfully bumped revision number for resource eb1eb4cf-e9e5-403c-a3a6-f0cb17106641 (type: security_group_rules) to 0
2026-07-15 22:58:03.214 10 INFO neutron.db.ovn_revision_numbers_db [None req-a0679a8c-4721-486f-81db-ed178b90bb89 eb7c46b578f14ea1801f62d541900e3d ae1cd72213a74fed8be2a0303817b922 - - default default] Successfully bumped revision number for resource 419f3052-8977-43bd-8a43-4a46396f9c79 (type: security_groups) to 1
2026-07-15 22:58:03.242 10 INFO neutron.db.ovn_revision_numbers_db [None req-a0679a8c-4721-486f-81db-ed178b90bb89 eb7c46b578f14ea1801f62d541900e3d ae1cd72213a74fed8be2a0303817b922 - - default default] Successfully bumped revision number for resource 87b2e802-60eb-40f9-9e54-1310d0f2961e (type: security_group_rules) to 0
2026-07-15 22:58:03.265 10 INFO neutron.db.ovn_revision_numbers_db [None req-a0679a8c-4721-486f-81db-ed178b90bb89 eb7c46b578f14ea1801f62d541900e3d ae1cd72213a74fed8be2a0303817b922 - - default default] Successfully bumped revision number for resource aa6e820e-a4b1-468e-b5a9-e22661805635 (type: security_group_rules) to 0
2026-07-15 22:58:03.292 10 INFO neutron.wsgi [None req-a0679a8c-4721-486f-81db-ed178b90bb89 eb7c46b578f14ea1801f62d541900e3d ae1cd72213a74fed8be2a0303817b922 - - default default] 10.0.0.216 "POST /v2.0/security-groups HTTP/1.1" status: 201 len: 1737 time: 0.6446815
2026-07-15 22:58:03.299 9 INFO neutron.db.ovn_revision_numbers_db [None req-c2740de3-9fdc-4af1-8deb-8479581be0bc - - - - - -] Successfully bumped revision number for resource 27387447-abec-4212-9f9c-e03b46be72e9 (type: ports) to 2 /var/lib/openstack/lib/python3.10/site-packages/pycadf/identifier.py:71: UserWarning: Invalid uuid: neutron. To ensure interoperability, identifiers should be a valid uuid. warnings.warn(('Invalid uuid: %s. To ensure interoperability, '
2026-07-15 22:58:03.443 9 INFO neutron.db.ovn_revision_numbers_db [None req-c2740de3-9fdc-4af1-8deb-8479581be0bc - - - - - -] Successfully bumped revision number for resource 27387447-abec-4212-9f9c-e03b46be72e9 (type: router_ports) to 2
2026-07-15 22:58:03.490 9 INFO neutron.db.ovn_revision_numbers_db [None req-f3e120ec-d3e0-49fc-b513-ad7d1c4fef61 eb7c46b578f14ea1801f62d541900e3d ae1cd72213a74fed8be2a0303817b922 - - default default] Successfully bumped revision number for resource be7de90c-a2d2-49df-8941-bac1199c01a5 (type: security_groups) to 1
2026-07-15 22:58:03.502 9 INFO neutron.db.ovn_revision_numbers_db [None req-f3e120ec-d3e0-49fc-b513-ad7d1c4fef61 eb7c46b578f14ea1801f62d541900e3d ae1cd72213a74fed8be2a0303817b922 - - default default] Successfully bumped revision number for resource 239d2ddf-8775-444b-b3f6-3b70be5602c5 (type: security_group_rules) to 0
2026-07-15 22:58:03.515 9 INFO neutron.db.ovn_revision_numbers_db [None req-f3e120ec-d3e0-49fc-b513-ad7d1c4fef61 eb7c46b578f14ea1801f62d541900e3d ae1cd72213a74fed8be2a0303817b922 - - default default] Successfully bumped revision number for resource 9fce938c-ef4f-4bfa-9e19-d420b9697916 (type: security_group_rules) to 0
2026-07-15 22:58:03.540 9 INFO neutron.wsgi [None req-f3e120ec-d3e0-49fc-b513-ad7d1c4fef61 eb7c46b578f14ea1801f62d541900e3d ae1cd72213a74fed8be2a0303817b922 - - default default] 10.0.0.216 "POST /v2.0/security-groups HTTP/1.1" status: 201 len: 1737 time: 0.2419465
2026-07-15 22:58:03.670 10 INFO neutron.wsgi [None req-28ae339f-63ec-4de3-afeb-5da1ed79060f 6338cd7dd2934d37b3bcd77465d8ed2a 79a6e8b9a8a64e1d885c17a746c51634 - - default default] 10.0.0.216 "PUT /v2.0/routers/58f751ef-205c-411f-895f-e2b86c741f46/remove_router_interface HTTP/1.1" status: 200 len: 503 time: 0.6453803 /var/lib/openstack/lib/python3.10/site-packages/pycadf/identifier.py:71: UserWarning: Invalid uuid: neutron. To ensure interoperability, identifiers should be a valid uuid. warnings.warn(('Invalid uuid: %s. To ensure interoperability, '
2026-07-15 22:58:03.700 9 INFO neutron.db.ovn_revision_numbers_db [None req-2cc3adaf-5d7c-4dbd-8477-d384549b6821 eb7c46b578f14ea1801f62d541900e3d ae1cd72213a74fed8be2a0303817b922 - - default default] Successfully bumped revision number for resource 5292ccfc-d85e-4be4-84c3-fe9be94ddc0a (type: security_groups) to 1
2026-07-15 22:58:03.725 10 INFO neutron.wsgi [None req-62e24888-f7f5-4584-822c-98a1c4122bf5 6338cd7dd2934d37b3bcd77465d8ed2a 79a6e8b9a8a64e1d885c17a746c51634 - - default default] 10.0.0.216 "GET /v2.0/ports?device_id=58f751ef-205c-411f-895f-e2b86c741f46 HTTP/1.1" status: 200 len: 205 time: 0.0422413
2026-07-15 22:58:03.734 9 INFO neutron.db.ovn_revision_numbers_db [None req-2cc3adaf-5d7c-4dbd-8477-d384549b6821 eb7c46b578f14ea1801f62d541900e3d ae1cd72213a74fed8be2a0303817b922 - - default default] Successfully bumped revision number for resource 2767dc8c-3ef5-4158-a304-d5a369e4f447 (type: security_group_rules) to 0
2026-07-15 22:58:03.753 9 INFO neutron.db.ovn_revision_numbers_db [None req-2cc3adaf-5d7c-4dbd-8477-d384549b6821 eb7c46b578f14ea1801f62d541900e3d ae1cd72213a74fed8be2a0303817b922 - - default default] Successfully bumped revision number for resource ea455a93-c319-4fe5-9733-c7b52bf7488f (type: security_group_rules) to 0
2026-07-15 22:58:03.779 9 INFO neutron.wsgi [req-85fe86f1-d777-48ea-9ef1-611737fbf542 req-a3eea64d-4507-412b-b6eb-f621c6abc903 b2133b7b60684f678edb3964e0c734db 293f4d62faca4c0abfb8ee473b019187 - - default default] 10.0.0.199 "GET /v2.0/ports?device_id=09beeafb-3088-4a5f-ad15-cbc66b520011 HTTP/1.1" status: 200 len: 1170 time: 0.1170223
2026-07-15 22:58:03.784 9 INFO neutron.wsgi [None req-2cc3adaf-5d7c-4dbd-8477-d384549b6821 eb7c46b578f14ea1801f62d541900e3d ae1cd72213a74fed8be2a0303817b922 - - default default] 10.0.0.216 "POST /v2.0/security-groups HTTP/1.1" status: 201 len: 1737 time: 0.2319176
2026-07-15 22:58:03.860 9 INFO neutron.wsgi [req-85fe86f1-d777-48ea-9ef1-611737fbf542 req-8e9b7b4b-2e23-4fc6-aa66-a74b01b0a64b b2133b7b60684f678edb3964e0c734db 293f4d62faca4c0abfb8ee473b019187 - - default default] 10.0.0.199 "GET /v2.0/security-groups?id=7724859e-c359-43d5-ada6-24998b5e0199&fields=id&fields=name HTTP/1.1" status: 200 len: 312 time: 0.0737534
2026-07-15 22:58:03.944 9 INFO neutron.db.ovn_revision_numbers_db [None req-6a50ca82-79bf-4600-9352-b26ef8838b22 eb7c46b578f14ea1801f62d541900e3d ae1cd72213a74fed8be2a0303817b922 - - default default] Successfully bumped revision number for resource 0ca99410-6455-4736-976c-a3bae40b7313 (type: security_groups) to 1
2026-07-15 22:58:03.957 9 INFO neutron.db.ovn_revision_numbers_db [None req-6a50ca82-79bf-4600-9352-b26ef8838b22 eb7c46b578f14ea1801f62d541900e3d ae1cd72213a74fed8be2a0303817b922 - - default default] Successfully bumped revision number for resource 35669fdc-f003-4055-92f0-b76499106fcf (type: security_group_rules) to 0
2026-07-15 22:58:03.976 9 INFO neutron.db.ovn_revision_numbers_db [None req-6a50ca82-79bf-4600-9352-b26ef8838b22 eb7c46b578f14ea1801f62d541900e3d ae1cd72213a74fed8be2a0303817b922 - - default default] Successfully bumped revision number for resource 64da39aa-d58f-4b40-b04e-13c02a35fb27 (type: security_group_rules) to 0
2026-07-15 22:58:04.012 9 INFO neutron.wsgi [None req-6a50ca82-79bf-4600-9352-b26ef8838b22 eb7c46b578f14ea1801f62d541900e3d ae1cd72213a74fed8be2a0303817b922 - - default default] 10.0.0.216 "POST /v2.0/security-groups HTTP/1.1" status: 201 len: 1737 time: 0.2189147
2026-07-15 22:58:04.016 10 INFO neutron.wsgi [req-fae73a1a-e2fa-4b43-8921-60809de94873 req-5875b972-fcf1-4c77-a0d8-d51abd25ff4c b2133b7b60684f678edb3964e0c734db 293f4d62faca4c0abfb8ee473b019187 - - default default] 10.0.0.199 "GET /v2.0/ports?device_id=09beeafb-3088-4a5f-ad15-cbc66b520011 HTTP/1.1" status: 200 len: 1170 time: 0.0521700
2026-07-15 22:58:04.047 9 INFO neutron.wsgi [None req-06a599f2-b4b4-4d67-aa15-7bc8f51d81a4 40cf46c652a448afa20aa63d0e94c3bd 8c011e29e6a047de91e308f7b8b346ad - - default default] 10.0.0.216 "POST /v2.0/qos/policies HTTP/1.1" status: 201 len: 558 time: 0.2364230
2026-07-15 22:58:04.101 10 INFO neutron.wsgi [req-fae73a1a-e2fa-4b43-8921-60809de94873 req-3b8b1b97-9f37-4565-b5e2-91567f38321f b2133b7b60684f678edb3964e0c734db 293f4d62faca4c0abfb8ee473b019187 - - default default] 10.0.0.199 "GET /v2.0/security-groups?id=7724859e-c359-43d5-ada6-24998b5e0199&fields=id&fields=name HTTP/1.1" status: 200 len: 312 time: 0.0742047
2026-07-15 22:58:04.130 10 INFO neutron.wsgi [None req-269a07b8-8e95-4a21-9286-6e786ee65e0a 40cf46c652a448afa20aa63d0e94c3bd 8c011e29e6a047de91e308f7b8b346ad - - default default] 10.0.0.216 "PUT /v2.0/policies/24a37b0e-29d9-40ac-ac58-c6bf48f2f212/tags HTTP/1.1" status: 200 len: 218 time: 0.0767853
2026-07-15 22:58:04.156 10 INFO neutron.wsgi [None req-96455087-32d9-4773-ad0d-ec9e222e1030 40cf46c652a448afa20aa63d0e94c3bd 8c011e29e6a047de91e308f7b8b346ad - - default default] 10.0.0.216 "GET /v2.0/policies/24a37b0e-29d9-40ac-ac58-c6bf48f2f212/tags HTTP/1.1" status: 200 len: 218 time: 0.0202560
2026-07-15 22:58:04.165 9 INFO neutron.db.ovn_revision_numbers_db [None req-e7ebe459-3b24-49f7-be39-5db780f8a0db eb7c46b578f14ea1801f62d541900e3d ae1cd72213a74fed8be2a0303817b922 - - default default] Successfully bumped revision number for resource 10ab1eab-c98b-439e-9b26-3944389c819c (type: security_groups) to 1
2026-07-15 22:58:04.174 9 INFO neutron.wsgi [None req-a9b2a7b8-f130-4283-803b-d3f83fab17c1 e9f988f0bfeb43c3aa5d70885a4706a2 93e77344d2364f78bbe2033fbf36c588 - - default default] 10.0.0.216 "GET /v2.0/ports?device_id=09beeafb-3088-4a5f-ad15-cbc66b520011 HTTP/1.1" status: 200 len: 1404 time: 0.0469837
2026-07-15 22:58:04.183 9 INFO neutron.db.ovn_revision_numbers_db [None req-e7ebe459-3b24-49f7-be39-5db780f8a0db eb7c46b578f14ea1801f62d541900e3d ae1cd72213a74fed8be2a0303817b922 - - default default] Successfully bumped revision number for resource 2cf991f0-82d3-47e7-bfd2-6336a5a584f5 (type: security_group_rules) to 0
2026-07-15 22:58:04.196 10 INFO neutron.wsgi [None req-ca5187b6-2e8d-47a0-9d50-ad2588d5f378 6338cd7dd2934d37b3bcd77465d8ed2a 79a6e8b9a8a64e1d885c17a746c51634 - - default default] 10.0.0.216 "DELETE /v2.0/routers/58f751ef-205c-411f-895f-e2b86c741f46 HTTP/1.1" status: 204 len: 168 time: 0.4659398
2026-07-15 22:58:04.199 9 INFO neutron.db.ovn_revision_numbers_db [None req-e7ebe459-3b24-49f7-be39-5db780f8a0db eb7c46b578f14ea1801f62d541900e3d ae1cd72213a74fed8be2a0303817b922 - - default default] Successfully bumped revision number for resource d12982ba-33ad-43ab-9d2a-de1df4c9f1a5 (type: security_group_rules) to 0
2026-07-15 22:58:04.210 10 INFO neutron.wsgi [None req-fcd7a813-d025-49c2-a63c-16aaf99d7713 40cf46c652a448afa20aa63d0e94c3bd 8c011e29e6a047de91e308f7b8b346ad - - default default] 10.0.0.216 "PUT /v2.0/policies/24a37b0e-29d9-40ac-ac58-c6bf48f2f212/tags/green HTTP/1.1" status: 201 len: 201 time: 0.0472591
2026-07-15 22:58:04.233 9 INFO neutron.wsgi [None req-e7ebe459-3b24-49f7-be39-5db780f8a0db eb7c46b578f14ea1801f62d541900e3d ae1cd72213a74fed8be2a0303817b922 - - default default] 10.0.0.216 "POST /v2.0/security-groups HTTP/1.1" status: 201 len: 1737 time: 0.2154632
2026-07-15 22:58:04.239 10 INFO neutron.wsgi [None req-cebb408e-1aa6-4c08-b2b0-143dbb7acde3 40cf46c652a448afa20aa63d0e94c3bd 8c011e29e6a047de91e308f7b8b346ad - - default default] 10.0.0.216 "GET /v2.0/policies/24a37b0e-29d9-40ac-ac58-c6bf48f2f212/tags HTTP/1.1" status: 200 len: 227 time: 0.0214128
2026-07-15 22:58:04.266 10 INFO neutron.wsgi [None req-ae1e8a0d-4e0d-454c-9858-2cd08be3201a 40cf46c652a448afa20aa63d0e94c3bd 8c011e29e6a047de91e308f7b8b346ad - - default default] 10.0.0.216 "PUT /v2.0/policies/24a37b0e-29d9-40ac-ac58-c6bf48f2f212/tags/red HTTP/1.1" status: 201 len: 201 time: 0.0164444
2026-07-15 22:58:04.281 9 INFO neutron.wsgi [None req-2aedb4ad-ae3a-4f57-bdc1-2ad150933543 eb7c46b578f14ea1801f62d541900e3d ae1cd72213a74fed8be2a0303817b922 - - default default] 10.0.0.216 "PUT /v2.0/security-groups/419f3052-8977-43bd-8a43-4a46396f9c79/tags HTTP/1.1" status: 200 len: 210 time: 0.0411475
2026-07-15 22:58:04.297 10 INFO neutron.wsgi [None req-192f8dd7-9a56-48f1-bfcf-c61620104204 40cf46c652a448afa20aa63d0e94c3bd 8c011e29e6a047de91e308f7b8b346ad - - default default] 10.0.0.216 "GET /v2.0/policies/24a37b0e-29d9-40ac-ac58-c6bf48f2f212/tags HTTP/1.1" status: 200 len: 227 time: 0.0227697
2026-07-15 22:58:04.319 9 INFO neutron.wsgi [None req-3f8f1f5c-2d63-4c7a-844e-5e17660f52ff eb7c46b578f14ea1801f62d541900e3d ae1cd72213a74fed8be2a0303817b922 - - default default] 10.0.0.216 "PUT /v2.0/security-groups/be7de90c-a2d2-49df-8941-bac1199c01a5/tags HTTP/1.1" status: 200 len: 218 time: 0.0332007
2026-07-15 22:58:04.354 10 INFO neutron.wsgi [None req-0fc0affc-fbaa-48ac-95be-0d1da6a0520f 40cf46c652a448afa20aa63d0e94c3bd 8c011e29e6a047de91e308f7b8b346ad - - default default] 10.0.0.216 "PUT /v2.0/policies/24a37b0e-29d9-40ac-ac58-c6bf48f2f212/tags/black.or.white HTTP/1.1" status: 201 len: 201 time: 0.0522051
2026-07-15 22:58:04.366 9 INFO neutron.wsgi [None req-58810a16-fc9c-41d2-aaac-7a1c4c2d5d47 eb7c46b578f14ea1801f62d541900e3d ae1cd72213a74fed8be2a0303817b922 - - default default] 10.0.0.216 "PUT /v2.0/security-groups/5292ccfc-d85e-4be4-84c3-fe9be94ddc0a/tags HTTP/1.1" status: 200 len: 227 time: 0.0393605
2026-07-15 22:58:04.377 10 INFO neutron.wsgi [None req-2c8dea0f-bb8d-454a-823c-e04e963350e5 40cf46c652a448afa20aa63d0e94c3bd 8c011e29e6a047de91e308f7b8b346ad - - default default] 10.0.0.216 "GET /v2.0/policies/24a37b0e-29d9-40ac-ac58-c6bf48f2f212/tags HTTP/1.1" status: 200 len: 245 time: 0.0183709
2026-07-15 22:58:04.419 9 INFO neutron.wsgi [None req-da9aca48-deea-4444-9dac-51b9698135dc eb7c46b578f14ea1801f62d541900e3d ae1cd72213a74fed8be2a0303817b922 - - default default] 10.0.0.216 "PUT /v2.0/security-groups/0ca99410-6455-4736-976c-a3bae40b7313/tags HTTP/1.1" status: 200 len: 212 time: 0.0474761
2026-07-15 22:58:04.427 9 INFO neutron.wsgi [None req-7d4928f1-62a8-4355-bf21-797f9bf5e811 40cf46c652a448afa20aa63d0e94c3bd 8c011e29e6a047de91e308f7b8b346ad - - default default] 10.0.0.216 "PUT /v2.0/policies/24a37b0e-29d9-40ac-ac58-c6bf48f2f212/tags HTTP/1.1" status: 200 len: 230 time: 0.0446661
2026-07-15 22:58:04.435 9 INFO neutron.wsgi [None req-e8ef87d4-86a6-429e-bffb-ffeff100b44d 6338cd7dd2934d37b3bcd77465d8ed2a 79a6e8b9a8a64e1d885c17a746c51634 - - default default] 10.0.0.216 "DELETE /v2.0/subnets/db53a6d8-b3ab-47c1-8be1-22a3c11a01c2 HTTP/1.1" status: 204 len: 168 time: 0.2308762
2026-07-15 22:58:04.442 9 INFO neutron.notifiers.nova [-] Nova event matching ['req-c65ff1fa-c035-4366-9800-59ba22f11b52'] response: {'server_uuid': '09beeafb-3088-4a5f-ad15-cbc66b520011', 'name': 'network-vif-plugged', 'status': 'completed', 'tag': 'b6bf009d-e8ba-4dd8-a3b8-2c471025cf32', 'code': 200}
2026-07-15 22:58:04.448 9 INFO neutron.wsgi [None req-a07f328b-2c3c-46ff-8e74-79cbbac70434 40cf46c652a448afa20aa63d0e94c3bd 8c011e29e6a047de91e308f7b8b346ad - - default default] 10.0.0.216 "GET /v2.0/policies/24a37b0e-29d9-40ac-ac58-c6bf48f2f212/tags HTTP/1.1" status: 200 len: 230 time: 0.0097771
2026-07-15 22:58:04.462 9 INFO neutron.wsgi [None req-05233e29-bb72-476b-bc82-abc7fc0a8f2c 40cf46c652a448afa20aa63d0e94c3bd 8c011e29e6a047de91e308f7b8b346ad - - default default] 10.0.0.216 "GET /v2.0/policies/24a37b0e-29d9-40ac-ac58-c6bf48f2f212/tags/red HTTP/1.1" status: 204 len: 168 time: 0.0098724
2026-07-15 22:58:04.476 9 INFO neutron.api.v2.resource [None req-2c0cca32-eeaa-4690-a6e6-9ad38da09562 40cf46c652a448afa20aa63d0e94c3bd 8c011e29e6a047de91e308f7b8b346ad - - default default] show failed (client error): The resource could not be found.
2026-07-15 22:58:04.477 9 INFO neutron.wsgi [None req-2c0cca32-eeaa-4690-a6e6-9ad38da09562 40cf46c652a448afa20aa63d0e94c3bd 8c011e29e6a047de91e308f7b8b346ad - - default default] 10.0.0.216 "GET /v2.0/policies/24a37b0e-29d9-40ac-ac58-c6bf48f2f212/tags/green HTTP/1.1" status: 404 len: 299 time: 0.0107651
2026-07-15 22:58:04.503 9 INFO neutron.wsgi [None req-64d055c2-1cbc-48dc-b8f6-659e74374c43 40cf46c652a448afa20aa63d0e94c3bd 8c011e29e6a047de91e308f7b8b346ad - - default default] 10.0.0.216 "DELETE /v2.0/policies/24a37b0e-29d9-40ac-ac58-c6bf48f2f212/tags/red HTTP/1.1" status: 204 len: 168 time: 0.0226798
2026-07-15 22:58:04.511 10 INFO neutron.wsgi [None req-42b8069d-a241-4040-9884-f498a9e133c6 eb7c46b578f14ea1801f62d541900e3d ae1cd72213a74fed8be2a0303817b922 - - default default] 10.0.0.216 "GET /v2.0/security-groups?tags=red HTTP/1.1" status: 200 len: 4813 time: 0.0870807
2026-07-15 22:58:04.529 9 INFO neutron.wsgi [None req-70a9376b-e84b-405e-8ac1-8132cc88de57 40cf46c652a448afa20aa63d0e94c3bd 8c011e29e6a047de91e308f7b8b346ad - - default default] 10.0.0.216 "GET /v2.0/policies/24a37b0e-29d9-40ac-ac58-c6bf48f2f212/tags HTTP/1.1" status: 200 len: 223 time: 0.0196588
2026-07-15 22:58:04.553 9 INFO neutron.api.v2.resource [None req-b1ec4054-7bdf-4822-89cf-6457c129a81e 40cf46c652a448afa20aa63d0e94c3bd 8c011e29e6a047de91e308f7b8b346ad - - default default] delete failed (client error): The resource could not be found.
2026-07-15 22:58:04.554 9 INFO neutron.wsgi [None req-b1ec4054-7bdf-4822-89cf-6457c129a81e 40cf46c652a448afa20aa63d0e94c3bd 8c011e29e6a047de91e308f7b8b346ad - - default default] 10.0.0.216 "DELETE /v2.0/policies/24a37b0e-29d9-40ac-ac58-c6bf48f2f212/tags/green HTTP/1.1" status: 404 len: 299 time: 0.0204666
2026-07-15 22:58:04.561 9 INFO neutron.wsgi [None req-cc174904-c522-465f-ad6d-6987f81939b9 eb7c46b578f14ea1801f62d541900e3d ae1cd72213a74fed8be2a0303817b922 - - default default] 10.0.0.216 "GET /v2.0/security-groups?tags=red%2Cblue HTTP/1.1" status: 200 len: 3289 time: 0.0470214
2026-07-15 22:58:04.570 10 WARNING neutron.scheduler.dhcp_agent_scheduler [None req-34eee35b-73a7-42b7-a962-7aa543d33709 b2133b7b60684f678edb3964e0c734db 293f4d62faca4c0abfb8ee473b019187 - - default default] No more DHCP agents
2026-07-15 22:58:04.575 10 WARNING neutron.api.rpc.agentnotifiers.dhcp_rpc_agent_api [None req-34eee35b-73a7-42b7-a962-7aa543d33709 b2133b7b60684f678edb3964e0c734db 293f4d62faca4c0abfb8ee473b019187 - - default default] Unable to schedule network 01918310-5a49-4c66-9985-8f31d597a661: no agents available; will retry on subsequent port and subnet creation events.
2026-07-15 22:58:04.605 9 INFO neutron.wsgi [None req-0008391c-3de3-4c6a-b652-b6e5d4943d68 eb7c46b578f14ea1801f62d541900e3d ae1cd72213a74fed8be2a0303817b922 - - default default] 10.0.0.216 "GET /v2.0/security-groups?tags-any=blue HTTP/1.1" status: 200 len: 3289 time: 0.0381660
2026-07-15 22:58:04.621 10 INFO neutron.wsgi [None req-9e3560d6-7a9b-444c-bbda-c9c6bb0c8f80 40cf46c652a448afa20aa63d0e94c3bd 8c011e29e6a047de91e308f7b8b346ad - - default default] 10.0.0.216 "DELETE /v2.0/policies/24a37b0e-29d9-40ac-ac58-c6bf48f2f212/tags HTTP/1.1" status: 204 len: 168 time: 0.0578651
2026-07-15 22:58:04.641 9 INFO neutron.wsgi [None req-8bf82400-78ea-4eb0-be50-c05615dba5b2 40cf46c652a448afa20aa63d0e94c3bd 8c011e29e6a047de91e308f7b8b346ad - - default default] 10.0.0.216 "GET /v2.0/policies/24a37b0e-29d9-40ac-ac58-c6bf48f2f212/tags HTTP/1.1" status: 200 len: 205 time: 0.0146008
2026-07-15 22:58:04.661 9 INFO neutron.wsgi [None req-7ea039c3-1c45-4d64-a677-acd7e50c4f58 eb7c46b578f14ea1801f62d541900e3d ae1cd72213a74fed8be2a0303817b922 - - default default] 10.0.0.216 "GET /v2.0/security-groups?tags-any=red%2Cblue HTTP/1.1" status: 200 len: 4813 time: 0.0503831
2026-07-15 22:58:04.709 9 INFO neutron.wsgi [None req-d3a63409-3a22-4e0b-b053-bea5f754a54c eb7c46b578f14ea1801f62d541900e3d ae1cd72213a74fed8be2a0303817b922 - - default default] 10.0.0.216 "GET /v2.0/security-groups?not-tags=red HTTP/1.1" status: 200 len: 6041 time: 0.0432529
2026-07-15 22:58:04.736 9 INFO neutron.wsgi [None req-d63b5103-e241-44e6-a481-ccffe1a9496b 40cf46c652a448afa20aa63d0e94c3bd 8c011e29e6a047de91e308f7b8b346ad - - default default] 10.0.0.216 "DELETE /v2.0/qos/policies/24a37b0e-29d9-40ac-ac58-c6bf48f2f212 HTTP/1.1" status: 204 len: 168 time: 0.0856159
2026-07-15 22:58:04.847 10 INFO neutron.wsgi [None req-5e06a8dc-183c-482e-95d3-58ae43f3d35d eb7c46b578f14ea1801f62d541900e3d ae1cd72213a74fed8be2a0303817b922 - - default default] 10.0.0.216 "GET /v2.0/security-groups?not-tags=red%2Cblue HTTP/1.1" status: 200 len: 7565 time: 0.1305985
2026-07-15 22:58:04.906 9 INFO neutron.wsgi [None req-03d24fd5-0e78-4d95-b40a-e0c1c8f03c99 eb7c46b578f14ea1801f62d541900e3d ae1cd72213a74fed8be2a0303817b922 - - default default] 10.0.0.216 "GET /v2.0/security-groups?not-tags-any=blue HTTP/1.1" status: 200 len: 7565 time: 0.0531011
2026-07-15 22:58:04.949 9 INFO neutron.wsgi [None req-5d7b2c66-71f8-4d14-a9a6-acdd327b400e eb7c46b578f14ea1801f62d541900e3d ae1cd72213a74fed8be2a0303817b922 - - default default] 10.0.0.216 "GET /v2.0/security-groups?not-tags-any=red%2Cblue HTTP/1.1" status: 200 len: 6041 time: 0.0384481
2026-07-15 22:58:04.988 10 INFO neutron.services.segments.plugin [-] Segment 48b8cf12-5edd-43e0-b89f-7b7566a2aa7c resource provider aggregate not found
2026-07-15 22:58:04.992 10 INFO neutron.services.segments.plugin [-] Segment 48b8cf12-5edd-43e0-b89f-7b7566a2aa7c resource provider aggregate not found
2026-07-15 22:58:05.010 10 INFO neutron.services.segments.plugin [-] Segment 48b8cf12-5edd-43e0-b89f-7b7566a2aa7c resource provider not found; error: Placement Client Error (4xx): {"errors": [{"status": 404, "title": "Not Found", "detail": "The resource could not be found.\n\n No resource provider with uuid 48b8cf12-5edd-43e0-b89f-7b7566a2aa7c found for delete ", "request_id": "req-ee10adea-0b45-4f44-ac92-3189089207d8"}]}
2026-07-15 22:58:05.014 10 INFO neutron.services.segments.plugin [-] Segment 48b8cf12-5edd-43e0-b89f-7b7566a2aa7c resource provider not found; error: Placement Client Error (4xx): {"errors": [{"status": 404, "title": "Not Found", "detail": "The resource could not be found.\n\n No resource provider with uuid 48b8cf12-5edd-43e0-b89f-7b7566a2aa7c found for delete ", "request_id": "req-02abbf0a-446e-4af6-bd6a-3e3e562c7950"}]}
2026-07-15 22:58:05.046 10 INFO neutron.wsgi [None req-b69c666f-5ca8-4eea-adbf-7ea66963ea99 6338cd7dd2934d37b3bcd77465d8ed2a 79a6e8b9a8a64e1d885c17a746c51634 - - default default] 10.0.0.216 "DELETE /v2.0/networks/2711f0eb-a690-4670-82ac-b36f9b4220cf HTTP/1.1" status: 204 len: 168 time: 0.6034577
2026-07-15 22:58:05.076 9 INFO neutron.wsgi [None req-85bf8f7f-13ef-4873-b87c-b38178301c53 eb7c46b578f14ea1801f62d541900e3d ae1cd72213a74fed8be2a0303817b922 - - default default] 10.0.0.216 "DELETE /v2.0/security-groups/419f3052-8977-43bd-8a43-4a46396f9c79 HTTP/1.1" status: 204 len: 168 time: 0.1202469
2026-07-15 22:58:05.135 10 INFO neutron.db.l3_db [None req-34eee35b-73a7-42b7-a962-7aa543d33709 b2133b7b60684f678edb3964e0c734db 293f4d62faca4c0abfb8ee473b019187 - - default default] Floating IP 8d057d3a-65d3-4d28-8a4d-4dc64d3c1083 associated. External IP: 10.96.250.211, port: b6bf009d-e8ba-4dd8-a3b8-2c471025cf32.
