2026-07-15 22:57:03.337 10 INFO neutron.wsgi [None req-2827287d-8fd0-4d9c-945b-da8ba4e54b76 15347a2cd9fb413892463cba0acf75e4 3b11b5342cb9458b8a6fe990fe268e21 - - default default] 10.0.0.216 "DELETE /v2.0/routers/c273904b-c60b-410d-9556-0d8a5284abc0 HTTP/1.1" status: 204 len: 168 time: 0.8021364
2026-07-15 22:57:03.348 9 INFO neutron.wsgi [None req-ec26112d-0e60-451a-89bd-25758bb8b465 8b8b6741d84c435a9db3f640b66bc138 ce47a77e07924bd884ac3d7141194ede - - default default] 10.0.0.216 "GET /v2.0/routers/d3c02488-9871-48d7-b23a-7816ccf4adf3 HTTP/1.1" status: 200 len: 876 time: 0.0836525
2026-07-15 22:57:03.360 9 INFO neutron.db.ovn_revision_numbers_db [None req-e0cb9144-4bdc-43b6-8d86-a3c4084c1a2b 16ce32e29374417fafefd8bfe53f4ab3 ef6bc37ba04e4ebb847191d1f64c3590 - - default default] Successfully bumped revision number for resource 209876d0-f777-4c7b-81a9-b1863de419a9 (type: ports) to 2
2026-07-15 22:57:03.374 9 INFO neutron.wsgi [None req-b0b26ff3-076b-4216-a71e-317f7ebe38d0 8b8b6741d84c435a9db3f640b66bc138 ce47a77e07924bd884ac3d7141194ede - - default default] 10.0.0.216 "GET /v2.0/ports?device_id=d3c02488-9871-48d7-b23a-7816ccf4adf3 HTTP/1.1" status: 200 len: 205 time: 0.0201328
2026-07-15 22:57:03.436 9 INFO neutron.db.ovn_revision_numbers_db [None req-e0cb9144-4bdc-43b6-8d86-a3c4084c1a2b 16ce32e29374417fafefd8bfe53f4ab3 ef6bc37ba04e4ebb847191d1f64c3590 - - default default] Successfully bumped revision number for resource 7865c375-83a3-4a25-9d91-1bed30b36334 (type: subnets) to 1
2026-07-15 22:57:03.439 9 INFO neutron.wsgi [None req-e0cb9144-4bdc-43b6-8d86-a3c4084c1a2b 16ce32e29374417fafefd8bfe53f4ab3 ef6bc37ba04e4ebb847191d1f64c3590 - - default default] 10.0.0.216 "PUT /v2.0/subnets/7865c375-83a3-4a25-9d91-1bed30b36334 HTTP/1.1" status: 200 len: 826 time: 0.7957745
2026-07-15 22:57:03.557 10 INFO neutron.wsgi [None req-58e4f5a5-89f7-4b9f-b978-cdd93a7f94ab 15347a2cd9fb413892463cba0acf75e4 3b11b5342cb9458b8a6fe990fe268e21 - - default default] 10.0.0.216 "DELETE /v2.0/subnets/942cfe2b-211d-4a64-a7e7-85fda4b07a18 HTTP/1.1" status: 204 len: 168 time: 0.2091744
2026-07-15 22:57:03.909 10 INFO neutron.wsgi [None req-d9a1ee67-bf97-411d-a6a6-f1f5204635fb 15347a2cd9fb413892463cba0acf75e4 3b11b5342cb9458b8a6fe990fe268e21 - - default default] 10.0.0.216 "DELETE /v2.0/networks/a1c421e9-d419-4298-bcee-7c8bccdde121 HTTP/1.1" status: 204 len: 168 time: 0.3449919
2026-07-15 22:57:04.009 10 WARNING neutron.plugins.ml2.drivers.ovn.mech_driver.ovsdb.ovn_client [None req-cd3b2352-ef9d-4b0d-b87f-52edbcc52025 - - - - - -] No port found with ID 9f5657e7-d83f-45f1-aa6b-634e44443ef5: RuntimeError: No port found with ID 9f5657e7-d83f-45f1-aa6b-634e44443ef5
2026-07-15 22:57:04.009 10 INFO neutron.plugins.ml2.drivers.ovn.mech_driver.mech_driver [None req-cd3b2352-ef9d-4b0d-b87f-52edbcc52025 - - - - - -] OVN reports status down for port: 5b934fa9-3f7e-4d16-8d70-6626d813da3b
2026-07-15 22:57:04.017 10 INFO neutron.plugins.ml2.drivers.ovn.mech_driver.mech_driver [None req-cd3b2352-ef9d-4b0d-b87f-52edbcc52025 - - - - - -] OVN reports status up for port: 1644a514-b25f-4778-a48d-ce30f133baf6
2026-07-15 22:57:04.023 10 INFO neutron.plugins.ml2.plugin [None req-cd3b2352-ef9d-4b0d-b87f-52edbcc52025 - - - - - -] Attempt 1 to provision port 1644a514-b25f-4778-a48d-ce30f133baf6
2026-07-15 22:57:04.073 10 INFO neutron.wsgi [None req-e78567c5-ae29-4981-a5b9-bb5737adeb5e 15347a2cd9fb413892463cba0acf75e4 3b11b5342cb9458b8a6fe990fe268e21 - - default default] 10.0.0.216 "GET /v2.0/security-groups?tenant_id=3c1210abb263489db88581596d990275&name=default HTTP/1.1" status: 200 len: 2996 time: 0.0401952
2026-07-15 22:57:04.290 9 INFO neutron.services.segments.plugin [-] Segment 1a81dee1-b3db-4cb4-aea6-23a34dffffee resource provider aggregate not found
2026-07-15 22:57:04.292 10 INFO neutron.wsgi [None req-268f6c6f-2e7f-40d4-9e91-b4e06f3bee00 15347a2cd9fb413892463cba0acf75e4 3b11b5342cb9458b8a6fe990fe268e21 - - default default] 10.0.0.216 "DELETE /v2.0/security-groups/efae020b-4fcd-4f14-b649-d366c55613d9 HTTP/1.1" status: 204 len: 168 time: 0.2109928
2026-07-15 22:57:04.307 9 INFO neutron.services.segments.plugin [-] Segment 1a81dee1-b3db-4cb4-aea6-23a34dffffee resource provider aggregate not found
2026-07-15 22:57:04.316 9 INFO neutron.wsgi [None req-793caea9-47db-4d10-9c86-7267dfbb4f47 8b8b6741d84c435a9db3f640b66bc138 ce47a77e07924bd884ac3d7141194ede - - default default] 10.0.0.216 "DELETE /v2.0/routers/d3c02488-9871-48d7-b23a-7816ccf4adf3 HTTP/1.1" status: 204 len: 168 time: 0.9376326
2026-07-15 22:57:04.326 9 INFO neutron.services.segments.plugin [-] Segment 1a81dee1-b3db-4cb4-aea6-23a34dffffee resource provider not found; error: Placement Client Error (4xx): {"errors": [{"status": 404, "title": "Not Found", "detail": "The resource could not be found.\n\n No resource provider with uuid 1a81dee1-b3db-4cb4-aea6-23a34dffffee found for delete ", "request_id": "req-171c8f61-e444-472b-895c-d342722fc24e"}]}
2026-07-15 22:57:04.335 9 INFO neutron.services.segments.plugin [-] Segment 1a81dee1-b3db-4cb4-aea6-23a34dffffee resource provider not found; error: Placement Client Error (4xx): {"errors": [{"status": 404, "title": "Not Found", "detail": "The resource could not be found.\n\n No resource provider with uuid 1a81dee1-b3db-4cb4-aea6-23a34dffffee found for delete ", "request_id": "req-b60393e8-0841-4908-9150-cb2da232d492"}]}
2026-07-15 22:57:04.348 10 INFO neutron.wsgi [None req-94b4b0ea-ddd0-4a1f-9641-db33d0778877 8b8b6741d84c435a9db3f640b66bc138 ce47a77e07924bd884ac3d7141194ede - - default default] 10.0.0.216 "GET /v2.0/ports?device_id=d3c02488-9871-48d7-b23a-7816ccf4adf3 HTTP/1.1" status: 200 len: 205 time: 0.0264788
2026-07-15 22:57:04.350 9 INFO neutron.wsgi [None req-d6343b23-4d94-4f73-b307-7762703a6054 16ce32e29374417fafefd8bfe53f4ab3 ef6bc37ba04e4ebb847191d1f64c3590 - - default default] 10.0.0.216 "DELETE /v2.0/networks/0280614b-1d95-4c15-91ad-29906570eac1 HTTP/1.1" status: 204 len: 168 time: 0.9024355
2026-07-15 22:57:04.369 10 INFO neutron.pecan_wsgi.hooks.translation [None req-60a34f89-a729-429c-98ca-f03f4debc742 16ce32e29374417fafefd8bfe53f4ab3 ef6bc37ba04e4ebb847191d1f64c3590 - - default default] DELETE failed (client error): The resource could not be found.
2026-07-15 22:57:04.371 10 INFO neutron.wsgi [None req-60a34f89-a729-429c-98ca-f03f4debc742 16ce32e29374417fafefd8bfe53f4ab3 ef6bc37ba04e4ebb847191d1f64c3590 - - default default] 10.0.0.216 "DELETE /v2.0/networks/0280614b-1d95-4c15-91ad-29906570eac1 HTTP/1.1" status: 404 len: 339 time: 0.0157769
2026-07-15 22:57:04.378 9 INFO neutron.api.v2.resource [None req-7eb6f13a-5648-4aa0-ab76-d6f87d99b102 8b8b6741d84c435a9db3f640b66bc138 ce47a77e07924bd884ac3d7141194ede - - default default] delete failed (client error): The resource could not be found.
2026-07-15 22:57:04.379 9 INFO neutron.wsgi [None req-7eb6f13a-5648-4aa0-ab76-d6f87d99b102 8b8b6741d84c435a9db3f640b66bc138 ce47a77e07924bd884ac3d7141194ede - - default default] 10.0.0.216 "DELETE /v2.0/routers/d3c02488-9871-48d7-b23a-7816ccf4adf3 HTTP/1.1" status: 404 len: 336 time: 0.0256915
2026-07-15 22:57:04.401 9 INFO neutron.wsgi [None req-ec8b4647-c88c-4961-bc42-ef60a7fdd2b7 8b8b6741d84c435a9db3f640b66bc138 ce47a77e07924bd884ac3d7141194ede - - default default] 10.0.0.216 "GET /v2.0/ports?device_id=9aedabb8-f951-4c56-9e2b-d5a978b62841 HTTP/1.1" status: 200 len: 205 time: 0.0176008
2026-07-15 22:57:04.423 9 INFO neutron.api.v2.resource [None req-285cc191-7373-4696-8fd6-2a9b13fb7d12 8b8b6741d84c435a9db3f640b66bc138 ce47a77e07924bd884ac3d7141194ede - - default default] delete failed (client error): The resource could not be found.
2026-07-15 22:57:04.424 9 INFO neutron.wsgi [None req-285cc191-7373-4696-8fd6-2a9b13fb7d12 8b8b6741d84c435a9db3f640b66bc138 ce47a77e07924bd884ac3d7141194ede - - default default] 10.0.0.216 "DELETE /v2.0/routers/9aedabb8-f951-4c56-9e2b-d5a978b62841 HTTP/1.1" status: 404 len: 336 time: 0.0189381
2026-07-15 22:57:04.444 9 INFO neutron.pecan_wsgi.hooks.translation [None req-b4df1a79-b541-4092-91a2-f6871f9f5268 8b8b6741d84c435a9db3f640b66bc138 ce47a77e07924bd884ac3d7141194ede - - default default] DELETE failed (client error): The resource could not be found.
2026-07-15 22:57:04.447 9 INFO neutron.wsgi [None req-b4df1a79-b541-4092-91a2-f6871f9f5268 8b8b6741d84c435a9db3f640b66bc138 ce47a77e07924bd884ac3d7141194ede - - default default] 10.0.0.216 "DELETE /v2.0/subnets/18cd6490-1dee-4672-879d-90945b94f7b1 HTTP/1.1" status: 404 len: 337 time: 0.0167782
2026-07-15 22:57:04.447 10 INFO neutron.wsgi [None req-12af1cb1-2303-4a3d-97da-f9ffaaa54a9d 16ce32e29374417fafefd8bfe53f4ab3 ef6bc37ba04e4ebb847191d1f64c3590 - - default default] 10.0.0.216 "GET /v2.0/networks?router%3Aexternal=True HTTP/1.1" status: 200 len: 845 time: 0.0695796
2026-07-15 22:57:04.475 10 INFO neutron.wsgi [None req-a9f466d4-b4e6-422d-bbc5-af361b5bd8d6 8b8b6741d84c435a9db3f640b66bc138 ce47a77e07924bd884ac3d7141194ede - - default default] 10.0.0.216 "GET /v2.0/ports?device_id=2eccdc02-f43e-40c2-8ddc-5d35c06534c5 HTTP/1.1" status: 200 len: 205 time: 0.0227921
2026-07-15 22:57:04.492 9 INFO neutron.wsgi [None req-289cf2d2-e0d8-433a-9746-3c477ce2001a 16ce32e29374417fafefd8bfe53f4ab3 ef6bc37ba04e4ebb847191d1f64c3590 - - default default] 10.0.0.216 "GET /v2.0/subnets?network_id=01918310-5a49-4c66-9985-8f31d597a661 HTTP/1.1" status: 200 len: 820 time: 0.0409033
2026-07-15 22:57:04.501 10 INFO neutron.api.v2.resource [None req-3d523050-ee18-49d5-aa2d-26fba05de417 8b8b6741d84c435a9db3f640b66bc138 ce47a77e07924bd884ac3d7141194ede - - default default] delete failed (client error): The resource could not be found.
2026-07-15 22:57:04.502 10 INFO neutron.wsgi [None req-3d523050-ee18-49d5-aa2d-26fba05de417 8b8b6741d84c435a9db3f640b66bc138 ce47a77e07924bd884ac3d7141194ede - - default default] 10.0.0.216 "DELETE /v2.0/routers/2eccdc02-f43e-40c2-8ddc-5d35c06534c5 HTTP/1.1" status: 404 len: 336 time: 0.0211713
2026-07-15 22:57:04.502 9 INFO neutron.wsgi [None req-6226106b-53ce-4a80-aac1-d373718a6b24 16ce32e29374417fafefd8bfe53f4ab3 ef6bc37ba04e4ebb847191d1f64c3590 - - default default] 10.0.0.216 "GET /v2.0/extensions HTTP/1.1" status: 200 len: 16520 time: 0.0055292
2026-07-15 22:57:04.527 10 INFO neutron.pecan_wsgi.hooks.translation [None req-3d9064c4-e72a-4e32-9758-b0a025959e41 8b8b6741d84c435a9db3f640b66bc138 ce47a77e07924bd884ac3d7141194ede - - default default] DELETE failed (client error): The resource could not be found.
2026-07-15 22:57:04.530 10 INFO neutron.wsgi [None req-3d9064c4-e72a-4e32-9758-b0a025959e41 8b8b6741d84c435a9db3f640b66bc138 ce47a77e07924bd884ac3d7141194ede - - default default] 10.0.0.216 "DELETE /v2.0/subnets/9d2d2448-507e-400c-ae0d-960ee10d7918 HTTP/1.1" status: 404 len: 337 time: 0.0233107
2026-07-15 22:57:04.556 10 INFO neutron.wsgi [None req-2e6daa9a-775f-43bd-8219-5d8e468e52d3 8b8b6741d84c435a9db3f640b66bc138 ce47a77e07924bd884ac3d7141194ede - - default default] 10.0.0.216 "GET /v2.0/ports?device_id=02442450-dead-491d-b223-deabbd2200dc HTTP/1.1" status: 200 len: 205 time: 0.0208733
2026-07-15 22:57:04.588 10 INFO neutron.api.v2.resource [None req-a29832c6-5472-416e-8302-06294741f74e 8b8b6741d84c435a9db3f640b66bc138 ce47a77e07924bd884ac3d7141194ede - - default default] delete failed (client error): The resource could not be found.
2026-07-15 22:57:04.589 10 INFO neutron.wsgi [None req-a29832c6-5472-416e-8302-06294741f74e 8b8b6741d84c435a9db3f640b66bc138 ce47a77e07924bd884ac3d7141194ede - - default default] 10.0.0.216 "DELETE /v2.0/routers/02442450-dead-491d-b223-deabbd2200dc HTTP/1.1" status: 404 len: 336 time: 0.0285807
2026-07-15 22:57:04.591 9 INFO neutron.wsgi [None req-d642dcfc-ce6e-4e74-9c25-4b7498cf95e4 16ce32e29374417fafefd8bfe53f4ab3 ef6bc37ba04e4ebb847191d1f64c3590 - - default default] 10.0.0.216 "GET /v2.0/networks HTTP/1.1" status: 200 len: 1508 time: 0.0816936
2026-07-15 22:57:04.608 10 INFO neutron.pecan_wsgi.hooks.translation [None req-1a468c5b-3228-4a38-868f-67ef17f380bc 8b8b6741d84c435a9db3f640b66bc138 ce47a77e07924bd884ac3d7141194ede - - default default] DELETE failed (client error): The resource could not be found.
2026-07-15 22:57:04.610 10 INFO neutron.wsgi [None req-1a468c5b-3228-4a38-868f-67ef17f380bc 8b8b6741d84c435a9db3f640b66bc138 ce47a77e07924bd884ac3d7141194ede - - default default] 10.0.0.216 "DELETE /v2.0/subnets/516f6167-c603-455a-94cd-054e2f09f04d HTTP/1.1" status: 404 len: 337 time: 0.0157454
2026-07-15 22:57:04.627 10 INFO neutron.pecan_wsgi.hooks.translation [None req-1861c74d-fad9-4a89-801e-191c4d5f38f6 8b8b6741d84c435a9db3f640b66bc138 ce47a77e07924bd884ac3d7141194ede - - default default] DELETE failed (client error): The resource could not be found.
2026-07-15 22:57:04.629 10 INFO neutron.wsgi [None req-1861c74d-fad9-4a89-801e-191c4d5f38f6 8b8b6741d84c435a9db3f640b66bc138 ce47a77e07924bd884ac3d7141194ede - - default default] 10.0.0.216 "DELETE /v2.0/subnets/09d8340d-9554-476b-91bd-494f9b0ed50c HTTP/1.1" status: 404 len: 337 time: 0.0152087
2026-07-15 22:57:04.644 9 INFO neutron.wsgi [None req-7442a884-b626-47c2-b533-97b63f0e2ef6 16ce32e29374417fafefd8bfe53f4ab3 ef6bc37ba04e4ebb847191d1f64c3590 - - default default] 10.0.0.216 "GET /v2.0/subnets HTTP/1.1" status: 200 len: 1460 time: 0.0476105
2026-07-15 22:57:04.717 10 INFO neutron.services.segments.plugin [-] Segment 61757133-01dd-4d2a-b12a-02460289f987 resource provider aggregate not found
2026-07-15 22:57:04.725 9 INFO neutron.wsgi [None req-80ca4b16-5b3d-48af-ac5b-3b5c925f2363 16ce32e29374417fafefd8bfe53f4ab3 ef6bc37ba04e4ebb847191d1f64c3590 - - default default] 10.0.0.216 "GET /v2.0/networks/e42e1cbf-6c06-4569-afd4-6b7871139f78 HTTP/1.1" status: 200 len: 867 time: 0.0744362
2026-07-15 22:57:04.725 10 INFO neutron.services.segments.plugin [-] Segment 61757133-01dd-4d2a-b12a-02460289f987 resource provider aggregate not found
2026-07-15 22:57:04.732 10 INFO neutron.services.segments.plugin [-] Segment 61757133-01dd-4d2a-b12a-02460289f987 resource provider not found; error: Placement Client Error (4xx): {"errors": [{"status": 404, "title": "Not Found", "detail": "The resource could not be found.\n\n No resource provider with uuid 61757133-01dd-4d2a-b12a-02460289f987 found for delete ", "request_id": "req-40808834-26c7-4f16-86fc-f8f4b2b8ed7c"}]}
2026-07-15 22:57:04.740 10 INFO neutron.services.segments.plugin [-] Segment 61757133-01dd-4d2a-b12a-02460289f987 resource provider not found; error: Placement Client Error (4xx): {"errors": [{"status": 404, "title": "Not Found", "detail": "The resource could not be found.\n\n No resource provider with uuid 61757133-01dd-4d2a-b12a-02460289f987 found for delete ", "request_id": "req-e81be292-da52-4aa9-bfda-019d0c800438"}]}
2026-07-15 22:57:04.755 9 INFO neutron.db.ovn_revision_numbers_db [None req-34024bda-5d06-4b34-b8ae-8fd38431a04e 6d153c8ee7974788a33aec5b4839655b f567781d9f354cf7b0b634e15156fd70 - - default default] Successfully bumped revision number for resource cd0ef3e9-6f7e-475b-85b4-097c4a815941 (type: security_groups) to 1
2026-07-15 22:57:04.775 9 INFO neutron.wsgi [None req-b49d345d-e3f9-4d04-aad7-bcdd61a1d722 16ce32e29374417fafefd8bfe53f4ab3 ef6bc37ba04e4ebb847191d1f64c3590 - - default default] 10.0.0.216 "GET /v2.0/subnets/fd349b7a-5206-48ec-931f-3c4d2e3f7863 HTTP/1.1" status: 200 len: 843 time: 0.0435407
2026-07-15 22:57:04.776 9 INFO neutron.db.ovn_revision_numbers_db [None req-34024bda-5d06-4b34-b8ae-8fd38431a04e 6d153c8ee7974788a33aec5b4839655b f567781d9f354cf7b0b634e15156fd70 - - default default] Successfully bumped revision number for resource 594cdb9d-805f-4a21-b28b-1a5cf63be526 (type: security_group_rules) to 0
2026-07-15 22:57:04.796 9 INFO neutron.db.ovn_revision_numbers_db [None req-34024bda-5d06-4b34-b8ae-8fd38431a04e 6d153c8ee7974788a33aec5b4839655b f567781d9f354cf7b0b634e15156fd70 - - default default] Successfully bumped revision number for resource 99095802-b3cf-46d2-9b92-8ec98c0b0e1d (type: security_group_rules) to 0
2026-07-15 22:57:04.797 9 INFO neutron.pecan_wsgi.hooks.translation [None req-f8366e8a-eeb9-44ab-8970-8cf83aa01166 16ce32e29374417fafefd8bfe53f4ab3 ef6bc37ba04e4ebb847191d1f64c3590 - - default default] DELETE failed (client error): The resource could not be found.
2026-07-15 22:57:04.799 9 INFO neutron.wsgi [None req-f8366e8a-eeb9-44ab-8970-8cf83aa01166 16ce32e29374417fafefd8bfe53f4ab3 ef6bc37ba04e4ebb847191d1f64c3590 - - default default] 10.0.0.216 "DELETE /v2.0/subnets/7865c375-83a3-4a25-9d91-1bed30b36334 HTTP/1.1" status: 404 len: 337 time: 0.0152659
2026-07-15 22:57:04.811 9 INFO neutron.db.ovn_revision_numbers_db [None req-34024bda-5d06-4b34-b8ae-8fd38431a04e 6d153c8ee7974788a33aec5b4839655b f567781d9f354cf7b0b634e15156fd70 - - default default] Successfully bumped revision number for resource aa96bd0a-442a-4e1d-a229-f88559c183a8 (type: security_group_rules) to 0
2026-07-15 22:57:04.824 10 INFO neutron.pecan_wsgi.hooks.translation [None req-e6023e6f-cb04-4928-8ae1-1a9fad64a775 16ce32e29374417fafefd8bfe53f4ab3 ef6bc37ba04e4ebb847191d1f64c3590 - - default default] DELETE failed (client error): The resource could not be found.
2026-07-15 22:57:04.827 10 INFO neutron.wsgi [None req-e6023e6f-cb04-4928-8ae1-1a9fad64a775 16ce32e29374417fafefd8bfe53f4ab3 ef6bc37ba04e4ebb847191d1f64c3590 - - default default] 10.0.0.216 "DELETE /v2.0/networks/0280614b-1d95-4c15-91ad-29906570eac1 HTTP/1.1" status: 404 len: 339 time: 0.0223680
2026-07-15 22:57:04.828 9 INFO neutron.db.ovn_revision_numbers_db [None req-34024bda-5d06-4b34-b8ae-8fd38431a04e 6d153c8ee7974788a33aec5b4839655b f567781d9f354cf7b0b634e15156fd70 - - default default] Successfully bumped revision number for resource b10a5e93-bb22-4071-b292-b2cc4913350c (type: security_group_rules) to 0
2026-07-15 22:57:04.922 9 INFO neutron.db.ovn_revision_numbers_db [None req-34024bda-5d06-4b34-b8ae-8fd38431a04e 6d153c8ee7974788a33aec5b4839655b f567781d9f354cf7b0b634e15156fd70 - - default default] Successfully bumped revision number for resource df507f8d-46ac-4d13-87f2-fd59cbd2c4a0 (type: security_groups) to 1
2026-07-15 22:57:04.936 9 INFO neutron.db.ovn_revision_numbers_db [None req-34024bda-5d06-4b34-b8ae-8fd38431a04e 6d153c8ee7974788a33aec5b4839655b f567781d9f354cf7b0b634e15156fd70 - - default default] Successfully bumped revision number for resource 7de95345-9b13-41b3-b015-8857ec620576 (type: security_group_rules) to 0
2026-07-15 22:57:04.952 9 INFO neutron.db.ovn_revision_numbers_db [None req-34024bda-5d06-4b34-b8ae-8fd38431a04e 6d153c8ee7974788a33aec5b4839655b f567781d9f354cf7b0b634e15156fd70 - - default default] Successfully bumped revision number for resource d953862c-c506-48f0-b243-7d6c819be18f (type: security_group_rules) to 0
2026-07-15 22:57:04.971 9 INFO neutron.wsgi [None req-34024bda-5d06-4b34-b8ae-8fd38431a04e 6d153c8ee7974788a33aec5b4839655b f567781d9f354cf7b0b634e15156fd70 - - default default] 10.0.0.216 "POST /v2.0/security-groups HTTP/1.1" status: 201 len: 1760 time: 0.6101348
2026-07-15 22:57:05.025 9 INFO neutron.wsgi [None req-1c2508e6-d4df-4f2a-a01c-5d03020cb06d 6d153c8ee7974788a33aec5b4839655b f567781d9f354cf7b0b634e15156fd70 - - default default] 10.0.0.216 "GET /v2.0/security-groups HTTP/1.1" status: 200 len: 4538 time: 0.0491557
2026-07-15 22:57:05.058 10 INFO neutron.wsgi [None req-d0ec7c04-45c7-4b7f-84fc-bfb90c1f981c 16ce32e29374417fafefd8bfe53f4ab3 ef6bc37ba04e4ebb847191d1f64c3590 - - default default] 10.0.0.216 "DELETE /v2.0/subnets/fd349b7a-5206-48ec-931f-3c4d2e3f7863 HTTP/1.1" status: 204 len: 168 time: 0.2246387
2026-07-15 22:57:05.100 9 INFO neutron.db.ovn_revision_numbers_db [None req-ec5108a7-042e-4d78-8f8e-579b86b156cb 6d153c8ee7974788a33aec5b4839655b f567781d9f354cf7b0b634e15156fd70 - - default default] Successfully bumped revision number for resource df507f8d-46ac-4d13-87f2-fd59cbd2c4a0 (type: security_groups) to 2
2026-07-15 22:57:05.102 9 INFO neutron.wsgi [None req-ec5108a7-042e-4d78-8f8e-579b86b156cb 6d153c8ee7974788a33aec5b4839655b f567781d9f354cf7b0b634e15156fd70 - - default default] 10.0.0.216 "PUT /v2.0/security-groups/df507f8d-46ac-4d13-87f2-fd59cbd2c4a0 HTTP/1.1" status: 200 len: 1795 time: 0.0728192
2026-07-15 22:57:05.144 10 INFO neutron.wsgi [None req-60864a9b-bfb6-4b8e-b46b-8b0905f78dac 6d153c8ee7974788a33aec5b4839655b f567781d9f354cf7b0b634e15156fd70 - - default default] 10.0.0.216 "GET /v2.0/security-groups/df507f8d-46ac-4d13-87f2-fd59cbd2c4a0 HTTP/1.1" status: 200 len: 1795 time: 0.0359762
2026-07-15 22:57:05.253 9 INFO neutron.wsgi [None req-d9225f40-6311-42ad-8bda-46a15935cebc 6d153c8ee7974788a33aec5b4839655b f567781d9f354cf7b0b634e15156fd70 - - default default] 10.0.0.216 "DELETE /v2.0/security-groups/df507f8d-46ac-4d13-87f2-fd59cbd2c4a0 HTTP/1.1" status: 204 len: 168 time: 0.1037490
2026-07-15 22:57:05.315 10 INFO neutron.wsgi [None req-54b7748a-f217-4c6f-84dc-f9f4ed540f81 6d153c8ee7974788a33aec5b4839655b f567781d9f354cf7b0b634e15156fd70 - - default default] 10.0.0.216 "GET /v2.0/security-groups HTTP/1.1" status: 200 len: 2996 time: 0.0565357
2026-07-15 22:57:05.333 9 INFO neutron.api.v2.resource [None req-e442811b-75ed-4031-8ce2-330bbb87637c 6d153c8ee7974788a33aec5b4839655b f567781d9f354cf7b0b634e15156fd70 - - default default] delete failed (client error): The resource could not be found.
2026-07-15 22:57:05.334 9 INFO neutron.wsgi [None req-e442811b-75ed-4031-8ce2-330bbb87637c 6d153c8ee7974788a33aec5b4839655b f567781d9f354cf7b0b634e15156fd70 - - default default] 10.0.0.216 "DELETE /v2.0/security-groups/df507f8d-46ac-4d13-87f2-fd59cbd2c4a0 HTTP/1.1" status: 404 len: 347 time: 0.0134339
2026-07-15 22:57:05.450 10 INFO neutron.wsgi [None req-b19f83dc-d73c-4942-9000-fe5affd287e5 15347a2cd9fb413892463cba0acf75e4 3b11b5342cb9458b8a6fe990fe268e21 - - default default] 10.0.0.216 "GET /v2.0/security-groups?tenant_id=ce47a77e07924bd884ac3d7141194ede&name=default HTTP/1.1" status: 200 len: 2996 time: 0.2527592
2026-07-15 22:57:05.510 10 INFO neutron.db.ovn_revision_numbers_db [None req-db0dbab3-f41a-48a1-b6e8-1f3528942bd4 6d153c8ee7974788a33aec5b4839655b f567781d9f354cf7b0b634e15156fd70 - - default default] Successfully bumped revision number for resource d6099bdb-6c73-49c5-a844-f65844d81d79 (type: security_groups) to 1
2026-07-15 22:57:05.531 10 INFO neutron.wsgi [None req-14423639-7cee-4b69-b3be-ce786ad0829b 16ce32e29374417fafefd8bfe53f4ab3 ef6bc37ba04e4ebb847191d1f64c3590 - - default default] 10.0.0.216 "DELETE /v2.0/networks/e42e1cbf-6c06-4569-afd4-6b7871139f78 HTTP/1.1" status: 204 len: 168 time: 0.4701180
2026-07-15 22:57:05.534 10 INFO neutron.db.ovn_revision_numbers_db [None req-db0dbab3-f41a-48a1-b6e8-1f3528942bd4 6d153c8ee7974788a33aec5b4839655b f567781d9f354cf7b0b634e15156fd70 - - default default] Successfully bumped revision number for resource 493a0822-7920-4320-99ed-0ae43530d7cd (type: security_group_rules) to 0
2026-07-15 22:57:05.553 10 INFO neutron.db.ovn_revision_numbers_db [None req-db0dbab3-f41a-48a1-b6e8-1f3528942bd4 6d153c8ee7974788a33aec5b4839655b f567781d9f354cf7b0b634e15156fd70 - - default default] Successfully bumped revision number for resource b330196b-ae4a-47bc-aa16-d77e3a4a2204 (type: security_group_rules) to 0
2026-07-15 22:57:05.574 10 INFO neutron.wsgi [None req-db0dbab3-f41a-48a1-b6e8-1f3528942bd4 6d153c8ee7974788a33aec5b4839655b f567781d9f354cf7b0b634e15156fd70 - - default default] 10.0.0.216 "POST /v2.0/security-groups HTTP/1.1" status: 201 len: 1761 time: 0.2297711
2026-07-15 22:57:05.649 9 INFO neutron.wsgi [None req-5d3d58f8-654b-4a2a-9ca2-def3f1c9b33a 15347a2cd9fb413892463cba0acf75e4 3b11b5342cb9458b8a6fe990fe268e21 - - default default] 10.0.0.216 "DELETE /v2.0/security-groups/1fae3c47-6d9d-4201-9e3f-84357500c575 HTTP/1.1" status: 204 len: 168 time: 0.1929853
2026-07-15 22:57:05.703 10 INFO neutron.db.ovn_revision_numbers_db [None req-0bf33a6e-5205-4c63-996f-194ab520a64f 6d153c8ee7974788a33aec5b4839655b f567781d9f354cf7b0b634e15156fd70 - - default default] Successfully bumped revision number for resource b1dd0fe3-b53c-4881-8e0b-0b75f190ad4c (type: security_group_rules) to 0
2026-07-15 22:57:05.731 10 INFO neutron.wsgi [None req-0bf33a6e-5205-4c63-996f-194ab520a64f 6d153c8ee7974788a33aec5b4839655b f567781d9f354cf7b0b634e15156fd70 - - default default] 10.0.0.216 "POST /v2.0/security-group-rules HTTP/1.1" status: 201 len: 768 time: 0.1508973
2026-07-15 22:57:05.749 10 INFO neutron.wsgi [None req-290b5213-de08-426c-833a-1f2fc050b9ea 6d153c8ee7974788a33aec5b4839655b f567781d9f354cf7b0b634e15156fd70 - - default default] 10.0.0.216 "GET /v2.0/security-group-rules/b1dd0fe3-b53c-4881-8e0b-0b75f190ad4c HTTP/1.1" status: 200 len: 763 time: 0.0132546
2026-07-15 22:57:05.791 10 INFO neutron.wsgi [None req-223db8e2-04fd-4db0-80d1-f322c60f4be4 6d153c8ee7974788a33aec5b4839655b f567781d9f354cf7b0b634e15156fd70 - - default default] 10.0.0.216 "GET /v2.0/security-group-rules HTTP/1.1" status: 200 len: 4113 time: 0.0372393
2026-07-15 22:57:05.909 10 INFO neutron.wsgi [None req-076ef211-442c-4a25-aae0-20af1d010388 6d153c8ee7974788a33aec5b4839655b f567781d9f354cf7b0b634e15156fd70 - - default default] 10.0.0.216 "DELETE /v2.0/security-group-rules/b1dd0fe3-b53c-4881-8e0b-0b75f190ad4c HTTP/1.1" status: 204 len: 168 time: 0.1134601
2026-07-15 22:57:05.931 9 INFO neutron.wsgi [None req-c8bfed08-5078-4881-8c52-7dc0067cc95b 15347a2cd9fb413892463cba0acf75e4 3b11b5342cb9458b8a6fe990fe268e21 - - default default] 10.0.0.62 "GET /v2.0/subnets HTTP/1.1" status: 200 len: 1437 time: 0.2274761
2026-07-15 22:57:05.956 10 INFO neutron.wsgi [None req-f959c671-3610-4ff7-8b69-dfcf777afa80 6d153c8ee7974788a33aec5b4839655b f567781d9f354cf7b0b634e15156fd70 - - default default] 10.0.0.216 "GET /v2.0/security-group-rules HTTP/1.1" status: 200 len: 3567 time: 0.0402484
2026-07-15 22:57:05.972 9 INFO neutron.wsgi [None req-9916e1ca-160d-42dd-9a66-15a77585ce05 15347a2cd9fb413892463cba0acf75e4 3b11b5342cb9458b8a6fe990fe268e21 - - default default] 10.0.0.62 "GET /v2.0/ports HTTP/1.1" status: 200 len: 5351 time: 0.0397162
2026-07-15 22:57:05.999 9 INFO neutron.wsgi [None req-b22babd7-ba3e-4211-b948-897a0fa15428 15347a2cd9fb413892463cba0acf75e4 3b11b5342cb9458b8a6fe990fe268e21 - - default default] 10.0.0.62 "GET /v2.0/routers HTTP/1.1" status: 200 len: 189 time: 0.0223947
2026-07-15 22:57:06.010 9 INFO neutron.wsgi [None req-57776875-8960-4ecd-8e87-557245b4eaf9 15347a2cd9fb413892463cba0acf75e4 3b11b5342cb9458b8a6fe990fe268e21 - - default default] 10.0.0.62 "GET /v2.0/agents?binary=ovn-controller HTTP/1.1" status: 200 len: 591 time: 0.0110624
2026-07-15 22:57:06.023 9 INFO neutron.wsgi [None req-a706baa9-4a26-4551-aaed-0ea460f94fdf 15347a2cd9fb413892463cba0acf75e4 3b11b5342cb9458b8a6fe990fe268e21 - - default default] 10.0.0.62 "GET /v2.0/network-ip-availabilities HTTP/1.1" status: 200 len: 1280 time: 0.0091121
2026-07-15 22:57:06.079 9 INFO neutron.wsgi [None req-1cea1b57-abc2-40f2-93ff-aab77debdc4e 15347a2cd9fb413892463cba0acf75e4 3b11b5342cb9458b8a6fe990fe268e21 - - default default] 10.0.0.62 "GET /v2.0/security-groups HTTP/1.1" status: 200 len: 23906 time: 0.0553992
2026-07-15 22:57:06.100 10 INFO neutron.db.ovn_revision_numbers_db [None req-c3995a4f-25b0-49e9-98f8-a1b942e4dd73 6d153c8ee7974788a33aec5b4839655b f567781d9f354cf7b0b634e15156fd70 - - default default] Successfully bumped revision number for resource 81e6eea0-ee01-4493-8aac-a4bb6626f8cb (type: security_group_rules) to 0
2026-07-15 22:57:06.140 10 INFO neutron.wsgi [None req-c3995a4f-25b0-49e9-98f8-a1b942e4dd73 6d153c8ee7974788a33aec5b4839655b f567781d9f354cf7b0b634e15156fd70 - - default default] 10.0.0.216 "POST /v2.0/security-group-rules HTTP/1.1" status: 201 len: 768 time: 0.1762719
2026-07-15 22:57:06.152 10 INFO neutron.wsgi [None req-885f7525-ac09-41d6-abda-457923fd8c7d 15347a2cd9fb413892463cba0acf75e4 3b11b5342cb9458b8a6fe990fe268e21 - - default default] 10.0.0.216 "GET /v2.0/security-groups?tenant_id=ef6bc37ba04e4ebb847191d1f64c3590&name=default HTTP/1.1" status: 200 len: 2996 time: 0.1754510
2026-07-15 22:57:06.160 9 INFO neutron.wsgi [None req-4ce48e81-90de-4832-a0f6-b8044543d4ce 15347a2cd9fb413892463cba0acf75e4 3b11b5342cb9458b8a6fe990fe268e21 - - default default] 10.0.0.62 "GET /v2.0/networks HTTP/1.1" status: 200 len: 2350 time: 0.0736594
2026-07-15 22:57:06.165 10 INFO neutron.wsgi [None req-3ab81e54-39c9-4f9f-8d77-4c8e50bf35ed 6d153c8ee7974788a33aec5b4839655b f567781d9f354cf7b0b634e15156fd70 - - default default] 10.0.0.216 "GET /v2.0/security-group-rules/81e6eea0-ee01-4493-8aac-a4bb6626f8cb HTTP/1.1" status: 200 len: 763 time: 0.0211313
2026-07-15 22:57:06.180 9 INFO neutron.wsgi [None req-4a071006-3969-4708-989b-24e3c810b9b3 15347a2cd9fb413892463cba0acf75e4 3b11b5342cb9458b8a6fe990fe268e21 - - default default] 10.0.0.62 "GET /v2.0/agents HTTP/1.1" status: 200 len: 997 time: 0.0181828
2026-07-15 22:57:06.229 9 INFO neutron.wsgi [None req-b3cecc61-e42f-4212-bd72-185eaefd89cf 15347a2cd9fb413892463cba0acf75e4 3b11b5342cb9458b8a6fe990fe268e21 - - default default] 10.0.0.62 "GET /v2.0/subnets HTTP/1.1" status: 200 len: 1437 time: 0.0446725
2026-07-15 22:57:06.235 9 INFO neutron.wsgi [None req-b1479af2-3cd7-4e22-b1a9-f3ed31afb6a5 6d153c8ee7974788a33aec5b4839655b f567781d9f354cf7b0b634e15156fd70 - - default default] 10.0.0.216 "GET /v2.0/security-group-rules HTTP/1.1" status: 200 len: 4113 time: 0.0605555
2026-07-15 22:57:06.249 9 INFO neutron.wsgi [None req-96968bd8-1094-4b32-afdd-7dbdcf11ff84 15347a2cd9fb413892463cba0acf75e4 3b11b5342cb9458b8a6fe990fe268e21 - - default default] 10.0.0.62 "GET /v2.0/subnetpools HTTP/1.1" status: 200 len: 193 time: 0.0133035
2026-07-15 22:57:06.285 9 INFO neutron.wsgi [None req-e4ac0174-17b5-4a04-91cd-24de770e54f3 15347a2cd9fb413892463cba0acf75e4 3b11b5342cb9458b8a6fe990fe268e21 - - default default] 10.0.0.62 "GET /v2.0/floatingips HTTP/1.1" status: 200 len: 193 time: 0.0353913
2026-07-15 22:57:06.389 10 INFO neutron.wsgi [None req-ecbce6e8-b46e-4300-9e81-8987eb615af3 15347a2cd9fb413892463cba0acf75e4 3b11b5342cb9458b8a6fe990fe268e21 - - default default] 10.0.0.216 "DELETE /v2.0/security-groups/622fae52-1623-4a2f-9e97-298ddb533103 HTTP/1.1" status: 204 len: 168 time: 0.2291846
2026-07-15 22:57:06.392 9 INFO neutron.wsgi [None req-860a852b-be70-4170-bb33-ca08b5033b1c 6d153c8ee7974788a33aec5b4839655b f567781d9f354cf7b0b634e15156fd70 - - default default] 10.0.0.216 "DELETE /v2.0/security-group-rules/81e6eea0-ee01-4493-8aac-a4bb6626f8cb HTTP/1.1" status: 204 len: 168 time: 0.1509335
2026-07-15 22:57:06.423 10 INFO neutron.wsgi [None req-8b917f96-0456-4975-b319-7e65ddd78d86 6d153c8ee7974788a33aec5b4839655b f567781d9f354cf7b0b634e15156fd70 - - default default] 10.0.0.216 "GET /v2.0/security-group-rules HTTP/1.1" status: 200 len: 3567 time: 0.0277529
2026-07-15 22:57:06.525 10 INFO neutron.db.ovn_revision_numbers_db [None req-9a176ba9-72af-48d2-ba4f-891179bb7de1 6d153c8ee7974788a33aec5b4839655b f567781d9f354cf7b0b634e15156fd70 - - default default] Successfully bumped revision number for resource 23957c68-1ad3-48db-bbc2-5cac5110d733 (type: security_group_rules) to 0
2026-07-15 22:57:06.552 10 INFO neutron.wsgi [None req-9a176ba9-72af-48d2-ba4f-891179bb7de1 6d153c8ee7974788a33aec5b4839655b f567781d9f354cf7b0b634e15156fd70 - - default default] 10.0.0.216 "POST /v2.0/security-group-rules HTTP/1.1" status: 201 len: 769 time: 0.1248488
2026-07-15 22:57:06.575 9 INFO neutron.wsgi [None req-5dbeb2e5-55d4-4d47-aa85-7d6cd7bec31f 6d153c8ee7974788a33aec5b4839655b f567781d9f354cf7b0b634e15156fd70 - - default default] 10.0.0.216 "GET /v2.0/security-group-rules/23957c68-1ad3-48db-bbc2-5cac5110d733 HTTP/1.1" status: 200 len: 764 time: 0.0161211
2026-07-15 22:57:06.609 9 INFO neutron.wsgi [None req-50f811bf-e443-4441-bd15-0a2fb92ed581 6d153c8ee7974788a33aec5b4839655b f567781d9f354cf7b0b634e15156fd70 - - default default] 10.0.0.216 "GET /v2.0/security-group-rules HTTP/1.1" status: 200 len: 4114 time: 0.0309868
2026-07-15 22:57:06.683 10 INFO neutron.wsgi [-] 10.0.0.25 "GET / HTTP/1.1" status: 200 len: 247 time: 0.0018587
2026-07-15 22:57:06.684 9 INFO neutron.wsgi [-] 10.0.0.25 "GET / HTTP/1.1" status: 200 len: 247 time: 0.0020833
2026-07-15 22:57:06.728 9 INFO neutron.wsgi [None req-01b7cfd1-56da-42fb-95fc-21ee17091693 6d153c8ee7974788a33aec5b4839655b f567781d9f354cf7b0b634e15156fd70 - - default default] 10.0.0.216 "DELETE /v2.0/security-group-rules/23957c68-1ad3-48db-bbc2-5cac5110d733 HTTP/1.1" status: 204 len: 168 time: 0.1154220
2026-07-15 22:57:06.750 10 INFO neutron.services.segments.plugin [-] Segment 4136d531-80e1-4069-93b3-9c14707f264a resource provider aggregate not found
2026-07-15 22:57:06.760 10 INFO neutron.services.segments.plugin [-] Segment 4136d531-80e1-4069-93b3-9c14707f264a resource provider aggregate not found
2026-07-15 22:57:06.766 10 INFO neutron.services.segments.plugin [-] Segment 4136d531-80e1-4069-93b3-9c14707f264a resource provider not found; error: Placement Client Error (4xx): {"errors": [{"status": 404, "title": "Not Found", "detail": "The resource could not be found.\n\n No resource provider with uuid 4136d531-80e1-4069-93b3-9c14707f264a found for delete ", "request_id": "req-3a8d51c9-3abe-4b80-a1f0-aee9cab8656b"}]}
2026-07-15 22:57:06.774 9 INFO neutron.wsgi [None req-aa5ce593-7c87-42da-81f0-a57680c8437c 6d153c8ee7974788a33aec5b4839655b f567781d9f354cf7b0b634e15156fd70 - - default default] 10.0.0.216 "GET /v2.0/security-group-rules HTTP/1.1" status: 200 len: 3567 time: 0.0423222
2026-07-15 22:57:06.776 10 INFO neutron.services.segments.plugin [-] Segment 4136d531-80e1-4069-93b3-9c14707f264a resource provider not found; error: Placement Client Error (4xx): {"errors": [{"status": 404, "title": "Not Found", "detail": "The resource could not be found.\n\n No resource provider with uuid 4136d531-80e1-4069-93b3-9c14707f264a found for delete ", "request_id": "req-670836a9-4d01-41dd-beaa-6ea02fc92be2"}]}
2026-07-15 22:57:06.899 9 INFO neutron.wsgi [None req-d110bbb2-cfc4-4b3f-b0c8-905b46872ab9 6d153c8ee7974788a33aec5b4839655b f567781d9f354cf7b0b634e15156fd70 - - default default] 10.0.0.216 "DELETE /v2.0/security-groups/d6099bdb-6c73-49c5-a844-f65844d81d79 HTTP/1.1" status: 204 len: 168 time: 0.1203716
2026-07-15 22:57:06.932 9 INFO neutron.wsgi [None req-a83095e3-b973-4387-b1a3-9aa341f7ae7f 6d153c8ee7974788a33aec5b4839655b f567781d9f354cf7b0b634e15156fd70 - - default default] 10.0.0.216 "GET /v2.0/security-groups HTTP/1.1" status: 200 len: 2996 time: 0.0279284
2026-07-15 22:57:06.976 9 INFO neutron.wsgi [None req-320605eb-1991-42b5-a9cf-0ac9eafb601f 6d153c8ee7974788a33aec5b4839655b f567781d9f354cf7b0b634e15156fd70 - - default default] 10.0.0.216 "GET /v2.0/security-groups HTTP/1.1" status: 200 len: 2996 time: 0.0355840
2026-07-15 22:57:07.677 10 INFO neutron.wsgi [None req-430f9701-59f1-4d37-a0f8-12cac2c3fd31 15347a2cd9fb413892463cba0acf75e4 3b11b5342cb9458b8a6fe990fe268e21 - - default default] 10.0.0.216 "GET /v2.0/security-groups?tenant_id=f567781d9f354cf7b0b634e15156fd70&name=default HTTP/1.1" status: 200 len: 2996 time: 0.1160541
2026-07-15 22:57:07.697 10 INFO neutron.db.ovn_revision_numbers_db [None req-71f8676d-a34b-4a8d-ba70-21fa07936c3d 15347a2cd9fb413892463cba0acf75e4 3b11b5342cb9458b8a6fe990fe268e21 - - default default] Successfully bumped revision number for resource f2c4c39a-e3ca-46bc-81ce-d7d0088e1cb5 (type: security_groups) to 1
2026-07-15 22:57:07.712 10 INFO neutron.db.ovn_revision_numbers_db [None req-71f8676d-a34b-4a8d-ba70-21fa07936c3d 15347a2cd9fb413892463cba0acf75e4 3b11b5342cb9458b8a6fe990fe268e21 - - default default] Successfully bumped revision number for resource 2b72c2fd-3927-4909-944d-5cc082b5de3d (type: security_group_rules) to 0
2026-07-15 22:57:07.724 10 INFO neutron.db.ovn_revision_numbers_db [None req-71f8676d-a34b-4a8d-ba70-21fa07936c3d 15347a2cd9fb413892463cba0acf75e4 3b11b5342cb9458b8a6fe990fe268e21 - - default default] Successfully bumped revision number for resource 2c0e3146-1b97-4de1-ae42-34a67dac2246 (type: security_group_rules) to 0
2026-07-15 22:57:07.739 10 INFO neutron.db.ovn_revision_numbers_db [None req-71f8676d-a34b-4a8d-ba70-21fa07936c3d 15347a2cd9fb413892463cba0acf75e4 3b11b5342cb9458b8a6fe990fe268e21 - - default default] Successfully bumped revision number for resource 6e00e262-5ff5-4ae9-af45-f2e30c6f3511 (type: security_group_rules) to 0
2026-07-15 22:57:07.773 10 INFO neutron.db.ovn_revision_numbers_db [None req-71f8676d-a34b-4a8d-ba70-21fa07936c3d 15347a2cd9fb413892463cba0acf75e4 3b11b5342cb9458b8a6fe990fe268e21 - - default default] Successfully bumped revision number for resource 98ca0d4e-af96-460c-8117-ab6dcf43e88f (type: security_group_rules) to 0
2026-07-15 22:57:07.816 10 INFO neutron.wsgi [None req-71f8676d-a34b-4a8d-ba70-21fa07936c3d 15347a2cd9fb413892463cba0acf75e4 3b11b5342cb9458b8a6fe990fe268e21 - - default default] 10.0.0.216 "GET /v2.0/security-groups?tenant_id=18df0b804abb4edcae6cf8af6665cb2e&name=default HTTP/1.1" status: 200 len: 2996 time: 0.4531562
2026-07-15 22:57:07.900 9 INFO neutron.wsgi [None req-27644cb3-f677-4bb5-9885-7bf5d050e449 15347a2cd9fb413892463cba0acf75e4 3b11b5342cb9458b8a6fe990fe268e21 - - default default] 10.0.0.216 "DELETE /v2.0/security-groups/cd0ef3e9-6f7e-475b-85b4-097c4a815941 HTTP/1.1" status: 204 len: 168 time: 0.2177377
2026-07-15 22:57:08.037 10 INFO neutron.wsgi [None req-50d7a19c-3553-43c9-899e-49338c12352d 15347a2cd9fb413892463cba0acf75e4 3b11b5342cb9458b8a6fe990fe268e21 - - default default] 10.0.0.216 "DELETE /v2.0/security-groups/f2c4c39a-e3ca-46bc-81ce-d7d0088e1cb5 HTTP/1.1" status: 204 len: 168 time: 0.2153342
2026-07-15 22:57:08.569 9 INFO neutron.db.ovn_revision_numbers_db [None req-c05b05a5-b137-4841-8c53-2ed07027dc7e 6ca6013221c84e05a8d9b34516d70ca4 2634cb5c3a84494781e1089564dbcde5 - - default default] Successfully bumped revision number for resource 72f49f4b-1caf-4e4f-a19e-8b91a989d312 (type: security_groups) to 1
2026-07-15 22:57:08.583 9 INFO neutron.db.ovn_revision_numbers_db [None req-c05b05a5-b137-4841-8c53-2ed07027dc7e 6ca6013221c84e05a8d9b34516d70ca4 2634cb5c3a84494781e1089564dbcde5 - - default default] Successfully bumped revision number for resource 4d46e36d-06b1-4063-a01f-3c63a1e46f6a (type: security_group_rules) to 0
2026-07-15 22:57:08.598 9 INFO neutron.db.ovn_revision_numbers_db [None req-c05b05a5-b137-4841-8c53-2ed07027dc7e 6ca6013221c84e05a8d9b34516d70ca4 2634cb5c3a84494781e1089564dbcde5 - - default default] Successfully bumped revision number for resource 590b70fe-3b04-4db6-900f-1354009b3b2c (type: security_group_rules) to 0
2026-07-15 22:57:08.608 9 INFO neutron.db.ovn_revision_numbers_db [None req-c05b05a5-b137-4841-8c53-2ed07027dc7e 6ca6013221c84e05a8d9b34516d70ca4 2634cb5c3a84494781e1089564dbcde5 - - default default] Successfully bumped revision number for resource 8283d897-5def-4462-880a-1bdd2296393c (type: security_group_rules) to 0
2026-07-15 22:57:08.621 9 INFO neutron.db.ovn_revision_numbers_db [None req-c05b05a5-b137-4841-8c53-2ed07027dc7e 6ca6013221c84e05a8d9b34516d70ca4 2634cb5c3a84494781e1089564dbcde5 - - default default] Successfully bumped revision number for resource a786cd02-cab1-48b8-aeb2-43438677f9b5 (type: security_group_rules) to 0
2026-07-15 22:57:08.666 9 INFO neutron.db.segments_db [None req-c05b05a5-b137-4841-8c53-2ed07027dc7e 6ca6013221c84e05a8d9b34516d70ca4 2634cb5c3a84494781e1089564dbcde5 - - default default] Added segment 8e52cb7d-e961-423d-a5d8-09db52ef22cb of type geneve for network e09e203b-a72b-4413-9382-fef269b5132b
2026-07-15 22:57:08.803 9 INFO neutron.db.ovn_revision_numbers_db [None req-c05b05a5-b137-4841-8c53-2ed07027dc7e 6ca6013221c84e05a8d9b34516d70ca4 2634cb5c3a84494781e1089564dbcde5 - - default default] Successfully bumped revision number for resource e09e203b-a72b-4413-9382-fef269b5132b (type: networks) to 1
2026-07-15 22:57:08.938 9 WARNING neutron.scheduler.dhcp_agent_scheduler [None req-c05b05a5-b137-4841-8c53-2ed07027dc7e 6ca6013221c84e05a8d9b34516d70ca4 2634cb5c3a84494781e1089564dbcde5 - - default default] No more DHCP agents
2026-07-15 22:57:08.940 9 WARNING neutron.api.rpc.agentnotifiers.dhcp_rpc_agent_api [None req-c05b05a5-b137-4841-8c53-2ed07027dc7e 6ca6013221c84e05a8d9b34516d70ca4 2634cb5c3a84494781e1089564dbcde5 - - default default] Unable to schedule network e09e203b-a72b-4413-9382-fef269b5132b: no agents available; will retry on subsequent port and subnet creation events.
2026-07-15 22:57:09.011 9 INFO neutron.db.ovn_revision_numbers_db [None req-c05b05a5-b137-4841-8c53-2ed07027dc7e 6ca6013221c84e05a8d9b34516d70ca4 2634cb5c3a84494781e1089564dbcde5 - - default default] Successfully bumped revision number for resource 42f2126f-cba9-4d54-89b1-89f9ab142267 (type: ports) to 1
2026-07-15 22:57:09.033 9 INFO neutron.wsgi [None req-c05b05a5-b137-4841-8c53-2ed07027dc7e 6ca6013221c84e05a8d9b34516d70ca4 2634cb5c3a84494781e1089564dbcde5 - - default default] 10.0.0.216 "POST /v2.0/networks HTTP/1.1" status: 201 len: 847 time: 0.7021310
2026-07-15 22:57:09.314 9 WARNING neutron.scheduler.dhcp_agent_scheduler [None req-f03af85f-c420-4af3-9363-e7474357cb85 6ca6013221c84e05a8d9b34516d70ca4 2634cb5c3a84494781e1089564dbcde5 - - default default] No more DHCP agents
2026-07-15 22:57:09.317 9 WARNING neutron.api.rpc.agentnotifiers.dhcp_rpc_agent_api [None req-f03af85f-c420-4af3-9363-e7474357cb85 6ca6013221c84e05a8d9b34516d70ca4 2634cb5c3a84494781e1089564dbcde5 - - default default] Unable to schedule network e09e203b-a72b-4413-9382-fef269b5132b: no agents available; will retry on subsequent port and subnet creation events.
2026-07-15 22:57:09.416 9 INFO neutron.db.ovn_revision_numbers_db [None req-f03af85f-c420-4af3-9363-e7474357cb85 6ca6013221c84e05a8d9b34516d70ca4 2634cb5c3a84494781e1089564dbcde5 - - default default] Successfully bumped revision number for resource 33e6c2a5-ac43-4a7c-9c31-87cdf9683590 (type: ports) to 1
2026-07-15 22:57:09.441 9 INFO neutron.wsgi [None req-f03af85f-c420-4af3-9363-e7474357cb85 6ca6013221c84e05a8d9b34516d70ca4 2634cb5c3a84494781e1089564dbcde5 - - default default] 10.0.0.216 "POST /v2.0/ports HTTP/1.1" status: 201 len: 977 time: 0.4006672 /var/lib/openstack/lib/python3.10/site-packages/pycadf/identifier.py:71: UserWarning: Invalid uuid: neutron. To ensure interoperability, identifiers should be a valid uuid. warnings.warn(('Invalid uuid: %s. To ensure interoperability, '
2026-07-15 22:57:09.542 9 INFO neutron.db.segments_db [None req-f380903f-ed71-420f-ba73-8dd081d0ac10 6ca6013221c84e05a8d9b34516d70ca4 2634cb5c3a84494781e1089564dbcde5 - - default default] Added segment 2eba5007-5f30-440b-8095-07d8533f0333 of type geneve for network 540cc183-26f8-450c-870a-8862ac1786c0
2026-07-15 22:57:09.542 10 WARNING neutron.plugins.ml2.drivers.ovn.mech_driver.ovsdb.ovn_client [None req-cd3b2352-ef9d-4b0d-b87f-52edbcc52025 - - - - - -] No port found with ID 1644a514-b25f-4778-a48d-ce30f133baf6: RuntimeError: No port found with ID 1644a514-b25f-4778-a48d-ce30f133baf6
2026-07-15 22:57:09.695 9 INFO neutron.db.ovn_revision_numbers_db [None req-f380903f-ed71-420f-ba73-8dd081d0ac10 6ca6013221c84e05a8d9b34516d70ca4 2634cb5c3a84494781e1089564dbcde5 - - default default] Successfully bumped revision number for resource 540cc183-26f8-450c-870a-8862ac1786c0 (type: networks) to 1
2026-07-15 22:57:09.884 9 WARNING neutron.scheduler.dhcp_agent_scheduler [None req-f380903f-ed71-420f-ba73-8dd081d0ac10 6ca6013221c84e05a8d9b34516d70ca4 2634cb5c3a84494781e1089564dbcde5 - - default default] No more DHCP agents
2026-07-15 22:57:09.885 9 WARNING neutron.api.rpc.agentnotifiers.dhcp_rpc_agent_api [None req-f380903f-ed71-420f-ba73-8dd081d0ac10 6ca6013221c84e05a8d9b34516d70ca4 2634cb5c3a84494781e1089564dbcde5 - - default default] Unable to schedule network 540cc183-26f8-450c-870a-8862ac1786c0: no agents available; will retry on subsequent port and subnet creation events.
2026-07-15 22:57:09.976 9 INFO neutron.db.ovn_revision_numbers_db [None req-f380903f-ed71-420f-ba73-8dd081d0ac10 6ca6013221c84e05a8d9b34516d70ca4 2634cb5c3a84494781e1089564dbcde5 - - default default] Successfully bumped revision number for resource d662177f-6a1f-4d1e-a3d1-6bccc65e96b0 (type: ports) to 1
2026-07-15 22:57:10.000 9 INFO neutron.wsgi [None req-f380903f-ed71-420f-ba73-8dd081d0ac10 6ca6013221c84e05a8d9b34516d70ca4 2634cb5c3a84494781e1089564dbcde5 - - default default] 10.0.0.216 "POST /v2.0/networks HTTP/1.1" status: 201 len: 835 time: 0.5527141
2026-07-15 22:57:10.331 9 WARNING neutron.scheduler.dhcp_agent_scheduler [None req-8770c807-dcf1-42c2-b5c2-89c16ad31df3 6ca6013221c84e05a8d9b34516d70ca4 2634cb5c3a84494781e1089564dbcde5 - - default default] No more DHCP agents
2026-07-15 22:57:10.333 9 WARNING neutron.api.rpc.agentnotifiers.dhcp_rpc_agent_api [None req-8770c807-dcf1-42c2-b5c2-89c16ad31df3 6ca6013221c84e05a8d9b34516d70ca4 2634cb5c3a84494781e1089564dbcde5 - - default default] Unable to schedule network 540cc183-26f8-450c-870a-8862ac1786c0: no agents available; will retry on subsequent port and subnet creation events.
2026-07-15 22:57:10.365 9 INFO neutron.db.ovn_revision_numbers_db [None req-8770c807-dcf1-42c2-b5c2-89c16ad31df3 6ca6013221c84e05a8d9b34516d70ca4 2634cb5c3a84494781e1089564dbcde5 - - default default] Successfully bumped revision number for resource d88467a4-aff2-43e2-8f65-2b42d1601da9 (type: subnets) to 0
2026-07-15 22:57:10.388 9 INFO neutron.wsgi [None req-8770c807-dcf1-42c2-b5c2-89c16ad31df3 6ca6013221c84e05a8d9b34516d70ca4 2634cb5c3a84494781e1089564dbcde5 - - default default] 10.0.0.216 "POST /v2.0/subnets HTTP/1.1" status: 201 len: 821 time: 0.3814158
2026-07-15 22:57:10.607 10 INFO neutron.db.ovn_revision_numbers_db [None req-b1bb0f11-b4d0-43f8-bb55-b1f5f58c4f02 15347a2cd9fb413892463cba0acf75e4 3b11b5342cb9458b8a6fe990fe268e21 - - default default] Successfully bumped revision number for resource 6c482c0f-c192-4cdc-8ca4-524be73d0957 (type: security_groups) to 1
2026-07-15 22:57:10.623 10 INFO neutron.db.ovn_revision_numbers_db [None req-b1bb0f11-b4d0-43f8-bb55-b1f5f58c4f02 15347a2cd9fb413892463cba0acf75e4 3b11b5342cb9458b8a6fe990fe268e21 - - default default] Successfully bumped revision number for resource 9ce581a9-e1e0-4dd9-8629-6ad57e0dfe0e (type: security_group_rules) to 0
2026-07-15 22:57:10.637 10 INFO neutron.db.ovn_revision_numbers_db [None req-b1bb0f11-b4d0-43f8-bb55-b1f5f58c4f02 15347a2cd9fb413892463cba0acf75e4 3b11b5342cb9458b8a6fe990fe268e21 - - default default] Successfully bumped revision number for resource c7d78470-7f66-4e49-ae4c-4191e2277df4 (type: security_group_rules) to 0
2026-07-15 22:57:10.653 10 INFO neutron.db.ovn_revision_numbers_db [None req-b1bb0f11-b4d0-43f8-bb55-b1f5f58c4f02 15347a2cd9fb413892463cba0acf75e4 3b11b5342cb9458b8a6fe990fe268e21 - - default default] Successfully bumped revision number for resource caccf5ef-794c-4712-9f7d-e99dc45c39d1 (type: security_group_rules) to 0
2026-07-15 22:57:10.667 10 INFO neutron.db.ovn_revision_numbers_db [None req-b1bb0f11-b4d0-43f8-bb55-b1f5f58c4f02 15347a2cd9fb413892463cba0acf75e4 3b11b5342cb9458b8a6fe990fe268e21 - - default default] Successfully bumped revision number for resource f5b635cb-3694-4c49-ac12-a869a092f5ad (type: security_group_rules) to 0
2026-07-15 22:57:10.690 10 INFO neutron.wsgi [None req-b1bb0f11-b4d0-43f8-bb55-b1f5f58c4f02 15347a2cd9fb413892463cba0acf75e4 3b11b5342cb9458b8a6fe990fe268e21 - - default default] 10.0.0.216 "GET /v2.0/security-groups?tenant_id=0c2f494f5ce447d0b00e69ab879a2c94&name=default HTTP/1.1" status: 200 len: 2996 time: 0.3472552
2026-07-15 22:57:10.757 9 WARNING neutron.scheduler.dhcp_agent_scheduler [None req-b153a897-8951-43ca-8f5d-12b8bb67c2d1 6ca6013221c84e05a8d9b34516d70ca4 2634cb5c3a84494781e1089564dbcde5 - - default default] No more DHCP agents
2026-07-15 22:57:10.763 9 WARNING neutron.api.rpc.agentnotifiers.dhcp_rpc_agent_api [None req-b153a897-8951-43ca-8f5d-12b8bb67c2d1 6ca6013221c84e05a8d9b34516d70ca4 2634cb5c3a84494781e1089564dbcde5 - - default default] Unable to schedule network 540cc183-26f8-450c-870a-8862ac1786c0: no agents available; will retry on subsequent port and subnet creation events. /var/lib/openstack/lib/python3.10/site-packages/pycadf/identifier.py:71: UserWarning: Invalid uuid: neutron. To ensure interoperability, identifiers should be a valid uuid. warnings.warn(('Invalid uuid: %s. To ensure interoperability, '
2026-07-15 22:57:10.887 10 INFO neutron.wsgi [None req-992f9f8a-1c91-4e83-994a-de2a1608f878 15347a2cd9fb413892463cba0acf75e4 3b11b5342cb9458b8a6fe990fe268e21 - - default default] 10.0.0.216 "DELETE /v2.0/security-groups/6c482c0f-c192-4cdc-8ca4-524be73d0957 HTTP/1.1" status: 204 len: 168 time: 0.1916699
2026-07-15 22:57:10.904 9 INFO neutron.db.ovn_revision_numbers_db [None req-b153a897-8951-43ca-8f5d-12b8bb67c2d1 6ca6013221c84e05a8d9b34516d70ca4 2634cb5c3a84494781e1089564dbcde5 - - default default] Successfully bumped revision number for resource bf7bf415-9f28-46bb-94da-63118a4839dd (type: ports) to 1
2026-07-15 22:57:10.927 9 INFO neutron.wsgi [None req-b153a897-8951-43ca-8f5d-12b8bb67c2d1 6ca6013221c84e05a8d9b34516d70ca4 2634cb5c3a84494781e1089564dbcde5 - - default default] 10.0.0.216 "POST /v2.0/ports HTTP/1.1" status: 201 len: 1165 time: 0.5341432
2026-07-15 22:57:10.977 9 INFO neutron.db.ovn_revision_numbers_db [None req-3721f648-3fff-4266-9273-3fdc1dd1684d 15347a2cd9fb413892463cba0acf75e4 3b11b5342cb9458b8a6fe990fe268e21 - - default default] Successfully bumped revision number for resource 748143ac-627c-45aa-8e24-c45b21376be9 (type: security_groups) to 1
2026-07-15 22:57:11.002 9 INFO neutron.db.ovn_revision_numbers_db [None req-3721f648-3fff-4266-9273-3fdc1dd1684d 15347a2cd9fb413892463cba0acf75e4 3b11b5342cb9458b8a6fe990fe268e21 - - default default] Successfully bumped revision number for resource 1405c9d2-1b5b-447c-855b-a2d1e300ef75 (type: security_group_rules) to 0
2026-07-15 22:57:11.018 9 INFO neutron.db.ovn_revision_numbers_db [None req-3721f648-3fff-4266-9273-3fdc1dd1684d 15347a2cd9fb413892463cba0acf75e4 3b11b5342cb9458b8a6fe990fe268e21 - - default default] Successfully bumped revision number for resource 362a8872-b5d9-40bf-bf48-69706194f747 (type: security_group_rules) to 0
