2026-07-15 22:58:33.695 9 INFO neutron.db.ovn_revision_numbers_db [None req-9135233b-da17-4b14-ac86-4ff99c707650 15347a2cd9fb413892463cba0acf75e4 3b11b5342cb9458b8a6fe990fe268e21 - - default default] Successfully bumped revision number for resource 672bf7d7-d041-4c08-8e6d-e2516b277966 (type: security_groups) to 1
2026-07-15 22:58:33.709 9 INFO neutron.db.ovn_revision_numbers_db [None req-9135233b-da17-4b14-ac86-4ff99c707650 15347a2cd9fb413892463cba0acf75e4 3b11b5342cb9458b8a6fe990fe268e21 - - default default] Successfully bumped revision number for resource 203335ad-37cc-4631-8542-0876d3d7666b (type: security_group_rules) to 0
2026-07-15 22:58:33.728 9 INFO neutron.db.ovn_revision_numbers_db [None req-9135233b-da17-4b14-ac86-4ff99c707650 15347a2cd9fb413892463cba0acf75e4 3b11b5342cb9458b8a6fe990fe268e21 - - default default] Successfully bumped revision number for resource 89f8c427-07ea-42d1-bf72-d0cc4d1141a1 (type: security_group_rules) to 0
2026-07-15 22:58:33.753 9 INFO neutron.db.ovn_revision_numbers_db [None req-9135233b-da17-4b14-ac86-4ff99c707650 15347a2cd9fb413892463cba0acf75e4 3b11b5342cb9458b8a6fe990fe268e21 - - default default] Successfully bumped revision number for resource 9130ea37-b61c-4d5b-a8b9-b5a20c504646 (type: security_group_rules) to 0
2026-07-15 22:58:33.769 9 INFO neutron.db.ovn_revision_numbers_db [None req-9135233b-da17-4b14-ac86-4ff99c707650 15347a2cd9fb413892463cba0acf75e4 3b11b5342cb9458b8a6fe990fe268e21 - - default default] Successfully bumped revision number for resource ad64c347-289c-411c-846a-2be083d2d99b (type: security_group_rules) to 0
2026-07-15 22:58:33.802 9 INFO neutron.wsgi [None req-9135233b-da17-4b14-ac86-4ff99c707650 15347a2cd9fb413892463cba0acf75e4 3b11b5342cb9458b8a6fe990fe268e21 - - default default] 10.0.0.216 "GET /v2.0/security-groups?tenant_id=1b10f4e0b8574ffab18077566e925663&name=default HTTP/1.1" status: 200 len: 2996 time: 0.3129621
2026-07-15 22:58:33.978 10 INFO neutron.wsgi [None req-94d7e400-2bfc-46a2-8ba3-f0f6c7b31a47 15347a2cd9fb413892463cba0acf75e4 3b11b5342cb9458b8a6fe990fe268e21 - - default default] 10.0.0.216 "DELETE /v2.0/security-groups/672bf7d7-d041-4c08-8e6d-e2516b277966 HTTP/1.1" status: 204 len: 168 time: 0.1686177
2026-07-15 22:58:34.260 9 INFO neutron.db.ovn_revision_numbers_db [None req-ea089964-cfa7-4238-926d-8bf3ebf26bc1 15347a2cd9fb413892463cba0acf75e4 3b11b5342cb9458b8a6fe990fe268e21 - - default default] Successfully bumped revision number for resource c649750a-f5a9-4a71-b783-10f842e49dcd (type: security_groups) to 1
2026-07-15 22:58:34.276 9 INFO neutron.wsgi [req-b0d48abe-1746-4ac7-a1c7-a552d8b99cb8 req-8b3c1366-fe35-4412-a82f-6d35184ae142 1a30fe21a22645d09a83b703606a46f3 7791ba0412aa49369c7c53905b951581 - - default default] 10.0.0.199 "GET /v2.0/networks?id=aae327ab-f240-4693-9052-0f9b1de8f953 HTTP/1.1" status: 200 len: 870 time: 0.1166027
2026-07-15 22:58:34.291 9 INFO neutron.db.ovn_revision_numbers_db [None req-ea089964-cfa7-4238-926d-8bf3ebf26bc1 15347a2cd9fb413892463cba0acf75e4 3b11b5342cb9458b8a6fe990fe268e21 - - default default] Successfully bumped revision number for resource 0c0ac409-8091-4ceb-8190-0cb3694d4eea (type: security_group_rules) to 0
2026-07-15 22:58:34.294 9 INFO neutron.wsgi [req-b0d48abe-1746-4ac7-a1c7-a552d8b99cb8 req-abf4c0bc-610a-45a3-a6ec-17514e96fa89 1a30fe21a22645d09a83b703606a46f3 7791ba0412aa49369c7c53905b951581 - - default default] 10.0.0.199 "GET /v2.0/quotas/7791ba0412aa49369c7c53905b951581 HTTP/1.1" status: 200 len: 386 time: 0.0105803
2026-07-15 22:58:34.340 9 INFO neutron.db.ovn_revision_numbers_db [None req-ea089964-cfa7-4238-926d-8bf3ebf26bc1 15347a2cd9fb413892463cba0acf75e4 3b11b5342cb9458b8a6fe990fe268e21 - - default default] Successfully bumped revision number for resource 2f7870fb-2bbb-45b1-ba20-e59c4550718f (type: security_group_rules) to 0
2026-07-15 22:58:34.365 9 INFO neutron.db.ovn_revision_numbers_db [None req-ea089964-cfa7-4238-926d-8bf3ebf26bc1 15347a2cd9fb413892463cba0acf75e4 3b11b5342cb9458b8a6fe990fe268e21 - - default default] Successfully bumped revision number for resource 302495e5-e3dc-4cbb-8cdc-a8e3abf8cab3 (type: security_group_rules) to 0
2026-07-15 22:58:34.389 9 INFO neutron.db.ovn_revision_numbers_db [None req-ea089964-cfa7-4238-926d-8bf3ebf26bc1 15347a2cd9fb413892463cba0acf75e4 3b11b5342cb9458b8a6fe990fe268e21 - - default default] Successfully bumped revision number for resource 5b025748-edeb-40a9-9f4f-af45793f9f47 (type: security_group_rules) to 0
2026-07-15 22:58:34.421 9 INFO neutron.wsgi [None req-ea089964-cfa7-4238-926d-8bf3ebf26bc1 15347a2cd9fb413892463cba0acf75e4 3b11b5342cb9458b8a6fe990fe268e21 - - default default] 10.0.0.216 "GET /v2.0/security-groups?tenant_id=67da04b3a7984cd896f4e7f5d499b6da&name=default HTTP/1.1" status: 200 len: 2996 time: 0.3377202
2026-07-15 22:58:34.425 9 INFO neutron.wsgi [req-b0d48abe-1746-4ac7-a1c7-a552d8b99cb8 req-b1d763c8-6538-4aa2-ab4f-d150786293e6 1a30fe21a22645d09a83b703606a46f3 7791ba0412aa49369c7c53905b951581 - - default default] 10.0.0.199 "GET /v2.0/ports?tenant_id=7791ba0412aa49369c7c53905b951581&fields=id HTTP/1.1" status: 200 len: 302 time: 0.1230414
2026-07-15 22:58:34.501 9 INFO neutron.wsgi [req-b0d48abe-1746-4ac7-a1c7-a552d8b99cb8 req-7e740d52-fd7d-41aa-a7e3-8cab0b5f20c9 020148a245aa457ba8f9ae8eec1f5b74 f4970c914d95420382e7831c1c5a8c46 - - 713730aea4c849d39e19d81e6968278a 713730aea4c849d39e19d81e6968278a] 10.0.0.199 "GET /v2.0/networks/aae327ab-f240-4693-9052-0f9b1de8f953?fields=segments HTTP/1.1" status: 200 len: 212 time: 0.0680664
2026-07-15 22:58:34.558 9 INFO neutron.wsgi [req-b0d48abe-1746-4ac7-a1c7-a552d8b99cb8 req-88b49dd5-df0f-49b4-86e4-e4b5987a367d 020148a245aa457ba8f9ae8eec1f5b74 f4970c914d95420382e7831c1c5a8c46 - - 713730aea4c849d39e19d81e6968278a 713730aea4c849d39e19d81e6968278a] 10.0.0.199 "GET /v2.0/networks/aae327ab-f240-4693-9052-0f9b1de8f953?fields=provider%3Aphysical_network&fields=provider%3Anetwork_type HTTP/1.1" status: 200 len: 277 time: 0.0495677
2026-07-15 22:58:34.639 10 INFO neutron.wsgi [None req-605b1ef1-7548-4151-b453-e52c28e4207f 15347a2cd9fb413892463cba0acf75e4 3b11b5342cb9458b8a6fe990fe268e21 - - default default] 10.0.0.216 "DELETE /v2.0/security-groups/c649750a-f5a9-4a71-b783-10f842e49dcd HTTP/1.1" status: 204 len: 168 time: 0.2111094
2026-07-15 22:58:34.691 10 INFO neutron.wsgi [req-af27f8fd-351c-4a53-8e77-a941acd59419 req-6c16feb3-3e4c-49bb-9372-b80b58b8798e 1a30fe21a22645d09a83b703606a46f3 7791ba0412aa49369c7c53905b951581 - - default default] 10.0.0.199 "GET /v2.0/ports?device_id=a94c7986-d1f6-4670-acd2-ecd2d22ae00f HTTP/1.1" status: 200 len: 210 time: 0.0284314
2026-07-15 22:58:35.446 9 INFO neutron.wsgi [req-b0d48abe-1746-4ac7-a1c7-a552d8b99cb8 req-87b295d2-4b57-4b95-9ea9-75389866969f 1a30fe21a22645d09a83b703606a46f3 7791ba0412aa49369c7c53905b951581 - - default default] 199.204.45.235 "GET /v2.0/networks?id=aae327ab-f240-4693-9052-0f9b1de8f953 HTTP/1.1" status: 200 len: 870 time: 0.0679362
2026-07-15 22:58:35.811 9 INFO neutron.wsgi [req-f0d155d5-86bf-4dbe-b7e9-93242d54292f req-70cbde54-bcb3-4aa3-af29-fe979571bb69 1a30fe21a22645d09a83b703606a46f3 7791ba0412aa49369c7c53905b951581 - - default default] 10.0.0.199 "GET /v2.0/ports?device_id=a94c7986-d1f6-4670-acd2-ecd2d22ae00f HTTP/1.1" status: 200 len: 1156 time: 0.0532448
2026-07-15 22:58:35.814 9 WARNING neutron.scheduler.dhcp_agent_scheduler [req-b0d48abe-1746-4ac7-a1c7-a552d8b99cb8 req-0313c073-e0c0-4932-88db-99b19c5ce2cb 1a30fe21a22645d09a83b703606a46f3 7791ba0412aa49369c7c53905b951581 - - default default] No more DHCP agents
2026-07-15 22:58:35.816 9 WARNING neutron.api.rpc.agentnotifiers.dhcp_rpc_agent_api [req-b0d48abe-1746-4ac7-a1c7-a552d8b99cb8 req-0313c073-e0c0-4932-88db-99b19c5ce2cb 1a30fe21a22645d09a83b703606a46f3 7791ba0412aa49369c7c53905b951581 - - default default] Unable to schedule network aae327ab-f240-4693-9052-0f9b1de8f953: no agents available; will retry on subsequent port and subnet creation events. /var/lib/openstack/lib/python3.10/site-packages/pycadf/identifier.py:71: UserWarning: Invalid uuid: neutron. To ensure interoperability, identifiers should be a valid uuid. warnings.warn(('Invalid uuid: %s. To ensure interoperability, '
2026-07-15 22:58:35.867 9 INFO neutron.wsgi [req-f0d155d5-86bf-4dbe-b7e9-93242d54292f req-eb802823-d058-4db8-a7de-08952ae61923 1a30fe21a22645d09a83b703606a46f3 7791ba0412aa49369c7c53905b951581 - - default default] 10.0.0.199 "GET /v2.0/security-groups?id=b10ab56e-1ca6-4cab-9b2b-91e20880b4b0&fields=id&fields=name HTTP/1.1" status: 200 len: 286 time: 0.0482931
2026-07-15 22:58:35.988 9 INFO neutron.db.ovn_revision_numbers_db [req-b0d48abe-1746-4ac7-a1c7-a552d8b99cb8 req-0313c073-e0c0-4932-88db-99b19c5ce2cb 1a30fe21a22645d09a83b703606a46f3 7791ba0412aa49369c7c53905b951581 - - default default] Successfully bumped revision number for resource 8a4e9917-9ed5-44b0-aa1d-e7f3aef962be (type: ports) to 1
2026-07-15 22:58:36.014 9 INFO neutron.wsgi [req-b0d48abe-1746-4ac7-a1c7-a552d8b99cb8 req-0313c073-e0c0-4932-88db-99b19c5ce2cb 1a30fe21a22645d09a83b703606a46f3 7791ba0412aa49369c7c53905b951581 - - default default] 199.204.45.235 "POST /v2.0/ports HTTP/1.1" status: 201 len: 1158 time: 0.5603423
2026-07-15 22:58:36.454 9 INFO neutron.db.ovn_revision_numbers_db [req-b0d48abe-1746-4ac7-a1c7-a552d8b99cb8 req-5505495b-764f-4a61-b885-28769bb76b3b 020148a245aa457ba8f9ae8eec1f5b74 f4970c914d95420382e7831c1c5a8c46 - - 713730aea4c849d39e19d81e6968278a 713730aea4c849d39e19d81e6968278a] Successfully bumped revision number for resource 8a4e9917-9ed5-44b0-aa1d-e7f3aef962be (type: ports) to 2
2026-07-15 22:58:36.653 9 INFO neutron.db.ovn_revision_numbers_db [req-b0d48abe-1746-4ac7-a1c7-a552d8b99cb8 req-5505495b-764f-4a61-b885-28769bb76b3b 020148a245aa457ba8f9ae8eec1f5b74 f4970c914d95420382e7831c1c5a8c46 - - 713730aea4c849d39e19d81e6968278a 713730aea4c849d39e19d81e6968278a] Successfully bumped revision number for resource 8a4e9917-9ed5-44b0-aa1d-e7f3aef962be (type: ports) to 2
2026-07-15 22:58:36.670 9 INFO neutron.wsgi [req-b0d48abe-1746-4ac7-a1c7-a552d8b99cb8 req-5505495b-764f-4a61-b885-28769bb76b3b 020148a245aa457ba8f9ae8eec1f5b74 f4970c914d95420382e7831c1c5a8c46 - - 713730aea4c849d39e19d81e6968278a 713730aea4c849d39e19d81e6968278a] 199.204.45.235 "PUT /v2.0/ports/8a4e9917-9ed5-44b0-aa1d-e7f3aef962be HTTP/1.1" status: 200 len: 1376 time: 0.6444514
2026-07-15 22:58:36.682 9 INFO neutron.wsgi [-] 10.0.0.25 "GET / HTTP/1.1" status: 200 len: 247 time: 0.0016017
2026-07-15 22:58:36.684 9 INFO neutron.wsgi [-] 10.0.0.25 "GET / HTTP/1.1" status: 200 len: 247 time: 0.0013502
2026-07-15 22:58:36.709 9 INFO neutron.notifiers.nova [-] Nova event matching ['req-93738eac-6ad4-43f8-a69c-9cffcc58ef5b'] response: {'name': 'network-changed', 'server_uuid': 'a94c7986-d1f6-4670-acd2-ecd2d22ae00f', 'tag': '8a4e9917-9ed5-44b0-aa1d-e7f3aef962be', 'status': 'completed', 'code': 200} /var/lib/openstack/lib/python3.10/site-packages/pycadf/identifier.py:71: UserWarning: Invalid uuid: neutron. To ensure interoperability, identifiers should be a valid uuid. warnings.warn(('Invalid uuid: %s. To ensure interoperability, '
2026-07-15 22:58:36.760 9 INFO neutron.wsgi [req-b0d48abe-1746-4ac7-a1c7-a552d8b99cb8 req-e3994108-3721-4b84-811b-36db3c8b2276 020148a245aa457ba8f9ae8eec1f5b74 f4970c914d95420382e7831c1c5a8c46 - - 713730aea4c849d39e19d81e6968278a 713730aea4c849d39e19d81e6968278a] 199.204.45.235 "GET /v2.0/ports?tenant_id=7791ba0412aa49369c7c53905b951581&device_id=a94c7986-d1f6-4670-acd2-ecd2d22ae00f HTTP/1.1" status: 200 len: 1407 time: 0.0355752
2026-07-15 22:58:36.786 9 INFO neutron.wsgi [req-b0d48abe-1746-4ac7-a1c7-a552d8b99cb8 req-8fbd5415-900c-45d2-ac6b-5e46cab885e7 020148a245aa457ba8f9ae8eec1f5b74 f4970c914d95420382e7831c1c5a8c46 - - 713730aea4c849d39e19d81e6968278a 713730aea4c849d39e19d81e6968278a] 199.204.45.235 "GET /v2.0/floatingips?fixed_ip_address=10.100.0.4&port_id=8a4e9917-9ed5-44b0-aa1d-e7f3aef962be HTTP/1.1" status: 200 len: 217 time: 0.0208163
2026-07-15 22:58:36.823 9 INFO neutron.wsgi [req-b0d48abe-1746-4ac7-a1c7-a552d8b99cb8 req-c6e7133f-7d10-4c57-b74b-57422f262bcb 020148a245aa457ba8f9ae8eec1f5b74 f4970c914d95420382e7831c1c5a8c46 - - 713730aea4c849d39e19d81e6968278a 713730aea4c849d39e19d81e6968278a] 199.204.45.235 "GET /v2.0/subnets?id=49525ddc-24b7-407d-aa46-aecd04f1f844 HTTP/1.1" status: 200 len: 864 time: 0.0330663
2026-07-15 22:58:36.848 9 INFO neutron.wsgi [req-b0d48abe-1746-4ac7-a1c7-a552d8b99cb8 req-aa85aa72-c093-44c7-b6ec-d0ffd7ae84e8 020148a245aa457ba8f9ae8eec1f5b74 f4970c914d95420382e7831c1c5a8c46 - - 713730aea4c849d39e19d81e6968278a 713730aea4c849d39e19d81e6968278a] 199.204.45.235 "GET /v2.0/ports?network_id=aae327ab-f240-4693-9052-0f9b1de8f953&device_owner=network%3Adhcp HTTP/1.1" status: 200 len: 210 time: 0.0187807
2026-07-15 22:58:36.911 9 INFO neutron.wsgi [req-b0d48abe-1746-4ac7-a1c7-a552d8b99cb8 req-0a40bd01-363f-4d8f-87e6-a8377d118eb6 020148a245aa457ba8f9ae8eec1f5b74 f4970c914d95420382e7831c1c5a8c46 - - 713730aea4c849d39e19d81e6968278a 713730aea4c849d39e19d81e6968278a] 199.204.45.235 "GET /v2.0/networks/aae327ab-f240-4693-9052-0f9b1de8f953?fields=segments HTTP/1.1" status: 200 len: 212 time: 0.0584471
2026-07-15 22:58:36.992 9 INFO neutron.wsgi [req-8d2e4b13-6097-4e9d-97c8-5c2678fdae78 req-84390380-7a01-4c39-8dfa-580c52940721 1a30fe21a22645d09a83b703606a46f3 7791ba0412aa49369c7c53905b951581 - - default default] 10.0.0.199 "GET /v2.0/ports?device_id=a94c7986-d1f6-4670-acd2-ecd2d22ae00f HTTP/1.1" status: 200 len: 1168 time: 0.0580707
2026-07-15 22:58:37.007 9 INFO neutron.wsgi [req-b0d48abe-1746-4ac7-a1c7-a552d8b99cb8 req-ec3d138e-96e8-453a-b13a-d7e58bfe1f27 020148a245aa457ba8f9ae8eec1f5b74 f4970c914d95420382e7831c1c5a8c46 - - 713730aea4c849d39e19d81e6968278a 713730aea4c849d39e19d81e6968278a] 199.204.45.235 "GET /v2.0/networks/aae327ab-f240-4693-9052-0f9b1de8f953?fields=provider%3Aphysical_network&fields=provider%3Anetwork_type HTTP/1.1" status: 200 len: 277 time: 0.0908847
2026-07-15 22:58:37.047 9 INFO neutron.wsgi [req-8d2e4b13-6097-4e9d-97c8-5c2678fdae78 req-69e41372-7d79-4be0-ba68-9da925586265 1a30fe21a22645d09a83b703606a46f3 7791ba0412aa49369c7c53905b951581 - - default default] 10.0.0.199 "GET /v2.0/security-groups?id=b10ab56e-1ca6-4cab-9b2b-91e20880b4b0&fields=id&fields=name HTTP/1.1" status: 200 len: 286 time: 0.0482576
2026-07-15 22:58:37.100 9 INFO neutron.wsgi [req-42f46c41-7db4-410e-8778-fde6042e3c94 req-66eb3136-12bb-42dd-8132-7e7288796f8d 020148a245aa457ba8f9ae8eec1f5b74 f4970c914d95420382e7831c1c5a8c46 - - 713730aea4c849d39e19d81e6968278a 713730aea4c849d39e19d81e6968278a] 199.204.45.235 "GET /v2.0/ports?tenant_id=7791ba0412aa49369c7c53905b951581&device_id=a94c7986-d1f6-4670-acd2-ecd2d22ae00f HTTP/1.1" status: 200 len: 1407 time: 0.0521278
2026-07-15 22:58:37.186 9 INFO neutron.wsgi [req-42f46c41-7db4-410e-8778-fde6042e3c94 req-362cd6d4-4bf5-469b-abc3-3e900eb071eb 020148a245aa457ba8f9ae8eec1f5b74 f4970c914d95420382e7831c1c5a8c46 - - 713730aea4c849d39e19d81e6968278a 713730aea4c849d39e19d81e6968278a] 199.204.45.235 "GET /v2.0/networks?id=aae327ab-f240-4693-9052-0f9b1de8f953 HTTP/1.1" status: 200 len: 969 time: 0.0796382
2026-07-15 22:58:37.244 9 INFO neutron.wsgi [req-42f46c41-7db4-410e-8778-fde6042e3c94 req-ea4941a6-4146-47d2-8bb3-314ebcc08121 020148a245aa457ba8f9ae8eec1f5b74 f4970c914d95420382e7831c1c5a8c46 - - 713730aea4c849d39e19d81e6968278a 713730aea4c849d39e19d81e6968278a] 199.204.45.235 "GET /v2.0/floatingips?fixed_ip_address=10.100.0.4&port_id=8a4e9917-9ed5-44b0-aa1d-e7f3aef962be HTTP/1.1" status: 200 len: 217 time: 0.0455325
2026-07-15 22:58:37.269 10 WARNING neutron.plugins.ml2.drivers.ovn.mech_driver.ovsdb.ovn_client [None req-cd3b2352-ef9d-4b0d-b87f-52edbcc52025 - - - - - -] No hosting information found for port ef84ecc3-56a9-415d-a32d-35aaf683aa12: RuntimeError: No hosting information found for port ef84ecc3-56a9-415d-a32d-35aaf683aa12
2026-07-15 22:58:37.269 10 INFO neutron.plugins.ml2.drivers.ovn.mech_driver.mech_driver [None req-cd3b2352-ef9d-4b0d-b87f-52edbcc52025 - - - - - -] OVN reports status up for port: 8a4e9917-9ed5-44b0-aa1d-e7f3aef962be
2026-07-15 22:58:37.282 10 INFO neutron.plugins.ml2.plugin [None req-cd3b2352-ef9d-4b0d-b87f-52edbcc52025 - - - - - -] Attempt 1 to provision port 8a4e9917-9ed5-44b0-aa1d-e7f3aef962be
2026-07-15 22:58:37.293 9 INFO neutron.wsgi [req-42f46c41-7db4-410e-8778-fde6042e3c94 req-c890a6ea-f0f2-452a-8b3e-adc5e3e12992 020148a245aa457ba8f9ae8eec1f5b74 f4970c914d95420382e7831c1c5a8c46 - - 713730aea4c849d39e19d81e6968278a 713730aea4c849d39e19d81e6968278a] 199.204.45.235 "GET /v2.0/subnets?id=49525ddc-24b7-407d-aa46-aecd04f1f844 HTTP/1.1" status: 200 len: 864 time: 0.0376084
2026-07-15 22:58:37.342 9 INFO neutron.wsgi [req-42f46c41-7db4-410e-8778-fde6042e3c94 req-87c239c9-18be-497d-8b17-6bc4e48cae48 020148a245aa457ba8f9ae8eec1f5b74 f4970c914d95420382e7831c1c5a8c46 - - 713730aea4c849d39e19d81e6968278a 713730aea4c849d39e19d81e6968278a] 199.204.45.235 "GET /v2.0/ports?network_id=aae327ab-f240-4693-9052-0f9b1de8f953&device_owner=network%3Adhcp HTTP/1.1" status: 200 len: 210 time: 0.0378234
2026-07-15 22:58:37.410 9 INFO neutron.wsgi [req-42f46c41-7db4-410e-8778-fde6042e3c94 req-dc5bcaa5-c915-40bc-a992-9bf2f09e25d0 020148a245aa457ba8f9ae8eec1f5b74 f4970c914d95420382e7831c1c5a8c46 - - 713730aea4c849d39e19d81e6968278a 713730aea4c849d39e19d81e6968278a] 199.204.45.235 "GET /v2.0/networks/aae327ab-f240-4693-9052-0f9b1de8f953?fields=segments HTTP/1.1" status: 200 len: 212 time: 0.0628257
2026-07-15 22:58:37.434 10 INFO neutron.notifiers.nova [-] Nova event matching ['req-51167f0c-821d-4d3e-bf0c-0b39803c732d'] response: {'server_uuid': 'a94c7986-d1f6-4670-acd2-ecd2d22ae00f', 'name': 'network-vif-plugged', 'status': 'completed', 'tag': '8a4e9917-9ed5-44b0-aa1d-e7f3aef962be', 'code': 200}
2026-07-15 22:58:37.483 9 INFO neutron.wsgi [req-42f46c41-7db4-410e-8778-fde6042e3c94 req-f8cbf438-208e-4392-9fde-7643abb84ec3 020148a245aa457ba8f9ae8eec1f5b74 f4970c914d95420382e7831c1c5a8c46 - - 713730aea4c849d39e19d81e6968278a 713730aea4c849d39e19d81e6968278a] 199.204.45.235 "GET /v2.0/networks/aae327ab-f240-4693-9052-0f9b1de8f953?fields=provider%3Aphysical_network&fields=provider%3Anetwork_type HTTP/1.1" status: 200 len: 277 time: 0.0663598
2026-07-15 22:58:37.621 10 INFO neutron.db.ovn_revision_numbers_db [None req-cd3b2352-ef9d-4b0d-b87f-52edbcc52025 - - - - - -] Successfully bumped revision number for resource 8a4e9917-9ed5-44b0-aa1d-e7f3aef962be (type: ports) to 4
2026-07-15 22:58:37.885 9 INFO neutron.wsgi [req-795133cb-ed08-402b-a6e2-c7fad1c3b2bf req-7a8dea48-9418-4eac-870b-9b3b8e379ec3 020148a245aa457ba8f9ae8eec1f5b74 f4970c914d95420382e7831c1c5a8c46 - - 713730aea4c849d39e19d81e6968278a 713730aea4c849d39e19d81e6968278a] 10.0.0.241 "GET /v2.0/ports?device_id=bb50a688-637b-49ad-bce8-59f1b1fb6f40 HTTP/1.1" status: 200 len: 1413 time: 0.0363467
2026-07-15 22:58:37.936 9 INFO neutron.wsgi [req-795133cb-ed08-402b-a6e2-c7fad1c3b2bf req-00274f22-4190-4fba-9713-673af038455a 020148a245aa457ba8f9ae8eec1f5b74 f4970c914d95420382e7831c1c5a8c46 - - 713730aea4c849d39e19d81e6968278a 713730aea4c849d39e19d81e6968278a] 10.0.0.241 "GET /v2.0/security-groups?id=6a2c0811-6e90-441b-ba0a-8d97295ae2b0&fields=id&fields=name HTTP/1.1" status: 200 len: 312 time: 0.0430636
2026-07-15 22:58:38.154 9 INFO neutron.wsgi [None req-d98adcac-4964-44e6-b22c-8e6cbbf6b8aa b529ce8a36c546ab8718d34c2f00196b 0a9a464fe61c4b15b9240e1d2545e19e - - default default] 10.0.0.216 "POST /v2.0/subnetpools HTTP/1.1" status: 201 len: 715 time: 0.2436872 /var/lib/openstack/lib/python3.10/site-packages/pycadf/identifier.py:71: UserWarning: Invalid uuid: neutron. To ensure interoperability, identifiers should be a valid uuid. warnings.warn(('Invalid uuid: %s. To ensure interoperability, '
2026-07-15 22:58:38.170 9 INFO neutron.wsgi [req-51637d57-9580-47e8-aed1-8c7a06bbb1f8 req-7e3320e1-3f33-430d-81c5-a544f258bc44 1a30fe21a22645d09a83b703606a46f3 7791ba0412aa49369c7c53905b951581 - - default default] 10.0.0.199 "GET /v2.0/ports?device_id=a94c7986-d1f6-4670-acd2-ecd2d22ae00f HTTP/1.1" status: 200 len: 1170 time: 0.0426161
2026-07-15 22:58:38.213 10 INFO neutron.wsgi [None req-37e2eaf2-c8f6-4c64-b761-34fd8248f7fd b529ce8a36c546ab8718d34c2f00196b 0a9a464fe61c4b15b9240e1d2545e19e - - default default] 10.0.0.216 "PUT /v2.0/subnetpools/de45a699-cad9-475a-9cc6-4e8c9a34341f/tags HTTP/1.1" status: 200 len: 218 time: 0.0530825
2026-07-15 22:58:38.224 9 INFO neutron.wsgi [req-51637d57-9580-47e8-aed1-8c7a06bbb1f8 req-463a6a85-b92d-41c5-9637-70cc85aaa251 1a30fe21a22645d09a83b703606a46f3 7791ba0412aa49369c7c53905b951581 - - default default] 10.0.0.199 "GET /v2.0/security-groups?id=b10ab56e-1ca6-4cab-9b2b-91e20880b4b0&fields=id&fields=name HTTP/1.1" status: 200 len: 286 time: 0.0432601
2026-07-15 22:58:38.247 10 INFO neutron.wsgi [None req-f4d50754-1265-40bb-a24f-c810a113ee17 b529ce8a36c546ab8718d34c2f00196b 0a9a464fe61c4b15b9240e1d2545e19e - - default default] 10.0.0.216 "GET /v2.0/subnetpools/de45a699-cad9-475a-9cc6-4e8c9a34341f/tags HTTP/1.1" status: 200 len: 218 time: 0.0259068
2026-07-15 22:58:38.285 10 INFO neutron.wsgi [None req-e3dbb4b6-f62a-4c62-9967-9594a4a7a5cd b529ce8a36c546ab8718d34c2f00196b 0a9a464fe61c4b15b9240e1d2545e19e - - default default] 10.0.0.216 "PUT /v2.0/subnetpools/de45a699-cad9-475a-9cc6-4e8c9a34341f/tags/green HTTP/1.1" status: 201 len: 201 time: 0.0318248
2026-07-15 22:58:38.311 10 INFO neutron.wsgi [None req-c5dff403-1950-47dc-8bbd-d63b29b2e704 b529ce8a36c546ab8718d34c2f00196b 0a9a464fe61c4b15b9240e1d2545e19e - - default default] 10.0.0.216 "GET /v2.0/subnetpools/de45a699-cad9-475a-9cc6-4e8c9a34341f/tags HTTP/1.1" status: 200 len: 227 time: 0.0194154
2026-07-15 22:58:38.335 10 INFO neutron.wsgi [None req-128bc319-64ed-4e0e-a676-26e12fd2ebcb b529ce8a36c546ab8718d34c2f00196b 0a9a464fe61c4b15b9240e1d2545e19e - - default default] 10.0.0.216 "PUT /v2.0/subnetpools/de45a699-cad9-475a-9cc6-4e8c9a34341f/tags/red HTTP/1.1" status: 201 len: 201 time: 0.0186300
2026-07-15 22:58:38.357 10 INFO neutron.wsgi [None req-09665ff6-3398-4c61-8aef-89a38654cb9a b529ce8a36c546ab8718d34c2f00196b 0a9a464fe61c4b15b9240e1d2545e19e - - default default] 10.0.0.216 "GET /v2.0/subnetpools/de45a699-cad9-475a-9cc6-4e8c9a34341f/tags HTTP/1.1" status: 200 len: 227 time: 0.0175674
2026-07-15 22:58:38.389 10 INFO neutron.wsgi [None req-6c66a1d0-3486-43b8-b872-bf4d6cf689b5 b529ce8a36c546ab8718d34c2f00196b 0a9a464fe61c4b15b9240e1d2545e19e - - default default] 10.0.0.216 "PUT /v2.0/subnetpools/de45a699-cad9-475a-9cc6-4e8c9a34341f/tags/black.or.white HTTP/1.1" status: 201 len: 201 time: 0.0285959
2026-07-15 22:58:38.410 10 INFO neutron.wsgi [None req-96bace36-37fa-4e72-815c-fabe87220a36 b529ce8a36c546ab8718d34c2f00196b 0a9a464fe61c4b15b9240e1d2545e19e - - default default] 10.0.0.216 "GET /v2.0/subnetpools/de45a699-cad9-475a-9cc6-4e8c9a34341f/tags HTTP/1.1" status: 200 len: 245 time: 0.0166163
2026-07-15 22:58:38.452 10 INFO neutron.wsgi [None req-df37714b-5b24-4648-a41b-f03d2f8f6725 b529ce8a36c546ab8718d34c2f00196b 0a9a464fe61c4b15b9240e1d2545e19e - - default default] 10.0.0.216 "PUT /v2.0/subnetpools/de45a699-cad9-475a-9cc6-4e8c9a34341f/tags HTTP/1.1" status: 200 len: 230 time: 0.0332077
2026-07-15 22:58:38.476 10 INFO neutron.wsgi [None req-fcc2fba0-cc83-44f7-8ab0-4a091cedd743 b529ce8a36c546ab8718d34c2f00196b 0a9a464fe61c4b15b9240e1d2545e19e - - default default] 10.0.0.216 "GET /v2.0/subnetpools/de45a699-cad9-475a-9cc6-4e8c9a34341f/tags HTTP/1.1" status: 200 len: 230 time: 0.0168905
2026-07-15 22:58:38.494 10 INFO neutron.wsgi [None req-31570e22-4072-45e7-ae76-6a476b245671 b529ce8a36c546ab8718d34c2f00196b 0a9a464fe61c4b15b9240e1d2545e19e - - default default] 10.0.0.216 "GET /v2.0/subnetpools/de45a699-cad9-475a-9cc6-4e8c9a34341f/tags/red HTTP/1.1" status: 204 len: 168 time: 0.0147970
2026-07-15 22:58:38.514 10 INFO neutron.api.v2.resource [None req-6c6e0315-638e-4d90-8ad3-f3bc546d2e2b b529ce8a36c546ab8718d34c2f00196b 0a9a464fe61c4b15b9240e1d2545e19e - - default default] show failed (client error): The resource could not be found.
2026-07-15 22:58:38.515 10 INFO neutron.wsgi [None req-6c6e0315-638e-4d90-8ad3-f3bc546d2e2b b529ce8a36c546ab8718d34c2f00196b 0a9a464fe61c4b15b9240e1d2545e19e - - default default] 10.0.0.216 "GET /v2.0/subnetpools/de45a699-cad9-475a-9cc6-4e8c9a34341f/tags/green HTTP/1.1" status: 404 len: 299 time: 0.0155230
2026-07-15 22:58:38.551 10 INFO neutron.wsgi [None req-1dc8d01a-090a-420f-a38b-21c53e095347 b529ce8a36c546ab8718d34c2f00196b 0a9a464fe61c4b15b9240e1d2545e19e - - default default] 10.0.0.216 "DELETE /v2.0/subnetpools/de45a699-cad9-475a-9cc6-4e8c9a34341f/tags/red HTTP/1.1" status: 204 len: 168 time: 0.0323019
2026-07-15 22:58:38.594 10 INFO neutron.wsgi [None req-2ffed87d-40fa-494e-94ba-b6c449ff17e7 b529ce8a36c546ab8718d34c2f00196b 0a9a464fe61c4b15b9240e1d2545e19e - - default default] 10.0.0.216 "GET /v2.0/subnetpools/de45a699-cad9-475a-9cc6-4e8c9a34341f/tags HTTP/1.1" status: 200 len: 223 time: 0.0380490
2026-07-15 22:58:38.627 10 INFO neutron.api.v2.resource [None req-5d68491b-fd5e-497e-a30c-5af690567225 b529ce8a36c546ab8718d34c2f00196b 0a9a464fe61c4b15b9240e1d2545e19e - - default default] delete failed (client error): The resource could not be found.
2026-07-15 22:58:38.629 10 INFO neutron.wsgi [None req-5d68491b-fd5e-497e-a30c-5af690567225 b529ce8a36c546ab8718d34c2f00196b 0a9a464fe61c4b15b9240e1d2545e19e - - default default] 10.0.0.216 "DELETE /v2.0/subnetpools/de45a699-cad9-475a-9cc6-4e8c9a34341f/tags/green HTTP/1.1" status: 404 len: 299 time: 0.0279458
2026-07-15 22:58:38.671 9 INFO neutron.wsgi [None req-67941bc2-0736-4885-b77b-5d6c745fdaa8 b529ce8a36c546ab8718d34c2f00196b 0a9a464fe61c4b15b9240e1d2545e19e - - default default] 10.0.0.216 "DELETE /v2.0/subnetpools/de45a699-cad9-475a-9cc6-4e8c9a34341f/tags HTTP/1.1" status: 204 len: 168 time: 0.0360799
2026-07-15 22:58:38.696 9 INFO neutron.wsgi [None req-4989b7e7-6c57-4bd2-af00-1669adff2795 b529ce8a36c546ab8718d34c2f00196b 0a9a464fe61c4b15b9240e1d2545e19e - - default default] 10.0.0.216 "GET /v2.0/subnetpools/de45a699-cad9-475a-9cc6-4e8c9a34341f/tags HTTP/1.1" status: 200 len: 205 time: 0.0176103
2026-07-15 22:58:38.783 9 INFO neutron.wsgi [None req-9928df39-4d3c-476f-bb95-79c86a76b165 b529ce8a36c546ab8718d34c2f00196b 0a9a464fe61c4b15b9240e1d2545e19e - - default default] 10.0.0.216 "DELETE /v2.0/subnetpools/de45a699-cad9-475a-9cc6-4e8c9a34341f HTTP/1.1" status: 204 len: 168 time: 0.0599456
2026-07-15 22:58:39.330 9 INFO neutron.wsgi [req-69591cea-cc65-4f1d-8a37-a6fafbb6c170 req-00368456-e3a1-44e9-a4b9-0207ff960546 1a30fe21a22645d09a83b703606a46f3 7791ba0412aa49369c7c53905b951581 - - default default] 10.0.0.199 "GET /v2.0/ports?device_id=a94c7986-d1f6-4670-acd2-ecd2d22ae00f HTTP/1.1" status: 200 len: 1170 time: 0.0362842
2026-07-15 22:58:39.380 9 INFO neutron.wsgi [req-69591cea-cc65-4f1d-8a37-a6fafbb6c170 req-5368cc19-22bb-4cd2-b1ac-df7a8440fa0a 1a30fe21a22645d09a83b703606a46f3 7791ba0412aa49369c7c53905b951581 - - default default] 10.0.0.199 "GET /v2.0/security-groups?id=b10ab56e-1ca6-4cab-9b2b-91e20880b4b0&fields=id&fields=name HTTP/1.1" status: 200 len: 286 time: 0.0425534
2026-07-15 22:58:39.501 10 INFO neutron.notifiers.nova [-] Nova event matching ['req-a66fa22e-8290-46c4-8c04-94d2caac946b'] response: {'server_uuid': 'a94c7986-d1f6-4670-acd2-ecd2d22ae00f', 'name': 'network-vif-plugged', 'status': 'completed', 'tag': '8a4e9917-9ed5-44b0-aa1d-e7f3aef962be', 'code': 200}
2026-07-15 22:58:39.508 9 INFO neutron.wsgi [req-a72845e3-472f-4594-bef6-684c3daabc29 req-444d7e33-5418-4f4d-b3db-1326bfa52bad 020148a245aa457ba8f9ae8eec1f5b74 f4970c914d95420382e7831c1c5a8c46 - - 713730aea4c849d39e19d81e6968278a 713730aea4c849d39e19d81e6968278a] 199.204.45.235 "GET /v2.0/ports?device_id=09beeafb-3088-4a5f-ad15-cbc66b520011&fields=binding%3Ahost_id&fields=binding%3Avif_type HTTP/1.1" status: 200 len: 265 time: 0.0531254
2026-07-15 22:58:39.517 9 INFO neutron.plugins.ml2.drivers.ovn.mech_driver.mech_driver [None req-c2740de3-9fdc-4af1-8deb-8479581be0bc - - - - - -] OVN reports status down for port: 8f26ea21-3c50-464f-8685-b00528c376ae
2026-07-15 22:58:39.568 10 INFO neutron.wsgi [req-3730247a-e6e5-4693-bc85-0e1a5031a2f3 req-73cbf74f-9503-4de2-90aa-db16412a9084 b2133b7b60684f678edb3964e0c734db 293f4d62faca4c0abfb8ee473b019187 - - default default] 10.0.0.199 "GET /v2.0/ports?device_id=bb50a688-637b-49ad-bce8-59f1b1fb6f40 HTTP/1.1" status: 200 len: 1174 time: 0.1218603
2026-07-15 22:58:39.612 9 INFO neutron.wsgi [req-a72845e3-472f-4594-bef6-684c3daabc29 req-80b958d6-b10f-4cdc-bda5-0106a4a5b7e6 020148a245aa457ba8f9ae8eec1f5b74 f4970c914d95420382e7831c1c5a8c46 - - 713730aea4c849d39e19d81e6968278a 713730aea4c849d39e19d81e6968278a] 199.204.45.235 "GET /v2.0/ports?tenant_id=293f4d62faca4c0abfb8ee473b019187&device_id=09beeafb-3088-4a5f-ad15-cbc66b520011 HTTP/1.1" status: 200 len: 1409 time: 0.0577867
2026-07-15 22:58:39.632 10 INFO neutron.wsgi [req-3730247a-e6e5-4693-bc85-0e1a5031a2f3 req-b7d1d1bd-da4e-4a32-9fd4-cb587bc5d849 b2133b7b60684f678edb3964e0c734db 293f4d62faca4c0abfb8ee473b019187 - - default default] 10.0.0.199 "GET /v2.0/security-groups?id=6a2c0811-6e90-441b-ba0a-8d97295ae2b0&fields=id&fields=name HTTP/1.1" status: 200 len: 312 time: 0.0539103
2026-07-15 22:58:39.662 9 INFO neutron.notifiers.nova [-] Nova event matching ['req-a91181ac-9145-4787-b448-5d4f6fb6daa8'] response: {'server_uuid': 'bb50a688-637b-49ad-bce8-59f1b1fb6f40', 'name': 'network-vif-unplugged', 'status': 'completed', 'tag': '8f26ea21-3c50-464f-8685-b00528c376ae', 'code': 200}
2026-07-15 22:58:39.724 9 INFO neutron.wsgi [req-a72845e3-472f-4594-bef6-684c3daabc29 req-e0ca4608-e2a9-4cde-a40c-6a03d0940763 020148a245aa457ba8f9ae8eec1f5b74 f4970c914d95420382e7831c1c5a8c46 - - 713730aea4c849d39e19d81e6968278a 713730aea4c849d39e19d81e6968278a] 199.204.45.235 "GET /v2.0/networks?id=749d199a-4959-4c78-813c-7f68d1bdc4f1 HTTP/1.1" status: 200 len: 958 time: 0.0891788
2026-07-15 22:58:39.813 10 INFO neutron.wsgi [req-822271c7-1e9e-49a8-9847-0370d324211e req-fb40af7e-cdec-4b8d-9779-8844a84701b4 b2133b7b60684f678edb3964e0c734db 293f4d62faca4c0abfb8ee473b019187 - - default default] 199.204.45.235 "GET /v2.0/ports?device_id=bb50a688-637b-49ad-bce8-59f1b1fb6f40 HTTP/1.1" status: 200 len: 1172 time: 0.0607729
2026-07-15 22:58:39.969 9 INFO neutron.wsgi [req-a72845e3-472f-4594-bef6-684c3daabc29 req-14bf21a2-cbf7-4305-ac16-e1796a2265ce 020148a245aa457ba8f9ae8eec1f5b74 f4970c914d95420382e7831c1c5a8c46 - - 713730aea4c849d39e19d81e6968278a 713730aea4c849d39e19d81e6968278a] 199.204.45.235 "GET /v2.0/floatingips?fixed_ip_address=10.100.0.5&port_id=b6bf009d-e8ba-4dd8-a3b8-2c471025cf32 HTTP/1.1" status: 200 len: 217 time: 0.2391756
2026-07-15 22:58:40.037 9 INFO neutron.wsgi [req-a72845e3-472f-4594-bef6-684c3daabc29 req-ca029336-4991-4737-a720-a974d4bfa6fb 020148a245aa457ba8f9ae8eec1f5b74 f4970c914d95420382e7831c1c5a8c46 - - 713730aea4c849d39e19d81e6968278a 713730aea4c849d39e19d81e6968278a] 199.204.45.235 "GET /v2.0/subnets?id=2b4d3e08-92c2-472d-a2ee-5d4d1793b50e HTTP/1.1" status: 200 len: 853 time: 0.0600471
2026-07-15 22:58:40.042 10 INFO neutron.plugins.ml2.drivers.ovn.mech_driver.mech_driver [None req-cd3b2352-ef9d-4b0d-b87f-52edbcc52025 - - - - - -] OVN reports status down for port: 8a4e9917-9ed5-44b0-aa1d-e7f3aef962be
2026-07-15 22:58:40.092 9 INFO neutron.wsgi [req-a72845e3-472f-4594-bef6-684c3daabc29 req-6183fbaa-ecbd-4062-bb82-c84c62289398 020148a245aa457ba8f9ae8eec1f5b74 f4970c914d95420382e7831c1c5a8c46 - - 713730aea4c849d39e19d81e6968278a 713730aea4c849d39e19d81e6968278a] 199.204.45.235 "GET /v2.0/ports?network_id=749d199a-4959-4c78-813c-7f68d1bdc4f1&device_owner=network%3Adhcp HTTP/1.1" status: 200 len: 210 time: 0.0409355
2026-07-15 22:58:40.130 9 INFO neutron.wsgi [req-6e2d2ecc-5dda-4b63-8f53-3c73ce9ddfbf req-82ec18e2-2ce5-4036-b4f2-1648b698d325 1a30fe21a22645d09a83b703606a46f3 7791ba0412aa49369c7c53905b951581 - - default default] 10.0.0.199 "GET /v2.0/ports?device_id=a94c7986-d1f6-4670-acd2-ecd2d22ae00f HTTP/1.1" status: 200 len: 1170 time: 0.1606758
2026-07-15 22:58:40.200 10 INFO neutron.db.l3_db [req-822271c7-1e9e-49a8-9847-0370d324211e req-23efdfcf-0a77-4f17-a43a-00b3aeb0129c b2133b7b60684f678edb3964e0c734db 293f4d62faca4c0abfb8ee473b019187 - - default default] Floating IP 8d057d3a-65d3-4d28-8a4d-4dc64d3c1083 disassociated. External IP: 10.96.250.211, port: 8f26ea21-3c50-464f-8685-b00528c376ae.
2026-07-15 22:58:40.212 9 INFO neutron.wsgi [req-6e2d2ecc-5dda-4b63-8f53-3c73ce9ddfbf req-784b919d-a353-4772-a5cd-aef63b1be197 1a30fe21a22645d09a83b703606a46f3 7791ba0412aa49369c7c53905b951581 - - default default] 10.0.0.199 "GET /v2.0/security-groups?id=b10ab56e-1ca6-4cab-9b2b-91e20880b4b0&fields=id&fields=name HTTP/1.1" status: 200 len: 286 time: 0.0742991
2026-07-15 22:58:40.223 9 INFO neutron.db.ovn_revision_numbers_db [None req-c2740de3-9fdc-4af1-8deb-8479581be0bc - - - - - -] Successfully bumped revision number for resource 8f26ea21-3c50-464f-8685-b00528c376ae (type: ports) to 5
2026-07-15 22:58:40.232 9 INFO neutron.wsgi [req-a72845e3-472f-4594-bef6-684c3daabc29 req-1862a731-260c-48eb-9790-7ef5f75b90d2 020148a245aa457ba8f9ae8eec1f5b74 f4970c914d95420382e7831c1c5a8c46 - - 713730aea4c849d39e19d81e6968278a 713730aea4c849d39e19d81e6968278a] 199.204.45.235 "GET /v2.0/networks/749d199a-4959-4c78-813c-7f68d1bdc4f1?fields=segments HTTP/1.1" status: 200 len: 212 time: 0.1327889
2026-07-15 22:58:40.239 9 INFO neutron.db.ovn_revision_numbers_db [None req-b4aa9a2f-00c8-4299-a18a-a22c51503387 15347a2cd9fb413892463cba0acf75e4 3b11b5342cb9458b8a6fe990fe268e21 - - default default] Successfully bumped revision number for resource 5c87967e-80b8-401c-a5bb-d8c529a38944 (type: security_groups) to 1
2026-07-15 22:58:40.274 9 INFO neutron.db.ovn_revision_numbers_db [None req-b4aa9a2f-00c8-4299-a18a-a22c51503387 15347a2cd9fb413892463cba0acf75e4 3b11b5342cb9458b8a6fe990fe268e21 - - default default] Successfully bumped revision number for resource 691cf397-60f6-46d8-b03b-438e952428d4 (type: security_group_rules) to 0
2026-07-15 22:58:40.330 9 INFO neutron.db.ovn_revision_numbers_db [None req-b4aa9a2f-00c8-4299-a18a-a22c51503387 15347a2cd9fb413892463cba0acf75e4 3b11b5342cb9458b8a6fe990fe268e21 - - default default] Successfully bumped revision number for resource b23e3b7e-8ff2-46c8-85a8-e94188f8f101 (type: security_group_rules) to 0
2026-07-15 22:58:40.364 9 INFO neutron.wsgi [req-a72845e3-472f-4594-bef6-684c3daabc29 req-2f5f9dc9-31ba-443b-a532-ea2cbd1d786d 020148a245aa457ba8f9ae8eec1f5b74 f4970c914d95420382e7831c1c5a8c46 - - 713730aea4c849d39e19d81e6968278a 713730aea4c849d39e19d81e6968278a] 199.204.45.235 "GET /v2.0/networks/749d199a-4959-4c78-813c-7f68d1bdc4f1?fields=provider%3Aphysical_network&fields=provider%3Anetwork_type HTTP/1.1" status: 200 len: 277 time: 0.1212234
2026-07-15 22:58:40.369 9 INFO neutron.wsgi [req-60ececeb-58a2-4dc1-97d7-5f0d4ef3031c req-5bd718b1-0e8f-4486-8c92-2d153151faca 1a30fe21a22645d09a83b703606a46f3 7791ba0412aa49369c7c53905b951581 - - default default] 199.204.45.235 "GET /v2.0/ports?device_id=a94c7986-d1f6-4670-acd2-ecd2d22ae00f HTTP/1.1" status: 200 len: 1168 time: 0.0562377
2026-07-15 22:58:40.370 9 INFO neutron.db.ovn_revision_numbers_db [None req-b4aa9a2f-00c8-4299-a18a-a22c51503387 15347a2cd9fb413892463cba0acf75e4 3b11b5342cb9458b8a6fe990fe268e21 - - default default] Successfully bumped revision number for resource b3077b60-6f25-4410-af52-3fab76c73028 (type: security_group_rules) to 0 /var/lib/openstack/lib/python3.10/site-packages/pycadf/identifier.py:71: UserWarning: Invalid uuid: neutron. To ensure interoperability, identifiers should be a valid uuid. warnings.warn(('Invalid uuid: %s. To ensure interoperability, '
2026-07-15 22:58:40.397 9 INFO neutron.db.ovn_revision_numbers_db [None req-b4aa9a2f-00c8-4299-a18a-a22c51503387 15347a2cd9fb413892463cba0acf75e4 3b11b5342cb9458b8a6fe990fe268e21 - - default default] Successfully bumped revision number for resource dde704a8-4886-4621-8e07-ce46eedd59d6 (type: security_group_rules) to 0
2026-07-15 22:58:40.429 9 INFO neutron.wsgi [None req-b4aa9a2f-00c8-4299-a18a-a22c51503387 15347a2cd9fb413892463cba0acf75e4 3b11b5342cb9458b8a6fe990fe268e21 - - default default] 10.0.0.216 "GET /v2.0/security-groups?tenant_id=0a9a464fe61c4b15b9240e1d2545e19e&name=default HTTP/1.1" status: 200 len: 2996 time: 0.8141305
2026-07-15 22:58:40.663 9 INFO neutron.wsgi [req-60ececeb-58a2-4dc1-97d7-5f0d4ef3031c req-b28a99db-939e-416d-b970-add7103cc94c 1a30fe21a22645d09a83b703606a46f3 7791ba0412aa49369c7c53905b951581 - - default default] 199.204.45.235 "DELETE /v2.0/ports/8a4e9917-9ed5-44b0-aa1d-e7f3aef962be HTTP/1.1" status: 204 len: 173 time: 0.2900677
2026-07-15 22:58:40.688 9 INFO neutron.wsgi [None req-1e402907-de51-4c2c-b3e1-200b3520e806 15347a2cd9fb413892463cba0acf75e4 3b11b5342cb9458b8a6fe990fe268e21 - - default default] 10.0.0.216 "DELETE /v2.0/security-groups/5c87967e-80b8-401c-a5bb-d8c529a38944 HTTP/1.1" status: 204 len: 168 time: 0.2535679
2026-07-15 22:58:40.696 10 INFO neutron.wsgi [req-822271c7-1e9e-49a8-9847-0370d324211e req-23efdfcf-0a77-4f17-a43a-00b3aeb0129c b2133b7b60684f678edb3964e0c734db 293f4d62faca4c0abfb8ee473b019187 - - default default] 199.204.45.235 "DELETE /v2.0/ports/8f26ea21-3c50-464f-8685-b00528c376ae HTTP/1.1" status: 204 len: 173 time: 0.8767991
2026-07-15 22:58:40.703 10 ERROR neutron.plugins.ml2.managers [None req-cd3b2352-ef9d-4b0d-b87f-52edbcc52025 - - - - - -] Mechanism driver 'ovn' failed in update_port_postcommit: ovsdbapp.backend.ovs_idl.idlutils.RowNotFound: Cannot find Logical_Switch_Port with name=8a4e9917-9ed5-44b0-aa1d-e7f3aef962be
2026-07-15 22:58:40.703 10 ERROR neutron.plugins.ml2.managers
Traceback (most recent call last):
2026-07-15 22:58:40.703 10 ERROR neutron.plugins.ml2.managers
File "/var/lib/openstack/lib/python3.10/site-packages/neutron/plugins/ml2/managers.py", line 497, in _call_on_drivers
2026-07-15 22:58:40.703 10 ERROR neutron.plugins.ml2.managers getattr(driver.obj, method_name)(context)
2026-07-15 22:58:40.703 10 ERROR neutron.plugins.ml2.managers
File "/var/lib/openstack/lib/python3.10/site-packages/neutron/plugins/ml2/drivers/ovn/mech_driver/mech_driver.py", line 892, in update_port_postcommit
2026-07-15 22:58:40.703 10 ERROR neutron.plugins.ml2.managers self._ovn_update_port(context.plugin_context, port, original_port,
2026-07-15 22:58:40.703 10 ERROR neutron.plugins.ml2.managers
File "/var/lib/openstack/lib/python3.10/site-packages/neutron/plugins/ml2/drivers/ovn/mech_driver/mech_driver.py", line 773, in _ovn_update_port
2026-07-15 22:58:40.703 10 ERROR neutron.plugins.ml2.managers self._ovn_client.update_port(plugin_context, port,
2026-07-15 22:58:40.703 10 ERROR neutron.plugins.ml2.managers
File "/var/lib/openstack/lib/python3.10/site-packages/neutron/plugins/ml2/drivers/ovn/mech_driver/ovsdb/ovn_client.py", line 720, in update_port
2026-07-15 22:58:40.703 10 ERROR neutron.plugins.ml2.managers ovn_port = self._nb_idl.lookup('Logical_Switch_Port', port['id'])
2026-07-15 22:58:40.703 10 ERROR neutron.plugins.ml2.managers
File "/var/lib/openstack/lib/python3.10/site-packages/ovsdbapp/backend/ovs_idl/__init__.py", line 183, in lookup
2026-07-15 22:58:40.703 10 ERROR neutron.plugins.ml2.managers return self._lookup(table, record)
2026-07-15 22:58:40.703 10 ERROR neutron.plugins.ml2.managers
File "/var/lib/openstack/lib/python3.10/site-packages/ovsdbapp/backend/ovs_idl/__init__.py", line 234, in _lookup
2026-07-15 22:58:40.703 10 ERROR neutron.plugins.ml2.managers row = idlutils.row_by_value(self, rl.table, rl.column, record)
2026-07-15 22:58:40.703 10 ERROR neutron.plugins.ml2.managers
File "/var/lib/openstack/lib/python3.10/site-packages/ovsdbapp/backend/ovs_idl/idlutils.py", line 114, in row_by_value
2026-07-15 22:58:40.703 10 ERROR neutron.plugins.ml2.managers raise RowNotFound(table=table, col=column, match=match)
2026-07-15 22:58:40.703 10 ERROR neutron.plugins.ml2.managers ovsdbapp.backend.ovs_idl.idlutils.RowNotFound: Cannot find Logical_Switch_Port with name=8a4e9917-9ed5-44b0-aa1d-e7f3aef962be
2026-07-15 22:58:40.703 10 ERROR neutron.plugins.ml2.managers 
2026-07-15 22:58:40.714 10 ERROR ovsdbapp.backend.ovs_idl.command [None req-cd3b2352-ef9d-4b0d-b87f-52edbcc52025 - - - - - -] Error executing command (LspGetUpCommand): ovsdbapp.backend.ovs_idl.idlutils.RowNotFound: Cannot find Logical_Switch_Port with name=8a4e9917-9ed5-44b0-aa1d-e7f3aef962be
2026-07-15 22:58:40.714 10 ERROR ovsdbapp.backend.ovs_idl.command
Traceback (most recent call last):
2026-07-15 22:58:40.714 10 ERROR ovsdbapp.backend.ovs_idl.command
File "/var/lib/openstack/lib/python3.10/site-packages/ovsdbapp/backend/ovs_idl/command.py", line 47, in execute
2026-07-15 22:58:40.714 10 ERROR ovsdbapp.backend.ovs_idl.command self.run_idl(None)
2026-07-15 22:58:40.714 10 ERROR ovsdbapp.backend.ovs_idl.command
File "/var/lib/openstack/lib/python3.10/site-packages/ovsdbapp/schema/ovn_northbound/commands.py", line 650, in run_idl
2026-07-15 22:58:40.714 10 ERROR ovsdbapp.backend.ovs_idl.command lsp = self.api.lookup('Logical_Switch_Port', self.port)
2026-07-15 22:58:40.714 10 ERROR ovsdbapp.backend.ovs_idl.command
File "/var/lib/openstack/lib/python3.10/site-packages/ovsdbapp/backend/ovs_idl/__init__.py", line 183, in lookup
2026-07-15 22:58:40.714 10 ERROR ovsdbapp.backend.ovs_idl.command return self._lookup(table, record)
2026-07-15 22:58:40.714 10 ERROR ovsdbapp.backend.ovs_idl.command
File "/var/lib/openstack/lib/python3.10/site-packages/ovsdbapp/backend/ovs_idl/__init__.py", line 234, in _lookup
2026-07-15 22:58:40.714 10 ERROR ovsdbapp.backend.ovs_idl.command row = idlutils.row_by_value(self, rl.table, rl.column, record)
2026-07-15 22:58:40.714 10 ERROR ovsdbapp.backend.ovs_idl.command
File "/var/lib/openstack/lib/python3.10/site-packages/ovsdbapp/backend/ovs_idl/idlutils.py", line 114, in row_by_value
2026-07-15 22:58:40.714 10 ERROR ovsdbapp.backend.ovs_idl.command raise RowNotFound(table=table, col=column, match=match)
2026-07-15 22:58:40.714 10 ERROR ovsdbapp.backend.ovs_idl.command ovsdbapp.backend.ovs_idl.idlutils.RowNotFound: Cannot find Logical_Switch_Port with name=8a4e9917-9ed5-44b0-aa1d-e7f3aef962be
2026-07-15 22:58:40.714 10 ERROR ovsdbapp.backend.ovs_idl.command 
2026-07-15 22:58:40.715 10 ERROR ovsdbapp.event [None req-cd3b2352-ef9d-4b0d-b87f-52edbcc52025 - - - - - -] Unexpected exception in notify_loop: ovsdbapp.backend.ovs_idl.idlutils.RowNotFound: Cannot find Logical_Switch_Port with name=8a4e9917-9ed5-44b0-aa1d-e7f3aef962be
2026-07-15 22:58:40.715 10 ERROR ovsdbapp.event
Traceback (most recent call last):
2026-07-15 22:58:40.715 10 ERROR ovsdbapp.event
File "/var/lib/openstack/lib/python3.10/site-packages/ovsdbapp/event.py", line 177, in notify_loop
2026-07-15 22:58:40.715 10 ERROR ovsdbapp.event match.run(event, row, updates)
2026-07-15 22:58:40.715 10 ERROR ovsdbapp.event
File "/var/lib/openstack/lib/python3.10/site-packages/neutron/plugins/ml2/drivers/ovn/mech_driver/ovsdb/ovsdb_monitor.py", line 543, in run
2026-07-15 22:58:40.715 10 ERROR ovsdbapp.event self.driver.set_port_status_down(row.name)
2026-07-15 22:58:40.715 10 ERROR ovsdbapp.event
File "/var/lib/openstack/lib/python3.10/site-packages/neutron/plugins/ml2/drivers/ovn/mech_driver/mech_driver.py", line 1231, in set_port_status_down
2026-07-15 22:58:40.715 10 ERROR ovsdbapp.event self._ovn_client.update_lsp_host_info(
2026-07-15 22:58:40.715 10 ERROR ovsdbapp.event
File "/var/lib/openstack/lib/python3.10/site-packages/neutron/plugins/ml2/drivers/ovn/mech_driver/ovsdb/ovn_client.py", line 297, in update_lsp_host_info
2026-07-15 22:58:40.715 10 ERROR ovsdbapp.event port_up = self._nb_idl.lsp_get_up(db_port.id).execute(
2026-07-15 22:58:40.715 10 ERROR ovsdbapp.event
File "/var/lib/openstack/lib/python3.10/site-packages/ovsdbapp/backend/ovs_idl/command.py", line 47, in execute
2026-07-15 22:58:40.715 10 ERROR ovsdbapp.event self.run_idl(None)
2026-07-15 22:58:40.715 10 ERROR ovsdbapp.event
File "/var/lib/openstack/lib/python3.10/site-packages/ovsdbapp/schema/ovn_northbound/commands.py", line 650, in run_idl
2026-07-15 22:58:40.715 10 ERROR ovsdbapp.event lsp = self.api.lookup('Logical_Switch_Port', self.port)
2026-07-15 22:58:40.715 10 ERROR ovsdbapp.event
File "/var/lib/openstack/lib/python3.10/site-packages/ovsdbapp/backend/ovs_idl/__init__.py", line 183, in lookup
2026-07-15 22:58:40.715 10 ERROR ovsdbapp.event return self._lookup(table, record)
2026-07-15 22:58:40.715 10 ERROR ovsdbapp.event
File "/var/lib/openstack/lib/python3.10/site-packages/ovsdbapp/backend/ovs_idl/__init__.py", line 234, in _lookup
2026-07-15 22:58:40.715 10 ERROR ovsdbapp.event row = idlutils.row_by_value(self, rl.table, rl.column, record)
2026-07-15 22:58:40.715 10 ERROR ovsdbapp.event
File "/var/lib/openstack/lib/python3.10/site-packages/ovsdbapp/backend/ovs_idl/idlutils.py", line 114, in row_by_value
2026-07-15 22:58:40.715 10 ERROR ovsdbapp.event raise RowNotFound(table=table, col=column, match=match)
2026-07-15 22:58:40.715 10 ERROR ovsdbapp.event ovsdbapp.backend.ovs_idl.idlutils.RowNotFound: Cannot find Logical_Switch_Port with name=8a4e9917-9ed5-44b0-aa1d-e7f3aef962be
2026-07-15 22:58:40.715 10 ERROR ovsdbapp.event  /var/lib/openstack/lib/python3.10/site-packages/pycadf/identifier.py:71: UserWarning: Invalid uuid: neutron. To ensure interoperability, identifiers should be a valid uuid. warnings.warn(('Invalid uuid: %s. To ensure interoperability, '
2026-07-15 22:58:40.757 10 INFO neutron.wsgi [req-e4955db0-6b1f-4df1-9e8b-e21f5b528715 req-912d547b-99ed-4f55-a239-ffd48750c082 b2133b7b60684f678edb3964e0c734db 293f4d62faca4c0abfb8ee473b019187 - - default default] 10.0.0.199 "GET /v2.0/ports?device_id=bb50a688-637b-49ad-bce8-59f1b1fb6f40 HTTP/1.1" status: 200 len: 210 time: 0.0446110
2026-07-15 22:58:40.874 10 INFO neutron.db.ovn_revision_numbers_db [None req-cafa83e0-045b-480e-8dd3-34e21c69e5f1 15347a2cd9fb413892463cba0acf75e4 3b11b5342cb9458b8a6fe990fe268e21 - - default default] Successfully bumped revision number for resource 18e07aa6-d1a4-431a-8c53-c748120ddeb2 (type: security_groups) to 1
2026-07-15 22:58:40.886 10 INFO neutron.db.ovn_revision_numbers_db [None req-cafa83e0-045b-480e-8dd3-34e21c69e5f1 15347a2cd9fb413892463cba0acf75e4 3b11b5342cb9458b8a6fe990fe268e21 - - default default] Successfully bumped revision number for resource 254e7e48-f7cc-47eb-abcd-419defa54043 (type: security_group_rules) to 0
2026-07-15 22:58:40.896 10 INFO neutron.db.ovn_revision_numbers_db [None req-cafa83e0-045b-480e-8dd3-34e21c69e5f1 15347a2cd9fb413892463cba0acf75e4 3b11b5342cb9458b8a6fe990fe268e21 - - default default] Successfully bumped revision number for resource 31ba933b-a116-4a4f-9d1c-464d59be2901 (type: security_group_rules) to 0
2026-07-15 22:58:40.911 10 INFO neutron.db.ovn_revision_numbers_db [None req-cafa83e0-045b-480e-8dd3-34e21c69e5f1 15347a2cd9fb413892463cba0acf75e4 3b11b5342cb9458b8a6fe990fe268e21 - - default default] Successfully bumped revision number for resource 584fc098-111d-48ad-9049-1e512e81c08b (type: security_group_rules) to 0
2026-07-15 22:58:40.922 10 INFO neutron.db.ovn_revision_numbers_db [None req-cafa83e0-045b-480e-8dd3-34e21c69e5f1 15347a2cd9fb413892463cba0acf75e4 3b11b5342cb9458b8a6fe990fe268e21 - - default default] Successfully bumped revision number for resource de7d1ba4-cd6b-438f-a0dd-c5ba7b233238 (type: security_group_rules) to 0
2026-07-15 22:58:40.942 10 INFO neutron.wsgi [None req-cafa83e0-045b-480e-8dd3-34e21c69e5f1 15347a2cd9fb413892463cba0acf75e4 3b11b5342cb9458b8a6fe990fe268e21 - - default default] 10.0.0.216 "GET /v2.0/security-groups?tenant_id=3afadfaa3bcf4898a251aed2fc9033cf&name=default HTTP/1.1" status: 200 len: 2996 time: 0.1482837
2026-07-15 22:58:41.128 10 INFO neutron.wsgi [None req-f8da9f57-e2ff-4db0-a08a-2dbf2a702ff4 15347a2cd9fb413892463cba0acf75e4 3b11b5342cb9458b8a6fe990fe268e21 - - default default] 10.0.0.216 "DELETE /v2.0/security-groups/18e07aa6-d1a4-431a-8c53-c748120ddeb2 HTTP/1.1" status: 204 len: 168 time: 0.1810007
2026-07-15 22:58:41.545 10 INFO neutron.notifiers.nova [-] Nova event matching ['req-c5067f0a-dcd4-46e1-a0c9-498290bdb399'] response: {'server_uuid': 'a94c7986-d1f6-4670-acd2-ecd2d22ae00f', 'name': 'network-vif-unplugged', 'status': 'completed', 'tag': '8a4e9917-9ed5-44b0-aa1d-e7f3aef962be', 'code': 200}
2026-07-15 22:58:41.545 10 INFO neutron.notifiers.nova [-] Nova event matching ['req-c5067f0a-dcd4-46e1-a0c9-498290bdb399'] response: {'server_uuid': 'bb50a688-637b-49ad-bce8-59f1b1fb6f40', 'name': 'network-vif-deleted', 'tag': '8f26ea21-3c50-464f-8685-b00528c376ae', 'status': 'completed', 'code': 200}
2026-07-15 22:58:41.546 10 INFO neutron.notifiers.nova [-] Nova event matching ['req-c5067f0a-dcd4-46e1-a0c9-498290bdb399'] response: {'server_uuid': 'a94c7986-d1f6-4670-acd2-ecd2d22ae00f', 'name': 'network-vif-plugged', 'status': 'completed', 'tag': '8a4e9917-9ed5-44b0-aa1d-e7f3aef962be', 'code': 200}
2026-07-15 22:58:41.704 9 INFO neutron.notifiers.nova [-] Nova event matching ['req-946039db-b51b-4929-b357-b96c9c82d335'] response: {'server_uuid': 'bb50a688-637b-49ad-bce8-59f1b1fb6f40', 'name': 'network-vif-plugged', 'status': 'completed', 'tag': '8f26ea21-3c50-464f-8685-b00528c376ae', 'code': 200}
2026-07-15 22:58:41.705 9 INFO neutron.notifiers.nova [-] Nova event matching ['req-946039db-b51b-4929-b357-b96c9c82d335'] response: {'server_uuid': 'a94c7986-d1f6-4670-acd2-ecd2d22ae00f', 'name': 'network-vif-deleted', 'tag': '8a4e9917-9ed5-44b0-aa1d-e7f3aef962be', 'status': 'completed', 'code': 200}
2026-07-15 22:58:41.956 10 INFO neutron.wsgi [None req-7a96499e-5f28-40d5-b584-180c6625a4d4 b2133b7b60684f678edb3964e0c734db 293f4d62faca4c0abfb8ee473b019187 - - default default] 10.0.0.216 "DELETE /v2.0/security-groups/6a2c0811-6e90-441b-ba0a-8d97295ae2b0 HTTP/1.1" status: 204 len: 168 time: 0.1317949
