2026-07-15 23:01:55.431 10 INFO neutron.wsgi [req-d21e908e-bf89-4db6-afe0-31e0c16479ad req-ffe23c66-0a07-444c-bcf8-d75650937aad 020148a245aa457ba8f9ae8eec1f5b74 f4970c914d95420382e7831c1c5a8c46 - - 713730aea4c849d39e19d81e6968278a 713730aea4c849d39e19d81e6968278a] 199.204.45.235 "GET /v2.0/ports?network_id=7a774c76-5041-4ab4-aa60-3fe940d6426c&device_owner=network%3Adhcp HTTP/1.1" status: 200 len: 210 time: 0.0162284
2026-07-15 23:01:55.482 10 INFO neutron.wsgi [req-d21e908e-bf89-4db6-afe0-31e0c16479ad req-4b584c96-bcec-445c-a732-dc01602f9f63 020148a245aa457ba8f9ae8eec1f5b74 f4970c914d95420382e7831c1c5a8c46 - - 713730aea4c849d39e19d81e6968278a 713730aea4c849d39e19d81e6968278a] 199.204.45.235 "GET /v2.0/networks/7a774c76-5041-4ab4-aa60-3fe940d6426c?fields=segments HTTP/1.1" status: 200 len: 212 time: 0.0454800
2026-07-15 23:01:55.487 9 INFO neutron.wsgi [None req-deea3884-4e56-4258-bb75-1808c1a8c10e 15347a2cd9fb413892463cba0acf75e4 3b11b5342cb9458b8a6fe990fe268e21 - - default default] 199.204.45.235 "GET /v2.0/networks/62ccd2fe-d2b6-4800-85d1-58f525e4920a HTTP/1.1" status: 200 len: 1002 time: 0.0546725
2026-07-15 23:01:55.522 9 INFO neutron.wsgi [None req-9c586952-8b98-4778-8395-19a76322f943 15347a2cd9fb413892463cba0acf75e4 3b11b5342cb9458b8a6fe990fe268e21 - - default default] 199.204.45.235 "GET /v2.0/ports/cdc38da4-96ff-46bd-acd5-8be75b87db26 HTTP/1.1" status: 200 len: 1340 time: 0.0283206
2026-07-15 23:01:55.541 10 INFO neutron.wsgi [req-d21e908e-bf89-4db6-afe0-31e0c16479ad req-b59d8160-8cb3-4a83-8208-77ab0f106cbb 020148a245aa457ba8f9ae8eec1f5b74 f4970c914d95420382e7831c1c5a8c46 - - 713730aea4c849d39e19d81e6968278a 713730aea4c849d39e19d81e6968278a] 199.204.45.235 "GET /v2.0/networks/7a774c76-5041-4ab4-aa60-3fe940d6426c?fields=provider%3Aphysical_network&fields=provider%3Anetwork_type HTTP/1.1" status: 200 len: 277 time: 0.0532479
2026-07-15 23:01:55.560 9 INFO neutron.wsgi [None req-12672df8-2136-4e7d-b9ba-062ae20a5904 15347a2cd9fb413892463cba0acf75e4 3b11b5342cb9458b8a6fe990fe268e21 - - default default] 199.204.45.235 "GET /v2.0/subnets/36a7db66-ebe7-442b-88b3-46ef3b9b7035 HTTP/1.1" status: 200 len: 850 time: 0.0305090
2026-07-15 23:01:56.547 10 INFO neutron.notifiers.nova [-] Nova event matching ['req-4516defa-3077-43cb-b4f6-7d3a64754325'] response: {'server_uuid': '4b9a6f44-9f2b-43e9-a0d8-8c0131dbcc0f', 'name': 'network-vif-plugged', 'status': 'completed', 'tag': '8b75d265-80c8-492f-874b-be06fd2ba7f4', 'code': 200}
2026-07-15 23:01:56.547 10 INFO neutron.notifiers.nova [-] Nova event matching ['req-4516defa-3077-43cb-b4f6-7d3a64754325'] response: {'server_uuid': '4b9a6f44-9f2b-43e9-a0d8-8c0131dbcc0f', 'name': 'network-vif-deleted', 'tag': '8b75d265-80c8-492f-874b-be06fd2ba7f4', 'status': 'completed', 'code': 200}
2026-07-15 23:01:58.787 9 INFO neutron.wsgi [None req-d2ef3096-5c1c-4499-a344-a91c0872140e 15347a2cd9fb413892463cba0acf75e4 3b11b5342cb9458b8a6fe990fe268e21 - - default default] 199.204.45.235 "GET /v2.0/extensions/security-group HTTP/1.1" status: 200 len: 369 time: 0.0122724
2026-07-15 23:01:58.799 9 INFO neutron.wsgi [None req-fdff3cfb-b882-49d7-b371-bca3f5798120 15347a2cd9fb413892463cba0acf75e4 3b11b5342cb9458b8a6fe990fe268e21 - - default default] 199.204.45.235 "GET /v2.0/extensions/dns-integration HTTP/1.1" status: 200 len: 371 time: 0.0043831
2026-07-15 23:01:58.807 9 INFO neutron.wsgi [None req-ecf7ba0b-794b-43ce-bc9f-0dae23231740 15347a2cd9fb413892463cba0acf75e4 3b11b5342cb9458b8a6fe990fe268e21 - - default default] 199.204.45.235 "GET /v2.0/extensions/qos HTTP/1.1" status: 200 len: 365 time: 0.0039177
2026-07-15 23:01:58.836 9 INFO neutron.wsgi [None req-3204e557-c368-4f3f-82ce-fc18ce773dc3 15347a2cd9fb413892463cba0acf75e4 3b11b5342cb9458b8a6fe990fe268e21 - - default default] 199.204.45.235 "GET /v2.0/extensions/allowed-address-pairs HTTP/1.1" status: 200 len: 383 time: 0.0111396
2026-07-15 23:01:58.882 9 INFO neutron.wsgi [None req-5f313399-f732-4d95-863d-6f9aba742e8b 15347a2cd9fb413892463cba0acf75e4 3b11b5342cb9458b8a6fe990fe268e21 - - default default] 199.204.45.235 "GET /v2.0/ports?device_id=4b9a6f44-9f2b-43e9-a0d8-8c0131dbcc0f HTTP/1.1" status: 200 len: 3914 time: 0.0386577
2026-07-15 23:01:59.249 9 INFO neutron.wsgi [None req-ca03bfad-3939-4579-90d6-79ec6d39d206 15347a2cd9fb413892463cba0acf75e4 3b11b5342cb9458b8a6fe990fe268e21 - - default default] 199.204.45.235 "GET /v2.0/extensions/security-group HTTP/1.1" status: 200 len: 369 time: 0.0085666
2026-07-15 23:01:59.259 9 INFO neutron.wsgi [None req-9a976d9a-9783-42ec-a804-62bf53dd898e 15347a2cd9fb413892463cba0acf75e4 3b11b5342cb9458b8a6fe990fe268e21 - - default default] 199.204.45.235 "GET /v2.0/extensions/dns-integration HTTP/1.1" status: 200 len: 371 time: 0.0039768
2026-07-15 23:01:59.269 9 INFO neutron.wsgi [None req-3d469f2b-3f2a-4c71-a144-f841c45b4723 15347a2cd9fb413892463cba0acf75e4 3b11b5342cb9458b8a6fe990fe268e21 - - default default] 199.204.45.235 "GET /v2.0/extensions/qos HTTP/1.1" status: 200 len: 365 time: 0.0058570
2026-07-15 23:01:59.281 9 INFO neutron.wsgi [None req-212232ac-a70d-4115-9267-50c9a792d5f8 15347a2cd9fb413892463cba0acf75e4 3b11b5342cb9458b8a6fe990fe268e21 - - default default] 199.204.45.235 "GET /v2.0/extensions/allowed-address-pairs HTTP/1.1" status: 200 len: 383 time: 0.0052209
2026-07-15 23:01:59.328 9 INFO neutron.wsgi [None req-8fa41f03-890a-4420-9ffb-33864fcff274 15347a2cd9fb413892463cba0acf75e4 3b11b5342cb9458b8a6fe990fe268e21 - - default default] 199.204.45.235 "GET /v2.0/ports/fb56792a-97f5-4217-9857-9ce66fb28bb7 HTTP/1.1" status: 200 len: 1406 time: 0.0369465
2026-07-15 23:01:59.693 9 INFO neutron.db.ovn_revision_numbers_db [None req-cf2d38ea-a990-4ab6-9dd3-bcaa98a3de9b 15347a2cd9fb413892463cba0acf75e4 3b11b5342cb9458b8a6fe990fe268e21 - - default default] Successfully bumped revision number for resource fb56792a-97f5-4217-9857-9ce66fb28bb7 (type: ports) to 6
2026-07-15 23:01:59.704 9 INFO neutron.wsgi [None req-cf2d38ea-a990-4ab6-9dd3-bcaa98a3de9b 15347a2cd9fb413892463cba0acf75e4 3b11b5342cb9458b8a6fe990fe268e21 - - default default] 199.204.45.235 "PUT /v2.0/ports/fb56792a-97f5-4217-9857-9ce66fb28bb7 HTTP/1.1" status: 200 len: 1203 time: 0.3692687 /var/lib/openstack/lib/python3.10/site-packages/pycadf/identifier.py:71: UserWarning: Invalid uuid: neutron. To ensure interoperability, identifiers should be a valid uuid. warnings.warn(('Invalid uuid: %s. To ensure interoperability, '
2026-07-15 23:01:59.748 9 INFO neutron.notifiers.nova [-] Nova event matching ['req-865e663e-1a25-4233-97be-2305593b1f0f'] response: {'name': 'network-changed', 'server_uuid': '4b9a6f44-9f2b-43e9-a0d8-8c0131dbcc0f', 'tag': 'fb56792a-97f5-4217-9857-9ce66fb28bb7', 'status': 'completed', 'code': 200}
2026-07-15 23:01:59.779 9 INFO neutron.wsgi [None req-63c8ec05-acb9-423c-8ed2-ce198ad2d91a 15347a2cd9fb413892463cba0acf75e4 3b11b5342cb9458b8a6fe990fe268e21 - - default default] 199.204.45.235 "GET /v2.0/networks/7a774c76-5041-4ab4-aa60-3fe940d6426c HTTP/1.1" status: 200 len: 998 time: 0.0656192
2026-07-15 23:01:59.808 10 INFO neutron.wsgi [req-acec9994-ef65-4286-b403-fbe3ec4ef0e2 req-6a3faa0f-572d-40bf-9014-60cc022cad87 020148a245aa457ba8f9ae8eec1f5b74 f4970c914d95420382e7831c1c5a8c46 - - 713730aea4c849d39e19d81e6968278a 713730aea4c849d39e19d81e6968278a] 199.204.45.235 "GET /v2.0/ports?tenant_id=3b11b5342cb9458b8a6fe990fe268e21&device_id=4b9a6f44-9f2b-43e9-a0d8-8c0131dbcc0f HTTP/1.1" status: 200 len: 3739 time: 0.0490079
2026-07-15 23:01:59.817 9 INFO neutron.wsgi [None req-9aadf1ee-2f48-49c0-b2de-9470402615c6 15347a2cd9fb413892463cba0acf75e4 3b11b5342cb9458b8a6fe990fe268e21 - - default default] 199.204.45.235 "GET /v2.0/ports?device_id=4b9a6f44-9f2b-43e9-a0d8-8c0131dbcc0f HTTP/1.1" status: 200 len: 3739 time: 0.0333948
2026-07-15 23:01:59.883 10 INFO neutron.wsgi [req-acec9994-ef65-4286-b403-fbe3ec4ef0e2 req-33444416-c10f-4bcb-966b-f48385410308 020148a245aa457ba8f9ae8eec1f5b74 f4970c914d95420382e7831c1c5a8c46 - - 713730aea4c849d39e19d81e6968278a 713730aea4c849d39e19d81e6968278a] 199.204.45.235 "GET /v2.0/networks?id=7a774c76-5041-4ab4-aa60-3fe940d6426c HTTP/1.1" status: 200 len: 1001 time: 0.0682726
2026-07-15 23:01:59.925 9 INFO neutron.wsgi [None req-a7edcd62-e679-4a21-aefc-3694d450c71e 15347a2cd9fb413892463cba0acf75e4 3b11b5342cb9458b8a6fe990fe268e21 - - default default] 199.204.45.235 "GET /v2.0/ports?device_id=4b9a6f44-9f2b-43e9-a0d8-8c0131dbcc0f HTTP/1.1" status: 200 len: 3739 time: 0.0395710
2026-07-15 23:01:59.943 10 INFO neutron.wsgi [req-acec9994-ef65-4286-b403-fbe3ec4ef0e2 req-14bd226a-e1a5-411d-bca2-29f7b8d88d0d 020148a245aa457ba8f9ae8eec1f5b74 f4970c914d95420382e7831c1c5a8c46 - - 713730aea4c849d39e19d81e6968278a 713730aea4c849d39e19d81e6968278a] 199.204.45.235 "GET /v2.0/networks/7a774c76-5041-4ab4-aa60-3fe940d6426c?fields=segments HTTP/1.1" status: 200 len: 212 time: 0.0550210
2026-07-15 23:02:00.009 10 INFO neutron.wsgi [req-acec9994-ef65-4286-b403-fbe3ec4ef0e2 req-a9d9a5d7-92de-47ed-841f-8f3b01f5e7cb 020148a245aa457ba8f9ae8eec1f5b74 f4970c914d95420382e7831c1c5a8c46 - - 713730aea4c849d39e19d81e6968278a 713730aea4c849d39e19d81e6968278a] 199.204.45.235 "GET /v2.0/networks/7a774c76-5041-4ab4-aa60-3fe940d6426c?fields=provider%3Aphysical_network&fields=provider%3Anetwork_type HTTP/1.1" status: 200 len: 277 time: 0.0601857
2026-07-15 23:02:00.201 9 INFO neutron.plugins.ml2.drivers.ovn.mech_driver.mech_driver [None req-c2740de3-9fdc-4af1-8deb-8479581be0bc - - - - - -] OVN reports status down for port: fb56792a-97f5-4217-9857-9ce66fb28bb7
2026-07-15 23:02:00.265 10 INFO neutron.wsgi [req-5aa752f1-e26e-4df7-ae55-d8f0b666a070 req-7002514f-0bbb-4730-aa74-3b030c58aa09 020148a245aa457ba8f9ae8eec1f5b74 f4970c914d95420382e7831c1c5a8c46 - - 713730aea4c849d39e19d81e6968278a 713730aea4c849d39e19d81e6968278a] 199.204.45.235 "GET /v2.0/ports/fb56792a-97f5-4217-9857-9ce66fb28bb7 HTTP/1.1" status: 200 len: 1231 time: 0.0365086
2026-07-15 23:02:00.506 10 INFO neutron.wsgi [req-5aa752f1-e26e-4df7-ae55-d8f0b666a070 req-135889d6-5da7-4329-b8d3-fa9de7b48ee3 15347a2cd9fb413892463cba0acf75e4 3b11b5342cb9458b8a6fe990fe268e21 - - default default] 199.204.45.235 "DELETE /v2.0/ports/fb56792a-97f5-4217-9857-9ce66fb28bb7 HTTP/1.1" status: 204 len: 173 time: 0.2343571
2026-07-15 23:02:00.537 10 INFO neutron.notifiers.nova [-] Nova event matching ['req-5b365110-b9fa-4d8c-b733-d09a23e9a1c7'] response: {'server_uuid': '4b9a6f44-9f2b-43e9-a0d8-8c0131dbcc0f', 'name': 'network-vif-deleted', 'tag': 'fb56792a-97f5-4217-9857-9ce66fb28bb7', 'status': 'completed', 'code': 200}
2026-07-15 23:02:00.601 10 INFO neutron.wsgi [req-5aa752f1-e26e-4df7-ae55-d8f0b666a070 req-9398297c-938f-4048-a179-7bf4535280b7 020148a245aa457ba8f9ae8eec1f5b74 f4970c914d95420382e7831c1c5a8c46 - - 713730aea4c849d39e19d81e6968278a 713730aea4c849d39e19d81e6968278a] 199.204.45.235 "GET /v2.0/ports?tenant_id=3b11b5342cb9458b8a6fe990fe268e21&device_id=4b9a6f44-9f2b-43e9-a0d8-8c0131dbcc0f HTTP/1.1" status: 200 len: 2716 time: 0.0406823
2026-07-15 23:02:00.665 10 INFO neutron.wsgi [req-5aa752f1-e26e-4df7-ae55-d8f0b666a070 req-f880498e-e7d1-4198-8e6d-a9176f1e6ca4 020148a245aa457ba8f9ae8eec1f5b74 f4970c914d95420382e7831c1c5a8c46 - - 713730aea4c849d39e19d81e6968278a 713730aea4c849d39e19d81e6968278a] 199.204.45.235 "GET /v2.0/networks?id=696b48a7-c4c9-4a85-9190-21669bb9d787&id=62ccd2fe-d2b6-4800-85d1-58f525e4920a&id=7a774c76-5041-4ab4-aa60-3fe940d6426c HTTP/1.1" status: 200 len: 2518 time: 0.0599973
2026-07-15 23:02:00.701 10 INFO neutron.wsgi [req-5aa752f1-e26e-4df7-ae55-d8f0b666a070 req-9483e4ab-a63f-43d8-8039-357ec3de0a87 020148a245aa457ba8f9ae8eec1f5b74 f4970c914d95420382e7831c1c5a8c46 - - 713730aea4c849d39e19d81e6968278a 713730aea4c849d39e19d81e6968278a] 199.204.45.235 "GET /v2.0/floatingips?fixed_ip_address=172.24.0.8&port_id=5efa58f2-b463-4169-a44d-a90a6fb772f3 HTTP/1.1" status: 200 len: 217 time: 0.0282116
2026-07-15 23:02:00.747 10 INFO neutron.wsgi [req-5aa752f1-e26e-4df7-ae55-d8f0b666a070 req-756a98a4-50bc-4890-86fc-7260205d805e 020148a245aa457ba8f9ae8eec1f5b74 f4970c914d95420382e7831c1c5a8c46 - - 713730aea4c849d39e19d81e6968278a 713730aea4c849d39e19d81e6968278a] 199.204.45.235 "GET /v2.0/subnets?id=f0952432-3ffb-4c51-aaf6-3098d3abfe25 HTTP/1.1" status: 200 len: 829 time: 0.0378823
2026-07-15 23:02:00.779 10 INFO neutron.wsgi [req-5aa752f1-e26e-4df7-ae55-d8f0b666a070 req-fab98dbd-047e-4fea-baaa-0b00ab415e9e 020148a245aa457ba8f9ae8eec1f5b74 f4970c914d95420382e7831c1c5a8c46 - - 713730aea4c849d39e19d81e6968278a 713730aea4c849d39e19d81e6968278a] 199.204.45.235 "GET /v2.0/ports?network_id=696b48a7-c4c9-4a85-9190-21669bb9d787&device_owner=network%3Adhcp HTTP/1.1" status: 200 len: 210 time: 0.0254159
2026-07-15 23:02:00.846 10 INFO neutron.wsgi [req-5aa752f1-e26e-4df7-ae55-d8f0b666a070 req-68f18e81-801b-4a2f-ad7f-169cfe4c562d 020148a245aa457ba8f9ae8eec1f5b74 f4970c914d95420382e7831c1c5a8c46 - - 713730aea4c849d39e19d81e6968278a 713730aea4c849d39e19d81e6968278a] 199.204.45.235 "GET /v2.0/networks/696b48a7-c4c9-4a85-9190-21669bb9d787?fields=segments HTTP/1.1" status: 200 len: 212 time: 0.0601249
2026-07-15 23:02:00.917 10 INFO neutron.wsgi [req-5aa752f1-e26e-4df7-ae55-d8f0b666a070 req-7346c622-8b52-4db9-9a3b-dd7ec1965e03 020148a245aa457ba8f9ae8eec1f5b74 f4970c914d95420382e7831c1c5a8c46 - - 713730aea4c849d39e19d81e6968278a 713730aea4c849d39e19d81e6968278a] 199.204.45.235 "GET /v2.0/networks/696b48a7-c4c9-4a85-9190-21669bb9d787?fields=provider%3Aphysical_network&fields=provider%3Anetwork_type HTTP/1.1" status: 200 len: 277 time: 0.0633421
2026-07-15 23:02:00.947 10 INFO neutron.wsgi [req-5aa752f1-e26e-4df7-ae55-d8f0b666a070 req-e5160fe2-e092-4ade-8af7-929830ba7f0c 020148a245aa457ba8f9ae8eec1f5b74 f4970c914d95420382e7831c1c5a8c46 - - 713730aea4c849d39e19d81e6968278a 713730aea4c849d39e19d81e6968278a] 199.204.45.235 "GET /v2.0/floatingips?fixed_ip_address=10.1.1.30&port_id=0f997c92-58d4-462e-9e4b-e53682897977 HTTP/1.1" status: 200 len: 217 time: 0.0214214
2026-07-15 23:02:00.973 9 INFO neutron.wsgi [None req-c2c9939a-ac61-454c-aef1-f4d963b203f5 15347a2cd9fb413892463cba0acf75e4 3b11b5342cb9458b8a6fe990fe268e21 - - default default] 199.204.45.235 "GET /v2.0/ports?device_id=4b9a6f44-9f2b-43e9-a0d8-8c0131dbcc0f HTTP/1.1" status: 200 len: 2716 time: 0.0397069
2026-07-15 23:02:00.986 10 INFO neutron.wsgi [req-5aa752f1-e26e-4df7-ae55-d8f0b666a070 req-f42f22ae-2e62-4563-b251-08a4e50e42c8 020148a245aa457ba8f9ae8eec1f5b74 f4970c914d95420382e7831c1c5a8c46 - - 713730aea4c849d39e19d81e6968278a 713730aea4c849d39e19d81e6968278a] 199.204.45.235 "GET /v2.0/subnets?id=36a7db66-ebe7-442b-88b3-46ef3b9b7035 HTTP/1.1" status: 200 len: 853 time: 0.0315454
2026-07-15 23:02:01.003 9 INFO neutron.pecan_wsgi.hooks.translation [None req-91a4ae0d-6d8c-4b1d-8454-089e748d5348 15347a2cd9fb413892463cba0acf75e4 3b11b5342cb9458b8a6fe990fe268e21 - - default default] DELETE failed (client error): The resource could not be found.
2026-07-15 23:02:01.005 9 INFO neutron.wsgi [None req-91a4ae0d-6d8c-4b1d-8454-089e748d5348 15347a2cd9fb413892463cba0acf75e4 3b11b5342cb9458b8a6fe990fe268e21 - - default default] 199.204.45.235 "DELETE /v2.0/ports/fb56792a-97f5-4217-9857-9ce66fb28bb7 HTTP/1.1" status: 404 len: 338 time: 0.0254395
2026-07-15 23:02:01.018 10 INFO neutron.wsgi [req-5aa752f1-e26e-4df7-ae55-d8f0b666a070 req-d88f3bcb-c761-47c4-a92c-f5d1be5b5cd2 020148a245aa457ba8f9ae8eec1f5b74 f4970c914d95420382e7831c1c5a8c46 - - 713730aea4c849d39e19d81e6968278a 713730aea4c849d39e19d81e6968278a] 199.204.45.235 "GET /v2.0/ports?network_id=62ccd2fe-d2b6-4800-85d1-58f525e4920a&device_owner=network%3Adhcp HTTP/1.1" status: 200 len: 210 time: 0.0241408
2026-07-15 23:02:01.083 10 INFO neutron.wsgi [req-5aa752f1-e26e-4df7-ae55-d8f0b666a070 req-dc60b518-00d5-49ec-ba55-052d555b9af0 020148a245aa457ba8f9ae8eec1f5b74 f4970c914d95420382e7831c1c5a8c46 - - 713730aea4c849d39e19d81e6968278a 713730aea4c849d39e19d81e6968278a] 199.204.45.235 "GET /v2.0/networks/62ccd2fe-d2b6-4800-85d1-58f525e4920a?fields=segments HTTP/1.1" status: 200 len: 212 time: 0.0570879
2026-07-15 23:02:01.091 9 INFO neutron.wsgi [None req-f9373b54-4e71-4cf9-860f-df45e04eed4a 15347a2cd9fb413892463cba0acf75e4 3b11b5342cb9458b8a6fe990fe268e21 - - default default] 199.204.45.235 "GET /v2.0/extensions/security-group HTTP/1.1" status: 200 len: 369 time: 0.0093093
2026-07-15 23:02:01.102 9 INFO neutron.wsgi [None req-db981a57-5a99-4685-815b-632d303cfea0 15347a2cd9fb413892463cba0acf75e4 3b11b5342cb9458b8a6fe990fe268e21 - - default default] 199.204.45.235 "GET /v2.0/extensions/dns-integration HTTP/1.1" status: 200 len: 371 time: 0.0053763
2026-07-15 23:02:01.111 9 INFO neutron.wsgi [None req-cffdc5b0-3c4d-4ee3-afba-53c5c747a17c 15347a2cd9fb413892463cba0acf75e4 3b11b5342cb9458b8a6fe990fe268e21 - - default default] 199.204.45.235 "GET /v2.0/extensions/qos HTTP/1.1" status: 200 len: 365 time: 0.0058646
2026-07-15 23:02:01.121 9 INFO neutron.wsgi [None req-119323e0-f024-4718-b643-c8ad8808bcc9 15347a2cd9fb413892463cba0acf75e4 3b11b5342cb9458b8a6fe990fe268e21 - - default default] 199.204.45.235 "GET /v2.0/extensions/allowed-address-pairs HTTP/1.1" status: 200 len: 383 time: 0.0049167
2026-07-15 23:02:01.139 10 INFO neutron.wsgi [req-5aa752f1-e26e-4df7-ae55-d8f0b666a070 req-a5dec024-1b8a-4acc-91ba-0f10b8f4ea12 020148a245aa457ba8f9ae8eec1f5b74 f4970c914d95420382e7831c1c5a8c46 - - 713730aea4c849d39e19d81e6968278a 713730aea4c849d39e19d81e6968278a] 199.204.45.235 "GET /v2.0/networks/62ccd2fe-d2b6-4800-85d1-58f525e4920a?fields=provider%3Aphysical_network&fields=provider%3Anetwork_type HTTP/1.1" status: 200 len: 277 time: 0.0500169
2026-07-15 23:02:01.154 9 INFO neutron.wsgi [None req-a045d0f0-d006-4bd6-8b94-44c17f822586 15347a2cd9fb413892463cba0acf75e4 3b11b5342cb9458b8a6fe990fe268e21 - - default default] 199.204.45.235 "GET /v2.0/subnets/36a7db66-ebe7-442b-88b3-46ef3b9b7035 HTTP/1.1" status: 200 len: 850 time: 0.0278933
2026-07-15 23:02:01.187 9 INFO neutron.wsgi [None req-e5603eeb-f83b-4e72-9867-9a5027ed68db 15347a2cd9fb413892463cba0acf75e4 3b11b5342cb9458b8a6fe990fe268e21 - - default default] 199.204.45.235 "GET /v2.0/ports/cdc38da4-96ff-46bd-acd5-8be75b87db26 HTTP/1.1" status: 200 len: 1340 time: 0.0283763
2026-07-15 23:02:01.231 9 INFO neutron.wsgi [None req-f044dbb9-29b3-4ff0-95c2-dae3167d3fa0 15347a2cd9fb413892463cba0acf75e4 3b11b5342cb9458b8a6fe990fe268e21 - - default default] 199.204.45.235 "GET /v2.0/ports/0f997c92-58d4-462e-9e4b-e53682897977 HTTP/1.1" status: 200 len: 1515 time: 0.0391111
2026-07-15 23:02:01.274 9 INFO neutron.wsgi [None req-75fc9560-9a87-435e-aa7a-30aa31e8c62e 15347a2cd9fb413892463cba0acf75e4 3b11b5342cb9458b8a6fe990fe268e21 - - default default] 199.204.45.235 "GET /v2.0/subnets/36a7db66-ebe7-442b-88b3-46ef3b9b7035 HTTP/1.1" status: 200 len: 850 time: 0.0360262
2026-07-15 23:02:01.346 9 INFO neutron.wsgi [None req-e2e07bc5-22a2-44b3-a509-bd98b632ff7d 15347a2cd9fb413892463cba0acf75e4 3b11b5342cb9458b8a6fe990fe268e21 - - default default] 199.204.45.235 "GET /v2.0/networks/62ccd2fe-d2b6-4800-85d1-58f525e4920a HTTP/1.1" status: 200 len: 1002 time: 0.0677772
2026-07-15 23:02:01.391 9 INFO neutron.wsgi [None req-66cde821-8c5b-4188-a1eb-7640100b8699 15347a2cd9fb413892463cba0acf75e4 3b11b5342cb9458b8a6fe990fe268e21 - - default default] 199.204.45.235 "GET /v2.0/ports/cdc38da4-96ff-46bd-acd5-8be75b87db26 HTTP/1.1" status: 200 len: 1340 time: 0.0378594
2026-07-15 23:02:01.427 9 INFO neutron.wsgi [None req-bbcf19e1-77bf-45b9-930e-83a75fe6aa04 15347a2cd9fb413892463cba0acf75e4 3b11b5342cb9458b8a6fe990fe268e21 - - default default] 199.204.45.235 "GET /v2.0/subnets/36a7db66-ebe7-442b-88b3-46ef3b9b7035 HTTP/1.1" status: 200 len: 850 time: 0.0328114
2026-07-15 23:02:01.786 9 INFO neutron.notifiers.nova [-] Nova event matching ['req-7947f256-e58d-48d2-b007-9b9569cc789f'] response: {'server_uuid': '4b9a6f44-9f2b-43e9-a0d8-8c0131dbcc0f', 'name': 'network-vif-unplugged', 'status': 'completed', 'tag': 'fb56792a-97f5-4217-9857-9ce66fb28bb7', 'code': 200}
2026-07-15 23:02:01.786 9 INFO neutron.notifiers.nova [-] Nova event matching ['req-7947f256-e58d-48d2-b007-9b9569cc789f'] response: {'server_uuid': '4b9a6f44-9f2b-43e9-a0d8-8c0131dbcc0f', 'name': 'network-vif-plugged', 'status': 'completed', 'tag': 'fb56792a-97f5-4217-9857-9ce66fb28bb7', 'code': 200}
2026-07-15 23:02:05.809 9 INFO neutron.wsgi [None req-c8900a21-0534-43f8-b053-ad206b4bccaf 15347a2cd9fb413892463cba0acf75e4 3b11b5342cb9458b8a6fe990fe268e21 - - default default] 10.0.0.62 "GET /v2.0/networks HTTP/1.1" status: 200 len: 4720 time: 0.1284704
2026-07-15 23:02:05.867 9 INFO neutron.wsgi [None req-25ec90c5-604a-41e2-9dff-30055ad6b475 15347a2cd9fb413892463cba0acf75e4 3b11b5342cb9458b8a6fe990fe268e21 - - default default] 10.0.0.62 "GET /v2.0/ports HTTP/1.1" status: 200 len: 22214 time: 0.0525601
2026-07-15 23:02:05.922 9 INFO neutron.wsgi [None req-ebfd902e-276f-445a-a29a-953eda09f2ec 15347a2cd9fb413892463cba0acf75e4 3b11b5342cb9458b8a6fe990fe268e21 - - default default] 10.0.0.62 "GET /v2.0/subnets HTTP/1.1" status: 200 len: 5496 time: 0.0403063
2026-07-15 23:02:05.947 9 INFO neutron.wsgi [None req-2114d7cf-aaea-4d56-90e0-285e7c4b41f0 15347a2cd9fb413892463cba0acf75e4 3b11b5342cb9458b8a6fe990fe268e21 - - default default] 10.0.0.62 "GET /v2.0/subnetpools HTTP/1.1" status: 200 len: 193 time: 0.0240133
2026-07-15 23:02:06.022 9 INFO neutron.wsgi [None req-1caac0b7-65b6-4dc9-8dcf-bb1b6dfa91a4 15347a2cd9fb413892463cba0acf75e4 3b11b5342cb9458b8a6fe990fe268e21 - - default default] 10.0.0.62 "GET /v2.0/security-groups HTTP/1.1" status: 200 len: 30252 time: 0.0732272
2026-07-15 23:02:06.052 9 INFO neutron.wsgi [None req-3e206d4a-ae4a-474b-890a-6994223d0f56 15347a2cd9fb413892463cba0acf75e4 3b11b5342cb9458b8a6fe990fe268e21 - - default default] 10.0.0.62 "GET /v2.0/agents HTTP/1.1" status: 200 len: 997 time: 0.0222201
2026-07-15 23:02:06.067 9 INFO neutron.wsgi [None req-ee0d2830-3b29-4d53-a1c0-1c6c0bf9738c 15347a2cd9fb413892463cba0acf75e4 3b11b5342cb9458b8a6fe990fe268e21 - - default default] 10.0.0.62 "GET /v2.0/network-ip-availabilities HTTP/1.1" status: 200 len: 3363 time: 0.0131354
2026-07-15 23:02:06.113 9 INFO neutron.wsgi [None req-38cc3479-0fa1-4bbe-9b0c-19d3a55a8d6a 15347a2cd9fb413892463cba0acf75e4 3b11b5342cb9458b8a6fe990fe268e21 - - default default] 10.0.0.62 "GET /v2.0/floatingips HTTP/1.1" status: 200 len: 2765 time: 0.0444758
2026-07-15 23:02:06.151 9 INFO neutron.wsgi [None req-5b2ad45c-6ad1-4ebc-a458-828b0de53cc6 15347a2cd9fb413892463cba0acf75e4 3b11b5342cb9458b8a6fe990fe268e21 - - default default] 10.0.0.62 "GET /v2.0/subnets HTTP/1.1" status: 200 len: 5496 time: 0.0363874
2026-07-15 23:02:06.232 9 INFO neutron.wsgi [None req-b8759fce-9f8f-4392-b7f2-2fe42d4d60d1 15347a2cd9fb413892463cba0acf75e4 3b11b5342cb9458b8a6fe990fe268e21 - - default default] 10.0.0.62 "GET /v2.0/routers HTTP/1.1" status: 200 len: 850 time: 0.0777621
2026-07-15 23:02:06.250 9 INFO neutron.wsgi [None req-5f327b9c-d4a5-43d7-8cd4-32f9d93f1907 15347a2cd9fb413892463cba0acf75e4 3b11b5342cb9458b8a6fe990fe268e21 - - default default] 10.0.0.62 "GET /v2.0/agents?binary=ovn-controller HTTP/1.1" status: 200 len: 591 time: 0.0170259
2026-07-15 23:02:06.684 9 INFO neutron.wsgi [-] 10.0.0.25 "GET / HTTP/1.1" status: 200 len: 247 time: 0.0022259
2026-07-15 23:02:06.685 10 INFO neutron.wsgi [-] 10.0.0.25 "GET / HTTP/1.1" status: 200 len: 247 time: 0.0029438
2026-07-15 23:02:10.200 9 INFO neutron.wsgi [None req-53927741-795c-4de3-b384-b6d06b543b23 15347a2cd9fb413892463cba0acf75e4 3b11b5342cb9458b8a6fe990fe268e21 - - default default] 199.204.45.235 "GET /v2.0/extensions/security-group HTTP/1.1" status: 200 len: 369 time: 0.0074956
2026-07-15 23:02:10.209 9 INFO neutron.wsgi [None req-00e66671-72e0-4d67-9ca9-d563134fb133 15347a2cd9fb413892463cba0acf75e4 3b11b5342cb9458b8a6fe990fe268e21 - - default default] 199.204.45.235 "GET /v2.0/extensions/dns-integration HTTP/1.1" status: 200 len: 371 time: 0.0039244
2026-07-15 23:02:10.220 9 INFO neutron.wsgi [None req-ca09e151-b134-4c69-a51a-bc7acb6c9c64 15347a2cd9fb413892463cba0acf75e4 3b11b5342cb9458b8a6fe990fe268e21 - - default default] 199.204.45.235 "GET /v2.0/extensions/qos HTTP/1.1" status: 200 len: 365 time: 0.0073040
2026-07-15 23:02:10.228 9 INFO neutron.wsgi [None req-d36af7d5-2bd7-4d4c-9c68-24e4ef2de2fe 15347a2cd9fb413892463cba0acf75e4 3b11b5342cb9458b8a6fe990fe268e21 - - default default] 199.204.45.235 "GET /v2.0/extensions/allowed-address-pairs HTTP/1.1" status: 200 len: 383 time: 0.0042171
2026-07-15 23:02:10.274 9 INFO neutron.wsgi [None req-bbfedfb9-05c2-442e-b8b5-a41eb2847bc5 15347a2cd9fb413892463cba0acf75e4 3b11b5342cb9458b8a6fe990fe268e21 - - default default] 199.204.45.235 "GET /v2.0/security-groups?name=lb-dd8ca448-a48f-4a6c-8230-55554c7372f3 HTTP/1.1" status: 200 len: 2941 time: 0.0401106
2026-07-15 23:02:10.324 9 INFO neutron.wsgi [None req-8008b665-4a12-4bbb-8b1f-d5b844f2b014 15347a2cd9fb413892463cba0acf75e4 3b11b5342cb9458b8a6fe990fe268e21 - - default default] 199.204.45.235 "GET /v2.0/security-group-rules?security_group_id=b9ec3c51-8a00-4b50-80ec-c78671ccfb91 HTTP/1.1" status: 200 len: 2406 time: 0.0394402
2026-07-15 23:02:10.443 9 INFO neutron.wsgi [None req-9593e490-1bde-4d61-9dda-0a46843901a7 15347a2cd9fb413892463cba0acf75e4 3b11b5342cb9458b8a6fe990fe268e21 - - default default] 199.204.45.235 "DELETE /v2.0/security-group-rules/27bacf41-9b43-4ea1-8587-f5e1098d469e HTTP/1.1" status: 204 len: 173 time: 0.1112537
2026-07-15 23:02:10.572 9 INFO neutron.wsgi [None req-37756746-4d3a-4376-beac-dcc3067ce28c 15347a2cd9fb413892463cba0acf75e4 3b11b5342cb9458b8a6fe990fe268e21 - - default default] 199.204.45.235 "DELETE /v2.0/security-group-rules/aaa06ede-6153-45da-9506-0e8ada9a2a4a HTTP/1.1" status: 204 len: 173 time: 0.1225705
2026-07-15 23:02:15.012 10 INFO neutron.db.l3_db [None req-a69369f6-8415-485a-8aeb-f52689402fea 3d3a7022022542b28522a7df1ae6f07a 8ffce727ee354c99ac91b56cd319ff3c - - default default] Floating IP 2854be64-6516-4f94-a845-c5b65ad9539d disassociated (deleted). External IP: 10.96.250.218, port: cdc38da4-96ff-46bd-acd5-8be75b87db26.
2026-07-15 23:02:15.068 10 INFO neutron.wsgi [None req-a69369f6-8415-485a-8aeb-f52689402fea 3d3a7022022542b28522a7df1ae6f07a 8ffce727ee354c99ac91b56cd319ff3c - - default default] 10.0.0.216 "DELETE /v2.0/floatingips/2854be64-6516-4f94-a845-c5b65ad9539d HTTP/1.1" status: 204 len: 168 time: 0.4567685
2026-07-15 23:02:15.327 10 INFO neutron.api.v2.resource [None req-d0edae58-140f-45d5-b619-663d873011ab 3d3a7022022542b28522a7df1ae6f07a 8ffce727ee354c99ac91b56cd319ff3c - - default default] show failed (client error): The resource could not be found.
2026-07-15 23:02:15.328 10 INFO neutron.wsgi [None req-d0edae58-140f-45d5-b619-663d873011ab 3d3a7022022542b28522a7df1ae6f07a 8ffce727ee354c99ac91b56cd319ff3c - - default default] 10.0.0.216 "GET /v2.0/floatingips/2854be64-6516-4f94-a845-c5b65ad9539d HTTP/1.1" status: 404 len: 345 time: 0.2532940 /var/lib/openstack/lib/python3.10/site-packages/pycadf/identifier.py:71: UserWarning: Invalid uuid: neutron. To ensure interoperability, identifiers should be a valid uuid. warnings.warn(('Invalid uuid: %s. To ensure interoperability, '
2026-07-15 23:02:15.591 9 INFO neutron.wsgi [None req-2555dc3a-a1c3-41ae-a4e3-9f733ded0808 15347a2cd9fb413892463cba0acf75e4 3b11b5342cb9458b8a6fe990fe268e21 - - default default] 199.204.45.235 "GET /v2.0/extensions/security-group HTTP/1.1" status: 200 len: 369 time: 0.0126193
2026-07-15 23:02:15.613 9 INFO neutron.wsgi [None req-0b194232-01c9-4093-93e1-fe47866b122c 15347a2cd9fb413892463cba0acf75e4 3b11b5342cb9458b8a6fe990fe268e21 - - default default] 199.204.45.235 "GET /v2.0/extensions/dns-integration HTTP/1.1" status: 200 len: 371 time: 0.0069451
2026-07-15 23:02:15.621 9 INFO neutron.wsgi [None req-98ff4e56-6d43-4d90-ace5-4d443c5dd0c3 15347a2cd9fb413892463cba0acf75e4 3b11b5342cb9458b8a6fe990fe268e21 - - default default] 199.204.45.235 "GET /v2.0/extensions/qos HTTP/1.1" status: 200 len: 365 time: 0.0048816
2026-07-15 23:02:15.632 9 INFO neutron.wsgi [None req-c7c5e3cf-a3c7-4030-8fec-144474ca8804 15347a2cd9fb413892463cba0acf75e4 3b11b5342cb9458b8a6fe990fe268e21 - - default default] 199.204.45.235 "GET /v2.0/extensions/allowed-address-pairs HTTP/1.1" status: 200 len: 383 time: 0.0057483
2026-07-15 23:02:15.673 9 INFO neutron.wsgi [None req-7324c41f-cc97-411f-a12e-46220e325362 15347a2cd9fb413892463cba0acf75e4 3b11b5342cb9458b8a6fe990fe268e21 - - default default] 199.204.45.235 "GET /v2.0/subnets/36a7db66-ebe7-442b-88b3-46ef3b9b7035 HTTP/1.1" status: 200 len: 850 time: 0.0347974
2026-07-15 23:02:15.721 9 INFO neutron.wsgi [None req-e05a214d-eca3-473c-b925-6eaa48fba537 15347a2cd9fb413892463cba0acf75e4 3b11b5342cb9458b8a6fe990fe268e21 - - default default] 199.204.45.235 "GET /v2.0/ports?device_id=4b9a6f44-9f2b-43e9-a0d8-8c0131dbcc0f HTTP/1.1" status: 200 len: 2716 time: 0.0407889
2026-07-15 23:02:15.762 9 INFO neutron.wsgi [None req-bd370e52-bb56-4306-86cf-c02142b48ed2 15347a2cd9fb413892463cba0acf75e4 3b11b5342cb9458b8a6fe990fe268e21 - - default default] 199.204.45.235 "GET /v2.0/ports?device_id=4b9a6f44-9f2b-43e9-a0d8-8c0131dbcc0f HTTP/1.1" status: 200 len: 2716 time: 0.0349228
2026-07-15 23:02:15.888 9 INFO neutron.wsgi [None req-c067c293-fe17-49f2-95b9-2c406bba5ba4 15347a2cd9fb413892463cba0acf75e4 3b11b5342cb9458b8a6fe990fe268e21 - - default default] 199.204.45.235 "GET /v2.0/ports?device_id=4b9a6f44-9f2b-43e9-a0d8-8c0131dbcc0f HTTP/1.1" status: 200 len: 2716 time: 0.0471079
2026-07-15 23:02:16.160 9 INFO neutron.plugins.ml2.drivers.ovn.mech_driver.mech_driver [None req-c2740de3-9fdc-4af1-8deb-8479581be0bc - - - - - -] OVN reports status down for port: cdc38da4-96ff-46bd-acd5-8be75b87db26
2026-07-15 23:02:16.226 10 INFO neutron.wsgi [req-271347e4-f541-476a-8a39-72d6eaf51123 req-0e025ec1-d79a-4a99-bcf9-62e290c7821e 020148a245aa457ba8f9ae8eec1f5b74 f4970c914d95420382e7831c1c5a8c46 - - 713730aea4c849d39e19d81e6968278a 713730aea4c849d39e19d81e6968278a] 199.204.45.235 "GET /v2.0/ports/0f997c92-58d4-462e-9e4b-e53682897977 HTTP/1.1" status: 200 len: 1515 time: 0.0401368
2026-07-15 23:02:16.239 9 INFO neutron.plugins.ml2.drivers.ovn.mech_driver.mech_driver [None req-c2740de3-9fdc-4af1-8deb-8479581be0bc - - - - - -] OVN reports status down for port: 0f997c92-58d4-462e-9e4b-e53682897977
2026-07-15 23:02:16.272 10 INFO neutron.wsgi [req-271347e4-f541-476a-8a39-72d6eaf51123 req-4721b9aa-1ef7-47c2-81e2-10c36744cbf7 15347a2cd9fb413892463cba0acf75e4 3b11b5342cb9458b8a6fe990fe268e21 - - default default] 199.204.45.235 "GET /v2.0/ports/0f997c92-58d4-462e-9e4b-e53682897977?fields=binding%3Aprofile&fields=network_id HTTP/1.1" status: 200 len: 281 time: 0.0371568
2026-07-15 23:02:16.336 10 INFO neutron.db.ovn_revision_numbers_db [None req-6f53d01f-47f8-431f-8151-91ad584aebdf - - - - - -] Successfully bumped revision number for resource cdc38da4-96ff-46bd-acd5-8be75b87db26 (type: ports) to 6
2026-07-15 23:02:16.344 10 INFO neutron.wsgi [req-271347e4-f541-476a-8a39-72d6eaf51123 req-d78ca3ac-bbb7-4d8f-abba-39a639792355 15347a2cd9fb413892463cba0acf75e4 3b11b5342cb9458b8a6fe990fe268e21 - - default default] 199.204.45.235 "GET /v2.0/networks/62ccd2fe-d2b6-4800-85d1-58f525e4920a?fields=dns_domain HTTP/1.1" status: 200 len: 227 time: 0.0647020
2026-07-15 23:02:16.404 9 INFO neutron.notifiers.nova [-] Nova event matching ['req-a15e19d5-51a6-497f-a938-4cd5fb501f9e'] response: {'server_uuid': '4b9a6f44-9f2b-43e9-a0d8-8c0131dbcc0f', 'name': 'network-vif-unplugged', 'status': 'completed', 'tag': '0f997c92-58d4-462e-9e4b-e53682897977', 'code': 200}
2026-07-15 23:02:16.733 10 INFO neutron.db.ovn_revision_numbers_db [req-271347e4-f541-476a-8a39-72d6eaf51123 req-9f74d24e-c1fd-477d-8956-e322f54d4325 020148a245aa457ba8f9ae8eec1f5b74 f4970c914d95420382e7831c1c5a8c46 - - 713730aea4c849d39e19d81e6968278a 713730aea4c849d39e19d81e6968278a] Successfully bumped revision number for resource 0f997c92-58d4-462e-9e4b-e53682897977 (type: ports) to 8
2026-07-15 23:02:16.746 10 INFO neutron.wsgi [req-271347e4-f541-476a-8a39-72d6eaf51123 req-9f74d24e-c1fd-477d-8956-e322f54d4325 020148a245aa457ba8f9ae8eec1f5b74 f4970c914d95420382e7831c1c5a8c46 - - 713730aea4c849d39e19d81e6968278a 713730aea4c849d39e19d81e6968278a] 199.204.45.235 "PUT /v2.0/ports/0f997c92-58d4-462e-9e4b-e53682897977 HTTP/1.1" status: 200 len: 1347 time: 0.3951540
2026-07-15 23:02:16.770 9 INFO neutron.db.ovn_revision_numbers_db [None req-c2740de3-9fdc-4af1-8deb-8479581be0bc - - - - - -] Successfully bumped revision number for resource 0f997c92-58d4-462e-9e4b-e53682897977 (type: ports) to 7 /var/lib/openstack/lib/python3.10/site-packages/pycadf/identifier.py:71: UserWarning: Invalid uuid: neutron. To ensure interoperability, identifiers should be a valid uuid. warnings.warn(('Invalid uuid: %s. To ensure interoperability, '
2026-07-15 23:02:16.844 10 INFO neutron.wsgi [req-271347e4-f541-476a-8a39-72d6eaf51123 req-3e559e3a-ca20-4309-a2ba-9b94dc97cae1 020148a245aa457ba8f9ae8eec1f5b74 f4970c914d95420382e7831c1c5a8c46 - - 713730aea4c849d39e19d81e6968278a 713730aea4c849d39e19d81e6968278a] 199.204.45.235 "GET /v2.0/ports?tenant_id=3b11b5342cb9458b8a6fe990fe268e21&device_id=4b9a6f44-9f2b-43e9-a0d8-8c0131dbcc0f HTTP/1.1" status: 200 len: 1409 time: 0.0414476 /var/lib/openstack/lib/python3.10/site-packages/pycadf/identifier.py:71: UserWarning: Invalid uuid: neutron. To ensure interoperability, identifiers should be a valid uuid. warnings.warn(('Invalid uuid: %s. To ensure interoperability, '
2026-07-15 23:02:16.923 10 INFO neutron.wsgi [req-271347e4-f541-476a-8a39-72d6eaf51123 req-11603215-e449-4e80-9b86-2aea805814e9 020148a245aa457ba8f9ae8eec1f5b74 f4970c914d95420382e7831c1c5a8c46 - - 713730aea4c849d39e19d81e6968278a 713730aea4c849d39e19d81e6968278a] 199.204.45.235 "GET /v2.0/networks?id=696b48a7-c4c9-4a85-9190-21669bb9d787&id=62ccd2fe-d2b6-4800-85d1-58f525e4920a HTTP/1.1" status: 200 len: 1730 time: 0.0728376
2026-07-15 23:02:16.928 9 INFO neutron.wsgi [None req-8c8e6b0c-3325-42d1-b329-085eb69638a8 15347a2cd9fb413892463cba0acf75e4 3b11b5342cb9458b8a6fe990fe268e21 - - default default] 199.204.45.235 "GET /v2.0/ports?device_id=4b9a6f44-9f2b-43e9-a0d8-8c0131dbcc0f HTTP/1.1" status: 200 len: 1409 time: 0.0331299
2026-07-15 23:02:16.956 10 INFO neutron.wsgi [req-271347e4-f541-476a-8a39-72d6eaf51123 req-e6454f5e-5d13-4f4c-bf36-5f06a348a59b 020148a245aa457ba8f9ae8eec1f5b74 f4970c914d95420382e7831c1c5a8c46 - - 713730aea4c849d39e19d81e6968278a 713730aea4c849d39e19d81e6968278a] 199.204.45.235 "GET /v2.0/floatingips?fixed_ip_address=172.24.0.8&port_id=5efa58f2-b463-4169-a44d-a90a6fb772f3 HTTP/1.1" status: 200 len: 217 time: 0.0256441
2026-07-15 23:02:16.994 10 INFO neutron.wsgi [req-271347e4-f541-476a-8a39-72d6eaf51123 req-5485d74d-7b7c-42ac-bab6-da3f18998b0b 020148a245aa457ba8f9ae8eec1f5b74 f4970c914d95420382e7831c1c5a8c46 - - 713730aea4c849d39e19d81e6968278a 713730aea4c849d39e19d81e6968278a] 199.204.45.235 "GET /v2.0/subnets?id=f0952432-3ffb-4c51-aaf6-3098d3abfe25 HTTP/1.1" status: 200 len: 829 time: 0.0324354
2026-07-15 23:02:17.024 10 INFO neutron.wsgi [req-271347e4-f541-476a-8a39-72d6eaf51123 req-3bc65977-b7cc-4395-8fec-47b362d66120 020148a245aa457ba8f9ae8eec1f5b74 f4970c914d95420382e7831c1c5a8c46 - - 713730aea4c849d39e19d81e6968278a 713730aea4c849d39e19d81e6968278a] 199.204.45.235 "GET /v2.0/ports?network_id=696b48a7-c4c9-4a85-9190-21669bb9d787&device_owner=network%3Adhcp HTTP/1.1" status: 200 len: 210 time: 0.0221615
2026-07-15 23:02:17.088 10 INFO neutron.wsgi [req-271347e4-f541-476a-8a39-72d6eaf51123 req-d5e97f59-c35e-4578-817d-9eb5f63647d7 020148a245aa457ba8f9ae8eec1f5b74 f4970c914d95420382e7831c1c5a8c46 - - 713730aea4c849d39e19d81e6968278a 713730aea4c849d39e19d81e6968278a] 199.204.45.235 "GET /v2.0/networks/696b48a7-c4c9-4a85-9190-21669bb9d787?fields=segments HTTP/1.1" status: 200 len: 212 time: 0.0577230
2026-07-15 23:02:17.151 10 INFO neutron.wsgi [req-271347e4-f541-476a-8a39-72d6eaf51123 req-fe826c56-ee0e-4c1a-8f0f-70189e90fd8a 020148a245aa457ba8f9ae8eec1f5b74 f4970c914d95420382e7831c1c5a8c46 - - 713730aea4c849d39e19d81e6968278a 713730aea4c849d39e19d81e6968278a] 199.204.45.235 "GET /v2.0/networks/696b48a7-c4c9-4a85-9190-21669bb9d787?fields=provider%3Aphysical_network&fields=provider%3Anetwork_type HTTP/1.1" status: 200 len: 277 time: 0.0551643
2026-07-15 23:02:17.296 9 INFO neutron.db.ovn_revision_numbers_db [None req-e3d2e2c8-9434-4d91-86a4-9ff6f8343943 15347a2cd9fb413892463cba0acf75e4 3b11b5342cb9458b8a6fe990fe268e21 - - default default] Successfully bumped revision number for resource 0f997c92-58d4-462e-9e4b-e53682897977 (type: ports) to 9
2026-07-15 23:02:17.313 9 INFO neutron.wsgi [None req-e3d2e2c8-9434-4d91-86a4-9ff6f8343943 15347a2cd9fb413892463cba0acf75e4 3b11b5342cb9458b8a6fe990fe268e21 - - default default] 199.204.45.235 "PUT /v2.0/ports/0f997c92-58d4-462e-9e4b-e53682897977 HTTP/1.1" status: 200 len: 1286 time: 0.3766313 /var/lib/openstack/lib/python3.10/site-packages/pycadf/identifier.py:71: UserWarning: Invalid uuid: neutron. To ensure interoperability, identifiers should be a valid uuid. warnings.warn(('Invalid uuid: %s. To ensure interoperability, '
2026-07-15 23:02:17.362 9 INFO neutron.wsgi [None req-e52e7449-4b5b-4b8c-8d17-c3ac35a48f0b 15347a2cd9fb413892463cba0acf75e4 3b11b5342cb9458b8a6fe990fe268e21 - - default default] 199.204.45.235 "GET /v2.0/ports/0f997c92-58d4-462e-9e4b-e53682897977 HTTP/1.1" status: 200 len: 1286 time: 0.0418394
2026-07-15 23:02:17.388 10 INFO neutron.db.ovn_revision_numbers_db [None req-6f53d01f-47f8-431f-8151-91ad584aebdf - - - - - -] Successfully bumped revision number for resource cdc38da4-96ff-46bd-acd5-8be75b87db26 (type: ports) to 8
2026-07-15 23:02:17.669 9 INFO neutron.wsgi [None req-977fc6ea-5075-4152-8a63-d2b995058170 15347a2cd9fb413892463cba0acf75e4 3b11b5342cb9458b8a6fe990fe268e21 - - default default] 199.204.45.235 "DELETE /v2.0/ports/0f997c92-58d4-462e-9e4b-e53682897977 HTTP/1.1" status: 204 len: 173 time: 0.3001456
2026-07-15 23:02:17.714 9 INFO neutron.wsgi [None req-c460ce0c-8c76-4e59-b660-cadaee71ff07 15347a2cd9fb413892463cba0acf75e4 3b11b5342cb9458b8a6fe990fe268e21 - - default default] 199.204.45.235 "GET /v2.0/extensions/security-group HTTP/1.1" status: 200 len: 369 time: 0.0044947
2026-07-15 23:02:17.724 9 INFO neutron.wsgi [None req-960334a5-f2be-4e93-a86c-2228303039ba 15347a2cd9fb413892463cba0acf75e4 3b11b5342cb9458b8a6fe990fe268e21 - - default default] 199.204.45.235 "GET /v2.0/extensions/dns-integration HTTP/1.1" status: 200 len: 371 time: 0.0043383
2026-07-15 23:02:17.732 9 INFO neutron.wsgi [None req-b35667df-8d5c-4759-874d-5fa2c195a3cc 15347a2cd9fb413892463cba0acf75e4 3b11b5342cb9458b8a6fe990fe268e21 - - default default] 199.204.45.235 "GET /v2.0/extensions/qos HTTP/1.1" status: 200 len: 365 time: 0.0038602
2026-07-15 23:02:17.741 9 INFO neutron.wsgi [None req-6314360b-c7bf-4943-b666-c38bf8bcd165 15347a2cd9fb413892463cba0acf75e4 3b11b5342cb9458b8a6fe990fe268e21 - - default default] 199.204.45.235 "GET /v2.0/extensions/allowed-address-pairs HTTP/1.1" status: 200 len: 383 time: 0.0046909
2026-07-15 23:02:17.764 9 INFO neutron.pecan_wsgi.hooks.translation [None req-67639ce3-9cdc-40d5-8933-eeafb68e7fc7 15347a2cd9fb413892463cba0acf75e4 3b11b5342cb9458b8a6fe990fe268e21 - - default default] DELETE failed (client error): The resource could not be found.
2026-07-15 23:02:17.766 9 INFO neutron.wsgi [None req-67639ce3-9cdc-40d5-8933-eeafb68e7fc7 15347a2cd9fb413892463cba0acf75e4 3b11b5342cb9458b8a6fe990fe268e21 - - default default] 199.204.45.235 "DELETE /v2.0/ports/0f997c92-58d4-462e-9e4b-e53682897977 HTTP/1.1" status: 404 len: 338 time: 0.0202842
2026-07-15 23:02:17.807 9 INFO neutron.wsgi [None req-3a2aec22-cee5-4711-b70d-14166a5f8677 15347a2cd9fb413892463cba0acf75e4 3b11b5342cb9458b8a6fe990fe268e21 - - default default] 199.204.45.235 "GET /v2.0/ports/cdc38da4-96ff-46bd-acd5-8be75b87db26 HTTP/1.1" status: 200 len: 1332 time: 0.0367165
2026-07-15 23:02:17.848 9 INFO neutron.wsgi [None req-158edd44-ee5b-4da0-80d7-42962eceda51 15347a2cd9fb413892463cba0acf75e4 3b11b5342cb9458b8a6fe990fe268e21 - - default default] 199.204.45.235 "GET /v2.0/security-groups?name=lb-dd8ca448-a48f-4a6c-8230-55554c7372f3 HTTP/1.1" status: 200 len: 1777 time: 0.0344234
2026-07-15 23:02:17.883 9 INFO neutron.wsgi [None req-64088fe4-562b-4eb3-9b80-68bda737ddb4 15347a2cd9fb413892463cba0acf75e4 3b11b5342cb9458b8a6fe990fe268e21 - - default default] 199.204.45.235 "GET /v2.0/ports/cdc38da4-96ff-46bd-acd5-8be75b87db26 HTTP/1.1" status: 200 len: 1332 time: 0.0288289
2026-07-15 23:02:18.233 9 INFO neutron.db.ovn_revision_numbers_db [None req-c33eb149-774d-4926-85fe-016d5332ac73 15347a2cd9fb413892463cba0acf75e4 3b11b5342cb9458b8a6fe990fe268e21 - - default default] Successfully bumped revision number for resource cdc38da4-96ff-46bd-acd5-8be75b87db26 (type: ports) to 9
2026-07-15 23:02:18.253 9 INFO neutron.wsgi [None req-c33eb149-774d-4926-85fe-016d5332ac73 15347a2cd9fb413892463cba0acf75e4 3b11b5342cb9458b8a6fe990fe268e21 - - default default] 199.204.45.235 "PUT /v2.0/ports/cdc38da4-96ff-46bd-acd5-8be75b87db26 HTTP/1.1" status: 200 len: 1294 time: 0.3646138
2026-07-15 23:02:18.384 9 INFO neutron.wsgi [None req-e26ca4ec-36db-4b39-9902-45366673a520 15347a2cd9fb413892463cba0acf75e4 3b11b5342cb9458b8a6fe990fe268e21 - - default default] 199.204.45.235 "DELETE /v2.0/security-groups/b9ec3c51-8a00-4b50-80ec-c78671ccfb91 HTTP/1.1" status: 204 len: 173 time: 0.1228423
2026-07-15 23:02:18.449 9 INFO neutron.notifiers.nova [-] Nova event matching ['req-4f898b74-51f6-490d-b789-5c36eb7f6dc6'] response: {'server_uuid': '4b9a6f44-9f2b-43e9-a0d8-8c0131dbcc0f', 'name': 'network-vif-plugged', 'status': 'completed', 'tag': '0f997c92-58d4-462e-9e4b-e53682897977', 'code': 200}
2026-07-15 23:02:18.684 9 INFO neutron.wsgi [None req-4e99a732-61c3-479f-a53a-1e189640dc79 15347a2cd9fb413892463cba0acf75e4 3b11b5342cb9458b8a6fe990fe268e21 - - default default] 199.204.45.235 "DELETE /v2.0/ports/cdc38da4-96ff-46bd-acd5-8be75b87db26 HTTP/1.1" status: 204 len: 173 time: 0.2923589
2026-07-15 23:02:18.967 10 INFO neutron.plugins.ml2.drivers.ovn.mech_driver.mech_driver [None req-cd3b2352-ef9d-4b0d-b87f-52edbcc52025 - - - - - -] OVN reports status down for port: 5efa58f2-b463-4169-a44d-a90a6fb772f3
2026-07-15 23:02:19.103 10 INFO neutron.notifiers.nova [-] Nova event matching ['req-f772c0c5-0a08-4800-982d-866b58ede69d'] response: {'server_uuid': '4b9a6f44-9f2b-43e9-a0d8-8c0131dbcc0f', 'name': 'network-vif-unplugged', 'status': 'completed', 'tag': '5efa58f2-b463-4169-a44d-a90a6fb772f3', 'code': 200}
2026-07-15 23:02:19.276 10 INFO neutron.wsgi [req-b41bf6c5-8a6e-448e-a36a-a16ada89b0fa req-e5b654ae-36b1-41cc-8c1b-1f2333e87e14 15347a2cd9fb413892463cba0acf75e4 3b11b5342cb9458b8a6fe990fe268e21 - - default default] 199.204.45.235 "GET /v2.0/ports?device_id=4b9a6f44-9f2b-43e9-a0d8-8c0131dbcc0f HTTP/1.1" status: 200 len: 1407 time: 0.0569637
2026-07-15 23:02:19.334 10 INFO neutron.db.ovn_revision_numbers_db [None req-cd3b2352-ef9d-4b0d-b87f-52edbcc52025 - - - - - -] Successfully bumped revision number for resource 5efa58f2-b463-4169-a44d-a90a6fb772f3 (type: ports) to 5
2026-07-15 23:02:19.569 10 INFO neutron.wsgi [req-b41bf6c5-8a6e-448e-a36a-a16ada89b0fa req-7806674f-8cd1-43a5-9adf-c9285515c8ed 15347a2cd9fb413892463cba0acf75e4 3b11b5342cb9458b8a6fe990fe268e21 - - default default] 199.204.45.235 "DELETE /v2.0/ports/5efa58f2-b463-4169-a44d-a90a6fb772f3 HTTP/1.1" status: 204 len: 173 time: 0.2867956 /var/lib/openstack/lib/python3.10/site-packages/pycadf/identifier.py:71: UserWarning: Invalid uuid: neutron. To ensure interoperability, identifiers should be a valid uuid. warnings.warn(('Invalid uuid: %s. To ensure interoperability, '
2026-07-15 23:02:20.875 10 INFO neutron.db.l3_db [None req-450259a2-3f7f-498b-9e24-5c50974f0fad 3d3a7022022542b28522a7df1ae6f07a 8ffce727ee354c99ac91b56cd319ff3c - - default default] Floating IP 81c20ecf-4333-4a1d-b71e-717fd17ecb6d disassociated (deleted). External IP: 10.96.250.204, port: 991cdb14-332d-4f87-a903-debbd3b159d3.
2026-07-15 23:02:20.952 10 INFO neutron.wsgi [None req-450259a2-3f7f-498b-9e24-5c50974f0fad 3d3a7022022542b28522a7df1ae6f07a 8ffce727ee354c99ac91b56cd319ff3c - - default default] 10.0.0.216 "DELETE /v2.0/floatingips/81c20ecf-4333-4a1d-b71e-717fd17ecb6d HTTP/1.1" status: 204 len: 168 time: 0.4227438 /var/lib/openstack/lib/python3.10/site-packages/pycadf/identifier.py:71: UserWarning: Invalid uuid: neutron. To ensure interoperability, identifiers should be a valid uuid. warnings.warn(('Invalid uuid: %s. To ensure interoperability, '
2026-07-15 23:02:20.981 10 INFO neutron.api.v2.resource [None req-5ef2206d-b1e6-4622-80d4-d23bb6ea5b07 3d3a7022022542b28522a7df1ae6f07a 8ffce727ee354c99ac91b56cd319ff3c - - default default] show failed (client error): The resource could not be found.
2026-07-15 23:02:20.983 10 INFO neutron.wsgi [None req-5ef2206d-b1e6-4622-80d4-d23bb6ea5b07 3d3a7022022542b28522a7df1ae6f07a 8ffce727ee354c99ac91b56cd319ff3c - - default default] 10.0.0.216 "GET /v2.0/floatingips/81c20ecf-4333-4a1d-b71e-717fd17ecb6d HTTP/1.1" status: 404 len: 345 time: 0.0254548
2026-07-15 23:02:21.150 10 INFO neutron.notifiers.nova [-] Nova event matching ['req-4527718c-7959-4e37-a8b2-b3c4693630c9'] response: {'server_uuid': '4b9a6f44-9f2b-43e9-a0d8-8c0131dbcc0f', 'name': 'network-vif-plugged', 'status': 'completed', 'tag': '5efa58f2-b463-4169-a44d-a90a6fb772f3', 'code': 200}
2026-07-15 23:02:21.150 10 INFO neutron.notifiers.nova [-] Nova event matching ['req-4527718c-7959-4e37-a8b2-b3c4693630c9'] response: {'server_uuid': '4b9a6f44-9f2b-43e9-a0d8-8c0131dbcc0f', 'name': 'network-vif-deleted', 'tag': '5efa58f2-b463-4169-a44d-a90a6fb772f3', 'status': 'completed', 'code': 200}
2026-07-15 23:02:21.151 10 INFO neutron.notifiers.nova [-] Nova event matching ['req-4527718c-7959-4e37-a8b2-b3c4693630c9'] response: {'name': 'network-changed', 'server_uuid': '395877eb-c527-486d-8b2e-67c02807f060', 'tag': '991cdb14-332d-4f87-a903-debbd3b159d3', 'status': 'completed', 'code': 200}
2026-07-15 23:02:21.220 10 INFO neutron.plugins.ml2.drivers.ovn.mech_driver.mech_driver [None req-cd3b2352-ef9d-4b0d-b87f-52edbcc52025 - - - - - -] OVN reports status down for port: 991cdb14-332d-4f87-a903-debbd3b159d3
2026-07-15 23:02:21.270 10 INFO neutron.wsgi [req-8381bd60-05a7-49a4-be52-9a2f89116ad5 req-e14a8562-e26a-4562-8070-40c5b62e44de 020148a245aa457ba8f9ae8eec1f5b74 f4970c914d95420382e7831c1c5a8c46 - - 713730aea4c849d39e19d81e6968278a 713730aea4c849d39e19d81e6968278a] 199.204.45.235 "GET /v2.0/ports?tenant_id=8ffce727ee354c99ac91b56cd319ff3c&device_id=395877eb-c527-486d-8b2e-67c02807f060 HTTP/1.1" status: 200 len: 1642 time: 0.0947983
2026-07-15 23:02:21.337 10 INFO neutron.wsgi [req-2ce5dd02-895a-44b8-aa36-9d6699917dfb req-af2b4418-bc69-4911-8edb-aef9f67518f8 3d3a7022022542b28522a7df1ae6f07a 8ffce727ee354c99ac91b56cd319ff3c - - default default] 10.0.0.199 "GET /v2.0/ports?device_id=395877eb-c527-486d-8b2e-67c02807f060 HTTP/1.1" status: 200 len: 1404 time: 0.2046137
2026-07-15 23:02:21.396 10 INFO neutron.wsgi [req-8381bd60-05a7-49a4-be52-9a2f89116ad5 req-803a9702-3e3d-484d-9867-356f9d662025 020148a245aa457ba8f9ae8eec1f5b74 f4970c914d95420382e7831c1c5a8c46 - - 713730aea4c849d39e19d81e6968278a 713730aea4c849d39e19d81e6968278a] 199.204.45.235 "GET /v2.0/networks?id=58c34c5f-500a-492f-a69d-f87768e2f22d HTTP/1.1" status: 200 len: 1003 time: 0.1133347
2026-07-15 23:02:21.418 10 INFO neutron.wsgi [req-2ce5dd02-895a-44b8-aa36-9d6699917dfb req-ae007686-bdc8-483a-b3c0-af2b70c3f3b1 3d3a7022022542b28522a7df1ae6f07a 8ffce727ee354c99ac91b56cd319ff3c - - default default] 10.0.0.199 "GET /v2.0/security-groups?id=21edd4f1-ffc8-4f41-8574-745ed18a5a0d&fields=id&fields=name HTTP/1.1" status: 200 len: 311 time: 0.0744932
2026-07-15 23:02:21.442 10 INFO neutron.wsgi [req-8381bd60-05a7-49a4-be52-9a2f89116ad5 req-f40cdba3-ba1f-4101-bae0-9fa636e8dc22 020148a245aa457ba8f9ae8eec1f5b74 f4970c914d95420382e7831c1c5a8c46 - - 713730aea4c849d39e19d81e6968278a 713730aea4c849d39e19d81e6968278a] 199.204.45.235 "GET /v2.0/floatingips?fixed_ip_address=10.2.2.245&port_id=991cdb14-332d-4f87-a903-debbd3b159d3 HTTP/1.1" status: 200 len: 217 time: 0.0390613
2026-07-15 23:02:21.473 10 INFO neutron.wsgi [req-8381bd60-05a7-49a4-be52-9a2f89116ad5 req-93869272-2356-4087-bed3-5056b208c496 020148a245aa457ba8f9ae8eec1f5b74 f4970c914d95420382e7831c1c5a8c46 - - 713730aea4c849d39e19d81e6968278a 713730aea4c849d39e19d81e6968278a] 199.204.45.235 "GET /v2.0/floatingips?fixed_ip_address=fd77%3A1457%3A4cf0%3A26a8%3A%3A384&port_id=991cdb14-332d-4f87-a903-debbd3b159d3 HTTP/1.1" status: 200 len: 217 time: 0.0240717
2026-07-15 23:02:21.519 10 INFO neutron.wsgi [req-8381bd60-05a7-49a4-be52-9a2f89116ad5 req-12af8817-8862-40c6-afaf-010e7b2cd840 020148a245aa457ba8f9ae8eec1f5b74 f4970c914d95420382e7831c1c5a8c46 - - 713730aea4c849d39e19d81e6968278a 713730aea4c849d39e19d81e6968278a] 199.204.45.235 "GET /v2.0/subnets?id=d59570df-6f73-4f36-9663-8ff0bd6021e8&id=b662ae85-0165-4ba7-970f-9a055bcc5cd9 HTTP/1.1" status: 200 len: 1567 time: 0.0356569
2026-07-15 23:02:21.549 10 INFO neutron.wsgi [req-8381bd60-05a7-49a4-be52-9a2f89116ad5 req-23218030-0939-4828-8956-10f81b7f39e8 020148a245aa457ba8f9ae8eec1f5b74 f4970c914d95420382e7831c1c5a8c46 - - 713730aea4c849d39e19d81e6968278a 713730aea4c849d39e19d81e6968278a] 199.204.45.235 "GET /v2.0/ports?network_id=58c34c5f-500a-492f-a69d-f87768e2f22d&device_owner=network%3Adhcp HTTP/1.1" status: 200 len: 210 time: 0.0221958
2026-07-15 23:02:21.578 10 INFO neutron.wsgi [req-8381bd60-05a7-49a4-be52-9a2f89116ad5 req-f4ff250e-6dc2-4fe7-99de-ada5122b56c2 020148a245aa457ba8f9ae8eec1f5b74 f4970c914d95420382e7831c1c5a8c46 - - 713730aea4c849d39e19d81e6968278a 713730aea4c849d39e19d81e6968278a] 199.204.45.235 "GET /v2.0/ports?network_id=58c34c5f-500a-492f-a69d-f87768e2f22d&device_owner=network%3Adhcp HTTP/1.1" status: 200 len: 210 time: 0.0219848
