+ COMMAND=start + start + for KEYSTONE_WSGI_SCRIPT in keystone-wsgi-public ++ type -p keystone-wsgi-public + cp -a /var/lib/openstack/bin/keystone-wsgi-public /var/www/cgi-bin/keystone/ + '[' -f /etc/apache2/envvars ']' + source /etc/apache2/envvars ++ unset HOME ++ '[' '' '!=' '' ']' ++ SUFFIX= ++ export APACHE_RUN_USER=www-data ++ APACHE_RUN_USER=www-data ++ export APACHE_RUN_GROUP=www-data ++ APACHE_RUN_GROUP=www-data ++ export APACHE_PID_FILE=/var/run/apache2/apache2.pid ++ APACHE_PID_FILE=/var/run/apache2/apache2.pid ++ export APACHE_RUN_DIR=/var/run/apache2 ++ APACHE_RUN_DIR=/var/run/apache2 ++ export APACHE_LOCK_DIR=/var/lock/apache2 ++ APACHE_LOCK_DIR=/var/lock/apache2 ++ export APACHE_LOG_DIR=/var/log/apache2 ++ APACHE_LOG_DIR=/var/log/apache2 ++ export LANG=C ++ LANG=C ++ export LANG + '[' -f /var/run/apache2/apache2.pid ']' + exec apache2 -DFOREGROUND AH00558: apache2: Could not reliably determine the server's fully qualified domain name, using 10.0.0.250. Set the 'ServerName' directive globally to suppress this message AH00558: apache2: Could not reliably determine the server's fully qualified domain name, using 10.0.0.250. Set the 'ServerName' directive globally to suppress this message
[Wed Jul 15 14:42:47.022235 2026] [mpm_event:notice] [pid 1:tid 140273073067904] AH00489: Apache/2.4.58 (Ubuntu) mod_wsgi/5.0.0 Python/3.12 configured -- resuming normal operations
[Wed Jul 15 14:42:47.022365 2026] [core:notice] [pid 1:tid 140273073067904] AH00094: Command line: 'apache2 -D FOREGROUND'
[Wed Jul 15 14:43:42.033571 2026] [wsgi:error] [pid 11:tid 140272435246784] /var/lib/openstack/lib/python3.12/site-packages/oslo_utils/importutils.py:77: EventletDeprecationWarning:
[Wed Jul 15 14:43:42.033621 2026] [wsgi:error] [pid 11:tid 140272435246784] Eventlet is deprecated. It is currently being maintained in bugfix mode, and
[Wed Jul 15 14:43:42.033623 2026] [wsgi:error] [pid 11:tid 140272435246784] we strongly recommend against using it for new projects.
[Wed Jul 15 14:43:42.033624 2026] [wsgi:error] [pid 11:tid 140272435246784]
[Wed Jul 15 14:43:42.033625 2026] [wsgi:error] [pid 11:tid 140272435246784] If you are already using Eventlet, we recommend migrating to a different
[Wed Jul 15 14:43:42.033626 2026] [wsgi:error] [pid 11:tid 140272435246784] framework. For more detail see
[Wed Jul 15 14:43:42.033628 2026] [wsgi:error] [pid 11:tid 140272435246784] https://eventlet.readthedocs.io/en/latest/asyncio/migration.html
[Wed Jul 15 14:43:42.033629 2026] [wsgi:error] [pid 11:tid 140272435246784]
[Wed Jul 15 14:43:42.033630 2026] [wsgi:error] [pid 11:tid 140272435246784] __import__(import_str)
[Wed Jul 15 14:43:42.093252 2026] [wsgi:error] [pid 10:tid 140272435246784] /var/lib/openstack/lib/python3.12/site-packages/oslo_utils/importutils.py:77: EventletDeprecationWarning:
[Wed Jul 15 14:43:42.093306 2026] [wsgi:error] [pid 10:tid 140272435246784] Eventlet is deprecated. It is currently being maintained in bugfix mode, and
[Wed Jul 15 14:43:42.093308 2026] [wsgi:error] [pid 10:tid 140272435246784] we strongly recommend against using it for new projects.
[Wed Jul 15 14:43:42.093309 2026] [wsgi:error] [pid 10:tid 140272435246784]
[Wed Jul 15 14:43:42.093310 2026] [wsgi:error] [pid 10:tid 140272435246784] If you are already using Eventlet, we recommend migrating to a different
[Wed Jul 15 14:43:42.093312 2026] [wsgi:error] [pid 10:tid 140272435246784] framework. For more detail see
[Wed Jul 15 14:43:42.093313 2026] [wsgi:error] [pid 10:tid 140272435246784] https://eventlet.readthedocs.io/en/latest/asyncio/migration.html
[Wed Jul 15 14:43:42.093314 2026] [wsgi:error] [pid 10:tid 140272435246784]
[Wed Jul 15 14:43:42.093315 2026] [wsgi:error] [pid 10:tid 140272435246784] __import__(import_str) 10.0.0.72 - - [15/Jul/2026:14:43:41 +0000] "GET /v3/ HTTP/1.1" 200 250 10.0.0.72 - - [15/Jul/2026:14:43:41 +0000] "GET /v3/ HTTP/1.1" 200 250
[Wed Jul 15 14:43:56.872473 2026] [wsgi:error] [pid 8:tid 140272435246784] /var/lib/openstack/lib/python3.12/site-packages/oslo_utils/importutils.py:77: EventletDeprecationWarning:
[Wed Jul 15 14:43:56.872542 2026] [wsgi:error] [pid 8:tid 140272435246784] Eventlet is deprecated. It is currently being maintained in bugfix mode, and
[Wed Jul 15 14:43:56.872544 2026] [wsgi:error] [pid 8:tid 140272435246784] we strongly recommend against using it for new projects.
[Wed Jul 15 14:43:56.872545 2026] [wsgi:error] [pid 8:tid 140272435246784]
[Wed Jul 15 14:43:56.872547 2026] [wsgi:error] [pid 8:tid 140272435246784] If you are already using Eventlet, we recommend migrating to a different
[Wed Jul 15 14:43:56.872548 2026] [wsgi:error] [pid 8:tid 140272435246784] framework. For more detail see
[Wed Jul 15 14:43:56.872549 2026] [wsgi:error] [pid 8:tid 140272435246784] https://eventlet.readthedocs.io/en/latest/asyncio/migration.html
[Wed Jul 15 14:43:56.872550 2026] [wsgi:error] [pid 8:tid 140272435246784]
[Wed Jul 15 14:43:56.872551 2026] [wsgi:error] [pid 8:tid 140272435246784] __import__(import_str) 10.0.0.182 - - [15/Jul/2026:14:43:55 +0000] "GET / HTTP/1.1" 300 295
[Wed Jul 15 14:44:03.175170 2026] [wsgi:error] [pid 9:tid 140272435246784] /var/lib/openstack/lib/python3.12/site-packages/oslo_utils/importutils.py:77: EventletDeprecationWarning:
[Wed Jul 15 14:44:03.175215 2026] [wsgi:error] [pid 9:tid 140272435246784] Eventlet is deprecated. It is currently being maintained in bugfix mode, and
[Wed Jul 15 14:44:03.175217 2026] [wsgi:error] [pid 9:tid 140272435246784] we strongly recommend against using it for new projects.
[Wed Jul 15 14:44:03.175218 2026] [wsgi:error] [pid 9:tid 140272435246784]
[Wed Jul 15 14:44:03.175219 2026] [wsgi:error] [pid 9:tid 140272435246784] If you are already using Eventlet, we recommend migrating to a different
[Wed Jul 15 14:44:03.175221 2026] [wsgi:error] [pid 9:tid 140272435246784] framework. For more detail see
[Wed Jul 15 14:44:03.175222 2026] [wsgi:error] [pid 9:tid 140272435246784] https://eventlet.readthedocs.io/en/latest/asyncio/migration.html
[Wed Jul 15 14:44:03.175223 2026] [wsgi:error] [pid 9:tid 140272435246784]
[Wed Jul 15 14:44:03.175224 2026] [wsgi:error] [pid 9:tid 140272435246784] __import__(import_str)
[Wed Jul 15 14:44:09.435121 2026] [wsgi:error] [pid 9:tid 140272435246784] [remote 10.0.0.182:35364] 2026-07-15 14:44:09.431 9 WARNING keystone.identity.core [None req-c6da0198-da77-4bfc-913a-bef1d9d06e8f - - - - - -] Invalid domain name (atmosphere) found in config file name: keystone.exception.DomainNotFound: Could not find domain: atmosphere.
[Wed Jul 15 14:44:09.498551 2026] [wsgi:error] [pid 9:tid 140272435246784] [remote 10.0.0.182:35364] 2026-07-15 14:44:09.497 9 WARNING keystone.common.password_hashing [None req-c6da0198-da77-4bfc-913a-bef1d9d06e8f - - - - - -] Truncating password to algorithm specific maximum length 72 characters.
[Wed Jul 15 14:44:09.812226 2026] [wsgi:error] [pid 9:tid 140272435246784] [remote 10.0.0.182:35364] 2026-07-15 14:44:09.811 9 WARNING keystone.common.fernet_utils [None req-c6da0198-da77-4bfc-913a-bef1d9d06e8f - - - - - -] key_repository is world readable: /etc/keystone/fernet-keys/ 10.0.0.182 - - [15/Jul/2026:14:44:02 +0000] "POST /v3/auth/tokens HTTP/1.1" 201 1360
[Wed Jul 15 14:44:10.292127 2026] [wsgi:error] [pid 11:tid 140272435246784] [remote 10.0.0.182:35364] 2026-07-15 14:44:10.288 11 WARNING keystone.identity.core [None req-4cbc2597-7bca-4343-b7b6-1ccde2da36af - - - - - -] Invalid domain name (atmosphere) found in config file name: keystone.exception.DomainNotFound: Could not find domain: atmosphere. 10.0.0.182 - - [15/Jul/2026:14:44:10 +0000] "POST /v3/domains HTTP/1.1" 201 261 10.0.0.149 - - [15/Jul/2026:14:44:22 +0000] "GET / HTTP/1.1" 300 295
[Wed Jul 15 14:44:22.633007 2026] [wsgi:error] [pid 8:tid 140272435246784] [remote 10.0.0.149:42812] 2026-07-15 14:44:22.632 8 WARNING keystone.common.password_hashing [None req-e1bbb4da-ff42-405d-863f-b4156284e08d - - - - - -] Truncating password to algorithm specific maximum length 72 characters.
[Wed Jul 15 14:44:22.923376 2026] [wsgi:error] [pid 8:tid 140272435246784] [remote 10.0.0.149:42812] 2026-07-15 14:44:22.922 8 WARNING keystone.common.fernet_utils [None req-e1bbb4da-ff42-405d-863f-b4156284e08d - - - - - -] key_repository is world readable: /etc/keystone/fernet-keys/ 10.0.0.149 - - [15/Jul/2026:14:44:22 +0000] "POST /v3/auth/tokens HTTP/1.1" 201 1360 10.0.0.149 - - [15/Jul/2026:14:44:23 +0000] "GET /v3/roles/admin HTTP/1.1" 404 83
[Wed Jul 15 14:44:23.207160 2026] [wsgi:error] [pid 11:tid 140272435246784] [remote 10.0.0.149:42812] 2026-07-15 14:44:23.206 11 WARNING keystone.common.rbac_enforcer.enforcer [None req-95ddf7bf-9bc8-40bc-91d6-942a3e4b58e4 98486221f120420896721b6c3097fe36 5b42f662f3364580921b828c2ba654d4 - - default default] Deprecated policy rules found. Use oslopolicy-policy-generator and oslopolicy-policy-upgrade to detect and resolve deprecated policies in your configuration. 10.0.0.149 - - [15/Jul/2026:14:44:23 +0000] "GET /v3/roles?name=admin HTTP/1.1" 200 389
[Wed Jul 15 14:44:23.787050 2026] [wsgi:error] [pid 10:tid 140272435246784] [remote 10.0.0.149:42812] 2026-07-15 14:44:23.786 10 WARNING keystone.common.rbac_enforcer.enforcer [None req-e05b0ae9-6d8b-448e-b7b7-e9dc8a704f4d 98486221f120420896721b6c3097fe36 5b42f662f3364580921b828c2ba654d4 - - default default] Deprecated policy rules found. Use oslopolicy-policy-generator and oslopolicy-policy-upgrade to detect and resolve deprecated policies in your configuration. 10.0.0.149 - - [15/Jul/2026:14:44:23 +0000] "GET /v3/users/admin-RegionOne HTTP/1.1" 404 93
[Wed Jul 15 14:44:24.022184 2026] [wsgi:error] [pid 8:tid 140272435246784] [remote 10.0.0.149:42812] 2026-07-15 14:44:24.021 8 WARNING keystone.common.rbac_enforcer.enforcer [None req-9994d5ce-72ce-45a8-aab9-fdbcb4cf21ec 98486221f120420896721b6c3097fe36 5b42f662f3364580921b828c2ba654d4 - - default default] Deprecated policy rules found. Use oslopolicy-policy-generator and oslopolicy-policy-upgrade to detect and resolve deprecated policies in your configuration. 10.0.0.149 - - [15/Jul/2026:14:44:23 +0000] "GET /v3/users?name=admin-RegionOne HTTP/1.1" 200 422
[Wed Jul 15 14:44:24.320237 2026] [wsgi:error] [pid 9:tid 140272435246784] [remote 10.0.0.149:42812] 2026-07-15 14:44:24.319 9 WARNING keystone.common.rbac_enforcer.enforcer [None req-57eabde4-4665-4e06-b422-e70c00ecf8df 98486221f120420896721b6c3097fe36 5b42f662f3364580921b828c2ba654d4 - - default default] Deprecated policy rules found. Use oslopolicy-policy-generator and oslopolicy-policy-upgrade to detect and resolve deprecated policies in your configuration. 10.0.0.149 - - [15/Jul/2026:14:44:24 +0000] "GET /v3/domains/default HTTP/1.1" 200 224 10.0.0.149 - - [15/Jul/2026:14:44:24 +0000] "PUT /v3/domains/default/users/98486221f120420896721b6c3097fe36/roles/cf09ad6d7bd04c639a5d43b530fa9fba HTTP/1.1" 204 - 10.0.0.72 - - [15/Jul/2026:14:44:34 +0000] "GET / HTTP/1.1" 300 281 10.0.0.72 - - [15/Jul/2026:14:44:36 +0000] "GET /v3 HTTP/1.1" 200 266
[Wed Jul 15 14:44:36.467417 2026] [wsgi:error] [pid 9:tid 140272435246784] [remote 10.0.0.72:43848] 2026-07-15 14:44:36.467 9 WARNING keystone.common.password_hashing [None req-653dd7a8-e0c7-4a7e-ae4d-5587aeeb880f - - - - - -] Truncating password to algorithm specific maximum length 72 characters.
[Wed Jul 15 14:44:36.759130 2026] [wsgi:error] [pid 9:tid 140272435246784] [remote 10.0.0.72:43848] 2026-07-15 14:44:36.758 9 WARNING keystone.common.fernet_utils [None req-653dd7a8-e0c7-4a7e-ae4d-5587aeeb880f - - - - - -] key_repository is world readable: /etc/keystone/fernet-keys/ 10.0.0.72 - - [15/Jul/2026:14:44:36 +0000] "POST /v3/auth/tokens HTTP/1.1" 201 1360 10.0.0.72 - - [15/Jul/2026:14:44:36 +0000] "GET / HTTP/1.1" 300 281 10.0.0.72 - - [15/Jul/2026:14:44:36 +0000] "GET /v3/domains/atmosphere HTTP/1.1" 404 90 10.0.0.72 - - [15/Jul/2026:14:44:37 +0000] "GET /v3/domains?name=atmosphere HTTP/1.1" 200 370 10.0.0.72 - - [15/Jul/2026:14:44:37 +0000] "GET /v3/domains/3a4acc2b7771480cb824a04bcedc197e HTTP/1.1" 200 247 10.0.0.72 - - [15/Jul/2026:14:44:38 +0000] "GET /v3 HTTP/1.1" 200 266
[Wed Jul 15 14:44:38.206205 2026] [wsgi:error] [pid 10:tid 140272435246784] [remote 10.0.0.72:43848] 2026-07-15 14:44:38.205 10 WARNING keystone.common.password_hashing [None req-f77ff51d-27f2-4864-8a86-2054bf20e509 - - - - - -] Truncating password to algorithm specific maximum length 72 characters.
[Wed Jul 15 14:44:38.499254 2026] [wsgi:error] [pid 10:tid 140272435246784] [remote 10.0.0.72:43848] 2026-07-15 14:44:38.498 10 WARNING keystone.common.fernet_utils [None req-f77ff51d-27f2-4864-8a86-2054bf20e509 - - - - - -] key_repository is world readable: /etc/keystone/fernet-keys/ 10.0.0.72 - - [15/Jul/2026:14:44:38 +0000] "POST /v3/auth/tokens HTTP/1.1" 201 1360 10.0.0.72 - - [15/Jul/2026:14:44:38 +0000] "GET / HTTP/1.1" 300 281 10.0.0.72 - - [15/Jul/2026:14:44:38 +0000] "GET /v3/OS-FEDERATION/identity_providers/atmosphere HTTP/1.1" 404 101 10.0.0.72 - - [15/Jul/2026:14:44:38 +0000] "GET /v3/OS-FEDERATION/identity_providers HTTP/1.1" 200 156 10.0.0.72 - - [15/Jul/2026:14:44:38 +0000] "PUT /v3/OS-FEDERATION/identity_providers/atmosphere HTTP/1.1" 201 342 10.0.0.72 - - [15/Jul/2026:14:44:39 +0000] "GET /v3 HTTP/1.1" 200 266
[Wed Jul 15 14:44:39.382061 2026] [wsgi:error] [pid 9:tid 140272435246784] [remote 10.0.0.72:43848] 2026-07-15 14:44:39.381 9 WARNING keystone.common.password_hashing [None req-e47fbcc0-6c6c-48a7-9efb-9e0017499827 - - - - - -] Truncating password to algorithm specific maximum length 72 characters.
[Wed Jul 15 14:44:39.662129 2026] [wsgi:error] [pid 9:tid 140272435246784] [remote 10.0.0.72:43848] 2026-07-15 14:44:39.661 9 WARNING keystone.common.fernet_utils [None req-e47fbcc0-6c6c-48a7-9efb-9e0017499827 - - - - - -] key_repository is world readable: /etc/keystone/fernet-keys/ 10.0.0.72 - - [15/Jul/2026:14:44:39 +0000] "POST /v3/auth/tokens HTTP/1.1" 201 1360 10.0.0.72 - - [15/Jul/2026:14:44:39 +0000] "GET / HTTP/1.1" 300 281 10.0.0.72 - - [15/Jul/2026:14:44:39 +0000] "GET /v3/OS-FEDERATION/mappings/atmosphere-openid HTTP/1.1" 404 98 10.0.0.72 - - [15/Jul/2026:14:44:39 +0000] "GET /v3/OS-FEDERATION/mappings HTTP/1.1" 200 136 10.0.0.72 - - [15/Jul/2026:14:44:39 +0000] "PUT /v3/OS-FEDERATION/mappings/atmosphere-openid HTTP/1.1" 201 357 10.0.0.72 - - [15/Jul/2026:14:44:40 +0000] "GET /v3 HTTP/1.1" 200 266
[Wed Jul 15 14:44:40.548046 2026] [wsgi:error] [pid 10:tid 140272435246784] [remote 10.0.0.72:43852] 2026-07-15 14:44:40.547 10 WARNING keystone.common.password_hashing [None req-c8196b6b-6927-4910-bc20-04f263285fe7 - - - - - -] Truncating password to algorithm specific maximum length 72 characters.
[Wed Jul 15 14:44:40.846506 2026] [wsgi:error] [pid 10:tid 140272435246784] [remote 10.0.0.72:43852] 2026-07-15 14:44:40.846 10 WARNING keystone.common.fernet_utils [None req-c8196b6b-6927-4910-bc20-04f263285fe7 - - - - - -] key_repository is world readable: /etc/keystone/fernet-keys/ 10.0.0.72 - - [15/Jul/2026:14:44:40 +0000] "POST /v3/auth/tokens HTTP/1.1" 201 1360 10.0.0.72 - - [15/Jul/2026:14:44:40 +0000] "GET / HTTP/1.1" 300 281 10.0.0.72 - - [15/Jul/2026:14:44:40 +0000] "GET /v3/OS-FEDERATION/identity_providers/atmosphere/protocols/openid?idp_id=atmosphere HTTP/1.1" 404 131 10.0.0.72 - - [15/Jul/2026:14:44:40 +0000] "GET /v3/OS-FEDERATION/identity_providers/atmosphere/protocols HTTP/1.1" 200 168 10.0.0.72 - - [15/Jul/2026:14:44:40 +0000] "PUT /v3/OS-FEDERATION/identity_providers/atmosphere/protocols/openid HTTP/1.1" 201 224 10.0.0.72 - - [15/Jul/2026:14:44:41 +0000] "GET /v3/ HTTP/1.1" 200 250 10.0.0.72 - - [15/Jul/2026:14:44:41 +0000] "GET /v3/ HTTP/1.1" 200 250 10.0.0.72 - - [15/Jul/2026:14:45:41 +0000] "GET /v3/ HTTP/1.1" 200 250 10.0.0.72 - - [15/Jul/2026:14:45:41 +0000] "GET /v3/ HTTP/1.1" 200 250 10.0.0.87 - - [15/Jul/2026:14:46:12 +0000] "GET / HTTP/1.1" 300 295
[Wed Jul 15 14:46:12.181130 2026] [wsgi:error] [pid 9:tid 140272435246784] [remote 10.0.0.87:42934] 2026-07-15 14:46:12.180 9 WARNING keystone.common.password_hashing [None req-7bd553b7-972c-4fed-ab4a-cf961b36e01d - - - - - -] Truncating password to algorithm specific maximum length 72 characters.
[Wed Jul 15 14:46:12.470484 2026] [wsgi:error] [pid 9:tid 140272435246784] [remote 10.0.0.87:42934] 2026-07-15 14:46:12.470 9 WARNING keystone.common.fernet_utils [None req-7bd553b7-972c-4fed-ab4a-cf961b36e01d - - - - - -] key_repository is world readable: /etc/keystone/fernet-keys/ 10.0.0.87 - - [15/Jul/2026:14:46:12 +0000] "POST /v3/auth/tokens HTTP/1.1" 201 1360 10.0.0.87 - - [15/Jul/2026:14:46:12 +0000] "GET /v3/services HTTP/1.1" 200 355 10.0.0.87 - - [15/Jul/2026:14:46:16 +0000] "GET / HTTP/1.1" 300 295
[Wed Jul 15 14:46:16.522442 2026] [wsgi:error] [pid 8:tid 140272435246784] [remote 10.0.0.87:57936] 2026-07-15 14:46:16.522 8 WARNING keystone.common.password_hashing [None req-b0458436-8534-47ff-ab43-9c03a2cdb25a - - - - - -] Truncating password to algorithm specific maximum length 72 characters.
[Wed Jul 15 14:46:16.811571 2026] [wsgi:error] [pid 8:tid 140272435246784] [remote 10.0.0.87:57936] 2026-07-15 14:46:16.811 8 WARNING keystone.common.fernet_utils [None req-b0458436-8534-47ff-ab43-9c03a2cdb25a - - - - - -] key_repository is world readable: /etc/keystone/fernet-keys/ 10.0.0.87 - - [15/Jul/2026:14:46:16 +0000] "POST /v3/auth/tokens HTTP/1.1" 201 1360 10.0.0.87 - - [15/Jul/2026:14:46:16 +0000] "GET /v3/services HTTP/1.1" 200 355 10.0.0.87 - - [15/Jul/2026:14:46:20 +0000] "GET / HTTP/1.1" 300 295
[Wed Jul 15 14:46:20.943659 2026] [wsgi:error] [pid 11:tid 140272435246784] [remote 10.0.0.87:57938] 2026-07-15 14:46:20.942 11 WARNING keystone.common.password_hashing [None req-aae8a86e-b63a-47fb-84a7-11398bb3dee5 - - - - - -] Truncating password to algorithm specific maximum length 72 characters.
[Wed Jul 15 14:46:21.257045 2026] [wsgi:error] [pid 11:tid 140272435246784] [remote 10.0.0.87:57938] 2026-07-15 14:46:21.256 11 WARNING keystone.common.fernet_utils [None req-aae8a86e-b63a-47fb-84a7-11398bb3dee5 - - - - - -] key_repository is world readable: /etc/keystone/fernet-keys/ 10.0.0.87 - - [15/Jul/2026:14:46:20 +0000] "POST /v3/auth/tokens HTTP/1.1" 201 1360 10.0.0.87 - - [15/Jul/2026:14:46:21 +0000] "GET /v3/services HTTP/1.1" 200 355 10.0.0.87 - - [15/Jul/2026:14:46:25 +0000] "GET / HTTP/1.1" 300 295
[Wed Jul 15 14:46:25.356222 2026] [wsgi:error] [pid 10:tid 140272435246784] [remote 10.0.0.87:59906] 2026-07-15 14:46:25.355 10 WARNING keystone.common.password_hashing [None req-3993f8aa-9c48-47f7-ac65-29ab87a7da79 - - - - - -] Truncating password to algorithm specific maximum length 72 characters.
[Wed Jul 15 14:46:25.640336 2026] [wsgi:error] [pid 10:tid 140272435246784] [remote 10.0.0.87:59906] 2026-07-15 14:46:25.640 10 WARNING keystone.common.fernet_utils [None req-3993f8aa-9c48-47f7-ac65-29ab87a7da79 - - - - - -] key_repository is world readable: /etc/keystone/fernet-keys/ 10.0.0.87 - - [15/Jul/2026:14:46:25 +0000] "POST /v3/auth/tokens HTTP/1.1" 201 1360 10.0.0.87 - - [15/Jul/2026:14:46:25 +0000] "POST /v3/services HTTP/1.1" 201 296 10.0.0.195 - - [15/Jul/2026:14:46:38 +0000] "GET / HTTP/1.1" 300 295 10.0.0.195 - - [15/Jul/2026:14:46:38 +0000] "GET / HTTP/1.1" 300 295
[Wed Jul 15 14:46:38.594860 2026] [wsgi:error] [pid 9:tid 140272435246784] [remote 10.0.0.195:34022] 2026-07-15 14:46:38.594 9 WARNING keystone.common.password_hashing [None req-2bc15dcb-0b39-4411-aa24-8214e2243816 - - - - - -] Truncating password to algorithm specific maximum length 72 characters.
[Wed Jul 15 14:46:38.607725 2026] [wsgi:error] [pid 11:tid 140272435246784] [remote 10.0.0.195:34038] 2026-07-15 14:46:38.607 11 WARNING keystone.common.password_hashing [None req-f9142b20-6f9b-4451-83f5-262f93b24ea0 - - - - - -] Truncating password to algorithm specific maximum length 72 characters. 10.0.0.195 - - [15/Jul/2026:14:46:38 +0000] "GET / HTTP/1.1" 300 295
[Wed Jul 15 14:46:38.704646 2026] [wsgi:error] [pid 10:tid 140272435246784] [remote 10.0.0.195:34050] 2026-07-15 14:46:38.704 10 WARNING keystone.common.password_hashing [None req-72f47e58-92d1-43f1-8283-d59c6972cee4 - - - - - -] Truncating password to algorithm specific maximum length 72 characters.
[Wed Jul 15 14:46:38.868706 2026] [wsgi:error] [pid 9:tid 140272435246784] [remote 10.0.0.195:34022] 2026-07-15 14:46:38.868 9 WARNING keystone.common.fernet_utils [None req-2bc15dcb-0b39-4411-aa24-8214e2243816 - - - - - -] key_repository is world readable: /etc/keystone/fernet-keys/ 10.0.0.195 - - [15/Jul/2026:14:46:38 +0000] "POST /v3/auth/tokens HTTP/1.1" 201 1464
[Wed Jul 15 14:46:38.914313 2026] [wsgi:error] [pid 11:tid 140272435246784] [remote 10.0.0.195:34038] 2026-07-15 14:46:38.914 11 WARNING keystone.common.fernet_utils [None req-f9142b20-6f9b-4451-83f5-262f93b24ea0 - - - - - -] key_repository is world readable: /etc/keystone/fernet-keys/ 10.0.0.195 - - [15/Jul/2026:14:46:38 +0000] "POST /v3/auth/tokens HTTP/1.1" 201 1464
[Wed Jul 15 14:46:38.990483 2026] [wsgi:error] [pid 10:tid 140272435246784] [remote 10.0.0.195:34050] 2026-07-15 14:46:38.990 10 WARNING keystone.common.fernet_utils [None req-72f47e58-92d1-43f1-8283-d59c6972cee4 - - - - - -] key_repository is world readable: /etc/keystone/fernet-keys/ 10.0.0.195 - - [15/Jul/2026:14:46:38 +0000] "POST /v3/auth/tokens HTTP/1.1" 201 1464 10.0.0.195 - - [15/Jul/2026:14:46:39 +0000] "GET /v3/services HTTP/1.1" 200 639 10.0.0.195 - - [15/Jul/2026:14:46:39 +0000] "GET /v3/services HTTP/1.1" 200 639 10.0.0.195 - - [15/Jul/2026:14:46:39 +0000] "GET /v3/services HTTP/1.1" 200 639 10.0.0.72 - - [15/Jul/2026:14:46:41 +0000] "GET /v3/ HTTP/1.1" 200 250 10.0.0.72 - - [15/Jul/2026:14:46:41 +0000] "GET /v3/ HTTP/1.1" 200 250 10.0.0.195 - - [15/Jul/2026:14:46:41 +0000] "GET / HTTP/1.1" 300 295 10.0.0.195 - - [15/Jul/2026:14:46:41 +0000] "GET / HTTP/1.1" 300 295 10.0.0.195 - - [15/Jul/2026:14:46:41 +0000] "GET / HTTP/1.1" 300 295
[Wed Jul 15 14:46:41.101302 2026] [wsgi:error] [pid 11:tid 140272435246784] [remote 10.0.0.195:34058] 2026-07-15 14:46:41.101 11 WARNING keystone.common.password_hashing [None req-17245cec-5213-4fa1-b7dc-ed93d805a92c - - - - - -] Truncating password to algorithm specific maximum length 72 characters.
[Wed Jul 15 14:46:41.108642 2026] [wsgi:error] [pid 10:tid 140272435246784] [remote 10.0.0.195:34060] 2026-07-15 14:46:41.108 10 WARNING keystone.common.password_hashing [None req-c7496432-7777-449c-ae4b-b755c0b76297 - - - - - -] Truncating password to algorithm specific maximum length 72 characters.
[Wed Jul 15 14:46:41.126512 2026] [wsgi:error] [pid 8:tid 140272435246784] [remote 10.0.0.195:34068] 2026-07-15 14:46:41.126 8 WARNING keystone.common.password_hashing [None req-75ed48bc-15fd-493e-baae-502a3bdf2c26 - - - - - -] Truncating password to algorithm specific maximum length 72 characters.
[Wed Jul 15 14:46:41.385335 2026] [wsgi:error] [pid 11:tid 140272435246784] [remote 10.0.0.195:34058] 2026-07-15 14:46:41.385 11 WARNING keystone.common.fernet_utils [None req-17245cec-5213-4fa1-b7dc-ed93d805a92c - - - - - -] key_repository is world readable: /etc/keystone/fernet-keys/ 10.0.0.195 - - [15/Jul/2026:14:46:41 +0000] "POST /v3/auth/tokens HTTP/1.1" 201 1464
[Wed Jul 15 14:46:41.429718 2026] [wsgi:error] [pid 8:tid 140272435246784] [remote 10.0.0.195:34068] 2026-07-15 14:46:41.429 8 WARNING keystone.common.fernet_utils [None req-75ed48bc-15fd-493e-baae-502a3bdf2c26 - - - - - -] key_repository is world readable: /etc/keystone/fernet-keys/
[Wed Jul 15 14:46:41.431994 2026] [wsgi:error] [pid 10:tid 140272435246784] [remote 10.0.0.195:34060] 2026-07-15 14:46:41.431 10 WARNING keystone.common.fernet_utils [None req-c7496432-7777-449c-ae4b-b755c0b76297 - - - - - -] key_repository is world readable: /etc/keystone/fernet-keys/ 10.0.0.195 - - [15/Jul/2026:14:46:41 +0000] "POST /v3/auth/tokens HTTP/1.1" 201 1464 10.0.0.195 - - [15/Jul/2026:14:46:41 +0000] "POST /v3/auth/tokens HTTP/1.1" 201 1464 10.0.0.195 - - [15/Jul/2026:14:46:41 +0000] "GET /v3/endpoints HTTP/1.1" 200 1227 10.0.0.195 - - [15/Jul/2026:14:46:41 +0000] "GET /v3/services/ef2f5a7122eb4559811f238691a11fd1 HTTP/1.1" 200 233 10.0.0.195 - - [15/Jul/2026:14:46:41 +0000] "GET /v3/endpoints HTTP/1.1" 200 1227 10.0.0.195 - - [15/Jul/2026:14:46:41 +0000] "GET /v3/endpoints HTTP/1.1" 200 1227 10.0.0.195 - - [15/Jul/2026:14:46:41 +0000] "GET /v3/services/ef2f5a7122eb4559811f238691a11fd1 HTTP/1.1" 200 233 10.0.0.195 - - [15/Jul/2026:14:46:41 +0000] "GET /v3/services/ef2f5a7122eb4559811f238691a11fd1 HTTP/1.1" 200 233 10.0.0.195 - - [15/Jul/2026:14:46:41 +0000] "GET /v3/services/ef2f5a7122eb4559811f238691a11fd1 HTTP/1.1" 200 233 10.0.0.195 - - [15/Jul/2026:14:46:41 +0000] "GET /v3/services/ef2f5a7122eb4559811f238691a11fd1 HTTP/1.1" 200 233 10.0.0.195 - - [15/Jul/2026:14:46:41 +0000] "GET /v3/services/ef2f5a7122eb4559811f238691a11fd1 HTTP/1.1" 200 233 10.0.0.195 - - [15/Jul/2026:14:46:41 +0000] "GET /v3/services/ef2f5a7122eb4559811f238691a11fd1 HTTP/1.1" 200 233 10.0.0.195 - - [15/Jul/2026:14:46:41 +0000] "GET /v3/services/ef2f5a7122eb4559811f238691a11fd1 HTTP/1.1" 200 233 10.0.0.195 - - [15/Jul/2026:14:46:41 +0000] "GET /v3/services/ef2f5a7122eb4559811f238691a11fd1 HTTP/1.1" 200 233 10.0.0.195 - - [15/Jul/2026:14:46:43 +0000] "GET / HTTP/1.1" 300 295 10.0.0.195 - - [15/Jul/2026:14:46:43 +0000] "GET / HTTP/1.1" 300 295
[Wed Jul 15 14:46:43.542965 2026] [wsgi:error] [pid 10:tid 140272435246784] [remote 10.0.0.195:37860] 2026-07-15 14:46:43.542 10 WARNING keystone.common.password_hashing [None req-de76b09b-1c51-400f-a68a-7d86ef3b340c - - - - - -] Truncating password to algorithm specific maximum length 72 characters.
[Wed Jul 15 14:46:43.544588 2026] [wsgi:error] [pid 11:tid 140272435246784] [remote 10.0.0.195:37866] 2026-07-15 14:46:43.544 11 WARNING keystone.common.password_hashing [None req-b834f5ad-14ac-4d39-8d03-c1fffe73f78e - - - - - -] Truncating password to algorithm specific maximum length 72 characters. 10.0.0.195 - - [15/Jul/2026:14:46:43 +0000] "GET / HTTP/1.1" 300 295
[Wed Jul 15 14:46:43.682714 2026] [wsgi:error] [pid 8:tid 140272435246784] [remote 10.0.0.195:37872] 2026-07-15 14:46:43.682 8 WARNING keystone.common.password_hashing [None req-45ad624c-e1e2-443a-903d-7d5edaefcbda - - - - - -] Truncating password to algorithm specific maximum length 72 characters.
[Wed Jul 15 14:46:43.823351 2026] [wsgi:error] [pid 11:tid 140272435246784] [remote 10.0.0.195:37866] 2026-07-15 14:46:43.823 11 WARNING keystone.common.fernet_utils [None req-b834f5ad-14ac-4d39-8d03-c1fffe73f78e - - - - - -] key_repository is world readable: /etc/keystone/fernet-keys/
[Wed Jul 15 14:46:43.833010 2026] [wsgi:error] [pid 10:tid 140272435246784] [remote 10.0.0.195:37860] 2026-07-15 14:46:43.832 10 WARNING keystone.common.fernet_utils [None req-de76b09b-1c51-400f-a68a-7d86ef3b340c - - - - - -] key_repository is world readable: /etc/keystone/fernet-keys/ 10.0.0.195 - - [15/Jul/2026:14:46:43 +0000] "POST /v3/auth/tokens HTTP/1.1" 201 1464 10.0.0.195 - - [15/Jul/2026:14:46:43 +0000] "POST /v3/auth/tokens HTTP/1.1" 201 1464
[Wed Jul 15 14:46:43.962501 2026] [wsgi:error] [pid 8:tid 140272435246784] [remote 10.0.0.195:37872] 2026-07-15 14:46:43.962 8 WARNING keystone.common.fernet_utils [None req-45ad624c-e1e2-443a-903d-7d5edaefcbda - - - - - -] key_repository is world readable: /etc/keystone/fernet-keys/ 10.0.0.195 - - [15/Jul/2026:14:46:43 +0000] "POST /v3/auth/tokens HTTP/1.1" 201 1464 10.0.0.195 - - [15/Jul/2026:14:46:43 +0000] "GET /v3/services/dcaaf959870d41a8a984695cb244cbe8 HTTP/1.1" 200 296 10.0.0.195 - - [15/Jul/2026:14:46:43 +0000] "GET /v3/services/dcaaf959870d41a8a984695cb244cbe8 HTTP/1.1" 200 296 10.0.0.195 - - [15/Jul/2026:14:46:43 +0000] "GET /v3/regions/RegionOne HTTP/1.1" 200 173 10.0.0.195 - - [15/Jul/2026:14:46:43 +0000] "GET /v3/regions/RegionOne HTTP/1.1" 200 173 10.0.0.195 - - [15/Jul/2026:14:46:43 +0000] "POST /v3/endpoints HTTP/1.1" 201 370 10.0.0.195 - - [15/Jul/2026:14:46:44 +0000] "GET /v3/services/dcaaf959870d41a8a984695cb244cbe8 HTTP/1.1" 200 296 10.0.0.195 - - [15/Jul/2026:14:46:44 +0000] "GET /v3/regions/RegionOne HTTP/1.1" 200 173 10.0.0.195 - - [15/Jul/2026:14:46:44 +0000] "POST /v3/endpoints HTTP/1.1" 201 380 10.0.0.195 - - [15/Jul/2026:14:46:44 +0000] "POST /v3/endpoints HTTP/1.1" 201 383 10.0.0.195 - - [15/Jul/2026:14:46:45 +0000] "GET / HTTP/1.1" 300 295
[Wed Jul 15 14:46:46.001951 2026] [wsgi:error] [pid 8:tid 140272435246784] [remote 10.0.0.195:37878] 2026-07-15 14:46:46.001 8 WARNING keystone.common.password_hashing [None req-90b6b444-81d5-46d5-9c93-6a62f11affea - - - - - -] Truncating password to algorithm specific maximum length 72 characters. 10.0.0.195 - - [15/Jul/2026:14:46:46 +0000] "GET / HTTP/1.1" 300 295
[Wed Jul 15 14:46:46.118554 2026] [wsgi:error] [pid 9:tid 140272435246784] [remote 10.0.0.195:37884] 2026-07-15 14:46:46.118 9 WARNING keystone.common.password_hashing [None req-6acfc5e2-22db-4c77-ad8b-09096169fcd0 - - - - - -] Truncating password to algorithm specific maximum length 72 characters. 10.0.0.195 - - [15/Jul/2026:14:46:46 +0000] "GET / HTTP/1.1" 300 295
[Wed Jul 15 14:46:46.145632 2026] [wsgi:error] [pid 11:tid 140272435246784] [remote 10.0.0.195:37898] 2026-07-15 14:46:46.145 11 WARNING keystone.common.password_hashing [None req-8ef0f194-c294-4e13-b072-29601d95d079 - - - - - -] Truncating password to algorithm specific maximum length 72 characters.
[Wed Jul 15 14:46:46.298051 2026] [wsgi:error] [pid 8:tid 140272435246784] [remote 10.0.0.195:37878] 2026-07-15 14:46:46.297 8 WARNING keystone.common.fernet_utils [None req-90b6b444-81d5-46d5-9c93-6a62f11affea - - - - - -] key_repository is world readable: /etc/keystone/fernet-keys/ 10.0.0.195 - - [15/Jul/2026:14:46:45 +0000] "POST /v3/auth/tokens HTTP/1.1" 201 1992
[Wed Jul 15 14:46:46.429565 2026] [wsgi:error] [pid 9:tid 140272435246784] [remote 10.0.0.195:37884] 2026-07-15 14:46:46.429 9 WARNING keystone.common.fernet_utils [None req-6acfc5e2-22db-4c77-ad8b-09096169fcd0 - - - - - -] key_repository is world readable: /etc/keystone/fernet-keys/ 10.0.0.195 - - [15/Jul/2026:14:46:46 +0000] "POST /v3/auth/tokens HTTP/1.1" 201 1992
[Wed Jul 15 14:46:46.464031 2026] [wsgi:error] [pid 11:tid 140272435246784] [remote 10.0.0.195:37898] 2026-07-15 14:46:46.463 11 WARNING keystone.common.fernet_utils [None req-8ef0f194-c294-4e13-b072-29601d95d079 - - - - - -] key_repository is world readable: /etc/keystone/fernet-keys/ 10.0.0.195 - - [15/Jul/2026:14:46:46 +0000] "POST /v3/auth/tokens HTTP/1.1" 201 1992 10.0.0.195 - - [15/Jul/2026:14:46:46 +0000] "GET /v3/endpoints/fee03881af324e529dc35679281c8dac HTTP/1.1" 200 370 10.0.0.195 - - [15/Jul/2026:14:46:46 +0000] "GET /v3/services/dcaaf959870d41a8a984695cb244cbe8 HTTP/1.1" 200 296 10.0.0.195 - - [15/Jul/2026:14:46:46 +0000] "GET /v3/endpoints/51c1f03e12ee4ce9ac9084d18bcf2281 HTTP/1.1" 200 380 10.0.0.195 - - [15/Jul/2026:14:46:46 +0000] "GET /v3/endpoints/924e83ea86a745f2933f850309fa97cf HTTP/1.1" 200 383 10.0.0.195 - - [15/Jul/2026:14:46:46 +0000] "GET /v3/services/dcaaf959870d41a8a984695cb244cbe8 HTTP/1.1" 200 296 10.0.0.195 - - [15/Jul/2026:14:46:46 +0000] "GET /v3/services/dcaaf959870d41a8a984695cb244cbe8 HTTP/1.1" 200 296 10.0.0.14 - - [15/Jul/2026:14:46:59 +0000] "GET / HTTP/1.1" 300 295
[Wed Jul 15 14:46:59.470071 2026] [wsgi:error] [pid 11:tid 140272435246784] [remote 10.0.0.14:53768] 2026-07-15 14:46:59.469 11 WARNING keystone.common.password_hashing [None req-b7823426-b5c3-45ca-a760-e5af1de5b121 - - - - - -] Truncating password to algorithm specific maximum length 72 characters.
[Wed Jul 15 14:46:59.753971 2026] [wsgi:error] [pid 11:tid 140272435246784] [remote 10.0.0.14:53768] 2026-07-15 14:46:59.753 11 WARNING keystone.common.fernet_utils [None req-b7823426-b5c3-45ca-a760-e5af1de5b121 - - - - - -] key_repository is world readable: /etc/keystone/fernet-keys/ 10.0.0.14 - - [15/Jul/2026:14:46:59 +0000] "POST /v3/auth/tokens HTTP/1.1" 201 1992 10.0.0.14 - - [15/Jul/2026:14:46:59 +0000] "POST /v3/domains HTTP/1.1" 201 284 10.0.0.14 - - [15/Jul/2026:14:47:01 +0000] "GET / HTTP/1.1" 300 295
[Wed Jul 15 14:47:02.018918 2026] [wsgi:error] [pid 9:tid 140272435246784] [remote 10.0.0.14:53784] 2026-07-15 14:47:02.018 9 WARNING keystone.common.password_hashing [None req-0017f9fd-0609-4d5c-8041-d9b50dfc50f1 - - - - - -] Truncating password to algorithm specific maximum length 72 characters.
[Wed Jul 15 14:47:02.300995 2026] [wsgi:error] [pid 9:tid 140272435246784] [remote 10.0.0.14:53784] 2026-07-15 14:47:02.300 9 WARNING keystone.common.fernet_utils [None req-0017f9fd-0609-4d5c-8041-d9b50dfc50f1 - - - - - -] key_repository is world readable: /etc/keystone/fernet-keys/ 10.0.0.14 - - [15/Jul/2026:14:47:01 +0000] "POST /v3/auth/tokens HTTP/1.1" 201 1992
[Wed Jul 15 14:47:02.502607 2026] [wsgi:error] [pid 11:tid 140272435246784] [remote 10.0.0.14:53784] 2026-07-15 14:47:02.485 11 ERROR keystone.server.flask.application [None req-c3f9cb46-a4bb-48a3-a27a-99e959a68d08 98486221f120420896721b6c3097fe36 5b42f662f3364580921b828c2ba654d4 - - default default] Conflict occurred attempting to store project - it is not permitted to have two projects acting as domains with the same name: service.: keystone.exception.Conflict: Conflict occurred attempting to store project - it is not permitted to have two projects acting as domains with the same name: service.
[Wed Jul 15 14:47:02.502638 2026] [wsgi:error] [pid 11:tid 140272435246784] [remote 10.0.0.14:53784] 2026-07-15 14:47:02.485 11 ERROR keystone.server.flask.application
Traceback (most recent call last):
[Wed Jul 15 14:47:02.502641 2026] [wsgi:error] [pid 11:tid 140272435246784] [remote 10.0.0.14:53784] 2026-07-15 14:47:02.485 11 ERROR keystone.server.flask.application
File "/var/lib/openstack/lib/python3.12/site-packages/sqlalchemy/engine/base.py", line 1969, in _exec_single_context
[Wed Jul 15 14:47:02.502643 2026] [wsgi:error] [pid 11:tid 140272435246784] [remote 10.0.0.14:53784] 2026-07-15 14:47:02.485 11 ERROR keystone.server.flask.application self.dialect.do_execute(
[Wed Jul 15 14:47:02.502645 2026] [wsgi:error] [pid 11:tid 140272435246784] [remote 10.0.0.14:53784] 2026-07-15 14:47:02.485 11 ERROR keystone.server.flask.application
File "/var/lib/openstack/lib/python3.12/site-packages/sqlalchemy/engine/default.py", line 952, in do_execute
[Wed Jul 15 14:47:02.502647 2026] [wsgi:error] [pid 11:tid 140272435246784] [remote 10.0.0.14:53784] 2026-07-15 14:47:02.485 11 ERROR keystone.server.flask.application cursor.execute(statement, parameters)
[Wed Jul 15 14:47:02.502648 2026] [wsgi:error] [pid 11:tid 140272435246784] [remote 10.0.0.14:53784] 2026-07-15 14:47:02.485 11 ERROR keystone.server.flask.application
File "/var/lib/openstack/lib/python3.12/site-packages/pymysql/cursors.py", line 159, in execute
[Wed Jul 15 14:47:02.502650 2026] [wsgi:error] [pid 11:tid 140272435246784] [remote 10.0.0.14:53784] 2026-07-15 14:47:02.485 11 ERROR keystone.server.flask.application result = self._query(query)
[Wed Jul 15 14:47:02.502651 2026] [wsgi:error] [pid 11:tid 140272435246784] [remote 10.0.0.14:53784] 2026-07-15 14:47:02.485 11 ERROR keystone.server.flask.application ^^^^^^^^^^^^^^^^^^
[Wed Jul 15 14:47:02.502653 2026] [wsgi:error] [pid 11:tid 140272435246784] [remote 10.0.0.14:53784] 2026-07-15 14:47:02.485 11 ERROR keystone.server.flask.application
File "/var/lib/openstack/lib/python3.12/site-packages/pymysql/cursors.py", line 330, in _query
[Wed Jul 15 14:47:02.502655 2026] [wsgi:error] [pid 11:tid 140272435246784] [remote 10.0.0.14:53784] 2026-07-15 14:47:02.485 11 ERROR keystone.server.flask.application conn.query(q)
[Wed Jul 15 14:47:02.502656 2026] [wsgi:error] [pid 11:tid 140272435246784] [remote 10.0.0.14:53784] 2026-07-15 14:47:02.485 11 ERROR keystone.server.flask.application
File "/var/lib/openstack/lib/python3.12/site-packages/pymysql/connections.py", line 582, in query
[Wed Jul 15 14:47:02.502658 2026] [wsgi:error] [pid 11:tid 140272435246784] [remote 10.0.0.14:53784] 2026-07-15 14:47:02.485 11 ERROR keystone.server.flask.application self._affected_rows = self._read_query_result(unbuffered=unbuffered)
[Wed Jul 15 14:47:02.502659 2026] [wsgi:error] [pid 11:tid 140272435246784] [remote 10.0.0.14:53784] 2026-07-15 14:47:02.485 11 ERROR keystone.server.flask.application ^^^^^^^^^^^^^^^^^^^^^^^^^^^^^^^^^^^^^^^^^^^^^^
[Wed Jul 15 14:47:02.502661 2026] [wsgi:error] [pid 11:tid 140272435246784] [remote 10.0.0.14:53784] 2026-07-15 14:47:02.485 11 ERROR keystone.server.flask.application
File "/var/lib/openstack/lib/python3.12/site-packages/pymysql/connections.py", line 847, in _read_query_result
[Wed Jul 15 14:47:02.502663 2026] [wsgi:error] [pid 11:tid 140272435246784] [remote 10.0.0.14:53784] 2026-07-15 14:47:02.485 11 ERROR keystone.server.flask.application result.read()
[Wed Jul 15 14:47:02.502666 2026] [wsgi:error] [pid 11:tid 140272435246784] [remote 10.0.0.14:53784] 2026-07-15 14:47:02.485 11 ERROR keystone.server.flask.application
File "/var/lib/openstack/lib/python3.12/site-packages/pymysql/connections.py", line 1245, in read
[Wed Jul 15 14:47:02.502668 2026] [wsgi:error] [pid 11:tid 140272435246784] [remote 10.0.0.14:53784] 2026-07-15 14:47:02.485 11 ERROR keystone.server.flask.application first_packet = self.connection._read_packet()
[Wed Jul 15 14:47:02.502670 2026] [wsgi:error] [pid 11:tid 140272435246784] [remote 10.0.0.14:53784] 2026-07-15 14:47:02.485 11 ERROR keystone.server.flask.application ^^^^^^^^^^^^^^^^^^^^^^^^^^^^^^
[Wed Jul 15 14:47:02.502671 2026] [wsgi:error] [pid 11:tid 140272435246784] [remote 10.0.0.14:53784] 2026-07-15 14:47:02.485 11 ERROR keystone.server.flask.application
File "/var/lib/openstack/lib/python3.12/site-packages/pymysql/connections.py", line 803, in _read_packet
[Wed Jul 15 14:47:02.502673 2026] [wsgi:error] [pid 11:tid 140272435246784] [remote 10.0.0.14:53784] 2026-07-15 14:47:02.485 11 ERROR keystone.server.flask.application packet.raise_for_error()
[Wed Jul 15 14:47:02.502674 2026] [wsgi:error] [pid 11:tid 140272435246784] [remote 10.0.0.14:53784] 2026-07-15 14:47:02.485 11 ERROR keystone.server.flask.application
File "/var/lib/openstack/lib/python3.12/site-packages/pymysql/protocol.py", line 219, in raise_for_error
[Wed Jul 15 14:47:02.502676 2026] [wsgi:error] [pid 11:tid 140272435246784] [remote 10.0.0.14:53784] 2026-07-15 14:47:02.485 11 ERROR keystone.server.flask.application err.raise_mysql_exception(self._data)
[Wed Jul 15 14:47:02.502677 2026] [wsgi:error] [pid 11:tid 140272435246784] [remote 10.0.0.14:53784] 2026-07-15 14:47:02.485 11 ERROR keystone.server.flask.application
File "/var/lib/openstack/lib/python3.12/site-packages/pymysql/err.py", line 154, in raise_mysql_exception
[Wed Jul 15 14:47:02.502679 2026] [wsgi:error] [pid 11:tid 140272435246784] [remote 10.0.0.14:53784] 2026-07-15 14:47:02.485 11 ERROR keystone.server.flask.application raise errorclass(errno, errval, sqlstate=sqlstate)
[Wed Jul 15 14:47:02.502681 2026] [wsgi:error] [pid 11:tid 140272435246784] [remote 10.0.0.14:53784] 2026-07-15 14:47:02.485 11 ERROR keystone.server.flask.application pymysql.err.IntegrityError: (1062, "Duplicate entry '<>-service' for key 'project.ixu_project_name_domain_id'")
[Wed Jul 15 14:47:02.502683 2026] [wsgi:error] [pid 11:tid 140272435246784] [remote 10.0.0.14:53784] 2026-07-15 14:47:02.485 11 ERROR keystone.server.flask.application
[Wed Jul 15 14:47:02.502684 2026] [wsgi:error] [pid 11:tid 140272435246784] [remote 10.0.0.14:53784] 2026-07-15 14:47:02.485 11 ERROR keystone.server.flask.application The above exception was the direct cause of the following exception:
[Wed Jul 15 14:47:02.502686 2026] [wsgi:error] [pid 11:tid 140272435246784] [remote 10.0.0.14:53784] 2026-07-15 14:47:02.485 11 ERROR keystone.server.flask.application
[Wed Jul 15 14:47:02.502687 2026] [wsgi:error] [pid 11:tid 140272435246784] [remote 10.0.0.14:53784] 2026-07-15 14:47:02.485 11 ERROR keystone.server.flask.application
Traceback (most recent call last):
[Wed Jul 15 14:47:02.502689 2026] [wsgi:error] [pid 11:tid 140272435246784] [remote 10.0.0.14:53784] 2026-07-15 14:47:02.485 11 ERROR keystone.server.flask.application
File "/var/lib/openstack/lib/python3.12/site-packages/keystone/common/sql/core.py", line 575, in wrapper
[Wed Jul 15 14:47:02.502690 2026] [wsgi:error] [pid 11:tid 140272435246784] [remote 10.0.0.14:53784] 2026-07-15 14:47:02.485 11 ERROR keystone.server.flask.application return method(*args, **kwargs)
[Wed Jul 15 14:47:02.502692 2026] [wsgi:error] [pid 11:tid 140272435246784] [remote 10.0.0.14:53784] 2026-07-15 14:47:02.485 11 ERROR keystone.server.flask.application ^^^^^^^^^^^^^^^^^^^^^^^
[Wed Jul 15 14:47:02.502695 2026] [wsgi:error] [pid 11:tid 140272435246784] [remote 10.0.0.14:53784] 2026-07-15 14:47:02.485 11 ERROR keystone.server.flask.application
File "/var/lib/openstack/lib/python3.12/site-packages/keystone/resource/backends/sql.py", line 278, in create_project
[Wed Jul 15 14:47:02.502696 2026] [wsgi:error] [pid 11:tid 140272435246784] [remote 10.0.0.14:53784] 2026-07-15 14:47:02.485 11 ERROR keystone.server.flask.application with sql.session_for_write() as session:
[Wed Jul 15 14:47:02.502698 2026] [wsgi:error] [pid 11:tid 140272435246784] [remote 10.0.0.14:53784] 2026-07-15 14:47:02.485 11 ERROR keystone.server.flask.application
File "/usr/lib/python3.12/contextlib.py", line 144, in __exit__
[Wed Jul 15 14:47:02.502699 2026] [wsgi:error] [pid 11:tid 140272435246784] [remote 10.0.0.14:53784] 2026-07-15 14:47:02.485 11 ERROR keystone.server.flask.application next(self.gen)
[Wed Jul 15 14:47:02.502701 2026] [wsgi:error] [pid 11:tid 140272435246784] [remote 10.0.0.14:53784] 2026-07-15 14:47:02.485 11 ERROR keystone.server.flask.application
File "/var/lib/openstack/lib/python3.12/site-packages/oslo_db/sqlalchemy/enginefacade.py", line 1175, in _transaction_scope
[Wed Jul 15 14:47:02.502703 2026] [wsgi:error] [pid 11:tid 140272435246784] [remote 10.0.0.14:53784] 2026-07-15 14:47:02.485 11 ERROR keystone.server.flask.application with current._produce_block(
[Wed Jul 15 14:47:02.502704 2026] [wsgi:error] [pid 11:tid 140272435246784] [remote 10.0.0.14:53784] 2026-07-15 14:47:02.485 11 ERROR keystone.server.flask.application
File "/usr/lib/python3.12/contextlib.py", line 144, in __exit__
[Wed Jul 15 14:47:02.502706 2026] [wsgi:error] [pid 11:tid 140272435246784] [remote 10.0.0.14:53784] 2026-07-15 14:47:02.485 11 ERROR keystone.server.flask.application next(self.gen)
[Wed Jul 15 14:47:02.502707 2026] [wsgi:error] [pid 11:tid 140272435246784] [remote 10.0.0.14:53784] 2026-07-15 14:47:02.485 11 ERROR keystone.server.flask.application
File "/var/lib/openstack/lib/python3.12/site-packages/oslo_db/sqlalchemy/enginefacade.py", line 837, in _session
[Wed Jul 15 14:47:02.502709 2026] [wsgi:error] [pid 11:tid 140272435246784] [remote 10.0.0.14:53784] 2026-07-15 14:47:02.485 11 ERROR keystone.server.flask.application with excutils.save_and_reraise_exception():
[Wed Jul 15 14:47:02.502710 2026] [wsgi:error] [pid 11:tid 140272435246784] [remote 10.0.0.14:53784] 2026-07-15 14:47:02.485 11 ERROR keystone.server.flask.application
File "/var/lib/openstack/lib/python3.12/site-packages/oslo_utils/excutils.py", line 266, in __exit__
[Wed Jul 15 14:47:02.502712 2026] [wsgi:error] [pid 11:tid 140272435246784] [remote 10.0.0.14:53784] 2026-07-15 14:47:02.485 11 ERROR keystone.server.flask.application self.force_reraise()
[Wed Jul 15 14:47:02.502713 2026] [wsgi:error] [pid 11:tid 140272435246784] [remote 10.0.0.14:53784] 2026-07-15 14:47:02.485 11 ERROR keystone.server.flask.application
File "/var/lib/openstack/lib/python3.12/site-packages/oslo_utils/excutils.py", line 232, in force_reraise
[Wed Jul 15 14:47:02.502715 2026] [wsgi:error] [pid 11:tid 140272435246784] [remote 10.0.0.14:53784] 2026-07-15 14:47:02.485 11 ERROR keystone.server.flask.application raise self.value
[Wed Jul 15 14:47:02.502716 2026] [wsgi:error] [pid 11:tid 140272435246784] [remote 10.0.0.14:53784] 2026-07-15 14:47:02.485 11 ERROR keystone.server.flask.application
File "/var/lib/openstack/lib/python3.12/site-packages/oslo_db/sqlalchemy/enginefacade.py", line 835, in _session
[Wed Jul 15 14:47:02.502718 2026] [wsgi:error] [pid 11:tid 140272435246784] [remote 10.0.0.14:53784] 2026-07-15 14:47:02.485 11 ERROR keystone.server.flask.application self._end_session_transaction(self.session)
[Wed Jul 15 14:47:02.502719 2026] [wsgi:error] [pid 11:tid 140272435246784] [remote 10.0.0.14:53784] 2026-07-15 14:47:02.485 11 ERROR keystone.server.flask.application
File "/var/lib/openstack/lib/python3.12/site-packages/oslo_db/sqlalchemy/enginefacade.py", line 748, in _end_session_transaction
[Wed Jul 15 14:47:02.502722 2026] [wsgi:error] [pid 11:tid 140272435246784] [remote 10.0.0.14:53784] 2026-07-15 14:47:02.485 11 ERROR keystone.server.flask.application session.commit()
[Wed Jul 15 14:47:02.502723 2026] [wsgi:error] [pid 11:tid 140272435246784] [remote 10.0.0.14:53784] 2026-07-15 14:47:02.485 11 ERROR keystone.server.flask.application
File "/var/lib/openstack/lib/python3.12/site-packages/sqlalchemy/orm/session.py", line 2034, in commit
[Wed Jul 15 14:47:02.502725 2026] [wsgi:error] [pid 11:tid 140272435246784] [remote 10.0.0.14:53784] 2026-07-15 14:47:02.485 11 ERROR keystone.server.flask.application trans.commit(_to_root=True)
[Wed Jul 15 14:47:02.502726 2026] [wsgi:error] [pid 11:tid 140272435246784] [remote 10.0.0.14:53784] 2026-07-15 14:47:02.485 11 ERROR keystone.server.flask.application File "", line 2, in commit
[Wed Jul 15 14:47:02.502728 2026] [wsgi:error] [pid 11:tid 140272435246784] [remote 10.0.0.14:53784] 2026-07-15 14:47:02.485 11 ERROR keystone.server.flask.application
File "/var/lib/openstack/lib/python3.12/site-packages/sqlalchemy/orm/state_changes.py", line 137, in _go
[Wed Jul 15 14:47:02.502730 2026] [wsgi:error] [pid 11:tid 140272435246784] [remote 10.0.0.14:53784] 2026-07-15 14:47:02.485 11 ERROR keystone.server.flask.application ret_value = fn(self, *arg, **kw)
[Wed Jul 15 14:47:02.502731 2026] [wsgi:error] [pid 11:tid 140272435246784] [remote 10.0.0.14:53784] 2026-07-15 14:47:02.485 11 ERROR keystone.server.flask.application ^^^^^^^^^^^^^^^^^^^^
[Wed Jul 15 14:47:02.502733 2026] [wsgi:error] [pid 11:tid 140272435246784] [remote 10.0.0.14:53784] 2026-07-15 14:47:02.485 11 ERROR keystone.server.flask.application
File "/var/lib/openstack/lib/python3.12/site-packages/sqlalchemy/orm/session.py", line 1315, in commit
[Wed Jul 15 14:47:02.502735 2026] [wsgi:error] [pid 11:tid 140272435246784] [remote 10.0.0.14:53784] 2026-07-15 14:47:02.485 11 ERROR keystone.server.flask.application self._prepare_impl()
[Wed Jul 15 14:47:02.502736 2026] [wsgi:error] [pid 11:tid 140272435246784] [remote 10.0.0.14:53784] 2026-07-15 14:47:02.485 11 ERROR keystone.server.flask.application File "", line 2, in _prepare_impl
[Wed Jul 15 14:47:02.502738 2026] [wsgi:error] [pid 11:tid 140272435246784] [remote 10.0.0.14:53784] 2026-07-15 14:47:02.485 11 ERROR keystone.server.flask.application
File "/var/lib/openstack/lib/python3.12/site-packages/sqlalchemy/orm/state_changes.py", line 137, in _go
[Wed Jul 15 14:47:02.502739 2026] [wsgi:error] [pid 11:tid 140272435246784] [remote 10.0.0.14:53784] 2026-07-15 14:47:02.485 11 ERROR keystone.server.flask.application ret_value = fn(self, *arg, **kw)
[Wed Jul 15 14:47:02.502741 2026] [wsgi:error] [pid 11:tid 140272435246784] [remote 10.0.0.14:53784] 2026-07-15 14:47:02.485 11 ERROR keystone.server.flask.application ^^^^^^^^^^^^^^^^^^^^
[Wed Jul 15 14:47:02.502742 2026] [wsgi:error] [pid 11:tid 140272435246784] [remote 10.0.0.14:53784] 2026-07-15 14:47:02.485 11 ERROR keystone.server.flask.application
File "/var/lib/openstack/lib/python3.12/site-packages/sqlalchemy/orm/session.py", line 1290, in _prepare_impl
[Wed Jul 15 14:47:02.502744 2026] [wsgi:error] [pid 11:tid 140272435246784] [remote 10.0.0.14:53784] 2026-07-15 14:47:02.485 11 ERROR keystone.server.flask.application self.session.flush()
[Wed Jul 15 14:47:02.502745 2026] [wsgi:error] [pid 11:tid 140272435246784] [remote 10.0.0.14:53784] 2026-07-15 14:47:02.485 11 ERROR keystone.server.flask.application
File "/var/lib/openstack/lib/python3.12/site-packages/sqlalchemy/orm/session.py", line 4352, in flush
[Wed Jul 15 14:47:02.502747 2026] [wsgi:error] [pid 11:tid 140272435246784] [remote 10.0.0.14:53784] 2026-07-15 14:47:02.485 11 ERROR keystone.server.flask.application self._flush(objects)
[Wed Jul 15 14:47:02.502749 2026] [wsgi:error] [pid 11:tid 140272435246784] [remote 10.0.0.14:53784] 2026-07-15 14:47:02.485 11 ERROR keystone.server.flask.application
File "/var/lib/openstack/lib/python3.12/site-packages/sqlalchemy/orm/session.py", line 4487, in _flush
[Wed Jul 15 14:47:02.502751 2026] [wsgi:error] [pid 11:tid 140272435246784] [remote 10.0.0.14:53784] 2026-07-15 14:47:02.485 11 ERROR keystone.server.flask.application with util.safe_reraise():
[Wed Jul 15 14:47:02.502753 2026] [wsgi:error] [pid 11:tid 140272435246784] [remote 10.0.0.14:53784] 2026-07-15 14:47:02.485 11 ERROR keystone.server.flask.application
File "/var/lib/openstack/lib/python3.12/site-packages/sqlalchemy/util/langhelpers.py", line 122, in __exit__
[Wed Jul 15 14:47:02.502754 2026] [wsgi:error] [pid 11:tid 140272435246784] [remote 10.0.0.14:53784] 2026-07-15 14:47:02.485 11 ERROR keystone.server.flask.application raise exc_value.with_traceback(exc_tb)
[Wed Jul 15 14:47:02.502756 2026] [wsgi:error] [pid 11:tid 140272435246784] [remote 10.0.0.14:53784] 2026-07-15 14:47:02.485 11 ERROR keystone.server.flask.application
File "/var/lib/openstack/lib/python3.12/site-packages/sqlalchemy/orm/session.py", line 4448, in _flush
[Wed Jul 15 14:47:02.502757 2026] [wsgi:error] [pid 11:tid 140272435246784] [remote 10.0.0.14:53784] 2026-07-15 14:47:02.485 11 ERROR keystone.server.flask.application flush_context.execute()
[Wed Jul 15 14:47:02.502759 2026] [wsgi:error] [pid 11:tid 140272435246784] [remote 10.0.0.14:53784] 2026-07-15 14:47:02.485 11 ERROR keystone.server.flask.application
File "/var/lib/openstack/lib/python3.12/site-packages/sqlalchemy/orm/unitofwork.py", line 465, in execute
