2026-07-22 23:22:04.379 7 INFO neutron_taas.services.taas.taas_plugin [None req-a296ff2d-6925-46b8-b169-e8204c3c7f6c 09c33e33f4ce42e8bb2059aa32a43edc b227cd8609ab4ad0bfb822379265b5ca - - default default] TaaS: Handle Delete Port: 94c36631-04c0-4a50-a382-68ae6d687aea
2026-07-22 23:22:04.384 7 INFO neutron_taas.services.taas.tap_mirror_plugin [None req-a296ff2d-6925-46b8-b169-e8204c3c7f6c 09c33e33f4ce42e8bb2059aa32a43edc b227cd8609ab4ad0bfb822379265b5ca - - default default] Tap Mirror: Handle Delete Port: 94c36631-04c0-4a50-a382-68ae6d687aea
2026-07-22 23:22:04.587 7 INFO neutron.services.segments.plugin [-] Segment 6af8de87-adeb-4ed5-994c-a8aca83f1ba6 resource provider aggregate not found
2026-07-22 23:22:04.590 8 WARNING neutron.scheduler.dhcp_agent_scheduler [None req-cc16aad7-544a-4c7e-ad2f-dc6c078e0393 cf1c82d8d3294e7e91f2f54e26eb2581 c63551da3d284caeb2adf7ff0f5ef50c - - default default] No more DHCP agents
2026-07-22 23:22:04.592 8 WARNING neutron.api.rpc.agentnotifiers.dhcp_rpc_agent_api [None req-cc16aad7-544a-4c7e-ad2f-dc6c078e0393 cf1c82d8d3294e7e91f2f54e26eb2581 c63551da3d284caeb2adf7ff0f5ef50c - - default default] Unable to schedule network 0a8008d1-bbf4-477f-a523-b57f0a60f761: no agents available; will retry on subsequent port and subnet creation events.
2026-07-22 23:22:04.594 7 INFO neutron.services.segments.plugin [-] Segment 6af8de87-adeb-4ed5-994c-a8aca83f1ba6 resource provider aggregate not found
2026-07-22 23:22:04.603 7 INFO neutron.services.segments.plugin [-] Client error retrieving segment 6af8de87-adeb-4ed5-994c-a8aca83f1ba6 resource provider; error: Placement Client Error (4xx): {"errors": [{"status": 404, "title": "Not Found", "detail": "The resource could not be found.\n\n No resource provider with uuid 6af8de87-adeb-4ed5-994c-a8aca83f1ba6 found for delete ", "request_id": "req-7ccf6e9e-baf0-430f-81c4-230db2851f04"}]}
2026-07-22 23:22:04.615 7 INFO neutron.services.segments.plugin [-] Client error retrieving segment 6af8de87-adeb-4ed5-994c-a8aca83f1ba6 resource provider; error: Placement Client Error (4xx): {"errors": [{"status": 404, "title": "Not Found", "detail": "The resource could not be found.\n\n No resource provider with uuid 6af8de87-adeb-4ed5-994c-a8aca83f1ba6 found for delete ", "request_id": "req-8b5a243b-2282-419e-a19f-4a02c4b0171e"}]} [pid: 7|app: 0|req: 847/1626] 10.0.0.174 () {32 vars in 726 bytes} [Wed Jul 22 23:22:04 2026] DELETE /v2.0/networks/6eef1f27-bac5-429d-b3df-069afdaf5788 => generated 0 bytes in 379 msecs (HTTP/1.1 204) 3 headers in 131 bytes (1 switches on core 0)
2026-07-22 23:22:04.660 8 INFO neutron.plugins.ml2.drivers.ovn.mech_driver.mech_driver [None req-05ee5b70-b27b-42ee-af48-22e2f4950a58 - - - - - -] OVN reports status down for port: f653840c-86cd-4f5a-abde-e35a65cd0a36
2026-07-22 23:22:04.718 8 INFO neutron.db.ovn_revision_numbers_db [None req-cc16aad7-544a-4c7e-ad2f-dc6c078e0393 cf1c82d8d3294e7e91f2f54e26eb2581 c63551da3d284caeb2adf7ff0f5ef50c - - default default] Successfully bumped revision number for resource f653840c-86cd-4f5a-abde-e35a65cd0a36 (type: ports) to 1 [pid: 8|app: 0|req: 780/1627] 10.0.0.174 () {34 vars in 671 bytes} [Wed Jul 22 23:22:03 2026] POST /v2.0/networks => generated 633 bytes in 1094 msecs (HTTP/1.1 201) 4 headers in 162 bytes (1 switches on core 0) [pid: 8|app: 0|req: 781/1628] 10.0.0.174 () {32 vars in 623 bytes} [Wed Jul 22 23:22:05 2026] GET / => generated 151 bytes in 3 msecs (HTTP/1.1 200) 3 headers in 91 bytes (1 switches on core 0) [pid: 8|app: 0|req: 782/1629] 10.0.0.174 () {32 vars in 633 bytes} [Wed Jul 22 23:22:05 2026] GET /v2.0/ => generated 632 bytes in 99 msecs (HTTP/1.1 200) 4 headers in 157 bytes (1 switches on core 0) [pid: 8|app: 0|req: 783/1630] 10.0.0.174 () {32 vars in 774 bytes} [Wed Jul 22 23:22:05 2026] GET /v2.0/security-groups?tenant_id=b227cd8609ab4ad0bfb822379265b5ca&name=default => generated 2925 bytes in 64 msecs (HTTP/1.1 200) 4 headers in 158 bytes (1 switches on core 0) [pid: 8|app: 0|req: 784/1631] 10.0.0.174 () {32 vars in 740 bytes} [Wed Jul 22 23:22:05 2026] DELETE /v2.0/security-groups/6f062960-16ce-46e1-b652-dcde3ef035f2 => generated 0 bytes in 299 msecs (HTTP/1.1 204) 2 headers in 112 bytes (1 switches on core 0)
2026-07-22 23:22:05.585 7 WARNING neutron.scheduler.dhcp_agent_scheduler [None req-c790d19e-b857-4179-b669-2841cd36e052 cf1c82d8d3294e7e91f2f54e26eb2581 c63551da3d284caeb2adf7ff0f5ef50c - - default default] No more DHCP agents
2026-07-22 23:22:05.587 7 WARNING neutron.api.rpc.agentnotifiers.dhcp_rpc_agent_api [None req-c790d19e-b857-4179-b669-2841cd36e052 cf1c82d8d3294e7e91f2f54e26eb2581 c63551da3d284caeb2adf7ff0f5ef50c - - default default] Unable to schedule network db8c019c-2b9f-4820-9c1e-b885c9a2fe92: no agents available; will retry on subsequent port and subnet creation events.
2026-07-22 23:22:05.719 7 INFO neutron.plugins.ml2.drivers.ovn.mech_driver.mech_driver [None req-1f401027-0b21-498f-9fb3-77399779d9b4 - - - - - -] OVN reports status down for port: 730916c6-8487-492b-8fbe-bfd810a6d580
2026-07-22 23:22:05.783 7 INFO neutron.db.ovn_revision_numbers_db [None req-c790d19e-b857-4179-b669-2841cd36e052 cf1c82d8d3294e7e91f2f54e26eb2581 c63551da3d284caeb2adf7ff0f5ef50c - - default default] Successfully bumped revision number for resource 730916c6-8487-492b-8fbe-bfd810a6d580 (type: ports) to 1
2026-07-22 23:22:05.883 8 INFO neutron.db.ovn_revision_numbers_db [None req-0dc687c1-cec4-4105-8eba-1d6f71edba19 2210d8a6e9da4726a3394244a532f190 c3db8c879ee14f55b3dd870821ebf99e - - default default] Successfully bumped revision number for resource 8571abca-a4f1-41cc-9d06-b2b29a7d6ef5 (type: security_groups) to 1
2026-07-22 23:22:05.896 8 INFO neutron.db.ovn_revision_numbers_db [None req-0dc687c1-cec4-4105-8eba-1d6f71edba19 2210d8a6e9da4726a3394244a532f190 c3db8c879ee14f55b3dd870821ebf99e - - default default] Successfully bumped revision number for resource 51e889b9-296d-47c2-8ec6-9111ac650281 (type: security_group_rules) to 0
2026-07-22 23:22:05.908 8 INFO neutron.db.ovn_revision_numbers_db [None req-0dc687c1-cec4-4105-8eba-1d6f71edba19 2210d8a6e9da4726a3394244a532f190 c3db8c879ee14f55b3dd870821ebf99e - - default default] Successfully bumped revision number for resource 71aa4323-dca5-4f05-bbff-dbc272a85f0a (type: security_group_rules) to 0
2026-07-22 23:22:05.924 8 INFO neutron.db.ovn_revision_numbers_db [None req-0dc687c1-cec4-4105-8eba-1d6f71edba19 2210d8a6e9da4726a3394244a532f190 c3db8c879ee14f55b3dd870821ebf99e - - default default] Successfully bumped revision number for resource 9ee07462-8f35-443e-862f-f8032e6c8ca5 (type: security_group_rules) to 0
2026-07-22 23:22:05.940 8 INFO neutron.db.ovn_revision_numbers_db [None req-0dc687c1-cec4-4105-8eba-1d6f71edba19 2210d8a6e9da4726a3394244a532f190 c3db8c879ee14f55b3dd870821ebf99e - - default default] Successfully bumped revision number for resource d31d0870-8992-4082-bcb2-cfbdf84d8599 (type: security_group_rules) to 0 [pid: 8|app: 0|req: 785/1632] 10.0.0.174 () {32 vars in 774 bytes} [Wed Jul 22 23:22:05 2026] GET /v2.0/security-groups?tenant_id=17361e2421b74f2dacc42040e6ab7ed4&name=default => generated 2925 bytes in 384 msecs (HTTP/1.1 200) 4 headers in 158 bytes (1 switches on core 0)
2026-07-22 23:22:06.162 8 INFO neutron.db.ovn_revision_numbers_db [None req-4f05a1d4-1f26-4fc2-99c8-41163f09361c 2210d8a6e9da4726a3394244a532f190 c3db8c879ee14f55b3dd870821ebf99e - - default default] Successfully bumped revision number for resource 65bcf341-9776-4c73-a8ad-4d61d622435d (type: security_groups) to 1
2026-07-22 23:22:06.175 8 INFO neutron.db.ovn_revision_numbers_db [None req-4f05a1d4-1f26-4fc2-99c8-41163f09361c 2210d8a6e9da4726a3394244a532f190 c3db8c879ee14f55b3dd870821ebf99e - - default default] Successfully bumped revision number for resource 0f45a724-d9cf-4ea4-ac46-ef9477b48755 (type: security_group_rules) to 0
2026-07-22 23:22:06.187 8 INFO neutron.db.ovn_revision_numbers_db [None req-4f05a1d4-1f26-4fc2-99c8-41163f09361c 2210d8a6e9da4726a3394244a532f190 c3db8c879ee14f55b3dd870821ebf99e - - default default] Successfully bumped revision number for resource 586c470a-107f-4688-9dcf-d42411f67aae (type: security_group_rules) to 0
2026-07-22 23:22:06.198 8 INFO neutron.db.ovn_revision_numbers_db [None req-4f05a1d4-1f26-4fc2-99c8-41163f09361c 2210d8a6e9da4726a3394244a532f190 c3db8c879ee14f55b3dd870821ebf99e - - default default] Successfully bumped revision number for resource d04a22cc-5a92-46dc-9f1f-7b5339217f9b (type: security_group_rules) to 0
2026-07-22 23:22:06.209 8 INFO neutron.db.ovn_revision_numbers_db [None req-4f05a1d4-1f26-4fc2-99c8-41163f09361c 2210d8a6e9da4726a3394244a532f190 c3db8c879ee14f55b3dd870821ebf99e - - default default] Successfully bumped revision number for resource f7c2eb03-5a54-49f9-8aea-20f359d1f257 (type: security_group_rules) to 0 [pid: 8|app: 0|req: 786/1633] 10.0.0.174 () {32 vars in 774 bytes} [Wed Jul 22 23:22:05 2026] GET /v2.0/security-groups?tenant_id=0d475de6534b4bdf9e8047a2d3864cfa&name=default => generated 2925 bytes in 266 msecs (HTTP/1.1 200) 4 headers in 158 bytes (1 switches on core 0) [pid: 8|app: 0|req: 787/1634] 10.0.0.174 () {32 vars in 740 bytes} [Wed Jul 22 23:22:06 2026] DELETE /v2.0/security-groups/8571abca-a4f1-41cc-9d06-b2b29a7d6ef5 => generated 0 bytes in 238 msecs (HTTP/1.1 204) 2 headers in 112 bytes (1 switches on core 0)
2026-07-22 23:22:06.522 7 INFO neutron.plugins.ml2.drivers.ovn.mech_driver.ovsdb.commands [None req-fb4cbd96-2819-4b0c-a86b-a80a7ef905c7 - - - - - -] Schedule LRP lrp-730916c6-8487-492b-8fbe-bfd810a6d580 on gateway 9fdb5634-bef2-4329-bf01-0f2324b17680 with priority 1
2026-07-22 23:22:06.577 8 INFO neutron.plugins.ml2.drivers.ovn.mech_driver.ovsdb.ovsdb_monitor [None req-bdff420f-00fa-4845-a870-be653314dab3 - - - - - -] Router 488060df-b7db-45e5-aee4-7278bd060a27 is bound to host instance
2026-07-22 23:22:06.578 7 INFO neutron.plugins.ml2.drivers.ovn.mech_driver.mech_driver [None req-1f401027-0b21-498f-9fb3-77399779d9b4 - - - - - -] OVN reports status up for port: 730916c6-8487-492b-8fbe-bfd810a6d580
2026-07-22 23:22:06.603 7 INFO neutron.plugins.ml2.plugin [None req-1f401027-0b21-498f-9fb3-77399779d9b4 - - - - - -] Attempt 1 to provision port 730916c6-8487-492b-8fbe-bfd810a6d580
2026-07-22 23:22:06.643 7 INFO neutron.db.ovn_revision_numbers_db [None req-c790d19e-b857-4179-b669-2841cd36e052 cf1c82d8d3294e7e91f2f54e26eb2581 c63551da3d284caeb2adf7ff0f5ef50c - - default default] Successfully bumped revision number for resource 730916c6-8487-492b-8fbe-bfd810a6d580 (type: router_ports) to 1
2026-07-22 23:22:06.774 7 INFO neutron.db.ovn_revision_numbers_db [None req-c790d19e-b857-4179-b669-2841cd36e052 cf1c82d8d3294e7e91f2f54e26eb2581 c63551da3d284caeb2adf7ff0f5ef50c - - default default] Successfully bumped revision number for resource 488060df-b7db-45e5-aee4-7278bd060a27 (type: routers) to 2 [pid: 7|app: 0|req: 848/1635] 10.0.0.174 () {34 vars in 669 bytes} [Wed Jul 22 23:22:04 2026] POST /v2.0/routers => generated 954 bytes in 2039 msecs (HTTP/1.1 201) 4 headers in 162 bytes (1 switches on core 0) [pid: 8|app: 0|req: 788/1636] 10.0.0.174 () {32 vars in 740 bytes} [Wed Jul 22 23:22:06 2026] DELETE /v2.0/security-groups/65bcf341-9776-4c73-a8ad-4d61d622435d => generated 0 bytes in 526 msecs (HTTP/1.1 204) 2 headers in 112 bytes (1 switches on core 0) [pid: 7|app: 0|req: 849/1637] 10.0.0.174 () {32 vars in 776 bytes} [Wed Jul 22 23:22:06 2026] GET /v2.0/subnets?project_id=c63551da3d284caeb2adf7ff0f5ef50c&cidr=10.100.0.0%2F28 => generated 14 bytes in 262 msecs (HTTP/1.1 200) 4 headers in 156 bytes (1 switches on core 0) [pid: 8|app: 0|req: 789/1638] 10.0.0.174 () {32 vars in 694 bytes} [Wed Jul 22 23:22:07 2026] GET /v2.0/networks?router%3Aexternal=True => generated 753 bytes in 90 msecs (HTTP/1.1 200) 4 headers in 157 bytes (1 switches on core 0) [pid: 7|app: 0|req: 850/1639] 10.0.0.174 () {32 vars in 784 bytes} [Wed Jul 22 23:22:07 2026] GET /v2.0/subnets?network_id=db8c019c-2b9f-4820-9c1e-b885c9a2fe92&cidr=10.100.0.0%2F28 => generated 14 bytes in 24 msecs (HTTP/1.1 200) 4 headers in 156 bytes (1 switches on core 0)
2026-07-22 23:22:07.583 8 WARNING neutron.scheduler.dhcp_agent_scheduler [None req-054f7c52-2574-4ef1-911a-79ca9c17757f cf1c82d8d3294e7e91f2f54e26eb2581 c63551da3d284caeb2adf7ff0f5ef50c - - default default] No more DHCP agents
2026-07-22 23:22:07.587 8 WARNING neutron.api.rpc.agentnotifiers.dhcp_rpc_agent_api [None req-054f7c52-2574-4ef1-911a-79ca9c17757f cf1c82d8d3294e7e91f2f54e26eb2581 c63551da3d284caeb2adf7ff0f5ef50c - - default default] Unable to schedule network 0a8008d1-bbf4-477f-a523-b57f0a60f761: no agents available; will retry on subsequent port and subnet creation events.
2026-07-22 23:22:07.710 7 INFO neutron.db.ovn_revision_numbers_db [None req-ebadae8b-5570-4696-a2ac-1eee6ba6a602 c95ff0c07ce843aaa861ea5f0a1d918b 2657075a9a494cbdb53808820130cf37 - - default default] Successfully bumped revision number for resource e24e91d9-cc73-45d7-8fe0-ca21e4f6c55b (type: security_groups) to 1
2026-07-22 23:22:07.732 7 INFO neutron.db.ovn_revision_numbers_db [None req-ebadae8b-5570-4696-a2ac-1eee6ba6a602 c95ff0c07ce843aaa861ea5f0a1d918b 2657075a9a494cbdb53808820130cf37 - - default default] Successfully bumped revision number for resource 542a11d7-d72a-4b2e-9625-6889aa8d85a4 (type: security_group_rules) to 0
2026-07-22 23:22:07.749 7 INFO neutron.db.ovn_revision_numbers_db [None req-ebadae8b-5570-4696-a2ac-1eee6ba6a602 c95ff0c07ce843aaa861ea5f0a1d918b 2657075a9a494cbdb53808820130cf37 - - default default] Successfully bumped revision number for resource 5a9fa09e-7f4e-4188-9e48-ca4985d66f1a (type: security_group_rules) to 0
2026-07-22 23:22:07.769 7 INFO neutron.db.ovn_revision_numbers_db [None req-ebadae8b-5570-4696-a2ac-1eee6ba6a602 c95ff0c07ce843aaa861ea5f0a1d918b 2657075a9a494cbdb53808820130cf37 - - default default] Successfully bumped revision number for resource d9aabbd6-c121-4079-8eba-94013493d0f6 (type: security_group_rules) to 0
2026-07-22 23:22:07.791 7 INFO neutron.db.ovn_revision_numbers_db [None req-ebadae8b-5570-4696-a2ac-1eee6ba6a602 c95ff0c07ce843aaa861ea5f0a1d918b 2657075a9a494cbdb53808820130cf37 - - default default] Successfully bumped revision number for resource e8143c1c-27ea-4fb9-af61-6b748f326410 (type: security_group_rules) to 0
2026-07-22 23:22:07.887 7 INFO neutron.db.segments_db [None req-ebadae8b-5570-4696-a2ac-1eee6ba6a602 c95ff0c07ce843aaa861ea5f0a1d918b 2657075a9a494cbdb53808820130cf37 - - default default] Added segment 58376c83-0392-4ff2-91d0-1449e437e5e4 of type geneve for network dafd300e-570a-4b13-8a07-1ac5fdcba1b2
2026-07-22 23:22:07.971 8 INFO neutron.db.ovn_revision_numbers_db [None req-055f6af9-7ca2-4e94-a042-438e9bfaedb4 - - - - - -] Successfully bumped revision number for resource 730916c6-8487-492b-8fbe-bfd810a6d580 (type: ports) to 4
2026-07-22 23:22:08.061 7 INFO neutron.db.ovn_revision_numbers_db [None req-ebadae8b-5570-4696-a2ac-1eee6ba6a602 c95ff0c07ce843aaa861ea5f0a1d918b 2657075a9a494cbdb53808820130cf37 - - default default] Successfully bumped revision number for resource dafd300e-570a-4b13-8a07-1ac5fdcba1b2 (type: networks) to 1
2026-07-22 23:22:08.235 7 WARNING neutron.scheduler.dhcp_agent_scheduler [None req-ebadae8b-5570-4696-a2ac-1eee6ba6a602 c95ff0c07ce843aaa861ea5f0a1d918b 2657075a9a494cbdb53808820130cf37 - - default default] No more DHCP agents
2026-07-22 23:22:08.236 7 WARNING neutron.api.rpc.agentnotifiers.dhcp_rpc_agent_api [None req-ebadae8b-5570-4696-a2ac-1eee6ba6a602 c95ff0c07ce843aaa861ea5f0a1d918b 2657075a9a494cbdb53808820130cf37 - - default default] Unable to schedule network dafd300e-570a-4b13-8a07-1ac5fdcba1b2: no agents available; will retry on subsequent port and subnet creation events.
2026-07-22 23:22:08.325 7 INFO neutron.db.ovn_revision_numbers_db [None req-ebadae8b-5570-4696-a2ac-1eee6ba6a602 c95ff0c07ce843aaa861ea5f0a1d918b 2657075a9a494cbdb53808820130cf37 - - default default] Successfully bumped revision number for resource d128ff93-dad7-4c96-94e8-ce2d72640f94 (type: ports) to 1 [pid: 7|app: 0|req: 851/1640] 10.0.0.174 () {34 vars in 670 bytes} [Wed Jul 22 23:22:07 2026] POST /v2.0/networks => generated 634 bytes in 1038 msecs (HTTP/1.1 201) 4 headers in 162 bytes (1 switches on core 0)
2026-07-22 23:22:08.466 7 INFO neutron.db.segments_db [None req-a8cef4ca-080a-4248-ae9d-6e78ddf4bcd1 c95ff0c07ce843aaa861ea5f0a1d918b 2657075a9a494cbdb53808820130cf37 - - default default] Added segment c0bb0d0a-6a2a-4496-a684-6b8552605477 of type geneve for network 87b7479b-8db4-4c9a-8575-958334feb0f5
2026-07-22 23:22:08.501 8 INFO neutron.db.ovn_revision_numbers_db [None req-9591a575-adc2-4522-9aa6-19fa122052a9 - - - - - -] Successfully bumped revision number for resource f653840c-86cd-4f5a-abde-e35a65cd0a36 (type: ports) to 2
2026-07-22 23:22:08.575 8 INFO neutron.db.ovn_revision_numbers_db [None req-9591a575-adc2-4522-9aa6-19fa122052a9 - - - - - -] Successfully bumped revision number for resource faac4120-6b33-4d10-be4d-b03fd8068253 (type: subnets) to 0
2026-07-22 23:22:08.591 7 INFO neutron.db.ovn_revision_numbers_db [None req-a8cef4ca-080a-4248-ae9d-6e78ddf4bcd1 c95ff0c07ce843aaa861ea5f0a1d918b 2657075a9a494cbdb53808820130cf37 - - default default] Successfully bumped revision number for resource 87b7479b-8db4-4c9a-8575-958334feb0f5 (type: networks) to 1 [pid: 8|app: 0|req: 790/1643] 10.0.0.174 () {34 vars in 669 bytes} [Wed Jul 22 23:22:07 2026] POST /v2.0/subnets => generated 657 bytes in 1358 msecs (HTTP/1.1 201) 4 headers in 162 bytes (1 switches on core 0)
2026-07-22 23:22:08.630 8 INFO neutron.db.ovn_revision_numbers_db [None req-055f6af9-7ca2-4e94-a042-438e9bfaedb4 - - - - - -] Successfully bumped revision number for resource 730916c6-8487-492b-8fbe-bfd810a6d580 (type: ports) to 5
2026-07-22 23:22:08.755 7 WARNING neutron.scheduler.dhcp_agent_scheduler [None req-a8cef4ca-080a-4248-ae9d-6e78ddf4bcd1 c95ff0c07ce843aaa861ea5f0a1d918b 2657075a9a494cbdb53808820130cf37 - - default default] No more DHCP agents
2026-07-22 23:22:08.756 7 WARNING neutron.api.rpc.agentnotifiers.dhcp_rpc_agent_api [None req-a8cef4ca-080a-4248-ae9d-6e78ddf4bcd1 c95ff0c07ce843aaa861ea5f0a1d918b 2657075a9a494cbdb53808820130cf37 - - default default] Unable to schedule network 87b7479b-8db4-4c9a-8575-958334feb0f5: no agents available; will retry on subsequent port and subnet creation events.
2026-07-22 23:22:08.823 8 INFO neutron.plugins.ml2.drivers.ovn.mech_driver.mech_driver [None req-05ee5b70-b27b-42ee-af48-22e2f4950a58 - - - - - -] OVN reports status down for port: 6209072f-2f64-495b-8a35-8ea8fbda6af0
2026-07-22 23:22:08.824 7 INFO neutron.db.ovn_revision_numbers_db [None req-a8cef4ca-080a-4248-ae9d-6e78ddf4bcd1 c95ff0c07ce843aaa861ea5f0a1d918b 2657075a9a494cbdb53808820130cf37 - - default default] Successfully bumped revision number for resource 6209072f-2f64-495b-8a35-8ea8fbda6af0 (type: ports) to 1 [pid: 7|app: 0|req: 854/1644] 10.0.0.174 () {34 vars in 670 bytes} [Wed Jul 22 23:22:08 2026] POST /v2.0/networks => generated 634 bytes in 493 msecs (HTTP/1.1 201) 4 headers in 162 bytes (1 switches on core 0)
2026-07-22 23:22:08.987 7 INFO neutron.plugins.ml2.drivers.ovn.mech_driver.mech_driver [None req-1f401027-0b21-498f-9fb3-77399779d9b4 - - - - - -] OVN reports status down for port: d128ff93-dad7-4c96-94e8-ce2d72640f94
2026-07-22 23:22:09.109 7 WARNING neutron.scheduler.dhcp_agent_scheduler [None req-9fab2256-3bbe-4209-b118-94d6c5d9075a c95ff0c07ce843aaa861ea5f0a1d918b 2657075a9a494cbdb53808820130cf37 - - default default] No more DHCP agents
2026-07-22 23:22:09.111 7 WARNING neutron.api.rpc.agentnotifiers.dhcp_rpc_agent_api [None req-9fab2256-3bbe-4209-b118-94d6c5d9075a c95ff0c07ce843aaa861ea5f0a1d918b 2657075a9a494cbdb53808820130cf37 - - default default] Unable to schedule network dafd300e-570a-4b13-8a07-1ac5fdcba1b2: no agents available; will retry on subsequent port and subnet creation events.
2026-07-22 23:22:09.144 7 INFO neutron.db.ovn_revision_numbers_db [None req-9fab2256-3bbe-4209-b118-94d6c5d9075a c95ff0c07ce843aaa861ea5f0a1d918b 2657075a9a494cbdb53808820130cf37 - - default default] Successfully bumped revision number for resource a69155a5-ddc3-4fe9-848f-722a3fd94b2a (type: subnets) to 0 [pid: 7|app: 0|req: 855/1645] 10.0.0.174 () {34 vars in 669 bytes} [Wed Jul 22 23:22:08 2026] POST /v2.0/subnets => generated 646 bytes in 304 msecs (HTTP/1.1 201) 4 headers in 162 bytes (1 switches on core 0)
2026-07-22 23:22:09.256 8 WARNING neutron.scheduler.dhcp_agent_scheduler [None req-a9179f44-9f02-4dad-980c-4b725246ad65 cf1c82d8d3294e7e91f2f54e26eb2581 c63551da3d284caeb2adf7ff0f5ef50c - - default default] No more DHCP agents
2026-07-22 23:22:09.258 8 WARNING neutron.api.rpc.agentnotifiers.dhcp_rpc_agent_api [None req-a9179f44-9f02-4dad-980c-4b725246ad65 cf1c82d8d3294e7e91f2f54e26eb2581 c63551da3d284caeb2adf7ff0f5ef50c - - default default] Unable to schedule network 0a8008d1-bbf4-477f-a523-b57f0a60f761: no agents available; will retry on subsequent port and subnet creation events.
2026-07-22 23:22:09.350 7 WARNING neutron.scheduler.dhcp_agent_scheduler [None req-666a5d5a-dff4-4912-b30e-3e1fe01ca6d5 c95ff0c07ce843aaa861ea5f0a1d918b 2657075a9a494cbdb53808820130cf37 - - default default] No more DHCP agents
2026-07-22 23:22:09.352 7 WARNING neutron.api.rpc.agentnotifiers.dhcp_rpc_agent_api [None req-666a5d5a-dff4-4912-b30e-3e1fe01ca6d5 c95ff0c07ce843aaa861ea5f0a1d918b 2657075a9a494cbdb53808820130cf37 - - default default] Unable to schedule network 87b7479b-8db4-4c9a-8575-958334feb0f5: no agents available; will retry on subsequent port and subnet creation events.
2026-07-22 23:22:09.392 8 INFO neutron.plugins.ml2.drivers.ovn.mech_driver.mech_driver [None req-05ee5b70-b27b-42ee-af48-22e2f4950a58 - - - - - -] OVN reports status down for port: fd9c8a26-1036-4e9f-8fc8-d3cecc9c711a
2026-07-22 23:22:09.402 7 INFO neutron.db.ovn_revision_numbers_db [None req-666a5d5a-dff4-4912-b30e-3e1fe01ca6d5 c95ff0c07ce843aaa861ea5f0a1d918b 2657075a9a494cbdb53808820130cf37 - - default default] Successfully bumped revision number for resource a14ef1cc-2555-4d20-b118-32844fae438e (type: subnets) to 0 [pid: 7|app: 0|req: 856/1646] 10.0.0.174 () {34 vars in 669 bytes} [Wed Jul 22 23:22:09 2026] POST /v2.0/subnets => generated 655 bytes in 264 msecs (HTTP/1.1 201) 4 headers in 162 bytes (1 switches on core 0)
2026-07-22 23:22:09.452 8 INFO neutron.db.ovn_revision_numbers_db [None req-a9179f44-9f02-4dad-980c-4b725246ad65 cf1c82d8d3294e7e91f2f54e26eb2581 c63551da3d284caeb2adf7ff0f5ef50c - - default default] Successfully bumped revision number for resource fd9c8a26-1036-4e9f-8fc8-d3cecc9c711a (type: ports) to 1
2026-07-22 23:22:09.542 7 INFO neutron.db.ovn_revision_numbers_db [None req-54146e1d-8287-4443-aff7-258b01351a9d c95ff0c07ce843aaa861ea5f0a1d918b 2657075a9a494cbdb53808820130cf37 - - default default] Successfully bumped revision number for resource 8f2e5de1-407c-47a9-86fb-b2ba1ee3d920 (type: routers) to 1 [pid: 7|app: 0|req: 857/1647] 10.0.0.174 () {34 vars in 669 bytes} [Wed Jul 22 23:22:09 2026] POST /v2.0/routers => generated 607 bytes in 130 msecs (HTTP/1.1 201) 4 headers in 162 bytes (1 switches on core 0)
2026-07-22 23:22:09.966 7 WARNING neutron.scheduler.dhcp_agent_scheduler [None req-7dd61b71-56f8-412a-ae98-9c8dccf6b2e2 c95ff0c07ce843aaa861ea5f0a1d918b 2657075a9a494cbdb53808820130cf37 - - default default] No more DHCP agents
2026-07-22 23:22:09.968 7 WARNING neutron.api.rpc.agentnotifiers.dhcp_rpc_agent_api [None req-7dd61b71-56f8-412a-ae98-9c8dccf6b2e2 c95ff0c07ce843aaa861ea5f0a1d918b 2657075a9a494cbdb53808820130cf37 - - default default] Unable to schedule network dafd300e-570a-4b13-8a07-1ac5fdcba1b2: no agents available; will retry on subsequent port and subnet creation events.
2026-07-22 23:22:10.054 7 INFO neutron.plugins.ml2.drivers.ovn.mech_driver.mech_driver [None req-1f401027-0b21-498f-9fb3-77399779d9b4 - - - - - -] OVN reports status down for port: f5f368f1-0cb2-41da-98ef-c68665f5e8af
2026-07-22 23:22:10.111 7 INFO neutron.db.ovn_revision_numbers_db [None req-7dd61b71-56f8-412a-ae98-9c8dccf6b2e2 c95ff0c07ce843aaa861ea5f0a1d918b 2657075a9a494cbdb53808820130cf37 - - default default] Successfully bumped revision number for resource f5f368f1-0cb2-41da-98ef-c68665f5e8af (type: ports) to 1
2026-07-22 23:22:10.161 8 INFO neutron.plugins.ml2.drivers.ovn.mech_driver.mech_driver [None req-05ee5b70-b27b-42ee-af48-22e2f4950a58 - - - - - -] OVN reports status up for port: fd9c8a26-1036-4e9f-8fc8-d3cecc9c711a
2026-07-22 23:22:10.181 8 INFO neutron.plugins.ml2.plugin [None req-05ee5b70-b27b-42ee-af48-22e2f4950a58 - - - - - -] Attempt 1 to provision port fd9c8a26-1036-4e9f-8fc8-d3cecc9c711a
2026-07-22 23:22:10.279 8 WARNING neutron.scheduler.dhcp_agent_scheduler [None req-a9179f44-9f02-4dad-980c-4b725246ad65 cf1c82d8d3294e7e91f2f54e26eb2581 c63551da3d284caeb2adf7ff0f5ef50c - - default default] No more DHCP agents
2026-07-22 23:22:10.283 8 WARNING neutron.api.rpc.agentnotifiers.dhcp_rpc_agent_api [None req-a9179f44-9f02-4dad-980c-4b725246ad65 cf1c82d8d3294e7e91f2f54e26eb2581 c63551da3d284caeb2adf7ff0f5ef50c - - default default] Unable to schedule network 0a8008d1-bbf4-477f-a523-b57f0a60f761: no agents available; will retry on subsequent port and subnet creation events.
2026-07-22 23:22:10.683 7 INFO neutron.plugins.ml2.drivers.ovn.mech_driver.mech_driver [None req-1f401027-0b21-498f-9fb3-77399779d9b4 - - - - - -] OVN reports status up for port: f5f368f1-0cb2-41da-98ef-c68665f5e8af
2026-07-22 23:22:10.710 7 INFO neutron.plugins.ml2.plugin [None req-1f401027-0b21-498f-9fb3-77399779d9b4 - - - - - -] Attempt 1 to provision port f5f368f1-0cb2-41da-98ef-c68665f5e8af
2026-07-22 23:22:10.803 8 INFO neutron.db.ovn_revision_numbers_db [None req-05ee5b70-b27b-42ee-af48-22e2f4950a58 - - - - - -] Successfully bumped revision number for resource fd9c8a26-1036-4e9f-8fc8-d3cecc9c711a (type: ports) to 2
2026-07-22 23:22:10.842 7 WARNING neutron.scheduler.dhcp_agent_scheduler [None req-7dd61b71-56f8-412a-ae98-9c8dccf6b2e2 c95ff0c07ce843aaa861ea5f0a1d918b 2657075a9a494cbdb53808820130cf37 - - default default] No more DHCP agents
2026-07-22 23:22:10.848 7 WARNING neutron.api.rpc.agentnotifiers.dhcp_rpc_agent_api [None req-7dd61b71-56f8-412a-ae98-9c8dccf6b2e2 c95ff0c07ce843aaa861ea5f0a1d918b 2657075a9a494cbdb53808820130cf37 - - default default] Unable to schedule network dafd300e-570a-4b13-8a07-1ac5fdcba1b2: no agents available; will retry on subsequent port and subnet creation events.
2026-07-22 23:22:10.975 8 INFO neutron.db.ovn_revision_numbers_db [None req-a9179f44-9f02-4dad-980c-4b725246ad65 cf1c82d8d3294e7e91f2f54e26eb2581 c63551da3d284caeb2adf7ff0f5ef50c - - default default] Successfully bumped revision number for resource fd9c8a26-1036-4e9f-8fc8-d3cecc9c711a (type: router_ports) to 1 [pid: 8|app: 0|req: 791/1648] 10.0.0.174 () {34 vars in 783 bytes} [Wed Jul 22 23:22:08 2026] PUT /v2.0/routers/488060df-b7db-45e5-aee4-7278bd060a27/add_router_interface => generated 309 bytes in 2377 msecs (HTTP/1.1 200) 4 headers in 157 bytes (1 switches on core 0)
2026-07-22 23:22:11.025 8 INFO neutron.db.ovn_revision_numbers_db [None req-294f20ba-2fd6-473e-a046-955f7e4793b8 - - - - - -] Successfully bumped revision number for resource fd9c8a26-1036-4e9f-8fc8-d3cecc9c711a (type: router_ports) to 2 [pid: 8|app: 0|req: 792/1649] 10.0.0.65 () {30 vars in 649 bytes} [Wed Jul 22 23:22:10 2026] GET /v2.0/extensions => generated 20118 bytes in 213 msecs (HTTP/1.1 200) 4 headers in 159 bytes (1 switches on core 0) [pid: 8|app: 0|req: 793/1650] 10.0.0.174 () {32 vars in 649 bytes} [Wed Jul 22 23:22:11 2026] GET /v2.0/networks => generated 4413 bytes in 49 msecs (HTTP/1.1 200) 4 headers in 158 bytes (1 switches on core 0)
2026-07-22 23:22:11.263 7 INFO neutron.db.ovn_revision_numbers_db [None req-7dd61b71-56f8-412a-ae98-9c8dccf6b2e2 c95ff0c07ce843aaa861ea5f0a1d918b 2657075a9a494cbdb53808820130cf37 - - default default] Successfully bumped revision number for resource f5f368f1-0cb2-41da-98ef-c68665f5e8af (type: router_ports) to 1 [pid: 7|app: 0|req: 858/1651] 10.0.0.174 () {34 vars in 783 bytes} [Wed Jul 22 23:22:09 2026] PUT /v2.0/routers/8f2e5de1-407c-47a9-86fb-b2ba1ee3d920/add_router_interface => generated 309 bytes in 1701 msecs (HTTP/1.1 200) 4 headers in 157 bytes (1 switches on core 0) [pid: 8|app: 0|req: 794/1652] 10.0.0.65 () {30 vars in 723 bytes} [Wed Jul 22 23:22:11 2026] GET /v2.0/quotas/00ca8b2aaf7a499d8f2bb9c65379ff6f/details => generated 847 bytes in 94 msecs (HTTP/1.1 200) 4 headers in 157 bytes (1 switches on core 0) [pid: 8|app: 0|req: 795/1653] 10.0.0.174 () {32 vars in 647 bytes} [Wed Jul 22 23:22:11 2026] GET /v2.0/subnets => generated 3290 bytes in 54 msecs (HTTP/1.1 200) 4 headers in 158 bytes (1 switches on core 0)
2026-07-22 23:22:11.470 7 INFO neutron.db.ovn_revision_numbers_db [None req-1f401027-0b21-498f-9fb3-77399779d9b4 - - - - - -] Successfully bumped revision number for resource f5f368f1-0cb2-41da-98ef-c68665f5e8af (type: ports) to 2 [pid: 8|app: 0|req: 796/1654] 10.0.0.174 () {32 vars in 717 bytes} [Wed Jul 22 23:22:11 2026] GET /v2.0/ports/f5f368f1-0cb2-41da-98ef-c68665f5e8af => generated 947 bytes in 78 msecs (HTTP/1.1 200) 4 headers in 157 bytes (1 switches on core 0) [pid: 8|app: 0|req: 797/1655] 10.0.0.174 () {32 vars in 647 bytes} [Wed Jul 22 23:22:11 2026] GET /v2.0/routers => generated 1590 bytes in 66 msecs (HTTP/1.1 200) 4 headers in 158 bytes (1 switches on core 0)
2026-07-22 23:22:11.629 7 INFO neutron.db.ovn_revision_numbers_db [None req-ed23fd6a-765c-4f88-a5f0-09d1657179dd 2210d8a6e9da4726a3394244a532f190 c3db8c879ee14f55b3dd870821ebf99e - - default default] Successfully bumped revision number for resource c6751e62-b565-4179-b494-aac69aee0fea (type: security_groups) to 1
2026-07-22 23:22:11.660 7 INFO neutron.db.ovn_revision_numbers_db [None req-ed23fd6a-765c-4f88-a5f0-09d1657179dd 2210d8a6e9da4726a3394244a532f190 c3db8c879ee14f55b3dd870821ebf99e - - default default] Successfully bumped revision number for resource 2e5ec1a8-40a2-48c8-bf6e-c023d10cab39 (type: security_group_rules) to 0
2026-07-22 23:22:11.690 7 INFO neutron.db.ovn_revision_numbers_db [None req-ed23fd6a-765c-4f88-a5f0-09d1657179dd 2210d8a6e9da4726a3394244a532f190 c3db8c879ee14f55b3dd870821ebf99e - - default default] Successfully bumped revision number for resource 6f40345e-e91c-4a3b-b396-790b03093484 (type: security_group_rules) to 0
2026-07-22 23:22:11.703 7 INFO neutron.db.ovn_revision_numbers_db [None req-9208622e-8d66-437b-ba3d-f62ff822fa63 - - - - - -] Successfully bumped revision number for resource f5f368f1-0cb2-41da-98ef-c68665f5e8af (type: router_ports) to 2
2026-07-22 23:22:11.707 7 INFO neutron.db.ovn_revision_numbers_db [None req-ed23fd6a-765c-4f88-a5f0-09d1657179dd 2210d8a6e9da4726a3394244a532f190 c3db8c879ee14f55b3dd870821ebf99e - - default default] Successfully bumped revision number for resource 93c07857-7c76-4002-8f50-94c697c4fb4e (type: security_group_rules) to 0
2026-07-22 23:22:11.728 7 INFO neutron.db.ovn_revision_numbers_db [None req-ed23fd6a-765c-4f88-a5f0-09d1657179dd 2210d8a6e9da4726a3394244a532f190 c3db8c879ee14f55b3dd870821ebf99e - - default default] Successfully bumped revision number for resource 9a34df1b-6675-4668-b3f3-b3ee3404a61c (type: security_group_rules) to 0 [pid: 7|app: 0|req: 859/1656] 10.0.0.174 () {32 vars in 774 bytes} [Wed Jul 22 23:22:11 2026] GET /v2.0/security-groups?tenant_id=3fb4e0d8d7024ab39c81e90bffa37f1c&name=default => generated 2925 bytes in 525 msecs (HTTP/1.1 200) 4 headers in 158 bytes (1 switches on core 0)
2026-07-22 23:22:11.910 7 INFO neutron.db.ovn_revision_numbers_db [None req-7e4704e3-ce21-4ae8-accf-ad553acf5567 cf1c82d8d3294e7e91f2f54e26eb2581 c63551da3d284caeb2adf7ff0f5ef50c - - default default] Successfully bumped revision number for resource 072faf8e-7efe-417c-93aa-101faa544ab4 (type: security_groups) to 1
2026-07-22 23:22:11.927 7 INFO neutron.db.ovn_revision_numbers_db [None req-7e4704e3-ce21-4ae8-accf-ad553acf5567 cf1c82d8d3294e7e91f2f54e26eb2581 c63551da3d284caeb2adf7ff0f5ef50c - - default default] Successfully bumped revision number for resource 3c576bfb-6e6d-40bd-8fa4-019f924f192a (type: security_group_rules) to 0
2026-07-22 23:22:11.944 7 INFO neutron.db.ovn_revision_numbers_db [None req-7e4704e3-ce21-4ae8-accf-ad553acf5567 cf1c82d8d3294e7e91f2f54e26eb2581 c63551da3d284caeb2adf7ff0f5ef50c - - default default] Successfully bumped revision number for resource 65a273be-8af3-4257-af03-b0b559edd631 (type: security_group_rules) to 0 [pid: 7|app: 0|req: 860/1657] 10.0.0.174 () {34 vars in 685 bytes} [Wed Jul 22 23:22:11 2026] POST /v2.0/security-groups => generated 1675 bytes in 180 msecs (HTTP/1.1 201) 4 headers in 163 bytes (1 switches on core 0)
2026-07-22 23:22:12.003 8 WARNING neutron.scheduler.dhcp_agent_scheduler [None req-dd1c2004-04aa-41d4-8de3-4f92d597c7b3 c95ff0c07ce843aaa861ea5f0a1d918b 2657075a9a494cbdb53808820130cf37 - - default default] No more DHCP agents
2026-07-22 23:22:12.004 8 WARNING neutron.api.rpc.agentnotifiers.dhcp_rpc_agent_api [None req-dd1c2004-04aa-41d4-8de3-4f92d597c7b3 c95ff0c07ce843aaa861ea5f0a1d918b 2657075a9a494cbdb53808820130cf37 - - default default] Unable to schedule network 87b7479b-8db4-4c9a-8575-958334feb0f5: no agents available; will retry on subsequent port and subnet creation events.
2026-07-22 23:22:12.074 8 INFO neutron.plugins.ml2.drivers.ovn.mech_driver.mech_driver [None req-294f20ba-2fd6-473e-a046-955f7e4793b8 - - - - - -] OVN reports status down for port: 4405c850-020b-47a3-9d6b-87548a8f004a
2026-07-22 23:22:12.141 8 INFO neutron.db.ovn_revision_numbers_db [None req-dd1c2004-04aa-41d4-8de3-4f92d597c7b3 c95ff0c07ce843aaa861ea5f0a1d918b 2657075a9a494cbdb53808820130cf37 - - default default] Successfully bumped revision number for resource 4405c850-020b-47a3-9d6b-87548a8f004a (type: ports) to 1 [pid: 7|app: 0|req: 861/1658] 10.0.0.174 () {32 vars in 740 bytes} [Wed Jul 22 23:22:11 2026] DELETE /v2.0/security-groups/c6751e62-b565-4179-b494-aac69aee0fea => generated 0 bytes in 285 msecs (HTTP/1.1 204) 2 headers in 112 bytes (1 switches on core 0)
2026-07-22 23:22:12.447 7 INFO neutron.db.ovn_revision_numbers_db [None req-94a641db-fb56-4cb8-ba89-4b0a0aebf911 cf1c82d8d3294e7e91f2f54e26eb2581 c63551da3d284caeb2adf7ff0f5ef50c - - default default] Successfully bumped revision number for resource 92246c1b-0e3d-4ce6-841b-e42e435b9125 (type: security_group_rules) to 0 [pid: 7|app: 0|req: 862/1659] 10.0.0.174 () {34 vars in 695 bytes} [Wed Jul 22 23:22:12 2026] POST /v2.0/security-group-rules => generated 597 bytes in 212 msecs (HTTP/1.1 201) 4 headers in 162 bytes (1 switches on core 0)
2026-07-22 23:22:12.577 7 INFO neutron.db.ovn_revision_numbers_db [None req-56f3b948-12d0-4dd2-8c8c-67ffff9f16ed 2210d8a6e9da4726a3394244a532f190 c3db8c879ee14f55b3dd870821ebf99e - - default default] Successfully bumped revision number for resource 8fec92d7-a0c7-42ca-b7e9-1cab6629b316 (type: security_groups) to 1
2026-07-22 23:22:12.587 7 INFO neutron.db.ovn_revision_numbers_db [None req-56f3b948-12d0-4dd2-8c8c-67ffff9f16ed 2210d8a6e9da4726a3394244a532f190 c3db8c879ee14f55b3dd870821ebf99e - - default default] Successfully bumped revision number for resource 7ee343d5-bb6e-49a5-b212-4772f9ada1ea (type: security_group_rules) to 0
2026-07-22 23:22:12.600 7 INFO neutron.db.ovn_revision_numbers_db [None req-56f3b948-12d0-4dd2-8c8c-67ffff9f16ed 2210d8a6e9da4726a3394244a532f190 c3db8c879ee14f55b3dd870821ebf99e - - default default] Successfully bumped revision number for resource af945777-7ca7-454d-9fc4-f0e1c4c1da9a (type: security_group_rules) to 0
2026-07-22 23:22:12.612 7 INFO neutron.db.ovn_revision_numbers_db [None req-56f3b948-12d0-4dd2-8c8c-67ffff9f16ed 2210d8a6e9da4726a3394244a532f190 c3db8c879ee14f55b3dd870821ebf99e - - default default] Successfully bumped revision number for resource b596c309-8072-4728-8eee-51929969c378 (type: security_group_rules) to 0
2026-07-22 23:22:12.621 7 INFO neutron.db.ovn_revision_numbers_db [None req-56f3b948-12d0-4dd2-8c8c-67ffff9f16ed 2210d8a6e9da4726a3394244a532f190 c3db8c879ee14f55b3dd870821ebf99e - - default default] Successfully bumped revision number for resource d207c440-ab3b-42fa-b47b-009f6b840710 (type: security_group_rules) to 0 [pid: 7|app: 0|req: 863/1660] 10.0.0.174 () {32 vars in 774 bytes} [Wed Jul 22 23:22:12 2026] GET /v2.0/security-groups?tenant_id=d331743b6dc7493ba3792f48879d8deb&name=default => generated 2925 bytes in 176 msecs (HTTP/1.1 200) 4 headers in 158 bytes (1 switches on core 0)
2026-07-22 23:22:12.763 8 INFO neutron.plugins.ml2.drivers.ovn.mech_driver.mech_driver [None req-294f20ba-2fd6-473e-a046-955f7e4793b8 - - - - - -] OVN reports status up for port: 4405c850-020b-47a3-9d6b-87548a8f004a
2026-07-22 23:22:12.792 8 INFO neutron.plugins.ml2.plugin [None req-294f20ba-2fd6-473e-a046-955f7e4793b8 - - - - - -] Attempt 1 to provision port 4405c850-020b-47a3-9d6b-87548a8f004a
2026-07-22 23:22:12.883 7 INFO neutron.db.ovn_revision_numbers_db [None req-9c63a914-a840-4962-8ca2-c20045463627 cf1c82d8d3294e7e91f2f54e26eb2581 c63551da3d284caeb2adf7ff0f5ef50c - - default default] Successfully bumped revision number for resource 0c892a57-9f8c-4d4a-8525-09417bfc86bf (type: security_group_rules) to 0 [pid: 7|app: 0|req: 864/1661] 10.0.0.174 () {34 vars in 695 bytes} [Wed Jul 22 23:22:12 2026] POST /v2.0/security-group-rules => generated 596 bytes in 281 msecs (HTTP/1.1 201) 4 headers in 162 bytes (1 switches on core 0)
2026-07-22 23:22:12.935 8 WARNING neutron.scheduler.dhcp_agent_scheduler [None req-dd1c2004-04aa-41d4-8de3-4f92d597c7b3 c95ff0c07ce843aaa861ea5f0a1d918b 2657075a9a494cbdb53808820130cf37 - - default default] No more DHCP agents
2026-07-22 23:22:12.936 8 WARNING neutron.api.rpc.agentnotifiers.dhcp_rpc_agent_api [None req-dd1c2004-04aa-41d4-8de3-4f92d597c7b3 c95ff0c07ce843aaa861ea5f0a1d918b 2657075a9a494cbdb53808820130cf37 - - default default] Unable to schedule network 87b7479b-8db4-4c9a-8575-958334feb0f5: no agents available; will retry on subsequent port and subnet creation events. [pid: 7|app: 0|req: 865/1662] 10.0.0.174 () {32 vars in 740 bytes} [Wed Jul 22 23:22:12 2026] DELETE /v2.0/security-groups/8fec92d7-a0c7-42ca-b7e9-1cab6629b316 => generated 0 bytes in 254 msecs (HTTP/1.1 204) 2 headers in 112 bytes (1 switches on core 0)
2026-07-22 23:22:13.400 7 INFO neutron.db.ovn_revision_numbers_db [None req-c30acef0-6e74-4bf4-9f1a-d78d3d74fdbe cf1c82d8d3294e7e91f2f54e26eb2581 c63551da3d284caeb2adf7ff0f5ef50c - - default default] Successfully bumped revision number for resource 490aa93b-9168-478e-b77c-d7c6cbec8b6b (type: security_group_rules) to 0 [pid: 7|app: 0|req: 866/1663] 10.0.0.174 () {34 vars in 695 bytes} [Wed Jul 22 23:22:13 2026] POST /v2.0/security-group-rules => generated 602 bytes in 266 msecs (HTTP/1.1 201) 4 headers in 162 bytes (1 switches on core 0)
2026-07-22 23:22:13.495 8 INFO neutron.db.ovn_revision_numbers_db [None req-dd1c2004-04aa-41d4-8de3-4f92d597c7b3 c95ff0c07ce843aaa861ea5f0a1d918b 2657075a9a494cbdb53808820130cf37 - - default default] Successfully bumped revision number for resource 4405c850-020b-47a3-9d6b-87548a8f004a (type: router_ports) to 1 [pid: 8|app: 0|req: 798/1664] 10.0.0.174 () {34 vars in 783 bytes} [Wed Jul 22 23:22:11 2026] PUT /v2.0/routers/8f2e5de1-407c-47a9-86fb-b2ba1ee3d920/add_router_interface => generated 309 bytes in 1969 msecs (HTTP/1.1 200) 4 headers in 157 bytes (1 switches on core 0)
2026-07-22 23:22:13.584 8 INFO neutron.db.ovn_revision_numbers_db [None req-294f20ba-2fd6-473e-a046-955f7e4793b8 - - - - - -] Successfully bumped revision number for resource 4405c850-020b-47a3-9d6b-87548a8f004a (type: ports) to 2
2026-07-22 23:22:13.628 7 INFO neutron.db.ovn_revision_numbers_db [None req-01b88836-5771-48a8-aa64-92fd94e7ea9c cf1c82d8d3294e7e91f2f54e26eb2581 c63551da3d284caeb2adf7ff0f5ef50c - - default default] Successfully bumped revision number for resource da2c5538-fadb-4f5f-b8d3-fa4d83741316 (type: security_group_rules) to 0 [pid: 7|app: 0|req: 867/1665] 10.0.0.174 () {34 vars in 695 bytes} [Wed Jul 22 23:22:13 2026] POST /v2.0/security-group-rules => generated 601 bytes in 202 msecs (HTTP/1.1 201) 4 headers in 162 bytes (1 switches on core 0) [pid: 8|app: 0|req: 799/1666] 10.0.0.174 () {32 vars in 717 bytes} [Wed Jul 22 23:22:13 2026] GET /v2.0/ports/4405c850-020b-47a3-9d6b-87548a8f004a => generated 955 bytes in 153 msecs (HTTP/1.1 200) 4 headers in 157 bytes (1 switches on core 0) [pid: 8|app: 0|req: 800/1667] 10.0.0.65 () {30 vars in 649 bytes} [Wed Jul 22 23:22:13 2026] GET /v2.0/extensions => generated 20118 bytes in 15 msecs (HTTP/1.1 200) 4 headers in 159 bytes (1 switches on core 0)
2026-07-22 23:22:13.735 7 INFO neutron.db.securitygroups_db [None req-08dd567c-0259-47b2-befa-4ffc6696b11f cf1c82d8d3294e7e91f2f54e26eb2581 c63551da3d284caeb2adf7ff0f5ef50c - - default default] Project c63551da3d284caeb2adf7ff0f5ef50c added a security group rule with legacy IPv6 ICMP protocol name icmp, ipv6-icmp should be used instead. It was automatically converted. [pid: 8|app: 0|req: 801/1668] 10.0.0.174 () {32 vars in 717 bytes} [Wed Jul 22 23:22:13 2026] GET /v2.0/ports/4405c850-020b-47a3-9d6b-87548a8f004a => generated 955 bytes in 78 msecs (HTTP/1.1 200) 4 headers in 157 bytes (1 switches on core 0)
2026-07-22 23:22:13.813 8 INFO neutron.db.ovn_revision_numbers_db [None req-a18a45ce-f669-46bb-83d0-07da5da405e1 - - - - - -] Successfully bumped revision number for resource 4405c850-020b-47a3-9d6b-87548a8f004a (type: router_ports) to 2
2026-07-22 23:22:13.877 7 INFO neutron.db.ovn_revision_numbers_db [None req-08dd567c-0259-47b2-befa-4ffc6696b11f cf1c82d8d3294e7e91f2f54e26eb2581 c63551da3d284caeb2adf7ff0f5ef50c - - default default] Successfully bumped revision number for resource 2016781b-8f0c-4868-b231-47d70b575362 (type: security_group_rules) to 0 [pid: 7|app: 0|req: 868/1669] 10.0.0.174 () {34 vars in 695 bytes} [Wed Jul 22 23:22:13 2026] POST /v2.0/security-group-rules => generated 607 bytes in 233 msecs (HTTP/1.1 201) 4 headers in 162 bytes (1 switches on core 0) [pid: 8|app: 0|req: 802/1670] 10.0.0.65 () {30 vars in 723 bytes} [Wed Jul 22 23:22:13 2026] GET /v2.0/quotas/00ca8b2aaf7a499d8f2bb9c65379ff6f/details => generated 847 bytes in 172 msecs (HTTP/1.1 200) 4 headers in 157 bytes (1 switches on core 0)
2026-07-22 23:22:13.994 8 INFO neutron.db.securitygroups_db [None req-cea964f0-3901-40b8-8e94-b8c6697f5b62 cf1c82d8d3294e7e91f2f54e26eb2581 c63551da3d284caeb2adf7ff0f5ef50c - - default default] Project c63551da3d284caeb2adf7ff0f5ef50c added a security group rule with legacy IPv6 ICMP protocol name icmp, ipv6-icmp should be used instead. It was automatically converted.
2026-07-22 23:22:14.105 8 INFO neutron.db.ovn_revision_numbers_db [None req-cea964f0-3901-40b8-8e94-b8c6697f5b62 cf1c82d8d3294e7e91f2f54e26eb2581 c63551da3d284caeb2adf7ff0f5ef50c - - default default] Successfully bumped revision number for resource 97f2ef32-41e1-4c43-947e-27f6969b5a34 (type: security_group_rules) to 0 [pid: 8|app: 0|req: 803/1671] 10.0.0.174 () {34 vars in 695 bytes} [Wed Jul 22 23:22:13 2026] POST /v2.0/security-group-rules => generated 606 bytes in 194 msecs (HTTP/1.1 201) 4 headers in 162 bytes (1 switches on core 0)
2026-07-22 23:22:14.225 7 INFO neutron_taas.services.taas.taas_plugin [None req-3eb19391-f911-4eb9-833b-1a216cd03fa0 c95ff0c07ce843aaa861ea5f0a1d918b 2657075a9a494cbdb53808820130cf37 - - default default] TaaS: Handle Delete Port: 4405c850-020b-47a3-9d6b-87548a8f004a
2026-07-22 23:22:14.229 7 INFO neutron_taas.services.taas.tap_mirror_plugin [None req-3eb19391-f911-4eb9-833b-1a216cd03fa0 c95ff0c07ce843aaa861ea5f0a1d918b 2657075a9a494cbdb53808820130cf37 - - default default] Tap Mirror: Handle Delete Port: 4405c850-020b-47a3-9d6b-87548a8f004a [pid: 7|app: 0|req: 869/1672] 10.0.0.174 () {34 vars in 789 bytes} [Wed Jul 22 23:22:13 2026] PUT /v2.0/routers/8f2e5de1-407c-47a9-86fb-b2ba1ee3d920/remove_router_interface => generated 309 bytes in 612 msecs (HTTP/1.1 200) 4 headers in 157 bytes (1 switches on core 0) [pid: 8|app: 0|req: 804/1673] 10.0.0.174 () {32 vars in 717 bytes} [Wed Jul 22 23:22:14 2026] GET /v2.0/ports/f5f368f1-0cb2-41da-98ef-c68665f5e8af => generated 947 bytes in 40 msecs (HTTP/1.1 200) 4 headers in 157 bytes (1 switches on core 0)
2026-07-22 23:22:14.837 8 INFO neutron_taas.services.taas.taas_plugin [None req-710f652c-a192-4986-bcdf-8aaa0382d183 c95ff0c07ce843aaa861ea5f0a1d918b 2657075a9a494cbdb53808820130cf37 - - default default] TaaS: Handle Delete Port: f5f368f1-0cb2-41da-98ef-c68665f5e8af
2026-07-22 23:22:14.839 8 INFO neutron_taas.services.taas.tap_mirror_plugin [None req-710f652c-a192-4986-bcdf-8aaa0382d183 c95ff0c07ce843aaa861ea5f0a1d918b 2657075a9a494cbdb53808820130cf37 - - default default] Tap Mirror: Handle Delete Port: f5f368f1-0cb2-41da-98ef-c68665f5e8af /var/lib/openstack/lib/python3.12/site-packages/pycadf/identifier.py:70: UserWarning: Invalid uuid: neutron. To ensure interoperability, identifiers should be a valid uuid. warnings.warn(('Invalid uuid: %s. To ensure interoperability, ' [pid: 7|app: 0|req: 870/1674] 10.0.0.174 () {32 vars in 649 bytes} [Wed Jul 22 23:22:14 2026] GET /v2.0/networks => generated 1298 bytes in 357 msecs (HTTP/1.1 200) 4 headers in 158 bytes (1 switches on core 0) [pid: 7|app: 0|req: 871/1675] 10.0.0.20 () {34 vars in 1099 bytes} [Wed Jul 22 23:22:15 2026] GET /v2.0/security-groups?name=tempest-secgroup-smoke-1979660180&fields=id&tenant_id=c63551da3d284caeb2adf7ff0f5ef50c => generated 69 bytes in 44 msecs (HTTP/1.1 200) 4 headers in 156 bytes (1 switches on core 0) [pid: 8|app: 0|req: 805/1676] 10.0.0.174 () {34 vars in 789 bytes} [Wed Jul 22 23:22:14 2026] PUT /v2.0/routers/8f2e5de1-407c-47a9-86fb-b2ba1ee3d920/remove_router_interface => generated 309 bytes in 561 msecs (HTTP/1.1 200) 4 headers in 157 bytes (1 switches on core 0) /var/lib/openstack/lib/python3.12/site-packages/pycadf/identifier.py:70: UserWarning: Invalid uuid: neutron. To ensure interoperability, identifiers should be a valid uuid. warnings.warn(('Invalid uuid: %s. To ensure interoperability, ' [pid: 7|app: 0|req: 872/1677] 10.0.0.20 () {34 vars in 981 bytes} [Wed Jul 22 23:22:15 2026] GET /v2.0/networks?id=0a8008d1-bbf4-477f-a523-b57f0a60f761 => generated 661 bytes in 61 msecs (HTTP/1.1 200) 4 headers in 157 bytes (1 switches on core 0) [pid: 8|app: 0|req: 806/1678] 10.0.0.174 () {32 vars in 736 bytes} [Wed Jul 22 23:22:15 2026] GET /v2.0/ports?device_id=8f2e5de1-407c-47a9-86fb-b2ba1ee3d920 => generated 12 bytes in 29 msecs (HTTP/1.1 200) 4 headers in 156 bytes (1 switches on core 0) [pid: 7|app: 0|req: 873/1679] 10.0.0.20 () {34 vars in 964 bytes} [Wed Jul 22 23:22:15 2026] GET /v2.0/quotas/c63551da3d284caeb2adf7ff0f5ef50c => generated 292 bytes in 28 msecs (HTTP/1.1 200) 4 headers in 157 bytes (1 switches on core 0) [pid: 7|app: 0|req: 874/1680] 10.0.0.20 () {34 vars in 1001 bytes} [Wed Jul 22 23:22:15 2026] GET /v2.0/ports?tenant_id=c63551da3d284caeb2adf7ff0f5ef50c&fields=id => generated 103 bytes in 71 msecs (HTTP/1.1 200) 4 headers in 157 bytes (1 switches on core 0) [pid: 7|app: 0|req: 875/1681] 10.0.0.20 () {34 vars in 1007 bytes} [Wed Jul 22 23:22:15 2026] GET /v2.0/networks/0a8008d1-bbf4-477f-a523-b57f0a60f761?fields=segments => generated 14 bytes in 74 msecs (HTTP/1.1 200) 4 headers in 156 bytes (1 switches on core 0) [pid: 7|app: 0|req: 876/1682] 10.0.0.20 () {34 vars in 1107 bytes} [Wed Jul 22 23:22:15 2026] GET /v2.0/networks/0a8008d1-bbf4-477f-a523-b57f0a60f761?fields=provider%3Aphysical_network&fields=provider%3Anetwork_type => generated 79 bytes in 56 msecs (HTTP/1.1 200) 4 headers in 156 bytes (1 switches on core 0) [pid: 8|app: 0|req: 807/1683] 10.0.0.174 () {32 vars in 724 bytes} [Wed Jul 22 23:22:15 2026] DELETE /v2.0/routers/8f2e5de1-407c-47a9-86fb-b2ba1ee3d920 => generated 0 bytes in 311 msecs (HTTP/1.1 204) 2 headers in 112 bytes (1 switches on core 0) [pid: 7|app: 0|req: 877/1684] 10.0.0.174 () {32 vars in 724 bytes} [Wed Jul 22 23:22:15 2026] DELETE /v2.0/subnets/a14ef1cc-2555-4d20-b118-32844fae438e => generated 0 bytes in 135 msecs (HTTP/1.1 204) 3 headers in 131 bytes (1 switches on core 0) [pid: 8|app: 0|req: 808/1685] 10.0.0.20 () {34 vars in 989 bytes} [Wed Jul 22 23:22:15 2026] GET /v2.0/ports?device_id=000ab9bd-e279-42d6-8301-36c3de25438c => generated 12 bytes in 32 msecs (HTTP/1.1 200) 4 headers in 156 bytes (1 switches on core 0) [pid: 7|app: 0|req: 878/1686] 10.0.0.174 () {32 vars in 724 bytes} [Wed Jul 22 23:22:15 2026] DELETE /v2.0/subnets/a69155a5-ddc3-4fe9-848f-722a3fd94b2a => generated 0 bytes in 129 msecs (HTTP/1.1 204) 3 headers in 131 bytes (1 switches on core 0)
2026-07-22 23:22:15.935 8 INFO neutron_taas.services.taas.taas_plugin [None req-338dbcbb-9442-467d-95c2-33ed87658073 c95ff0c07ce843aaa861ea5f0a1d918b 2657075a9a494cbdb53808820130cf37 - - default default] TaaS: Handle Delete Port: 6209072f-2f64-495b-8a35-8ea8fbda6af0
2026-07-22 23:22:15.946 8 INFO neutron_taas.services.taas.tap_mirror_plugin [None req-338dbcbb-9442-467d-95c2-33ed87658073 c95ff0c07ce843aaa861ea5f0a1d918b 2657075a9a494cbdb53808820130cf37 - - default default] Tap Mirror: Handle Delete Port: 6209072f-2f64-495b-8a35-8ea8fbda6af0
2026-07-22 23:22:16.189 8 INFO neutron.services.segments.plugin [-] Segment c0bb0d0a-6a2a-4496-a684-6b8552605477 resource provider aggregate not found
2026-07-22 23:22:16.196 8 INFO neutron.services.segments.plugin [-] Segment c0bb0d0a-6a2a-4496-a684-6b8552605477 resource provider aggregate not found
2026-07-22 23:22:16.211 8 INFO neutron.services.segments.plugin [-] Client error retrieving segment c0bb0d0a-6a2a-4496-a684-6b8552605477 resource provider; error: Placement Client Error (4xx): {"errors": [{"status": 404, "title": "Not Found", "detail": "The resource could not be found.\n\n No resource provider with uuid c0bb0d0a-6a2a-4496-a684-6b8552605477 found for delete ", "request_id": "req-a83c0ad9-95de-4888-a6b5-3fc6fa1c65d9"}]}
