2026-07-22 23:24:42.046 7 INFO neutron.services.segments.plugin [-] Client error retrieving segment b5ba7fd1-0734-4776-8a78-2f0df8f5e931 resource provider; error: Placement Client Error (4xx): {"errors": [{"status": 404, "title": "Not Found", "detail": "The resource could not be found.\n\n No resource provider with uuid b5ba7fd1-0734-4776-8a78-2f0df8f5e931 found for delete ", "request_id": "req-cb069bbf-b01e-4b92-9c87-eed97f709c5a"}]} [pid: 7|app: 0|req: 1430/2738] 10.0.0.174 () {32 vars in 726 bytes} [Wed Jul 22 23:24:41 2026] DELETE /v2.0/networks/2fabf373-f684-4fb1-b4f4-532d4aa8f301 => generated 0 bytes in 379 msecs (HTTP/1.1 204) 3 headers in 131 bytes (1 switches on core 0)
2026-07-22 23:24:42.097 8 WARNING neutron.scheduler.dhcp_agent_scheduler [None req-f422f789-7c9f-4388-b6d5-031dfb993d92 f0250d8ce075472f9b7a5f611cf9e22d 2eedd2a89a9e4ffa95d505d49f234eb3 - - default default] No more DHCP agents
2026-07-22 23:24:42.099 8 WARNING neutron.api.rpc.agentnotifiers.dhcp_rpc_agent_api [None req-f422f789-7c9f-4388-b6d5-031dfb993d92 f0250d8ce075472f9b7a5f611cf9e22d 2eedd2a89a9e4ffa95d505d49f234eb3 - - default default] Unable to schedule network f992af2e-e987-450e-8dc8-d833c5c52149: no agents available; will retry on subsequent port and subnet creation events.
2026-07-22 23:24:42.218 7 INFO neutron_taas.services.taas.taas_plugin [None req-3cc6e645-b01e-453c-80d7-18d9a70ef88c 06794e82762e4d4dbe94fa5b3a9cc0f6 d17d2b2ef2de4d57b1d678b8844828c4 - - default default] TaaS: Handle Delete Port: ef3b7c30-a172-4630-9978-187b39c5de31
2026-07-22 23:24:42.222 7 INFO neutron_taas.services.taas.tap_mirror_plugin [None req-3cc6e645-b01e-453c-80d7-18d9a70ef88c 06794e82762e4d4dbe94fa5b3a9cc0f6 d17d2b2ef2de4d57b1d678b8844828c4 - - default default] Tap Mirror: Handle Delete Port: ef3b7c30-a172-4630-9978-187b39c5de31 [pid: 7|app: 0|req: 1431/2739] 10.0.0.174 () {32 vars in 720 bytes} [Wed Jul 22 23:24:42 2026] DELETE /v2.0/ports/ef3b7c30-a172-4630-9978-187b39c5de31 => generated 0 bytes in 290 msecs (HTTP/1.1 204) 3 headers in 131 bytes (1 switches on core 0)
2026-07-22 23:24:42.448 7 INFO neutron_taas.services.taas.taas_plugin [None req-314602e0-8164-42a8-aacf-7112a844ce98 dd92cd7d1f98475d8a30ec18d37890b8 2d09ac48da824ef8a7caf7f9e397b70a - - default default] TaaS: Handle Delete Port: 7df8c1d6-d2ea-491b-bc82-a023a6520684
2026-07-22 23:24:42.450 7 INFO neutron_taas.services.taas.tap_mirror_plugin [None req-314602e0-8164-42a8-aacf-7112a844ce98 dd92cd7d1f98475d8a30ec18d37890b8 2d09ac48da824ef8a7caf7f9e397b70a - - default default] Tap Mirror: Handle Delete Port: 7df8c1d6-d2ea-491b-bc82-a023a6520684
2026-07-22 23:24:42.597 8 INFO neutron.db.ovn_revision_numbers_db [None req-bd3181aa-0112-4edf-be3c-3f5abe082054 - - - - - -] Successfully bumped revision number for resource 5ead7f40-9623-4743-9fe4-c4c154a84be7 (type: ports) to 2
2026-07-22 23:24:42.643 8 INFO neutron.db.ovn_revision_numbers_db [None req-bd3181aa-0112-4edf-be3c-3f5abe082054 - - - - - -] Successfully bumped revision number for resource ea37254b-4809-40e7-b375-b3ae7f55e002 (type: subnets) to 0 [pid: 8|app: 0|req: 1309/2740] 10.0.0.174 () {34 vars in 669 bytes} [Wed Jul 22 23:24:41 2026] POST /v2.0/subnets => generated 655 bytes in 786 msecs (HTTP/1.1 201) 4 headers in 162 bytes (1 switches on core 0) [pid: 7|app: 0|req: 1432/2741] 10.0.0.174 () {32 vars in 726 bytes} [Wed Jul 22 23:24:42 2026] DELETE /v2.0/networks/939bedf4-e9d1-4a5f-9284-e561304d9f5d => generated 0 bytes in 339 msecs (HTTP/1.1 204) 3 headers in 131 bytes (1 switches on core 0)
2026-07-22 23:24:42.802 8 INFO neutron_taas.services.taas.taas_plugin [None req-c275ef13-fcc3-48b8-9f45-ad22fc0414fa 06794e82762e4d4dbe94fa5b3a9cc0f6 d17d2b2ef2de4d57b1d678b8844828c4 - - default default] TaaS: Handle Delete Port: cca0713b-f347-4b6e-92b7-ac702b1205f6
2026-07-22 23:24:42.807 8 INFO neutron_taas.services.taas.tap_mirror_plugin [None req-c275ef13-fcc3-48b8-9f45-ad22fc0414fa 06794e82762e4d4dbe94fa5b3a9cc0f6 d17d2b2ef2de4d57b1d678b8844828c4 - - default default] Tap Mirror: Handle Delete Port: cca0713b-f347-4b6e-92b7-ac702b1205f6 [pid: 8|app: 0|req: 1310/2742] 10.0.0.174 () {32 vars in 720 bytes} [Wed Jul 22 23:24:42 2026] DELETE /v2.0/ports/cca0713b-f347-4b6e-92b7-ac702b1205f6 => generated 0 bytes in 274 msecs (HTTP/1.1 204) 3 headers in 131 bytes (1 switches on core 0)
2026-07-22 23:24:42.952 7 WARNING neutron.scheduler.dhcp_agent_scheduler [None req-35e19c95-ea3e-4f51-9ff1-10b1e8b7a672 f0250d8ce075472f9b7a5f611cf9e22d 2eedd2a89a9e4ffa95d505d49f234eb3 - - default default] No more DHCP agents
2026-07-22 23:24:42.954 7 WARNING neutron.api.rpc.agentnotifiers.dhcp_rpc_agent_api [None req-35e19c95-ea3e-4f51-9ff1-10b1e8b7a672 f0250d8ce075472f9b7a5f611cf9e22d 2eedd2a89a9e4ffa95d505d49f234eb3 - - default default] Unable to schedule network f992af2e-e987-450e-8dc8-d833c5c52149: no agents available; will retry on subsequent port and subnet creation events.
2026-07-22 23:24:42.983 7 INFO neutron.db.ovn_revision_numbers_db [None req-35e19c95-ea3e-4f51-9ff1-10b1e8b7a672 f0250d8ce075472f9b7a5f611cf9e22d 2eedd2a89a9e4ffa95d505d49f234eb3 - - default default] Successfully bumped revision number for resource bf4d1bd7-1f08-4e58-a02d-dcd6f5c20e71 (type: subnets) to 0 [pid: 7|app: 0|req: 1433/2743] 10.0.0.174 () {34 vars in 669 bytes} [Wed Jul 22 23:24:42 2026] POST /v2.0/subnets => generated 730 bytes in 316 msecs (HTTP/1.1 201) 4 headers in 162 bytes (1 switches on core 0)
2026-07-22 23:24:43.080 8 INFO neutron_taas.services.taas.taas_plugin [None req-a39f80f5-49a3-48bf-944a-9a1ef75d284b dd92cd7d1f98475d8a30ec18d37890b8 2d09ac48da824ef8a7caf7f9e397b70a - - default default] TaaS: Handle Delete Port: 5a3aae11-2f55-4203-a15e-59849577e4c9
2026-07-22 23:24:43.083 8 INFO neutron_taas.services.taas.tap_mirror_plugin [None req-a39f80f5-49a3-48bf-944a-9a1ef75d284b dd92cd7d1f98475d8a30ec18d37890b8 2d09ac48da824ef8a7caf7f9e397b70a - - default default] Tap Mirror: Handle Delete Port: 5a3aae11-2f55-4203-a15e-59849577e4c9
2026-07-22 23:24:43.126 7 INFO neutron_taas.services.taas.taas_plugin [None req-02411b3e-2f0a-4769-9227-e1e55c24952a 06794e82762e4d4dbe94fa5b3a9cc0f6 d17d2b2ef2de4d57b1d678b8844828c4 - - default default] TaaS: Handle Delete Port: 3a1c637d-7a31-4756-89ae-48eb4e88b995
2026-07-22 23:24:43.129 7 INFO neutron_taas.services.taas.tap_mirror_plugin [None req-02411b3e-2f0a-4769-9227-e1e55c24952a 06794e82762e4d4dbe94fa5b3a9cc0f6 d17d2b2ef2de4d57b1d678b8844828c4 - - default default] Tap Mirror: Handle Delete Port: 3a1c637d-7a31-4756-89ae-48eb4e88b995 [pid: 8|app: 0|req: 1311/2744] 10.0.0.174 () {32 vars in 726 bytes} [Wed Jul 22 23:24:42 2026] DELETE /v2.0/networks/8be9d127-c48a-4e7c-8feb-9b175bda5406 => generated 0 bytes in 394 msecs (HTTP/1.1 204) 3 headers in 131 bytes (1 switches on core 0) [pid: 7|app: 0|req: 1434/2745] 10.0.0.174 () {32 vars in 726 bytes} [Wed Jul 22 23:24:43 2026] DELETE /v2.0/networks/8c851204-6a7d-43b3-970c-5ebd69d41240 => generated 0 bytes in 376 msecs (HTTP/1.1 204) 3 headers in 131 bytes (1 switches on core 0)
2026-07-22 23:24:43.529 7 INFO neutron_taas.services.taas.taas_plugin [None req-e36a0d43-d83d-4281-aaf5-7b4829a89b9f dd92cd7d1f98475d8a30ec18d37890b8 2d09ac48da824ef8a7caf7f9e397b70a - - default default] TaaS: Handle Delete Port: 0a94f7ed-4042-4c5c-bfb4-1b310b2a12dd
2026-07-22 23:24:43.532 7 INFO neutron_taas.services.taas.tap_mirror_plugin [None req-e36a0d43-d83d-4281-aaf5-7b4829a89b9f dd92cd7d1f98475d8a30ec18d37890b8 2d09ac48da824ef8a7caf7f9e397b70a - - default default] Tap Mirror: Handle Delete Port: 0a94f7ed-4042-4c5c-bfb4-1b310b2a12dd
2026-07-22 23:24:43.537 8 INFO neutron.services.segments.plugin [-] Segment a8702900-b896-4448-a100-46cab3e942c8 resource provider aggregate not found
2026-07-22 23:24:43.539 8 INFO neutron.services.segments.plugin [-] Segment a8702900-b896-4448-a100-46cab3e942c8 resource provider aggregate not found
2026-07-22 23:24:43.558 8 INFO neutron.services.segments.plugin [-] Client error retrieving segment a8702900-b896-4448-a100-46cab3e942c8 resource provider; error: Placement Client Error (4xx): {"errors": [{"status": 404, "title": "Not Found", "detail": "The resource could not be found.\n\n No resource provider with uuid a8702900-b896-4448-a100-46cab3e942c8 found for delete ", "request_id": "req-a6de3af1-287b-4fe7-8336-7be3750e2504"}]}
2026-07-22 23:24:43.559 8 INFO neutron.services.segments.plugin [-] Client error retrieving segment a8702900-b896-4448-a100-46cab3e942c8 resource provider; error: Placement Client Error (4xx): {"errors": [{"status": 404, "title": "Not Found", "detail": "The resource could not be found.\n\n No resource provider with uuid a8702900-b896-4448-a100-46cab3e942c8 found for delete ", "request_id": "req-84ccc2b2-cab6-4435-ba7e-08c3fc12f8eb"}]} [pid: 7|app: 0|req: 1435/2746] 10.0.0.174 () {32 vars in 726 bytes} [Wed Jul 22 23:24:43 2026] DELETE /v2.0/networks/1ea0f3b1-eaa6-4cbc-b133-77651d22cb36 => generated 0 bytes in 377 msecs (HTTP/1.1 204) 3 headers in 131 bytes (1 switches on core 0)
2026-07-22 23:24:43.843 8 WARNING neutron.scheduler.dhcp_agent_scheduler [None req-5ea24cfd-380b-45ba-95d2-4361063e6fb1 f0250d8ce075472f9b7a5f611cf9e22d 2eedd2a89a9e4ffa95d505d49f234eb3 - - default default] No more DHCP agents
2026-07-22 23:24:43.846 8 WARNING neutron.api.rpc.agentnotifiers.dhcp_rpc_agent_api [None req-5ea24cfd-380b-45ba-95d2-4361063e6fb1 f0250d8ce075472f9b7a5f611cf9e22d 2eedd2a89a9e4ffa95d505d49f234eb3 - - default default] Unable to schedule network db8c019c-2b9f-4820-9c1e-b885c9a2fe92: no agents available; will retry on subsequent port and subnet creation events.
2026-07-22 23:24:43.903 7 INFO neutron_taas.services.taas.taas_plugin [None req-e0ce8315-acf9-4f52-90d8-a9310c804d8a 06794e82762e4d4dbe94fa5b3a9cc0f6 d17d2b2ef2de4d57b1d678b8844828c4 - - default default] TaaS: Handle Delete Port: ca7982bd-c4c6-474a-b575-3c4cb3b115b7
2026-07-22 23:24:43.906 7 INFO neutron_taas.services.taas.tap_mirror_plugin [None req-e0ce8315-acf9-4f52-90d8-a9310c804d8a 06794e82762e4d4dbe94fa5b3a9cc0f6 d17d2b2ef2de4d57b1d678b8844828c4 - - default default] Tap Mirror: Handle Delete Port: ca7982bd-c4c6-474a-b575-3c4cb3b115b7
2026-07-22 23:24:43.989 8 INFO neutron.plugins.ml2.drivers.ovn.mech_driver.mech_driver [None req-bb16289f-a3f6-4e2f-b221-5bd5aea23580 - - - - - -] OVN reports status down for port: ad0a2987-b40a-4ee2-9509-2c2a7e6196d5
2026-07-22 23:24:44.068 7 INFO neutron.services.segments.plugin [-] Segment 747bfd02-7353-4045-ad92-9e30d98b587b resource provider aggregate not found
2026-07-22 23:24:44.070 8 INFO neutron.db.ovn_revision_numbers_db [None req-5ea24cfd-380b-45ba-95d2-4361063e6fb1 f0250d8ce075472f9b7a5f611cf9e22d 2eedd2a89a9e4ffa95d505d49f234eb3 - - default default] Successfully bumped revision number for resource ad0a2987-b40a-4ee2-9509-2c2a7e6196d5 (type: ports) to 1
2026-07-22 23:24:44.075 7 INFO neutron.services.segments.plugin [-] Segment 747bfd02-7353-4045-ad92-9e30d98b587b resource provider aggregate not found
2026-07-22 23:24:44.094 7 INFO neutron.services.segments.plugin [-] Client error retrieving segment 747bfd02-7353-4045-ad92-9e30d98b587b resource provider; error: Placement Client Error (4xx): {"errors": [{"status": 404, "title": "Not Found", "detail": "The resource could not be found.\n\n No resource provider with uuid 747bfd02-7353-4045-ad92-9e30d98b587b found for delete ", "request_id": "req-640d1c5f-9e4b-440d-a161-c30a2d633895"}]}
2026-07-22 23:24:44.101 7 INFO neutron.services.segments.plugin [-] Client error retrieving segment 747bfd02-7353-4045-ad92-9e30d98b587b resource provider; error: Placement Client Error (4xx): {"errors": [{"status": 404, "title": "Not Found", "detail": "The resource could not be found.\n\n No resource provider with uuid 747bfd02-7353-4045-ad92-9e30d98b587b found for delete ", "request_id": "req-26d0c720-57fe-4194-af30-e67fcb67131e"}]}
2026-07-22 23:24:44.118 7 INFO neutron.services.segments.plugin [-] Segment 3f20b02e-961c-4d0b-a930-e887a8894502 resource provider aggregate not found
2026-07-22 23:24:44.123 7 INFO neutron.services.segments.plugin [-] Segment 3f20b02e-961c-4d0b-a930-e887a8894502 resource provider aggregate not found
2026-07-22 23:24:44.139 7 INFO neutron.services.segments.plugin [-] Client error retrieving segment 3f20b02e-961c-4d0b-a930-e887a8894502 resource provider; error: Placement Client Error (4xx): {"errors": [{"status": 404, "title": "Not Found", "detail": "The resource could not be found.\n\n No resource provider with uuid 3f20b02e-961c-4d0b-a930-e887a8894502 found for delete ", "request_id": "req-5f6f2ae0-4e03-4a56-88e8-b63dd79927ff"}]}
2026-07-22 23:24:44.141 7 INFO neutron.services.segments.plugin [-] Client error retrieving segment 3f20b02e-961c-4d0b-a930-e887a8894502 resource provider; error: Placement Client Error (4xx): {"errors": [{"status": 404, "title": "Not Found", "detail": "The resource could not be found.\n\n No resource provider with uuid 3f20b02e-961c-4d0b-a930-e887a8894502 found for delete ", "request_id": "req-25b55a48-1856-4b14-a3cf-41e83321d3a9"}]}
2026-07-22 23:24:44.159 7 INFO neutron.services.segments.plugin [-] Segment caa87530-90dd-4450-8eb1-5f9fbbb119ba resource provider aggregate not found
2026-07-22 23:24:44.165 7 INFO neutron.services.segments.plugin [-] Segment caa87530-90dd-4450-8eb1-5f9fbbb119ba resource provider aggregate not found [pid: 7|app: 0|req: 1436/2747] 10.0.0.174 () {32 vars in 726 bytes} [Wed Jul 22 23:24:43 2026] DELETE /v2.0/networks/02667704-9c3f-4815-bb6e-160433439b1b => generated 0 bytes in 423 msecs (HTTP/1.1 204) 3 headers in 131 bytes (1 switches on core 0)
2026-07-22 23:24:44.183 7 INFO neutron.services.segments.plugin [-] Client error retrieving segment caa87530-90dd-4450-8eb1-5f9fbbb119ba resource provider; error: Placement Client Error (4xx): {"errors": [{"status": 404, "title": "Not Found", "detail": "The resource could not be found.\n\n No resource provider with uuid caa87530-90dd-4450-8eb1-5f9fbbb119ba found for delete ", "request_id": "req-04ef7a29-931a-4b4a-9489-9bb271d23d7d"}]}
2026-07-22 23:24:44.192 7 INFO neutron.services.segments.plugin [-] Client error retrieving segment caa87530-90dd-4450-8eb1-5f9fbbb119ba resource provider; error: Placement Client Error (4xx): {"errors": [{"status": 404, "title": "Not Found", "detail": "The resource could not be found.\n\n No resource provider with uuid caa87530-90dd-4450-8eb1-5f9fbbb119ba found for delete ", "request_id": "req-a740d567-41cd-47fa-af3e-9ff5e769884a"}]}
2026-07-22 23:24:44.309 7 INFO neutron_taas.services.taas.taas_plugin [None req-ce209c1b-4ea5-4afc-874b-8aa99e0135e1 06794e82762e4d4dbe94fa5b3a9cc0f6 d17d2b2ef2de4d57b1d678b8844828c4 - - default default] TaaS: Handle Delete Port: 3b867fcc-d1d4-48d8-8224-1a445a963cc6
2026-07-22 23:24:44.312 7 INFO neutron_taas.services.taas.tap_mirror_plugin [None req-ce209c1b-4ea5-4afc-874b-8aa99e0135e1 06794e82762e4d4dbe94fa5b3a9cc0f6 d17d2b2ef2de4d57b1d678b8844828c4 - - default default] Tap Mirror: Handle Delete Port: 3b867fcc-d1d4-48d8-8224-1a445a963cc6 [pid: 7|app: 0|req: 1437/2748] 10.0.0.174 () {32 vars in 726 bytes} [Wed Jul 22 23:24:44 2026] DELETE /v2.0/networks/64a62437-b005-4c13-a40a-785963bf9b31 => generated 0 bytes in 408 msecs (HTTP/1.1 204) 3 headers in 131 bytes (1 switches on core 0)
2026-07-22 23:24:44.717 7 INFO neutron_taas.services.taas.taas_plugin [None req-b7d1f71c-6191-466a-a50e-038cb3dd7791 06794e82762e4d4dbe94fa5b3a9cc0f6 d17d2b2ef2de4d57b1d678b8844828c4 - - default default] TaaS: Handle Delete Port: b325dd29-2f2e-4869-aa19-50839337baf6
2026-07-22 23:24:44.719 7 INFO neutron_taas.services.taas.tap_mirror_plugin [None req-b7d1f71c-6191-466a-a50e-038cb3dd7791 06794e82762e4d4dbe94fa5b3a9cc0f6 d17d2b2ef2de4d57b1d678b8844828c4 - - default default] Tap Mirror: Handle Delete Port: b325dd29-2f2e-4869-aa19-50839337baf6
2026-07-22 23:24:44.771 8 INFO neutron.plugins.ml2.drivers.ovn.mech_driver.ovsdb.commands [None req-87ccce19-6352-441a-9dcf-f10ecc83b643 - - - - - -] Schedule LRP lrp-ad0a2987-b40a-4ee2-9509-2c2a7e6196d5 on gateway 9fdb5634-bef2-4329-bf01-0f2324b17680 with priority 1
2026-07-22 23:24:44.802 8 INFO neutron.plugins.ml2.drivers.ovn.mech_driver.mech_driver [None req-bb16289f-a3f6-4e2f-b221-5bd5aea23580 - - - - - -] OVN reports status up for port: ad0a2987-b40a-4ee2-9509-2c2a7e6196d5
2026-07-22 23:24:44.827 8 INFO neutron.plugins.ml2.plugin [None req-bb16289f-a3f6-4e2f-b221-5bd5aea23580 - - - - - -] Attempt 1 to provision port ad0a2987-b40a-4ee2-9509-2c2a7e6196d5
2026-07-22 23:24:44.849 7 INFO neutron.plugins.ml2.drivers.ovn.mech_driver.ovsdb.ovsdb_monitor [None req-44388604-4a7c-4906-ba23-5a8ff1057159 - - - - - -] Router 4bc3fa50-2ef4-4d1f-be8b-6aa5f494bddb is bound to host instance
2026-07-22 23:24:44.867 8 INFO neutron.db.ovn_revision_numbers_db [None req-5ea24cfd-380b-45ba-95d2-4361063e6fb1 f0250d8ce075472f9b7a5f611cf9e22d 2eedd2a89a9e4ffa95d505d49f234eb3 - - default default] Successfully bumped revision number for resource ad0a2987-b40a-4ee2-9509-2c2a7e6196d5 (type: router_ports) to 1
2026-07-22 23:24:44.990 8 INFO neutron.db.ovn_revision_numbers_db [None req-5ea24cfd-380b-45ba-95d2-4361063e6fb1 f0250d8ce075472f9b7a5f611cf9e22d 2eedd2a89a9e4ffa95d505d49f234eb3 - - default default] Successfully bumped revision number for resource 4bc3fa50-2ef4-4d1f-be8b-6aa5f494bddb (type: routers) to 2 [pid: 8|app: 0|req: 1312/2749] 10.0.0.174 () {34 vars in 669 bytes} [Wed Jul 22 23:24:43 2026] POST /v2.0/routers => generated 944 bytes in 1672 msecs (HTTP/1.1 201) 4 headers in 162 bytes (1 switches on core 0) [pid: 7|app: 0|req: 1438/2750] 10.0.0.174 () {32 vars in 726 bytes} [Wed Jul 22 23:24:44 2026] DELETE /v2.0/networks/76ee9ddd-53ca-48c1-bef3-98eac5c57c7a => generated 0 bytes in 564 msecs (HTTP/1.1 204) 3 headers in 131 bytes (1 switches on core 0)
2026-07-22 23:24:45.297 8 INFO neutron.db.ovn_revision_numbers_db [None req-f1ed1db2-17a8-49eb-9e77-218a831d493c 2210d8a6e9da4726a3394244a532f190 c3db8c879ee14f55b3dd870821ebf99e - - default default] Successfully bumped revision number for resource 0b189608-8a9f-42e5-b4a7-35c5388d4c2c (type: security_groups) to 1
2026-07-22 23:24:45.308 8 INFO neutron.db.ovn_revision_numbers_db [None req-f1ed1db2-17a8-49eb-9e77-218a831d493c 2210d8a6e9da4726a3394244a532f190 c3db8c879ee14f55b3dd870821ebf99e - - default default] Successfully bumped revision number for resource 682e8c31-6f83-4915-9c35-75ed9afec023 (type: security_group_rules) to 0
2026-07-22 23:24:45.325 8 INFO neutron.db.ovn_revision_numbers_db [None req-f1ed1db2-17a8-49eb-9e77-218a831d493c 2210d8a6e9da4726a3394244a532f190 c3db8c879ee14f55b3dd870821ebf99e - - default default] Successfully bumped revision number for resource 8680eb21-9f54-4703-8cc1-c44b676cac7d (type: security_group_rules) to 0
2026-07-22 23:24:45.343 8 INFO neutron.db.ovn_revision_numbers_db [None req-f1ed1db2-17a8-49eb-9e77-218a831d493c 2210d8a6e9da4726a3394244a532f190 c3db8c879ee14f55b3dd870821ebf99e - - default default] Successfully bumped revision number for resource b5405423-bcb9-4fcf-92e3-4c626a2af823 (type: security_group_rules) to 0
2026-07-22 23:24:45.361 8 INFO neutron.db.ovn_revision_numbers_db [None req-f1ed1db2-17a8-49eb-9e77-218a831d493c 2210d8a6e9da4726a3394244a532f190 c3db8c879ee14f55b3dd870821ebf99e - - default default] Successfully bumped revision number for resource f3dafdcc-7358-4f85-91b4-40c7ab50bee5 (type: security_group_rules) to 0 [pid: 8|app: 0|req: 1313/2751] 10.0.0.174 () {32 vars in 774 bytes} [Wed Jul 22 23:24:45 2026] GET /v2.0/security-groups?tenant_id=4dd8b7efab57415791bf156dfcb806d4&name=default => generated 2929 bytes in 395 msecs (HTTP/1.1 200) 4 headers in 158 bytes (1 switches on core 0)
2026-07-22 23:24:45.533 8 INFO neutron_taas.services.taas.taas_plugin [None req-66a53ab5-db5a-4eb8-a351-b15b31e2fc1c 06794e82762e4d4dbe94fa5b3a9cc0f6 d17d2b2ef2de4d57b1d678b8844828c4 - - default default] TaaS: Handle Delete Port: ef76bfee-9e66-4378-80be-7848da9a2fa2
2026-07-22 23:24:45.536 8 INFO neutron_taas.services.taas.tap_mirror_plugin [None req-66a53ab5-db5a-4eb8-a351-b15b31e2fc1c 06794e82762e4d4dbe94fa5b3a9cc0f6 d17d2b2ef2de4d57b1d678b8844828c4 - - default default] Tap Mirror: Handle Delete Port: ef76bfee-9e66-4378-80be-7848da9a2fa2
2026-07-22 23:24:45.742 8 INFO neutron.services.segments.plugin [-] Segment 8ea7ed1a-ae3c-42c1-8ef4-4083af8d2b69 resource provider aggregate not found
2026-07-22 23:24:45.749 8 INFO neutron.services.segments.plugin [-] Segment 8ea7ed1a-ae3c-42c1-8ef4-4083af8d2b69 resource provider aggregate not found
2026-07-22 23:24:45.765 8 INFO neutron.services.segments.plugin [-] Client error retrieving segment 8ea7ed1a-ae3c-42c1-8ef4-4083af8d2b69 resource provider; error: Placement Client Error (4xx): {"errors": [{"status": 404, "title": "Not Found", "detail": "The resource could not be found.\n\n No resource provider with uuid 8ea7ed1a-ae3c-42c1-8ef4-4083af8d2b69 found for delete ", "request_id": "req-72624d31-7335-4944-add2-38d02876cb92"}]}
2026-07-22 23:24:45.774 8 INFO neutron.services.segments.plugin [-] Client error retrieving segment 8ea7ed1a-ae3c-42c1-8ef4-4083af8d2b69 resource provider; error: Placement Client Error (4xx): {"errors": [{"status": 404, "title": "Not Found", "detail": "The resource could not be found.\n\n No resource provider with uuid 8ea7ed1a-ae3c-42c1-8ef4-4083af8d2b69 found for delete ", "request_id": "req-21ac7241-54d7-4deb-acf5-fb6438d1e758"}]} [pid: 8|app: 0|req: 1314/2752] 10.0.0.174 () {32 vars in 726 bytes} [Wed Jul 22 23:24:45 2026] DELETE /v2.0/networks/0f50562e-5dc8-42a4-bccc-a523df1806c1 => generated 0 bytes in 404 msecs (HTTP/1.1 204) 3 headers in 131 bytes (1 switches on core 0) [pid: 8|app: 0|req: 1315/2753] 10.0.0.174 () {32 vars in 740 bytes} [Wed Jul 22 23:24:45 2026] DELETE /v2.0/security-groups/0b189608-8a9f-42e5-b4a7-35c5388d4c2c => generated 0 bytes in 237 msecs (HTTP/1.1 204) 2 headers in 112 bytes (1 switches on core 0) [pid: 8|app: 0|req: 1316/2754] 10.0.0.174 () {32 vars in 774 bytes} [Wed Jul 22 23:24:46 2026] GET /v2.0/security-groups?tenant_id=2d09ac48da824ef8a7caf7f9e397b70a&name=default => generated 2929 bytes in 27 msecs (HTTP/1.1 200) 4 headers in 158 bytes (1 switches on core 0)
2026-07-22 23:24:46.214 7 INFO neutron.services.segments.plugin [-] Segment 6ca73617-19cc-49a4-be79-5b64e38cfe91 resource provider aggregate not found
2026-07-22 23:24:46.217 7 INFO neutron.services.segments.plugin [-] Segment 6ca73617-19cc-49a4-be79-5b64e38cfe91 resource provider aggregate not found
2026-07-22 23:24:46.233 7 INFO neutron.services.segments.plugin [-] Client error retrieving segment 6ca73617-19cc-49a4-be79-5b64e38cfe91 resource provider; error: Placement Client Error (4xx): {"errors": [{"status": 404, "title": "Not Found", "detail": "The resource could not be found.\n\n No resource provider with uuid 6ca73617-19cc-49a4-be79-5b64e38cfe91 found for delete ", "request_id": "req-5baa3bf6-764a-4cdd-aded-91097985baf9"}]}
2026-07-22 23:24:46.240 7 INFO neutron.services.segments.plugin [-] Client error retrieving segment 6ca73617-19cc-49a4-be79-5b64e38cfe91 resource provider; error: Placement Client Error (4xx): {"errors": [{"status": 404, "title": "Not Found", "detail": "The resource could not be found.\n\n No resource provider with uuid 6ca73617-19cc-49a4-be79-5b64e38cfe91 found for delete ", "request_id": "req-d8dcb568-68e5-416a-9fa4-b4d7ca940dc4"}]}
2026-07-22 23:24:46.269 7 INFO neutron.services.segments.plugin [-] Segment f3e727c0-1dac-4d84-9d2d-eda2f657dfab resource provider aggregate not found
2026-07-22 23:24:46.271 7 INFO neutron.services.segments.plugin [-] Segment f3e727c0-1dac-4d84-9d2d-eda2f657dfab resource provider aggregate not found
2026-07-22 23:24:46.293 7 INFO neutron.services.segments.plugin [-] Client error retrieving segment f3e727c0-1dac-4d84-9d2d-eda2f657dfab resource provider; error: Placement Client Error (4xx): {"errors": [{"status": 404, "title": "Not Found", "detail": "The resource could not be found.\n\n No resource provider with uuid f3e727c0-1dac-4d84-9d2d-eda2f657dfab found for delete ", "request_id": "req-86949d24-2ff5-4b76-88bb-a71a74737a5c"}]}
2026-07-22 23:24:46.300 7 INFO neutron.services.segments.plugin [-] Client error retrieving segment f3e727c0-1dac-4d84-9d2d-eda2f657dfab resource provider; error: Placement Client Error (4xx): {"errors": [{"status": 404, "title": "Not Found", "detail": "The resource could not be found.\n\n No resource provider with uuid f3e727c0-1dac-4d84-9d2d-eda2f657dfab found for delete ", "request_id": "req-4a8be2e1-1ada-401a-a124-b11f03ad47ed"}]}
2026-07-22 23:24:46.327 7 INFO neutron.services.segments.plugin [-] Segment a6750e1b-0394-4495-87b9-4cf941e2aa2b resource provider aggregate not found
2026-07-22 23:24:46.332 7 INFO neutron.services.segments.plugin [-] Segment a6750e1b-0394-4495-87b9-4cf941e2aa2b resource provider aggregate not found
2026-07-22 23:24:46.350 7 INFO neutron.services.segments.plugin [-] Client error retrieving segment a6750e1b-0394-4495-87b9-4cf941e2aa2b resource provider; error: Placement Client Error (4xx): {"errors": [{"status": 404, "title": "Not Found", "detail": "The resource could not be found.\n\n No resource provider with uuid a6750e1b-0394-4495-87b9-4cf941e2aa2b found for delete ", "request_id": "req-25eb6ed3-4724-49b2-8b31-930420b72acc"}]}
2026-07-22 23:24:46.358 7 INFO neutron.services.segments.plugin [-] Client error retrieving segment a6750e1b-0394-4495-87b9-4cf941e2aa2b resource provider; error: Placement Client Error (4xx): {"errors": [{"status": 404, "title": "Not Found", "detail": "The resource could not be found.\n\n No resource provider with uuid a6750e1b-0394-4495-87b9-4cf941e2aa2b found for delete ", "request_id": "req-75f27155-a409-48e4-9c96-fa47605acb67"}]}
2026-07-22 23:24:46.361 7 WARNING neutron.scheduler.dhcp_agent_scheduler [None req-f0b06bb0-7b6e-4ad7-ab66-15d19be12c8b f0250d8ce075472f9b7a5f611cf9e22d 2eedd2a89a9e4ffa95d505d49f234eb3 - - default default] No more DHCP agents
2026-07-22 23:24:46.364 7 WARNING neutron.api.rpc.agentnotifiers.dhcp_rpc_agent_api [None req-f0b06bb0-7b6e-4ad7-ab66-15d19be12c8b f0250d8ce075472f9b7a5f611cf9e22d 2eedd2a89a9e4ffa95d505d49f234eb3 - - default default] Unable to schedule network 79bff688-2892-47de-8122-506a4b7a88b4: no agents available; will retry on subsequent port and subnet creation events. [pid: 8|app: 0|req: 1317/2755] 10.0.0.174 () {32 vars in 740 bytes} [Wed Jul 22 23:24:46 2026] DELETE /v2.0/security-groups/c1060dc2-aead-4420-9c06-7ee0f44e2b6a => generated 0 bytes in 277 msecs (HTTP/1.1 204) 2 headers in 112 bytes (1 switches on core 0)
2026-07-22 23:24:46.648 7 INFO neutron.db.ovn_revision_numbers_db [None req-f0b06bb0-7b6e-4ad7-ab66-15d19be12c8b f0250d8ce075472f9b7a5f611cf9e22d 2eedd2a89a9e4ffa95d505d49f234eb3 - - default default] Successfully bumped revision number for resource edccbb0d-0532-451d-8502-d523e75474eb (type: ports) to 1 [pid: 8|app: 0|req: 1318/2756] 10.0.0.174 () {32 vars in 774 bytes} [Wed Jul 22 23:24:46 2026] GET /v2.0/security-groups?tenant_id=d17d2b2ef2de4d57b1d678b8844828c4&name=default => generated 2929 bytes in 124 msecs (HTTP/1.1 200) 4 headers in 158 bytes (1 switches on core 0)
2026-07-22 23:24:46.814 8 INFO neutron.db.ovn_revision_numbers_db [None req-3a760362-8ef7-406b-86f6-6a68df2fd7c5 2210d8a6e9da4726a3394244a532f190 c3db8c879ee14f55b3dd870821ebf99e - - default default] Successfully bumped revision number for resource 195732e8-bd7e-4d7b-ba88-37f336420203 (type: security_groups) to 1
2026-07-22 23:24:46.829 8 INFO neutron.db.ovn_revision_numbers_db [None req-3a760362-8ef7-406b-86f6-6a68df2fd7c5 2210d8a6e9da4726a3394244a532f190 c3db8c879ee14f55b3dd870821ebf99e - - default default] Successfully bumped revision number for resource 5a00920b-0520-4e1e-8647-dbe8a83885c2 (type: security_group_rules) to 0
2026-07-22 23:24:46.830 7 INFO neutron.db.ovn_revision_numbers_db [None req-23a1fbc6-8bae-4e2e-a5a1-02be2f5e70ef - - - - - -] Successfully bumped revision number for resource ad0a2987-b40a-4ee2-9509-2c2a7e6196d5 (type: ports) to 4
2026-07-22 23:24:46.841 8 INFO neutron.db.ovn_revision_numbers_db [None req-3a760362-8ef7-406b-86f6-6a68df2fd7c5 2210d8a6e9da4726a3394244a532f190 c3db8c879ee14f55b3dd870821ebf99e - - default default] Successfully bumped revision number for resource 68dd6547-f207-4c7b-bbf2-55ce23b9884e (type: security_group_rules) to 0
2026-07-22 23:24:46.853 8 INFO neutron.db.ovn_revision_numbers_db [None req-3a760362-8ef7-406b-86f6-6a68df2fd7c5 2210d8a6e9da4726a3394244a532f190 c3db8c879ee14f55b3dd870821ebf99e - - default default] Successfully bumped revision number for resource 73c53a97-6bf5-445b-a320-d0260ae0764b (type: security_group_rules) to 0
2026-07-22 23:24:46.882 8 INFO neutron.db.ovn_revision_numbers_db [None req-3a760362-8ef7-406b-86f6-6a68df2fd7c5 2210d8a6e9da4726a3394244a532f190 c3db8c879ee14f55b3dd870821ebf99e - - default default] Successfully bumped revision number for resource f0bc83f3-9b7a-4be5-a326-ed4c93be5092 (type: security_group_rules) to 0 [pid: 8|app: 0|req: 1319/2757] 10.0.0.174 () {32 vars in 774 bytes} [Wed Jul 22 23:24:46 2026] GET /v2.0/security-groups?tenant_id=0253295e42734f45a5a337d4e67cda5b&name=default => generated 2929 bytes in 264 msecs (HTTP/1.1 200) 4 headers in 158 bytes (1 switches on core 0) [pid: 8|app: 0|req: 1320/2758] 10.0.0.174 () {32 vars in 740 bytes} [Wed Jul 22 23:24:46 2026] DELETE /v2.0/security-groups/57da9b81-25ae-4b60-8697-1dbceb8b333a => generated 0 bytes in 239 msecs (HTTP/1.1 204) 2 headers in 112 bytes (1 switches on core 0) [pid: 8|app: 0|req: 1321/2759] 10.0.0.174 () {32 vars in 740 bytes} [Wed Jul 22 23:24:47 2026] DELETE /v2.0/security-groups/195732e8-bd7e-4d7b-ba88-37f336420203 => generated 0 bytes in 276 msecs (HTTP/1.1 204) 2 headers in 112 bytes (1 switches on core 0)
2026-07-22 23:24:47.482 7 INFO neutron.db.ovn_revision_numbers_db [None req-23a1fbc6-8bae-4e2e-a5a1-02be2f5e70ef - - - - - -] Successfully bumped revision number for resource ad0a2987-b40a-4ee2-9509-2c2a7e6196d5 (type: ports) to 5
2026-07-22 23:24:47.571 8 INFO neutron.db.ovn_revision_numbers_db [None req-43b70cf1-2cb5-43e2-a674-697893dc9c4f 2210d8a6e9da4726a3394244a532f190 c3db8c879ee14f55b3dd870821ebf99e - - default default] Successfully bumped revision number for resource 95f67ca8-6911-4f14-af59-cbd50f2c00d0 (type: security_groups) to 1
2026-07-22 23:24:47.583 8 INFO neutron.db.ovn_revision_numbers_db [None req-43b70cf1-2cb5-43e2-a674-697893dc9c4f 2210d8a6e9da4726a3394244a532f190 c3db8c879ee14f55b3dd870821ebf99e - - default default] Successfully bumped revision number for resource 15fe8223-ff08-4b42-8f83-681aff80bbce (type: security_group_rules) to 0
2026-07-22 23:24:47.598 8 INFO neutron.db.ovn_revision_numbers_db [None req-43b70cf1-2cb5-43e2-a674-697893dc9c4f 2210d8a6e9da4726a3394244a532f190 c3db8c879ee14f55b3dd870821ebf99e - - default default] Successfully bumped revision number for resource 79c4642d-2fb6-4275-8e91-bdf856756924 (type: security_group_rules) to 0
2026-07-22 23:24:47.609 8 INFO neutron.db.ovn_revision_numbers_db [None req-43b70cf1-2cb5-43e2-a674-697893dc9c4f 2210d8a6e9da4726a3394244a532f190 c3db8c879ee14f55b3dd870821ebf99e - - default default] Successfully bumped revision number for resource 94faaf5a-6855-4fa2-bef5-768564ca833a (type: security_group_rules) to 0
2026-07-22 23:24:47.621 8 INFO neutron.db.ovn_revision_numbers_db [None req-43b70cf1-2cb5-43e2-a674-697893dc9c4f 2210d8a6e9da4726a3394244a532f190 c3db8c879ee14f55b3dd870821ebf99e - - default default] Successfully bumped revision number for resource e4b36891-e92b-4ec8-b8ad-415f1dfd3fd3 (type: security_group_rules) to 0 [pid: 8|app: 0|req: 1322/2760] 10.0.0.174 () {32 vars in 774 bytes} [Wed Jul 22 23:24:47 2026] GET /v2.0/security-groups?tenant_id=8c7c8e1272834546be899e16eb72ce4e&name=default => generated 2929 bytes in 223 msecs (HTTP/1.1 200) 4 headers in 158 bytes (1 switches on core 0)
2026-07-22 23:24:47.759 8 INFO neutron.plugins.ml2.drivers.ovn.mech_driver.mech_driver [None req-bb16289f-a3f6-4e2f-b221-5bd5aea23580 - - - - - -] OVN reports status down for port: edccbb0d-0532-451d-8502-d523e75474eb
2026-07-22 23:24:47.943 8 INFO neutron.plugins.ml2.drivers.ovn.mech_driver.mech_driver [None req-bb16289f-a3f6-4e2f-b221-5bd5aea23580 - - - - - -] OVN reports status up for port: edccbb0d-0532-451d-8502-d523e75474eb
2026-07-22 23:24:47.968 8 INFO neutron.plugins.ml2.plugin [None req-bb16289f-a3f6-4e2f-b221-5bd5aea23580 - - - - - -] Attempt 1 to provision port edccbb0d-0532-451d-8502-d523e75474eb
2026-07-22 23:24:47.988 7 WARNING neutron.scheduler.dhcp_agent_scheduler [None req-f0b06bb0-7b6e-4ad7-ab66-15d19be12c8b f0250d8ce075472f9b7a5f611cf9e22d 2eedd2a89a9e4ffa95d505d49f234eb3 - - default default] No more DHCP agents
2026-07-22 23:24:47.990 7 WARNING neutron.api.rpc.agentnotifiers.dhcp_rpc_agent_api [None req-f0b06bb0-7b6e-4ad7-ab66-15d19be12c8b f0250d8ce075472f9b7a5f611cf9e22d 2eedd2a89a9e4ffa95d505d49f234eb3 - - default default] Unable to schedule network 79bff688-2892-47de-8122-506a4b7a88b4: no agents available; will retry on subsequent port and subnet creation events. [pid: 8|app: 0|req: 1323/2761] 10.0.0.174 () {32 vars in 740 bytes} [Wed Jul 22 23:24:47 2026] DELETE /v2.0/security-groups/95f67ca8-6911-4f14-af59-cbd50f2c00d0 => generated 0 bytes in 423 msecs (HTTP/1.1 204) 2 headers in 112 bytes (1 switches on core 0)
2026-07-22 23:24:48.406 7 INFO neutron.db.ovn_revision_numbers_db [None req-f0b06bb0-7b6e-4ad7-ab66-15d19be12c8b f0250d8ce075472f9b7a5f611cf9e22d 2eedd2a89a9e4ffa95d505d49f234eb3 - - default default] Successfully bumped revision number for resource edccbb0d-0532-451d-8502-d523e75474eb (type: router_ports) to 1 [pid: 7|app: 0|req: 1439/2762] 10.0.0.174 () {34 vars in 783 bytes} [Wed Jul 22 23:24:45 2026] PUT /v2.0/routers/4bc3fa50-2ef4-4d1f-be8b-6aa5f494bddb/add_router_interface => generated 309 bytes in 3248 msecs (HTTP/1.1 200) 4 headers in 157 bytes (1 switches on core 0)
2026-07-22 23:24:48.505 8 INFO neutron.db.ovn_revision_numbers_db [None req-6de660db-0ef5-4fdc-9855-4e952a954de8 2210d8a6e9da4726a3394244a532f190 c3db8c879ee14f55b3dd870821ebf99e - - default default] Successfully bumped revision number for resource 4dc81962-e591-444a-9b4b-5f60863670bd (type: security_groups) to 1
2026-07-22 23:24:48.540 8 INFO neutron.db.ovn_revision_numbers_db [None req-6de660db-0ef5-4fdc-9855-4e952a954de8 2210d8a6e9da4726a3394244a532f190 c3db8c879ee14f55b3dd870821ebf99e - - default default] Successfully bumped revision number for resource 6a09b0e7-bf30-4cb0-8d08-105564cee84d (type: security_group_rules) to 0
2026-07-22 23:24:48.570 8 INFO neutron.db.ovn_revision_numbers_db [None req-6de660db-0ef5-4fdc-9855-4e952a954de8 2210d8a6e9da4726a3394244a532f190 c3db8c879ee14f55b3dd870821ebf99e - - default default] Successfully bumped revision number for resource a3e5d18f-7bfa-43d4-be20-24ddd2160c4d (type: security_group_rules) to 0
2026-07-22 23:24:48.590 8 INFO neutron.db.ovn_revision_numbers_db [None req-6de660db-0ef5-4fdc-9855-4e952a954de8 2210d8a6e9da4726a3394244a532f190 c3db8c879ee14f55b3dd870821ebf99e - - default default] Successfully bumped revision number for resource a87dac23-736d-4586-92a8-5ceb8161b9a3 (type: security_group_rules) to 0
2026-07-22 23:24:48.614 8 INFO neutron.db.ovn_revision_numbers_db [None req-6de660db-0ef5-4fdc-9855-4e952a954de8 2210d8a6e9da4726a3394244a532f190 c3db8c879ee14f55b3dd870821ebf99e - - default default] Successfully bumped revision number for resource fdfbae9d-8e51-4892-864b-48a2a4bcccab (type: security_group_rules) to 0
2026-07-22 23:24:48.637 8 INFO neutron.db.ovn_revision_numbers_db [None req-bb16289f-a3f6-4e2f-b221-5bd5aea23580 - - - - - -] Successfully bumped revision number for resource edccbb0d-0532-451d-8502-d523e75474eb (type: ports) to 2 [pid: 8|app: 0|req: 1324/2763] 10.0.0.174 () {32 vars in 774 bytes} [Wed Jul 22 23:24:48 2026] GET /v2.0/security-groups?tenant_id=45b7ab69a4964c5cadcf340fcefed9f6&name=default => generated 2929 bytes in 473 msecs (HTTP/1.1 200) 4 headers in 158 bytes (1 switches on core 0)
2026-07-22 23:24:48.905 8 INFO neutron.db.ovn_revision_numbers_db [None req-bac8bfe4-a03b-4f3d-84e3-3a4f4fdef68d - - - - - -] Successfully bumped revision number for resource edccbb0d-0532-451d-8502-d523e75474eb (type: router_ports) to 2
2026-07-22 23:24:49.002 7 WARNING neutron.scheduler.dhcp_agent_scheduler [None req-a6450700-9270-40a7-8872-3670748d89d5 f0250d8ce075472f9b7a5f611cf9e22d 2eedd2a89a9e4ffa95d505d49f234eb3 - - default default] No more DHCP agents
2026-07-22 23:24:49.003 7 WARNING neutron.api.rpc.agentnotifiers.dhcp_rpc_agent_api [None req-a6450700-9270-40a7-8872-3670748d89d5 f0250d8ce075472f9b7a5f611cf9e22d 2eedd2a89a9e4ffa95d505d49f234eb3 - - default default] Unable to schedule network 5436c114-e75e-4aa5-acd3-9826acf71d1a: no agents available; will retry on subsequent port and subnet creation events. [pid: 8|app: 0|req: 1325/2764] 10.0.0.174 () {32 vars in 740 bytes} [Wed Jul 22 23:24:48 2026] DELETE /v2.0/security-groups/4dc81962-e591-444a-9b4b-5f60863670bd => generated 0 bytes in 334 msecs (HTTP/1.1 204) 2 headers in 112 bytes (1 switches on core 0)
2026-07-22 23:24:49.152 8 INFO neutron.plugins.ml2.drivers.ovn.mech_driver.mech_driver [None req-bac8bfe4-a03b-4f3d-84e3-3a4f4fdef68d - - - - - -] OVN reports status down for port: 9d337581-f6b4-419b-8543-b90773e1622d
2026-07-22 23:24:49.193 7 INFO neutron.db.ovn_revision_numbers_db [None req-a6450700-9270-40a7-8872-3670748d89d5 f0250d8ce075472f9b7a5f611cf9e22d 2eedd2a89a9e4ffa95d505d49f234eb3 - - default default] Successfully bumped revision number for resource 9d337581-f6b4-419b-8543-b90773e1622d (type: ports) to 1
2026-07-22 23:24:49.927 8 INFO neutron.plugins.ml2.drivers.ovn.mech_driver.mech_driver [None req-bac8bfe4-a03b-4f3d-84e3-3a4f4fdef68d - - - - - -] OVN reports status up for port: 9d337581-f6b4-419b-8543-b90773e1622d
2026-07-22 23:24:49.941 8 INFO neutron.plugins.ml2.plugin [None req-bac8bfe4-a03b-4f3d-84e3-3a4f4fdef68d - - - - - -] Attempt 1 to provision port 9d337581-f6b4-419b-8543-b90773e1622d
2026-07-22 23:24:50.007 7 WARNING neutron.scheduler.dhcp_agent_scheduler [None req-a6450700-9270-40a7-8872-3670748d89d5 f0250d8ce075472f9b7a5f611cf9e22d 2eedd2a89a9e4ffa95d505d49f234eb3 - - default default] No more DHCP agents
2026-07-22 23:24:50.009 7 WARNING neutron.api.rpc.agentnotifiers.dhcp_rpc_agent_api [None req-a6450700-9270-40a7-8872-3670748d89d5 f0250d8ce075472f9b7a5f611cf9e22d 2eedd2a89a9e4ffa95d505d49f234eb3 - - default default] Unable to schedule network 5436c114-e75e-4aa5-acd3-9826acf71d1a: no agents available; will retry on subsequent port and subnet creation events.
2026-07-22 23:24:50.268 8 INFO neutron.db.ovn_revision_numbers_db [None req-bac8bfe4-a03b-4f3d-84e3-3a4f4fdef68d - - - - - -] Successfully bumped revision number for resource 9d337581-f6b4-419b-8543-b90773e1622d (type: ports) to 2
2026-07-22 23:24:50.418 7 INFO neutron.db.ovn_revision_numbers_db [None req-a6450700-9270-40a7-8872-3670748d89d5 f0250d8ce075472f9b7a5f611cf9e22d 2eedd2a89a9e4ffa95d505d49f234eb3 - - default default] Successfully bumped revision number for resource 9d337581-f6b4-419b-8543-b90773e1622d (type: router_ports) to 1 [pid: 7|app: 0|req: 1440/2765] 10.0.0.174 () {34 vars in 783 bytes} [Wed Jul 22 23:24:48 2026] PUT /v2.0/routers/4bc3fa50-2ef4-4d1f-be8b-6aa5f494bddb/add_router_interface => generated 309 bytes in 2007 msecs (HTTP/1.1 200) 4 headers in 157 bytes (1 switches on core 0)
2026-07-22 23:24:50.628 8 INFO neutron.db.ovn_revision_numbers_db [None req-f7a941d6-647e-4311-be43-0b2a66273114 - - - - - -] Successfully bumped revision number for resource 9d337581-f6b4-419b-8543-b90773e1622d (type: router_ports) to 2
2026-07-22 23:24:51.043 8 WARNING neutron.scheduler.dhcp_agent_scheduler [None req-f21752a3-ab64-4753-b8ef-1bf0f23dcf52 f0250d8ce075472f9b7a5f611cf9e22d 2eedd2a89a9e4ffa95d505d49f234eb3 - - default default] No more DHCP agents
2026-07-22 23:24:51.044 8 WARNING neutron.api.rpc.agentnotifiers.dhcp_rpc_agent_api [None req-f21752a3-ab64-4753-b8ef-1bf0f23dcf52 f0250d8ce075472f9b7a5f611cf9e22d 2eedd2a89a9e4ffa95d505d49f234eb3 - - default default] Unable to schedule network f992af2e-e987-450e-8dc8-d833c5c52149: no agents available; will retry on subsequent port and subnet creation events.
2026-07-22 23:24:51.155 8 INFO neutron.plugins.ml2.drivers.ovn.mech_driver.mech_driver [None req-f7a941d6-647e-4311-be43-0b2a66273114 - - - - - -] OVN reports status down for port: 5b47c265-0b8c-4dd1-b4da-39e10cc85648
2026-07-22 23:24:51.199 8 INFO neutron.db.ovn_revision_numbers_db [None req-f21752a3-ab64-4753-b8ef-1bf0f23dcf52 f0250d8ce075472f9b7a5f611cf9e22d 2eedd2a89a9e4ffa95d505d49f234eb3 - - default default] Successfully bumped revision number for resource 5b47c265-0b8c-4dd1-b4da-39e10cc85648 (type: ports) to 1
2026-07-22 23:24:51.906 8 INFO neutron.plugins.ml2.drivers.ovn.mech_driver.mech_driver [None req-f7a941d6-647e-4311-be43-0b2a66273114 - - - - - -] OVN reports status up for port: 5b47c265-0b8c-4dd1-b4da-39e10cc85648
2026-07-22 23:24:51.932 8 INFO neutron.plugins.ml2.plugin [None req-f7a941d6-647e-4311-be43-0b2a66273114 - - - - - -] Attempt 1 to provision port 5b47c265-0b8c-4dd1-b4da-39e10cc85648 [pid: 7|app: 0|req: 1441/2766] 10.0.0.174 () {34 vars in 676 bytes} [Wed Jul 22 23:24:51 2026] POST /v2.0/subnetpools => generated 516 bytes in 241 msecs (HTTP/1.1 201) 4 headers in 162 bytes (1 switches on core 0)
2026-07-22 23:24:52.044 8 WARNING neutron.scheduler.dhcp_agent_scheduler [None req-f21752a3-ab64-4753-b8ef-1bf0f23dcf52 f0250d8ce075472f9b7a5f611cf9e22d 2eedd2a89a9e4ffa95d505d49f234eb3 - - default default] No more DHCP agents
2026-07-22 23:24:52.055 8 WARNING neutron.api.rpc.agentnotifiers.dhcp_rpc_agent_api [None req-f21752a3-ab64-4753-b8ef-1bf0f23dcf52 f0250d8ce075472f9b7a5f611cf9e22d 2eedd2a89a9e4ffa95d505d49f234eb3 - - default default] Unable to schedule network f992af2e-e987-450e-8dc8-d833c5c52149: no agents available; will retry on subsequent port and subnet creation events. [pid: 7|app: 0|req: 1442/2767] 10.0.0.174 () {34 vars in 676 bytes} [Wed Jul 22 23:24:52 2026] POST /v2.0/subnetpools => generated 516 bytes in 72 msecs (HTTP/1.1 201) 4 headers in 162 bytes (1 switches on core 0) [pid: 7|app: 0|req: 1443/2768] 10.0.0.174 () {34 vars in 676 bytes} [Wed Jul 22 23:24:52 2026] POST /v2.0/subnetpools => generated 516 bytes in 62 msecs (HTTP/1.1 201) 4 headers in 162 bytes (1 switches on core 0) [pid: 7|app: 0|req: 1444/2769] 10.0.0.174 () {34 vars in 676 bytes} [Wed Jul 22 23:24:52 2026] POST /v2.0/subnetpools => generated 516 bytes in 64 msecs (HTTP/1.1 201) 4 headers in 162 bytes (1 switches on core 0) [pid: 7|app: 0|req: 1445/2770] 10.0.0.174 () {34 vars in 676 bytes} [Wed Jul 22 23:24:52 2026] POST /v2.0/subnetpools => generated 516 bytes in 65 msecs (HTTP/1.1 201) 4 headers in 162 bytes (1 switches on core 0) [pid: 7|app: 0|req: 1446/2771] 10.0.0.174 () {34 vars in 759 bytes} [Wed Jul 22 23:24:52 2026] PUT /v2.0/subnetpools/5faa5649-e99d-42b9-a1f8-862d95364d00/tags => generated 17 bytes in 57 msecs (HTTP/1.1 200) 4 headers in 156 bytes (1 switches on core 0) [pid: 7|app: 0|req: 1447/2772] 10.0.0.174 () {34 vars in 759 bytes} [Wed Jul 22 23:24:52 2026] PUT /v2.0/subnetpools/582aafd0-b544-4825-9fe3-f1e6b021e4f4/tags => generated 25 bytes in 68 msecs (HTTP/1.1 200) 4 headers in 156 bytes (1 switches on core 0) [pid: 7|app: 0|req: 1448/2773] 10.0.0.174 () {34 vars in 759 bytes} [Wed Jul 22 23:24:52 2026] PUT /v2.0/subnetpools/639f0d42-48e1-426a-a55c-5873343217f8/tags => generated 34 bytes in 37 msecs (HTTP/1.1 200) 4 headers in 156 bytes (1 switches on core 0) [pid: 7|app: 0|req: 1449/2774] 10.0.0.174 () {34 vars in 759 bytes} [Wed Jul 22 23:24:52 2026] PUT /v2.0/subnetpools/7fc945c2-c8b5-4d16-a76b-f2a40a20d38d/tags => generated 19 bytes in 41 msecs (HTTP/1.1 200) 4 headers in 156 bytes (1 switches on core 0) [pid: 7|app: 0|req: 1450/2775] 10.0.0.174 () {32 vars in 672 bytes} [Wed Jul 22 23:24:52 2026] GET /v2.0/subnetpools?tags=red => generated 1563 bytes in 24 msecs (HTTP/1.1 200) 4 headers in 158 bytes (1 switches on core 0) [pid: 7|app: 0|req: 1453/2778] 10.0.0.174 () {32 vars in 686 bytes} [Wed Jul 22 23:24:52 2026] GET /v2.0/subnetpools?tags=red%2Cblue => generated 1056 bytes in 27 msecs (HTTP/1.1 200) 4 headers in 158 bytes (1 switches on core 0) [pid: 7|app: 0|req: 1454/2779] 10.0.0.174 () {32 vars in 682 bytes} [Wed Jul 22 23:24:52 2026] GET /v2.0/subnetpools?tags-any=blue => generated 1056 bytes in 41 msecs (HTTP/1.1 200) 4 headers in 158 bytes (1 switches on core 0) [pid: 7|app: 0|req: 1455/2780] 10.0.0.174 () {32 vars in 694 bytes} [Wed Jul 22 23:24:52 2026] GET /v2.0/subnetpools?tags-any=red%2Cblue => generated 1563 bytes in 51 msecs (HTTP/1.1 200) 4 headers in 158 bytes (1 switches on core 0)
2026-07-22 23:24:52.692 8 INFO neutron.db.ovn_revision_numbers_db [None req-f7a941d6-647e-4311-be43-0b2a66273114 - - - - - -] Successfully bumped revision number for resource 5b47c265-0b8c-4dd1-b4da-39e10cc85648 (type: ports) to 2 [pid: 7|app: 0|req: 1456/2781] 10.0.0.174 () {32 vars in 680 bytes} [Wed Jul 22 23:24:52 2026] GET /v2.0/subnetpools?not-tags=red => generated 1028 bytes in 23 msecs (HTTP/1.1 200) 4 headers in 158 bytes (1 switches on core 0) [pid: 7|app: 0|req: 1457/2782] 10.0.0.174 () {32 vars in 694 bytes} [Wed Jul 22 23:24:52 2026] GET /v2.0/subnetpools?not-tags=red%2Cblue => generated 1535 bytes in 35 msecs (HTTP/1.1 200) 4 headers in 158 bytes (1 switches on core 0) [pid: 7|app: 0|req: 1458/2783] 10.0.0.174 () {32 vars in 690 bytes} [Wed Jul 22 23:24:52 2026] GET /v2.0/subnetpools?not-tags-any=blue => generated 1535 bytes in 35 msecs (HTTP/1.1 200) 4 headers in 158 bytes (1 switches on core 0)
2026-07-22 23:24:52.807 8 INFO neutron.db.ovn_revision_numbers_db [None req-f21752a3-ab64-4753-b8ef-1bf0f23dcf52 f0250d8ce075472f9b7a5f611cf9e22d 2eedd2a89a9e4ffa95d505d49f234eb3 - - default default] Successfully bumped revision number for resource 5b47c265-0b8c-4dd1-b4da-39e10cc85648 (type: router_ports) to 1 [pid: 7|app: 0|req: 1459/2784] 10.0.0.174 () {32 vars in 702 bytes} [Wed Jul 22 23:24:52 2026] GET /v2.0/subnetpools?not-tags-any=red%2Cblue => generated 1028 bytes in 21 msecs (HTTP/1.1 200) 4 headers in 158 bytes (1 switches on core 0) [pid: 8|app: 0|req: 1326/2785] 10.0.0.174 () {34 vars in 783 bytes} [Wed Jul 22 23:24:50 2026] PUT /v2.0/routers/4bc3fa50-2ef4-4d1f-be8b-6aa5f494bddb/add_router_interface => generated 309 bytes in 2392 msecs (HTTP/1.1 200) 4 headers in 157 bytes (1 switches on core 0) [pid: 7|app: 0|req: 1460/2786] 10.0.0.174 () {32 vars in 732 bytes} [Wed Jul 22 23:24:52 2026] DELETE /v2.0/subnetpools/5faa5649-e99d-42b9-a1f8-862d95364d00 => generated 0 bytes in 63 msecs (HTTP/1.1 204) 2 headers in 112 bytes (1 switches on core 0)
2026-07-22 23:24:52.952 8 INFO neutron.db.ovn_revision_numbers_db [None req-980fbbd2-8790-45c6-bab3-ee030bc4ce1c - - - - - -] Successfully bumped revision number for resource 5b47c265-0b8c-4dd1-b4da-39e10cc85648 (type: router_ports) to 2 [pid: 8|app: 0|req: 1327/2787] 10.0.0.174 () {32 vars in 732 bytes} [Wed Jul 22 23:24:52 2026] DELETE /v2.0/subnetpools/582aafd0-b544-4825-9fe3-f1e6b021e4f4 => generated 0 bytes in 98 msecs (HTTP/1.1 204) 2 headers in 112 bytes (1 switches on core 0)
2026-07-22 23:24:53.039 7 INFO neutron.db.ovn_revision_numbers_db [None req-f33cbd7d-150d-4a9f-8e8c-8b607325d740 f0250d8ce075472f9b7a5f611cf9e22d 2eedd2a89a9e4ffa95d505d49f234eb3 - - default default] Successfully bumped revision number for resource ee5bfd06-d81c-44c2-8e82-d8d2a9a1340e (type: security_groups) to 1
2026-07-22 23:24:53.054 7 INFO neutron.db.ovn_revision_numbers_db [None req-f33cbd7d-150d-4a9f-8e8c-8b607325d740 f0250d8ce075472f9b7a5f611cf9e22d 2eedd2a89a9e4ffa95d505d49f234eb3 - - default default] Successfully bumped revision number for resource 835a0383-292a-4812-8984-5317c281367a (type: security_group_rules) to 0 [pid: 8|app: 0|req: 1328/2788] 10.0.0.174 () {32 vars in 732 bytes} [Wed Jul 22 23:24:52 2026] DELETE /v2.0/subnetpools/639f0d42-48e1-426a-a55c-5873343217f8 => generated 0 bytes in 73 msecs (HTTP/1.1 204) 2 headers in 112 bytes (1 switches on core 0)
2026-07-22 23:24:53.093 7 INFO neutron.db.ovn_revision_numbers_db [None req-f33cbd7d-150d-4a9f-8e8c-8b607325d740 f0250d8ce075472f9b7a5f611cf9e22d 2eedd2a89a9e4ffa95d505d49f234eb3 - - default default] Successfully bumped revision number for resource d5b06898-4205-4278-9607-9f0d93cfeb55 (type: security_group_rules) to 0 [pid: 8|app: 0|req: 1329/2789] 10.0.0.174 () {32 vars in 732 bytes} [Wed Jul 22 23:24:53 2026] DELETE /v2.0/subnetpools/7fc945c2-c8b5-4d16-a76b-f2a40a20d38d => generated 0 bytes in 52 msecs (HTTP/1.1 204) 2 headers in 112 bytes (1 switches on core 0) [pid: 7|app: 0|req: 1461/2790] 10.0.0.174 () {34 vars in 684 bytes} [Wed Jul 22 23:24:52 2026] POST /v2.0/security-groups => generated 1629 bytes in 258 msecs (HTTP/1.1 201) 4 headers in 163 bytes (1 switches on core 0) [pid: 8|app: 0|req: 1330/2791] 10.0.0.174 () {32 vars in 732 bytes} [Wed Jul 22 23:24:53 2026] DELETE /v2.0/subnetpools/e430f675-32c8-4b04-bffb-c3c9d124f3d3 => generated 0 bytes in 46 msecs (HTTP/1.1 204) 2 headers in 112 bytes (1 switches on core 0)
2026-07-22 23:24:53.310 7 INFO neutron.db.ovn_revision_numbers_db [None req-2901760c-383b-450a-a5f5-ad3f171a7b92 f0250d8ce075472f9b7a5f611cf9e22d 2eedd2a89a9e4ffa95d505d49f234eb3 - - default default] Successfully bumped revision number for resource b6d211c8-5293-421e-ac86-ee83b3ba577b (type: security_group_rules) to 0 [pid: 7|app: 0|req: 1462/2792] 10.0.0.174 () {34 vars in 695 bytes} [Wed Jul 22 23:24:53 2026] POST /v2.0/security-group-rules => generated 597 bytes in 203 msecs (HTTP/1.1 201) 4 headers in 162 bytes (1 switches on core 0)
