2026-07-22 23:23:56.447 7 INFO neutron.db.ovn_revision_numbers_db [None req-f0d98c6a-bacf-4d6a-b84d-3a52fa7da9cb 2210d8a6e9da4726a3394244a532f190 c3db8c879ee14f55b3dd870821ebf99e - - default default] Successfully bumped revision number for resource ace28c3b-2125-403b-86bc-06a260701c8f (type: security_group_rules) to 0 [pid: 7|app: 0|req: 1253/2399] 10.0.0.174 () {32 vars in 774 bytes} [Wed Jul 22 23:23:55 2026] GET /v2.0/security-groups?tenant_id=6b8efc2067ea4a869abbb0d22777a5af&name=default => generated 2925 bytes in 610 msecs (HTTP/1.1 200) 4 headers in 158 bytes (1 switches on core 0)
2026-07-22 23:23:56.578 8 INFO neutron.db.ovn_revision_numbers_db [None req-771f6820-29c5-4931-bc45-8147970e0b78 - - - - - -] Successfully bumped revision number for resource eb38a7ac-124c-4d3c-8088-a643868949d1 (type: ports) to 3
2026-07-22 23:23:56.750 7 INFO neutron.db.ovn_revision_numbers_db [None req-091d025d-778d-4b6f-bd9c-b5a07b4319f9 - - - - - -] Successfully bumped revision number for resource a7969b06-ba2c-4ed9-b31d-bdc019a1a09d (type: ports) to 2 [pid: 8|app: 0|req: 1147/2400] 10.0.0.174 () {34 vars in 685 bytes} [Wed Jul 22 23:23:52 2026] POST /v2.0/vpn/vpnservices => generated 458 bytes in 4275 msecs (HTTP/1.1 201) 4 headers in 162 bytes (1 switches on core 0)
2026-07-22 23:23:56.961 7 INFO neutron.db.ovn_revision_numbers_db [None req-265b6dae-eb22-469e-beca-242b5de45371 - - - - - -] Successfully bumped revision number for resource a7969b06-ba2c-4ed9-b31d-bdc019a1a09d (type: router_ports) to 2 [pid: 7|app: 0|req: 1254/2401] 10.0.0.174 () {32 vars in 740 bytes} [Wed Jul 22 23:23:56 2026] DELETE /v2.0/security-groups/c99ebdac-6062-455c-bbc5-e10a197dfef7 => generated 0 bytes in 424 msecs (HTTP/1.1 204) 2 headers in 112 bytes (1 switches on core 0) [pid: 8|app: 0|req: 1148/2402] 10.0.0.174 () {32 vars in 740 bytes} [Wed Jul 22 23:23:56 2026] DELETE /v2.0/security-groups/5b26455e-28e6-4d7a-8176-5e038a783596 => generated 0 bytes in 243 msecs (HTTP/1.1 204) 2 headers in 112 bytes (1 switches on core 0) [pid: 7|app: 0|req: 1255/2403] 10.0.0.174 () {32 vars in 663 bytes} [Wed Jul 22 23:23:56 2026] GET /v2.0/vpn/vpnservices => generated 1314 bytes in 45 msecs (HTTP/1.1 200) 4 headers in 158 bytes (1 switches on core 0) [pid: 7|app: 0|req: 1256/2404] 10.0.0.20 () {34 vars in 989 bytes} [Wed Jul 22 23:23:57 2026] GET /v2.0/ports?device_id=b9cabe45-d737-4a80-b9af-4ac42035937f => generated 12 bytes in 34 msecs (HTTP/1.1 200) 4 headers in 156 bytes (1 switches on core 0)
2026-07-22 23:23:57.280 7 INFO neutron.db.ovn_revision_numbers_db [None req-a9eb9c38-fbd4-4492-aabe-3df48e4135d6 2210d8a6e9da4726a3394244a532f190 c3db8c879ee14f55b3dd870821ebf99e - - default default] Successfully bumped revision number for resource 0c3f7ca1-0199-46fa-871f-289d59585513 (type: security_groups) to 1
2026-07-22 23:23:57.292 7 INFO neutron.db.ovn_revision_numbers_db [None req-a9eb9c38-fbd4-4492-aabe-3df48e4135d6 2210d8a6e9da4726a3394244a532f190 c3db8c879ee14f55b3dd870821ebf99e - - default default] Successfully bumped revision number for resource 5fc0d029-82d0-419a-965f-e6a28c5cdf12 (type: security_group_rules) to 0
2026-07-22 23:23:57.307 7 INFO neutron.db.ovn_revision_numbers_db [None req-a9eb9c38-fbd4-4492-aabe-3df48e4135d6 2210d8a6e9da4726a3394244a532f190 c3db8c879ee14f55b3dd870821ebf99e - - default default] Successfully bumped revision number for resource 62482f5a-e472-4710-9da0-1059f59e903e (type: security_group_rules) to 0
2026-07-22 23:23:57.322 7 INFO neutron.db.ovn_revision_numbers_db [None req-a9eb9c38-fbd4-4492-aabe-3df48e4135d6 2210d8a6e9da4726a3394244a532f190 c3db8c879ee14f55b3dd870821ebf99e - - default default] Successfully bumped revision number for resource cddef003-57f6-4cba-8dbd-f0a0d236b4b6 (type: security_group_rules) to 0
2026-07-22 23:23:57.337 7 INFO neutron.db.ovn_revision_numbers_db [None req-a9eb9c38-fbd4-4492-aabe-3df48e4135d6 2210d8a6e9da4726a3394244a532f190 c3db8c879ee14f55b3dd870821ebf99e - - default default] Successfully bumped revision number for resource fa96e38b-0a1d-478d-9bd1-066d67747c63 (type: security_group_rules) to 0
2026-07-22 23:23:57.338 8 INFO neutron_taas.services.taas.taas_plugin [None req-2a389a21-c70d-42c6-a68e-5490f8e4a0ad ea63ba26ad3643f6bd9f9955373979b6 2026deec22884917b208ea95cca57aed - - default default] TaaS: Handle Delete Port: e2e434f7-5985-471a-b82a-ff3bc85d8d93
2026-07-22 23:23:57.343 8 INFO neutron_taas.services.taas.tap_mirror_plugin [None req-2a389a21-c70d-42c6-a68e-5490f8e4a0ad ea63ba26ad3643f6bd9f9955373979b6 2026deec22884917b208ea95cca57aed - - default default] Tap Mirror: Handle Delete Port: e2e434f7-5985-471a-b82a-ff3bc85d8d93 [pid: 7|app: 0|req: 1257/2405] 10.0.0.174 () {32 vars in 774 bytes} [Wed Jul 22 23:23:57 2026] GET /v2.0/security-groups?tenant_id=dae2a31608a046c3bbce6cb52e961170&name=default => generated 2925 bytes in 230 msecs (HTTP/1.1 200) 4 headers in 158 bytes (1 switches on core 0)
2026-07-22 23:23:57.631 8 INFO neutron_taas.services.taas.taas_plugin [None req-cdd1c20d-a596-4784-9135-a1fdbf827900 - - - - - -] TaaS: Handle Delete Port: eb38a7ac-124c-4d3c-8088-a643868949d1
2026-07-22 23:23:57.636 8 INFO neutron_taas.services.taas.tap_mirror_plugin [None req-cdd1c20d-a596-4784-9135-a1fdbf827900 - - - - - -] Tap Mirror: Handle Delete Port: eb38a7ac-124c-4d3c-8088-a643868949d1 [pid: 7|app: 0|req: 1258/2406] 10.0.0.174 () {32 vars in 740 bytes} [Wed Jul 22 23:23:57 2026] DELETE /v2.0/security-groups/0c3f7ca1-0199-46fa-871f-289d59585513 => generated 0 bytes in 279 msecs (HTTP/1.1 204) 2 headers in 112 bytes (1 switches on core 0)
2026-07-22 23:23:57.915 7 INFO neutron.db.ovn_revision_numbers_db [None req-a12f4862-4a9b-4b4f-b188-4eed2534cd0c 2210d8a6e9da4726a3394244a532f190 c3db8c879ee14f55b3dd870821ebf99e - - default default] Successfully bumped revision number for resource 500bf9b6-12fc-4642-9182-a9c07a3f6fb5 (type: security_groups) to 1
2026-07-22 23:23:57.926 7 INFO neutron.db.ovn_revision_numbers_db [None req-a12f4862-4a9b-4b4f-b188-4eed2534cd0c 2210d8a6e9da4726a3394244a532f190 c3db8c879ee14f55b3dd870821ebf99e - - default default] Successfully bumped revision number for resource 3f8c1526-4aaa-4c97-8f29-518cd1160386 (type: security_group_rules) to 0
2026-07-22 23:23:57.937 7 INFO neutron.db.ovn_revision_numbers_db [None req-a12f4862-4a9b-4b4f-b188-4eed2534cd0c 2210d8a6e9da4726a3394244a532f190 c3db8c879ee14f55b3dd870821ebf99e - - default default] Successfully bumped revision number for resource 5b30f186-57d8-45f4-ada5-c1a870fb47c2 (type: security_group_rules) to 0
2026-07-22 23:23:57.949 7 INFO neutron.db.ovn_revision_numbers_db [None req-a12f4862-4a9b-4b4f-b188-4eed2534cd0c 2210d8a6e9da4726a3394244a532f190 c3db8c879ee14f55b3dd870821ebf99e - - default default] Successfully bumped revision number for resource 691a9863-2379-4d05-aca2-4763920815af (type: security_group_rules) to 0
2026-07-22 23:23:57.961 7 INFO neutron.db.ovn_revision_numbers_db [None req-a12f4862-4a9b-4b4f-b188-4eed2534cd0c 2210d8a6e9da4726a3394244a532f190 c3db8c879ee14f55b3dd870821ebf99e - - default default] Successfully bumped revision number for resource 7f848e2e-f56e-4ffd-be4e-a8defc14410e (type: security_group_rules) to 0 [pid: 7|app: 0|req: 1259/2407] 10.0.0.174 () {32 vars in 774 bytes} [Wed Jul 22 23:23:57 2026] GET /v2.0/security-groups?tenant_id=54d5afae16524374a90d1a4518e4f825&name=default => generated 2925 bytes in 230 msecs (HTTP/1.1 200) 4 headers in 158 bytes (1 switches on core 0)
2026-07-22 23:23:58.049 8 INFO neutron_taas.services.taas.taas_plugin [None req-092a945e-809c-45b5-a38f-6c869195e6c2 - - - - - -] TaaS: Handle Delete Port: a7969b06-ba2c-4ed9-b31d-bdc019a1a09d
2026-07-22 23:23:58.051 8 INFO neutron_taas.services.taas.tap_mirror_plugin [None req-092a945e-809c-45b5-a38f-6c869195e6c2 - - - - - -] Tap Mirror: Handle Delete Port: a7969b06-ba2c-4ed9-b31d-bdc019a1a09d [pid: 7|app: 0|req: 1260/2408] 10.0.0.174 () {32 vars in 740 bytes} [Wed Jul 22 23:23:58 2026] DELETE /v2.0/security-groups/500bf9b6-12fc-4642-9182-a9c07a3f6fb5 => generated 0 bytes in 297 msecs (HTTP/1.1 204) 2 headers in 112 bytes (1 switches on core 0) [pid: 7|app: 0|req: 1261/2409] 10.0.0.20 () {34 vars in 989 bytes} [Wed Jul 22 23:23:58 2026] GET /v2.0/ports?device_id=b9cabe45-d737-4a80-b9af-4ac42035937f => generated 12 bytes in 18 msecs (HTTP/1.1 200) 4 headers in 156 bytes (1 switches on core 0)
2026-07-22 23:23:58.976 8 INFO neutron_taas.services.taas.taas_plugin [None req-092a945e-809c-45b5-a38f-6c869195e6c2 - - - - - -] TaaS: Handle Delete Port: f91be41a-5a67-4581-b26d-35f87222757a
2026-07-22 23:23:58.979 8 INFO neutron_taas.services.taas.tap_mirror_plugin [None req-092a945e-809c-45b5-a38f-6c869195e6c2 - - - - - -] Tap Mirror: Handle Delete Port: f91be41a-5a67-4581-b26d-35f87222757a
2026-07-22 23:23:59.168 8 INFO neutron.services.segments.plugin [-] Segment 2fa9e197-294a-4c88-aa6e-6065cd74cadb resource provider aggregate not found
2026-07-22 23:23:59.176 8 INFO neutron.services.segments.plugin [-] Segment 2fa9e197-294a-4c88-aa6e-6065cd74cadb resource provider aggregate not found
2026-07-22 23:23:59.193 8 INFO neutron.services.segments.plugin [-] Client error retrieving segment 2fa9e197-294a-4c88-aa6e-6065cd74cadb resource provider; error: Placement Client Error (4xx): {"errors": [{"status": 404, "title": "Not Found", "detail": "The resource could not be found.\n\n No resource provider with uuid 2fa9e197-294a-4c88-aa6e-6065cd74cadb found for delete ", "request_id": "req-1253ac10-31b2-4ece-9160-c661cd870d2e"}]}
2026-07-22 23:23:59.196 8 INFO neutron.services.segments.plugin [-] Client error retrieving segment 2fa9e197-294a-4c88-aa6e-6065cd74cadb resource provider; error: Placement Client Error (4xx): {"errors": [{"status": 404, "title": "Not Found", "detail": "The resource could not be found.\n\n No resource provider with uuid 2fa9e197-294a-4c88-aa6e-6065cd74cadb found for delete ", "request_id": "req-dd72cad2-980f-42fb-815f-9ba0deb18474"}]} [pid: 8|app: 0|req: 1149/2410] 10.0.0.174 () {32 vars in 740 bytes} [Wed Jul 22 23:23:57 2026] DELETE /v2.0/vpn/vpnservices/8792bd48-546f-4ad9-a49d-fb08ffbcb9af => generated 0 bytes in 2221 msecs (HTTP/1.1 204) 2 headers in 112 bytes (1 switches on core 0) [pid: 7|app: 0|req: 1262/2411] 10.0.0.174 () {32 vars in 663 bytes} [Wed Jul 22 23:23:59 2026] GET /v2.0/vpn/vpnservices => generated 870 bytes in 14 msecs (HTTP/1.1 200) 4 headers in 157 bytes (1 switches on core 0) /var/lib/openstack/lib/python3.12/site-packages/pycadf/identifier.py:70: UserWarning: Invalid uuid: neutron. To ensure interoperability, identifiers should be a valid uuid. warnings.warn(('Invalid uuid: %s. To ensure interoperability, '
2026-07-22 23:23:59.326 8 INFO neutron.api.v2.resource [None req-3478e053-e6d5-4406-9d48-cb1a4fc7ccd2 ea63ba26ad3643f6bd9f9955373979b6 2026deec22884917b208ea95cca57aed - - default default] create failed (client error): The server could not comply with the request since it is either malformed or otherwise incorrect. [pid: 8|app: 0|req: 1150/2412] 10.0.0.174 () {34 vars in 707 bytes} [Wed Jul 22 23:23:59 2026] POST /v2.0/vpn/ipsec-site-connections => generated 127 bytes in 65 msecs (HTTP/1.1 400) 4 headers in 166 bytes (1 switches on core 0)
2026-07-22 23:23:59.417 7 INFO neutron.api.v2.resource [None req-7d590cb3-6a3e-474b-9a1d-479315269147 ea63ba26ad3643f6bd9f9955373979b6 2026deec22884917b208ea95cca57aed - - default default] create failed (client error): The server could not comply with the request since it is either malformed or otherwise incorrect. [pid: 7|app: 0|req: 1263/2413] 10.0.0.174 () {34 vars in 707 bytes} [Wed Jul 22 23:23:59 2026] POST /v2.0/vpn/ipsec-site-connections => generated 136 bytes in 86 msecs (HTTP/1.1 400) 4 headers in 166 bytes (1 switches on core 0) [pid: 8|app: 0|req: 1151/2414] 10.0.0.20 () {34 vars in 989 bytes} [Wed Jul 22 23:23:59 2026] GET /v2.0/ports?device_id=b9cabe45-d737-4a80-b9af-4ac42035937f => generated 12 bytes in 32 msecs (HTTP/1.1 200) 4 headers in 156 bytes (1 switches on core 0)
2026-07-22 23:23:59.435 7 WARNING neutron.api.v2.base [None req-ad099492-8874-4dae-a540-9588827fed29 ea63ba26ad3643f6bd9f9955373979b6 2026deec22884917b208ea95cca57aed - - default default] An exception happened while processing the request body. The exception message is [Invalid input for dpd. Reason: '59' is not a dictionary.].: webob.exc.HTTPBadRequest: Invalid input for dpd. Reason: '59' is not a dictionary.
2026-07-22 23:23:59.436 7 INFO neutron.api.v2.resource [None req-ad099492-8874-4dae-a540-9588827fed29 ea63ba26ad3643f6bd9f9955373979b6 2026deec22884917b208ea95cca57aed - - default default] create failed (client error): Invalid input for dpd. Reason: '59' is not a dictionary. [pid: 7|app: 0|req: 1264/2415] 10.0.0.174 () {34 vars in 707 bytes} [Wed Jul 22 23:23:59 2026] POST /v2.0/vpn/ipsec-site-connections => generated 129 bytes in 10 msecs (HTTP/1.1 400) 4 headers in 166 bytes (1 switches on core 0) [pid: 8|app: 0|req: 1152/2416] 10.0.0.174 () {34 vars in 693 bytes} [Wed Jul 22 23:23:59 2026] POST /v2.0/vpn/endpoint-groups => generated 293 bytes in 49 msecs (HTTP/1.1 201) 4 headers in 162 bytes (1 switches on core 0)
2026-07-22 23:23:59.556 7 INFO neutron.api.v2.resource [None req-c95d462c-1e5f-4966-aedf-69b14029a6ac ea63ba26ad3643f6bd9f9955373979b6 2026deec22884917b208ea95cca57aed - - default default] create failed (client error): The server could not comply with the request since it is either malformed or otherwise incorrect. [pid: 7|app: 0|req: 1265/2417] 10.0.0.174 () {34 vars in 707 bytes} [Wed Jul 22 23:23:59 2026] POST /v2.0/vpn/ipsec-site-connections => generated 149 bytes in 52 msecs (HTTP/1.1 400) 4 headers in 166 bytes (1 switches on core 0) [pid: 8|app: 0|req: 1153/2418] 10.0.0.174 () {32 vars in 671 bytes} [Wed Jul 22 23:23:59 2026] GET /v2.0/vpn/endpoint-groups => generated 907 bytes in 15 msecs (HTTP/1.1 200) 4 headers in 157 bytes (1 switches on core 0) [pid: 7|app: 0|req: 1266/2419] 10.0.0.174 () {32 vars in 748 bytes} [Wed Jul 22 23:23:59 2026] DELETE /v2.0/vpn/endpoint-groups/a44d70d4-5ac7-473e-b56b-a3fde82065bc => generated 0 bytes in 25 msecs (HTTP/1.1 204) 2 headers in 112 bytes (1 switches on core 0) [pid: 8|app: 0|req: 1154/2420] 10.0.0.174 () {32 vars in 671 bytes} [Wed Jul 22 23:23:59 2026] GET /v2.0/vpn/endpoint-groups => generated 632 bytes in 13 msecs (HTTP/1.1 200) 4 headers in 157 bytes (1 switches on core 0) [pid: 7|app: 0|req: 1267/2421] 10.0.0.174 () {34 vars in 693 bytes} [Wed Jul 22 23:23:59 2026] POST /v2.0/vpn/endpoint-groups => generated 302 bytes in 53 msecs (HTTP/1.1 201) 4 headers in 162 bytes (1 switches on core 0)
2026-07-22 23:23:59.733 8 INFO neutron.api.v2.resource [None req-87c4f3c1-d861-4be7-bca2-347ef4d492bc ea63ba26ad3643f6bd9f9955373979b6 2026deec22884917b208ea95cca57aed - - default default] create failed (client error): The server could not comply with the request since it is either malformed or otherwise incorrect. [pid: 8|app: 0|req: 1155/2422] 10.0.0.174 () {34 vars in 707 bytes} [Wed Jul 22 23:23:59 2026] POST /v2.0/vpn/ipsec-site-connections => generated 148 bytes in 44 msecs (HTTP/1.1 400) 4 headers in 166 bytes (1 switches on core 0) [pid: 7|app: 0|req: 1268/2423] 10.0.0.174 () {32 vars in 671 bytes} [Wed Jul 22 23:23:59 2026] GET /v2.0/vpn/endpoint-groups => generated 916 bytes in 11 msecs (HTTP/1.1 200) 4 headers in 157 bytes (1 switches on core 0) [pid: 8|app: 0|req: 1156/2424] 10.0.0.174 () {32 vars in 748 bytes} [Wed Jul 22 23:23:59 2026] DELETE /v2.0/vpn/endpoint-groups/55532126-c73c-4e3d-bf2d-0334436e369c => generated 0 bytes in 24 msecs (HTTP/1.1 204) 2 headers in 112 bytes (1 switches on core 0) [pid: 7|app: 0|req: 1269/2425] 10.0.0.174 () {32 vars in 671 bytes} [Wed Jul 22 23:23:59 2026] GET /v2.0/vpn/endpoint-groups => generated 632 bytes in 10 msecs (HTTP/1.1 200) 4 headers in 157 bytes (1 switches on core 0)
2026-07-22 23:23:59.810 8 WARNING neutron.api.v2.base [None req-58db85a2-1c20-4b48-a524-148434563e88 ea63ba26ad3643f6bd9f9955373979b6 2026deec22884917b208ea95cca57aed - - default default] An exception happened while processing the request body. The exception message is [Invalid input for peer_cidrs. Reason: '1.0.0.0/33' is not a valid IP subnet.].: webob.exc.HTTPBadRequest: Invalid input for peer_cidrs. Reason: '1.0.0.0/33' is not a valid IP subnet.
2026-07-22 23:23:59.810 8 INFO neutron.api.v2.resource [None req-58db85a2-1c20-4b48-a524-148434563e88 ea63ba26ad3643f6bd9f9955373979b6 2026deec22884917b208ea95cca57aed - - default default] create failed (client error): Invalid input for peer_cidrs. Reason: '1.0.0.0/33' is not a valid IP subnet. [pid: 8|app: 0|req: 1157/2426] 10.0.0.174 () {34 vars in 707 bytes} [Wed Jul 22 23:23:59 2026] POST /v2.0/vpn/ipsec-site-connections => generated 149 bytes in 11 msecs (HTTP/1.1 400) 4 headers in 166 bytes (1 switches on core 0)
2026-07-22 23:23:59.924 7 INFO neutron.db.segments_db [None req-23afc1ea-fbe8-430b-bfc5-6ebdc7f7af7a ea63ba26ad3643f6bd9f9955373979b6 2026deec22884917b208ea95cca57aed - - default default] Added segment 16937f27-47f0-4549-8a1c-ac4186eba779 of type geneve for network 03f89b5e-11af-48cd-b8c7-493839be00a0
2026-07-22 23:24:00.025 7 INFO neutron.db.ovn_revision_numbers_db [None req-23afc1ea-fbe8-430b-bfc5-6ebdc7f7af7a ea63ba26ad3643f6bd9f9955373979b6 2026deec22884917b208ea95cca57aed - - default default] Successfully bumped revision number for resource 03f89b5e-11af-48cd-b8c7-493839be00a0 (type: networks) to 1
2026-07-22 23:24:00.181 7 WARNING neutron.scheduler.dhcp_agent_scheduler [None req-23afc1ea-fbe8-430b-bfc5-6ebdc7f7af7a ea63ba26ad3643f6bd9f9955373979b6 2026deec22884917b208ea95cca57aed - - default default] No more DHCP agents
2026-07-22 23:24:00.183 7 WARNING neutron.api.rpc.agentnotifiers.dhcp_rpc_agent_api [None req-23afc1ea-fbe8-430b-bfc5-6ebdc7f7af7a ea63ba26ad3643f6bd9f9955373979b6 2026deec22884917b208ea95cca57aed - - default default] Unable to schedule network 03f89b5e-11af-48cd-b8c7-493839be00a0: no agents available; will retry on subsequent port and subnet creation events.
2026-07-22 23:24:00.234 8 INFO neutron.plugins.ml2.drivers.ovn.mech_driver.mech_driver [None req-bb16289f-a3f6-4e2f-b221-5bd5aea23580 - - - - - -] OVN reports status down for port: 9fd574a4-be9e-476f-bfc4-ea25c59f80f8
2026-07-22 23:24:00.247 7 INFO neutron.db.ovn_revision_numbers_db [None req-23afc1ea-fbe8-430b-bfc5-6ebdc7f7af7a ea63ba26ad3643f6bd9f9955373979b6 2026deec22884917b208ea95cca57aed - - default default] Successfully bumped revision number for resource 9fd574a4-be9e-476f-bfc4-ea25c59f80f8 (type: ports) to 1 [pid: 7|app: 0|req: 1270/2427] 10.0.0.174 () {34 vars in 670 bytes} [Wed Jul 22 23:23:59 2026] POST /v2.0/networks => generated 632 bytes in 453 msecs (HTTP/1.1 201) 4 headers in 162 bytes (1 switches on core 0)
2026-07-22 23:24:00.522 8 WARNING neutron.scheduler.dhcp_agent_scheduler [None req-cd33ad11-6988-4ab7-9fc4-329073f1b81d ea63ba26ad3643f6bd9f9955373979b6 2026deec22884917b208ea95cca57aed - - default default] No more DHCP agents
2026-07-22 23:24:00.525 8 WARNING neutron.api.rpc.agentnotifiers.dhcp_rpc_agent_api [None req-cd33ad11-6988-4ab7-9fc4-329073f1b81d ea63ba26ad3643f6bd9f9955373979b6 2026deec22884917b208ea95cca57aed - - default default] Unable to schedule network 03f89b5e-11af-48cd-b8c7-493839be00a0: no agents available; will retry on subsequent port and subnet creation events. [pid: 7|app: 0|req: 1271/2428] 10.0.0.174 () {32 vars in 740 bytes} [Wed Jul 22 23:24:00 2026] DELETE /v2.0/security-groups/5789014c-2350-486f-8f1e-99b9ed563768 => generated 0 bytes in 150 msecs (HTTP/1.1 204) 2 headers in 112 bytes (1 switches on core 0)
2026-07-22 23:24:00.765 7 INFO neutron.api.v2.resource [None req-8d36a4d2-b3a7-4d64-8225-9cc71097eb8d 1f77ab298baf4af19ed210ed72878fa0 e44e9009478b40308b2d618328dcafb2 - - default default] show failed (client error): The resource could not be found. [pid: 7|app: 0|req: 1272/2429] 10.0.0.174 () {32 vars in 737 bytes} [Wed Jul 22 23:24:00 2026] GET /v2.0/security-groups/5789014c-2350-486f-8f1e-99b9ed563768 => generated 146 bytes in 15 msecs (HTTP/1.1 404) 4 headers in 164 bytes (1 switches on core 0)
2026-07-22 23:24:00.913 7 INFO neutron_taas.services.taas.taas_plugin [None req-f255900a-4835-4e9e-a272-1f4987a73d92 1f77ab298baf4af19ed210ed72878fa0 e44e9009478b40308b2d618328dcafb2 - - default default] TaaS: Handle Delete Port: c2102814-377f-4663-97d1-808c944cf0b7
2026-07-22 23:24:00.916 7 INFO neutron_taas.services.taas.tap_mirror_plugin [None req-f255900a-4835-4e9e-a272-1f4987a73d92 1f77ab298baf4af19ed210ed72878fa0 e44e9009478b40308b2d618328dcafb2 - - default default] Tap Mirror: Handle Delete Port: c2102814-377f-4663-97d1-808c944cf0b7
2026-07-22 23:24:01.049 8 INFO neutron.db.ovn_revision_numbers_db [None req-aecd258e-4ab2-4a7f-9703-5552c8f8afc2 - - - - - -] Successfully bumped revision number for resource 9fd574a4-be9e-476f-bfc4-ea25c59f80f8 (type: ports) to 2 [pid: 7|app: 0|req: 1273/2430] 10.0.0.174 () {32 vars in 732 bytes} [Wed Jul 22 23:24:00 2026] DELETE /v2.0/floatingips/0e875d42-7029-4169-8b17-2aaa1ca92860 => generated 0 bytes in 315 msecs (HTTP/1.1 204) 2 headers in 112 bytes (1 switches on core 0)
2026-07-22 23:24:01.090 8 INFO neutron.db.ovn_revision_numbers_db [None req-aecd258e-4ab2-4a7f-9703-5552c8f8afc2 - - - - - -] Successfully bumped revision number for resource 66177606-a553-4c05-be13-99d8a1a7e8dd (type: subnets) to 0 [pid: 8|app: 0|req: 1158/2431] 10.0.0.174 () {34 vars in 669 bytes} [Wed Jul 22 23:24:00 2026] POST /v2.0/subnets => generated 629 bytes in 834 msecs (HTTP/1.1 201) 4 headers in 162 bytes (1 switches on core 0) [pid: 7|app: 0|req: 1274/2432] 10.0.0.174 () {32 vars in 740 bytes} [Wed Jul 22 23:24:01 2026] DELETE /v2.0/security-groups/85125358-a51a-4597-b1f1-cf7faba9a7b7 => generated 0 bytes in 196 msecs (HTTP/1.1 204) 2 headers in 112 bytes (1 switches on core 0)
2026-07-22 23:24:01.677 8 WARNING neutron.scheduler.dhcp_agent_scheduler [None req-d1abfe72-f8f0-45a4-8e59-de7538746fac ea63ba26ad3643f6bd9f9955373979b6 2026deec22884917b208ea95cca57aed - - default default] No more DHCP agents
2026-07-22 23:24:01.678 8 WARNING neutron.api.rpc.agentnotifiers.dhcp_rpc_agent_api [None req-d1abfe72-f8f0-45a4-8e59-de7538746fac ea63ba26ad3643f6bd9f9955373979b6 2026deec22884917b208ea95cca57aed - - default default] Unable to schedule network db8c019c-2b9f-4820-9c1e-b885c9a2fe92: no agents available; will retry on subsequent port and subnet creation events.
2026-07-22 23:24:01.712 7 INFO neutron_taas.services.taas.taas_plugin [None req-87d1b841-bb4e-4055-8172-dd15978e9606 2210d8a6e9da4726a3394244a532f190 c3db8c879ee14f55b3dd870821ebf99e - - default default] TaaS: Handle Delete Port: a344fb7a-4ae1-4749-bea1-2880ddbdced6
2026-07-22 23:24:01.716 7 INFO neutron_taas.services.taas.tap_mirror_plugin [None req-87d1b841-bb4e-4055-8172-dd15978e9606 2210d8a6e9da4726a3394244a532f190 c3db8c879ee14f55b3dd870821ebf99e - - default default] Tap Mirror: Handle Delete Port: a344fb7a-4ae1-4749-bea1-2880ddbdced6
2026-07-22 23:24:01.836 7 INFO neutron.plugins.ml2.drivers.ovn.mech_driver.mech_driver [None req-265b6dae-eb22-469e-beca-242b5de45371 - - - - - -] OVN reports status down for port: 6071357c-cd06-464c-b396-e6001b8395d4
2026-07-22 23:24:01.840 8 INFO neutron.db.ovn_revision_numbers_db [None req-d1abfe72-f8f0-45a4-8e59-de7538746fac ea63ba26ad3643f6bd9f9955373979b6 2026deec22884917b208ea95cca57aed - - default default] Successfully bumped revision number for resource 6071357c-cd06-464c-b396-e6001b8395d4 (type: ports) to 1
2026-07-22 23:24:02.538 8 INFO neutron.plugins.ml2.drivers.ovn.mech_driver.ovsdb.commands [None req-87ccce19-6352-441a-9dcf-f10ecc83b643 - - - - - -] Schedule LRP lrp-6071357c-cd06-464c-b396-e6001b8395d4 on gateway 9fdb5634-bef2-4329-bf01-0f2324b17680 with priority 1 [pid: 7|app: 0|req: 1275/2433] 10.0.0.174 () {34 vars in 789 bytes} [Wed Jul 22 23:24:01 2026] PUT /v2.0/routers/2e4fd713-1c40-4400-858c-469f02b4793f/remove_router_interface => generated 309 bytes in 1229 msecs (HTTP/1.1 200) 4 headers in 157 bytes (1 switches on core 0)
2026-07-22 23:24:02.592 7 INFO neutron.plugins.ml2.drivers.ovn.mech_driver.mech_driver [None req-265b6dae-eb22-469e-beca-242b5de45371 - - - - - -] OVN reports status up for port: 6071357c-cd06-464c-b396-e6001b8395d4
2026-07-22 23:24:02.593 8 INFO neutron.db.ovn_revision_numbers_db [None req-d1abfe72-f8f0-45a4-8e59-de7538746fac ea63ba26ad3643f6bd9f9955373979b6 2026deec22884917b208ea95cca57aed - - default default] Successfully bumped revision number for resource 6071357c-cd06-464c-b396-e6001b8395d4 (type: router_ports) to 1
2026-07-22 23:24:02.607 7 INFO neutron.plugins.ml2.plugin [None req-265b6dae-eb22-469e-beca-242b5de45371 - - - - - -] Attempt 1 to provision port 6071357c-cd06-464c-b396-e6001b8395d4
2026-07-22 23:24:02.646 8 INFO neutron.db.ovn_revision_numbers_db [None req-d1abfe72-f8f0-45a4-8e59-de7538746fac ea63ba26ad3643f6bd9f9955373979b6 2026deec22884917b208ea95cca57aed - - default default] Successfully bumped revision number for resource d0908544-0192-4232-9792-7c19869c29d9 (type: routers) to 2 [pid: 8|app: 0|req: 1159/2434] 10.0.0.174 () {34 vars in 669 bytes} [Wed Jul 22 23:24:01 2026] POST /v2.0/routers => generated 935 bytes in 1546 msecs (HTTP/1.1 201) 4 headers in 162 bytes (1 switches on core 0) /var/lib/openstack/lib/python3.12/site-packages/pycadf/identifier.py:70: UserWarning: Invalid uuid: neutron. To ensure interoperability, identifiers should be a valid uuid. warnings.warn(('Invalid uuid: %s. To ensure interoperability, '
2026-07-22 23:24:02.888 7 INFO neutron.db.ovn_revision_numbers_db [None req-5830a2bd-a2a9-4d86-acac-2d2238aafa3e 260357b217bd40cc867e25b437f26190 362d0d8a19e6453fba444ea174394fc1 - - default default] Successfully bumped revision number for resource ca597715-3e73-45b5-8e58-7f33b5590ef7 (type: security_groups) to 1
2026-07-22 23:24:02.901 7 INFO neutron.db.ovn_revision_numbers_db [None req-5830a2bd-a2a9-4d86-acac-2d2238aafa3e 260357b217bd40cc867e25b437f26190 362d0d8a19e6453fba444ea174394fc1 - - default default] Successfully bumped revision number for resource 6390b42a-bcd8-4851-b90c-ad4cc0f3c9b0 (type: security_group_rules) to 0
2026-07-22 23:24:02.914 7 INFO neutron.db.ovn_revision_numbers_db [None req-5830a2bd-a2a9-4d86-acac-2d2238aafa3e 260357b217bd40cc867e25b437f26190 362d0d8a19e6453fba444ea174394fc1 - - default default] Successfully bumped revision number for resource 6591acf0-38f5-458a-b047-1d48ec94a991 (type: security_group_rules) to 0
2026-07-22 23:24:02.927 7 INFO neutron.db.ovn_revision_numbers_db [None req-5830a2bd-a2a9-4d86-acac-2d2238aafa3e 260357b217bd40cc867e25b437f26190 362d0d8a19e6453fba444ea174394fc1 - - default default] Successfully bumped revision number for resource bbffc5ff-114a-41f9-a561-b30e70535977 (type: security_group_rules) to 0
2026-07-22 23:24:02.941 7 INFO neutron.db.ovn_revision_numbers_db [None req-5830a2bd-a2a9-4d86-acac-2d2238aafa3e 260357b217bd40cc867e25b437f26190 362d0d8a19e6453fba444ea174394fc1 - - default default] Successfully bumped revision number for resource ced5bcd2-6945-42e3-9f42-1fd6da69117f (type: security_group_rules) to 0
2026-07-22 23:24:02.987 8 INFO neutron_taas.services.taas.taas_plugin [None req-f0c1e4db-554e-4012-8c9a-6200bca86e13 2210d8a6e9da4726a3394244a532f190 c3db8c879ee14f55b3dd870821ebf99e - - default default] TaaS: Handle Delete Port: e841d149-6fbf-4e51-ac09-9c42e3485f02
2026-07-22 23:24:02.990 8 INFO neutron_taas.services.taas.tap_mirror_plugin [None req-f0c1e4db-554e-4012-8c9a-6200bca86e13 2210d8a6e9da4726a3394244a532f190 c3db8c879ee14f55b3dd870821ebf99e - - default default] Tap Mirror: Handle Delete Port: e841d149-6fbf-4e51-ac09-9c42e3485f02
2026-07-22 23:24:03.023 7 INFO neutron.db.segments_db [None req-5830a2bd-a2a9-4d86-acac-2d2238aafa3e 260357b217bd40cc867e25b437f26190 362d0d8a19e6453fba444ea174394fc1 - - default default] Added segment 1c5eab0e-55c6-40aa-a00c-c63f5d458d07 of type geneve for network fe4a4ee7-12c9-493f-a309-4b67e668823f
2026-07-22 23:24:03.144 7 INFO neutron.db.ovn_revision_numbers_db [None req-5830a2bd-a2a9-4d86-acac-2d2238aafa3e 260357b217bd40cc867e25b437f26190 362d0d8a19e6453fba444ea174394fc1 - - default default] Successfully bumped revision number for resource fe4a4ee7-12c9-493f-a309-4b67e668823f (type: networks) to 1
2026-07-22 23:24:03.364 7 WARNING neutron.scheduler.dhcp_agent_scheduler [None req-5830a2bd-a2a9-4d86-acac-2d2238aafa3e 260357b217bd40cc867e25b437f26190 362d0d8a19e6453fba444ea174394fc1 - - default default] No more DHCP agents
2026-07-22 23:24:03.365 7 WARNING neutron.api.rpc.agentnotifiers.dhcp_rpc_agent_api [None req-5830a2bd-a2a9-4d86-acac-2d2238aafa3e 260357b217bd40cc867e25b437f26190 362d0d8a19e6453fba444ea174394fc1 - - default default] Unable to schedule network fe4a4ee7-12c9-493f-a309-4b67e668823f: no agents available; will retry on subsequent port and subnet creation events.
2026-07-22 23:24:03.448 8 INFO neutron.plugins.ml2.drivers.ovn.mech_driver.mech_driver [None req-bb16289f-a3f6-4e2f-b221-5bd5aea23580 - - - - - -] OVN reports status down for port: 1c092403-947b-433a-b1ff-af6533f4e373
2026-07-22 23:24:03.462 7 INFO neutron.db.ovn_revision_numbers_db [None req-5830a2bd-a2a9-4d86-acac-2d2238aafa3e 260357b217bd40cc867e25b437f26190 362d0d8a19e6453fba444ea174394fc1 - - default default] Successfully bumped revision number for resource 1c092403-947b-433a-b1ff-af6533f4e373 (type: ports) to 1 [pid: 7|app: 0|req: 1276/2435] 10.0.0.174 () {34 vars in 670 bytes} [Wed Jul 22 23:24:02 2026] POST /v2.0/networks => generated 631 bytes in 929 msecs (HTTP/1.1 201) 4 headers in 162 bytes (1 switches on core 0) [pid: 8|app: 0|req: 1160/2436] 10.0.0.174 () {32 vars in 724 bytes} [Wed Jul 22 23:24:02 2026] DELETE /v2.0/routers/2e4fd713-1c40-4400-858c-469f02b4793f => generated 0 bytes in 844 msecs (HTTP/1.1 204) 2 headers in 112 bytes (1 switches on core 0)
2026-07-22 23:24:03.599 7 INFO neutron.api.v2.resource [None req-3be391b0-9bbe-46c8-a3f9-7798af4e86ea 1a0e847a2321486a91434a59d8ddf5b1 187e8ed8a5f0482db6437a5a8cf4d447 - - default default] create failed (client error): The server could not comply with the request since it is either malformed or otherwise incorrect. [pid: 7|app: 0|req: 1277/2437] 10.0.0.174 () {34 vars in 685 bytes} [Wed Jul 22 23:24:03 2026] POST /v2.0/vpn/vpnservices => generated 194 bytes in 108 msecs (HTTP/1.1 400) 4 headers in 166 bytes (1 switches on core 0) [pid: 7|app: 0|req: 1278/2438] 10.0.0.174 () {32 vars in 724 bytes} [Wed Jul 22 23:24:03 2026] DELETE /v2.0/subnets/b45f9fe2-30e9-4cd6-afef-cd6320e2b045 => generated 0 bytes in 161 msecs (HTTP/1.1 204) 3 headers in 131 bytes (1 switches on core 0)
2026-07-22 23:24:03.762 8 WARNING neutron.scheduler.dhcp_agent_scheduler [None req-5847b39a-425b-4302-af1e-d4fae492bb5d 260357b217bd40cc867e25b437f26190 362d0d8a19e6453fba444ea174394fc1 - - default default] No more DHCP agents
2026-07-22 23:24:03.763 8 WARNING neutron.api.rpc.agentnotifiers.dhcp_rpc_agent_api [None req-5847b39a-425b-4302-af1e-d4fae492bb5d 260357b217bd40cc867e25b437f26190 362d0d8a19e6453fba444ea174394fc1 - - default default] Unable to schedule network fe4a4ee7-12c9-493f-a309-4b67e668823f: no agents available; will retry on subsequent port and subnet creation events.
2026-07-22 23:24:03.810 8 INFO neutron.plugins.ml2.drivers.ovn.mech_driver.mech_driver [None req-bb16289f-a3f6-4e2f-b221-5bd5aea23580 - - - - - -] OVN reports status down for port: cd066b00-796b-40cc-a24c-d778122c9f88
2026-07-22 23:24:03.880 8 INFO neutron.db.ovn_revision_numbers_db [None req-5847b39a-425b-4302-af1e-d4fae492bb5d 260357b217bd40cc867e25b437f26190 362d0d8a19e6453fba444ea174394fc1 - - default default] Successfully bumped revision number for resource cd066b00-796b-40cc-a24c-d778122c9f88 (type: ports) to 1
2026-07-22 23:24:03.937 7 INFO neutron_taas.services.taas.taas_plugin [None req-a1012502-3b39-4f9a-aad9-b6854ef39363 1a0e847a2321486a91434a59d8ddf5b1 187e8ed8a5f0482db6437a5a8cf4d447 - - default default] TaaS: Handle Delete Port: 9fd574a4-be9e-476f-bfc4-ea25c59f80f8
2026-07-22 23:24:03.940 7 INFO neutron_taas.services.taas.tap_mirror_plugin [None req-a1012502-3b39-4f9a-aad9-b6854ef39363 1a0e847a2321486a91434a59d8ddf5b1 187e8ed8a5f0482db6437a5a8cf4d447 - - default default] Tap Mirror: Handle Delete Port: 9fd574a4-be9e-476f-bfc4-ea25c59f80f8 [pid: 8|app: 0|req: 1161/2439] 10.0.0.174 () {34 vars in 664 bytes} [Wed Jul 22 23:24:03 2026] POST /v2.0/ports => generated 743 bytes in 451 msecs (HTTP/1.1 201) 4 headers in 162 bytes (1 switches on core 0) /var/lib/openstack/lib/python3.12/site-packages/pycadf/identifier.py:70: UserWarning: Invalid uuid: neutron. To ensure interoperability, identifiers should be a valid uuid. warnings.warn(('Invalid uuid: %s. To ensure interoperability, '
2026-07-22 23:24:04.064 8 INFO neutron_taas.services.taas.taas_plugin [None req-073f7a53-b5c6-4b13-a88b-ece504bbb4ae 2210d8a6e9da4726a3394244a532f190 c3db8c879ee14f55b3dd870821ebf99e - - default default] TaaS: Handle Delete Port: 41d7260c-94cc-4bae-8957-c4e88baa6910
2026-07-22 23:24:04.069 8 INFO neutron_taas.services.taas.tap_mirror_plugin [None req-073f7a53-b5c6-4b13-a88b-ece504bbb4ae 2210d8a6e9da4726a3394244a532f190 c3db8c879ee14f55b3dd870821ebf99e - - default default] Tap Mirror: Handle Delete Port: 41d7260c-94cc-4bae-8957-c4e88baa6910
2026-07-22 23:24:04.259 7 INFO neutron.services.segments.plugin [-] Segment 16937f27-47f0-4549-8a1c-ac4186eba779 resource provider aggregate not found
2026-07-22 23:24:04.260 7 INFO neutron.services.segments.plugin [-] Segment 16937f27-47f0-4549-8a1c-ac4186eba779 resource provider aggregate not found
2026-07-22 23:24:04.282 7 INFO neutron.services.segments.plugin [-] Client error retrieving segment 16937f27-47f0-4549-8a1c-ac4186eba779 resource provider; error: Placement Client Error (4xx): {"errors": [{"status": 404, "title": "Not Found", "detail": "The resource could not be found.\n\n No resource provider with uuid 16937f27-47f0-4549-8a1c-ac4186eba779 found for delete ", "request_id": "req-89dca398-4629-4ea1-8c07-11f5cf733d10"}]}
2026-07-22 23:24:04.286 7 INFO neutron.services.segments.plugin [-] Client error retrieving segment 16937f27-47f0-4549-8a1c-ac4186eba779 resource provider; error: Placement Client Error (4xx): {"errors": [{"status": 404, "title": "Not Found", "detail": "The resource could not be found.\n\n No resource provider with uuid 16937f27-47f0-4549-8a1c-ac4186eba779 found for delete ", "request_id": "req-0aa1bdf8-2158-4f5f-ad16-3976789081ad"}]}
2026-07-22 23:24:04.296 8 INFO neutron.services.segments.plugin [-] Segment 48c7e746-0205-4c78-9f4d-f7c69f10da2f resource provider aggregate not found [pid: 7|app: 0|req: 1279/2440] 10.0.0.174 () {32 vars in 726 bytes} [Wed Jul 22 23:24:03 2026] DELETE /v2.0/networks/03f89b5e-11af-48cd-b8c7-493839be00a0 => generated 0 bytes in 548 msecs (HTTP/1.1 204) 3 headers in 131 bytes (1 switches on core 0)
2026-07-22 23:24:04.317 8 INFO neutron.services.segments.plugin [-] Segment 48c7e746-0205-4c78-9f4d-f7c69f10da2f resource provider aggregate not found
2026-07-22 23:24:04.322 8 INFO neutron.services.segments.plugin [-] Client error retrieving segment 48c7e746-0205-4c78-9f4d-f7c69f10da2f resource provider; error: Placement Client Error (4xx): {"errors": [{"status": 404, "title": "Not Found", "detail": "The resource could not be found.\n\n No resource provider with uuid 48c7e746-0205-4c78-9f4d-f7c69f10da2f found for delete ", "request_id": "req-bda20849-b78a-40c0-8e16-9981132aee9e"}]}
2026-07-22 23:24:04.336 8 INFO neutron.services.segments.plugin [-] Client error retrieving segment 48c7e746-0205-4c78-9f4d-f7c69f10da2f resource provider; error: Placement Client Error (4xx): {"errors": [{"status": 404, "title": "Not Found", "detail": "The resource could not be found.\n\n No resource provider with uuid 48c7e746-0205-4c78-9f4d-f7c69f10da2f found for delete ", "request_id": "req-a7208362-db0d-4e1e-a6fb-8d412a0891a4"}]} [pid: 8|app: 0|req: 1162/2441] 10.0.0.174 () {32 vars in 726 bytes} [Wed Jul 22 23:24:03 2026] DELETE /v2.0/networks/a00a1e10-f7db-4d8c-acf5-901a3534c3e8 => generated 0 bytes in 417 msecs (HTTP/1.1 204) 3 headers in 131 bytes (1 switches on core 0) [pid: 7|app: 0|req: 1280/2442] 10.0.0.174 () {34 vars in 666 bytes} [Wed Jul 22 23:24:04 2026] POST /v2.0/trunks => generated 409 bytes in 280 msecs (HTTP/1.1 201) 4 headers in 162 bytes (1 switches on core 0)
2026-07-22 23:24:04.683 8 INFO neutron_taas.services.taas.taas_plugin [None req-f554fbcd-eb34-4298-8b94-fd739c3f755e 1a0e847a2321486a91434a59d8ddf5b1 187e8ed8a5f0482db6437a5a8cf4d447 - - default default] TaaS: Handle Delete Port: 6071357c-cd06-464c-b396-e6001b8395d4
2026-07-22 23:24:04.687 8 INFO neutron_taas.services.taas.tap_mirror_plugin [None req-f554fbcd-eb34-4298-8b94-fd739c3f755e 1a0e847a2321486a91434a59d8ddf5b1 187e8ed8a5f0482db6437a5a8cf4d447 - - default default] Tap Mirror: Handle Delete Port: 6071357c-cd06-464c-b396-e6001b8395d4
2026-07-22 23:24:04.808 7 INFO neutron_taas.services.taas.taas_plugin [None req-6efb9534-1181-410f-8cbf-9e828525c8e9 2210d8a6e9da4726a3394244a532f190 c3db8c879ee14f55b3dd870821ebf99e - - default default] TaaS: Handle Delete Port: 4b5ccfbe-1e8d-45e7-907f-8bb8ed5e7e3a
2026-07-22 23:24:04.811 7 INFO neutron_taas.services.taas.tap_mirror_plugin [None req-6efb9534-1181-410f-8cbf-9e828525c8e9 2210d8a6e9da4726a3394244a532f190 c3db8c879ee14f55b3dd870821ebf99e - - default default] Tap Mirror: Handle Delete Port: 4b5ccfbe-1e8d-45e7-907f-8bb8ed5e7e3a [pid: 8|app: 0|req: 1163/2443] 10.0.0.174 () {32 vars in 724 bytes} [Wed Jul 22 23:24:04 2026] DELETE /v2.0/routers/d0908544-0192-4232-9792-7c19869c29d9 => generated 0 bytes in 709 msecs (HTTP/1.1 204) 2 headers in 112 bytes (1 switches on core 0)
2026-07-22 23:24:05.169 8 INFO neutron.db.segments_db [None req-02b5c62b-612a-4549-adc3-8858e09c2f0a 260357b217bd40cc867e25b437f26190 362d0d8a19e6453fba444ea174394fc1 - - default default] Added segment bca60be9-a138-4d5b-8893-afd5954745bd of type geneve for network 540f4596-2c84-409d-bb1b-4b96010ecfc5
2026-07-22 23:24:05.285 8 INFO neutron.db.ovn_revision_numbers_db [None req-02b5c62b-612a-4549-adc3-8858e09c2f0a 260357b217bd40cc867e25b437f26190 362d0d8a19e6453fba444ea174394fc1 - - default default] Successfully bumped revision number for resource 540f4596-2c84-409d-bb1b-4b96010ecfc5 (type: networks) to 1
2026-07-22 23:24:05.487 8 WARNING neutron.scheduler.dhcp_agent_scheduler [None req-02b5c62b-612a-4549-adc3-8858e09c2f0a 260357b217bd40cc867e25b437f26190 362d0d8a19e6453fba444ea174394fc1 - - default default] No more DHCP agents
2026-07-22 23:24:05.489 8 WARNING neutron.api.rpc.agentnotifiers.dhcp_rpc_agent_api [None req-02b5c62b-612a-4549-adc3-8858e09c2f0a 260357b217bd40cc867e25b437f26190 362d0d8a19e6453fba444ea174394fc1 - - default default] Unable to schedule network 540f4596-2c84-409d-bb1b-4b96010ecfc5: no agents available; will retry on subsequent port and subnet creation events.
2026-07-22 23:24:05.544 8 INFO neutron.plugins.ml2.drivers.ovn.mech_driver.mech_driver [None req-bb16289f-a3f6-4e2f-b221-5bd5aea23580 - - - - - -] OVN reports status down for port: 51cb0e2b-858d-4154-8fea-72549a763921 [pid: 7|app: 0|req: 1281/2444] 10.0.0.174 () {34 vars in 789 bytes} [Wed Jul 22 23:24:04 2026] PUT /v2.0/routers/273fd903-6d80-432c-8be9-17f22159360c/remove_router_interface => generated 309 bytes in 972 msecs (HTTP/1.1 200) 4 headers in 157 bytes (1 switches on core 0) /var/lib/openstack/lib/python3.12/site-packages/pycadf/identifier.py:70: UserWarning: Invalid uuid: neutron. To ensure interoperability, identifiers should be a valid uuid. warnings.warn(('Invalid uuid: %s. To ensure interoperability, '
2026-07-22 23:24:05.572 7 WARNING neutron.api.v2.base [None req-9e21f999-a4fb-45b7-a4b5-ef884d933ceb ea63ba26ad3643f6bd9f9955373979b6 2026deec22884917b208ea95cca57aed - - default default] An exception happened while processing the request body. The exception message is [Invalid input for description. Reason: 'yyyyyyyyyyyyyyyyyyyyyyyyyyyyyyyyyyyyyyyyyyyyyyyyyyyyyyyyyyyyyyyyyyyyyyyyyyyyyyyyyyyyyyyyyyyyyyyyyyyyyyyyyyyyyyyyyyyyyyyyyyyyyyyyyyyyyyyyyyyyyyyyyyyyyyyyyyyyyyyyyyyyyyyyyyyyyyyyyyyyyyyyyyyyyyyyyyyyyyyyyyyyyyyyyyyyyyyyyyyyyyyyyyyyyyyyyyyyyyyyyyyyyyyyyyyyyyyy' exceeds maximum length of 255.].: webob.exc.HTTPBadRequest: Invalid input for description. Reason: 'yyyyyyyyyyyyyyyyyyyyyyyyyyyyyyyyyyyyyyyyyyyyyyyyyyyyyyyyyyyyyyyyyyyyyyyyyyyyyyyyyyyyyyyyyyyyyyyyyyyyyyyyyyyyyyyyyyyyyyyyyyyyyyyyyyyyyyyyyyyyyyyyyyyyyyyyyyyyyyyyyyyyyyyyyyyyyyyyyyyyyyyyyyyyyyyyyyyyyyyyyyyyyyyyyyyyyyyyyyyyyyyyyyyyyyyyyyyyyyyyyyyyyyyyyyyyyyyy' exceeds maximum length of 255.
2026-07-22 23:24:05.573 7 INFO neutron.api.v2.resource [None req-9e21f999-a4fb-45b7-a4b5-ef884d933ceb ea63ba26ad3643f6bd9f9955373979b6 2026deec22884917b208ea95cca57aed - - default default] create failed (client error): Invalid input for description. Reason: 'yyyyyyyyyyyyyyyyyyyyyyyyyyyyyyyyyyyyyyyyyyyyyyyyyyyyyyyyyyyyyyyyyyyyyyyyyyyyyyyyyyyyyyyyyyyyyyyyyyyyyyyyyyyyyyyyyyyyyyyyyyyyyyyyyyyyyyyyyyyyyyyyyyyyyyyyyyyyyyyyyyyyyyyyyyyyyyyyyyyyyyyyyyyyyyyyyyyyyyyyyyyyyyyyyyyyyyyyyyyyyyyyyyyyyyyyyyyyyyyyyyyyyyyyyyyyyyyy' exceeds maximum length of 255. [pid: 7|app: 0|req: 1282/2445] 10.0.0.174 () {34 vars in 685 bytes} [Wed Jul 22 23:24:05 2026] POST /v2.0/vpn/vpnservices => generated 401 bytes in 11 msecs (HTTP/1.1 400) 4 headers in 166 bytes (1 switches on core 0)
2026-07-22 23:24:05.624 8 INFO neutron.db.ovn_revision_numbers_db [None req-02b5c62b-612a-4549-adc3-8858e09c2f0a 260357b217bd40cc867e25b437f26190 362d0d8a19e6453fba444ea174394fc1 - - default default] Successfully bumped revision number for resource 51cb0e2b-858d-4154-8fea-72549a763921 (type: ports) to 1 [pid: 8|app: 0|req: 1164/2446] 10.0.0.174 () {34 vars in 670 bytes} [Wed Jul 22 23:24:05 2026] POST /v2.0/networks => generated 632 bytes in 588 msecs (HTTP/1.1 201) 4 headers in 162 bytes (1 switches on core 0)
2026-07-22 23:24:05.681 8 WARNING neutron.api.v2.base [None req-459bb41b-d3bc-46e2-836c-30e17445f44f ea63ba26ad3643f6bd9f9955373979b6 2026deec22884917b208ea95cca57aed - - default default] An exception happened while processing the request body. The exception message is [Invalid input for name. Reason: 'xxxxxxxxxxxxxxxxxxxxxxxxxxxxxxxxxxxxxxxxxxxxxxxxxxxxxxxxxxxxxxxxxxxxxxxxxxxxxxxxxxxxxxxxxxxxxxxxxxxxxxxxxxxxxxxxxxxxxxxxxxxxxxxxxxxxxxxxxxxxxxxxxxxxxxxxxxxxxxxxxxxxxxxxxxxxxxxxxxxxxxxxxxxxxxxxxxxxxxxxxxxxxxxxxxxxxxxxxxxxxxxxxxxxxxxxxxxxxxxxxxxxxxxxxxxxxxxx' exceeds maximum length of 255.].: webob.exc.HTTPBadRequest: Invalid input for name. Reason: 'xxxxxxxxxxxxxxxxxxxxxxxxxxxxxxxxxxxxxxxxxxxxxxxxxxxxxxxxxxxxxxxxxxxxxxxxxxxxxxxxxxxxxxxxxxxxxxxxxxxxxxxxxxxxxxxxxxxxxxxxxxxxxxxxxxxxxxxxxxxxxxxxxxxxxxxxxxxxxxxxxxxxxxxxxxxxxxxxxxxxxxxxxxxxxxxxxxxxxxxxxxxxxxxxxxxxxxxxxxxxxxxxxxxxxxxxxxxxxxxxxxxxxxxxxxxxxxxx' exceeds maximum length of 255.
2026-07-22 23:24:05.682 8 INFO neutron.api.v2.resource [None req-459bb41b-d3bc-46e2-836c-30e17445f44f ea63ba26ad3643f6bd9f9955373979b6 2026deec22884917b208ea95cca57aed - - default default] create failed (client error): Invalid input for name. Reason: 'xxxxxxxxxxxxxxxxxxxxxxxxxxxxxxxxxxxxxxxxxxxxxxxxxxxxxxxxxxxxxxxxxxxxxxxxxxxxxxxxxxxxxxxxxxxxxxxxxxxxxxxxxxxxxxxxxxxxxxxxxxxxxxxxxxxxxxxxxxxxxxxxxxxxxxxxxxxxxxxxxxxxxxxxxxxxxxxxxxxxxxxxxxxxxxxxxxxxxxxxxxxxxxxxxxxxxxxxxxxxxxxxxxxxxxxxxxxxxxxxxxxxxxxxxxxxxxxx' exceeds maximum length of 255. [pid: 8|app: 0|req: 1165/2447] 10.0.0.174 () {34 vars in 685 bytes} [Wed Jul 22 23:24:05 2026] POST /v2.0/vpn/vpnservices => generated 394 bytes in 9 msecs (HTTP/1.1 400) 4 headers in 166 bytes (1 switches on core 0)
2026-07-22 23:24:05.879 8 WARNING neutron.scheduler.dhcp_agent_scheduler [None req-16552fae-af0a-42dd-bffa-e6a25c215dd6 260357b217bd40cc867e25b437f26190 362d0d8a19e6453fba444ea174394fc1 - - default default] No more DHCP agents
2026-07-22 23:24:05.881 8 WARNING neutron.api.rpc.agentnotifiers.dhcp_rpc_agent_api [None req-16552fae-af0a-42dd-bffa-e6a25c215dd6 260357b217bd40cc867e25b437f26190 362d0d8a19e6453fba444ea174394fc1 - - default default] Unable to schedule network 540f4596-2c84-409d-bb1b-4b96010ecfc5: no agents available; will retry on subsequent port and subnet creation events.
2026-07-22 23:24:05.909 7 INFO neutron_taas.services.taas.taas_plugin [None req-e327261c-e79d-437d-baf2-cd574abebcb5 2210d8a6e9da4726a3394244a532f190 c3db8c879ee14f55b3dd870821ebf99e - - default default] TaaS: Handle Delete Port: e3746bca-e12d-459f-9f66-d07248565fd2
2026-07-22 23:24:05.914 7 INFO neutron_taas.services.taas.tap_mirror_plugin [None req-e327261c-e79d-437d-baf2-cd574abebcb5 2210d8a6e9da4726a3394244a532f190 c3db8c879ee14f55b3dd870821ebf99e - - default default] Tap Mirror: Handle Delete Port: e3746bca-e12d-459f-9f66-d07248565fd2
2026-07-22 23:24:05.967 8 INFO neutron.db.ovn_revision_numbers_db [None req-16552fae-af0a-42dd-bffa-e6a25c215dd6 260357b217bd40cc867e25b437f26190 362d0d8a19e6453fba444ea174394fc1 - - default default] Successfully bumped revision number for resource dc859c17-cc02-48a5-971e-1eabc4a2b2f6 (type: ports) to 1 [pid: 8|app: 0|req: 1166/2448] 10.0.0.174 () {34 vars in 664 bytes} [Wed Jul 22 23:24:05 2026] POST /v2.0/ports => generated 743 bytes in 327 msecs (HTTP/1.1 201) 4 headers in 162 bytes (1 switches on core 0) /var/lib/openstack/lib/python3.12/site-packages/pycadf/identifier.py:70: UserWarning: Invalid uuid: neutron. To ensure interoperability, identifiers should be a valid uuid. warnings.warn(('Invalid uuid: %s. To ensure interoperability, '
2026-07-22 23:24:06.039 8 INFO neutron.api.v2.resource [None req-a1114108-146a-4671-937d-4b2bd10f385e ea63ba26ad3643f6bd9f9955373979b6 2026deec22884917b208ea95cca57aed - - default default] create failed (client error): The server could not comply with the request since it is either malformed or otherwise incorrect. [pid: 8|app: 0|req: 1167/2449] 10.0.0.174 () {34 vars in 693 bytes} [Wed Jul 22 23:24:06 2026] POST /v2.0/vpn/endpoint-groups => generated 183 bytes in 29 msecs (HTTP/1.1 400) 4 headers in 166 bytes (1 switches on core 0) [pid: 8|app: 0|req: 1168/2450] 10.0.0.174 () {34 vars in 666 bytes} [Wed Jul 22 23:24:06 2026] POST /v2.0/trunks => generated 409 bytes in 238 msecs (HTTP/1.1 201) 4 headers in 162 bytes (1 switches on core 0) [pid: 7|app: 0|req: 1283/2451] 10.0.0.174 () {32 vars in 724 bytes} [Wed Jul 22 23:24:05 2026] DELETE /v2.0/routers/273fd903-6d80-432c-8be9-17f22159360c => generated 0 bytes in 744 msecs (HTTP/1.1 204) 2 headers in 112 bytes (1 switches on core 0)
2026-07-22 23:24:06.339 8 INFO neutron.api.v2.resource [None req-59fc84cd-17b3-43f1-b53f-07e0284f4a09 ea63ba26ad3643f6bd9f9955373979b6 2026deec22884917b208ea95cca57aed - - default default] create failed (client error): The server could not comply with the request since it is either malformed or otherwise incorrect. [pid: 8|app: 0|req: 1169/2452] 10.0.0.174 () {34 vars in 693 bytes} [Wed Jul 22 23:24:06 2026] POST /v2.0/vpn/endpoint-groups => generated 160 bytes in 61 msecs (HTTP/1.1 400) 4 headers in 166 bytes (1 switches on core 0)
2026-07-22 23:24:06.450 7 INFO neutron.db.segments_db [None req-e589331e-b53e-41db-965b-1274fe34f1bb 260357b217bd40cc867e25b437f26190 362d0d8a19e6453fba444ea174394fc1 - - default default] Added segment 19ba4d5a-7fd8-4cc3-90b7-b336ed3a8565 of type geneve for network eb81c282-0d9e-4385-b377-f8d54d6d47fd [pid: 8|app: 0|req: 1170/2453] 10.0.0.174 () {32 vars in 724 bytes} [Wed Jul 22 23:24:06 2026] DELETE /v2.0/subnets/7c0e4f67-bf94-41aa-8775-8f3f2a774eb6 => generated 0 bytes in 182 msecs (HTTP/1.1 204) 3 headers in 131 bytes (1 switches on core 0)
2026-07-22 23:24:06.565 7 INFO neutron.db.ovn_revision_numbers_db [None req-e589331e-b53e-41db-965b-1274fe34f1bb 260357b217bd40cc867e25b437f26190 362d0d8a19e6453fba444ea174394fc1 - - default default] Successfully bumped revision number for resource eb81c282-0d9e-4385-b377-f8d54d6d47fd (type: networks) to 1
2026-07-22 23:24:06.568 8 INFO neutron.api.v2.resource [None req-a0b73547-6b04-4303-b227-806b6a2c6428 ea63ba26ad3643f6bd9f9955373979b6 2026deec22884917b208ea95cca57aed - - default default] create failed (client error): The server could not comply with the request since it is either malformed or otherwise incorrect. [pid: 8|app: 0|req: 1171/2454] 10.0.0.174 () {34 vars in 693 bytes} [Wed Jul 22 23:24:06 2026] POST /v2.0/vpn/endpoint-groups => generated 154 bytes in 45 msecs (HTTP/1.1 400) 4 headers in 166 bytes (1 switches on core 0)
2026-07-22 23:24:06.681 8 INFO neutron_taas.services.taas.taas_plugin [None req-e950fe83-4a70-4849-946f-344562cd1d8c 2210d8a6e9da4726a3394244a532f190 c3db8c879ee14f55b3dd870821ebf99e - - default default] TaaS: Handle Delete Port: a5dc2193-2d98-4e75-b116-f90fa4d943c1
2026-07-22 23:24:06.683 8 INFO neutron_taas.services.taas.tap_mirror_plugin [None req-e950fe83-4a70-4849-946f-344562cd1d8c 2210d8a6e9da4726a3394244a532f190 c3db8c879ee14f55b3dd870821ebf99e - - default default] Tap Mirror: Handle Delete Port: a5dc2193-2d98-4e75-b116-f90fa4d943c1
2026-07-22 23:24:06.757 7 WARNING neutron.scheduler.dhcp_agent_scheduler [None req-e589331e-b53e-41db-965b-1274fe34f1bb 260357b217bd40cc867e25b437f26190 362d0d8a19e6453fba444ea174394fc1 - - default default] No more DHCP agents
2026-07-22 23:24:06.759 7 WARNING neutron.api.rpc.agentnotifiers.dhcp_rpc_agent_api [None req-e589331e-b53e-41db-965b-1274fe34f1bb 260357b217bd40cc867e25b437f26190 362d0d8a19e6453fba444ea174394fc1 - - default default] Unable to schedule network eb81c282-0d9e-4385-b377-f8d54d6d47fd: no agents available; will retry on subsequent port and subnet creation events.
2026-07-22 23:24:06.860 7 INFO neutron.db.ovn_revision_numbers_db [None req-e589331e-b53e-41db-965b-1274fe34f1bb 260357b217bd40cc867e25b437f26190 362d0d8a19e6453fba444ea174394fc1 - - default default] Successfully bumped revision number for resource 2a8a1368-120d-455a-9048-e33b094bda3d (type: ports) to 1
2026-07-22 23:24:06.895 8 INFO neutron.services.segments.plugin [-] Segment f6153c7b-7be5-42d6-bb08-6a0b6235dd4c resource provider aggregate not found
