2026-07-22 23:20:44.392 8 INFO neutron.db.ovn_revision_numbers_db [None req-271d5ef2-f914-42bf-a2f9-e731b053fe66 2210d8a6e9da4726a3394244a532f190 c3db8c879ee14f55b3dd870821ebf99e - - default default] Successfully bumped revision number for resource 284ddfc7-7f13-4d0d-a3f8-89801a7197ff (type: security_group_rules) to 0
2026-07-22 23:20:44.409 8 INFO neutron.db.ovn_revision_numbers_db [None req-271d5ef2-f914-42bf-a2f9-e731b053fe66 2210d8a6e9da4726a3394244a532f190 c3db8c879ee14f55b3dd870821ebf99e - - default default] Successfully bumped revision number for resource 687a4aa4-b55b-4d02-a21e-433bcbd15b73 (type: security_group_rules) to 0 [pid: 7|app: 0|req: 499/1032] 199.204.45.248 () {34 vars in 1112 bytes} [Wed Jul 22 23:20:44 2026] GET /v2.0/networks/1c18a8c0-6dca-4427-a9e4-4a483d14f31b?fields=provider%3Aphysical_network&fields=provider%3Anetwork_type => generated 79 bytes in 106 msecs (HTTP/1.1 200) 4 headers in 156 bytes (1 switches on core 0)
2026-07-22 23:20:44.436 8 INFO neutron.db.ovn_revision_numbers_db [None req-271d5ef2-f914-42bf-a2f9-e731b053fe66 2210d8a6e9da4726a3394244a532f190 c3db8c879ee14f55b3dd870821ebf99e - - default default] Successfully bumped revision number for resource 6e53c183-153a-4983-ada4-c8edef05f7bf (type: security_group_rules) to 0
2026-07-22 23:20:44.440 7 INFO neutron.db.ovn_revision_numbers_db [None req-c9c2d4b2-86df-4321-aa05-57df5ec36621 - - - - - -] Successfully bumped revision number for resource aae408ef-1867-4e11-a667-d236c555ebb1 (type: ports) to 8
2026-07-22 23:20:44.450 8 INFO neutron.db.ovn_revision_numbers_db [None req-271d5ef2-f914-42bf-a2f9-e731b053fe66 2210d8a6e9da4726a3394244a532f190 c3db8c879ee14f55b3dd870821ebf99e - - default default] Successfully bumped revision number for resource b2630195-1e8d-4728-b084-0a0e6201a1e0 (type: security_group_rules) to 0 [pid: 8|app: 0|req: 534/1033] 10.0.0.174 () {32 vars in 774 bytes} [Wed Jul 22 23:20:44 2026] GET /v2.0/security-groups?tenant_id=4594be71711b42b4b9d1fc4aaeb44112&name=default => generated 2925 bytes in 255 msecs (HTTP/1.1 200) 4 headers in 158 bytes (1 switches on core 0)
2026-07-22 23:20:44.560 7 INFO neutron.plugins.ml2.drivers.ovn.mech_driver.mech_driver [None req-c2c5d989-dc3e-46cd-a516-2fbaf7a17d07 - - - - - -] OVN reports status down for port: c6473415-c784-4f91-97c1-0c962534443d
2026-07-22 23:20:44.708 7 WARNING neutron.scheduler.dhcp_agent_scheduler [None req-68257f69-980a-43e1-b99b-abfc2198dbf3 2210d8a6e9da4726a3394244a532f190 c3db8c879ee14f55b3dd870821ebf99e - - default default] No more DHCP agents
2026-07-22 23:20:44.710 7 WARNING neutron.api.rpc.agentnotifiers.dhcp_rpc_agent_api [None req-68257f69-980a-43e1-b99b-abfc2198dbf3 2210d8a6e9da4726a3394244a532f190 c3db8c879ee14f55b3dd870821ebf99e - - default default] Unable to schedule network fce1c994-4183-4775-b12a-096a7f878613: no agents available; will retry on subsequent port and subnet creation events. [pid: 8|app: 0|req: 535/1034] 10.0.0.174 () {32 vars in 740 bytes} [Wed Jul 22 23:20:44 2026] DELETE /v2.0/security-groups/690b413f-8cc1-46f8-8d05-a4e3fdbf6859 => generated 0 bytes in 315 msecs (HTTP/1.1 204) 2 headers in 112 bytes (1 switches on core 0) [pid: 8|app: 0|req: 536/1035] 199.204.45.248 () {34 vars in 994 bytes} [Wed Jul 22 23:20:45 2026] GET /v2.0/ports?device_id=a1ea4dc1-2e22-4b3c-9508-4898e0e55685 => generated 973 bytes in 64 msecs (HTTP/1.1 200) 4 headers in 157 bytes (1 switches on core 0)
2026-07-22 23:20:45.219 7 INFO neutron.db.ovn_revision_numbers_db [None req-0e471292-cc8a-4770-ab4c-ab72177b450e - - - - - -] Successfully bumped revision number for resource c6473415-c784-4f91-97c1-0c962534443d (type: ports) to 2
2026-07-22 23:20:45.259 7 INFO neutron.db.ovn_revision_numbers_db [None req-0e471292-cc8a-4770-ab4c-ab72177b450e - - - - - -] Successfully bumped revision number for resource 6099b566-91a9-4d03-8228-af340c0bf6cc (type: subnets) to 0 [pid: 7|app: 0|req: 500/1036] 10.0.0.174 () {34 vars in 669 bytes} [Wed Jul 22 23:20:44 2026] POST /v2.0/subnets => generated 689 bytes in 859 msecs (HTTP/1.1 201) 4 headers in 162 bytes (1 switches on core 0) /var/lib/openstack/lib/python3.12/site-packages/pycadf/identifier.py:70: UserWarning: Invalid uuid: neutron. To ensure interoperability, identifiers should be a valid uuid. warnings.warn(('Invalid uuid: %s. To ensure interoperability, '
2026-07-22 23:20:45.309 8 INFO neutron_taas.services.taas.taas_plugin [req-bf9c7a12-ef92-437e-a8ac-bae2e52dfe4f req-0b3e4765-daa9-4796-be0a-0707f63e3eb1 04b3dfc8545f44dc95b968cd79bd1769 d7854bd8e2cb494987ec7f34bb4c5c09 - - default default] TaaS: Handle Delete Port: aae408ef-1867-4e11-a667-d236c555ebb1
2026-07-22 23:20:45.314 8 INFO neutron_taas.services.taas.tap_mirror_plugin [req-bf9c7a12-ef92-437e-a8ac-bae2e52dfe4f req-0b3e4765-daa9-4796-be0a-0707f63e3eb1 04b3dfc8545f44dc95b968cd79bd1769 d7854bd8e2cb494987ec7f34bb4c5c09 - - default default] Tap Mirror: Handle Delete Port: aae408ef-1867-4e11-a667-d236c555ebb1
2026-07-22 23:20:45.527 8 INFO neutron.db.l3_db [req-bf9c7a12-ef92-437e-a8ac-bae2e52dfe4f req-0b3e4765-daa9-4796-be0a-0707f63e3eb1 04b3dfc8545f44dc95b968cd79bd1769 d7854bd8e2cb494987ec7f34bb4c5c09 - - default default] Floating IP ee9e013e-9798-4931-9479-133f89fcbcd3 disassociated. External IP: 10.96.250.201, port: aae408ef-1867-4e11-a667-d236c555ebb1. [pid: 8|app: 0|req: 537/1037] 199.204.45.248 () {36 vars in 997 bytes} [Wed Jul 22 23:20:45 2026] DELETE /v2.0/ports/aae408ef-1867-4e11-a667-d236c555ebb1 => generated 0 bytes in 523 msecs (HTTP/1.1 204) 3 headers in 131 bytes (1 switches on core 0) [pid: 8|app: 0|req: 538/1038] 10.0.0.20 () {34 vars in 989 bytes} [Wed Jul 22 23:20:45 2026] GET /v2.0/ports?device_id=a1ea4dc1-2e22-4b3c-9508-4898e0e55685 => generated 12 bytes in 38 msecs (HTTP/1.1 200) 4 headers in 156 bytes (1 switches on core 0)
2026-07-22 23:20:45.721 8 INFO neutron.notifiers.nova [-] Nova event matching ['req-fc69cd73-5afb-47b3-a424-c8dfa3847fcb'] response: {'server_uuid': 'a1ea4dc1-2e22-4b3c-9508-4898e0e55685', 'name': 'network-vif-deleted', 'tag': 'aae408ef-1867-4e11-a667-d236c555ebb1', 'status': 'completed', 'code': 200}
2026-07-22 23:20:45.921 7 WARNING neutron.scheduler.dhcp_agent_scheduler [None req-19bc6b67-c655-443e-bd12-56546843220a 2210d8a6e9da4726a3394244a532f190 c3db8c879ee14f55b3dd870821ebf99e - - default default] No more DHCP agents
2026-07-22 23:20:45.924 7 WARNING neutron.api.rpc.agentnotifiers.dhcp_rpc_agent_api [None req-19bc6b67-c655-443e-bd12-56546843220a 2210d8a6e9da4726a3394244a532f190 c3db8c879ee14f55b3dd870821ebf99e - - default default] Unable to schedule network db8c019c-2b9f-4820-9c1e-b885c9a2fe92: no agents available; will retry on subsequent port and subnet creation events.
2026-07-22 23:20:46.066 7 INFO neutron.plugins.ml2.drivers.ovn.mech_driver.mech_driver [None req-c2c5d989-dc3e-46cd-a516-2fbaf7a17d07 - - - - - -] OVN reports status down for port: 45686f4b-7bea-4457-bf6b-15d096f73dab
2026-07-22 23:20:46.115 7 INFO neutron.db.ovn_revision_numbers_db [None req-19bc6b67-c655-443e-bd12-56546843220a 2210d8a6e9da4726a3394244a532f190 c3db8c879ee14f55b3dd870821ebf99e - - default default] Successfully bumped revision number for resource 45686f4b-7bea-4457-bf6b-15d096f73dab (type: ports) to 1
2026-07-22 23:20:46.212 7 INFO neutron.notifiers.nova [-] Nova event matching ['req-b6d974f3-c7e9-4261-ab44-93245e795e68'] response: {'server_uuid': 'a1ea4dc1-2e22-4b3c-9508-4898e0e55685', 'name': 'network-vif-unplugged', 'status': 'completed', 'tag': 'aae408ef-1867-4e11-a667-d236c555ebb1', 'code': 200}
2026-07-22 23:20:46.817 7 INFO neutron.plugins.ml2.drivers.ovn.mech_driver.ovsdb.commands [None req-fb4cbd96-2819-4b0c-a86b-a80a7ef905c7 - - - - - -] Schedule LRP lrp-45686f4b-7bea-4457-bf6b-15d096f73dab on gateway 9fdb5634-bef2-4329-bf01-0f2324b17680 with priority 1
2026-07-22 23:20:46.876 7 INFO neutron.plugins.ml2.drivers.ovn.mech_driver.mech_driver [None req-c2c5d989-dc3e-46cd-a516-2fbaf7a17d07 - - - - - -] OVN reports status up for port: 45686f4b-7bea-4457-bf6b-15d096f73dab
2026-07-22 23:20:46.890 8 INFO neutron.plugins.ml2.drivers.ovn.mech_driver.ovsdb.ovsdb_monitor [None req-3a31bbc6-90da-4c54-b276-abd09d3be171 - - - - - -] Router 22d24a8c-d060-4776-9276-5c7f6a29244f is bound to host instance
2026-07-22 23:20:46.910 7 INFO neutron.plugins.ml2.plugin [None req-c2c5d989-dc3e-46cd-a516-2fbaf7a17d07 - - - - - -] Attempt 1 to provision port 45686f4b-7bea-4457-bf6b-15d096f73dab
2026-07-22 23:20:46.938 7 INFO neutron.db.ovn_revision_numbers_db [None req-19bc6b67-c655-443e-bd12-56546843220a 2210d8a6e9da4726a3394244a532f190 c3db8c879ee14f55b3dd870821ebf99e - - default default] Successfully bumped revision number for resource 45686f4b-7bea-4457-bf6b-15d096f73dab (type: router_ports) to 1
2026-07-22 23:20:47.034 8 INFO neutron.db.ovn_revision_numbers_db [None req-559265c4-c2cd-49a5-add0-f829d734cf5b 2210d8a6e9da4726a3394244a532f190 c3db8c879ee14f55b3dd870821ebf99e - - default default] Successfully bumped revision number for resource 648aae26-73fc-475d-8ca9-ef561dce4535 (type: security_groups) to 1
2026-07-22 23:20:47.045 7 INFO neutron.db.ovn_revision_numbers_db [None req-19bc6b67-c655-443e-bd12-56546843220a 2210d8a6e9da4726a3394244a532f190 c3db8c879ee14f55b3dd870821ebf99e - - default default] Successfully bumped revision number for resource 22d24a8c-d060-4776-9276-5c7f6a29244f (type: routers) to 2
2026-07-22 23:20:47.071 8 INFO neutron.db.ovn_revision_numbers_db [None req-559265c4-c2cd-49a5-add0-f829d734cf5b 2210d8a6e9da4726a3394244a532f190 c3db8c879ee14f55b3dd870821ebf99e - - default default] Successfully bumped revision number for resource 0987ad8a-c4e7-49ce-abeb-46e616d9ab7d (type: security_group_rules) to 0 [pid: 7|app: 0|req: 501/1039] 10.0.0.174 () {34 vars in 669 bytes} [Wed Jul 22 23:20:45 2026] POST /v2.0/routers => generated 967 bytes in 1795 msecs (HTTP/1.1 201) 4 headers in 162 bytes (1 switches on core 0) /var/lib/openstack/lib/python3.12/site-packages/pycadf/identifier.py:70: UserWarning: Invalid uuid: neutron. To ensure interoperability, identifiers should be a valid uuid. warnings.warn(('Invalid uuid: %s. To ensure interoperability, '
2026-07-22 23:20:47.097 8 INFO neutron.db.ovn_revision_numbers_db [None req-559265c4-c2cd-49a5-add0-f829d734cf5b 2210d8a6e9da4726a3394244a532f190 c3db8c879ee14f55b3dd870821ebf99e - - default default] Successfully bumped revision number for resource 25aa021c-a9a8-435c-9745-9587116fec89 (type: security_group_rules) to 0 [pid: 7|app: 0|req: 502/1040] 10.0.0.20 () {34 vars in 989 bytes} [Wed Jul 22 23:20:47 2026] GET /v2.0/ports?device_id=a1ea4dc1-2e22-4b3c-9508-4898e0e55685 => generated 12 bytes in 22 msecs (HTTP/1.1 200) 4 headers in 156 bytes (1 switches on core 0)
2026-07-22 23:20:47.117 8 INFO neutron.db.ovn_revision_numbers_db [None req-559265c4-c2cd-49a5-add0-f829d734cf5b 2210d8a6e9da4726a3394244a532f190 c3db8c879ee14f55b3dd870821ebf99e - - default default] Successfully bumped revision number for resource 5e8f5d02-0030-4962-9392-18931b4b1508 (type: security_group_rules) to 0
2026-07-22 23:20:47.156 8 INFO neutron.db.ovn_revision_numbers_db [None req-559265c4-c2cd-49a5-add0-f829d734cf5b 2210d8a6e9da4726a3394244a532f190 c3db8c879ee14f55b3dd870821ebf99e - - default default] Successfully bumped revision number for resource 676838ea-5fdc-439f-896e-f68cca65fed6 (type: security_group_rules) to 0 [pid: 8|app: 0|req: 539/1041] 10.0.0.174 () {32 vars in 774 bytes} [Wed Jul 22 23:20:46 2026] GET /v2.0/security-groups?tenant_id=0e92ddc37f244d3284df6a865dff4c75&name=default => generated 2925 bytes in 587 msecs (HTTP/1.1 200) 4 headers in 158 bytes (1 switches on core 0)
2026-07-22 23:20:47.619 7 WARNING neutron.scheduler.dhcp_agent_scheduler [None req-aefa468d-6929-4fd1-bc91-ea5af3b5bdae 2210d8a6e9da4726a3394244a532f190 c3db8c879ee14f55b3dd870821ebf99e - - default default] No more DHCP agents
2026-07-22 23:20:47.620 7 WARNING neutron.api.rpc.agentnotifiers.dhcp_rpc_agent_api [None req-aefa468d-6929-4fd1-bc91-ea5af3b5bdae 2210d8a6e9da4726a3394244a532f190 c3db8c879ee14f55b3dd870821ebf99e - - default default] Unable to schedule network fce1c994-4183-4775-b12a-096a7f878613: no agents available; will retry on subsequent port and subnet creation events. [pid: 8|app: 0|req: 540/1042] 10.0.0.174 () {32 vars in 740 bytes} [Wed Jul 22 23:20:47 2026] DELETE /v2.0/security-groups/648aae26-73fc-475d-8ca9-ef561dce4535 => generated 0 bytes in 541 msecs (HTTP/1.1 204) 2 headers in 112 bytes (1 switches on core 0)
2026-07-22 23:20:47.801 8 INFO neutron.plugins.ml2.drivers.ovn.mech_driver.mech_driver [None req-7d172ffd-3929-4bcc-8238-d2144a3674e1 - - - - - -] OVN reports status down for port: b3cb433a-a35d-4309-90f4-b28db7cd2fdb
2026-07-22 23:20:47.812 7 INFO neutron.db.ovn_revision_numbers_db [None req-aefa468d-6929-4fd1-bc91-ea5af3b5bdae 2210d8a6e9da4726a3394244a532f190 c3db8c879ee14f55b3dd870821ebf99e - - default default] Successfully bumped revision number for resource b3cb433a-a35d-4309-90f4-b28db7cd2fdb (type: ports) to 1
2026-07-22 23:20:48.207 8 INFO neutron.db.ovn_revision_numbers_db [None req-6465215f-360c-4ce7-b675-3a9c1ba8c4b0 2210d8a6e9da4726a3394244a532f190 c3db8c879ee14f55b3dd870821ebf99e - - default default] Successfully bumped revision number for resource 82728efd-5f78-4481-8a98-a20f6a24d21a (type: security_groups) to 1
2026-07-22 23:20:48.228 8 INFO neutron.db.ovn_revision_numbers_db [None req-6465215f-360c-4ce7-b675-3a9c1ba8c4b0 2210d8a6e9da4726a3394244a532f190 c3db8c879ee14f55b3dd870821ebf99e - - default default] Successfully bumped revision number for resource 08a140a3-fcb6-497a-a514-46f13cc20ef3 (type: security_group_rules) to 0
2026-07-22 23:20:48.264 8 INFO neutron.db.ovn_revision_numbers_db [None req-6465215f-360c-4ce7-b675-3a9c1ba8c4b0 2210d8a6e9da4726a3394244a532f190 c3db8c879ee14f55b3dd870821ebf99e - - default default] Successfully bumped revision number for resource 2102d64e-4a28-4136-9b92-97402b2f05ef (type: security_group_rules) to 0
2026-07-22 23:20:48.292 8 INFO neutron.db.ovn_revision_numbers_db [None req-6465215f-360c-4ce7-b675-3a9c1ba8c4b0 2210d8a6e9da4726a3394244a532f190 c3db8c879ee14f55b3dd870821ebf99e - - default default] Successfully bumped revision number for resource 6de06988-2965-4897-bc9c-85b32042535f (type: security_group_rules) to 0
2026-07-22 23:20:48.324 8 INFO neutron.db.ovn_revision_numbers_db [None req-6465215f-360c-4ce7-b675-3a9c1ba8c4b0 2210d8a6e9da4726a3394244a532f190 c3db8c879ee14f55b3dd870821ebf99e - - default default] Successfully bumped revision number for resource e1df2d78-da1f-4f0a-a17d-2f5f03b6cc80 (type: security_group_rules) to 0
2026-07-22 23:20:48.454 8 INFO neutron.plugins.ml2.drivers.ovn.mech_driver.mech_driver [None req-7d172ffd-3929-4bcc-8238-d2144a3674e1 - - - - - -] OVN reports status up for port: b3cb433a-a35d-4309-90f4-b28db7cd2fdb
2026-07-22 23:20:48.456 8 INFO neutron.db.ovn_revision_numbers_db [None req-bdff420f-00fa-4845-a870-be653314dab3 - - - - - -] Successfully bumped revision number for resource 45686f4b-7bea-4457-bf6b-15d096f73dab (type: ports) to 4 [pid: 8|app: 0|req: 541/1043] 10.0.0.174 () {32 vars in 774 bytes} [Wed Jul 22 23:20:47 2026] GET /v2.0/security-groups?tenant_id=03da0cf186d04484827a08a3d52a1a90&name=default => generated 2925 bytes in 502 msecs (HTTP/1.1 200) 4 headers in 158 bytes (1 switches on core 0)
2026-07-22 23:20:48.479 8 INFO neutron.plugins.ml2.plugin [None req-7d172ffd-3929-4bcc-8238-d2144a3674e1 - - - - - -] Attempt 1 to provision port b3cb433a-a35d-4309-90f4-b28db7cd2fdb
2026-07-22 23:20:48.483 7 WARNING neutron.scheduler.dhcp_agent_scheduler [None req-aefa468d-6929-4fd1-bc91-ea5af3b5bdae 2210d8a6e9da4726a3394244a532f190 c3db8c879ee14f55b3dd870821ebf99e - - default default] No more DHCP agents
2026-07-22 23:20:48.485 7 WARNING neutron.api.rpc.agentnotifiers.dhcp_rpc_agent_api [None req-aefa468d-6929-4fd1-bc91-ea5af3b5bdae 2210d8a6e9da4726a3394244a532f190 c3db8c879ee14f55b3dd870821ebf99e - - default default] Unable to schedule network fce1c994-4183-4775-b12a-096a7f878613: no agents available; will retry on subsequent port and subnet creation events. [pid: 8|app: 0|req: 542/1044] 10.0.0.20 () {34 vars in 989 bytes} [Wed Jul 22 23:20:48 2026] GET /v2.0/ports?device_id=a1ea4dc1-2e22-4b3c-9508-4898e0e55685 => generated 12 bytes in 75 msecs (HTTP/1.1 200) 4 headers in 156 bytes (1 switches on core 0)
2026-07-22 23:20:49.125 7 INFO neutron.db.ovn_revision_numbers_db [None req-aefa468d-6929-4fd1-bc91-ea5af3b5bdae 2210d8a6e9da4726a3394244a532f190 c3db8c879ee14f55b3dd870821ebf99e - - default default] Successfully bumped revision number for resource b3cb433a-a35d-4309-90f4-b28db7cd2fdb (type: router_ports) to 1 [pid: 7|app: 0|req: 503/1045] 10.0.0.174 () {34 vars in 783 bytes} [Wed Jul 22 23:20:47 2026] PUT /v2.0/routers/22d24a8c-d060-4776-9276-5c7f6a29244f/add_router_interface => generated 309 bytes in 2031 msecs (HTTP/1.1 200) 4 headers in 157 bytes (1 switches on core 0)
2026-07-22 23:20:49.577 7 INFO neutron.db.ovn_revision_numbers_db [None req-1487d88d-18cc-4ea7-a9ae-094034481d4c 2210d8a6e9da4726a3394244a532f190 c3db8c879ee14f55b3dd870821ebf99e - - default default] Successfully bumped revision number for resource a33d8ebb-7747-4fd9-94cb-c0264d48675b (type: security_groups) to 1
2026-07-22 23:20:49.597 7 INFO neutron.db.ovn_revision_numbers_db [None req-1487d88d-18cc-4ea7-a9ae-094034481d4c 2210d8a6e9da4726a3394244a532f190 c3db8c879ee14f55b3dd870821ebf99e - - default default] Successfully bumped revision number for resource 1e112e48-524d-485a-adfb-b6a0a76c218d (type: security_group_rules) to 0
2026-07-22 23:20:49.610 7 INFO neutron.db.ovn_revision_numbers_db [None req-1487d88d-18cc-4ea7-a9ae-094034481d4c 2210d8a6e9da4726a3394244a532f190 c3db8c879ee14f55b3dd870821ebf99e - - default default] Successfully bumped revision number for resource 4114bf85-15b5-43e4-9a09-21c0d0bd3140 (type: security_group_rules) to 0
2026-07-22 23:20:49.625 7 INFO neutron.db.ovn_revision_numbers_db [None req-1487d88d-18cc-4ea7-a9ae-094034481d4c 2210d8a6e9da4726a3394244a532f190 c3db8c879ee14f55b3dd870821ebf99e - - default default] Successfully bumped revision number for resource a1d6f517-01f5-420a-b2d2-c16bd02d6485 (type: security_group_rules) to 0
2026-07-22 23:20:49.641 7 INFO neutron.db.ovn_revision_numbers_db [None req-1487d88d-18cc-4ea7-a9ae-094034481d4c 2210d8a6e9da4726a3394244a532f190 c3db8c879ee14f55b3dd870821ebf99e - - default default] Successfully bumped revision number for resource b78d6215-34b0-49a8-a4de-180972f33b4c (type: security_group_rules) to 0 [pid: 7|app: 0|req: 504/1046] 10.0.0.174 () {32 vars in 774 bytes} [Wed Jul 22 23:20:49 2026] GET /v2.0/security-groups?tenant_id=34dfb6e403b740188a723f806c62b05a&name=default => generated 2925 bytes in 567 msecs (HTTP/1.1 200) 4 headers in 158 bytes (1 switches on core 0) [pid: 8|app: 0|req: 543/1047] 10.0.0.174 () {32 vars in 740 bytes} [Wed Jul 22 23:20:48 2026] DELETE /v2.0/security-groups/82728efd-5f78-4481-8a98-a20f6a24d21a => generated 0 bytes in 1191 msecs (HTTP/1.1 204) 2 headers in 112 bytes (1 switches on core 0)
2026-07-22 23:20:49.875 8 INFO neutron.db.ovn_revision_numbers_db [None req-bdff420f-00fa-4845-a870-be653314dab3 - - - - - -] Successfully bumped revision number for resource 45686f4b-7bea-4457-bf6b-15d096f73dab (type: ports) to 5 [pid: 7|app: 0|req: 505/1048] 10.0.0.174 () {32 vars in 740 bytes} [Wed Jul 22 23:20:49 2026] DELETE /v2.0/security-groups/7005a955-3c89-44c8-b7d4-613473e909c4 => generated 0 bytes in 180 msecs (HTTP/1.1 204) 2 headers in 112 bytes (1 switches on core 0)
2026-07-22 23:20:49.901 8 INFO neutron.db.ovn_revision_numbers_db [None req-7d172ffd-3929-4bcc-8238-d2144a3674e1 - - - - - -] Successfully bumped revision number for resource b3cb433a-a35d-4309-90f4-b28db7cd2fdb (type: ports) to 2
2026-07-22 23:20:49.998 7 INFO neutron.db.ovn_revision_numbers_db [None req-ca78841c-0f28-46f8-b083-efcf4a927fe9 5941d094f696498d927ad752c63ad8d5 a64f6ee76e4a41768bed116e9c90a138 - - default default] Successfully bumped revision number for resource b74dcc57-42ec-41da-867e-769910fb1b2e (type: security_groups) to 1
2026-07-22 23:20:50.009 7 INFO neutron.db.ovn_revision_numbers_db [None req-ca78841c-0f28-46f8-b083-efcf4a927fe9 5941d094f696498d927ad752c63ad8d5 a64f6ee76e4a41768bed116e9c90a138 - - default default] Successfully bumped revision number for resource 21612f2c-7441-4dfc-a2a2-656ac9566a66 (type: security_group_rules) to 0
2026-07-22 23:20:50.026 7 INFO neutron.db.ovn_revision_numbers_db [None req-ca78841c-0f28-46f8-b083-efcf4a927fe9 5941d094f696498d927ad752c63ad8d5 a64f6ee76e4a41768bed116e9c90a138 - - default default] Successfully bumped revision number for resource 7d106d02-7a31-4d43-a33c-b4b38552e53e (type: security_group_rules) to 0 [pid: 7|app: 0|req: 506/1049] 10.0.0.174 () {34 vars in 685 bytes} [Wed Jul 22 23:20:49 2026] POST /v2.0/security-groups => generated 1660 bytes in 179 msecs (HTTP/1.1 201) 4 headers in 163 bytes (1 switches on core 0)
2026-07-22 23:20:50.074 7 INFO neutron.api.v2.resource [None req-36cfbe50-0c85-4465-bf08-d9ca667e2ef2 04b3dfc8545f44dc95b968cd79bd1769 d7854bd8e2cb494987ec7f34bb4c5c09 - - default default] show failed (client error): The resource could not be found. [pid: 7|app: 0|req: 507/1050] 10.0.0.174 () {32 vars in 737 bytes} [Wed Jul 22 23:20:50 2026] GET /v2.0/security-groups/7005a955-3c89-44c8-b7d4-613473e909c4 => generated 146 bytes in 11 msecs (HTTP/1.1 404) 4 headers in 164 bytes (1 switches on core 0)
2026-07-22 23:20:50.214 7 INFO neutron.db.ovn_revision_numbers_db [None req-b3bffbd1-bf72-427c-8366-e2cbfd5484bc 5941d094f696498d927ad752c63ad8d5 a64f6ee76e4a41768bed116e9c90a138 - - default default] Successfully bumped revision number for resource 8694c16b-5d09-4f48-af8a-1c4b2f7b0305 (type: security_group_rules) to 0 [pid: 7|app: 0|req: 508/1051] 10.0.0.174 () {34 vars in 695 bytes} [Wed Jul 22 23:20:50 2026] POST /v2.0/security-group-rules => generated 597 bytes in 176 msecs (HTTP/1.1 201) 4 headers in 162 bytes (1 switches on core 0)
2026-07-22 23:20:50.310 8 INFO neutron.db.ovn_revision_numbers_db [None req-b8355b04-bb52-4f25-9131-0caf1515aa7f - - - - - -] Successfully bumped revision number for resource b3cb433a-a35d-4309-90f4-b28db7cd2fdb (type: router_ports) to 2
2026-07-22 23:20:50.397 7 INFO neutron_taas.services.taas.taas_plugin [None req-20ab4da8-a84d-440d-aed0-17ef4d30fc0f 04b3dfc8545f44dc95b968cd79bd1769 d7854bd8e2cb494987ec7f34bb4c5c09 - - default default] TaaS: Handle Delete Port: 21c4c7dc-1004-4bc0-bd35-f14b0370065b [pid: 8|app: 0|req: 544/1052] 10.0.0.174 () {32 vars in 740 bytes} [Wed Jul 22 23:20:49 2026] DELETE /v2.0/security-groups/a33d8ebb-7747-4fd9-94cb-c0264d48675b => generated 0 bytes in 666 msecs (HTTP/1.1 204) 2 headers in 112 bytes (1 switches on core 0)
2026-07-22 23:20:50.400 7 INFO neutron_taas.services.taas.tap_mirror_plugin [None req-20ab4da8-a84d-440d-aed0-17ef4d30fc0f 04b3dfc8545f44dc95b968cd79bd1769 d7854bd8e2cb494987ec7f34bb4c5c09 - - default default] Tap Mirror: Handle Delete Port: 21c4c7dc-1004-4bc0-bd35-f14b0370065b
2026-07-22 23:20:50.541 8 INFO neutron.db.ovn_revision_numbers_db [None req-853ec8b4-dddf-4af4-84ab-5cff30d27f15 5941d094f696498d927ad752c63ad8d5 a64f6ee76e4a41768bed116e9c90a138 - - default default] Successfully bumped revision number for resource 2fd3cbfc-e6a7-4d81-991d-a80aa848b4d9 (type: security_group_rules) to 0 [pid: 8|app: 0|req: 545/1053] 10.0.0.174 () {34 vars in 695 bytes} [Wed Jul 22 23:20:50 2026] POST /v2.0/security-group-rules => generated 602 bytes in 188 msecs (HTTP/1.1 201) 4 headers in 162 bytes (1 switches on core 0) [pid: 7|app: 0|req: 509/1054] 10.0.0.174 () {32 vars in 732 bytes} [Wed Jul 22 23:20:50 2026] DELETE /v2.0/floatingips/ee9e013e-9798-4931-9479-133f89fcbcd3 => generated 0 bytes in 340 msecs (HTTP/1.1 204) 2 headers in 112 bytes (1 switches on core 0)
2026-07-22 23:20:50.741 8 INFO neutron.db.ovn_revision_numbers_db [None req-8860b1d8-de65-47b0-bf86-6e395d90d042 2210d8a6e9da4726a3394244a532f190 c3db8c879ee14f55b3dd870821ebf99e - - default default] Successfully bumped revision number for resource 79dcccf5-2fe9-46b4-bc6c-0c7d1a991b5b (type: security_groups) to 1
2026-07-22 23:20:50.751 8 INFO neutron.db.ovn_revision_numbers_db [None req-8860b1d8-de65-47b0-bf86-6e395d90d042 2210d8a6e9da4726a3394244a532f190 c3db8c879ee14f55b3dd870821ebf99e - - default default] Successfully bumped revision number for resource 0fbc3105-b203-4ec1-8dc3-47e3b4a4003f (type: security_group_rules) to 0
2026-07-22 23:20:50.768 8 INFO neutron.db.ovn_revision_numbers_db [None req-8860b1d8-de65-47b0-bf86-6e395d90d042 2210d8a6e9da4726a3394244a532f190 c3db8c879ee14f55b3dd870821ebf99e - - default default] Successfully bumped revision number for resource 4d28a6ec-b5a7-4dc2-b3f2-8a22071ffbcb (type: security_group_rules) to 0
2026-07-22 23:20:50.780 8 INFO neutron.db.ovn_revision_numbers_db [None req-8860b1d8-de65-47b0-bf86-6e395d90d042 2210d8a6e9da4726a3394244a532f190 c3db8c879ee14f55b3dd870821ebf99e - - default default] Successfully bumped revision number for resource 914f7bd0-e258-41a2-85fa-f68d9a7aeb17 (type: security_group_rules) to 0
2026-07-22 23:20:50.806 8 INFO neutron.db.ovn_revision_numbers_db [None req-8860b1d8-de65-47b0-bf86-6e395d90d042 2210d8a6e9da4726a3394244a532f190 c3db8c879ee14f55b3dd870821ebf99e - - default default] Successfully bumped revision number for resource 9748dff5-5631-45a7-8a2c-ff94683b1144 (type: security_group_rules) to 0 [pid: 8|app: 0|req: 546/1055] 10.0.0.174 () {32 vars in 774 bytes} [Wed Jul 22 23:20:50 2026] GET /v2.0/security-groups?tenant_id=57ec82385879419bbaf088719cfa7edc&name=default => generated 2925 bytes in 271 msecs (HTTP/1.1 200) 4 headers in 158 bytes (1 switches on core 0)
2026-07-22 23:20:50.864 7 WARNING neutron.scheduler.dhcp_agent_scheduler [None req-cf3f2cc5-9596-41e4-b3e7-e833a294d103 5941d094f696498d927ad752c63ad8d5 a64f6ee76e4a41768bed116e9c90a138 - - default default] No more DHCP agents
2026-07-22 23:20:50.865 7 WARNING neutron.api.rpc.agentnotifiers.dhcp_rpc_agent_api [None req-cf3f2cc5-9596-41e4-b3e7-e833a294d103 5941d094f696498d927ad752c63ad8d5 a64f6ee76e4a41768bed116e9c90a138 - - default default] Unable to schedule network db8c019c-2b9f-4820-9c1e-b885c9a2fe92: no agents available; will retry on subsequent port and subnet creation events.
2026-07-22 23:20:51.163 8 INFO neutron_taas.services.taas.taas_plugin [None req-01782b91-0d47-4a21-967f-20c6c012ec8d 2210d8a6e9da4726a3394244a532f190 c3db8c879ee14f55b3dd870821ebf99e - - default default] TaaS: Handle Delete Port: 16dfbbf0-757d-4599-a133-d7657a79d3c6
2026-07-22 23:20:51.166 8 INFO neutron_taas.services.taas.tap_mirror_plugin [None req-01782b91-0d47-4a21-967f-20c6c012ec8d 2210d8a6e9da4726a3394244a532f190 c3db8c879ee14f55b3dd870821ebf99e - - default default] Tap Mirror: Handle Delete Port: 16dfbbf0-757d-4599-a133-d7657a79d3c6 [pid: 7|app: 0|req: 510/1056] 10.0.0.174 () {34 vars in 676 bytes} [Wed Jul 22 23:20:50 2026] POST /v2.0/floatingips => generated 552 bytes in 609 msecs (HTTP/1.1 201) 4 headers in 162 bytes (1 switches on core 0) [pid: 7|app: 0|req: 511/1057] 10.0.0.174 () {32 vars in 740 bytes} [Wed Jul 22 23:20:51 2026] DELETE /v2.0/security-groups/79dcccf5-2fe9-46b4-bc6c-0c7d1a991b5b => generated 0 bytes in 300 msecs (HTTP/1.1 204) 2 headers in 112 bytes (1 switches on core 0) [pid: 7|app: 0|req: 512/1058] 10.0.0.20 () {34 vars in 1097 bytes} [Wed Jul 22 23:20:51 2026] GET /v2.0/security-groups?name=tempest-securitygroup--558280237&fields=id&tenant_id=a64f6ee76e4a41768bed116e9c90a138 => generated 69 bytes in 38 msecs (HTTP/1.1 200) 4 headers in 156 bytes (1 switches on core 0) [pid: 7|app: 0|req: 513/1059] 10.0.0.20 () {34 vars in 981 bytes} [Wed Jul 22 23:20:51 2026] GET /v2.0/networks?id=fce1c994-4183-4775-b12a-096a7f878613 => generated 674 bytes in 45 msecs (HTTP/1.1 200) 4 headers in 157 bytes (1 switches on core 0) [pid: 7|app: 0|req: 514/1060] 10.0.0.20 () {34 vars in 964 bytes} [Wed Jul 22 23:20:51 2026] GET /v2.0/quotas/a64f6ee76e4a41768bed116e9c90a138 => generated 292 bytes in 17 msecs (HTTP/1.1 200) 4 headers in 157 bytes (1 switches on core 0) [pid: 8|app: 0|req: 547/1061] 10.0.0.174 () {34 vars in 789 bytes} [Wed Jul 22 23:20:50 2026] PUT /v2.0/routers/495261da-35be-43d7-9a67-b222b510611f/remove_router_interface => generated 309 bytes in 1031 msecs (HTTP/1.1 200) 4 headers in 157 bytes (1 switches on core 0) /var/lib/openstack/lib/python3.12/site-packages/pycadf/identifier.py:70: UserWarning: Invalid uuid: neutron. To ensure interoperability, identifiers should be a valid uuid. warnings.warn(('Invalid uuid: %s. To ensure interoperability, ' [pid: 7|app: 0|req: 515/1062] 10.0.0.20 () {34 vars in 1001 bytes} [Wed Jul 22 23:20:51 2026] GET /v2.0/ports?tenant_id=a64f6ee76e4a41768bed116e9c90a138&fields=id => generated 103 bytes in 117 msecs (HTTP/1.1 200) 4 headers in 157 bytes (1 switches on core 0) [pid: 7|app: 0|req: 516/1063] 10.0.0.20 () {34 vars in 1007 bytes} [Wed Jul 22 23:20:51 2026] GET /v2.0/networks/fce1c994-4183-4775-b12a-096a7f878613?fields=segments => generated 14 bytes in 48 msecs (HTTP/1.1 200) 4 headers in 156 bytes (1 switches on core 0) [pid: 7|app: 0|req: 517/1064] 10.0.0.20 () {34 vars in 1107 bytes} [Wed Jul 22 23:20:51 2026] GET /v2.0/networks/fce1c994-4183-4775-b12a-096a7f878613?fields=provider%3Aphysical_network&fields=provider%3Anetwork_type => generated 79 bytes in 59 msecs (HTTP/1.1 200) 4 headers in 156 bytes (1 switches on core 0)
2026-07-22 23:20:52.254 8 INFO neutron_taas.services.taas.taas_plugin [None req-9600d52b-d436-44e8-88b4-e6ef1a30e1cf 2210d8a6e9da4726a3394244a532f190 c3db8c879ee14f55b3dd870821ebf99e - - default default] TaaS: Handle Delete Port: d0940dd8-9e11-46c0-a376-96a2cb7c8e6c
2026-07-22 23:20:52.258 8 INFO neutron_taas.services.taas.tap_mirror_plugin [None req-9600d52b-d436-44e8-88b4-e6ef1a30e1cf 2210d8a6e9da4726a3394244a532f190 c3db8c879ee14f55b3dd870821ebf99e - - default default] Tap Mirror: Handle Delete Port: d0940dd8-9e11-46c0-a376-96a2cb7c8e6c
2026-07-22 23:20:52.319 7 INFO neutron.db.ovn_revision_numbers_db [None req-65234654-11b9-4de0-85d1-b1260c446313 2210d8a6e9da4726a3394244a532f190 c3db8c879ee14f55b3dd870821ebf99e - - default default] Successfully bumped revision number for resource bb0f0204-7228-41fd-8171-f3ae701d3f02 (type: security_groups) to 1
2026-07-22 23:20:52.333 7 INFO neutron.db.ovn_revision_numbers_db [None req-65234654-11b9-4de0-85d1-b1260c446313 2210d8a6e9da4726a3394244a532f190 c3db8c879ee14f55b3dd870821ebf99e - - default default] Successfully bumped revision number for resource 0f9a7c93-84f8-48d5-a9d3-268587636272 (type: security_group_rules) to 0
2026-07-22 23:20:52.346 7 INFO neutron.db.ovn_revision_numbers_db [None req-65234654-11b9-4de0-85d1-b1260c446313 2210d8a6e9da4726a3394244a532f190 c3db8c879ee14f55b3dd870821ebf99e - - default default] Successfully bumped revision number for resource 2156bb5b-4230-4f6a-9938-4a71fa55c81c (type: security_group_rules) to 0
2026-07-22 23:20:52.372 7 INFO neutron.db.ovn_revision_numbers_db [None req-65234654-11b9-4de0-85d1-b1260c446313 2210d8a6e9da4726a3394244a532f190 c3db8c879ee14f55b3dd870821ebf99e - - default default] Successfully bumped revision number for resource 3a5a18a2-3828-4848-9ae4-84c7c73a7af4 (type: security_group_rules) to 0
2026-07-22 23:20:52.390 7 INFO neutron.db.ovn_revision_numbers_db [None req-65234654-11b9-4de0-85d1-b1260c446313 2210d8a6e9da4726a3394244a532f190 c3db8c879ee14f55b3dd870821ebf99e - - default default] Successfully bumped revision number for resource 5aa17ba8-2207-48b4-9b56-777b86cb6c79 (type: security_group_rules) to 0 [pid: 7|app: 0|req: 518/1065] 10.0.0.174 () {32 vars in 774 bytes} [Wed Jul 22 23:20:52 2026] GET /v2.0/security-groups?tenant_id=29436a32f49746cea5b2bb47bedf15cd&name=default => generated 2925 bytes in 360 msecs (HTTP/1.1 200) 4 headers in 158 bytes (1 switches on core 0) [pid: 7|app: 0|req: 519/1066] 10.0.0.20 () {34 vars in 989 bytes} [Wed Jul 22 23:20:52 2026] GET /v2.0/ports?device_id=ce99425f-fab0-4b73-b7aa-b49d5e75e94f => generated 12 bytes in 25 msecs (HTTP/1.1 200) 4 headers in 156 bytes (1 switches on core 0) [pid: 8|app: 0|req: 548/1067] 10.0.0.174 () {32 vars in 724 bytes} [Wed Jul 22 23:20:51 2026] DELETE /v2.0/routers/495261da-35be-43d7-9a67-b222b510611f => generated 0 bytes in 819 msecs (HTTP/1.1 204) 2 headers in 112 bytes (1 switches on core 0) [pid: 7|app: 0|req: 520/1070] 10.0.0.174 () {32 vars in 740 bytes} [Wed Jul 22 23:20:52 2026] DELETE /v2.0/security-groups/bb0f0204-7228-41fd-8171-f3ae701d3f02 => generated 0 bytes in 279 msecs (HTTP/1.1 204) 2 headers in 112 bytes (1 switches on core 0) [pid: 8|app: 0|req: 551/1071] 10.0.0.174 () {32 vars in 724 bytes} [Wed Jul 22 23:20:52 2026] DELETE /v2.0/subnets/eb8c9239-cde1-4aa3-bb37-70ce2bd1f8b7 => generated 0 bytes in 200 msecs (HTTP/1.1 204) 3 headers in 131 bytes (1 switches on core 0)
2026-07-22 23:20:53.092 7 INFO neutron_taas.services.taas.taas_plugin [None req-6cf1d334-946c-4780-9978-3e53a6b10091 2210d8a6e9da4726a3394244a532f190 c3db8c879ee14f55b3dd870821ebf99e - - default default] TaaS: Handle Delete Port: 1261f9a3-7cbe-4e16-a51e-46b61433471c
2026-07-22 23:20:53.095 7 INFO neutron_taas.services.taas.tap_mirror_plugin [None req-6cf1d334-946c-4780-9978-3e53a6b10091 2210d8a6e9da4726a3394244a532f190 c3db8c879ee14f55b3dd870821ebf99e - - default default] Tap Mirror: Handle Delete Port: 1261f9a3-7cbe-4e16-a51e-46b61433471c
2026-07-22 23:20:53.323 7 INFO neutron.services.segments.plugin [-] Segment 5b8136a3-61b0-4e4f-ac20-e10560ac0aab resource provider aggregate not found
2026-07-22 23:20:53.326 7 INFO neutron.services.segments.plugin [-] Segment 5b8136a3-61b0-4e4f-ac20-e10560ac0aab resource provider aggregate not found
2026-07-22 23:20:53.360 7 INFO neutron.services.segments.plugin [-] Client error retrieving segment 5b8136a3-61b0-4e4f-ac20-e10560ac0aab resource provider; error: Placement Client Error (4xx): {"errors": [{"status": 404, "title": "Not Found", "detail": "The resource could not be found.\n\n No resource provider with uuid 5b8136a3-61b0-4e4f-ac20-e10560ac0aab found for delete ", "request_id": "req-8b8a2b1c-a8bc-4988-bb27-8e96f6faf9f2"}]}
2026-07-22 23:20:53.365 7 INFO neutron.services.segments.plugin [-] Client error retrieving segment 5b8136a3-61b0-4e4f-ac20-e10560ac0aab resource provider; error: Placement Client Error (4xx): {"errors": [{"status": 404, "title": "Not Found", "detail": "The resource could not be found.\n\n No resource provider with uuid 5b8136a3-61b0-4e4f-ac20-e10560ac0aab found for delete ", "request_id": "req-2b156a37-ef94-4112-bbf4-4d3ea965518c"}]} [pid: 7|app: 0|req: 521/1072] 10.0.0.174 () {32 vars in 726 bytes} [Wed Jul 22 23:20:52 2026] DELETE /v2.0/networks/1c18a8c0-6dca-4427-a9e4-4a483d14f31b => generated 0 bytes in 448 msecs (HTTP/1.1 204) 3 headers in 131 bytes (1 switches on core 0) [pid: 8|app: 0|req: 552/1073] 10.0.0.174 () {32 vars in 774 bytes} [Wed Jul 22 23:20:53 2026] GET /v2.0/security-groups?tenant_id=d7854bd8e2cb494987ec7f34bb4c5c09&name=default => generated 2921 bytes in 28 msecs (HTTP/1.1 200) 4 headers in 158 bytes (1 switches on core 0) [pid: 7|app: 0|req: 522/1074] 10.0.0.20 () {34 vars in 989 bytes} [Wed Jul 22 23:20:53 2026] GET /v2.0/ports?device_id=ce99425f-fab0-4b73-b7aa-b49d5e75e94f => generated 12 bytes in 28 msecs (HTTP/1.1 200) 4 headers in 156 bytes (1 switches on core 0) [pid: 8|app: 0|req: 553/1075] 10.0.0.174 () {32 vars in 740 bytes} [Wed Jul 22 23:20:53 2026] DELETE /v2.0/security-groups/b96ff2b1-8de1-4052-86b9-08dc58180bcc => generated 0 bytes in 227 msecs (HTTP/1.1 204) 2 headers in 112 bytes (1 switches on core 0) [pid: 7|app: 0|req: 523/1076] 10.0.0.20 () {34 vars in 989 bytes} [Wed Jul 22 23:20:54 2026] GET /v2.0/ports?device_id=ce99425f-fab0-4b73-b7aa-b49d5e75e94f => generated 12 bytes in 18 msecs (HTTP/1.1 200) 4 headers in 156 bytes (1 switches on core 0) [pid: 7|app: 0|req: 524/1077] 10.0.0.20 () {34 vars in 989 bytes} [Wed Jul 22 23:20:55 2026] GET /v2.0/ports?device_id=ce99425f-fab0-4b73-b7aa-b49d5e75e94f => generated 12 bytes in 27 msecs (HTTP/1.1 200) 4 headers in 156 bytes (1 switches on core 0)
2026-07-22 23:20:55.783 8 INFO neutron.db.ovn_revision_numbers_db [None req-36ac9714-e282-4751-b40d-63dd4f3ac501 2210d8a6e9da4726a3394244a532f190 c3db8c879ee14f55b3dd870821ebf99e - - default default] Successfully bumped revision number for resource 78e4ba4c-422a-417a-88f8-09309838af07 (type: security_groups) to 1
2026-07-22 23:20:55.795 8 INFO neutron.db.ovn_revision_numbers_db [None req-36ac9714-e282-4751-b40d-63dd4f3ac501 2210d8a6e9da4726a3394244a532f190 c3db8c879ee14f55b3dd870821ebf99e - - default default] Successfully bumped revision number for resource 779878fe-979b-4a85-8b44-14472cdd1066 (type: security_group_rules) to 0
2026-07-22 23:20:55.812 8 INFO neutron.db.ovn_revision_numbers_db [None req-36ac9714-e282-4751-b40d-63dd4f3ac501 2210d8a6e9da4726a3394244a532f190 c3db8c879ee14f55b3dd870821ebf99e - - default default] Successfully bumped revision number for resource 7c65dc3d-2350-44b4-a12d-996466241114 (type: security_group_rules) to 0
2026-07-22 23:20:55.824 8 INFO neutron.db.ovn_revision_numbers_db [None req-36ac9714-e282-4751-b40d-63dd4f3ac501 2210d8a6e9da4726a3394244a532f190 c3db8c879ee14f55b3dd870821ebf99e - - default default] Successfully bumped revision number for resource d842024d-5f54-4e08-bf0e-c4b389c4b5ba (type: security_group_rules) to 0
2026-07-22 23:20:55.836 8 INFO neutron.db.ovn_revision_numbers_db [None req-36ac9714-e282-4751-b40d-63dd4f3ac501 2210d8a6e9da4726a3394244a532f190 c3db8c879ee14f55b3dd870821ebf99e - - default default] Successfully bumped revision number for resource fcb7688c-e20f-4bb2-a91b-5840dfdb11d6 (type: security_group_rules) to 0
2026-07-22 23:20:55.919 8 INFO neutron.db.segments_db [None req-36ac9714-e282-4751-b40d-63dd4f3ac501 2210d8a6e9da4726a3394244a532f190 c3db8c879ee14f55b3dd870821ebf99e - - default default] Added segment 75a63c2b-0770-42bd-9580-f141e1516015 of type geneve for network 1db0a27c-93b8-4182-b28e-cef275bc1e3e
2026-07-22 23:20:56.066 8 INFO neutron.db.ovn_revision_numbers_db [None req-36ac9714-e282-4751-b40d-63dd4f3ac501 2210d8a6e9da4726a3394244a532f190 c3db8c879ee14f55b3dd870821ebf99e - - default default] Successfully bumped revision number for resource 1db0a27c-93b8-4182-b28e-cef275bc1e3e (type: networks) to 1
2026-07-22 23:20:56.226 8 WARNING neutron.scheduler.dhcp_agent_scheduler [None req-36ac9714-e282-4751-b40d-63dd4f3ac501 2210d8a6e9da4726a3394244a532f190 c3db8c879ee14f55b3dd870821ebf99e - - default default] No more DHCP agents
2026-07-22 23:20:56.227 8 WARNING neutron.api.rpc.agentnotifiers.dhcp_rpc_agent_api [None req-36ac9714-e282-4751-b40d-63dd4f3ac501 2210d8a6e9da4726a3394244a532f190 c3db8c879ee14f55b3dd870821ebf99e - - default default] Unable to schedule network 1db0a27c-93b8-4182-b28e-cef275bc1e3e: no agents available; will retry on subsequent port and subnet creation events.
2026-07-22 23:20:56.286 7 INFO neutron.plugins.ml2.drivers.ovn.mech_driver.mech_driver [None req-c2c5d989-dc3e-46cd-a516-2fbaf7a17d07 - - - - - -] OVN reports status down for port: c428d546-5da1-4cbd-9ac9-4e3dcb4a55b2
2026-07-22 23:20:56.331 8 INFO neutron.db.ovn_revision_numbers_db [None req-36ac9714-e282-4751-b40d-63dd4f3ac501 2210d8a6e9da4726a3394244a532f190 c3db8c879ee14f55b3dd870821ebf99e - - default default] Successfully bumped revision number for resource c428d546-5da1-4cbd-9ac9-4e3dcb4a55b2 (type: ports) to 1 [pid: 8|app: 0|req: 554/1078] 10.0.0.174 () {34 vars in 671 bytes} [Wed Jul 22 23:20:55 2026] POST /v2.0/networks => generated 741 bytes in 865 msecs (HTTP/1.1 201) 4 headers in 162 bytes (1 switches on core 0)
2026-07-22 23:20:56.632 7 WARNING neutron.scheduler.dhcp_agent_scheduler [None req-9309717c-bc4a-4ffc-908b-984a0633d8a2 2210d8a6e9da4726a3394244a532f190 c3db8c879ee14f55b3dd870821ebf99e - - default default] No more DHCP agents
2026-07-22 23:20:56.633 7 WARNING neutron.api.rpc.agentnotifiers.dhcp_rpc_agent_api [None req-9309717c-bc4a-4ffc-908b-984a0633d8a2 2210d8a6e9da4726a3394244a532f190 c3db8c879ee14f55b3dd870821ebf99e - - default default] Unable to schedule network 1db0a27c-93b8-4182-b28e-cef275bc1e3e: no agents available; will retry on subsequent port and subnet creation events. [pid: 8|app: 0|req: 555/1079] 10.0.0.20 () {34 vars in 989 bytes} [Wed Jul 22 23:20:56 2026] GET /v2.0/ports?device_id=ce99425f-fab0-4b73-b7aa-b49d5e75e94f => generated 12 bytes in 19 msecs (HTTP/1.1 200) 4 headers in 156 bytes (1 switches on core 0)
2026-07-22 23:20:57.098 7 INFO neutron.db.ovn_revision_numbers_db [None req-b3313b9f-fae6-4097-bdd9-bd0e6902c576 - - - - - -] Successfully bumped revision number for resource c428d546-5da1-4cbd-9ac9-4e3dcb4a55b2 (type: ports) to 2
2026-07-22 23:20:57.139 7 INFO neutron.db.ovn_revision_numbers_db [None req-b3313b9f-fae6-4097-bdd9-bd0e6902c576 - - - - - -] Successfully bumped revision number for resource 9ba90158-e595-47aa-b2aa-aca26bf3e497 (type: subnets) to 0 [pid: 7|app: 0|req: 525/1080] 10.0.0.174 () {34 vars in 669 bytes} [Wed Jul 22 23:20:56 2026] POST /v2.0/subnets => generated 685 bytes in 773 msecs (HTTP/1.1 201) 4 headers in 162 bytes (1 switches on core 0)
2026-07-22 23:20:57.587 8 WARNING neutron.scheduler.dhcp_agent_scheduler [None req-1e171f0a-966e-4825-8bc6-0ca9ae3165a3 2210d8a6e9da4726a3394244a532f190 c3db8c879ee14f55b3dd870821ebf99e - - default default] No more DHCP agents
2026-07-22 23:20:57.589 8 WARNING neutron.api.rpc.agentnotifiers.dhcp_rpc_agent_api [None req-1e171f0a-966e-4825-8bc6-0ca9ae3165a3 2210d8a6e9da4726a3394244a532f190 c3db8c879ee14f55b3dd870821ebf99e - - default default] Unable to schedule network db8c019c-2b9f-4820-9c1e-b885c9a2fe92: no agents available; will retry on subsequent port and subnet creation events.
2026-07-22 23:20:57.715 8 INFO neutron.plugins.ml2.drivers.ovn.mech_driver.mech_driver [None req-b8355b04-bb52-4f25-9131-0caf1515aa7f - - - - - -] OVN reports status down for port: 88b32968-7583-4a5b-ae04-0ac46bd9fc69
2026-07-22 23:20:57.799 8 INFO neutron.db.ovn_revision_numbers_db [None req-1e171f0a-966e-4825-8bc6-0ca9ae3165a3 2210d8a6e9da4726a3394244a532f190 c3db8c879ee14f55b3dd870821ebf99e - - default default] Successfully bumped revision number for resource 88b32968-7583-4a5b-ae04-0ac46bd9fc69 (type: ports) to 1
2026-07-22 23:20:57.835 7 INFO neutron.db.ovn_revision_numbers_db [None req-6cf51fe1-6143-4217-b92f-9e2cc6490c77 2210d8a6e9da4726a3394244a532f190 c3db8c879ee14f55b3dd870821ebf99e - - default default] Successfully bumped revision number for resource 2f847fa8-7cab-4f05-a22b-b20a68831a60 (type: security_groups) to 1
2026-07-22 23:20:57.850 7 INFO neutron.db.ovn_revision_numbers_db [None req-6cf51fe1-6143-4217-b92f-9e2cc6490c77 2210d8a6e9da4726a3394244a532f190 c3db8c879ee14f55b3dd870821ebf99e - - default default] Successfully bumped revision number for resource 2bd62e4c-6e76-4e05-84c6-3da3f64bb813 (type: security_group_rules) to 0
2026-07-22 23:20:57.863 7 INFO neutron.db.ovn_revision_numbers_db [None req-6cf51fe1-6143-4217-b92f-9e2cc6490c77 2210d8a6e9da4726a3394244a532f190 c3db8c879ee14f55b3dd870821ebf99e - - default default] Successfully bumped revision number for resource b7e858ee-2cfc-428d-bbbf-1086fe2e9486 (type: security_group_rules) to 0
2026-07-22 23:20:57.874 7 INFO neutron.db.ovn_revision_numbers_db [None req-6cf51fe1-6143-4217-b92f-9e2cc6490c77 2210d8a6e9da4726a3394244a532f190 c3db8c879ee14f55b3dd870821ebf99e - - default default] Successfully bumped revision number for resource c67f3127-c75a-4347-96d9-607c65207158 (type: security_group_rules) to 0
2026-07-22 23:20:57.890 7 INFO neutron.db.ovn_revision_numbers_db [None req-6cf51fe1-6143-4217-b92f-9e2cc6490c77 2210d8a6e9da4726a3394244a532f190 c3db8c879ee14f55b3dd870821ebf99e - - default default] Successfully bumped revision number for resource e8292ef0-cb3a-4354-a79a-a9e7225561e4 (type: security_group_rules) to 0 [pid: 7|app: 0|req: 526/1081] 10.0.0.174 () {32 vars in 774 bytes} [Wed Jul 22 23:20:57 2026] GET /v2.0/security-groups?tenant_id=2e3c57934e72462fb31b356ea6827ff1&name=default => generated 2925 bytes in 421 msecs (HTTP/1.1 200) 4 headers in 158 bytes (1 switches on core 0)
2026-07-22 23:20:58.088 7 INFO neutron.db.ovn_revision_numbers_db [None req-7287bd30-7d51-4f69-a9f1-9bff20566087 2210d8a6e9da4726a3394244a532f190 c3db8c879ee14f55b3dd870821ebf99e - - default default] Successfully bumped revision number for resource 75a9ffee-2087-41fd-8a22-7993b00eeb27 (type: security_groups) to 1
2026-07-22 23:20:58.110 7 INFO neutron.db.ovn_revision_numbers_db [None req-7287bd30-7d51-4f69-a9f1-9bff20566087 2210d8a6e9da4726a3394244a532f190 c3db8c879ee14f55b3dd870821ebf99e - - default default] Successfully bumped revision number for resource 7b393bad-3db5-4a70-8de3-538e894fad09 (type: security_group_rules) to 0
2026-07-22 23:20:58.130 7 INFO neutron.db.ovn_revision_numbers_db [None req-7287bd30-7d51-4f69-a9f1-9bff20566087 2210d8a6e9da4726a3394244a532f190 c3db8c879ee14f55b3dd870821ebf99e - - default default] Successfully bumped revision number for resource 950fb83e-529d-4db7-85fb-5fe8d3326e0f (type: security_group_rules) to 0
2026-07-22 23:20:58.150 7 INFO neutron.db.ovn_revision_numbers_db [None req-7287bd30-7d51-4f69-a9f1-9bff20566087 2210d8a6e9da4726a3394244a532f190 c3db8c879ee14f55b3dd870821ebf99e - - default default] Successfully bumped revision number for resource d47e4e76-8d0d-4c50-b3e4-6ca999e61df7 (type: security_group_rules) to 0
2026-07-22 23:20:58.168 7 INFO neutron.db.ovn_revision_numbers_db [None req-7287bd30-7d51-4f69-a9f1-9bff20566087 2210d8a6e9da4726a3394244a532f190 c3db8c879ee14f55b3dd870821ebf99e - - default default] Successfully bumped revision number for resource f4cd76ae-82bd-4835-93c8-6f0d0077ffb0 (type: security_group_rules) to 0 [pid: 7|app: 0|req: 527/1082] 10.0.0.174 () {32 vars in 774 bytes} [Wed Jul 22 23:20:57 2026] GET /v2.0/security-groups?tenant_id=61bdd9b9eb3e4b74ad916506ce0b1ebf&name=default => generated 2925 bytes in 283 msecs (HTTP/1.1 200) 4 headers in 158 bytes (1 switches on core 0) [pid: 7|app: 0|req: 528/1083] 10.0.0.20 () {34 vars in 989 bytes} [Wed Jul 22 23:20:58 2026] GET /v2.0/ports?device_id=ce99425f-fab0-4b73-b7aa-b49d5e75e94f => generated 12 bytes in 20 msecs (HTTP/1.1 200) 4 headers in 156 bytes (1 switches on core 0) [pid: 7|app: 0|req: 529/1084] 10.0.0.174 () {32 vars in 740 bytes} [Wed Jul 22 23:20:58 2026] DELETE /v2.0/security-groups/2f847fa8-7cab-4f05-a22b-b20a68831a60 => generated 0 bytes in 294 msecs (HTTP/1.1 204) 2 headers in 112 bytes (1 switches on core 0)
2026-07-22 23:20:58.530 8 INFO neutron.plugins.ml2.drivers.ovn.mech_driver.ovsdb.commands [None req-87ccce19-6352-441a-9dcf-f10ecc83b643 - - - - - -] Schedule LRP lrp-88b32968-7583-4a5b-ae04-0ac46bd9fc69 on gateway 9fdb5634-bef2-4329-bf01-0f2324b17680 with priority 1
2026-07-22 23:20:58.566 8 INFO neutron.plugins.ml2.drivers.ovn.mech_driver.mech_driver [None req-b8355b04-bb52-4f25-9131-0caf1515aa7f - - - - - -] OVN reports status up for port: 88b32968-7583-4a5b-ae04-0ac46bd9fc69
2026-07-22 23:20:58.586 7 INFO neutron.plugins.ml2.drivers.ovn.mech_driver.ovsdb.ovsdb_monitor [None req-ebfe2f45-ccc8-4d2f-9b0b-c4323ee2aff0 - - - - - -] Router e135b913-e07a-4771-a91c-3a1495d3ad75 is bound to host instance
2026-07-22 23:20:58.588 8 INFO neutron.plugins.ml2.plugin [None req-b8355b04-bb52-4f25-9131-0caf1515aa7f - - - - - -] Attempt 1 to provision port 88b32968-7583-4a5b-ae04-0ac46bd9fc69
2026-07-22 23:20:58.621 8 INFO neutron.db.ovn_revision_numbers_db [None req-1e171f0a-966e-4825-8bc6-0ca9ae3165a3 2210d8a6e9da4726a3394244a532f190 c3db8c879ee14f55b3dd870821ebf99e - - default default] Successfully bumped revision number for resource 88b32968-7583-4a5b-ae04-0ac46bd9fc69 (type: router_ports) to 1
2026-07-22 23:20:58.743 8 INFO neutron.db.ovn_revision_numbers_db [None req-1e171f0a-966e-4825-8bc6-0ca9ae3165a3 2210d8a6e9da4726a3394244a532f190 c3db8c879ee14f55b3dd870821ebf99e - - default default] Successfully bumped revision number for resource e135b913-e07a-4771-a91c-3a1495d3ad75 (type: routers) to 2 [pid: 8|app: 0|req: 556/1085] 10.0.0.174 () {34 vars in 669 bytes} [Wed Jul 22 23:20:57 2026] POST /v2.0/routers => generated 963 bytes in 1615 msecs (HTTP/1.1 201) 4 headers in 162 bytes (1 switches on core 0) [pid: 8|app: 0|req: 557/1086] 199.204.45.248 () {34 vars in 986 bytes} [Wed Jul 22 23:20:58 2026] GET /v2.0/networks?id=fce1c994-4183-4775-b12a-096a7f878613 => generated 674 bytes in 68 msecs (HTTP/1.1 200) 4 headers in 157 bytes (1 switches on core 0) [pid: 7|app: 0|req: 530/1087] 10.0.0.174 () {32 vars in 740 bytes} [Wed Jul 22 23:20:58 2026] DELETE /v2.0/security-groups/75a9ffee-2087-41fd-8a22-7993b00eeb27 => generated 0 bytes in 450 msecs (HTTP/1.1 204) 2 headers in 112 bytes (1 switches on core 0) [pid: 7|app: 0|req: 531/1088] 199.204.45.248 () {34 vars in 1050 bytes} [Wed Jul 22 23:20:58 2026] GET /v2.0/security-groups?fields=id&fields=name&tenant_id=a64f6ee76e4a41768bed116e9c90a138 => generated 180 bytes in 61 msecs (HTTP/1.1 200) 4 headers in 157 bytes (1 switches on core 0)
2026-07-22 23:20:59.268 8 WARNING neutron.scheduler.dhcp_agent_scheduler [None req-d4709632-373b-4bd9-a4ef-cbf6bf8c2579 2210d8a6e9da4726a3394244a532f190 c3db8c879ee14f55b3dd870821ebf99e - - default default] No more DHCP agents
2026-07-22 23:20:59.270 8 WARNING neutron.api.rpc.agentnotifiers.dhcp_rpc_agent_api [None req-d4709632-373b-4bd9-a4ef-cbf6bf8c2579 2210d8a6e9da4726a3394244a532f190 c3db8c879ee14f55b3dd870821ebf99e - - default default] Unable to schedule network 1db0a27c-93b8-4182-b28e-cef275bc1e3e: no agents available; will retry on subsequent port and subnet creation events.
2026-07-22 23:20:59.467 8 INFO neutron.db.ovn_revision_numbers_db [None req-d4709632-373b-4bd9-a4ef-cbf6bf8c2579 2210d8a6e9da4726a3394244a532f190 c3db8c879ee14f55b3dd870821ebf99e - - default default] Successfully bumped revision number for resource 6ca5b3b4-cad0-44e0-adc2-0c00840b09e7 (type: ports) to 1
