2026-07-22 23:22:57.272 8 INFO neutron.db.ovn_revision_numbers_db [None req-d6b78146-22e2-4be3-a522-42ddcd3b41cf 2210d8a6e9da4726a3394244a532f190 c3db8c879ee14f55b3dd870821ebf99e - - default default] Successfully bumped revision number for resource 5e718a16-3de4-4951-ac63-ad40c80a5666 (type: security_group_rules) to 0
2026-07-22 23:22:57.284 8 INFO neutron.db.ovn_revision_numbers_db [None req-d6b78146-22e2-4be3-a522-42ddcd3b41cf 2210d8a6e9da4726a3394244a532f190 c3db8c879ee14f55b3dd870821ebf99e - - default default] Successfully bumped revision number for resource c1859eef-b861-4b13-bed6-f631bcdd77cc (type: security_group_rules) to 0
2026-07-22 23:22:57.298 8 INFO neutron.db.ovn_revision_numbers_db [None req-d6b78146-22e2-4be3-a522-42ddcd3b41cf 2210d8a6e9da4726a3394244a532f190 c3db8c879ee14f55b3dd870821ebf99e - - default default] Successfully bumped revision number for resource d8c28208-52d2-4335-993c-ae4ae198163d (type: security_group_rules) to 0 [pid: 8|app: 0|req: 980/2029] 10.0.0.174 () {32 vars in 774 bytes} [Wed Jul 22 23:22:56 2026] GET /v2.0/security-groups?tenant_id=3ae9e02bfd5f4e4a9e61cbc410fe078e&name=default => generated 2925 bytes in 740 msecs (HTTP/1.1 200) 4 headers in 158 bytes (1 switches on core 0) [pid: 7|app: 0|req: 1050/2030] 10.0.0.174 () {32 vars in 740 bytes} [Wed Jul 22 23:22:57 2026] DELETE /v2.0/security-groups/3a8b1534-56eb-4134-a7f1-d31387325287 => generated 0 bytes in 296 msecs (HTTP/1.1 204) 2 headers in 112 bytes (1 switches on core 0) /var/lib/openstack/lib/python3.12/site-packages/pycadf/identifier.py:70: UserWarning: Invalid uuid: neutron. To ensure interoperability, identifiers should be a valid uuid. warnings.warn(('Invalid uuid: %s. To ensure interoperability, '
2026-07-22 23:22:57.987 8 INFO neutron.db.ovn_revision_numbers_db [None req-00f5e2b9-0674-4212-9e4e-224104db22bc 2210d8a6e9da4726a3394244a532f190 c3db8c879ee14f55b3dd870821ebf99e - - default default] Successfully bumped revision number for resource 5fec8de7-97d8-4398-9fd8-b43b348474cb (type: security_groups) to 1
2026-07-22 23:22:58.002 8 INFO neutron.db.ovn_revision_numbers_db [None req-00f5e2b9-0674-4212-9e4e-224104db22bc 2210d8a6e9da4726a3394244a532f190 c3db8c879ee14f55b3dd870821ebf99e - - default default] Successfully bumped revision number for resource 35513ed3-69c9-4e60-8c81-67d6576b7a45 (type: security_group_rules) to 0
2026-07-22 23:22:58.027 8 INFO neutron.db.ovn_revision_numbers_db [None req-00f5e2b9-0674-4212-9e4e-224104db22bc 2210d8a6e9da4726a3394244a532f190 c3db8c879ee14f55b3dd870821ebf99e - - default default] Successfully bumped revision number for resource 3ed24e48-dd00-4e84-b9d0-fcc2e31aac55 (type: security_group_rules) to 0
2026-07-22 23:22:58.057 8 INFO neutron.db.ovn_revision_numbers_db [None req-00f5e2b9-0674-4212-9e4e-224104db22bc 2210d8a6e9da4726a3394244a532f190 c3db8c879ee14f55b3dd870821ebf99e - - default default] Successfully bumped revision number for resource a0233a57-221b-402c-b48b-24fdd0108698 (type: security_group_rules) to 0
2026-07-22 23:22:58.078 8 INFO neutron.db.ovn_revision_numbers_db [None req-00f5e2b9-0674-4212-9e4e-224104db22bc 2210d8a6e9da4726a3394244a532f190 c3db8c879ee14f55b3dd870821ebf99e - - default default] Successfully bumped revision number for resource ab2b0009-c3c5-4558-86cb-b0e1e40aad5b (type: security_group_rules) to 0 [pid: 8|app: 0|req: 981/2031] 10.0.0.174 () {32 vars in 774 bytes} [Wed Jul 22 23:22:57 2026] GET /v2.0/security-groups?tenant_id=881f481632e64eb78e4cc5784fc6c81f&name=default => generated 2925 bytes in 528 msecs (HTTP/1.1 200) 4 headers in 158 bytes (1 switches on core 0) [pid: 8|app: 0|req: 982/2032] 10.0.0.20 () {34 vars in 989 bytes} [Wed Jul 22 23:22:58 2026] GET /v2.0/ports?device_id=8e4ccc11-a611-4b05-87ac-386932235ebf => generated 971 bytes in 49 msecs (HTTP/1.1 200) 4 headers in 157 bytes (1 switches on core 0) [pid: 8|app: 0|req: 983/2033] 10.0.0.20 () {34 vars in 1039 bytes} [Wed Jul 22 23:22:58 2026] GET /v2.0/security-groups?id=8ea95a52-3eaf-4427-95d1-5e5ca48a63ca&fields=id&fields=name => generated 114 bytes in 43 msecs (HTTP/1.1 200) 4 headers in 157 bytes (1 switches on core 0) [pid: 7|app: 0|req: 1051/2034] 10.0.0.174 () {32 vars in 740 bytes} [Wed Jul 22 23:22:58 2026] DELETE /v2.0/security-groups/5fec8de7-97d8-4398-9fd8-b43b348474cb => generated 0 bytes in 296 msecs (HTTP/1.1 204) 2 headers in 112 bytes (1 switches on core 0)
2026-07-22 23:22:58.927 8 INFO neutron.notifiers.nova [-] Nova event matching ['req-1b4b5944-8fcb-4921-9b58-5539fcdc33ee'] response: {'server_uuid': '8e4ccc11-a611-4b05-87ac-386932235ebf', 'name': 'network-vif-plugged', 'status': 'completed', 'tag': 'f21db6d5-1024-45de-b6e1-a252d47c6831', 'code': 200} [pid: 7|app: 0|req: 1052/2035] 10.0.0.20 () {34 vars in 989 bytes} [Wed Jul 22 23:22:59 2026] GET /v2.0/ports?device_id=8e4ccc11-a611-4b05-87ac-386932235ebf => generated 971 bytes in 56 msecs (HTTP/1.1 200) 4 headers in 157 bytes (1 switches on core 0)
2026-07-22 23:22:59.438 8 INFO neutron.db.ovn_revision_numbers_db [None req-a43e7309-269c-447c-95ad-7a6114d6dfd5 37e098d14fcc45929c7e9a991c27d8f8 6c3d3073a68b4dcdbca87d6b8ea27a45 - - default default] Successfully bumped revision number for resource c7abf87b-93e5-46a3-a39c-ace78aa48fbc (type: security_groups) to 1 [pid: 7|app: 0|req: 1053/2036] 10.0.0.20 () {34 vars in 1039 bytes} [Wed Jul 22 23:22:59 2026] GET /v2.0/security-groups?id=8ea95a52-3eaf-4427-95d1-5e5ca48a63ca&fields=id&fields=name => generated 114 bytes in 35 msecs (HTTP/1.1 200) 4 headers in 157 bytes (1 switches on core 0)
2026-07-22 23:22:59.453 8 INFO neutron.db.ovn_revision_numbers_db [None req-a43e7309-269c-447c-95ad-7a6114d6dfd5 37e098d14fcc45929c7e9a991c27d8f8 6c3d3073a68b4dcdbca87d6b8ea27a45 - - default default] Successfully bumped revision number for resource 0303ddeb-9c19-419e-ac5e-5a6550e8c213 (type: security_group_rules) to 0
2026-07-22 23:22:59.482 8 INFO neutron.db.ovn_revision_numbers_db [None req-a43e7309-269c-447c-95ad-7a6114d6dfd5 37e098d14fcc45929c7e9a991c27d8f8 6c3d3073a68b4dcdbca87d6b8ea27a45 - - default default] Successfully bumped revision number for resource 696dc116-1363-4dde-b785-12eb7c214a1a (type: security_group_rules) to 0
2026-07-22 23:22:59.496 8 INFO neutron.db.ovn_revision_numbers_db [None req-a43e7309-269c-447c-95ad-7a6114d6dfd5 37e098d14fcc45929c7e9a991c27d8f8 6c3d3073a68b4dcdbca87d6b8ea27a45 - - default default] Successfully bumped revision number for resource 87063d68-d19a-4d4f-a7ea-e9e8fbcb386b (type: security_group_rules) to 0
2026-07-22 23:22:59.512 8 INFO neutron.db.ovn_revision_numbers_db [None req-a43e7309-269c-447c-95ad-7a6114d6dfd5 37e098d14fcc45929c7e9a991c27d8f8 6c3d3073a68b4dcdbca87d6b8ea27a45 - - default default] Successfully bumped revision number for resource 990a49dd-a30f-4b8b-9d11-59947b125e06 (type: security_group_rules) to 0 [pid: 7|app: 0|req: 1054/2037] 10.0.0.20 () {34 vars in 989 bytes} [Wed Jul 22 23:22:59 2026] GET /v2.0/ports?device_id=8e4ccc11-a611-4b05-87ac-386932235ebf => generated 971 bytes in 42 msecs (HTTP/1.1 200) 4 headers in 157 bytes (1 switches on core 0)
2026-07-22 23:22:59.603 8 INFO neutron.db.segments_db [None req-a43e7309-269c-447c-95ad-7a6114d6dfd5 37e098d14fcc45929c7e9a991c27d8f8 6c3d3073a68b4dcdbca87d6b8ea27a45 - - default default] Added segment 8f0ad370-4df8-4cd5-9209-4e6c298e2a6c of type geneve for network b0f0ee9d-79dc-434f-8952-b695c01aeb78
2026-07-22 23:22:59.711 8 INFO neutron.db.ovn_revision_numbers_db [None req-a43e7309-269c-447c-95ad-7a6114d6dfd5 37e098d14fcc45929c7e9a991c27d8f8 6c3d3073a68b4dcdbca87d6b8ea27a45 - - default default] Successfully bumped revision number for resource b0f0ee9d-79dc-434f-8952-b695c01aeb78 (type: networks) to 1
2026-07-22 23:22:59.893 8 WARNING neutron.scheduler.dhcp_agent_scheduler [None req-a43e7309-269c-447c-95ad-7a6114d6dfd5 37e098d14fcc45929c7e9a991c27d8f8 6c3d3073a68b4dcdbca87d6b8ea27a45 - - default default] No more DHCP agents
2026-07-22 23:22:59.895 8 WARNING neutron.api.rpc.agentnotifiers.dhcp_rpc_agent_api [None req-a43e7309-269c-447c-95ad-7a6114d6dfd5 37e098d14fcc45929c7e9a991c27d8f8 6c3d3073a68b4dcdbca87d6b8ea27a45 - - default default] Unable to schedule network b0f0ee9d-79dc-434f-8952-b695c01aeb78: no agents available; will retry on subsequent port and subnet creation events.
2026-07-22 23:22:59.931 7 INFO neutron.db.ovn_revision_numbers_db [None req-e4299009-764c-4ea2-89a7-cdfd4cb2b423 2210d8a6e9da4726a3394244a532f190 c3db8c879ee14f55b3dd870821ebf99e - - default default] Successfully bumped revision number for resource 1d8705ae-908b-4a59-bfda-32eb52ab3212 (type: security_groups) to 1
2026-07-22 23:22:59.948 7 INFO neutron.db.ovn_revision_numbers_db [None req-e4299009-764c-4ea2-89a7-cdfd4cb2b423 2210d8a6e9da4726a3394244a532f190 c3db8c879ee14f55b3dd870821ebf99e - - default default] Successfully bumped revision number for resource 4979bf26-b2e6-4d62-881f-c58e316c4eee (type: security_group_rules) to 0
2026-07-22 23:22:59.961 7 INFO neutron.db.ovn_revision_numbers_db [None req-e4299009-764c-4ea2-89a7-cdfd4cb2b423 2210d8a6e9da4726a3394244a532f190 c3db8c879ee14f55b3dd870821ebf99e - - default default] Successfully bumped revision number for resource 8b75d274-488b-40fb-b274-85113f3c3c87 (type: security_group_rules) to 0
2026-07-22 23:22:59.991 7 INFO neutron.plugins.ml2.drivers.ovn.mech_driver.mech_driver [None req-2ef5662a-cb40-4fe5-b822-ddc804883536 - - - - - -] OVN reports status down for port: 273b5a3a-952f-499a-84c8-970e26a42116
2026-07-22 23:22:59.994 7 INFO neutron.db.ovn_revision_numbers_db [None req-e4299009-764c-4ea2-89a7-cdfd4cb2b423 2210d8a6e9da4726a3394244a532f190 c3db8c879ee14f55b3dd870821ebf99e - - default default] Successfully bumped revision number for resource 90dfc4be-aca0-4d31-92db-706e06557def (type: security_group_rules) to 0
2026-07-22 23:23:00.017 7 INFO neutron.db.ovn_revision_numbers_db [None req-e4299009-764c-4ea2-89a7-cdfd4cb2b423 2210d8a6e9da4726a3394244a532f190 c3db8c879ee14f55b3dd870821ebf99e - - default default] Successfully bumped revision number for resource cedd8cc4-a581-48e7-aab2-dbc82046f72a (type: security_group_rules) to 0
2026-07-22 23:23:00.018 8 INFO neutron.db.ovn_revision_numbers_db [None req-a43e7309-269c-447c-95ad-7a6114d6dfd5 37e098d14fcc45929c7e9a991c27d8f8 6c3d3073a68b4dcdbca87d6b8ea27a45 - - default default] Successfully bumped revision number for resource 273b5a3a-952f-499a-84c8-970e26a42116 (type: ports) to 1 [pid: 8|app: 0|req: 984/2038] 10.0.0.174 () {34 vars in 670 bytes} [Wed Jul 22 23:22:59 2026] POST /v2.0/networks => generated 632 bytes in 899 msecs (HTTP/1.1 201) 4 headers in 162 bytes (1 switches on core 0) [pid: 8|app: 0|req: 985/2039] 10.0.0.20 () {34 vars in 1039 bytes} [Wed Jul 22 23:23:00 2026] GET /v2.0/security-groups?id=8ea95a52-3eaf-4427-95d1-5e5ca48a63ca&fields=id&fields=name => generated 114 bytes in 38 msecs (HTTP/1.1 200) 4 headers in 157 bytes (1 switches on core 0)
2026-07-22 23:23:00.130 7 INFO neutron.db.segments_db [None req-e4299009-764c-4ea2-89a7-cdfd4cb2b423 2210d8a6e9da4726a3394244a532f190 c3db8c879ee14f55b3dd870821ebf99e - - default default] Added segment 48c7e746-0205-4c78-9f4d-f7c69f10da2f of type geneve for network a00a1e10-f7db-4d8c-acf5-901a3534c3e8
2026-07-22 23:23:00.193 8 INFO neutron.db.segments_db [None req-750743e8-8251-40a6-8cb9-971b65771907 37e098d14fcc45929c7e9a991c27d8f8 6c3d3073a68b4dcdbca87d6b8ea27a45 - - default default] Added segment 769d67bc-063c-4071-a150-68b1578f0d6d of type geneve for network 9df111d6-8168-4d45-a330-69498fc49b2c
2026-07-22 23:23:00.238 7 INFO neutron.db.ovn_revision_numbers_db [None req-e4299009-764c-4ea2-89a7-cdfd4cb2b423 2210d8a6e9da4726a3394244a532f190 c3db8c879ee14f55b3dd870821ebf99e - - default default] Successfully bumped revision number for resource a00a1e10-f7db-4d8c-acf5-901a3534c3e8 (type: networks) to 1
2026-07-22 23:23:00.361 8 INFO neutron.db.ovn_revision_numbers_db [None req-750743e8-8251-40a6-8cb9-971b65771907 37e098d14fcc45929c7e9a991c27d8f8 6c3d3073a68b4dcdbca87d6b8ea27a45 - - default default] Successfully bumped revision number for resource 9df111d6-8168-4d45-a330-69498fc49b2c (type: networks) to 1
2026-07-22 23:23:00.445 7 WARNING neutron.scheduler.dhcp_agent_scheduler [None req-e4299009-764c-4ea2-89a7-cdfd4cb2b423 2210d8a6e9da4726a3394244a532f190 c3db8c879ee14f55b3dd870821ebf99e - - default default] No more DHCP agents
2026-07-22 23:23:00.447 7 WARNING neutron.api.rpc.agentnotifiers.dhcp_rpc_agent_api [None req-e4299009-764c-4ea2-89a7-cdfd4cb2b423 2210d8a6e9da4726a3394244a532f190 c3db8c879ee14f55b3dd870821ebf99e - - default default] Unable to schedule network a00a1e10-f7db-4d8c-acf5-901a3534c3e8: no agents available; will retry on subsequent port and subnet creation events.
2026-07-22 23:23:00.526 8 INFO neutron.plugins.ml2.drivers.ovn.mech_driver.mech_driver [None req-63f3b499-3a4a-4936-bcaf-8997c1bd506f - - - - - -] OVN reports status down for port: 41d7260c-94cc-4bae-8957-c4e88baa6910
2026-07-22 23:23:00.533 7 INFO neutron.db.ovn_revision_numbers_db [None req-e4299009-764c-4ea2-89a7-cdfd4cb2b423 2210d8a6e9da4726a3394244a532f190 c3db8c879ee14f55b3dd870821ebf99e - - default default] Successfully bumped revision number for resource 41d7260c-94cc-4bae-8957-c4e88baa6910 (type: ports) to 1 [pid: 7|app: 0|req: 1055/2040] 10.0.0.174 () {34 vars in 671 bytes} [Wed Jul 22 23:22:59 2026] POST /v2.0/networks => generated 743 bytes in 992 msecs (HTTP/1.1 201) 4 headers in 162 bytes (1 switches on core 0)
2026-07-22 23:23:00.592 8 WARNING neutron.scheduler.dhcp_agent_scheduler [None req-750743e8-8251-40a6-8cb9-971b65771907 37e098d14fcc45929c7e9a991c27d8f8 6c3d3073a68b4dcdbca87d6b8ea27a45 - - default default] No more DHCP agents [pid: 7|app: 0|req: 1056/2041] 10.0.0.174 () {32 vars in 736 bytes} [Wed Jul 22 23:23:00 2026] GET /v2.0/ports?device_id=8e4ccc11-a611-4b05-87ac-386932235ebf => generated 1209 bytes in 40 msecs (HTTP/1.1 200) 4 headers in 158 bytes (1 switches on core 0)
2026-07-22 23:23:00.596 8 WARNING neutron.api.rpc.agentnotifiers.dhcp_rpc_agent_api [None req-750743e8-8251-40a6-8cb9-971b65771907 37e098d14fcc45929c7e9a991c27d8f8 6c3d3073a68b4dcdbca87d6b8ea27a45 - - default default] Unable to schedule network 9df111d6-8168-4d45-a330-69498fc49b2c: no agents available; will retry on subsequent port and subnet creation events.
2026-07-22 23:23:00.688 8 INFO neutron.plugins.ml2.drivers.ovn.mech_driver.mech_driver [None req-63f3b499-3a4a-4936-bcaf-8997c1bd506f - - - - - -] OVN reports status down for port: b2501d68-bbfe-4a7a-a4bc-5a8e9684f182
2026-07-22 23:23:00.750 8 INFO neutron.db.ovn_revision_numbers_db [None req-750743e8-8251-40a6-8cb9-971b65771907 37e098d14fcc45929c7e9a991c27d8f8 6c3d3073a68b4dcdbca87d6b8ea27a45 - - default default] Successfully bumped revision number for resource b2501d68-bbfe-4a7a-a4bc-5a8e9684f182 (type: ports) to 1 [pid: 8|app: 0|req: 986/2042] 10.0.0.174 () {34 vars in 670 bytes} [Wed Jul 22 23:23:00 2026] POST /v2.0/networks => generated 632 bytes in 730 msecs (HTTP/1.1 201) 4 headers in 162 bytes (1 switches on core 0)
2026-07-22 23:23:00.879 7 INFO neutron.db.ovn_revision_numbers_db [None req-e0f9a6c9-109d-457f-b406-fcb31016be99 2210d8a6e9da4726a3394244a532f190 c3db8c879ee14f55b3dd870821ebf99e - - default default] Successfully bumped revision number for resource 1cb4cb07-b688-46bd-b4f8-640a072a8e67 (type: security_groups) to 1
2026-07-22 23:23:00.891 7 INFO neutron.db.ovn_revision_numbers_db [None req-e0f9a6c9-109d-457f-b406-fcb31016be99 2210d8a6e9da4726a3394244a532f190 c3db8c879ee14f55b3dd870821ebf99e - - default default] Successfully bumped revision number for resource 0028c868-8d9e-4821-b3ca-3f3995bb2a69 (type: security_group_rules) to 0
2026-07-22 23:23:00.904 7 INFO neutron.db.ovn_revision_numbers_db [None req-e0f9a6c9-109d-457f-b406-fcb31016be99 2210d8a6e9da4726a3394244a532f190 c3db8c879ee14f55b3dd870821ebf99e - - default default] Successfully bumped revision number for resource 0e8b020c-ee8b-49b5-8ab6-74d35cf304c8 (type: security_group_rules) to 0
2026-07-22 23:23:00.918 7 INFO neutron.db.ovn_revision_numbers_db [None req-e0f9a6c9-109d-457f-b406-fcb31016be99 2210d8a6e9da4726a3394244a532f190 c3db8c879ee14f55b3dd870821ebf99e - - default default] Successfully bumped revision number for resource a15a2d15-f221-4368-8e6e-33dd5f179542 (type: security_group_rules) to 0
2026-07-22 23:23:00.933 7 INFO neutron.db.ovn_revision_numbers_db [None req-e0f9a6c9-109d-457f-b406-fcb31016be99 2210d8a6e9da4726a3394244a532f190 c3db8c879ee14f55b3dd870821ebf99e - - default default] Successfully bumped revision number for resource a8df71f7-eada-4a56-8ccc-dc2ec42db2f0 (type: security_group_rules) to 0
2026-07-22 23:23:00.961 8 WARNING neutron.scheduler.dhcp_agent_scheduler [None req-579eddaf-3a53-4c9f-b332-c793e80272a0 2210d8a6e9da4726a3394244a532f190 c3db8c879ee14f55b3dd870821ebf99e - - default default] No more DHCP agents
2026-07-22 23:23:00.963 8 WARNING neutron.api.rpc.agentnotifiers.dhcp_rpc_agent_api [None req-579eddaf-3a53-4c9f-b332-c793e80272a0 2210d8a6e9da4726a3394244a532f190 c3db8c879ee14f55b3dd870821ebf99e - - default default] Unable to schedule network a00a1e10-f7db-4d8c-acf5-901a3534c3e8: no agents available; will retry on subsequent port and subnet creation events.
2026-07-22 23:23:01.008 7 INFO neutron.db.segments_db [None req-e0f9a6c9-109d-457f-b406-fcb31016be99 2210d8a6e9da4726a3394244a532f190 c3db8c879ee14f55b3dd870821ebf99e - - default default] Added segment 05a41b1c-b044-46b2-b0ea-5b7d3559f755 of type geneve for network 12f402a6-c754-49eb-9559-ea1d15cee514
2026-07-22 23:23:01.125 7 INFO neutron.db.ovn_revision_numbers_db [None req-e0f9a6c9-109d-457f-b406-fcb31016be99 2210d8a6e9da4726a3394244a532f190 c3db8c879ee14f55b3dd870821ebf99e - - default default] Successfully bumped revision number for resource 12f402a6-c754-49eb-9559-ea1d15cee514 (type: networks) to 1
2026-07-22 23:23:01.308 7 WARNING neutron.scheduler.dhcp_agent_scheduler [None req-e0f9a6c9-109d-457f-b406-fcb31016be99 2210d8a6e9da4726a3394244a532f190 c3db8c879ee14f55b3dd870821ebf99e - - default default] No more DHCP agents
2026-07-22 23:23:01.310 7 WARNING neutron.api.rpc.agentnotifiers.dhcp_rpc_agent_api [None req-e0f9a6c9-109d-457f-b406-fcb31016be99 2210d8a6e9da4726a3394244a532f190 c3db8c879ee14f55b3dd870821ebf99e - - default default] Unable to schedule network 12f402a6-c754-49eb-9559-ea1d15cee514: no agents available; will retry on subsequent port and subnet creation events.
2026-07-22 23:23:01.396 8 INFO neutron.plugins.ml2.drivers.ovn.mech_driver.mech_driver [None req-63f3b499-3a4a-4936-bcaf-8997c1bd506f - - - - - -] OVN reports status down for port: 48d4d598-60cd-4d58-89d2-299f33ebd651
2026-07-22 23:23:01.415 7 INFO neutron.db.ovn_revision_numbers_db [None req-e0f9a6c9-109d-457f-b406-fcb31016be99 2210d8a6e9da4726a3394244a532f190 c3db8c879ee14f55b3dd870821ebf99e - - default default] Successfully bumped revision number for resource 48d4d598-60cd-4d58-89d2-299f33ebd651 (type: ports) to 1 [pid: 7|app: 0|req: 1057/2043] 10.0.0.174 () {34 vars in 671 bytes} [Wed Jul 22 23:23:00 2026] POST /v2.0/networks => generated 743 bytes in 842 msecs (HTTP/1.1 201) 4 headers in 162 bytes (1 switches on core 0)
2026-07-22 23:23:01.597 8 INFO neutron.db.ovn_revision_numbers_db [None req-ec46a3b2-da36-4512-9c3f-d8fa016bbba2 - - - - - -] Successfully bumped revision number for resource 41d7260c-94cc-4bae-8957-c4e88baa6910 (type: ports) to 2
2026-07-22 23:23:01.628 8 INFO neutron.db.ovn_revision_numbers_db [None req-ec46a3b2-da36-4512-9c3f-d8fa016bbba2 - - - - - -] Successfully bumped revision number for resource b45f9fe2-30e9-4cd6-afef-cd6320e2b045 (type: subnets) to 0 [pid: 8|app: 0|req: 987/2044] 10.0.0.174 () {34 vars in 669 bytes} [Wed Jul 22 23:23:00 2026] POST /v2.0/subnets => generated 687 bytes in 830 msecs (HTTP/1.1 201) 4 headers in 162 bytes (1 switches on core 0) [pid: 8|app: 0|req: 988/2045] 10.0.0.174 () {34 vars in 753 bytes} [Wed Jul 22 23:23:01 2026] PUT /v2.0/networks/b0f0ee9d-79dc-434f-8952-b695c01aeb78/tags => generated 25 bytes in 69 msecs (HTTP/1.1 200) 4 headers in 156 bytes (1 switches on core 0)
2026-07-22 23:23:01.877 8 WARNING neutron.scheduler.dhcp_agent_scheduler [None req-ce01dc8c-aff1-4045-8dfb-66ce061b971b 2210d8a6e9da4726a3394244a532f190 c3db8c879ee14f55b3dd870821ebf99e - - default default] No more DHCP agents
2026-07-22 23:23:01.879 8 WARNING neutron.api.rpc.agentnotifiers.dhcp_rpc_agent_api [None req-ce01dc8c-aff1-4045-8dfb-66ce061b971b 2210d8a6e9da4726a3394244a532f190 c3db8c879ee14f55b3dd870821ebf99e - - default default] Unable to schedule network 12f402a6-c754-49eb-9559-ea1d15cee514: no agents available; will retry on subsequent port and subnet creation events.
2026-07-22 23:23:01.954 7 INFO neutron.db.ovn_revision_numbers_db [None req-51b854d6-e058-482b-9d89-88105a5ab727 cf1c82d8d3294e7e91f2f54e26eb2581 c63551da3d284caeb2adf7ff0f5ef50c - - default default] Successfully bumped revision number for resource 449a5f8a-9353-4fa8-aa09-5760413e659c (type: floatingips) to 4
2026-07-22 23:23:02.073 7 INFO neutron.db.ovn_revision_numbers_db [None req-51b854d6-e058-482b-9d89-88105a5ab727 cf1c82d8d3294e7e91f2f54e26eb2581 c63551da3d284caeb2adf7ff0f5ef50c - - default default] Successfully bumped revision number for resource 449a5f8a-9353-4fa8-aa09-5760413e659c (type: floatingips) to 5
2026-07-22 23:23:02.073 7 INFO neutron.db.l3_db [None req-51b854d6-e058-482b-9d89-88105a5ab727 cf1c82d8d3294e7e91f2f54e26eb2581 c63551da3d284caeb2adf7ff0f5ef50c - - default default] Floating IP 449a5f8a-9353-4fa8-aa09-5760413e659c associated. External IP: 10.96.250.206, port: f21db6d5-1024-45de-b6e1-a252d47c6831. [pid: 7|app: 0|req: 1058/2046] 10.0.0.174 () {34 vars in 749 bytes} [Wed Jul 22 23:23:01 2026] PUT /v2.0/floatingips/449a5f8a-9353-4fa8-aa09-5760413e659c => generated 855 bytes in 663 msecs (HTTP/1.1 200) 4 headers in 157 bytes (1 switches on core 0)
2026-07-22 23:23:02.144 7 INFO neutron.notifiers.nova [-] Nova event matching ['req-aee468fa-1215-43fb-b8f1-aeecc577b2c0'] response: {'name': 'network-changed', 'server_uuid': '8e4ccc11-a611-4b05-87ac-386932235ebf', 'tag': 'f21db6d5-1024-45de-b6e1-a252d47c6831', 'status': 'completed', 'code': 200}
2026-07-22 23:23:02.425 8 INFO neutron.db.ovn_revision_numbers_db [None req-20989cb3-d0d8-4bb1-b7d0-4939bfb81a2b - - - - - -] Successfully bumped revision number for resource 48d4d598-60cd-4d58-89d2-299f33ebd651 (type: ports) to 2
2026-07-22 23:23:02.463 8 INFO neutron.db.ovn_revision_numbers_db [None req-20989cb3-d0d8-4bb1-b7d0-4939bfb81a2b - - - - - -] Successfully bumped revision number for resource 02677c91-e91b-4503-a07e-f1740c655b91 (type: subnets) to 0 [pid: 8|app: 0|req: 989/2047] 10.0.0.174 () {34 vars in 669 bytes} [Wed Jul 22 23:23:01 2026] POST /v2.0/subnets => generated 687 bytes in 763 msecs (HTTP/1.1 201) 4 headers in 162 bytes (1 switches on core 0) /var/lib/openstack/lib/python3.12/site-packages/pycadf/identifier.py:70: UserWarning: Invalid uuid: neutron. To ensure interoperability, identifiers should be a valid uuid. warnings.warn(('Invalid uuid: %s. To ensure interoperability, ' [pid: 8|app: 0|req: 990/2048] 10.0.0.174 () {32 vars in 733 bytes} [Wed Jul 22 23:23:02 2026] GET /v2.0/networks/b0f0ee9d-79dc-434f-8952-b695c01aeb78/tags => generated 25 bytes in 51 msecs (HTTP/1.1 200) 4 headers in 156 bytes (1 switches on core 0) [pid: 8|app: 0|req: 991/2049] 10.0.0.174 () {32 vars in 729 bytes} [Wed Jul 22 23:23:02 2026] GET /v2.0/floatingips/449a5f8a-9353-4fa8-aa09-5760413e659c => generated 857 bytes in 36 msecs (HTTP/1.1 200) 4 headers in 157 bytes (1 switches on core 0)
2026-07-22 23:23:02.588 7 WARNING neutron.scheduler.dhcp_agent_scheduler [None req-46209c61-5eb0-49b1-b145-01e1aaaa7fcc 2210d8a6e9da4726a3394244a532f190 c3db8c879ee14f55b3dd870821ebf99e - - default default] No more DHCP agents
2026-07-22 23:23:02.591 7 WARNING neutron.api.rpc.agentnotifiers.dhcp_rpc_agent_api [None req-46209c61-5eb0-49b1-b145-01e1aaaa7fcc 2210d8a6e9da4726a3394244a532f190 c3db8c879ee14f55b3dd870821ebf99e - - default default] Unable to schedule network db8c019c-2b9f-4820-9c1e-b885c9a2fe92: no agents available; will retry on subsequent port and subnet creation events.
2026-07-22 23:23:02.722 8 INFO neutron.plugins.ml2.drivers.ovn.mech_driver.mech_driver [None req-63f3b499-3a4a-4936-bcaf-8997c1bd506f - - - - - -] OVN reports status down for port: e841d149-6fbf-4e51-ac09-9c42e3485f02
2026-07-22 23:23:02.741 7 INFO neutron.db.ovn_revision_numbers_db [None req-46209c61-5eb0-49b1-b145-01e1aaaa7fcc 2210d8a6e9da4726a3394244a532f190 c3db8c879ee14f55b3dd870821ebf99e - - default default] Successfully bumped revision number for resource e841d149-6fbf-4e51-ac09-9c42e3485f02 (type: ports) to 1
2026-07-22 23:23:03.061 8 WARNING neutron.scheduler.dhcp_agent_scheduler [None req-9c083dce-b6f7-4087-9802-e623947c1cc5 2210d8a6e9da4726a3394244a532f190 c3db8c879ee14f55b3dd870821ebf99e - - default default] No more DHCP agents
2026-07-22 23:23:03.063 8 WARNING neutron.api.rpc.agentnotifiers.dhcp_rpc_agent_api [None req-9c083dce-b6f7-4087-9802-e623947c1cc5 2210d8a6e9da4726a3394244a532f190 c3db8c879ee14f55b3dd870821ebf99e - - default default] Unable to schedule network db8c019c-2b9f-4820-9c1e-b885c9a2fe92: no agents available; will retry on subsequent port and subnet creation events.
2026-07-22 23:23:03.195 7 INFO neutron.plugins.ml2.drivers.ovn.mech_driver.mech_driver [None req-2ef5662a-cb40-4fe5-b822-ddc804883536 - - - - - -] OVN reports status down for port: 8dd4fa11-adbc-4b27-8dc9-9a18680a9a9b
2026-07-22 23:23:03.197 8 INFO neutron.db.ovn_revision_numbers_db [None req-9c083dce-b6f7-4087-9802-e623947c1cc5 2210d8a6e9da4726a3394244a532f190 c3db8c879ee14f55b3dd870821ebf99e - - default default] Successfully bumped revision number for resource 8dd4fa11-adbc-4b27-8dc9-9a18680a9a9b (type: ports) to 1
2026-07-22 23:23:03.469 7 INFO neutron.plugins.ml2.drivers.ovn.mech_driver.ovsdb.commands [None req-fb4cbd96-2819-4b0c-a86b-a80a7ef905c7 - - - - - -] Schedule LRP lrp-e841d149-6fbf-4e51-ac09-9c42e3485f02 on gateway 9fdb5634-bef2-4329-bf01-0f2324b17680 with priority 1
2026-07-22 23:23:03.504 7 INFO neutron.plugins.ml2.drivers.ovn.mech_driver.ovsdb.ovsdb_monitor [None req-6a65c5eb-85ea-4a4f-85b8-342ea319a0b9 - - - - - -] Router 2e4fd713-1c40-4400-858c-469f02b4793f is bound to host instance
2026-07-22 23:23:03.547 8 INFO neutron.plugins.ml2.drivers.ovn.mech_driver.mech_driver [None req-63f3b499-3a4a-4936-bcaf-8997c1bd506f - - - - - -] OVN reports status up for port: e841d149-6fbf-4e51-ac09-9c42e3485f02
2026-07-22 23:23:03.577 8 INFO neutron.plugins.ml2.plugin [None req-63f3b499-3a4a-4936-bcaf-8997c1bd506f - - - - - -] Attempt 1 to provision port e841d149-6fbf-4e51-ac09-9c42e3485f02
2026-07-22 23:23:03.579 7 INFO neutron.db.ovn_revision_numbers_db [None req-46209c61-5eb0-49b1-b145-01e1aaaa7fcc 2210d8a6e9da4726a3394244a532f190 c3db8c879ee14f55b3dd870821ebf99e - - default default] Successfully bumped revision number for resource e841d149-6fbf-4e51-ac09-9c42e3485f02 (type: router_ports) to 1
2026-07-22 23:23:03.701 7 INFO neutron.db.ovn_revision_numbers_db [None req-46209c61-5eb0-49b1-b145-01e1aaaa7fcc 2210d8a6e9da4726a3394244a532f190 c3db8c879ee14f55b3dd870821ebf99e - - default default] Successfully bumped revision number for resource 2e4fd713-1c40-4400-858c-469f02b4793f (type: routers) to 2 [pid: 7|app: 0|req: 1059/2050] 10.0.0.174 () {34 vars in 669 bytes} [Wed Jul 22 23:23:02 2026] POST /v2.0/routers => generated 965 bytes in 1630 msecs (HTTP/1.1 201) 4 headers in 162 bytes (1 switches on core 0) [pid: 7|app: 0|req: 1060/2051] 10.0.0.174 () {34 vars in 753 bytes} [Wed Jul 22 23:23:03 2026] PUT /v2.0/networks/9df111d6-8168-4d45-a330-69498fc49b2c/tags => generated 17 bytes in 116 msecs (HTTP/1.1 200) 4 headers in 156 bytes (1 switches on core 0) [pid: 7|app: 0|req: 1061/2052] 199.204.45.248 () {34 vars in 1080 bytes} [Wed Jul 22 23:23:03 2026] GET /v2.0/ports?tenant_id=c63551da3d284caeb2adf7ff0f5ef50c&device_id=8e4ccc11-a611-4b05-87ac-386932235ebf => generated 1209 bytes in 61 msecs (HTTP/1.1 200) 4 headers in 158 bytes (1 switches on core 0)
2026-07-22 23:23:03.942 8 INFO neutron.plugins.ml2.drivers.ovn.mech_driver.ovsdb.commands [None req-87ccce19-6352-441a-9dcf-f10ecc83b643 - - - - - -] Schedule LRP lrp-8dd4fa11-adbc-4b27-8dc9-9a18680a9a9b on gateway 9fdb5634-bef2-4329-bf01-0f2324b17680 with priority 1
2026-07-22 23:23:03.988 8 INFO neutron.plugins.ml2.drivers.ovn.mech_driver.ovsdb.ovsdb_monitor [None req-055f6af9-7ca2-4e94-a042-438e9bfaedb4 - - - - - -] Router 92713948-5e96-4e12-8fc6-dba1545c4662 is bound to host instance
2026-07-22 23:23:04.015 7 INFO neutron.plugins.ml2.drivers.ovn.mech_driver.mech_driver [None req-2ef5662a-cb40-4fe5-b822-ddc804883536 - - - - - -] OVN reports status up for port: 8dd4fa11-adbc-4b27-8dc9-9a18680a9a9b
2026-07-22 23:23:04.054 7 INFO neutron.plugins.ml2.plugin [None req-2ef5662a-cb40-4fe5-b822-ddc804883536 - - - - - -] Attempt 1 to provision port 8dd4fa11-adbc-4b27-8dc9-9a18680a9a9b
2026-07-22 23:23:04.070 8 INFO neutron.db.ovn_revision_numbers_db [None req-9c083dce-b6f7-4087-9802-e623947c1cc5 2210d8a6e9da4726a3394244a532f190 c3db8c879ee14f55b3dd870821ebf99e - - default default] Successfully bumped revision number for resource 8dd4fa11-adbc-4b27-8dc9-9a18680a9a9b (type: router_ports) to 1
2026-07-22 23:23:04.207 8 INFO neutron.db.ovn_revision_numbers_db [None req-9c083dce-b6f7-4087-9802-e623947c1cc5 2210d8a6e9da4726a3394244a532f190 c3db8c879ee14f55b3dd870821ebf99e - - default default] Successfully bumped revision number for resource 92713948-5e96-4e12-8fc6-dba1545c4662 (type: routers) to 2 [pid: 8|app: 0|req: 992/2053] 10.0.0.174 () {34 vars in 669 bytes} [Wed Jul 22 23:23:02 2026] POST /v2.0/routers => generated 965 bytes in 1676 msecs (HTTP/1.1 201) 4 headers in 162 bytes (1 switches on core 0) [pid: 8|app: 0|req: 993/2054] 10.0.0.174 () {32 vars in 733 bytes} [Wed Jul 22 23:23:04 2026] GET /v2.0/networks/9df111d6-8168-4d45-a330-69498fc49b2c/tags => generated 17 bytes in 118 msecs (HTTP/1.1 200) 4 headers in 156 bytes (1 switches on core 0) [pid: 8|app: 0|req: 994/2055] 199.204.45.248 () {34 vars in 986 bytes} [Wed Jul 22 23:23:04 2026] GET /v2.0/networks?id=0a8008d1-bbf4-477f-a523-b57f0a60f761 => generated 760 bytes in 126 msecs (HTTP/1.1 200) 4 headers in 157 bytes (1 switches on core 0)
2026-07-22 23:23:04.944 7 WARNING neutron.scheduler.dhcp_agent_scheduler [None req-66351a7c-16c7-4d27-933c-a4d77fd2a315 2210d8a6e9da4726a3394244a532f190 c3db8c879ee14f55b3dd870821ebf99e - - default default] No more DHCP agents
2026-07-22 23:23:04.949 7 WARNING neutron.api.rpc.agentnotifiers.dhcp_rpc_agent_api [None req-66351a7c-16c7-4d27-933c-a4d77fd2a315 2210d8a6e9da4726a3394244a532f190 c3db8c879ee14f55b3dd870821ebf99e - - default default] Unable to schedule network a00a1e10-f7db-4d8c-acf5-901a3534c3e8: no agents available; will retry on subsequent port and subnet creation events.
2026-07-22 23:23:05.189 7 INFO neutron.db.ovn_revision_numbers_db [None req-44388604-4a7c-4906-ba23-5a8ff1057159 - - - - - -] Successfully bumped revision number for resource e841d149-6fbf-4e51-ac09-9c42e3485f02 (type: ports) to 4
2026-07-22 23:23:05.218 7 INFO neutron.db.ovn_revision_numbers_db [None req-66351a7c-16c7-4d27-933c-a4d77fd2a315 2210d8a6e9da4726a3394244a532f190 c3db8c879ee14f55b3dd870821ebf99e - - default default] Successfully bumped revision number for resource a344fb7a-4ae1-4749-bea1-2880ddbdced6 (type: ports) to 1
2026-07-22 23:23:05.356 8 WARNING neutron.scheduler.dhcp_agent_scheduler [None req-3100f0f8-e656-41b3-b738-e9ea5cdbe432 2210d8a6e9da4726a3394244a532f190 c3db8c879ee14f55b3dd870821ebf99e - - default default] No more DHCP agents
2026-07-22 23:23:05.358 8 WARNING neutron.api.rpc.agentnotifiers.dhcp_rpc_agent_api [None req-3100f0f8-e656-41b3-b738-e9ea5cdbe432 2210d8a6e9da4726a3394244a532f190 c3db8c879ee14f55b3dd870821ebf99e - - default default] Unable to schedule network 12f402a6-c754-49eb-9559-ea1d15cee514: no agents available; will retry on subsequent port and subnet creation events.
2026-07-22 23:23:05.603 8 INFO neutron.db.ovn_revision_numbers_db [None req-3135508f-53f7-4523-8f39-b1c656ffd7c5 - - - - - -] Successfully bumped revision number for resource 8dd4fa11-adbc-4b27-8dc9-9a18680a9a9b (type: ports) to 4
2026-07-22 23:23:05.682 8 INFO neutron.db.ovn_revision_numbers_db [None req-3100f0f8-e656-41b3-b738-e9ea5cdbe432 2210d8a6e9da4726a3394244a532f190 c3db8c879ee14f55b3dd870821ebf99e - - default default] Successfully bumped revision number for resource 0663eeec-0aea-4bd5-93be-4161923ee239 (type: ports) to 1
2026-07-22 23:23:05.852 7 INFO neutron.db.ovn_revision_numbers_db [None req-44388604-4a7c-4906-ba23-5a8ff1057159 - - - - - -] Successfully bumped revision number for resource e841d149-6fbf-4e51-ac09-9c42e3485f02 (type: ports) to 5
2026-07-22 23:23:05.931 8 INFO neutron.plugins.ml2.drivers.ovn.mech_driver.mech_driver [None req-63f3b499-3a4a-4936-bcaf-8997c1bd506f - - - - - -] OVN reports status down for port: 0663eeec-0aea-4bd5-93be-4161923ee239
2026-07-22 23:23:06.205 8 INFO neutron.db.ovn_revision_numbers_db [None req-3135508f-53f7-4523-8f39-b1c656ffd7c5 - - - - - -] Successfully bumped revision number for resource 8dd4fa11-adbc-4b27-8dc9-9a18680a9a9b (type: ports) to 5
2026-07-22 23:23:06.330 7 WARNING neutron.scheduler.dhcp_agent_scheduler [None req-66351a7c-16c7-4d27-933c-a4d77fd2a315 2210d8a6e9da4726a3394244a532f190 c3db8c879ee14f55b3dd870821ebf99e - - default default] No more DHCP agents
2026-07-22 23:23:06.333 7 WARNING neutron.api.rpc.agentnotifiers.dhcp_rpc_agent_api [None req-66351a7c-16c7-4d27-933c-a4d77fd2a315 2210d8a6e9da4726a3394244a532f190 c3db8c879ee14f55b3dd870821ebf99e - - default default] Unable to schedule network a00a1e10-f7db-4d8c-acf5-901a3534c3e8: no agents available; will retry on subsequent port and subnet creation events.
2026-07-22 23:23:06.619 8 INFO neutron.plugins.ml2.drivers.ovn.mech_driver.mech_driver [None req-63f3b499-3a4a-4936-bcaf-8997c1bd506f - - - - - -] OVN reports status up for port: 0663eeec-0aea-4bd5-93be-4161923ee239
2026-07-22 23:23:06.640 8 INFO neutron.plugins.ml2.plugin [None req-63f3b499-3a4a-4936-bcaf-8997c1bd506f - - - - - -] Attempt 1 to provision port 0663eeec-0aea-4bd5-93be-4161923ee239
2026-07-22 23:23:06.745 8 WARNING neutron.scheduler.dhcp_agent_scheduler [None req-3100f0f8-e656-41b3-b738-e9ea5cdbe432 2210d8a6e9da4726a3394244a532f190 c3db8c879ee14f55b3dd870821ebf99e - - default default] No more DHCP agents
2026-07-22 23:23:06.747 8 WARNING neutron.api.rpc.agentnotifiers.dhcp_rpc_agent_api [None req-3100f0f8-e656-41b3-b738-e9ea5cdbe432 2210d8a6e9da4726a3394244a532f190 c3db8c879ee14f55b3dd870821ebf99e - - default default] Unable to schedule network 12f402a6-c754-49eb-9559-ea1d15cee514: no agents available; will retry on subsequent port and subnet creation events.
2026-07-22 23:23:06.855 7 INFO neutron.plugins.ml2.drivers.ovn.mech_driver.mech_driver [None req-2ef5662a-cb40-4fe5-b822-ddc804883536 - - - - - -] OVN reports status down for port: a344fb7a-4ae1-4749-bea1-2880ddbdced6
2026-07-22 23:23:06.926 7 INFO neutron.db.ovn_revision_numbers_db [None req-66351a7c-16c7-4d27-933c-a4d77fd2a315 2210d8a6e9da4726a3394244a532f190 c3db8c879ee14f55b3dd870821ebf99e - - default default] Successfully bumped revision number for resource a344fb7a-4ae1-4749-bea1-2880ddbdced6 (type: router_ports) to 1 [pid: 7|app: 0|req: 1062/2056] 10.0.0.174 () {34 vars in 783 bytes} [Wed Jul 22 23:23:03 2026] PUT /v2.0/routers/2e4fd713-1c40-4400-858c-469f02b4793f/add_router_interface => generated 309 bytes in 3024 msecs (HTTP/1.1 200) 4 headers in 157 bytes (1 switches on core 0)
2026-07-22 23:23:06.992 7 INFO neutron.plugins.ml2.drivers.ovn.mech_driver.mech_driver [None req-2ef5662a-cb40-4fe5-b822-ddc804883536 - - - - - -] OVN reports status up for port: a344fb7a-4ae1-4749-bea1-2880ddbdced6
2026-07-22 23:23:07.019 7 INFO neutron.plugins.ml2.plugin [None req-2ef5662a-cb40-4fe5-b822-ddc804883536 - - - - - -] Attempt 1 to provision port a344fb7a-4ae1-4749-bea1-2880ddbdced6 [pid: 7|app: 0|req: 1063/2057] 10.0.0.174 () {34 vars in 753 bytes} [Wed Jul 22 23:23:06 2026] PUT /v2.0/networks/9df111d6-8168-4d45-a330-69498fc49b2c/tags => generated 12 bytes in 120 msecs (HTTP/1.1 200) 4 headers in 156 bytes (1 switches on core 0) [pid: 7|app: 0|req: 1064/2058] 199.204.45.248 () {34 vars in 1058 bytes} [Wed Jul 22 23:23:07 2026] GET /v2.0/floatingips?fixed_ip_address=10.100.0.8&port_id=f21db6d5-1024-45de-b6e1-a252d47c6831 => generated 860 bytes in 63 msecs (HTTP/1.1 200) 4 headers in 157 bytes (1 switches on core 0) [pid: 7|app: 0|req: 1065/2059] 10.0.0.174 () {32 vars in 733 bytes} [Wed Jul 22 23:23:07 2026] GET /v2.0/networks/9df111d6-8168-4d45-a330-69498fc49b2c/tags => generated 12 bytes in 91 msecs (HTTP/1.1 200) 4 headers in 156 bytes (1 switches on core 0)
2026-07-22 23:23:07.264 8 INFO neutron.db.ovn_revision_numbers_db [None req-63f3b499-3a4a-4936-bcaf-8997c1bd506f - - - - - -] Successfully bumped revision number for resource 0663eeec-0aea-4bd5-93be-4161923ee239 (type: ports) to 2 [pid: 7|app: 0|req: 1066/2060] 199.204.45.248 () {34 vars in 984 bytes} [Wed Jul 22 23:23:07 2026] GET /v2.0/subnets?id=faac4120-6b33-4d10-be4d-b03fd8068253 => generated 678 bytes in 88 msecs (HTTP/1.1 200) 4 headers in 157 bytes (1 switches on core 0) [pid: 7|app: 0|req: 1067/2061] 10.0.0.174 () {32 vars in 733 bytes} [Wed Jul 22 23:23:07 2026] GET /v2.0/networks/b0f0ee9d-79dc-434f-8952-b695c01aeb78/tags => generated 25 bytes in 89 msecs (HTTP/1.1 200) 4 headers in 156 bytes (1 switches on core 0) [pid: 7|app: 0|req: 1068/2062] 199.204.45.248 () {34 vars in 1052 bytes} [Wed Jul 22 23:23:07 2026] GET /v2.0/ports?network_id=0a8008d1-bbf4-477f-a523-b57f0a60f761&device_owner=network%3Adhcp => generated 12 bytes in 61 msecs (HTTP/1.1 200) 4 headers in 156 bytes (1 switches on core 0)
2026-07-22 23:23:07.593 8 INFO neutron.db.ovn_revision_numbers_db [None req-3100f0f8-e656-41b3-b738-e9ea5cdbe432 2210d8a6e9da4726a3394244a532f190 c3db8c879ee14f55b3dd870821ebf99e - - default default] Successfully bumped revision number for resource 0663eeec-0aea-4bd5-93be-4161923ee239 (type: router_ports) to 1 [pid: 8|app: 0|req: 995/2063] 10.0.0.174 () {34 vars in 783 bytes} [Wed Jul 22 23:23:04 2026] PUT /v2.0/routers/92713948-5e96-4e12-8fc6-dba1545c4662/add_router_interface => generated 309 bytes in 3110 msecs (HTTP/1.1 200) 4 headers in 157 bytes (1 switches on core 0)
2026-07-22 23:23:07.636 8 INFO neutron.db.ovn_revision_numbers_db [None req-915c3d12-c1a3-4cad-9da0-96fe0df47420 - - - - - -] Successfully bumped revision number for resource 0663eeec-0aea-4bd5-93be-4161923ee239 (type: router_ports) to 2 [pid: 8|app: 0|req: 996/2064] 199.204.45.248 () {34 vars in 1012 bytes} [Wed Jul 22 23:23:07 2026] GET /v2.0/networks/0a8008d1-bbf4-477f-a523-b57f0a60f761?fields=segments => generated 14 bytes in 55 msecs (HTTP/1.1 200) 4 headers in 156 bytes (1 switches on core 0) [pid: 8|app: 0|req: 997/2065] 10.0.0.28 () {34 vars in 989 bytes} [Wed Jul 22 23:23:07 2026] GET /v2.0/ports?device_id=8e4ccc11-a611-4b05-87ac-386932235ebf => generated 1209 bytes in 37 msecs (HTTP/1.1 200) 4 headers in 158 bytes (1 switches on core 0)
2026-07-22 23:23:07.720 7 INFO neutron_taas.services.taas.taas_plugin [None req-3d6d526a-7d28-4b6a-8dcf-865b0151967f 37e098d14fcc45929c7e9a991c27d8f8 6c3d3073a68b4dcdbca87d6b8ea27a45 - - default default] TaaS: Handle Delete Port: 273b5a3a-952f-499a-84c8-970e26a42116
2026-07-22 23:23:07.724 7 INFO neutron_taas.services.taas.tap_mirror_plugin [None req-3d6d526a-7d28-4b6a-8dcf-865b0151967f 37e098d14fcc45929c7e9a991c27d8f8 6c3d3073a68b4dcdbca87d6b8ea27a45 - - default default] Tap Mirror: Handle Delete Port: 273b5a3a-952f-499a-84c8-970e26a42116 [pid: 8|app: 0|req: 1000/2068] 199.204.45.248 () {34 vars in 1112 bytes} [Wed Jul 22 23:23:07 2026] GET /v2.0/networks/0a8008d1-bbf4-477f-a523-b57f0a60f761?fields=provider%3Aphysical_network&fields=provider%3Anetwork_type => generated 79 bytes in 56 msecs (HTTP/1.1 200) 4 headers in 156 bytes (1 switches on core 0) [pid: 8|app: 0|req: 1001/2069] 10.0.0.28 () {34 vars in 1039 bytes} [Wed Jul 22 23:23:07 2026] GET /v2.0/security-groups?id=8ea95a52-3eaf-4427-95d1-5e5ca48a63ca&fields=id&fields=name => generated 114 bytes in 49 msecs (HTTP/1.1 200) 4 headers in 157 bytes (1 switches on core 0)
2026-07-22 23:23:07.969 7 INFO neutron.db.ovn_revision_numbers_db [None req-2ef5662a-cb40-4fe5-b822-ddc804883536 - - - - - -] Successfully bumped revision number for resource a344fb7a-4ae1-4749-bea1-2880ddbdced6 (type: ports) to 2
2026-07-22 23:23:08.119 7 INFO neutron.services.segments.plugin [-] Segment 8f0ad370-4df8-4cd5-9209-4e6c298e2a6c resource provider aggregate not found
2026-07-22 23:23:08.128 7 INFO neutron.services.segments.plugin [-] Segment 8f0ad370-4df8-4cd5-9209-4e6c298e2a6c resource provider aggregate not found
2026-07-22 23:23:08.149 7 INFO neutron.services.segments.plugin [-] Client error retrieving segment 8f0ad370-4df8-4cd5-9209-4e6c298e2a6c resource provider; error: Placement Client Error (4xx): {"errors": [{"status": 404, "title": "Not Found", "detail": "The resource could not be found.\n\n No resource provider with uuid 8f0ad370-4df8-4cd5-9209-4e6c298e2a6c found for delete ", "request_id": "req-852883d6-59e5-4036-99fd-611d180315a5"}]}
2026-07-22 23:23:08.156 7 INFO neutron.services.segments.plugin [-] Client error retrieving segment 8f0ad370-4df8-4cd5-9209-4e6c298e2a6c resource provider; error: Placement Client Error (4xx): {"errors": [{"status": 404, "title": "Not Found", "detail": "The resource could not be found.\n\n No resource provider with uuid 8f0ad370-4df8-4cd5-9209-4e6c298e2a6c found for delete ", "request_id": "req-c7ed3ae1-0617-4e73-8e7b-e1558703b6da"}]}
2026-07-22 23:23:08.184 8 INFO neutron.db.ovn_revision_numbers_db [None req-2464d960-798e-431a-a2f6-df7e525cac89 2210d8a6e9da4726a3394244a532f190 c3db8c879ee14f55b3dd870821ebf99e - - default default] Successfully bumped revision number for resource 45bb28de-a81a-4fed-8b20-e81c7aae93a4 (type: security_groups) to 1
2026-07-22 23:23:08.198 8 INFO neutron.db.ovn_revision_numbers_db [None req-2464d960-798e-431a-a2f6-df7e525cac89 2210d8a6e9da4726a3394244a532f190 c3db8c879ee14f55b3dd870821ebf99e - - default default] Successfully bumped revision number for resource 5fd1981e-e1b0-405d-9f62-541521aae4b2 (type: security_group_rules) to 0
2026-07-22 23:23:08.220 8 INFO neutron.db.ovn_revision_numbers_db [None req-2464d960-798e-431a-a2f6-df7e525cac89 2210d8a6e9da4726a3394244a532f190 c3db8c879ee14f55b3dd870821ebf99e - - default default] Successfully bumped revision number for resource b379b0aa-aa6b-4f7c-9417-daaf85b35529 (type: security_group_rules) to 0
2026-07-22 23:23:08.237 8 INFO neutron.db.ovn_revision_numbers_db [None req-2464d960-798e-431a-a2f6-df7e525cac89 2210d8a6e9da4726a3394244a532f190 c3db8c879ee14f55b3dd870821ebf99e - - default default] Successfully bumped revision number for resource dba833d5-7f13-4b51-ad47-f51f549b528a (type: security_group_rules) to 0
2026-07-22 23:23:08.249 8 INFO neutron.db.ovn_revision_numbers_db [None req-2464d960-798e-431a-a2f6-df7e525cac89 2210d8a6e9da4726a3394244a532f190 c3db8c879ee14f55b3dd870821ebf99e - - default default] Successfully bumped revision number for resource fb3699a5-cf8b-444f-bd54-7385ae826d7b (type: security_group_rules) to 0 [pid: 7|app: 0|req: 1069/2070] 10.0.0.174 () {32 vars in 726 bytes} [Wed Jul 22 23:23:07 2026] DELETE /v2.0/networks/b0f0ee9d-79dc-434f-8952-b695c01aeb78 => generated 0 bytes in 834 msecs (HTTP/1.1 204) 3 headers in 131 bytes (1 switches on core 0)
2026-07-22 23:23:08.346 7 INFO neutron.db.ovn_revision_numbers_db [None req-b63d8d6d-f0b5-4854-beb7-11a76e598248 - - - - - -] Successfully bumped revision number for resource a344fb7a-4ae1-4749-bea1-2880ddbdced6 (type: router_ports) to 2
2026-07-22 23:23:08.357 8 INFO neutron.db.segments_db [None req-2464d960-798e-431a-a2f6-df7e525cac89 2210d8a6e9da4726a3394244a532f190 c3db8c879ee14f55b3dd870821ebf99e - - default default] Added segment f6153c7b-7be5-42d6-bb08-6a0b6235dd4c of type geneve for network 4fa0b0fa-b93f-44ee-a014-c0ac272b406b
2026-07-22 23:23:08.478 8 INFO neutron.db.ovn_revision_numbers_db [None req-2464d960-798e-431a-a2f6-df7e525cac89 2210d8a6e9da4726a3394244a532f190 c3db8c879ee14f55b3dd870821ebf99e - - default default] Successfully bumped revision number for resource 4fa0b0fa-b93f-44ee-a014-c0ac272b406b (type: networks) to 1
2026-07-22 23:23:08.494 7 INFO neutron_taas.services.taas.taas_plugin [None req-153bedb7-368c-4a90-8fab-67d7fe390784 37e098d14fcc45929c7e9a991c27d8f8 6c3d3073a68b4dcdbca87d6b8ea27a45 - - default default] TaaS: Handle Delete Port: b2501d68-bbfe-4a7a-a4bc-5a8e9684f182
2026-07-22 23:23:08.497 7 INFO neutron_taas.services.taas.tap_mirror_plugin [None req-153bedb7-368c-4a90-8fab-67d7fe390784 37e098d14fcc45929c7e9a991c27d8f8 6c3d3073a68b4dcdbca87d6b8ea27a45 - - default default] Tap Mirror: Handle Delete Port: b2501d68-bbfe-4a7a-a4bc-5a8e9684f182
2026-07-22 23:23:08.672 8 WARNING neutron.scheduler.dhcp_agent_scheduler [None req-2464d960-798e-431a-a2f6-df7e525cac89 2210d8a6e9da4726a3394244a532f190 c3db8c879ee14f55b3dd870821ebf99e - - default default] No more DHCP agents
2026-07-22 23:23:08.675 8 WARNING neutron.api.rpc.agentnotifiers.dhcp_rpc_agent_api [None req-2464d960-798e-431a-a2f6-df7e525cac89 2210d8a6e9da4726a3394244a532f190 c3db8c879ee14f55b3dd870821ebf99e - - default default] Unable to schedule network 4fa0b0fa-b93f-44ee-a014-c0ac272b406b: no agents available; will retry on subsequent port and subnet creation events. [pid: 7|app: 0|req: 1070/2071] 10.0.0.174 () {32 vars in 726 bytes} [Wed Jul 22 23:23:08 2026] DELETE /v2.0/networks/9df111d6-8168-4d45-a330-69498fc49b2c => generated 0 bytes in 423 msecs (HTTP/1.1 204) 3 headers in 131 bytes (1 switches on core 0)
2026-07-22 23:23:08.739 8 INFO neutron.plugins.ml2.drivers.ovn.mech_driver.mech_driver [None req-915c3d12-c1a3-4cad-9da0-96fe0df47420 - - - - - -] OVN reports status down for port: a5dc2193-2d98-4e75-b116-f90fa4d943c1
2026-07-22 23:23:08.800 8 INFO neutron.db.ovn_revision_numbers_db [None req-2464d960-798e-431a-a2f6-df7e525cac89 2210d8a6e9da4726a3394244a532f190 c3db8c879ee14f55b3dd870821ebf99e - - default default] Successfully bumped revision number for resource a5dc2193-2d98-4e75-b116-f90fa4d943c1 (type: ports) to 1 [pid: 8|app: 0|req: 1002/2072] 10.0.0.174 () {34 vars in 671 bytes} [Wed Jul 22 23:23:07 2026] POST /v2.0/networks => generated 744 bytes in 857 msecs (HTTP/1.1 201) 4 headers in 162 bytes (1 switches on core 0)
2026-07-22 23:23:09.006 7 WARNING neutron.scheduler.dhcp_agent_scheduler [None req-c1ab01b9-65ba-4d02-9569-aa070df4284e 2210d8a6e9da4726a3394244a532f190 c3db8c879ee14f55b3dd870821ebf99e - - default default] No more DHCP agents
2026-07-22 23:23:09.007 7 WARNING neutron.api.rpc.agentnotifiers.dhcp_rpc_agent_api [None req-c1ab01b9-65ba-4d02-9569-aa070df4284e 2210d8a6e9da4726a3394244a532f190 c3db8c879ee14f55b3dd870821ebf99e - - default default] Unable to schedule network 4fa0b0fa-b93f-44ee-a014-c0ac272b406b: no agents available; will retry on subsequent port and subnet creation events.
2026-07-22 23:23:09.486 7 INFO neutron.db.ovn_revision_numbers_db [None req-f96889bf-734a-48e2-98f4-2be21611c7b4 - - - - - -] Successfully bumped revision number for resource a5dc2193-2d98-4e75-b116-f90fa4d943c1 (type: ports) to 2 [pid: 8|app: 0|req: 1003/2073] 10.0.0.20 () {34 vars in 989 bytes} [Wed Jul 22 23:23:09 2026] GET /v2.0/ports?device_id=8e4ccc11-a611-4b05-87ac-386932235ebf => generated 971 bytes in 92 msecs (HTTP/1.1 200) 4 headers in 157 bytes (1 switches on core 0)
2026-07-22 23:23:09.517 7 INFO neutron.db.ovn_revision_numbers_db [None req-f96889bf-734a-48e2-98f4-2be21611c7b4 - - - - - -] Successfully bumped revision number for resource 7c0e4f67-bf94-41aa-8775-8f3f2a774eb6 (type: subnets) to 0 [pid: 7|app: 0|req: 1071/2074] 10.0.0.174 () {34 vars in 669 bytes} [Wed Jul 22 23:23:08 2026] POST /v2.0/subnets => generated 688 bytes in 677 msecs (HTTP/1.1 201) 4 headers in 162 bytes (1 switches on core 0) [pid: 7|app: 0|req: 1072/2075] 10.0.0.20 () {34 vars in 1039 bytes} [Wed Jul 22 23:23:09 2026] GET /v2.0/security-groups?id=8ea95a52-3eaf-4427-95d1-5e5ca48a63ca&fields=id&fields=name => generated 114 bytes in 32 msecs (HTTP/1.1 200) 4 headers in 157 bytes (1 switches on core 0) [pid: 8|app: 0|req: 1004/2076] 10.0.0.174 () {32 vars in 774 bytes} [Wed Jul 22 23:23:09 2026] GET /v2.0/security-groups?tenant_id=6c3d3073a68b4dcdbca87d6b8ea27a45&name=default => generated 2925 bytes in 196 msecs (HTTP/1.1 200) 4 headers in 158 bytes (1 switches on core 0) [pid: 8|app: 0|req: 1005/2077] 10.0.0.174 () {32 vars in 740 bytes} [Wed Jul 22 23:23:09 2026] DELETE /v2.0/security-groups/c7abf87b-93e5-46a3-a39c-ace78aa48fbc => generated 0 bytes in 246 msecs (HTTP/1.1 204) 2 headers in 112 bytes (1 switches on core 0)
2026-07-22 23:23:09.976 7 WARNING neutron.scheduler.dhcp_agent_scheduler [None req-29aa37d8-f56e-4065-9069-bb8cb99ba506 2210d8a6e9da4726a3394244a532f190 c3db8c879ee14f55b3dd870821ebf99e - - default default] No more DHCP agents
2026-07-22 23:23:09.984 7 WARNING neutron.api.rpc.agentnotifiers.dhcp_rpc_agent_api [None req-29aa37d8-f56e-4065-9069-bb8cb99ba506 2210d8a6e9da4726a3394244a532f190 c3db8c879ee14f55b3dd870821ebf99e - - default default] Unable to schedule network db8c019c-2b9f-4820-9c1e-b885c9a2fe92: no agents available; will retry on subsequent port and subnet creation events.
2026-07-22 23:23:10.095 8 INFO neutron.plugins.ml2.drivers.ovn.mech_driver.mech_driver [None req-915c3d12-c1a3-4cad-9da0-96fe0df47420 - - - - - -] OVN reports status down for port: e3746bca-e12d-459f-9f66-d07248565fd2
2026-07-22 23:23:10.109 7 INFO neutron.db.ovn_revision_numbers_db [None req-29aa37d8-f56e-4065-9069-bb8cb99ba506 2210d8a6e9da4726a3394244a532f190 c3db8c879ee14f55b3dd870821ebf99e - - default default] Successfully bumped revision number for resource e3746bca-e12d-459f-9f66-d07248565fd2 (type: ports) to 1
