2026-07-22 23:21:14.179 8 INFO neutron_taas.services.taas.tap_mirror_plugin [None req-7412f2f0-49b1-4bb3-9a30-8a3e875bdb1c 812f169c1d9247a28f8a70a5f304ed25 d8804e210ec24d3a9ad9af4d01dba3aa - - default default] Tap Mirror: Handle Delete Port: 7ba86fb9-7261-4347-a01e-b0e862b9b05c [pid: 7|app: 0|req: 684/1288] 10.0.0.174 () {32 vars in 774 bytes} [Wed Jul 22 23:21:14 2026] GET /v2.0/security-groups?tenant_id=2b2de82823a14ed2a735f1c601877856&name=default => generated 2925 bytes in 108 msecs (HTTP/1.1 200) 4 headers in 158 bytes (1 switches on core 0) [pid: 7|app: 0|req: 685/1289] 10.0.0.20 () {34 vars in 989 bytes} [Wed Jul 22 23:21:14 2026] GET /v2.0/ports?device_id=3aba8fa4-f5d6-4011-bf08-0fa692697c3b => generated 969 bytes in 48 msecs (HTTP/1.1 200) 4 headers in 157 bytes (1 switches on core 0) [pid: 8|app: 0|req: 605/1290] 10.0.0.174 () {32 vars in 726 bytes} [Wed Jul 22 23:21:14 2026] DELETE /v2.0/networks/3a736bfc-6af5-4544-ab02-188a76a153f5 => generated 0 bytes in 407 msecs (HTTP/1.1 204) 3 headers in 131 bytes (1 switches on core 0) [pid: 8|app: 0|req: 606/1291] 10.0.0.20 () {34 vars in 1039 bytes} [Wed Jul 22 23:21:14 2026] GET /v2.0/security-groups?id=debf4beb-c306-47ac-a918-cd95a37667c2&fields=id&fields=name => generated 113 bytes in 40 msecs (HTTP/1.1 200) 4 headers in 157 bytes (1 switches on core 0) [pid: 8|app: 0|req: 607/1292] 10.0.0.174 () {32 vars in 649 bytes} [Wed Jul 22 23:21:14 2026] GET /v2.0/networks => generated 651 bytes in 48 msecs (HTTP/1.1 200) 4 headers in 157 bytes (1 switches on core 0) [pid: 7|app: 0|req: 686/1293] 10.0.0.174 () {32 vars in 740 bytes} [Wed Jul 22 23:21:14 2026] DELETE /v2.0/security-groups/35d1b17a-6401-45e4-a993-eae61e03f588 => generated 0 bytes in 289 msecs (HTTP/1.1 204) 2 headers in 112 bytes (1 switches on core 0)
2026-07-22 23:21:14.593 8 INFO neutron.services.segments.plugin [-] Segment 5fe361a9-760c-4be4-8b0a-a0ffc896140b resource provider aggregate not found
2026-07-22 23:21:14.594 8 INFO neutron.services.segments.plugin [-] Segment 5fe361a9-760c-4be4-8b0a-a0ffc896140b resource provider aggregate not found
2026-07-22 23:21:14.623 8 INFO neutron.services.segments.plugin [-] Client error retrieving segment 5fe361a9-760c-4be4-8b0a-a0ffc896140b resource provider; error: Placement Client Error (4xx): {"errors": [{"status": 404, "title": "Not Found", "detail": "The resource could not be found.\n\n No resource provider with uuid 5fe361a9-760c-4be4-8b0a-a0ffc896140b found for delete ", "request_id": "req-9f4dee61-5de3-4d46-88f7-f521630bc420"}]}
2026-07-22 23:21:14.627 8 INFO neutron.services.segments.plugin [-] Client error retrieving segment 5fe361a9-760c-4be4-8b0a-a0ffc896140b resource provider; error: Placement Client Error (4xx): {"errors": [{"status": 404, "title": "Not Found", "detail": "The resource could not be found.\n\n No resource provider with uuid 5fe361a9-760c-4be4-8b0a-a0ffc896140b found for delete ", "request_id": "req-4e8b85d0-cd8b-4dee-a393-9ffc4ed31f5a"}]}
2026-07-22 23:21:14.653 8 INFO neutron.services.segments.plugin [-] Segment acdb3aa5-d45d-42c2-a91d-d08d4d8e33cd resource provider aggregate not found
2026-07-22 23:21:14.659 8 INFO neutron.services.segments.plugin [-] Segment acdb3aa5-d45d-42c2-a91d-d08d4d8e33cd resource provider aggregate not found
2026-07-22 23:21:14.681 8 INFO neutron.services.segments.plugin [-] Client error retrieving segment acdb3aa5-d45d-42c2-a91d-d08d4d8e33cd resource provider; error: Placement Client Error (4xx): {"errors": [{"status": 404, "title": "Not Found", "detail": "The resource could not be found.\n\n No resource provider with uuid acdb3aa5-d45d-42c2-a91d-d08d4d8e33cd found for delete ", "request_id": "req-ad821dc8-4762-4790-a30d-18eb4337d691"}]}
2026-07-22 23:21:14.686 8 INFO neutron.services.segments.plugin [-] Client error retrieving segment acdb3aa5-d45d-42c2-a91d-d08d4d8e33cd resource provider; error: Placement Client Error (4xx): {"errors": [{"status": 404, "title": "Not Found", "detail": "The resource could not be found.\n\n No resource provider with uuid acdb3aa5-d45d-42c2-a91d-d08d4d8e33cd found for delete ", "request_id": "req-7ed3aaf3-3ab1-4f67-a678-7a0332e4d429"}]}
2026-07-22 23:21:14.706 8 INFO neutron.services.segments.plugin [-] Segment c477ed86-6c2f-4c64-bc7f-0c797fe523bb resource provider aggregate not found
2026-07-22 23:21:14.710 8 INFO neutron.services.segments.plugin [-] Segment c477ed86-6c2f-4c64-bc7f-0c797fe523bb resource provider aggregate not found
2026-07-22 23:21:14.719 8 INFO neutron.db.segments_db [None req-db83b44b-30eb-4af7-b330-aae50e4f5652 812f169c1d9247a28f8a70a5f304ed25 d8804e210ec24d3a9ad9af4d01dba3aa - - default default] Added segment 90e4c46c-b275-4902-9aa0-040d21854161 of type geneve for network 23e44fa8-e99b-4fc4-9dc1-9007765cbd7c
2026-07-22 23:21:14.735 8 INFO neutron.services.segments.plugin [-] Client error retrieving segment c477ed86-6c2f-4c64-bc7f-0c797fe523bb resource provider; error: Placement Client Error (4xx): {"errors": [{"status": 404, "title": "Not Found", "detail": "The resource could not be found.\n\n No resource provider with uuid c477ed86-6c2f-4c64-bc7f-0c797fe523bb found for delete ", "request_id": "req-c94bfc06-7f5b-4135-aa96-f13817b2a6b0"}]}
2026-07-22 23:21:14.737 8 INFO neutron.services.segments.plugin [-] Client error retrieving segment c477ed86-6c2f-4c64-bc7f-0c797fe523bb resource provider; error: Placement Client Error (4xx): {"errors": [{"status": 404, "title": "Not Found", "detail": "The resource could not be found.\n\n No resource provider with uuid c477ed86-6c2f-4c64-bc7f-0c797fe523bb found for delete ", "request_id": "req-2f57596d-28e7-4ca3-8bd6-a63fd86e33c7"}]} [pid: 7|app: 0|req: 687/1294] 199.204.45.248 () {34 vars in 1080 bytes} [Wed Jul 22 23:21:14 2026] GET /v2.0/ports?tenant_id=6f2e980fc0ee4e16923646bb426b899e&device_id=3aba8fa4-f5d6-4011-bf08-0fa692697c3b => generated 1207 bytes in 40 msecs (HTTP/1.1 200) 4 headers in 158 bytes (1 switches on core 0) [pid: 7|app: 0|req: 688/1295] 199.204.45.248 () {34 vars in 986 bytes} [Wed Jul 22 23:21:14 2026] GET /v2.0/networks?id=1db0a27c-93b8-4182-b28e-cef275bc1e3e => generated 769 bytes in 48 msecs (HTTP/1.1 200) 4 headers in 157 bytes (1 switches on core 0)
2026-07-22 23:21:14.874 8 INFO neutron.db.ovn_revision_numbers_db [None req-db83b44b-30eb-4af7-b330-aae50e4f5652 812f169c1d9247a28f8a70a5f304ed25 d8804e210ec24d3a9ad9af4d01dba3aa - - default default] Successfully bumped revision number for resource 23e44fa8-e99b-4fc4-9dc1-9007765cbd7c (type: networks) to 1 [pid: 7|app: 0|req: 689/1296] 199.204.45.248 () {34 vars in 1058 bytes} [Wed Jul 22 23:21:14 2026] GET /v2.0/floatingips?fixed_ip_address=10.100.0.4&port_id=350d2b2c-6624-47bb-9c8c-c76fbc29137c => generated 19 bytes in 20 msecs (HTTP/1.1 200) 4 headers in 156 bytes (1 switches on core 0) [pid: 7|app: 0|req: 690/1297] 199.204.45.248 () {34 vars in 984 bytes} [Wed Jul 22 23:21:14 2026] GET /v2.0/subnets?id=9ba90158-e595-47aa-b2aa-aca26bf3e497 => generated 688 bytes in 25 msecs (HTTP/1.1 200) 4 headers in 157 bytes (1 switches on core 0) [pid: 7|app: 0|req: 691/1298] 199.204.45.248 () {34 vars in 1052 bytes} [Wed Jul 22 23:21:14 2026] GET /v2.0/ports?network_id=1db0a27c-93b8-4182-b28e-cef275bc1e3e&device_owner=network%3Adhcp => generated 12 bytes in 17 msecs (HTTP/1.1 200) 4 headers in 156 bytes (1 switches on core 0) [pid: 7|app: 0|req: 692/1299] 199.204.45.248 () {34 vars in 1012 bytes} [Wed Jul 22 23:21:14 2026] GET /v2.0/networks/1db0a27c-93b8-4182-b28e-cef275bc1e3e?fields=segments => generated 14 bytes in 37 msecs (HTTP/1.1 200) 4 headers in 156 bytes (1 switches on core 0) [pid: 7|app: 0|req: 693/1300] 199.204.45.248 () {34 vars in 1112 bytes} [Wed Jul 22 23:21:14 2026] GET /v2.0/networks/1db0a27c-93b8-4182-b28e-cef275bc1e3e?fields=provider%3Aphysical_network&fields=provider%3Anetwork_type => generated 79 bytes in 44 msecs (HTTP/1.1 200) 4 headers in 156 bytes (1 switches on core 0)
2026-07-22 23:21:15.058 8 WARNING neutron.scheduler.dhcp_agent_scheduler [None req-db83b44b-30eb-4af7-b330-aae50e4f5652 812f169c1d9247a28f8a70a5f304ed25 d8804e210ec24d3a9ad9af4d01dba3aa - - default default] No more DHCP agents
2026-07-22 23:21:15.059 8 WARNING neutron.api.rpc.agentnotifiers.dhcp_rpc_agent_api [None req-db83b44b-30eb-4af7-b330-aae50e4f5652 812f169c1d9247a28f8a70a5f304ed25 d8804e210ec24d3a9ad9af4d01dba3aa - - default default] Unable to schedule network 23e44fa8-e99b-4fc4-9dc1-9007765cbd7c: no agents available; will retry on subsequent port and subnet creation events.
2026-07-22 23:21:15.112 8 INFO neutron.plugins.ml2.drivers.ovn.mech_driver.mech_driver [None req-92e9267a-e9e5-45bc-ad81-c71866591cd8 - - - - - -] OVN reports status down for port: a50b955c-dafe-44ac-a8f2-e551341b7b5d
2026-07-22 23:21:15.182 8 INFO neutron.db.ovn_revision_numbers_db [None req-db83b44b-30eb-4af7-b330-aae50e4f5652 812f169c1d9247a28f8a70a5f304ed25 d8804e210ec24d3a9ad9af4d01dba3aa - - default default] Successfully bumped revision number for resource a50b955c-dafe-44ac-a8f2-e551341b7b5d (type: ports) to 1 [pid: 8|app: 0|req: 608/1301] 10.0.0.174 () {34 vars in 670 bytes} [Wed Jul 22 23:21:14 2026] POST /v2.0/networks => generated 654 bytes in 678 msecs (HTTP/1.1 201) 4 headers in 162 bytes (1 switches on core 0)
2026-07-22 23:21:15.374 7 INFO neutron.db.segments_db [None req-7369ea8b-7dce-47e2-901c-1339a8b479d8 812f169c1d9247a28f8a70a5f304ed25 d8804e210ec24d3a9ad9af4d01dba3aa - - default default] Added segment 00dc963a-9cf1-48a4-aef5-5cf7f38da497 of type geneve for network 185c386f-2801-40db-8927-fb16863cb2a3
2026-07-22 23:21:15.492 7 INFO neutron.db.ovn_revision_numbers_db [None req-7369ea8b-7dce-47e2-901c-1339a8b479d8 812f169c1d9247a28f8a70a5f304ed25 d8804e210ec24d3a9ad9af4d01dba3aa - - default default] Successfully bumped revision number for resource 185c386f-2801-40db-8927-fb16863cb2a3 (type: networks) to 1 [pid: 8|app: 0|req: 609/1302] 10.0.0.20 () {34 vars in 989 bytes} [Wed Jul 22 23:21:15 2026] GET /v2.0/ports?device_id=3aba8fa4-f5d6-4011-bf08-0fa692697c3b => generated 969 bytes in 48 msecs (HTTP/1.1 200) 4 headers in 157 bytes (1 switches on core 0)
2026-07-22 23:21:15.633 7 WARNING neutron.scheduler.dhcp_agent_scheduler [None req-7369ea8b-7dce-47e2-901c-1339a8b479d8 812f169c1d9247a28f8a70a5f304ed25 d8804e210ec24d3a9ad9af4d01dba3aa - - default default] No more DHCP agents
2026-07-22 23:21:15.648 7 WARNING neutron.api.rpc.agentnotifiers.dhcp_rpc_agent_api [None req-7369ea8b-7dce-47e2-901c-1339a8b479d8 812f169c1d9247a28f8a70a5f304ed25 d8804e210ec24d3a9ad9af4d01dba3aa - - default default] Unable to schedule network 185c386f-2801-40db-8927-fb16863cb2a3: no agents available; will retry on subsequent port and subnet creation events. [pid: 8|app: 0|req: 610/1303] 10.0.0.20 () {34 vars in 1039 bytes} [Wed Jul 22 23:21:15 2026] GET /v2.0/security-groups?id=debf4beb-c306-47ac-a918-cd95a37667c2&fields=id&fields=name => generated 113 bytes in 50 msecs (HTTP/1.1 200) 4 headers in 157 bytes (1 switches on core 0)
2026-07-22 23:21:15.707 7 INFO neutron.plugins.ml2.drivers.ovn.mech_driver.mech_driver [None req-a1c2ce8b-a092-4ab6-adcc-893b1a7ffe20 - - - - - -] OVN reports status down for port: 4e5d9492-2db7-4e66-9f95-88cb7f91c96f
2026-07-22 23:21:15.778 7 INFO neutron.db.ovn_revision_numbers_db [None req-7369ea8b-7dce-47e2-901c-1339a8b479d8 812f169c1d9247a28f8a70a5f304ed25 d8804e210ec24d3a9ad9af4d01dba3aa - - default default] Successfully bumped revision number for resource 4e5d9492-2db7-4e66-9f95-88cb7f91c96f (type: ports) to 1 [pid: 7|app: 0|req: 694/1304] 10.0.0.174 () {34 vars in 670 bytes} [Wed Jul 22 23:21:15 2026] POST /v2.0/networks => generated 654 bytes in 581 msecs (HTTP/1.1 201) 4 headers in 162 bytes (1 switches on core 0)
2026-07-22 23:21:16.241 8 WARNING neutron.scheduler.dhcp_agent_scheduler [None req-f5d3431f-90b0-4c1b-bb29-acfd21d7365b 812f169c1d9247a28f8a70a5f304ed25 d8804e210ec24d3a9ad9af4d01dba3aa - - default default] No more DHCP agents
2026-07-22 23:21:16.242 8 WARNING neutron.api.rpc.agentnotifiers.dhcp_rpc_agent_api [None req-f5d3431f-90b0-4c1b-bb29-acfd21d7365b 812f169c1d9247a28f8a70a5f304ed25 d8804e210ec24d3a9ad9af4d01dba3aa - - default default] Unable to schedule network 23e44fa8-e99b-4fc4-9dc1-9007765cbd7c: no agents available; will retry on subsequent port and subnet creation events.
2026-07-22 23:21:16.315 8 INFO neutron.plugins.ml2.drivers.ovn.mech_driver.mech_driver [None req-92e9267a-e9e5-45bc-ad81-c71866591cd8 - - - - - -] OVN reports status down for port: 3d52ed59-1c5e-4322-88d6-4749f5987b33
2026-07-22 23:21:16.409 8 INFO neutron.db.ovn_revision_numbers_db [None req-f5d3431f-90b0-4c1b-bb29-acfd21d7365b 812f169c1d9247a28f8a70a5f304ed25 d8804e210ec24d3a9ad9af4d01dba3aa - - default default] Successfully bumped revision number for resource 3d52ed59-1c5e-4322-88d6-4749f5987b33 (type: ports) to 1
2026-07-22 23:21:16.521 8 INFO neutron.plugins.ml2.drivers.ovn.mech_driver.mech_driver [None req-92e9267a-e9e5-45bc-ad81-c71866591cd8 - - - - - -] OVN reports status up for port: 350d2b2c-6624-47bb-9c8c-c76fbc29137c
2026-07-22 23:21:16.530 8 WARNING neutron.scheduler.dhcp_agent_scheduler [None req-f5d3431f-90b0-4c1b-bb29-acfd21d7365b 812f169c1d9247a28f8a70a5f304ed25 d8804e210ec24d3a9ad9af4d01dba3aa - - default default] No more DHCP agents
2026-07-22 23:21:16.533 8 WARNING neutron.api.rpc.agentnotifiers.dhcp_rpc_agent_api [None req-f5d3431f-90b0-4c1b-bb29-acfd21d7365b 812f169c1d9247a28f8a70a5f304ed25 d8804e210ec24d3a9ad9af4d01dba3aa - - default default] Unable to schedule network 185c386f-2801-40db-8927-fb16863cb2a3: no agents available; will retry on subsequent port and subnet creation events.
2026-07-22 23:21:16.537 8 INFO neutron.plugins.ml2.plugin [None req-92e9267a-e9e5-45bc-ad81-c71866591cd8 - - - - - -] Attempt 1 to provision port 350d2b2c-6624-47bb-9c8c-c76fbc29137c
2026-07-22 23:21:16.735 7 INFO neutron.db.ovn_revision_numbers_db [None req-65450a29-f500-46d5-a7dc-961e5770d84e 1f7836c05b9e49e79c4b1cb16f419f18 7bc9a58455974a76adcb51c7493058b2 - - default default] Successfully bumped revision number for resource 7e6d6dfc-c838-410d-b1de-a9ccdd1c445e (type: security_groups) to 1
2026-07-22 23:21:16.747 7 INFO neutron.db.ovn_revision_numbers_db [None req-65450a29-f500-46d5-a7dc-961e5770d84e 1f7836c05b9e49e79c4b1cb16f419f18 7bc9a58455974a76adcb51c7493058b2 - - default default] Successfully bumped revision number for resource 266c29a2-4e2e-420c-9e3b-35c844945280 (type: security_group_rules) to 0
2026-07-22 23:21:16.749 8 INFO neutron.notifiers.nova [-] Nova event matching ['req-63890b96-ced1-47e2-a136-101c71cb0293'] response: {'server_uuid': '3aba8fa4-f5d6-4011-bf08-0fa692697c3b', 'name': 'network-vif-plugged', 'status': 'completed', 'tag': '350d2b2c-6624-47bb-9c8c-c76fbc29137c', 'code': 200}
2026-07-22 23:21:16.770 7 INFO neutron.db.ovn_revision_numbers_db [None req-65450a29-f500-46d5-a7dc-961e5770d84e 1f7836c05b9e49e79c4b1cb16f419f18 7bc9a58455974a76adcb51c7493058b2 - - default default] Successfully bumped revision number for resource 42f630af-5cf9-4109-b50a-e3c8f3739edc (type: security_group_rules) to 0
2026-07-22 23:21:16.784 7 INFO neutron.db.ovn_revision_numbers_db [None req-65450a29-f500-46d5-a7dc-961e5770d84e 1f7836c05b9e49e79c4b1cb16f419f18 7bc9a58455974a76adcb51c7493058b2 - - default default] Successfully bumped revision number for resource 5cc57f6f-589e-446f-bc42-9bea90c92e66 (type: security_group_rules) to 0
2026-07-22 23:21:16.795 8 INFO neutron.db.ovn_revision_numbers_db [None req-f5d3431f-90b0-4c1b-bb29-acfd21d7365b 812f169c1d9247a28f8a70a5f304ed25 d8804e210ec24d3a9ad9af4d01dba3aa - - default default] Successfully bumped revision number for resource f1ebc1b9-e471-4468-a78c-d19ec2370a6c (type: ports) to 1
2026-07-22 23:21:16.800 7 INFO neutron.db.ovn_revision_numbers_db [None req-65450a29-f500-46d5-a7dc-961e5770d84e 1f7836c05b9e49e79c4b1cb16f419f18 7bc9a58455974a76adcb51c7493058b2 - - default default] Successfully bumped revision number for resource eb6a9dcc-01f8-46dc-8957-95a5a3cdb609 (type: security_group_rules) to 0
2026-07-22 23:21:16.877 7 INFO neutron.db.segments_db [None req-65450a29-f500-46d5-a7dc-961e5770d84e 1f7836c05b9e49e79c4b1cb16f419f18 7bc9a58455974a76adcb51c7493058b2 - - default default] Added segment 484e48af-ee60-4cbc-bbf1-4e5c6d885af6 of type geneve for network cd6c5040-7f28-4061-b125-5c1736c42f1c
2026-07-22 23:21:16.984 7 INFO neutron.db.ovn_revision_numbers_db [None req-65450a29-f500-46d5-a7dc-961e5770d84e 1f7836c05b9e49e79c4b1cb16f419f18 7bc9a58455974a76adcb51c7493058b2 - - default default] Successfully bumped revision number for resource cd6c5040-7f28-4061-b125-5c1736c42f1c (type: networks) to 1 [pid: 8|app: 0|req: 611/1305] 10.0.0.174 () {34 vars in 665 bytes} [Wed Jul 22 23:21:15 2026] POST /v2.0/ports => generated 1506 bytes in 1176 msecs (HTTP/1.1 201) 4 headers in 163 bytes (1 switches on core 0)
2026-07-22 23:21:17.006 8 INFO neutron.db.ovn_revision_numbers_db [None req-92e9267a-e9e5-45bc-ad81-c71866591cd8 - - - - - -] Successfully bumped revision number for resource 350d2b2c-6624-47bb-9c8c-c76fbc29137c (type: ports) to 5 /var/lib/openstack/lib/python3.12/site-packages/pycadf/identifier.py:70: UserWarning: Invalid uuid: neutron. To ensure interoperability, identifiers should be a valid uuid. warnings.warn(('Invalid uuid: %s. To ensure interoperability, ' [pid: 8|app: 0|req: 612/1306] 10.0.0.20 () {34 vars in 989 bytes} [Wed Jul 22 23:21:17 2026] GET /v2.0/ports?device_id=3aba8fa4-f5d6-4011-bf08-0fa692697c3b => generated 971 bytes in 82 msecs (HTTP/1.1 200) 4 headers in 157 bytes (1 switches on core 0) /var/lib/openstack/lib/python3.12/site-packages/pycadf/identifier.py:70: UserWarning: Invalid uuid: neutron. To ensure interoperability, identifiers should be a valid uuid. warnings.warn(('Invalid uuid: %s. To ensure interoperability, '
2026-07-22 23:21:17.180 8 INFO neutron.plugins.ml2.drivers.ovn.mech_driver.mech_driver [None req-63aa2e7b-051a-4bb6-964c-bb81f873f381 - - - - - -] OVN reports status down for port: f1ebc1b9-e471-4468-a78c-d19ec2370a6c
2026-07-22 23:21:17.185 7 WARNING neutron.scheduler.dhcp_agent_scheduler [None req-65450a29-f500-46d5-a7dc-961e5770d84e 1f7836c05b9e49e79c4b1cb16f419f18 7bc9a58455974a76adcb51c7493058b2 - - default default] No more DHCP agents
2026-07-22 23:21:17.189 7 WARNING neutron.api.rpc.agentnotifiers.dhcp_rpc_agent_api [None req-65450a29-f500-46d5-a7dc-961e5770d84e 1f7836c05b9e49e79c4b1cb16f419f18 7bc9a58455974a76adcb51c7493058b2 - - default default] Unable to schedule network cd6c5040-7f28-4061-b125-5c1736c42f1c: no agents available; will retry on subsequent port and subnet creation events. [pid: 8|app: 0|req: 613/1307] 10.0.0.174 () {32 vars in 643 bytes} [Wed Jul 22 23:21:17 2026] GET /v2.0/ports => generated 3018 bytes in 152 msecs (HTTP/1.1 200) 4 headers in 158 bytes (1 switches on core 0)
2026-07-22 23:21:17.280 7 INFO neutron.db.ovn_revision_numbers_db [None req-65450a29-f500-46d5-a7dc-961e5770d84e 1f7836c05b9e49e79c4b1cb16f419f18 7bc9a58455974a76adcb51c7493058b2 - - default default] Successfully bumped revision number for resource e8c86fe8-9d84-4dd3-b161-fe0a3a961c21 (type: ports) to 1 [pid: 7|app: 0|req: 695/1308] 10.0.0.174 () {34 vars in 670 bytes} [Wed Jul 22 23:21:16 2026] POST /v2.0/networks => generated 648 bytes in 1038 msecs (HTTP/1.1 201) 4 headers in 162 bytes (1 switches on core 0) [pid: 8|app: 0|req: 614/1309] 10.0.0.20 () {34 vars in 1039 bytes} [Wed Jul 22 23:21:17 2026] GET /v2.0/security-groups?id=debf4beb-c306-47ac-a918-cd95a37667c2&fields=id&fields=name => generated 113 bytes in 96 msecs (HTTP/1.1 200) 4 headers in 157 bytes (1 switches on core 0)
2026-07-22 23:21:17.358 8 INFO neutron.plugins.ml2.drivers.ovn.mech_driver.mech_driver [None req-63aa2e7b-051a-4bb6-964c-bb81f873f381 - - - - - -] OVN reports status down for port: e8c86fe8-9d84-4dd3-b161-fe0a3a961c21
2026-07-22 23:21:17.527 7 INFO neutron_taas.services.taas.taas_plugin [None req-f8f710f6-2189-411c-9360-1f9bbc67cc04 812f169c1d9247a28f8a70a5f304ed25 d8804e210ec24d3a9ad9af4d01dba3aa - - default default] TaaS: Handle Delete Port: 3d52ed59-1c5e-4322-88d6-4749f5987b33
2026-07-22 23:21:17.530 7 INFO neutron_taas.services.taas.tap_mirror_plugin [None req-f8f710f6-2189-411c-9360-1f9bbc67cc04 812f169c1d9247a28f8a70a5f304ed25 d8804e210ec24d3a9ad9af4d01dba3aa - - default default] Tap Mirror: Handle Delete Port: 3d52ed59-1c5e-4322-88d6-4749f5987b33 [pid: 7|app: 0|req: 696/1310] 10.0.0.174 () {32 vars in 720 bytes} [Wed Jul 22 23:21:17 2026] DELETE /v2.0/ports/3d52ed59-1c5e-4322-88d6-4749f5987b33 => generated 0 bytes in 329 msecs (HTTP/1.1 204) 3 headers in 131 bytes (1 switches on core 0)
2026-07-22 23:21:17.800 8 INFO neutron_taas.services.taas.taas_plugin [None req-c24ce444-a4d8-4643-8f14-ab4de8137e96 812f169c1d9247a28f8a70a5f304ed25 d8804e210ec24d3a9ad9af4d01dba3aa - - default default] TaaS: Handle Delete Port: f1ebc1b9-e471-4468-a78c-d19ec2370a6c
2026-07-22 23:21:17.803 8 INFO neutron_taas.services.taas.tap_mirror_plugin [None req-c24ce444-a4d8-4643-8f14-ab4de8137e96 812f169c1d9247a28f8a70a5f304ed25 d8804e210ec24d3a9ad9af4d01dba3aa - - default default] Tap Mirror: Handle Delete Port: f1ebc1b9-e471-4468-a78c-d19ec2370a6c [pid: 8|app: 0|req: 615/1311] 10.0.0.174 () {32 vars in 720 bytes} [Wed Jul 22 23:21:17 2026] DELETE /v2.0/ports/f1ebc1b9-e471-4468-a78c-d19ec2370a6c => generated 0 bytes in 300 msecs (HTTP/1.1 204) 3 headers in 131 bytes (1 switches on core 0) [pid: 8|app: 0|req: 616/1312] 10.0.0.174 () {32 vars in 643 bytes} [Wed Jul 22 23:21:17 2026] GET /v2.0/ports => generated 1523 bytes in 39 msecs (HTTP/1.1 200) 4 headers in 158 bytes (1 switches on core 0)
2026-07-22 23:21:18.014 7 WARNING neutron.scheduler.dhcp_agent_scheduler [None req-3c3e7b15-6dfa-49f2-9e39-d376494504df 1f7836c05b9e49e79c4b1cb16f419f18 7bc9a58455974a76adcb51c7493058b2 - - default default] No more DHCP agents
2026-07-22 23:21:18.016 7 WARNING neutron.api.rpc.agentnotifiers.dhcp_rpc_agent_api [None req-3c3e7b15-6dfa-49f2-9e39-d376494504df 1f7836c05b9e49e79c4b1cb16f419f18 7bc9a58455974a76adcb51c7493058b2 - - default default] Unable to schedule network cd6c5040-7f28-4061-b125-5c1736c42f1c: no agents available; will retry on subsequent port and subnet creation events.
2026-07-22 23:21:18.044 7 INFO neutron.db.ovn_revision_numbers_db [None req-3c3e7b15-6dfa-49f2-9e39-d376494504df 1f7836c05b9e49e79c4b1cb16f419f18 7bc9a58455974a76adcb51c7493058b2 - - default default] Successfully bumped revision number for resource ba660d91-e880-4247-8a81-920287282e1d (type: subnets) to 0 [pid: 7|app: 0|req: 697/1313] 10.0.0.174 () {34 vars in 669 bytes} [Wed Jul 22 23:21:17 2026] POST /v2.0/subnets => generated 673 bytes in 261 msecs (HTTP/1.1 201) 4 headers in 162 bytes (1 switches on core 0)
2026-07-22 23:21:18.104 8 INFO neutron.db.segments_db [None req-0d6043dd-6be1-4469-8c9b-9635804de8b6 812f169c1d9247a28f8a70a5f304ed25 d8804e210ec24d3a9ad9af4d01dba3aa - - default default] Added segment 59ea79ad-72bc-496c-94e2-06ed656e3cdf of type geneve for network 02bce58e-ab61-4fe3-92af-341679c48c20
2026-07-22 23:21:18.180 7 INFO neutron.db.segments_db [None req-7f99000a-328d-4a78-80bc-f433deb592d2 1f7836c05b9e49e79c4b1cb16f419f18 7bc9a58455974a76adcb51c7493058b2 - - default default] Added segment 2ceaffe9-6418-4bdd-ab82-0e9841c7db0f of type geneve for network e8b848d7-f23b-4263-b931-f455be02514e
2026-07-22 23:21:18.231 8 INFO neutron.db.ovn_revision_numbers_db [None req-0d6043dd-6be1-4469-8c9b-9635804de8b6 812f169c1d9247a28f8a70a5f304ed25 d8804e210ec24d3a9ad9af4d01dba3aa - - default default] Successfully bumped revision number for resource 02bce58e-ab61-4fe3-92af-341679c48c20 (type: networks) to 1
2026-07-22 23:21:18.304 7 INFO neutron.db.ovn_revision_numbers_db [None req-7f99000a-328d-4a78-80bc-f433deb592d2 1f7836c05b9e49e79c4b1cb16f419f18 7bc9a58455974a76adcb51c7493058b2 - - default default] Successfully bumped revision number for resource e8b848d7-f23b-4263-b931-f455be02514e (type: networks) to 1
2026-07-22 23:21:18.466 8 WARNING neutron.scheduler.dhcp_agent_scheduler [None req-0d6043dd-6be1-4469-8c9b-9635804de8b6 812f169c1d9247a28f8a70a5f304ed25 d8804e210ec24d3a9ad9af4d01dba3aa - - default default] No more DHCP agents
2026-07-22 23:21:18.469 8 WARNING neutron.api.rpc.agentnotifiers.dhcp_rpc_agent_api [None req-0d6043dd-6be1-4469-8c9b-9635804de8b6 812f169c1d9247a28f8a70a5f304ed25 d8804e210ec24d3a9ad9af4d01dba3aa - - default default] Unable to schedule network 02bce58e-ab61-4fe3-92af-341679c48c20: no agents available; will retry on subsequent port and subnet creation events.
2026-07-22 23:21:18.530 7 INFO neutron.plugins.ml2.drivers.ovn.mech_driver.mech_driver [None req-a1c2ce8b-a092-4ab6-adcc-893b1a7ffe20 - - - - - -] OVN reports status down for port: cfdf030e-41b4-4a62-a973-17f8d96f17b3
2026-07-22 23:21:18.532 7 WARNING neutron.scheduler.dhcp_agent_scheduler [None req-7f99000a-328d-4a78-80bc-f433deb592d2 1f7836c05b9e49e79c4b1cb16f419f18 7bc9a58455974a76adcb51c7493058b2 - - default default] No more DHCP agents
2026-07-22 23:21:18.534 7 WARNING neutron.api.rpc.agentnotifiers.dhcp_rpc_agent_api [None req-7f99000a-328d-4a78-80bc-f433deb592d2 1f7836c05b9e49e79c4b1cb16f419f18 7bc9a58455974a76adcb51c7493058b2 - - default default] Unable to schedule network e8b848d7-f23b-4263-b931-f455be02514e: no agents available; will retry on subsequent port and subnet creation events.
2026-07-22 23:21:18.553 8 INFO neutron.db.ovn_revision_numbers_db [None req-0d6043dd-6be1-4469-8c9b-9635804de8b6 812f169c1d9247a28f8a70a5f304ed25 d8804e210ec24d3a9ad9af4d01dba3aa - - default default] Successfully bumped revision number for resource cfdf030e-41b4-4a62-a973-17f8d96f17b3 (type: ports) to 1 [pid: 8|app: 0|req: 617/1314] 10.0.0.174 () {34 vars in 670 bytes} [Wed Jul 22 23:21:18 2026] POST /v2.0/networks => generated 653 bytes in 579 msecs (HTTP/1.1 201) 4 headers in 162 bytes (1 switches on core 0) [pid: 8|app: 0|req: 618/1315] 10.0.0.20 () {34 vars in 989 bytes} [Wed Jul 22 23:21:18 2026] GET /v2.0/ports?device_id=3aba8fa4-f5d6-4011-bf08-0fa692697c3b => generated 971 bytes in 79 msecs (HTTP/1.1 200) 4 headers in 157 bytes (1 switches on core 0)
2026-07-22 23:21:18.678 7 INFO neutron.plugins.ml2.drivers.ovn.mech_driver.mech_driver [None req-a1c2ce8b-a092-4ab6-adcc-893b1a7ffe20 - - - - - -] OVN reports status down for port: 1010e314-fc51-4598-adae-59b4e2bd94a5
2026-07-22 23:21:18.681 7 INFO neutron.db.ovn_revision_numbers_db [None req-7f99000a-328d-4a78-80bc-f433deb592d2 1f7836c05b9e49e79c4b1cb16f419f18 7bc9a58455974a76adcb51c7493058b2 - - default default] Successfully bumped revision number for resource 1010e314-fc51-4598-adae-59b4e2bd94a5 (type: ports) to 1
2026-07-22 23:21:18.726 8 INFO neutron.db.segments_db [None req-1bafa59e-55b2-42b2-8ef9-334a3420169f 812f169c1d9247a28f8a70a5f304ed25 d8804e210ec24d3a9ad9af4d01dba3aa - - default default] Added segment e8b3b056-fccf-408d-b346-1946ff5ce765 of type geneve for network f2035859-bf5e-4759-bfb0-9d6fac4f7ca2 [pid: 7|app: 0|req: 698/1316] 10.0.0.174 () {34 vars in 670 bytes} [Wed Jul 22 23:21:18 2026] POST /v2.0/networks => generated 647 bytes in 683 msecs (HTTP/1.1 201) 4 headers in 162 bytes (1 switches on core 0)
2026-07-22 23:21:18.795 8 INFO neutron.notifiers.nova [-] Nova event matching ['req-e88748ef-a6f6-4317-990f-3fa1edc6a487'] response: {'server_uuid': '3aba8fa4-f5d6-4011-bf08-0fa692697c3b', 'name': 'network-vif-plugged', 'status': 'completed', 'tag': '350d2b2c-6624-47bb-9c8c-c76fbc29137c', 'code': 200} [pid: 7|app: 0|req: 699/1317] 10.0.0.20 () {34 vars in 1039 bytes} [Wed Jul 22 23:21:18 2026] GET /v2.0/security-groups?id=debf4beb-c306-47ac-a918-cd95a37667c2&fields=id&fields=name => generated 113 bytes in 48 msecs (HTTP/1.1 200) 4 headers in 157 bytes (1 switches on core 0)
2026-07-22 23:21:18.855 8 INFO neutron.db.ovn_revision_numbers_db [None req-1bafa59e-55b2-42b2-8ef9-334a3420169f 812f169c1d9247a28f8a70a5f304ed25 d8804e210ec24d3a9ad9af4d01dba3aa - - default default] Successfully bumped revision number for resource f2035859-bf5e-4759-bfb0-9d6fac4f7ca2 (type: networks) to 1
2026-07-22 23:21:18.982 7 INFO neutron.db.ovn_revision_numbers_db [None req-dde5f2ca-f919-47b2-9d21-ac12236e6070 1f7836c05b9e49e79c4b1cb16f419f18 7bc9a58455974a76adcb51c7493058b2 - - default default] Successfully bumped revision number for resource e8b848d7-f23b-4263-b931-f455be02514e (type: networks) to 2 [pid: 7|app: 0|req: 700/1318] 10.0.0.174 () {34 vars in 743 bytes} [Wed Jul 22 23:21:18 2026] PUT /v2.0/networks/e8b848d7-f23b-4263-b931-f455be02514e => generated 598 bytes in 180 msecs (HTTP/1.1 200) 4 headers in 157 bytes (1 switches on core 0)
2026-07-22 23:21:19.049 8 WARNING neutron.scheduler.dhcp_agent_scheduler [None req-1bafa59e-55b2-42b2-8ef9-334a3420169f 812f169c1d9247a28f8a70a5f304ed25 d8804e210ec24d3a9ad9af4d01dba3aa - - default default] No more DHCP agents
2026-07-22 23:21:19.050 8 WARNING neutron.api.rpc.agentnotifiers.dhcp_rpc_agent_api [None req-1bafa59e-55b2-42b2-8ef9-334a3420169f 812f169c1d9247a28f8a70a5f304ed25 d8804e210ec24d3a9ad9af4d01dba3aa - - default default] Unable to schedule network f2035859-bf5e-4759-bfb0-9d6fac4f7ca2: no agents available; will retry on subsequent port and subnet creation events. [pid: 7|app: 0|req: 701/1319] 10.0.0.28 () {34 vars in 989 bytes} [Wed Jul 22 23:21:18 2026] GET /v2.0/ports?device_id=ce99425f-fab0-4b73-b7aa-b49d5e75e94f => generated 1213 bytes in 81 msecs (HTTP/1.1 200) 4 headers in 158 bytes (1 switches on core 0)
2026-07-22 23:21:19.124 7 INFO neutron.plugins.ml2.drivers.ovn.mech_driver.mech_driver [None req-a1c2ce8b-a092-4ab6-adcc-893b1a7ffe20 - - - - - -] OVN reports status down for port: 55470f86-3b69-481b-ae4e-2de0ab994dcc
2026-07-22 23:21:19.156 8 INFO neutron.db.ovn_revision_numbers_db [None req-1bafa59e-55b2-42b2-8ef9-334a3420169f 812f169c1d9247a28f8a70a5f304ed25 d8804e210ec24d3a9ad9af4d01dba3aa - - default default] Successfully bumped revision number for resource 55470f86-3b69-481b-ae4e-2de0ab994dcc (type: ports) to 1 [pid: 8|app: 0|req: 619/1320] 10.0.0.174 () {34 vars in 670 bytes} [Wed Jul 22 23:21:18 2026] POST /v2.0/networks => generated 653 bytes in 536 msecs (HTTP/1.1 201) 4 headers in 162 bytes (1 switches on core 0) [pid: 8|app: 0|req: 620/1321] 10.0.0.28 () {34 vars in 1039 bytes} [Wed Jul 22 23:21:19 2026] GET /v2.0/security-groups?id=b74dcc57-42ec-41da-867e-769910fb1b2e&fields=id&fields=name => generated 113 bytes in 45 msecs (HTTP/1.1 200) 4 headers in 157 bytes (1 switches on core 0)
2026-07-22 23:21:19.432 7 WARNING neutron.scheduler.dhcp_agent_scheduler [None req-eed1b659-042e-4797-89d1-b7e161eb8d95 1f7836c05b9e49e79c4b1cb16f419f18 7bc9a58455974a76adcb51c7493058b2 - - default default] No more DHCP agents
2026-07-22 23:21:19.434 7 WARNING neutron.api.rpc.agentnotifiers.dhcp_rpc_agent_api [None req-eed1b659-042e-4797-89d1-b7e161eb8d95 1f7836c05b9e49e79c4b1cb16f419f18 7bc9a58455974a76adcb51c7493058b2 - - default default] Unable to schedule network e8b848d7-f23b-4263-b931-f455be02514e: no agents available; will retry on subsequent port and subnet creation events.
2026-07-22 23:21:19.471 7 INFO neutron.db.ovn_revision_numbers_db [None req-eed1b659-042e-4797-89d1-b7e161eb8d95 1f7836c05b9e49e79c4b1cb16f419f18 7bc9a58455974a76adcb51c7493058b2 - - default default] Successfully bumped revision number for resource 6cf1acd8-d8ab-43e6-84c0-3de55c3c073b (type: subnets) to 0 [pid: 7|app: 0|req: 702/1322] 10.0.0.174 () {34 vars in 669 bytes} [Wed Jul 22 23:21:19 2026] POST /v2.0/subnets => generated 646 bytes in 425 msecs (HTTP/1.1 201) 4 headers in 162 bytes (1 switches on core 0)
2026-07-22 23:21:20.035 7 WARNING neutron.scheduler.dhcp_agent_scheduler [None req-3a65de27-ab44-4b3b-acbe-6047fe4e7cbd 812f169c1d9247a28f8a70a5f304ed25 d8804e210ec24d3a9ad9af4d01dba3aa - - default default] No more DHCP agents
2026-07-22 23:21:20.036 7 WARNING neutron.api.rpc.agentnotifiers.dhcp_rpc_agent_api [None req-3a65de27-ab44-4b3b-acbe-6047fe4e7cbd 812f169c1d9247a28f8a70a5f304ed25 d8804e210ec24d3a9ad9af4d01dba3aa - - default default] Unable to schedule network 02bce58e-ab61-4fe3-92af-341679c48c20: no agents available; will retry on subsequent port and subnet creation events.
2026-07-22 23:21:20.065 7 INFO neutron.db.ovn_revision_numbers_db [None req-3a65de27-ab44-4b3b-acbe-6047fe4e7cbd 812f169c1d9247a28f8a70a5f304ed25 d8804e210ec24d3a9ad9af4d01dba3aa - - default default] Successfully bumped revision number for resource fed719ec-b4bb-4637-bc2a-679b48b19918 (type: subnets) to 0
2026-07-22 23:21:20.088 7 WARNING neutron.scheduler.dhcp_agent_scheduler [None req-3a65de27-ab44-4b3b-acbe-6047fe4e7cbd 812f169c1d9247a28f8a70a5f304ed25 d8804e210ec24d3a9ad9af4d01dba3aa - - default default] No more DHCP agents
2026-07-22 23:21:20.090 7 WARNING neutron.api.rpc.agentnotifiers.dhcp_rpc_agent_api [None req-3a65de27-ab44-4b3b-acbe-6047fe4e7cbd 812f169c1d9247a28f8a70a5f304ed25 d8804e210ec24d3a9ad9af4d01dba3aa - - default default] Unable to schedule network f2035859-bf5e-4759-bfb0-9d6fac4f7ca2: no agents available; will retry on subsequent port and subnet creation events.
2026-07-22 23:21:20.121 7 INFO neutron.db.ovn_revision_numbers_db [None req-3a65de27-ab44-4b3b-acbe-6047fe4e7cbd 812f169c1d9247a28f8a70a5f304ed25 d8804e210ec24d3a9ad9af4d01dba3aa - - default default] Successfully bumped revision number for resource 4dd15341-237d-4998-924f-91cadc386412 (type: subnets) to 0 [pid: 7|app: 0|req: 703/1323] 10.0.0.174 () {34 vars in 669 bytes} [Wed Jul 22 23:21:19 2026] POST /v2.0/subnets => generated 1324 bytes in 438 msecs (HTTP/1.1 201) 4 headers in 163 bytes (1 switches on core 0)
2026-07-22 23:21:20.152 8 INFO neutron.db.ovn_revision_numbers_db [None req-ec4b740b-7039-43e2-96d4-4b94d6e27036 - - - - - -] Successfully bumped revision number for resource 1010e314-fc51-4598-adae-59b4e2bd94a5 (type: ports) to 2
2026-07-22 23:21:20.193 8 INFO neutron.db.ovn_revision_numbers_db [None req-ec4b740b-7039-43e2-96d4-4b94d6e27036 - - - - - -] Successfully bumped revision number for resource 6cf1acd8-d8ab-43e6-84c0-3de55c3c073b (type: subnets) to 1 [pid: 8|app: 0|req: 621/1324] 10.0.0.174 () {34 vars in 741 bytes} [Wed Jul 22 23:21:19 2026] PUT /v2.0/subnets/6cf1acd8-d8ab-43e6-84c0-3de55c3c073b => generated 656 bytes in 695 msecs (HTTP/1.1 200) 4 headers in 157 bytes (1 switches on core 0) [pid: 7|app: 0|req: 704/1325] 10.0.0.20 () {34 vars in 989 bytes} [Wed Jul 22 23:21:20 2026] GET /v2.0/ports?device_id=3aba8fa4-f5d6-4011-bf08-0fa692697c3b => generated 971 bytes in 65 msecs (HTTP/1.1 200) 4 headers in 157 bytes (1 switches on core 0) [pid: 8|app: 0|req: 622/1326] 10.0.0.174 () {32 vars in 647 bytes} [Wed Jul 22 23:21:20 2026] GET /v2.0/subnets => generated 1960 bytes in 28 msecs (HTTP/1.1 200) 4 headers in 158 bytes (1 switches on core 0) [pid: 8|app: 0|req: 623/1327] 10.0.0.20 () {34 vars in 1039 bytes} [Wed Jul 22 23:21:20 2026] GET /v2.0/security-groups?id=debf4beb-c306-47ac-a918-cd95a37667c2&fields=id&fields=name => generated 113 bytes in 25 msecs (HTTP/1.1 200) 4 headers in 157 bytes (1 switches on core 0)
2026-07-22 23:21:20.367 7 INFO neutron_taas.services.taas.taas_plugin [None req-0cdea4c7-8773-404b-b606-4dca41b758d8 1f7836c05b9e49e79c4b1cb16f419f18 7bc9a58455974a76adcb51c7493058b2 - - default default] TaaS: Handle Delete Port: 1010e314-fc51-4598-adae-59b4e2bd94a5
2026-07-22 23:21:20.371 7 INFO neutron_taas.services.taas.tap_mirror_plugin [None req-0cdea4c7-8773-404b-b606-4dca41b758d8 1f7836c05b9e49e79c4b1cb16f419f18 7bc9a58455974a76adcb51c7493058b2 - - default default] Tap Mirror: Handle Delete Port: 1010e314-fc51-4598-adae-59b4e2bd94a5 [pid: 8|app: 0|req: 624/1328] 10.0.0.174 () {32 vars in 724 bytes} [Wed Jul 22 23:21:20 2026] DELETE /v2.0/subnets/fed719ec-b4bb-4637-bc2a-679b48b19918 => generated 0 bytes in 170 msecs (HTTP/1.1 204) 3 headers in 131 bytes (1 switches on core 0) [pid: 8|app: 0|req: 625/1329] 10.0.0.20 () {34 vars in 989 bytes} [Wed Jul 22 23:21:20 2026] GET /v2.0/ports?device_id=3aba8fa4-f5d6-4011-bf08-0fa692697c3b => generated 971 bytes in 35 msecs (HTTP/1.1 200) 4 headers in 157 bytes (1 switches on core 0) [pid: 8|app: 0|req: 626/1330] 10.0.0.174 () {32 vars in 724 bytes} [Wed Jul 22 23:21:20 2026] DELETE /v2.0/subnets/4dd15341-237d-4998-924f-91cadc386412 => generated 0 bytes in 132 msecs (HTTP/1.1 204) 3 headers in 131 bytes (1 switches on core 0)
2026-07-22 23:21:20.667 7 INFO neutron.services.segments.plugin [-] Segment 2ceaffe9-6418-4bdd-ab82-0e9841c7db0f resource provider aggregate not found
2026-07-22 23:21:20.668 7 INFO neutron.services.segments.plugin [-] Segment 2ceaffe9-6418-4bdd-ab82-0e9841c7db0f resource provider aggregate not found
2026-07-22 23:21:20.690 7 INFO neutron.services.segments.plugin [-] Client error retrieving segment 2ceaffe9-6418-4bdd-ab82-0e9841c7db0f resource provider; error: Placement Client Error (4xx): {"errors": [{"status": 404, "title": "Not Found", "detail": "The resource could not be found.\n\n No resource provider with uuid 2ceaffe9-6418-4bdd-ab82-0e9841c7db0f found for delete ", "request_id": "req-2aba300c-aee3-4f92-87d5-bc25d6abd3f8"}]}
2026-07-22 23:21:20.698 7 INFO neutron.services.segments.plugin [-] Client error retrieving segment 2ceaffe9-6418-4bdd-ab82-0e9841c7db0f resource provider; error: Placement Client Error (4xx): {"errors": [{"status": 404, "title": "Not Found", "detail": "The resource could not be found.\n\n No resource provider with uuid 2ceaffe9-6418-4bdd-ab82-0e9841c7db0f found for delete ", "request_id": "req-7dbd5731-a7cb-4d3a-b65e-9fc4f22aa72c"}]} [pid: 7|app: 0|req: 705/1331] 10.0.0.174 () {32 vars in 726 bytes} [Wed Jul 22 23:21:20 2026] DELETE /v2.0/networks/e8b848d7-f23b-4263-b931-f455be02514e => generated 0 bytes in 505 msecs (HTTP/1.1 204) 3 headers in 131 bytes (1 switches on core 0) [pid: 7|app: 0|req: 706/1332] 10.0.0.174 () {32 vars in 647 bytes} [Wed Jul 22 23:21:20 2026] GET /v2.0/subnets => generated 649 bytes in 29 msecs (HTTP/1.1 200) 4 headers in 157 bytes (1 switches on core 0)
2026-07-22 23:21:20.754 7 INFO neutron.pecan_wsgi.hooks.translation [None req-25601327-641f-46e8-bfeb-9310cb5b6d8a 1f7836c05b9e49e79c4b1cb16f419f18 7bc9a58455974a76adcb51c7493058b2 - - default default] DELETE failed (client error): The resource could not be found. [pid: 7|app: 0|req: 707/1333] 10.0.0.174 () {32 vars in 726 bytes} [Wed Jul 22 23:21:20 2026] DELETE /v2.0/networks/e8b848d7-f23b-4263-b931-f455be02514e => generated 138 bytes in 13 msecs (HTTP/1.1 404) 4 headers in 164 bytes (1 switches on core 0)
2026-07-22 23:21:20.883 7 INFO neutron_taas.services.taas.taas_plugin [None req-44cbf655-21e3-4305-962a-a3cdce5e3577 812f169c1d9247a28f8a70a5f304ed25 d8804e210ec24d3a9ad9af4d01dba3aa - - default default] TaaS: Handle Delete Port: 55470f86-3b69-481b-ae4e-2de0ab994dcc
2026-07-22 23:21:20.887 7 INFO neutron_taas.services.taas.tap_mirror_plugin [None req-44cbf655-21e3-4305-962a-a3cdce5e3577 812f169c1d9247a28f8a70a5f304ed25 d8804e210ec24d3a9ad9af4d01dba3aa - - default default] Tap Mirror: Handle Delete Port: 55470f86-3b69-481b-ae4e-2de0ab994dcc
2026-07-22 23:21:21.074 8 INFO neutron.db.ovn_revision_numbers_db [None req-5d028783-6fde-474a-bf53-5b50835b6dfd d9185aab535748aabe68d9dba71020fe 6f2e980fc0ee4e16923646bb426b899e - - default default] Successfully bumped revision number for resource cade03a7-b641-41b8-a449-ff2cceae32d8 (type: floatingips) to 1 [pid: 7|app: 0|req: 708/1334] 10.0.0.174 () {32 vars in 726 bytes} [Wed Jul 22 23:21:20 2026] DELETE /v2.0/networks/f2035859-bf5e-4759-bfb0-9d6fac4f7ca2 => generated 0 bytes in 359 msecs (HTTP/1.1 204) 3 headers in 131 bytes (1 switches on core 0) [pid: 7|app: 0|req: 709/1335] 10.0.0.174 () {32 vars in 694 bytes} [Wed Jul 22 23:21:21 2026] GET /v2.0/networks?router%3Aexternal=True => generated 651 bytes in 62 msecs (HTTP/1.1 200) 4 headers in 157 bytes (1 switches on core 0)
2026-07-22 23:21:21.227 8 INFO neutron.db.ovn_revision_numbers_db [None req-5d028783-6fde-474a-bf53-5b50835b6dfd d9185aab535748aabe68d9dba71020fe 6f2e980fc0ee4e16923646bb426b899e - - default default] Successfully bumped revision number for resource cade03a7-b641-41b8-a449-ff2cceae32d8 (type: floatingips) to 2
2026-07-22 23:21:21.227 8 INFO neutron.db.l3_db [None req-5d028783-6fde-474a-bf53-5b50835b6dfd d9185aab535748aabe68d9dba71020fe 6f2e980fc0ee4e16923646bb426b899e - - default default] Floating IP cade03a7-b641-41b8-a449-ff2cceae32d8 associated. External IP: 10.96.250.214, port: 350d2b2c-6624-47bb-9c8c-c76fbc29137c. [pid: 8|app: 0|req: 627/1336] 10.0.0.174 () {34 vars in 749 bytes} [Wed Jul 22 23:21:20 2026] PUT /v2.0/floatingips/cade03a7-b641-41b8-a449-ff2cceae32d8 => generated 855 bytes in 667 msecs (HTTP/1.1 200) 4 headers in 157 bytes (1 switches on core 0) /var/lib/openstack/lib/python3.12/site-packages/pycadf/identifier.py:70: UserWarning: Invalid uuid: neutron. To ensure interoperability, identifiers should be a valid uuid. warnings.warn(('Invalid uuid: %s. To ensure interoperability, '
2026-07-22 23:21:21.304 7 INFO neutron_taas.services.taas.taas_plugin [None req-d86b7b3c-b01e-4605-966a-c4f338414ec8 812f169c1d9247a28f8a70a5f304ed25 d8804e210ec24d3a9ad9af4d01dba3aa - - default default] TaaS: Handle Delete Port: cfdf030e-41b4-4a62-a973-17f8d96f17b3
2026-07-22 23:21:21.307 7 INFO neutron_taas.services.taas.tap_mirror_plugin [None req-d86b7b3c-b01e-4605-966a-c4f338414ec8 812f169c1d9247a28f8a70a5f304ed25 d8804e210ec24d3a9ad9af4d01dba3aa - - default default] Tap Mirror: Handle Delete Port: cfdf030e-41b4-4a62-a973-17f8d96f17b3
2026-07-22 23:21:21.314 8 INFO neutron.notifiers.nova [-] Nova event matching ['req-da39c42b-a6be-4d17-a35f-1a6574db158a'] response: {'name': 'network-changed', 'server_uuid': '3aba8fa4-f5d6-4011-bf08-0fa692697c3b', 'tag': '350d2b2c-6624-47bb-9c8c-c76fbc29137c', 'status': 'completed', 'code': 200} [pid: 8|app: 0|req: 628/1337] 10.0.0.174 () {32 vars in 742 bytes} [Wed Jul 22 23:21:21 2026] GET /v2.0/subnets?network_id=db8c019c-2b9f-4820-9c1e-b885c9a2fe92 => generated 649 bytes in 70 msecs (HTTP/1.1 200) 4 headers in 157 bytes (1 switches on core 0) [pid: 8|app: 0|req: 629/1338] 10.0.0.20 () {34 vars in 989 bytes} [Wed Jul 22 23:21:21 2026] GET /v2.0/ports?device_id=3aba8fa4-f5d6-4011-bf08-0fa692697c3b => generated 971 bytes in 33 msecs (HTTP/1.1 200) 4 headers in 157 bytes (1 switches on core 0) [pid: 8|app: 0|req: 630/1339] 10.0.0.174 () {32 vars in 653 bytes} [Wed Jul 22 23:21:21 2026] GET /v2.0/extensions => generated 20118 bytes in 5 msecs (HTTP/1.1 200) 4 headers in 159 bytes (1 switches on core 0) [pid: 8|app: 0|req: 631/1340] 10.0.0.20 () {34 vars in 1039 bytes} [Wed Jul 22 23:21:21 2026] GET /v2.0/security-groups?id=debf4beb-c306-47ac-a918-cd95a37667c2&fields=id&fields=name => generated 113 bytes in 25 msecs (HTTP/1.1 200) 4 headers in 157 bytes (1 switches on core 0) [pid: 8|app: 0|req: 632/1341] 10.0.0.174 () {32 vars in 649 bytes} [Wed Jul 22 23:21:21 2026] GET /v2.0/networks => generated 1313 bytes in 73 msecs (HTTP/1.1 200) 4 headers in 158 bytes (1 switches on core 0) [pid: 8|app: 0|req: 633/1342] 10.0.0.174 () {32 vars in 647 bytes} [Wed Jul 22 23:21:21 2026] GET /v2.0/subnets => generated 1312 bytes in 45 msecs (HTTP/1.1 200) 4 headers in 158 bytes (1 switches on core 0) [pid: 8|app: 0|req: 634/1343] 10.0.0.174 () {32 vars in 723 bytes} [Wed Jul 22 23:21:21 2026] GET /v2.0/networks/cd6c5040-7f28-4061-b125-5c1736c42f1c => generated 673 bytes in 49 msecs (HTTP/1.1 200) 4 headers in 157 bytes (1 switches on core 0) [pid: 7|app: 0|req: 710/1344] 10.0.0.174 () {32 vars in 726 bytes} [Wed Jul 22 23:21:21 2026] DELETE /v2.0/networks/02bce58e-ab61-4fe3-92af-341679c48c20 => generated 0 bytes in 431 msecs (HTTP/1.1 204) 3 headers in 131 bytes (1 switches on core 0) [pid: 8|app: 0|req: 635/1345] 10.0.0.174 () {32 vars in 721 bytes} [Wed Jul 22 23:21:21 2026] GET /v2.0/subnets/ba660d91-e880-4247-8a81-920287282e1d => generated 673 bytes in 39 msecs (HTTP/1.1 200) 4 headers in 157 bytes (1 switches on core 0)
2026-07-22 23:21:21.643 8 INFO neutron.pecan_wsgi.hooks.translation [None req-ae14554c-a22b-4886-8c2a-02be5f9197ed 1f7836c05b9e49e79c4b1cb16f419f18 7bc9a58455974a76adcb51c7493058b2 - - default default] DELETE failed (client error): The resource could not be found. [pid: 8|app: 0|req: 636/1346] 10.0.0.174 () {32 vars in 724 bytes} [Wed Jul 22 23:21:21 2026] DELETE /v2.0/subnets/6cf1acd8-d8ab-43e6-84c0-3de55c3c073b => generated 136 bytes in 13 msecs (HTTP/1.1 404) 4 headers in 164 bytes (1 switches on core 0) [pid: 8|app: 0|req: 637/1347] 10.0.0.20 () {34 vars in 989 bytes} [Wed Jul 22 23:21:21 2026] GET /v2.0/ports?device_id=3aba8fa4-f5d6-4011-bf08-0fa692697c3b => generated 971 bytes in 30 msecs (HTTP/1.1 200) 4 headers in 157 bytes (1 switches on core 0)
2026-07-22 23:21:21.684 8 INFO neutron.pecan_wsgi.hooks.translation [None req-683de8d0-bc77-4891-9a33-d44b9965edbd 1f7836c05b9e49e79c4b1cb16f419f18 7bc9a58455974a76adcb51c7493058b2 - - default default] DELETE failed (client error): The resource could not be found. [pid: 8|app: 0|req: 638/1348] 10.0.0.174 () {32 vars in 726 bytes} [Wed Jul 22 23:21:21 2026] DELETE /v2.0/networks/e8b848d7-f23b-4263-b931-f455be02514e => generated 138 bytes in 10 msecs (HTTP/1.1 404) 4 headers in 164 bytes (1 switches on core 0) [pid: 8|app: 0|req: 639/1349] 10.0.0.20 () {34 vars in 1039 bytes} [Wed Jul 22 23:21:21 2026] GET /v2.0/security-groups?id=debf4beb-c306-47ac-a918-cd95a37667c2&fields=id&fields=name => generated 113 bytes in 21 msecs (HTTP/1.1 200) 4 headers in 157 bytes (1 switches on core 0)
2026-07-22 23:21:21.737 7 INFO neutron_taas.services.taas.taas_plugin [None req-62786d22-af8f-47c6-a976-7f1c426706b2 812f169c1d9247a28f8a70a5f304ed25 d8804e210ec24d3a9ad9af4d01dba3aa - - default default] TaaS: Handle Delete Port: 4e5d9492-2db7-4e66-9f95-88cb7f91c96f
2026-07-22 23:21:21.740 7 INFO neutron_taas.services.taas.tap_mirror_plugin [None req-62786d22-af8f-47c6-a976-7f1c426706b2 812f169c1d9247a28f8a70a5f304ed25 d8804e210ec24d3a9ad9af4d01dba3aa - - default default] Tap Mirror: Handle Delete Port: 4e5d9492-2db7-4e66-9f95-88cb7f91c96f [pid: 8|app: 0|req: 640/1350] 10.0.0.174 () {32 vars in 724 bytes} [Wed Jul 22 23:21:21 2026] DELETE /v2.0/subnets/ba660d91-e880-4247-8a81-920287282e1d => generated 0 bytes in 144 msecs (HTTP/1.1 204) 3 headers in 131 bytes (1 switches on core 0) [pid: 8|app: 0|req: 641/1351] 199.204.45.248 () {34 vars in 1080 bytes} [Wed Jul 22 23:21:21 2026] GET /v2.0/ports?tenant_id=6f2e980fc0ee4e16923646bb426b899e&device_id=3aba8fa4-f5d6-4011-bf08-0fa692697c3b => generated 1209 bytes in 30 msecs (HTTP/1.1 200) 4 headers in 158 bytes (1 switches on core 0) [pid: 7|app: 0|req: 711/1352] 10.0.0.174 () {32 vars in 726 bytes} [Wed Jul 22 23:21:21 2026] DELETE /v2.0/networks/185c386f-2801-40db-8927-fb16863cb2a3 => generated 0 bytes in 392 msecs (HTTP/1.1 204) 3 headers in 131 bytes (1 switches on core 0)
2026-07-22 23:21:22.037 8 INFO neutron_taas.services.taas.taas_plugin [None req-10ef8dab-2e9f-45e5-8db2-cd5fab38af85 1f7836c05b9e49e79c4b1cb16f419f18 7bc9a58455974a76adcb51c7493058b2 - - default default] TaaS: Handle Delete Port: e8c86fe8-9d84-4dd3-b161-fe0a3a961c21
2026-07-22 23:21:22.042 8 INFO neutron_taas.services.taas.tap_mirror_plugin [None req-10ef8dab-2e9f-45e5-8db2-cd5fab38af85 1f7836c05b9e49e79c4b1cb16f419f18 7bc9a58455974a76adcb51c7493058b2 - - default default] Tap Mirror: Handle Delete Port: e8c86fe8-9d84-4dd3-b161-fe0a3a961c21 [pid: 7|app: 0|req: 712/1353] 199.204.45.248 () {34 vars in 986 bytes} [Wed Jul 22 23:21:22 2026] GET /v2.0/networks?id=1db0a27c-93b8-4182-b28e-cef275bc1e3e => generated 769 bytes in 43 msecs (HTTP/1.1 200) 4 headers in 157 bytes (1 switches on core 0)
2026-07-22 23:21:22.181 7 INFO neutron_taas.services.taas.taas_plugin [None req-66298ea8-5619-4f69-9193-f9978fe01d06 812f169c1d9247a28f8a70a5f304ed25 d8804e210ec24d3a9ad9af4d01dba3aa - - default default] TaaS: Handle Delete Port: a50b955c-dafe-44ac-a8f2-e551341b7b5d
2026-07-22 23:21:22.185 7 INFO neutron_taas.services.taas.tap_mirror_plugin [None req-66298ea8-5619-4f69-9193-f9978fe01d06 812f169c1d9247a28f8a70a5f304ed25 d8804e210ec24d3a9ad9af4d01dba3aa - - default default] Tap Mirror: Handle Delete Port: a50b955c-dafe-44ac-a8f2-e551341b7b5d
2026-07-22 23:21:22.236 8 INFO neutron.services.segments.plugin [-] Segment 484e48af-ee60-4cbc-bbf1-4e5c6d885af6 resource provider aggregate not found
2026-07-22 23:21:22.244 8 INFO neutron.services.segments.plugin [-] Segment 484e48af-ee60-4cbc-bbf1-4e5c6d885af6 resource provider aggregate not found
2026-07-22 23:21:22.269 8 INFO neutron.services.segments.plugin [-] Client error retrieving segment 484e48af-ee60-4cbc-bbf1-4e5c6d885af6 resource provider; error: Placement Client Error (4xx): {"errors": [{"status": 404, "title": "Not Found", "detail": "The resource could not be found.\n\n No resource provider with uuid 484e48af-ee60-4cbc-bbf1-4e5c6d885af6 found for delete ", "request_id": "req-408574b8-b0b0-48c8-9977-2955e8e59cc0"}]}
