2026-07-22 23:21:43.445 8 WARNING neutron.scheduler.dhcp_agent_scheduler [None req-3947b4bc-4f3c-4f4e-8fa7-17616a27050a 67adcc10e1244ad2b86ed510faf1e43c 5df802552bb54d21baf490852372444d - - default default] No more DHCP agents
2026-07-22 23:21:43.446 8 WARNING neutron.api.rpc.agentnotifiers.dhcp_rpc_agent_api [None req-3947b4bc-4f3c-4f4e-8fa7-17616a27050a 67adcc10e1244ad2b86ed510faf1e43c 5df802552bb54d21baf490852372444d - - default default] Unable to schedule network cc0585c3-8890-4c52-80f2-78d6c7ad8f03: no agents available; will retry on subsequent port and subnet creation events. [pid: 7|app: 0|req: 785/1487] 10.0.0.28 () {34 vars in 1039 bytes} [Wed Jul 22 23:21:43 2026] GET /v2.0/security-groups?id=b74dcc57-42ec-41da-867e-769910fb1b2e&fields=id&fields=name => generated 113 bytes in 34 msecs (HTTP/1.1 200) 4 headers in 157 bytes (1 switches on core 0)
2026-07-22 23:21:43.530 8 INFO neutron.db.ovn_revision_numbers_db [None req-3947b4bc-4f3c-4f4e-8fa7-17616a27050a 67adcc10e1244ad2b86ed510faf1e43c 5df802552bb54d21baf490852372444d - - default default] Successfully bumped revision number for resource 22e6c999-9794-43d4-ae52-b35577628ba1 (type: ports) to 1
2026-07-22 23:21:43.544 7 INFO neutron.plugins.ml2.drivers.ovn.mech_driver.mech_driver [None req-15a3944c-5a3e-4c1a-b79b-1d50a641315b - - - - - -] OVN reports status down for port: 22e6c999-9794-43d4-ae52-b35577628ba1 [pid: 8|app: 0|req: 703/1488] 10.0.0.174 () {34 vars in 670 bytes} [Wed Jul 22 23:21:42 2026] POST /v2.0/networks => generated 630 bytes in 576 msecs (HTTP/1.1 201) 4 headers in 162 bytes (1 switches on core 0)
2026-07-22 23:21:43.798 8 WARNING neutron.scheduler.dhcp_agent_scheduler [None req-04a4a045-2d54-4a0a-b6dd-02f893ec925a 67adcc10e1244ad2b86ed510faf1e43c 5df802552bb54d21baf490852372444d - - default default] No more DHCP agents
2026-07-22 23:21:43.800 8 WARNING neutron.api.rpc.agentnotifiers.dhcp_rpc_agent_api [None req-04a4a045-2d54-4a0a-b6dd-02f893ec925a 67adcc10e1244ad2b86ed510faf1e43c 5df802552bb54d21baf490852372444d - - default default] Unable to schedule network cc0585c3-8890-4c52-80f2-78d6c7ad8f03: no agents available; will retry on subsequent port and subnet creation events. [pid: 7|app: 0|req: 786/1489] 10.0.0.174 () {32 vars in 724 bytes} [Wed Jul 22 23:21:43 2026] DELETE /v2.0/routers/dec2d13f-3b25-470d-b43e-e6d1f215b632 => generated 0 bytes in 342 msecs (HTTP/1.1 204) 2 headers in 112 bytes (1 switches on core 0) [pid: 7|app: 0|req: 787/1490] 10.0.0.174 () {32 vars in 724 bytes} [Wed Jul 22 23:21:43 2026] DELETE /v2.0/subnets/44bc041b-051c-4ced-8552-4bd4cc27201e => generated 0 bytes in 235 msecs (HTTP/1.1 204) 3 headers in 131 bytes (1 switches on core 0)
2026-07-22 23:21:44.216 7 INFO neutron_taas.services.taas.taas_plugin [None req-6cf9e4bc-a0ba-46fd-b357-718cbdd178b0 ba912968d57346e6a467040f73861ff5 aedb07cb15b14bb9984b0404fff4aba0 - - default default] TaaS: Handle Delete Port: adb80428-b421-42b1-af09-4184c309cb73
2026-07-22 23:21:44.221 7 INFO neutron_taas.services.taas.tap_mirror_plugin [None req-6cf9e4bc-a0ba-46fd-b357-718cbdd178b0 ba912968d57346e6a467040f73861ff5 aedb07cb15b14bb9984b0404fff4aba0 - - default default] Tap Mirror: Handle Delete Port: adb80428-b421-42b1-af09-4184c309cb73
2026-07-22 23:21:44.276 8 INFO neutron.db.ovn_revision_numbers_db [None req-4dc6bcfd-45fc-474b-a368-e10e71d8ed48 - - - - - -] Successfully bumped revision number for resource 22e6c999-9794-43d4-ae52-b35577628ba1 (type: ports) to 2
2026-07-22 23:21:44.319 8 INFO neutron.db.ovn_revision_numbers_db [None req-4dc6bcfd-45fc-474b-a368-e10e71d8ed48 - - - - - -] Successfully bumped revision number for resource 2a386b74-04c5-47c3-8869-43254942fde0 (type: subnets) to 0 [pid: 8|app: 0|req: 704/1491] 10.0.0.174 () {34 vars in 669 bytes} [Wed Jul 22 23:21:43 2026] POST /v2.0/subnets => generated 626 bytes in 776 msecs (HTTP/1.1 201) 4 headers in 162 bytes (1 switches on core 0)
2026-07-22 23:21:44.504 7 INFO neutron.services.segments.plugin [-] Segment 2bb10795-92de-442d-9573-b39d0b2c7d98 resource provider aggregate not found
2026-07-22 23:21:44.509 7 INFO neutron.services.segments.plugin [-] Segment 2bb10795-92de-442d-9573-b39d0b2c7d98 resource provider aggregate not found
2026-07-22 23:21:44.526 7 INFO neutron.services.segments.plugin [-] Client error retrieving segment 2bb10795-92de-442d-9573-b39d0b2c7d98 resource provider; error: Placement Client Error (4xx): {"errors": [{"status": 404, "title": "Not Found", "detail": "The resource could not be found.\n\n No resource provider with uuid 2bb10795-92de-442d-9573-b39d0b2c7d98 found for delete ", "request_id": "req-c0090949-b2c3-4be4-953f-e59db6d0c616"}]}
2026-07-22 23:21:44.533 7 INFO neutron.services.segments.plugin [-] Client error retrieving segment 2bb10795-92de-442d-9573-b39d0b2c7d98 resource provider; error: Placement Client Error (4xx): {"errors": [{"status": 404, "title": "Not Found", "detail": "The resource could not be found.\n\n No resource provider with uuid 2bb10795-92de-442d-9573-b39d0b2c7d98 found for delete ", "request_id": "req-a42e1585-bae0-4787-952d-36d1eafa9356"}]} [pid: 7|app: 0|req: 788/1492] 10.0.0.174 () {32 vars in 726 bytes} [Wed Jul 22 23:21:44 2026] DELETE /v2.0/networks/fff651d9-9e30-4a76-85f8-0c53d4ff18df => generated 0 bytes in 482 msecs (HTTP/1.1 204) 3 headers in 131 bytes (1 switches on core 0)
2026-07-22 23:21:44.661 7 INFO neutron.db.segments_db [None req-f1220ac4-b15c-45e3-9f28-6be677a4de1c ba912968d57346e6a467040f73861ff5 aedb07cb15b14bb9984b0404fff4aba0 - - default default] Added segment 57bfc006-82f5-4384-8211-ab5f6e9c5e5d of type geneve for network b553b176-29ff-42d6-87f0-89b0b705bbb2
2026-07-22 23:21:44.705 8 WARNING neutron.scheduler.dhcp_agent_scheduler [None req-4d5a146c-5f1c-49a4-983a-a896e61b9187 67adcc10e1244ad2b86ed510faf1e43c 5df802552bb54d21baf490852372444d - - default default] No more DHCP agents
2026-07-22 23:21:44.706 8 WARNING neutron.api.rpc.agentnotifiers.dhcp_rpc_agent_api [None req-4d5a146c-5f1c-49a4-983a-a896e61b9187 67adcc10e1244ad2b86ed510faf1e43c 5df802552bb54d21baf490852372444d - - default default] Unable to schedule network cc0585c3-8890-4c52-80f2-78d6c7ad8f03: no agents available; will retry on subsequent port and subnet creation events.
2026-07-22 23:21:44.787 7 INFO neutron.db.ovn_revision_numbers_db [None req-f1220ac4-b15c-45e3-9f28-6be677a4de1c ba912968d57346e6a467040f73861ff5 aedb07cb15b14bb9984b0404fff4aba0 - - default default] Successfully bumped revision number for resource b553b176-29ff-42d6-87f0-89b0b705bbb2 (type: networks) to 1
2026-07-22 23:21:44.831 8 INFO neutron.plugins.ml2.drivers.ovn.mech_driver.mech_driver [None req-25301f08-9439-4aca-abf2-f6cf9eee4f0b - - - - - -] OVN reports status down for port: 0872baf1-c35a-4b66-b467-b850b378d3cd
2026-07-22 23:21:44.897 8 INFO neutron.db.ovn_revision_numbers_db [None req-4d5a146c-5f1c-49a4-983a-a896e61b9187 67adcc10e1244ad2b86ed510faf1e43c 5df802552bb54d21baf490852372444d - - default default] Successfully bumped revision number for resource 0872baf1-c35a-4b66-b467-b850b378d3cd (type: ports) to 1 [pid: 8|app: 0|req: 705/1493] 10.0.0.174 () {34 vars in 665 bytes} [Wed Jul 22 23:21:44 2026] POST /v2.0/ports => generated 915 bytes in 605 msecs (HTTP/1.1 201) 4 headers in 162 bytes (1 switches on core 0)
2026-07-22 23:21:44.988 7 WARNING neutron.scheduler.dhcp_agent_scheduler [None req-f1220ac4-b15c-45e3-9f28-6be677a4de1c ba912968d57346e6a467040f73861ff5 aedb07cb15b14bb9984b0404fff4aba0 - - default default] No more DHCP agents
2026-07-22 23:21:44.990 7 WARNING neutron.api.rpc.agentnotifiers.dhcp_rpc_agent_api [None req-f1220ac4-b15c-45e3-9f28-6be677a4de1c ba912968d57346e6a467040f73861ff5 aedb07cb15b14bb9984b0404fff4aba0 - - default default] Unable to schedule network b553b176-29ff-42d6-87f0-89b0b705bbb2: no agents available; will retry on subsequent port and subnet creation events.
2026-07-22 23:21:45.045 7 INFO neutron.plugins.ml2.drivers.ovn.mech_driver.mech_driver [None req-15a3944c-5a3e-4c1a-b79b-1d50a641315b - - - - - -] OVN reports status down for port: 4074b18f-c627-40fb-a0ca-c3f1e2295bd7
2026-07-22 23:21:45.107 7 INFO neutron.db.ovn_revision_numbers_db [None req-f1220ac4-b15c-45e3-9f28-6be677a4de1c ba912968d57346e6a467040f73861ff5 aedb07cb15b14bb9984b0404fff4aba0 - - default default] Successfully bumped revision number for resource 4074b18f-c627-40fb-a0ca-c3f1e2295bd7 (type: ports) to 1 [pid: 7|app: 0|req: 789/1494] 10.0.0.174 () {34 vars in 670 bytes} [Wed Jul 22 23:21:44 2026] POST /v2.0/networks => generated 630 bytes in 603 msecs (HTTP/1.1 201) 4 headers in 162 bytes (1 switches on core 0)
2026-07-22 23:21:45.299 8 INFO neutron.db.ovn_revision_numbers_db [None req-4ad474e5-cc83-4c31-aa37-491dd63ea2de 2210d8a6e9da4726a3394244a532f190 c3db8c879ee14f55b3dd870821ebf99e - - default default] Successfully bumped revision number for resource cc1672d0-8c4a-4589-a97f-30a073803d21 (type: security_groups) to 1
2026-07-22 23:21:45.314 8 INFO neutron.db.ovn_revision_numbers_db [None req-4ad474e5-cc83-4c31-aa37-491dd63ea2de 2210d8a6e9da4726a3394244a532f190 c3db8c879ee14f55b3dd870821ebf99e - - default default] Successfully bumped revision number for resource 8907331b-d2d9-4d66-a3fa-f4e2b3334dde (type: security_group_rules) to 0
2026-07-22 23:21:45.330 8 INFO neutron.db.ovn_revision_numbers_db [None req-4ad474e5-cc83-4c31-aa37-491dd63ea2de 2210d8a6e9da4726a3394244a532f190 c3db8c879ee14f55b3dd870821ebf99e - - default default] Successfully bumped revision number for resource acf1b71c-003e-4b66-9b39-56521ab8509f (type: security_group_rules) to 0
2026-07-22 23:21:45.351 8 INFO neutron.db.ovn_revision_numbers_db [None req-4ad474e5-cc83-4c31-aa37-491dd63ea2de 2210d8a6e9da4726a3394244a532f190 c3db8c879ee14f55b3dd870821ebf99e - - default default] Successfully bumped revision number for resource b0ad609f-c1b2-4a96-8a10-3245aa396973 (type: security_group_rules) to 0
2026-07-22 23:21:45.377 8 INFO neutron.db.ovn_revision_numbers_db [None req-4ad474e5-cc83-4c31-aa37-491dd63ea2de 2210d8a6e9da4726a3394244a532f190 c3db8c879ee14f55b3dd870821ebf99e - - default default] Successfully bumped revision number for resource c6fe2809-a1dc-4c6c-8d8f-b1d93e09686f (type: security_group_rules) to 0
2026-07-22 23:21:45.405 7 INFO neutron_taas.services.taas.taas_plugin [None req-28bd1e76-ca9c-4287-be89-99bc35444ad4 67adcc10e1244ad2b86ed510faf1e43c 5df802552bb54d21baf490852372444d - - default default] TaaS: Handle Delete Port: 0872baf1-c35a-4b66-b467-b850b378d3cd
2026-07-22 23:21:45.410 7 INFO neutron_taas.services.taas.tap_mirror_plugin [None req-28bd1e76-ca9c-4287-be89-99bc35444ad4 67adcc10e1244ad2b86ed510faf1e43c 5df802552bb54d21baf490852372444d - - default default] Tap Mirror: Handle Delete Port: 0872baf1-c35a-4b66-b467-b850b378d3cd [pid: 8|app: 0|req: 706/1495] 10.0.0.174 () {32 vars in 774 bytes} [Wed Jul 22 23:21:44 2026] GET /v2.0/security-groups?tenant_id=a72040ae91dd453bb2563cbb7a9d76fb&name=default => generated 2925 bytes in 457 msecs (HTTP/1.1 200) 4 headers in 158 bytes (1 switches on core 0)
2026-07-22 23:21:45.602 8 WARNING neutron.scheduler.dhcp_agent_scheduler [None req-5c8195e1-371b-4a59-8653-5b5debdb09c8 ba912968d57346e6a467040f73861ff5 aedb07cb15b14bb9984b0404fff4aba0 - - default default] No more DHCP agents
2026-07-22 23:21:45.604 8 WARNING neutron.api.rpc.agentnotifiers.dhcp_rpc_agent_api [None req-5c8195e1-371b-4a59-8653-5b5debdb09c8 ba912968d57346e6a467040f73861ff5 aedb07cb15b14bb9984b0404fff4aba0 - - default default] Unable to schedule network b553b176-29ff-42d6-87f0-89b0b705bbb2: no agents available; will retry on subsequent port and subnet creation events. [pid: 7|app: 0|req: 790/1496] 10.0.0.174 () {32 vars in 720 bytes} [Wed Jul 22 23:21:45 2026] DELETE /v2.0/ports/0872baf1-c35a-4b66-b467-b850b378d3cd => generated 0 bytes in 464 msecs (HTTP/1.1 204) 3 headers in 131 bytes (1 switches on core 0) [pid: 7|app: 0|req: 791/1497] 10.0.0.174 () {32 vars in 740 bytes} [Wed Jul 22 23:21:45 2026] DELETE /v2.0/security-groups/cc1672d0-8c4a-4589-a97f-30a073803d21 => generated 0 bytes in 256 msecs (HTTP/1.1 204) 2 headers in 112 bytes (1 switches on core 0)
2026-07-22 23:21:45.892 7 INFO neutron.pecan_wsgi.hooks.translation [None req-7002121b-7ed3-4c70-8b08-00eb4a5aba6e 67adcc10e1244ad2b86ed510faf1e43c 5df802552bb54d21baf490852372444d - - default default] GET failed (client error): The resource could not be found. [pid: 7|app: 0|req: 792/1498] 10.0.0.174 () {32 vars in 717 bytes} [Wed Jul 22 23:21:45 2026] GET /v2.0/ports/0872baf1-c35a-4b66-b467-b850b378d3cd => generated 132 bytes in 15 msecs (HTTP/1.1 404) 4 headers in 164 bytes (1 switches on core 0) [pid: 7|app: 0|req: 793/1499] 10.0.0.174 () {32 vars in 724 bytes} [Wed Jul 22 23:21:45 2026] DELETE /v2.0/subnets/2a386b74-04c5-47c3-8869-43254942fde0 => generated 0 bytes in 195 msecs (HTTP/1.1 204) 3 headers in 131 bytes (1 switches on core 0)
2026-07-22 23:21:46.152 8 INFO neutron.db.ovn_revision_numbers_db [None req-e78d894c-37e0-4eaa-a79f-4b19b0067218 - - - - - -] Successfully bumped revision number for resource 4074b18f-c627-40fb-a0ca-c3f1e2295bd7 (type: ports) to 2
2026-07-22 23:21:46.215 8 INFO neutron.db.ovn_revision_numbers_db [None req-e78d894c-37e0-4eaa-a79f-4b19b0067218 - - - - - -] Successfully bumped revision number for resource 65dec4b9-e5a8-4e95-8079-ad30d83231df (type: subnets) to 0 [pid: 8|app: 0|req: 707/1500] 10.0.0.174 () {34 vars in 669 bytes} [Wed Jul 22 23:21:45 2026] POST /v2.0/subnets => generated 626 bytes in 818 msecs (HTTP/1.1 201) 4 headers in 162 bytes (1 switches on core 0)
2026-07-22 23:21:46.265 7 INFO neutron_taas.services.taas.taas_plugin [None req-a0182b86-5dc0-4805-ba8e-6a7a8d78a8d3 67adcc10e1244ad2b86ed510faf1e43c 5df802552bb54d21baf490852372444d - - default default] TaaS: Handle Delete Port: 22e6c999-9794-43d4-ae52-b35577628ba1
2026-07-22 23:21:46.268 7 INFO neutron_taas.services.taas.tap_mirror_plugin [None req-a0182b86-5dc0-4805-ba8e-6a7a8d78a8d3 67adcc10e1244ad2b86ed510faf1e43c 5df802552bb54d21baf490852372444d - - default default] Tap Mirror: Handle Delete Port: 22e6c999-9794-43d4-ae52-b35577628ba1
2026-07-22 23:21:46.416 8 INFO neutron.db.ovn_revision_numbers_db [None req-e717a2a1-ceb7-45a3-9ffc-9db92276b8d5 ba912968d57346e6a467040f73861ff5 aedb07cb15b14bb9984b0404fff4aba0 - - default default] Successfully bumped revision number for resource 64e89a65-f85f-4cb8-bf0e-005d31f6bb14 (type: routers) to 1 [pid: 8|app: 0|req: 708/1501] 10.0.0.174 () {34 vars in 669 bytes} [Wed Jul 22 23:21:46 2026] POST /v2.0/routers => generated 602 bytes in 195 msecs (HTTP/1.1 201) 4 headers in 162 bytes (1 switches on core 0)
2026-07-22 23:21:46.541 7 INFO neutron.services.segments.plugin [-] Segment ba14e5eb-5e9a-4706-aa5c-c0b5635c2e8a resource provider aggregate not found [pid: 7|app: 0|req: 794/1502] 10.0.0.174 () {32 vars in 726 bytes} [Wed Jul 22 23:21:46 2026] DELETE /v2.0/networks/cc0585c3-8890-4c52-80f2-78d6c7ad8f03 => generated 0 bytes in 451 msecs (HTTP/1.1 204) 3 headers in 131 bytes (1 switches on core 0)
2026-07-22 23:21:46.554 7 INFO neutron.services.segments.plugin [-] Segment ba14e5eb-5e9a-4706-aa5c-c0b5635c2e8a resource provider aggregate not found
2026-07-22 23:21:46.561 7 INFO neutron.services.segments.plugin [-] Client error retrieving segment ba14e5eb-5e9a-4706-aa5c-c0b5635c2e8a resource provider; error: Placement Client Error (4xx): {"errors": [{"status": 404, "title": "Not Found", "detail": "The resource could not be found.\n\n No resource provider with uuid ba14e5eb-5e9a-4706-aa5c-c0b5635c2e8a found for delete ", "request_id": "req-17525bbc-32d5-48ea-8a5b-763a0f07b97e"}]}
2026-07-22 23:21:46.581 7 INFO neutron.services.segments.plugin [-] Client error retrieving segment ba14e5eb-5e9a-4706-aa5c-c0b5635c2e8a resource provider; error: Placement Client Error (4xx): {"errors": [{"status": 404, "title": "Not Found", "detail": "The resource could not be found.\n\n No resource provider with uuid ba14e5eb-5e9a-4706-aa5c-c0b5635c2e8a found for delete ", "request_id": "req-61f726ae-b56d-4a7a-9253-b4fe882620cd"}]}
2026-07-22 23:21:46.799 7 WARNING neutron.scheduler.dhcp_agent_scheduler [None req-a262c2e5-b1c5-46b9-b828-9c0a33cf1b2d 67adcc10e1244ad2b86ed510faf1e43c 5df802552bb54d21baf490852372444d - - default default] No more DHCP agents
2026-07-22 23:21:46.801 7 WARNING neutron.api.rpc.agentnotifiers.dhcp_rpc_agent_api [None req-a262c2e5-b1c5-46b9-b828-9c0a33cf1b2d 67adcc10e1244ad2b86ed510faf1e43c 5df802552bb54d21baf490852372444d - - default default] Unable to schedule network aecd97c4-b837-4dbd-9698-9d3fa4c8e073: no agents available; will retry on subsequent port and subnet creation events.
2026-07-22 23:21:46.803 8 WARNING neutron.scheduler.dhcp_agent_scheduler [None req-613408c3-ff8e-42b1-915e-c2c20b024cb1 ba912968d57346e6a467040f73861ff5 aedb07cb15b14bb9984b0404fff4aba0 - - default default] No more DHCP agents
2026-07-22 23:21:46.805 8 WARNING neutron.api.rpc.agentnotifiers.dhcp_rpc_agent_api [None req-613408c3-ff8e-42b1-915e-c2c20b024cb1 ba912968d57346e6a467040f73861ff5 aedb07cb15b14bb9984b0404fff4aba0 - - default default] Unable to schedule network b553b176-29ff-42d6-87f0-89b0b705bbb2: no agents available; will retry on subsequent port and subnet creation events.
2026-07-22 23:21:46.874 8 INFO neutron.plugins.ml2.drivers.ovn.mech_driver.mech_driver [None req-25301f08-9439-4aca-abf2-f6cf9eee4f0b - - - - - -] OVN reports status down for port: 9175bb58-af2b-4106-9914-6f9076f660fb
2026-07-22 23:21:46.901 7 INFO neutron.db.ovn_revision_numbers_db [None req-a262c2e5-b1c5-46b9-b828-9c0a33cf1b2d 67adcc10e1244ad2b86ed510faf1e43c 5df802552bb54d21baf490852372444d - - default default] Successfully bumped revision number for resource 9175bb58-af2b-4106-9914-6f9076f660fb (type: ports) to 1 [pid: 7|app: 0|req: 795/1503] 10.0.0.174 () {34 vars in 665 bytes} [Wed Jul 22 23:21:46 2026] POST /v2.0/ports => generated 775 bytes in 399 msecs (HTTP/1.1 201) 4 headers in 162 bytes (1 switches on core 0) /var/lib/openstack/lib/python3.12/site-packages/pycadf/identifier.py:70: UserWarning: Invalid uuid: neutron. To ensure interoperability, identifiers should be a valid uuid. warnings.warn(('Invalid uuid: %s. To ensure interoperability, '
2026-07-22 23:21:47.037 8 INFO neutron.plugins.ml2.drivers.ovn.mech_driver.mech_driver [None req-25301f08-9439-4aca-abf2-f6cf9eee4f0b - - - - - -] OVN reports status down for port: c65b89de-c4cf-4a2c-8e35-7c6f0f56f95a
2026-07-22 23:21:47.066 8 INFO neutron.db.ovn_revision_numbers_db [None req-613408c3-ff8e-42b1-915e-c2c20b024cb1 ba912968d57346e6a467040f73861ff5 aedb07cb15b14bb9984b0404fff4aba0 - - default default] Successfully bumped revision number for resource c65b89de-c4cf-4a2c-8e35-7c6f0f56f95a (type: ports) to 1
2026-07-22 23:21:47.281 8 INFO neutron.plugins.ml2.drivers.ovn.mech_driver.mech_driver [None req-25301f08-9439-4aca-abf2-f6cf9eee4f0b - - - - - -] OVN reports status down for port: 9175bb58-af2b-4106-9914-6f9076f660fb
2026-07-22 23:21:47.297 7 INFO neutron.db.ovn_revision_numbers_db [None req-0b5739b9-c50d-4827-9f56-d4c4c2b8f537 67adcc10e1244ad2b86ed510faf1e43c 5df802552bb54d21baf490852372444d - - default default] Successfully bumped revision number for resource 9175bb58-af2b-4106-9914-6f9076f660fb (type: ports) to 2 [pid: 7|app: 0|req: 796/1504] 10.0.0.174 () {34 vars in 737 bytes} [Wed Jul 22 23:21:46 2026] PUT /v2.0/ports/9175bb58-af2b-4106-9914-6f9076f660fb => generated 752 bytes in 355 msecs (HTTP/1.1 200) 4 headers in 157 bytes (1 switches on core 0) /var/lib/openstack/lib/python3.12/site-packages/pycadf/identifier.py:70: UserWarning: Invalid uuid: neutron. To ensure interoperability, identifiers should be a valid uuid. warnings.warn(('Invalid uuid: %s. To ensure interoperability, '
2026-07-22 23:21:47.478 7 INFO neutron_taas.services.taas.taas_plugin [None req-ff91655b-2eb5-4386-a7e5-2c7551f77d49 67adcc10e1244ad2b86ed510faf1e43c 5df802552bb54d21baf490852372444d - - default default] TaaS: Handle Delete Port: 9175bb58-af2b-4106-9914-6f9076f660fb
2026-07-22 23:21:47.480 7 INFO neutron_taas.services.taas.tap_mirror_plugin [None req-ff91655b-2eb5-4386-a7e5-2c7551f77d49 67adcc10e1244ad2b86ed510faf1e43c 5df802552bb54d21baf490852372444d - - default default] Tap Mirror: Handle Delete Port: 9175bb58-af2b-4106-9914-6f9076f660fb [pid: 7|app: 0|req: 797/1505] 10.0.0.174 () {32 vars in 720 bytes} [Wed Jul 22 23:21:47 2026] DELETE /v2.0/ports/9175bb58-af2b-4106-9914-6f9076f660fb => generated 0 bytes in 273 msecs (HTTP/1.1 204) 3 headers in 131 bytes (1 switches on core 0) [pid: 7|app: 0|req: 798/1506] 10.0.0.174 () {32 vars in 643 bytes} [Wed Jul 22 23:21:47 2026] GET /v2.0/ports => generated 1534 bytes in 70 msecs (HTTP/1.1 200) 4 headers in 158 bytes (1 switches on core 0)
2026-07-22 23:21:47.719 7 INFO neutron.pecan_wsgi.hooks.translation [None req-5e61fab5-e824-44f0-81e0-371ead0ad2be 67adcc10e1244ad2b86ed510faf1e43c 5df802552bb54d21baf490852372444d - - default default] GET failed (client error): The resource could not be found. [pid: 7|app: 0|req: 799/1507] 10.0.0.174 () {32 vars in 717 bytes} [Wed Jul 22 23:21:47 2026] GET /v2.0/ports/9175bb58-af2b-4106-9914-6f9076f660fb => generated 132 bytes in 42 msecs (HTTP/1.1 404) 4 headers in 164 bytes (1 switches on core 0)
2026-07-22 23:21:47.739 8 INFO neutron.plugins.ml2.drivers.ovn.mech_driver.mech_driver [None req-25301f08-9439-4aca-abf2-f6cf9eee4f0b - - - - - -] OVN reports status up for port: c65b89de-c4cf-4a2c-8e35-7c6f0f56f95a
2026-07-22 23:21:47.778 8 INFO neutron.plugins.ml2.plugin [None req-25301f08-9439-4aca-abf2-f6cf9eee4f0b - - - - - -] Attempt 1 to provision port c65b89de-c4cf-4a2c-8e35-7c6f0f56f95a [pid: 7|app: 0|req: 800/1508] 10.0.0.174 () {32 vars in 643 bytes} [Wed Jul 22 23:21:47 2026] GET /v2.0/ports => generated 1534 bytes in 57 msecs (HTTP/1.1 200) 4 headers in 158 bytes (1 switches on core 0)
2026-07-22 23:21:47.897 8 WARNING neutron.scheduler.dhcp_agent_scheduler [None req-613408c3-ff8e-42b1-915e-c2c20b024cb1 ba912968d57346e6a467040f73861ff5 aedb07cb15b14bb9984b0404fff4aba0 - - default default] No more DHCP agents
2026-07-22 23:21:47.899 8 WARNING neutron.api.rpc.agentnotifiers.dhcp_rpc_agent_api [None req-613408c3-ff8e-42b1-915e-c2c20b024cb1 ba912968d57346e6a467040f73861ff5 aedb07cb15b14bb9984b0404fff4aba0 - - default default] Unable to schedule network b553b176-29ff-42d6-87f0-89b0b705bbb2: no agents available; will retry on subsequent port and subnet creation events.
2026-07-22 23:21:48.093 7 INFO neutron.db.ovn_revision_numbers_db [None req-23cf04c0-d2b2-4a7c-8ecb-046f486c2a2b 09c33e33f4ce42e8bb2059aa32a43edc b227cd8609ab4ad0bfb822379265b5ca - - default default] Successfully bumped revision number for resource 6f062960-16ce-46e1-b652-dcde3ef035f2 (type: security_groups) to 1
2026-07-22 23:21:48.106 7 INFO neutron.db.ovn_revision_numbers_db [None req-23cf04c0-d2b2-4a7c-8ecb-046f486c2a2b 09c33e33f4ce42e8bb2059aa32a43edc b227cd8609ab4ad0bfb822379265b5ca - - default default] Successfully bumped revision number for resource 05b9bb46-53c2-41c7-b657-81ab17804150 (type: security_group_rules) to 0
2026-07-22 23:21:48.119 7 INFO neutron.db.ovn_revision_numbers_db [None req-23cf04c0-d2b2-4a7c-8ecb-046f486c2a2b 09c33e33f4ce42e8bb2059aa32a43edc b227cd8609ab4ad0bfb822379265b5ca - - default default] Successfully bumped revision number for resource b33d56bb-c3df-4d7f-9f10-fea90582bf86 (type: security_group_rules) to 0
2026-07-22 23:21:48.134 7 INFO neutron.db.ovn_revision_numbers_db [None req-23cf04c0-d2b2-4a7c-8ecb-046f486c2a2b 09c33e33f4ce42e8bb2059aa32a43edc b227cd8609ab4ad0bfb822379265b5ca - - default default] Successfully bumped revision number for resource ba1a6fd8-1fbf-45e4-a912-61a3b43828c8 (type: security_group_rules) to 0
2026-07-22 23:21:48.152 7 INFO neutron.db.ovn_revision_numbers_db [None req-23cf04c0-d2b2-4a7c-8ecb-046f486c2a2b 09c33e33f4ce42e8bb2059aa32a43edc b227cd8609ab4ad0bfb822379265b5ca - - default default] Successfully bumped revision number for resource c01c600b-2c79-473d-a2d1-9ccbfa6a1881 (type: security_group_rules) to 0
2026-07-22 23:21:48.241 7 INFO neutron.db.segments_db [None req-23cf04c0-d2b2-4a7c-8ecb-046f486c2a2b 09c33e33f4ce42e8bb2059aa32a43edc b227cd8609ab4ad0bfb822379265b5ca - - default default] Added segment 6af8de87-adeb-4ed5-994c-a8aca83f1ba6 of type geneve for network 6eef1f27-bac5-429d-b3df-069afdaf5788
2026-07-22 23:21:48.338 8 INFO neutron.db.ovn_revision_numbers_db [None req-613408c3-ff8e-42b1-915e-c2c20b024cb1 ba912968d57346e6a467040f73861ff5 aedb07cb15b14bb9984b0404fff4aba0 - - default default] Successfully bumped revision number for resource c65b89de-c4cf-4a2c-8e35-7c6f0f56f95a (type: router_ports) to 1 [pid: 8|app: 0|req: 709/1509] 10.0.0.174 () {34 vars in 783 bytes} [Wed Jul 22 23:21:46 2026] PUT /v2.0/routers/64e89a65-f85f-4cb8-bf0e-005d31f6bb14/add_router_interface => generated 309 bytes in 1901 msecs (HTTP/1.1 200) 4 headers in 157 bytes (1 switches on core 0)
2026-07-22 23:21:48.382 7 INFO neutron.db.ovn_revision_numbers_db [None req-23cf04c0-d2b2-4a7c-8ecb-046f486c2a2b 09c33e33f4ce42e8bb2059aa32a43edc b227cd8609ab4ad0bfb822379265b5ca - - default default] Successfully bumped revision number for resource 6eef1f27-bac5-429d-b3df-069afdaf5788 (type: networks) to 1 [pid: 8|app: 0|req: 710/1510] 10.0.0.174 () {32 vars in 717 bytes} [Wed Jul 22 23:21:48 2026] GET /v2.0/ports/4005e7b2-5809-48bb-a035-ecaf62f4637c => generated 775 bytes in 229 msecs (HTTP/1.1 200) 4 headers in 157 bytes (1 switches on core 0)
2026-07-22 23:21:48.598 7 WARNING neutron.scheduler.dhcp_agent_scheduler [None req-23cf04c0-d2b2-4a7c-8ecb-046f486c2a2b 09c33e33f4ce42e8bb2059aa32a43edc b227cd8609ab4ad0bfb822379265b5ca - - default default] No more DHCP agents
2026-07-22 23:21:48.600 7 WARNING neutron.api.rpc.agentnotifiers.dhcp_rpc_agent_api [None req-23cf04c0-d2b2-4a7c-8ecb-046f486c2a2b 09c33e33f4ce42e8bb2059aa32a43edc b227cd8609ab4ad0bfb822379265b5ca - - default default] Unable to schedule network 6eef1f27-bac5-429d-b3df-069afdaf5788: no agents available; will retry on subsequent port and subnet creation events.
2026-07-22 23:21:48.625 8 INFO neutron.db.ovn_revision_numbers_db [None req-25301f08-9439-4aca-abf2-f6cf9eee4f0b - - - - - -] Successfully bumped revision number for resource c65b89de-c4cf-4a2c-8e35-7c6f0f56f95a (type: ports) to 2
2026-07-22 23:21:48.656 7 INFO neutron.plugins.ml2.drivers.ovn.mech_driver.mech_driver [None req-15a3944c-5a3e-4c1a-b79b-1d50a641315b - - - - - -] OVN reports status down for port: 94c36631-04c0-4a50-a382-68ae6d687aea [pid: 8|app: 0|req: 711/1511] 10.0.0.174 () {32 vars in 717 bytes} [Wed Jul 22 23:21:48 2026] GET /v2.0/ports/c65b89de-c4cf-4a2c-8e35-7c6f0f56f95a => generated 943 bytes in 92 msecs (HTTP/1.1 200) 4 headers in 157 bytes (1 switches on core 0)
2026-07-22 23:21:48.726 7 INFO neutron.db.ovn_revision_numbers_db [None req-23cf04c0-d2b2-4a7c-8ecb-046f486c2a2b 09c33e33f4ce42e8bb2059aa32a43edc b227cd8609ab4ad0bfb822379265b5ca - - default default] Successfully bumped revision number for resource 94c36631-04c0-4a50-a382-68ae6d687aea (type: ports) to 1 [pid: 8|app: 0|req: 712/1512] 10.0.0.20 () {34 vars in 989 bytes} [Wed Jul 22 23:21:48 2026] GET /v2.0/ports?device_id=ce99425f-fab0-4b73-b7aa-b49d5e75e94f => generated 975 bytes in 113 msecs (HTTP/1.1 200) 4 headers in 157 bytes (1 switches on core 0) [pid: 7|app: 0|req: 801/1513] 10.0.0.174 () {34 vars in 670 bytes} [Wed Jul 22 23:21:47 2026] POST /v2.0/networks => generated 650 bytes in 999 msecs (HTTP/1.1 201) 4 headers in 162 bytes (1 switches on core 0)
2026-07-22 23:21:48.814 8 INFO neutron.pecan_wsgi.hooks.translation [None req-66a8a533-2399-4e3d-a30c-32c794ac368c 67adcc10e1244ad2b86ed510faf1e43c 5df802552bb54d21baf490852372444d - - default default] DELETE failed (client error): The resource could not be found. [pid: 8|app: 0|req: 713/1514] 10.0.0.174 () {32 vars in 720 bytes} [Wed Jul 22 23:21:48 2026] DELETE /v2.0/ports/0872baf1-c35a-4b66-b467-b850b378d3cd => generated 132 bytes in 33 msecs (HTTP/1.1 404) 4 headers in 164 bytes (1 switches on core 0) [pid: 7|app: 0|req: 802/1515] 10.0.0.174 () {32 vars in 717 bytes} [Wed Jul 22 23:21:48 2026] GET /v2.0/ports/c65b89de-c4cf-4a2c-8e35-7c6f0f56f95a => generated 943 bytes in 78 msecs (HTTP/1.1 200) 4 headers in 157 bytes (1 switches on core 0) [pid: 8|app: 0|req: 714/1516] 10.0.0.20 () {34 vars in 1039 bytes} [Wed Jul 22 23:21:48 2026] GET /v2.0/security-groups?id=b74dcc57-42ec-41da-867e-769910fb1b2e&fields=id&fields=name => generated 113 bytes in 74 msecs (HTTP/1.1 200) 4 headers in 157 bytes (1 switches on core 0)
2026-07-22 23:21:48.915 8 INFO neutron.pecan_wsgi.hooks.translation [None req-a793d6c1-0c83-41a9-87eb-b345080a68d6 67adcc10e1244ad2b86ed510faf1e43c 5df802552bb54d21baf490852372444d - - default default] DELETE failed (client error): The resource could not be found. [pid: 8|app: 0|req: 715/1517] 10.0.0.174 () {32 vars in 724 bytes} [Wed Jul 22 23:21:48 2026] DELETE /v2.0/subnets/2a386b74-04c5-47c3-8869-43254942fde0 => generated 136 bytes in 25 msecs (HTTP/1.1 404) 4 headers in 164 bytes (1 switches on core 0)
2026-07-22 23:21:48.921 8 INFO neutron.db.ovn_revision_numbers_db [None req-4a545aa3-9a13-4167-976e-502322ec034d - - - - - -] Successfully bumped revision number for resource c65b89de-c4cf-4a2c-8e35-7c6f0f56f95a (type: router_ports) to 2
2026-07-22 23:21:49.071 7 WARNING neutron.scheduler.dhcp_agent_scheduler [None req-8f98c66e-844a-4f18-8071-40f403c1eb9a 09c33e33f4ce42e8bb2059aa32a43edc b227cd8609ab4ad0bfb822379265b5ca - - default default] No more DHCP agents
2026-07-22 23:21:49.072 7 WARNING neutron.api.rpc.agentnotifiers.dhcp_rpc_agent_api [None req-8f98c66e-844a-4f18-8071-40f403c1eb9a 09c33e33f4ce42e8bb2059aa32a43edc b227cd8609ab4ad0bfb822379265b5ca - - default default] Unable to schedule network 6eef1f27-bac5-429d-b3df-069afdaf5788: no agents available; will retry on subsequent port and subnet creation events.
2026-07-22 23:21:49.094 7 INFO neutron.db.ovn_revision_numbers_db [None req-8f98c66e-844a-4f18-8071-40f403c1eb9a 09c33e33f4ce42e8bb2059aa32a43edc b227cd8609ab4ad0bfb822379265b5ca - - default default] Successfully bumped revision number for resource a532fa56-0764-4d5a-94a6-884d805f432c (type: subnets) to 0 [pid: 7|app: 0|req: 803/1518] 10.0.0.174 () {34 vars in 669 bytes} [Wed Jul 22 23:21:48 2026] POST /v2.0/subnets => generated 627 bytes in 244 msecs (HTTP/1.1 201) 4 headers in 162 bytes (1 switches on core 0)
2026-07-22 23:21:49.124 7 INFO neutron.pecan_wsgi.hooks.translation [None req-e077ba74-5118-4f41-adeb-45870829c9a6 67adcc10e1244ad2b86ed510faf1e43c 5df802552bb54d21baf490852372444d - - default default] DELETE failed (client error): The resource could not be found. [pid: 7|app: 0|req: 804/1519] 10.0.0.174 () {32 vars in 724 bytes} [Wed Jul 22 23:21:49 2026] DELETE /v2.0/subnets/d19803a6-15f9-4474-8635-473e11b8edc5 => generated 136 bytes in 15 msecs (HTTP/1.1 404) 4 headers in 164 bytes (1 switches on core 0) [pid: 7|app: 0|req: 805/1520] 10.0.0.20 () {34 vars in 989 bytes} [Wed Jul 22 23:21:49 2026] GET /v2.0/ports?device_id=ce99425f-fab0-4b73-b7aa-b49d5e75e94f => generated 975 bytes in 68 msecs (HTTP/1.1 200) 4 headers in 157 bytes (1 switches on core 0)
2026-07-22 23:21:49.298 8 INFO neutron_taas.services.taas.taas_plugin [None req-5bf34517-c3d4-486a-bf8b-60060064d0c1 ba912968d57346e6a467040f73861ff5 aedb07cb15b14bb9984b0404fff4aba0 - - default default] TaaS: Handle Delete Port: c65b89de-c4cf-4a2c-8e35-7c6f0f56f95a
2026-07-22 23:21:49.302 8 INFO neutron_taas.services.taas.tap_mirror_plugin [None req-5bf34517-c3d4-486a-bf8b-60060064d0c1 ba912968d57346e6a467040f73861ff5 aedb07cb15b14bb9984b0404fff4aba0 - - default default] Tap Mirror: Handle Delete Port: c65b89de-c4cf-4a2c-8e35-7c6f0f56f95a [pid: 8|app: 0|req: 716/1521] 10.0.0.174 () {34 vars in 789 bytes} [Wed Jul 22 23:21:48 2026] PUT /v2.0/routers/64e89a65-f85f-4cb8-bf0e-005d31f6bb14/remove_router_interface => generated 309 bytes in 786 msecs (HTTP/1.1 200) 4 headers in 157 bytes (1 switches on core 0) /var/lib/openstack/lib/python3.12/site-packages/pycadf/identifier.py:70: UserWarning: Invalid uuid: neutron. To ensure interoperability, identifiers should be a valid uuid. warnings.warn(('Invalid uuid: %s. To ensure interoperability, '
2026-07-22 23:21:49.716 7 WARNING neutron.scheduler.dhcp_agent_scheduler [None req-13cbb064-3f06-46d6-ac32-75db0dc07edb 09c33e33f4ce42e8bb2059aa32a43edc b227cd8609ab4ad0bfb822379265b5ca - - default default] No more DHCP agents
2026-07-22 23:21:49.718 7 WARNING neutron.api.rpc.agentnotifiers.dhcp_rpc_agent_api [None req-13cbb064-3f06-46d6-ac32-75db0dc07edb 09c33e33f4ce42e8bb2059aa32a43edc b227cd8609ab4ad0bfb822379265b5ca - - default default] Unable to schedule network db8c019c-2b9f-4820-9c1e-b885c9a2fe92: no agents available; will retry on subsequent port and subnet creation events.
2026-07-22 23:21:49.825 7 INFO neutron.plugins.ml2.drivers.ovn.mech_driver.mech_driver [None req-15a3944c-5a3e-4c1a-b79b-1d50a641315b - - - - - -] OVN reports status down for port: 2d1ffe8d-d4c9-4cf7-8c74-50c62379a116
2026-07-22 23:21:49.880 8 INFO neutron_taas.services.taas.taas_plugin [None req-8e9e9c10-41d8-4a18-8c14-e96a055a066e 67adcc10e1244ad2b86ed510faf1e43c 5df802552bb54d21baf490852372444d - - default default] TaaS: Handle Delete Port: 4005e7b2-5809-48bb-a035-ecaf62f4637c
2026-07-22 23:21:49.884 8 INFO neutron_taas.services.taas.tap_mirror_plugin [None req-8e9e9c10-41d8-4a18-8c14-e96a055a066e 67adcc10e1244ad2b86ed510faf1e43c 5df802552bb54d21baf490852372444d - - default default] Tap Mirror: Handle Delete Port: 4005e7b2-5809-48bb-a035-ecaf62f4637c
2026-07-22 23:21:49.898 7 INFO neutron.db.ovn_revision_numbers_db [None req-13cbb064-3f06-46d6-ac32-75db0dc07edb 09c33e33f4ce42e8bb2059aa32a43edc b227cd8609ab4ad0bfb822379265b5ca - - default default] Successfully bumped revision number for resource 2d1ffe8d-d4c9-4cf7-8c74-50c62379a116 (type: ports) to 1 [pid: 8|app: 0|req: 717/1522] 10.0.0.174 () {32 vars in 720 bytes} [Wed Jul 22 23:21:49 2026] DELETE /v2.0/ports/4005e7b2-5809-48bb-a035-ecaf62f4637c => generated 0 bytes in 309 msecs (HTTP/1.1 204) 3 headers in 131 bytes (1 switches on core 0) [pid: 8|app: 0|req: 718/1523] 10.0.0.20 () {34 vars in 1039 bytes} [Wed Jul 22 23:21:50 2026] GET /v2.0/security-groups?id=b74dcc57-42ec-41da-867e-769910fb1b2e&fields=id&fields=name => generated 113 bytes in 33 msecs (HTTP/1.1 200) 4 headers in 157 bytes (1 switches on core 0) [pid: 8|app: 0|req: 719/1524] 10.0.0.174 () {32 vars in 736 bytes} [Wed Jul 22 23:21:50 2026] GET /v2.0/ports?device_id=64e89a65-f85f-4cb8-bf0e-005d31f6bb14 => generated 12 bytes in 16 msecs (HTTP/1.1 200) 4 headers in 156 bytes (1 switches on core 0)
2026-07-22 23:21:50.157 7 INFO neutron.plugins.ml2.drivers.ovn.mech_driver.mech_driver [None req-15a3944c-5a3e-4c1a-b79b-1d50a641315b - - - - - -] OVN reports status down for port: 8e898780-ed59-4e2d-ae57-516a45e48553
2026-07-22 23:21:50.189 8 INFO neutron_taas.services.taas.taas_plugin [None req-9dcda708-dc6c-4936-ad28-0968f7d0d2c2 67adcc10e1244ad2b86ed510faf1e43c 5df802552bb54d21baf490852372444d - - default default] TaaS: Handle Delete Port: b6945308-8cd0-4335-bb72-601b1cdfdc09
2026-07-22 23:21:50.192 8 INFO neutron_taas.services.taas.tap_mirror_plugin [None req-9dcda708-dc6c-4936-ad28-0968f7d0d2c2 67adcc10e1244ad2b86ed510faf1e43c 5df802552bb54d21baf490852372444d - - default default] Tap Mirror: Handle Delete Port: b6945308-8cd0-4335-bb72-601b1cdfdc09
2026-07-22 23:21:50.422 7 INFO neutron.notifiers.nova [-] Nova event matching ['req-bf6dcbfe-57a5-4e72-af25-b250c7c9d3ca'] response: {'server_uuid': 'ce99425f-fab0-4b73-b7aa-b49d5e75e94f', 'name': 'network-vif-unplugged', 'status': 'completed', 'tag': '8e898780-ed59-4e2d-ae57-516a45e48553', 'code': 200}
2026-07-22 23:21:50.442 8 INFO neutron.services.segments.plugin [-] Segment 3d803609-9646-4f78-997a-6750c9001472 resource provider aggregate not found
2026-07-22 23:21:50.447 8 INFO neutron.services.segments.plugin [-] Segment 3d803609-9646-4f78-997a-6750c9001472 resource provider aggregate not found
2026-07-22 23:21:50.465 8 INFO neutron.services.segments.plugin [-] Client error retrieving segment 3d803609-9646-4f78-997a-6750c9001472 resource provider; error: Placement Client Error (4xx): {"errors": [{"status": 404, "title": "Not Found", "detail": "The resource could not be found.\n\n No resource provider with uuid 3d803609-9646-4f78-997a-6750c9001472 found for delete ", "request_id": "req-50dcd26f-4be1-4e09-98c7-833e090c1bb8"}]}
2026-07-22 23:21:50.470 8 INFO neutron.services.segments.plugin [-] Client error retrieving segment 3d803609-9646-4f78-997a-6750c9001472 resource provider; error: Placement Client Error (4xx): {"errors": [{"status": 404, "title": "Not Found", "detail": "The resource could not be found.\n\n No resource provider with uuid 3d803609-9646-4f78-997a-6750c9001472 found for delete ", "request_id": "req-a64febeb-45ca-401d-9724-f3c1d04d284e"}]} [pid: 8|app: 0|req: 720/1525] 10.0.0.174 () {32 vars in 726 bytes} [Wed Jul 22 23:21:50 2026] DELETE /v2.0/networks/aecd97c4-b837-4dbd-9698-9d3fa4c8e073 => generated 0 bytes in 426 msecs (HTTP/1.1 204) 3 headers in 131 bytes (1 switches on core 0)
2026-07-22 23:21:50.728 7 INFO neutron.db.ovn_revision_numbers_db [None req-15a3944c-5a3e-4c1a-b79b-1d50a641315b - - - - - -] Successfully bumped revision number for resource 8e898780-ed59-4e2d-ae57-516a45e48553 (type: ports) to 8 [pid: 8|app: 0|req: 721/1526] 10.0.0.174 () {32 vars in 724 bytes} [Wed Jul 22 23:21:50 2026] DELETE /v2.0/routers/64e89a65-f85f-4cb8-bf0e-005d31f6bb14 => generated 0 bytes in 238 msecs (HTTP/1.1 204) 2 headers in 112 bytes (1 switches on core 0) [pid: 8|app: 0|req: 722/1527] 10.0.0.174 () {32 vars in 724 bytes} [Wed Jul 22 23:21:50 2026] DELETE /v2.0/subnets/65dec4b9-e5a8-4e95-8079-ad30d83231df => generated 0 bytes in 239 msecs (HTTP/1.1 204) 3 headers in 131 bytes (1 switches on core 0)
2026-07-22 23:21:50.979 7 INFO neutron.plugins.ml2.drivers.ovn.mech_driver.ovsdb.commands [None req-fb4cbd96-2819-4b0c-a86b-a80a7ef905c7 - - - - - -] Schedule LRP lrp-2d1ffe8d-d4c9-4cf7-8c74-50c62379a116 on gateway 9fdb5634-bef2-4329-bf01-0f2324b17680 with priority 1
2026-07-22 23:21:51.014 7 INFO neutron.plugins.ml2.drivers.ovn.mech_driver.mech_driver [None req-1f401027-0b21-498f-9fb3-77399779d9b4 - - - - - -] OVN reports status up for port: 2d1ffe8d-d4c9-4cf7-8c74-50c62379a116
2026-07-22 23:21:51.037 7 INFO neutron.plugins.ml2.plugin [None req-1f401027-0b21-498f-9fb3-77399779d9b4 - - - - - -] Attempt 1 to provision port 2d1ffe8d-d4c9-4cf7-8c74-50c62379a116
2026-07-22 23:21:51.053 7 INFO neutron.db.ovn_revision_numbers_db [None req-13cbb064-3f06-46d6-ac32-75db0dc07edb 09c33e33f4ce42e8bb2059aa32a43edc b227cd8609ab4ad0bfb822379265b5ca - - default default] Successfully bumped revision number for resource 2d1ffe8d-d4c9-4cf7-8c74-50c62379a116 (type: router_ports) to 1
2026-07-22 23:21:51.133 8 INFO neutron_taas.services.taas.taas_plugin [None req-38cf56ea-0f0b-4d35-a76d-b555da14268f ba912968d57346e6a467040f73861ff5 aedb07cb15b14bb9984b0404fff4aba0 - - default default] TaaS: Handle Delete Port: 4074b18f-c627-40fb-a0ca-c3f1e2295bd7
2026-07-22 23:21:51.137 8 INFO neutron_taas.services.taas.tap_mirror_plugin [None req-38cf56ea-0f0b-4d35-a76d-b555da14268f ba912968d57346e6a467040f73861ff5 aedb07cb15b14bb9984b0404fff4aba0 - - default default] Tap Mirror: Handle Delete Port: 4074b18f-c627-40fb-a0ca-c3f1e2295bd7
2026-07-22 23:21:51.154 7 INFO neutron.db.ovn_revision_numbers_db [None req-13cbb064-3f06-46d6-ac32-75db0dc07edb 09c33e33f4ce42e8bb2059aa32a43edc b227cd8609ab4ad0bfb822379265b5ca - - default default] Successfully bumped revision number for resource 1fcaef3c-bbe0-4b43-8ee6-b6ab284166ed (type: routers) to 2 [pid: 7|app: 0|req: 806/1528] 10.0.0.174 () {34 vars in 669 bytes} [Wed Jul 22 23:21:49 2026] POST /v2.0/routers => generated 955 bytes in 1976 msecs (HTTP/1.1 201) 4 headers in 162 bytes (1 switches on core 0) /var/lib/openstack/lib/python3.12/site-packages/pycadf/identifier.py:70: UserWarning: Invalid uuid: neutron. To ensure interoperability, identifiers should be a valid uuid. warnings.warn(('Invalid uuid: %s. To ensure interoperability, ' [pid: 7|app: 0|req: 807/1529] 10.0.0.174 () {32 vars in 774 bytes} [Wed Jul 22 23:21:51 2026] GET /v2.0/security-groups?tenant_id=5df802552bb54d21baf490852372444d&name=default => generated 2925 bytes in 148 msecs (HTTP/1.1 200) 4 headers in 158 bytes (1 switches on core 0) [pid: 8|app: 0|req: 723/1530] 10.0.0.174 () {32 vars in 726 bytes} [Wed Jul 22 23:21:50 2026] DELETE /v2.0/networks/b553b176-29ff-42d6-87f0-89b0b705bbb2 => generated 0 bytes in 407 msecs (HTTP/1.1 204) 3 headers in 131 bytes (1 switches on core 0) [pid: 7|app: 0|req: 808/1531] 10.0.0.20 () {34 vars in 989 bytes} [Wed Jul 22 23:21:51 2026] GET /v2.0/ports?device_id=ce99425f-fab0-4b73-b7aa-b49d5e75e94f => generated 973 bytes in 70 msecs (HTTP/1.1 200) 4 headers in 157 bytes (1 switches on core 0) [pid: 7|app: 0|req: 809/1532] 10.0.0.174 () {32 vars in 740 bytes} [Wed Jul 22 23:21:51 2026] DELETE /v2.0/security-groups/653ec002-a384-41f7-9dc7-1f5c6eb71b3a => generated 0 bytes in 268 msecs (HTTP/1.1 204) 2 headers in 112 bytes (1 switches on core 0) [pid: 7|app: 0|req: 810/1533] 199.204.45.248 () {34 vars in 994 bytes} [Wed Jul 22 23:21:51 2026] GET /v2.0/ports?device_id=ce99425f-fab0-4b73-b7aa-b49d5e75e94f => generated 973 bytes in 41 msecs (HTTP/1.1 200) 4 headers in 157 bytes (1 switches on core 0)
2026-07-22 23:21:52.026 8 WARNING neutron.scheduler.dhcp_agent_scheduler [None req-c0781e8f-1fca-4e89-84b0-267e0676841b 09c33e33f4ce42e8bb2059aa32a43edc b227cd8609ab4ad0bfb822379265b5ca - - default default] No more DHCP agents
2026-07-22 23:21:52.028 8 WARNING neutron.api.rpc.agentnotifiers.dhcp_rpc_agent_api [None req-c0781e8f-1fca-4e89-84b0-267e0676841b 09c33e33f4ce42e8bb2059aa32a43edc b227cd8609ab4ad0bfb822379265b5ca - - default default] Unable to schedule network 6eef1f27-bac5-429d-b3df-069afdaf5788: no agents available; will retry on subsequent port and subnet creation events.
2026-07-22 23:21:52.094 7 WARNING neutron.scheduler.dhcp_agent_scheduler [None req-ec70d98f-07ad-4681-9e50-793b0dd43ef1 ba912968d57346e6a467040f73861ff5 aedb07cb15b14bb9984b0404fff4aba0 - - default default] No more DHCP agents
2026-07-22 23:21:52.096 7 WARNING neutron.api.rpc.agentnotifiers.dhcp_rpc_agent_api [None req-ec70d98f-07ad-4681-9e50-793b0dd43ef1 ba912968d57346e6a467040f73861ff5 aedb07cb15b14bb9984b0404fff4aba0 - - default default] Unable to schedule network db8c019c-2b9f-4820-9c1e-b885c9a2fe92: no agents available; will retry on subsequent port and subnet creation events.
2026-07-22 23:21:52.160 8 INFO neutron.plugins.ml2.drivers.ovn.mech_driver.mech_driver [None req-4a545aa3-9a13-4167-976e-502322ec034d - - - - - -] OVN reports status down for port: fcf6d28b-d8a7-4ac4-b5cb-3209529d1fb9
2026-07-22 23:21:52.279 7 INFO neutron.db.ovn_revision_numbers_db [None req-ec70d98f-07ad-4681-9e50-793b0dd43ef1 ba912968d57346e6a467040f73861ff5 aedb07cb15b14bb9984b0404fff4aba0 - - default default] Successfully bumped revision number for resource 21a26e41-9974-4a96-a472-bd81d22d253b (type: ports) to 1
2026-07-22 23:21:52.318 8 INFO neutron.db.ovn_revision_numbers_db [None req-c0781e8f-1fca-4e89-84b0-267e0676841b 09c33e33f4ce42e8bb2059aa32a43edc b227cd8609ab4ad0bfb822379265b5ca - - default default] Successfully bumped revision number for resource fcf6d28b-d8a7-4ac4-b5cb-3209529d1fb9 (type: ports) to 1
2026-07-22 23:21:52.357 8 INFO neutron.plugins.ml2.drivers.ovn.mech_driver.mech_driver [None req-4a545aa3-9a13-4167-976e-502322ec034d - - - - - -] OVN reports status down for port: 21a26e41-9974-4a96-a472-bd81d22d253b
2026-07-22 23:21:52.473 7 INFO neutron.notifiers.nova [-] Nova event matching ['req-05a47855-fcec-45f5-8db2-5ca018457433'] response: {'server_uuid': 'ce99425f-fab0-4b73-b7aa-b49d5e75e94f', 'name': 'network-vif-unplugged', 'status': 'completed', 'tag': '8e898780-ed59-4e2d-ae57-516a45e48553', 'code': 200}
2026-07-22 23:21:52.502 8 INFO neutron.services.segments.plugin [-] Segment 57bfc006-82f5-4384-8211-ab5f6e9c5e5d resource provider aggregate not found
2026-07-22 23:21:52.507 8 INFO neutron.services.segments.plugin [-] Segment 57bfc006-82f5-4384-8211-ab5f6e9c5e5d resource provider aggregate not found
2026-07-22 23:21:52.524 8 INFO neutron.services.segments.plugin [-] Client error retrieving segment 57bfc006-82f5-4384-8211-ab5f6e9c5e5d resource provider; error: Placement Client Error (4xx): {"errors": [{"status": 404, "title": "Not Found", "detail": "The resource could not be found.\n\n No resource provider with uuid 57bfc006-82f5-4384-8211-ab5f6e9c5e5d found for delete ", "request_id": "req-134d095b-8ffc-4617-9c15-cf3f904c2f66"}]}
2026-07-22 23:21:52.525 8 INFO neutron.services.segments.plugin [-] Client error retrieving segment 57bfc006-82f5-4384-8211-ab5f6e9c5e5d resource provider; error: Placement Client Error (4xx): {"errors": [{"status": 404, "title": "Not Found", "detail": "The resource could not be found.\n\n No resource provider with uuid 57bfc006-82f5-4384-8211-ab5f6e9c5e5d found for delete ", "request_id": "req-723ec342-f4b4-4bbf-a6ef-c20beb7217c2"}]}
2026-07-22 23:21:52.959 7 INFO neutron.plugins.ml2.drivers.ovn.mech_driver.ovsdb.commands [None req-fb4cbd96-2819-4b0c-a86b-a80a7ef905c7 - - - - - -] Schedule LRP lrp-21a26e41-9974-4a96-a472-bd81d22d253b on gateway 9fdb5634-bef2-4329-bf01-0f2324b17680 with priority 1
2026-07-22 23:21:53.027 8 INFO neutron.plugins.ml2.drivers.ovn.mech_driver.mech_driver [None req-4a545aa3-9a13-4167-976e-502322ec034d - - - - - -] OVN reports status up for port: 21a26e41-9974-4a96-a472-bd81d22d253b
2026-07-22 23:21:53.037 7 INFO neutron.db.ovn_revision_numbers_db [None req-ec70d98f-07ad-4681-9e50-793b0dd43ef1 ba912968d57346e6a467040f73861ff5 aedb07cb15b14bb9984b0404fff4aba0 - - default default] Successfully bumped revision number for resource 21a26e41-9974-4a96-a472-bd81d22d253b (type: router_ports) to 1
2026-07-22 23:21:53.066 8 INFO neutron.plugins.ml2.plugin [None req-4a545aa3-9a13-4167-976e-502322ec034d - - - - - -] Attempt 1 to provision port 21a26e41-9974-4a96-a472-bd81d22d253b
2026-07-22 23:21:53.123 7 INFO neutron.db.ovn_revision_numbers_db [None req-ec70d98f-07ad-4681-9e50-793b0dd43ef1 ba912968d57346e6a467040f73861ff5 aedb07cb15b14bb9984b0404fff4aba0 - - default default] Successfully bumped revision number for resource 5767bfb2-055f-424b-842f-e6c2751278e3 (type: routers) to 2 [pid: 7|app: 0|req: 811/1534] 10.0.0.174 () {34 vars in 669 bytes} [Wed Jul 22 23:21:51 2026] POST /v2.0/routers => generated 947 bytes in 1443 msecs (HTTP/1.1 201) 4 headers in 162 bytes (1 switches on core 0) [pid: 7|app: 0|req: 812/1535] 10.0.0.20 () {34 vars in 1039 bytes} [Wed Jul 22 23:21:53 2026] GET /v2.0/security-groups?id=b74dcc57-42ec-41da-867e-769910fb1b2e&fields=id&fields=name => generated 113 bytes in 32 msecs (HTTP/1.1 200) 4 headers in 157 bytes (1 switches on core 0)
2026-07-22 23:21:53.368 7 INFO neutron_taas.services.taas.taas_plugin [req-40717f65-8e74-46ed-b8b8-28a76da5bcec req-5db1020e-e011-46ef-8e7c-14a37f4d0847 5941d094f696498d927ad752c63ad8d5 a64f6ee76e4a41768bed116e9c90a138 - - default default] TaaS: Handle Delete Port: 8e898780-ed59-4e2d-ae57-516a45e48553
2026-07-22 23:21:53.372 7 INFO neutron_taas.services.taas.tap_mirror_plugin [req-40717f65-8e74-46ed-b8b8-28a76da5bcec req-5db1020e-e011-46ef-8e7c-14a37f4d0847 5941d094f696498d927ad752c63ad8d5 a64f6ee76e4a41768bed116e9c90a138 - - default default] Tap Mirror: Handle Delete Port: 8e898780-ed59-4e2d-ae57-516a45e48553
2026-07-22 23:21:53.382 8 WARNING neutron.scheduler.dhcp_agent_scheduler [None req-c0781e8f-1fca-4e89-84b0-267e0676841b 09c33e33f4ce42e8bb2059aa32a43edc b227cd8609ab4ad0bfb822379265b5ca - - default default] No more DHCP agents
2026-07-22 23:21:53.384 8 WARNING neutron.api.rpc.agentnotifiers.dhcp_rpc_agent_api [None req-c0781e8f-1fca-4e89-84b0-267e0676841b 09c33e33f4ce42e8bb2059aa32a43edc b227cd8609ab4ad0bfb822379265b5ca - - default default] Unable to schedule network 6eef1f27-bac5-429d-b3df-069afdaf5788: no agents available; will retry on subsequent port and subnet creation events.
2026-07-22 23:21:53.633 7 INFO neutron.db.l3_db [req-40717f65-8e74-46ed-b8b8-28a76da5bcec req-5db1020e-e011-46ef-8e7c-14a37f4d0847 5941d094f696498d927ad752c63ad8d5 a64f6ee76e4a41768bed116e9c90a138 - - default default] Floating IP ee02c860-4314-41c0-ac59-92f1c558233d disassociated. External IP: 10.96.250.219, port: 8e898780-ed59-4e2d-ae57-516a45e48553. [pid: 7|app: 0|req: 813/1536] 199.204.45.248 () {36 vars in 997 bytes} [Wed Jul 22 23:21:53 2026] DELETE /v2.0/ports/8e898780-ed59-4e2d-ae57-516a45e48553 => generated 0 bytes in 633 msecs (HTTP/1.1 204) 3 headers in 131 bytes (1 switches on core 0)
2026-07-22 23:21:53.851 8 INFO neutron.db.ovn_revision_numbers_db [None req-c0781e8f-1fca-4e89-84b0-267e0676841b 09c33e33f4ce42e8bb2059aa32a43edc b227cd8609ab4ad0bfb822379265b5ca - - default default] Successfully bumped revision number for resource fcf6d28b-d8a7-4ac4-b5cb-3209529d1fb9 (type: router_ports) to 1 [pid: 8|app: 0|req: 724/1539] 10.0.0.174 () {34 vars in 783 bytes} [Wed Jul 22 23:21:51 2026] PUT /v2.0/routers/1fcaef3c-bbe0-4b43-8ee6-b6ab284166ed/add_router_interface => generated 309 bytes in 2469 msecs (HTTP/1.1 200) 4 headers in 157 bytes (1 switches on core 0) [pid: 7|app: 0|req: 816/1540] 10.0.0.174 () {32 vars in 721 bytes} [Wed Jul 22 23:21:53 2026] GET /v2.0/routers/5767bfb2-055f-424b-842f-e6c2751278e3 => generated 953 bytes in 68 msecs (HTTP/1.1 200) 4 headers in 157 bytes (1 switches on core 0)
2026-07-22 23:21:54.178 7 WARNING neutron.scheduler.dhcp_agent_scheduler [None req-c4d59a34-8adb-4084-8134-7e61f64fcd56 09c33e33f4ce42e8bb2059aa32a43edc b227cd8609ab4ad0bfb822379265b5ca - - default default] No more DHCP agents
