2026-07-14 06:29:42.894 8 INFO placement.requestlog [None req-dfd1334e-16f7-4862-9e50-de272f7c8327 6fa8605743c648f6b0ec2a669e0729ea 9ab3543e838c4788ba2cedff759a6c23 - - b684b7e50fff4e6da8c08eaf1bebc699 b684b7e50fff4e6da8c08eaf1bebc699] 10.0.0.111 "GET /resource_providers/57f5ea66-3641-475c-8c2e-ab223d6d30e6/aggregates" status: 404 len: 235 microversion: 1.1 [pid: 8|app: 0|req: 434/863] 10.0.0.111 () {32 vars in 815 bytes} [Tue Jul 14 06:29:42 2026] GET /resource_providers/57f5ea66-3641-475c-8c2e-ab223d6d30e6/aggregates => generated 235 bytes in 17 msecs (HTTP/1.1 404) 5 headers in 202 bytes (1 switches on core 0)
2026-07-14 06:29:42.894 7 INFO placement.requestlog [None req-8c182379-1b29-466f-907d-8b89f91dbe26 6fa8605743c648f6b0ec2a669e0729ea 9ab3543e838c4788ba2cedff759a6c23 - - b684b7e50fff4e6da8c08eaf1bebc699 b684b7e50fff4e6da8c08eaf1bebc699] 10.0.0.111 "GET /resource_providers/57f5ea66-3641-475c-8c2e-ab223d6d30e6/aggregates" status: 404 len: 235 microversion: 1.1 [pid: 7|app: 0|req: 430/864] 10.0.0.111 () {32 vars in 815 bytes} [Tue Jul 14 06:29:42 2026] GET /resource_providers/57f5ea66-3641-475c-8c2e-ab223d6d30e6/aggregates => generated 235 bytes in 14 msecs (HTTP/1.1 404) 5 headers in 202 bytes (1 switches on core 0)
2026-07-14 06:29:42.918 8 INFO placement.requestlog [None req-543aeb76-9ae1-4daa-b3f1-6db9a7de9c6a 6fa8605743c648f6b0ec2a669e0729ea 9ab3543e838c4788ba2cedff759a6c23 - - b684b7e50fff4e6da8c08eaf1bebc699 b684b7e50fff4e6da8c08eaf1bebc699] 10.0.0.111 "DELETE /resource_providers/57f5ea66-3641-475c-8c2e-ab223d6d30e6" status: 404 len: 246 microversion: 1.1 [pid: 8|app: 0|req: 435/865] 10.0.0.111 () {34 vars in 815 bytes} [Tue Jul 14 06:29:42 2026] DELETE /resource_providers/57f5ea66-3641-475c-8c2e-ab223d6d30e6 => generated 246 bytes in 13 msecs (HTTP/1.1 404) 6 headers in 231 bytes (1 switches on core 0)
2026-07-14 06:29:42.919 7 INFO placement.requestlog [None req-03d070a6-1d43-475d-83d8-d74944e50421 6fa8605743c648f6b0ec2a669e0729ea 9ab3543e838c4788ba2cedff759a6c23 - - b684b7e50fff4e6da8c08eaf1bebc699 b684b7e50fff4e6da8c08eaf1bebc699] 10.0.0.111 "DELETE /resource_providers/57f5ea66-3641-475c-8c2e-ab223d6d30e6" status: 404 len: 246 microversion: 1.1 [pid: 7|app: 0|req: 431/866] 10.0.0.111 () {34 vars in 815 bytes} [Tue Jul 14 06:29:42 2026] DELETE /resource_providers/57f5ea66-3641-475c-8c2e-ab223d6d30e6 => generated 246 bytes in 12 msecs (HTTP/1.1 404) 6 headers in 231 bytes (1 switches on core 0)
2026-07-14 06:29:44.940 7 INFO placement.requestlog [None req-1281790c-f51f-4581-b18f-fb3cc24b4228 6fa8605743c648f6b0ec2a669e0729ea 9ab3543e838c4788ba2cedff759a6c23 - - b684b7e50fff4e6da8c08eaf1bebc699 b684b7e50fff4e6da8c08eaf1bebc699] 10.0.0.111 "GET /resource_providers/555aef1e-6d07-433f-a7f7-5e199ede9de2/aggregates" status: 404 len: 235 microversion: 1.1 [pid: 7|app: 0|req: 432/867] 10.0.0.111 () {32 vars in 815 bytes} [Tue Jul 14 06:29:44 2026] GET /resource_providers/555aef1e-6d07-433f-a7f7-5e199ede9de2/aggregates => generated 235 bytes in 11 msecs (HTTP/1.1 404) 5 headers in 202 bytes (1 switches on core 0)
2026-07-14 06:29:44.943 8 INFO placement.requestlog [None req-c0374174-606f-420d-a97c-c5ff40025ea8 6fa8605743c648f6b0ec2a669e0729ea 9ab3543e838c4788ba2cedff759a6c23 - - b684b7e50fff4e6da8c08eaf1bebc699 b684b7e50fff4e6da8c08eaf1bebc699] 10.0.0.111 "GET /resource_providers/555aef1e-6d07-433f-a7f7-5e199ede9de2/aggregates" status: 404 len: 235 microversion: 1.1 [pid: 8|app: 0|req: 436/868] 10.0.0.111 () {32 vars in 815 bytes} [Tue Jul 14 06:29:44 2026] GET /resource_providers/555aef1e-6d07-433f-a7f7-5e199ede9de2/aggregates => generated 235 bytes in 15 msecs (HTTP/1.1 404) 5 headers in 202 bytes (1 switches on core 0)
2026-07-14 06:29:44.964 7 INFO placement.requestlog [None req-e9aa2d6a-6bc0-413e-9c33-9388aec2de65 6fa8605743c648f6b0ec2a669e0729ea 9ab3543e838c4788ba2cedff759a6c23 - - b684b7e50fff4e6da8c08eaf1bebc699 b684b7e50fff4e6da8c08eaf1bebc699] 10.0.0.111 "DELETE /resource_providers/555aef1e-6d07-433f-a7f7-5e199ede9de2" status: 404 len: 246 microversion: 1.1 [pid: 7|app: 0|req: 433/869] 10.0.0.111 () {34 vars in 815 bytes} [Tue Jul 14 06:29:44 2026] DELETE /resource_providers/555aef1e-6d07-433f-a7f7-5e199ede9de2 => generated 246 bytes in 12 msecs (HTTP/1.1 404) 6 headers in 231 bytes (1 switches on core 0)
2026-07-14 06:29:44.970 8 INFO placement.requestlog [None req-f7daf3fe-e8ba-43a2-b42d-bd9c698fd352 6fa8605743c648f6b0ec2a669e0729ea 9ab3543e838c4788ba2cedff759a6c23 - - b684b7e50fff4e6da8c08eaf1bebc699 b684b7e50fff4e6da8c08eaf1bebc699] 10.0.0.111 "DELETE /resource_providers/555aef1e-6d07-433f-a7f7-5e199ede9de2" status: 404 len: 246 microversion: 1.1 [pid: 8|app: 0|req: 437/870] 10.0.0.111 () {34 vars in 815 bytes} [Tue Jul 14 06:29:44 2026] DELETE /resource_providers/555aef1e-6d07-433f-a7f7-5e199ede9de2 => generated 246 bytes in 22 msecs (HTTP/1.1 404) 6 headers in 231 bytes (1 switches on core 0)
2026-07-14 06:29:44.991 7 INFO placement.requestlog [None req-90655de9-c3fa-4df7-aa97-3cad1b3cebe2 6fa8605743c648f6b0ec2a669e0729ea 9ab3543e838c4788ba2cedff759a6c23 - - b684b7e50fff4e6da8c08eaf1bebc699 b684b7e50fff4e6da8c08eaf1bebc699] 10.0.0.111 "GET /resource_providers/279f7270-50e7-4cd8-9cea-8a0a0541df34/aggregates" status: 404 len: 235 microversion: 1.1 [pid: 7|app: 0|req: 434/871] 10.0.0.111 () {32 vars in 815 bytes} [Tue Jul 14 06:29:44 2026] GET /resource_providers/279f7270-50e7-4cd8-9cea-8a0a0541df34/aggregates => generated 235 bytes in 8 msecs (HTTP/1.1 404) 5 headers in 202 bytes (1 switches on core 0)
2026-07-14 06:29:45.012 8 INFO placement.requestlog [None req-63793e33-913a-43bf-a02e-2cec575c839b 6fa8605743c648f6b0ec2a669e0729ea 9ab3543e838c4788ba2cedff759a6c23 - - b684b7e50fff4e6da8c08eaf1bebc699 b684b7e50fff4e6da8c08eaf1bebc699] 10.0.0.111 "GET /resource_providers/279f7270-50e7-4cd8-9cea-8a0a0541df34/aggregates" status: 404 len: 235 microversion: 1.1 [pid: 8|app: 0|req: 438/872] 10.0.0.111 () {32 vars in 815 bytes} [Tue Jul 14 06:29:44 2026] GET /resource_providers/279f7270-50e7-4cd8-9cea-8a0a0541df34/aggregates => generated 235 bytes in 14 msecs (HTTP/1.1 404) 5 headers in 202 bytes (1 switches on core 0)
2026-07-14 06:29:45.019 7 INFO placement.requestlog [None req-a15ab5f4-6d82-45fa-943e-3f38ae215bd1 6fa8605743c648f6b0ec2a669e0729ea 9ab3543e838c4788ba2cedff759a6c23 - - b684b7e50fff4e6da8c08eaf1bebc699 b684b7e50fff4e6da8c08eaf1bebc699] 10.0.0.111 "DELETE /resource_providers/279f7270-50e7-4cd8-9cea-8a0a0541df34" status: 404 len: 246 microversion: 1.1 [pid: 7|app: 0|req: 435/873] 10.0.0.111 () {34 vars in 815 bytes} [Tue Jul 14 06:29:45 2026] DELETE /resource_providers/279f7270-50e7-4cd8-9cea-8a0a0541df34 => generated 246 bytes in 9 msecs (HTTP/1.1 404) 6 headers in 231 bytes (1 switches on core 0)
2026-07-14 06:29:45.026 8 INFO placement.requestlog [None req-3b492d98-cdde-4bf3-822f-346a49213478 6fa8605743c648f6b0ec2a669e0729ea 9ab3543e838c4788ba2cedff759a6c23 - - b684b7e50fff4e6da8c08eaf1bebc699 b684b7e50fff4e6da8c08eaf1bebc699] 10.0.0.111 "DELETE /resource_providers/279f7270-50e7-4cd8-9cea-8a0a0541df34" status: 404 len: 246 microversion: 1.1 [pid: 8|app: 0|req: 439/874] 10.0.0.111 () {34 vars in 815 bytes} [Tue Jul 14 06:29:45 2026] DELETE /resource_providers/279f7270-50e7-4cd8-9cea-8a0a0541df34 => generated 246 bytes in 9 msecs (HTTP/1.1 404) 6 headers in 231 bytes (1 switches on core 0)
2026-07-14 06:29:45.034 7 INFO placement.requestlog [None req-62f42207-a42e-4941-b34e-fcd8eedab03d 6fa8605743c648f6b0ec2a669e0729ea 9ab3543e838c4788ba2cedff759a6c23 - - b684b7e50fff4e6da8c08eaf1bebc699 b684b7e50fff4e6da8c08eaf1bebc699] 10.0.0.111 "GET /resource_providers/7b27ba04-7ab9-4eca-9eb0-e37755c2f727/aggregates" status: 404 len: 235 microversion: 1.1 [pid: 7|app: 0|req: 436/875] 10.0.0.111 () {32 vars in 815 bytes} [Tue Jul 14 06:29:45 2026] GET /resource_providers/7b27ba04-7ab9-4eca-9eb0-e37755c2f727/aggregates => generated 235 bytes in 8 msecs (HTTP/1.1 404) 5 headers in 202 bytes (1 switches on core 0)
2026-07-14 06:29:45.046 8 INFO placement.requestlog [None req-135b7c6e-091e-4930-a810-3375c4db175c 6fa8605743c648f6b0ec2a669e0729ea 9ab3543e838c4788ba2cedff759a6c23 - - b684b7e50fff4e6da8c08eaf1bebc699 b684b7e50fff4e6da8c08eaf1bebc699] 10.0.0.111 "GET /resource_providers/7b27ba04-7ab9-4eca-9eb0-e37755c2f727/aggregates" status: 404 len: 235 microversion: 1.1 [pid: 8|app: 0|req: 440/876] 10.0.0.111 () {32 vars in 815 bytes} [Tue Jul 14 06:29:45 2026] GET /resource_providers/7b27ba04-7ab9-4eca-9eb0-e37755c2f727/aggregates => generated 235 bytes in 7 msecs (HTTP/1.1 404) 5 headers in 202 bytes (1 switches on core 0)
2026-07-14 06:29:45.056 7 INFO placement.requestlog [None req-e50ff542-6767-498b-b1ae-828e671848f0 6fa8605743c648f6b0ec2a669e0729ea 9ab3543e838c4788ba2cedff759a6c23 - - b684b7e50fff4e6da8c08eaf1bebc699 b684b7e50fff4e6da8c08eaf1bebc699] 10.0.0.111 "DELETE /resource_providers/7b27ba04-7ab9-4eca-9eb0-e37755c2f727" status: 404 len: 246 microversion: 1.1 [pid: 7|app: 0|req: 437/877] 10.0.0.111 () {34 vars in 815 bytes} [Tue Jul 14 06:29:45 2026] DELETE /resource_providers/7b27ba04-7ab9-4eca-9eb0-e37755c2f727 => generated 246 bytes in 15 msecs (HTTP/1.1 404) 6 headers in 231 bytes (1 switches on core 0)
2026-07-14 06:29:45.061 8 INFO placement.requestlog [None req-0c70941a-cb37-4691-ad1c-d11c6982ec72 6fa8605743c648f6b0ec2a669e0729ea 9ab3543e838c4788ba2cedff759a6c23 - - b684b7e50fff4e6da8c08eaf1bebc699 b684b7e50fff4e6da8c08eaf1bebc699] 10.0.0.111 "DELETE /resource_providers/7b27ba04-7ab9-4eca-9eb0-e37755c2f727" status: 404 len: 246 microversion: 1.1 [pid: 8|app: 0|req: 441/878] 10.0.0.111 () {34 vars in 815 bytes} [Tue Jul 14 06:29:45 2026] DELETE /resource_providers/7b27ba04-7ab9-4eca-9eb0-e37755c2f727 => generated 246 bytes in 8 msecs (HTTP/1.1 404) 6 headers in 231 bytes (1 switches on core 0)
2026-07-14 06:29:45.087 8 INFO placement.requestlog [None req-1f16be52-55ce-4cfb-a622-e78b682ee060 6fa8605743c648f6b0ec2a669e0729ea 9ab3543e838c4788ba2cedff759a6c23 - - b684b7e50fff4e6da8c08eaf1bebc699 b684b7e50fff4e6da8c08eaf1bebc699] 10.0.0.111 "GET /resource_providers/7c63037f-0507-4be4-aae0-70fb4cddf373/aggregates" status: 404 len: 235 microversion: 1.1
2026-07-14 06:29:45.087 7 INFO placement.requestlog [None req-89126a1e-0f80-4db8-98ad-2695e8596dab 6fa8605743c648f6b0ec2a669e0729ea 9ab3543e838c4788ba2cedff759a6c23 - - b684b7e50fff4e6da8c08eaf1bebc699 b684b7e50fff4e6da8c08eaf1bebc699] 10.0.0.111 "GET /resource_providers/7c63037f-0507-4be4-aae0-70fb4cddf373/aggregates" status: 404 len: 235 microversion: 1.1 [pid: 7|app: 0|req: 438/879] 10.0.0.111 () {32 vars in 815 bytes} [Tue Jul 14 06:29:45 2026] GET /resource_providers/7c63037f-0507-4be4-aae0-70fb4cddf373/aggregates => generated 235 bytes in 22 msecs (HTTP/1.1 404) 5 headers in 202 bytes (1 switches on core 0) [pid: 8|app: 0|req: 442/880] 10.0.0.111 () {32 vars in 815 bytes} [Tue Jul 14 06:29:45 2026] GET /resource_providers/7c63037f-0507-4be4-aae0-70fb4cddf373/aggregates => generated 235 bytes in 15 msecs (HTTP/1.1 404) 5 headers in 202 bytes (1 switches on core 0)
2026-07-14 06:29:45.113 7 INFO placement.requestlog [None req-7bc5c0ec-4e0b-433c-a099-b9c2361e2bfc 6fa8605743c648f6b0ec2a669e0729ea 9ab3543e838c4788ba2cedff759a6c23 - - b684b7e50fff4e6da8c08eaf1bebc699 b684b7e50fff4e6da8c08eaf1bebc699] 10.0.0.111 "DELETE /resource_providers/7c63037f-0507-4be4-aae0-70fb4cddf373" status: 404 len: 246 microversion: 1.1
2026-07-14 06:29:45.113 8 INFO placement.requestlog [None req-3b80ed31-338d-48fe-87d7-936f804c0336 6fa8605743c648f6b0ec2a669e0729ea 9ab3543e838c4788ba2cedff759a6c23 - - b684b7e50fff4e6da8c08eaf1bebc699 b684b7e50fff4e6da8c08eaf1bebc699] 10.0.0.111 "DELETE /resource_providers/7c63037f-0507-4be4-aae0-70fb4cddf373" status: 404 len: 246 microversion: 1.1 [pid: 8|app: 0|req: 443/881] 10.0.0.111 () {34 vars in 815 bytes} [Tue Jul 14 06:29:45 2026] DELETE /resource_providers/7c63037f-0507-4be4-aae0-70fb4cddf373 => generated 246 bytes in 11 msecs (HTTP/1.1 404) 6 headers in 231 bytes (1 switches on core 0) [pid: 7|app: 0|req: 439/882] 10.0.0.111 () {34 vars in 815 bytes} [Tue Jul 14 06:29:45 2026] DELETE /resource_providers/7c63037f-0507-4be4-aae0-70fb4cddf373 => generated 246 bytes in 16 msecs (HTTP/1.1 404) 6 headers in 231 bytes (1 switches on core 0)
2026-07-14 06:29:49.337 8 INFO placement.requestlog [None req-e8f5d140-4ba8-43d7-baf7-6fc0b9ef9026 - - - - - -] 10.0.0.15 "GET /" status: 200 len: 136 microversion: 1.0
2026-07-14 06:29:49.337 7 INFO placement.requestlog [None req-3341c8a3-9a21-4de9-b421-5828a296ba8a - - - - - -] 10.0.0.15 "GET /" status: 200 len: 136 microversion: 1.0
2026-07-14 06:29:52.223 7 INFO placement.requestlog [None req-bc44f280-0b39-4d10-8a63-8d3bad71838d 6fa8605743c648f6b0ec2a669e0729ea 9ab3543e838c4788ba2cedff759a6c23 - - b684b7e50fff4e6da8c08eaf1bebc699 b684b7e50fff4e6da8c08eaf1bebc699] 10.0.0.111 "GET /resource_providers/4522a135-ca78-483d-a5e4-4d25606eba4e/aggregates" status: 404 len: 235 microversion: 1.1 [pid: 7|app: 0|req: 441/885] 10.0.0.111 () {32 vars in 815 bytes} [Tue Jul 14 06:29:52 2026] GET /resource_providers/4522a135-ca78-483d-a5e4-4d25606eba4e/aggregates => generated 235 bytes in 10 msecs (HTTP/1.1 404) 5 headers in 202 bytes (1 switches on core 0)
2026-07-14 06:29:52.227 8 INFO placement.requestlog [None req-1bd7525d-983f-4869-950c-defc11d8b8a7 6fa8605743c648f6b0ec2a669e0729ea 9ab3543e838c4788ba2cedff759a6c23 - - b684b7e50fff4e6da8c08eaf1bebc699 b684b7e50fff4e6da8c08eaf1bebc699] 10.0.0.111 "GET /resource_providers/4522a135-ca78-483d-a5e4-4d25606eba4e/aggregates" status: 404 len: 235 microversion: 1.1 [pid: 8|app: 0|req: 445/886] 10.0.0.111 () {32 vars in 815 bytes} [Tue Jul 14 06:29:52 2026] GET /resource_providers/4522a135-ca78-483d-a5e4-4d25606eba4e/aggregates => generated 235 bytes in 14 msecs (HTTP/1.1 404) 5 headers in 202 bytes (1 switches on core 0)
2026-07-14 06:29:52.259 7 INFO placement.requestlog [None req-08296d8e-8b55-4842-8e36-ce9f456af730 6fa8605743c648f6b0ec2a669e0729ea 9ab3543e838c4788ba2cedff759a6c23 - - b684b7e50fff4e6da8c08eaf1bebc699 b684b7e50fff4e6da8c08eaf1bebc699] 10.0.0.111 "DELETE /resource_providers/4522a135-ca78-483d-a5e4-4d25606eba4e" status: 404 len: 246 microversion: 1.1 [pid: 7|app: 0|req: 442/887] 10.0.0.111 () {34 vars in 815 bytes} [Tue Jul 14 06:29:52 2026] DELETE /resource_providers/4522a135-ca78-483d-a5e4-4d25606eba4e => generated 246 bytes in 18 msecs (HTTP/1.1 404) 6 headers in 231 bytes (1 switches on core 0)
2026-07-14 06:29:52.264 8 INFO placement.requestlog [None req-9e535810-ddbb-4b19-9107-2c9145386575 6fa8605743c648f6b0ec2a669e0729ea 9ab3543e838c4788ba2cedff759a6c23 - - b684b7e50fff4e6da8c08eaf1bebc699 b684b7e50fff4e6da8c08eaf1bebc699] 10.0.0.111 "DELETE /resource_providers/4522a135-ca78-483d-a5e4-4d25606eba4e" status: 404 len: 246 microversion: 1.1 [pid: 8|app: 0|req: 446/888] 10.0.0.111 () {34 vars in 815 bytes} [Tue Jul 14 06:29:52 2026] DELETE /resource_providers/4522a135-ca78-483d-a5e4-4d25606eba4e => generated 246 bytes in 13 msecs (HTTP/1.1 404) 6 headers in 231 bytes (1 switches on core 0)
2026-07-14 06:29:54.280 7 INFO placement.requestlog [None req-72f788e7-a87d-4bb9-a92a-53125c35f0f8 6fa8605743c648f6b0ec2a669e0729ea 9ab3543e838c4788ba2cedff759a6c23 - - b684b7e50fff4e6da8c08eaf1bebc699 b684b7e50fff4e6da8c08eaf1bebc699] 10.0.0.111 "GET /resource_providers/46b67730-5655-4e6d-a72e-d18238defffb/aggregates" status: 404 len: 235 microversion: 1.1 [pid: 7|app: 0|req: 443/889] 10.0.0.111 () {32 vars in 815 bytes} [Tue Jul 14 06:29:54 2026] GET /resource_providers/46b67730-5655-4e6d-a72e-d18238defffb/aggregates => generated 235 bytes in 9 msecs (HTTP/1.1 404) 5 headers in 202 bytes (1 switches on core 0)
2026-07-14 06:29:54.291 8 INFO placement.requestlog [None req-bc1469b5-f2a0-477b-917b-41b6eb71a4f0 6fa8605743c648f6b0ec2a669e0729ea 9ab3543e838c4788ba2cedff759a6c23 - - b684b7e50fff4e6da8c08eaf1bebc699 b684b7e50fff4e6da8c08eaf1bebc699] 10.0.0.111 "GET /resource_providers/46b67730-5655-4e6d-a72e-d18238defffb/aggregates" status: 404 len: 235 microversion: 1.1 [pid: 8|app: 0|req: 447/890] 10.0.0.111 () {32 vars in 815 bytes} [Tue Jul 14 06:29:54 2026] GET /resource_providers/46b67730-5655-4e6d-a72e-d18238defffb/aggregates => generated 235 bytes in 15 msecs (HTTP/1.1 404) 5 headers in 202 bytes (1 switches on core 0)
2026-07-14 06:29:54.304 7 INFO placement.requestlog [None req-218db836-1f84-4445-9ab6-a66f81bb60f9 6fa8605743c648f6b0ec2a669e0729ea 9ab3543e838c4788ba2cedff759a6c23 - - b684b7e50fff4e6da8c08eaf1bebc699 b684b7e50fff4e6da8c08eaf1bebc699] 10.0.0.111 "DELETE /resource_providers/46b67730-5655-4e6d-a72e-d18238defffb" status: 404 len: 246 microversion: 1.1 [pid: 7|app: 0|req: 444/891] 10.0.0.111 () {34 vars in 815 bytes} [Tue Jul 14 06:29:54 2026] DELETE /resource_providers/46b67730-5655-4e6d-a72e-d18238defffb => generated 246 bytes in 16 msecs (HTTP/1.1 404) 6 headers in 231 bytes (1 switches on core 0)
2026-07-14 06:29:54.320 8 INFO placement.requestlog [None req-273b1f68-bbde-47be-ad48-97e05f8fcecb 6fa8605743c648f6b0ec2a669e0729ea 9ab3543e838c4788ba2cedff759a6c23 - - b684b7e50fff4e6da8c08eaf1bebc699 b684b7e50fff4e6da8c08eaf1bebc699] 10.0.0.111 "DELETE /resource_providers/46b67730-5655-4e6d-a72e-d18238defffb" status: 404 len: 246 microversion: 1.1 [pid: 8|app: 0|req: 448/892] 10.0.0.111 () {34 vars in 815 bytes} [Tue Jul 14 06:29:54 2026] DELETE /resource_providers/46b67730-5655-4e6d-a72e-d18238defffb => generated 246 bytes in 11 msecs (HTTP/1.1 404) 6 headers in 231 bytes (1 switches on core 0)
2026-07-14 06:29:54.691 7 INFO placement.requestlog [req-71c19908-63c1-40f5-9d76-24365d7cd7f9 req-285a6402-0cf8-4c97-8b35-4302722c1dfc fda97daca5d94849a01e3b8a435554db 9ab3543e838c4788ba2cedff759a6c23 - - b684b7e50fff4e6da8c08eaf1bebc699 b684b7e50fff4e6da8c08eaf1bebc699] 199.204.45.72 "GET /resource_providers/4e503227-7f41-4340-b7e0-59e1bf992508/allocations" status: 200 len: 152 microversion: 1.0 [pid: 7|app: 0|req: 445/893] 199.204.45.72 () {32 vars in 855 bytes} [Tue Jul 14 06:29:54 2026] GET /resource_providers/4e503227-7f41-4340-b7e0-59e1bf992508/allocations => generated 152 bytes in 18 msecs (HTTP/1.1 200) 6 headers in 224 bytes (1 switches on core 0)
2026-07-14 06:29:54.711 8 INFO placement.requestlog [req-71c19908-63c1-40f5-9d76-24365d7cd7f9 req-add2af4e-8be7-42a8-8cf8-fd90034ee89a fda97daca5d94849a01e3b8a435554db 9ab3543e838c4788ba2cedff759a6c23 - - b684b7e50fff4e6da8c08eaf1bebc699 b684b7e50fff4e6da8c08eaf1bebc699] 199.204.45.72 "GET /allocations/7f498e7d-91f3-4972-b1cb-d3838167f69c" status: 200 len: 257 microversion: 1.28 [pid: 8|app: 0|req: 449/894] 199.204.45.72 () {34 vars in 861 bytes} [Tue Jul 14 06:29:54 2026] GET /allocations/7f498e7d-91f3-4972-b1cb-d3838167f69c => generated 257 bytes in 13 msecs (HTTP/1.1 200) 8 headers in 296 bytes (1 switches on core 0)
2026-07-14 06:29:55.765 7 INFO placement.requestlog [req-71c19908-63c1-40f5-9d76-24365d7cd7f9 req-3ce74877-1cdc-461d-beb6-509af4fb34eb fda97daca5d94849a01e3b8a435554db 9ab3543e838c4788ba2cedff759a6c23 - - b684b7e50fff4e6da8c08eaf1bebc699 b684b7e50fff4e6da8c08eaf1bebc699] 199.204.45.72 "DELETE /allocations/7f498e7d-91f3-4972-b1cb-d3838167f69c" status: 204 len: 0 microversion: 1.0 [pid: 7|app: 0|req: 446/895] 199.204.45.72 () {34 vars in 839 bytes} [Tue Jul 14 06:29:55 2026] DELETE /allocations/7f498e7d-91f3-4972-b1cb-d3838167f69c => generated 0 bytes in 26 msecs (HTTP/1.1 204) 5 headers in 198 bytes (1 switches on core 0)
2026-07-14 06:29:59.337 7 INFO placement.requestlog [None req-1206dff3-6bde-4769-ac76-332e1bd98d27 - - - - - -] 10.0.0.15 "GET /" status: 200 len: 136 microversion: 1.0
2026-07-14 06:29:59.338 8 INFO placement.requestlog [None req-25d70e28-78a7-479b-ab1f-b367405e6d97 - - - - - -] 10.0.0.15 "GET /" status: 200 len: 136 microversion: 1.0
2026-07-14 06:29:59.934 7 INFO placement.requestlog [None req-8e0504a8-b016-41d8-948c-27100250e7bc 6fa8605743c648f6b0ec2a669e0729ea 9ab3543e838c4788ba2cedff759a6c23 - - b684b7e50fff4e6da8c08eaf1bebc699 b684b7e50fff4e6da8c08eaf1bebc699] 10.0.0.111 "GET /resource_providers/a5283d44-5e33-41a9-8de8-c83012bb2b43/aggregates" status: 404 len: 235 microversion: 1.1 [pid: 7|app: 0|req: 448/898] 10.0.0.111 () {32 vars in 815 bytes} [Tue Jul 14 06:29:59 2026] GET /resource_providers/a5283d44-5e33-41a9-8de8-c83012bb2b43/aggregates => generated 235 bytes in 11 msecs (HTTP/1.1 404) 5 headers in 202 bytes (1 switches on core 0)
2026-07-14 06:29:59.938 8 INFO placement.requestlog [None req-d0d67cac-9ae6-4886-b26a-2c5c3913731f 6fa8605743c648f6b0ec2a669e0729ea 9ab3543e838c4788ba2cedff759a6c23 - - b684b7e50fff4e6da8c08eaf1bebc699 b684b7e50fff4e6da8c08eaf1bebc699] 10.0.0.111 "GET /resource_providers/a5283d44-5e33-41a9-8de8-c83012bb2b43/aggregates" status: 404 len: 235 microversion: 1.1 [pid: 8|app: 0|req: 451/899] 10.0.0.111 () {32 vars in 815 bytes} [Tue Jul 14 06:29:59 2026] GET /resource_providers/a5283d44-5e33-41a9-8de8-c83012bb2b43/aggregates => generated 235 bytes in 11 msecs (HTTP/1.1 404) 5 headers in 202 bytes (1 switches on core 0)
2026-07-14 06:29:59.952 8 INFO placement.requestlog [None req-f2b95e89-6aa1-4abb-a7ed-7558776f9fb2 6fa8605743c648f6b0ec2a669e0729ea 9ab3543e838c4788ba2cedff759a6c23 - - b684b7e50fff4e6da8c08eaf1bebc699 b684b7e50fff4e6da8c08eaf1bebc699] 10.0.0.111 "DELETE /resource_providers/a5283d44-5e33-41a9-8de8-c83012bb2b43" status: 404 len: 246 microversion: 1.1
2026-07-14 06:29:59.952 7 INFO placement.requestlog [None req-4ea893ea-b3ee-4b2e-a2fa-23f55c234e23 6fa8605743c648f6b0ec2a669e0729ea 9ab3543e838c4788ba2cedff759a6c23 - - b684b7e50fff4e6da8c08eaf1bebc699 b684b7e50fff4e6da8c08eaf1bebc699] 10.0.0.111 "DELETE /resource_providers/a5283d44-5e33-41a9-8de8-c83012bb2b43" status: 404 len: 246 microversion: 1.1 [pid: 8|app: 0|req: 452/900] 10.0.0.111 () {34 vars in 815 bytes} [Tue Jul 14 06:29:59 2026] DELETE /resource_providers/a5283d44-5e33-41a9-8de8-c83012bb2b43 => generated 246 bytes in 8 msecs (HTTP/1.1 404) 6 headers in 231 bytes (1 switches on core 0) [pid: 7|app: 0|req: 449/901] 10.0.0.111 () {34 vars in 815 bytes} [Tue Jul 14 06:29:59 2026] DELETE /resource_providers/a5283d44-5e33-41a9-8de8-c83012bb2b43 => generated 246 bytes in 9 msecs (HTTP/1.1 404) 6 headers in 231 bytes (1 switches on core 0)
2026-07-14 06:30:00.560 8 INFO placement.requestlog [None req-ef5d6267-2570-4885-8bc4-d56c64b783a7 6fa8605743c648f6b0ec2a669e0729ea 9ab3543e838c4788ba2cedff759a6c23 - - b684b7e50fff4e6da8c08eaf1bebc699 b684b7e50fff4e6da8c08eaf1bebc699] 10.0.0.111 "GET /resource_providers/6cca5a94-df06-4aeb-807b-79b3d86c9576/aggregates" status: 404 len: 235 microversion: 1.1 [pid: 8|app: 0|req: 453/902] 10.0.0.111 () {32 vars in 815 bytes} [Tue Jul 14 06:30:00 2026] GET /resource_providers/6cca5a94-df06-4aeb-807b-79b3d86c9576/aggregates => generated 235 bytes in 10 msecs (HTTP/1.1 404) 5 headers in 202 bytes (1 switches on core 0)
2026-07-14 06:30:00.563 7 INFO placement.requestlog [None req-ae3b3756-bca5-46ad-ad0e-9e91f9fd9b09 6fa8605743c648f6b0ec2a669e0729ea 9ab3543e838c4788ba2cedff759a6c23 - - b684b7e50fff4e6da8c08eaf1bebc699 b684b7e50fff4e6da8c08eaf1bebc699] 10.0.0.111 "GET /resource_providers/6cca5a94-df06-4aeb-807b-79b3d86c9576/aggregates" status: 404 len: 235 microversion: 1.1 [pid: 7|app: 0|req: 450/903] 10.0.0.111 () {32 vars in 815 bytes} [Tue Jul 14 06:30:00 2026] GET /resource_providers/6cca5a94-df06-4aeb-807b-79b3d86c9576/aggregates => generated 235 bytes in 7 msecs (HTTP/1.1 404) 5 headers in 202 bytes (1 switches on core 0)
2026-07-14 06:30:00.580 8 INFO placement.requestlog [None req-2aebf694-afc1-4e14-9382-385e9906a11d 6fa8605743c648f6b0ec2a669e0729ea 9ab3543e838c4788ba2cedff759a6c23 - - b684b7e50fff4e6da8c08eaf1bebc699 b684b7e50fff4e6da8c08eaf1bebc699] 10.0.0.111 "DELETE /resource_providers/6cca5a94-df06-4aeb-807b-79b3d86c9576" status: 404 len: 246 microversion: 1.1 [pid: 8|app: 0|req: 454/904] 10.0.0.111 () {34 vars in 815 bytes} [Tue Jul 14 06:30:00 2026] DELETE /resource_providers/6cca5a94-df06-4aeb-807b-79b3d86c9576 => generated 246 bytes in 9 msecs (HTTP/1.1 404) 6 headers in 231 bytes (1 switches on core 0)
2026-07-14 06:30:00.580 7 INFO placement.requestlog [None req-6b68d800-0b62-477e-9293-47ae10100148 6fa8605743c648f6b0ec2a669e0729ea 9ab3543e838c4788ba2cedff759a6c23 - - b684b7e50fff4e6da8c08eaf1bebc699 b684b7e50fff4e6da8c08eaf1bebc699] 10.0.0.111 "DELETE /resource_providers/6cca5a94-df06-4aeb-807b-79b3d86c9576" status: 404 len: 246 microversion: 1.1 [pid: 7|app: 0|req: 451/905] 10.0.0.111 () {34 vars in 815 bytes} [Tue Jul 14 06:30:00 2026] DELETE /resource_providers/6cca5a94-df06-4aeb-807b-79b3d86c9576 => generated 246 bytes in 8 msecs (HTTP/1.1 404) 6 headers in 231 bytes (1 switches on core 0)
2026-07-14 06:30:01.978 8 INFO placement.requestlog [None req-4e6d7ea9-94a9-434c-b11f-c8f6d8ad6d19 6fa8605743c648f6b0ec2a669e0729ea 9ab3543e838c4788ba2cedff759a6c23 - - b684b7e50fff4e6da8c08eaf1bebc699 b684b7e50fff4e6da8c08eaf1bebc699] 10.0.0.111 "GET /resource_providers/5c4ea317-b78c-4349-a9f6-38f3f0d86a6a/aggregates" status: 404 len: 235 microversion: 1.1 [pid: 8|app: 0|req: 455/906] 10.0.0.111 () {32 vars in 815 bytes} [Tue Jul 14 06:30:01 2026] GET /resource_providers/5c4ea317-b78c-4349-a9f6-38f3f0d86a6a/aggregates => generated 235 bytes in 11 msecs (HTTP/1.1 404) 5 headers in 202 bytes (1 switches on core 0)
2026-07-14 06:30:01.980 7 INFO placement.requestlog [None req-39af78ed-6a6b-4860-957e-52b479aec693 6fa8605743c648f6b0ec2a669e0729ea 9ab3543e838c4788ba2cedff759a6c23 - - b684b7e50fff4e6da8c08eaf1bebc699 b684b7e50fff4e6da8c08eaf1bebc699] 10.0.0.111 "GET /resource_providers/5c4ea317-b78c-4349-a9f6-38f3f0d86a6a/aggregates" status: 404 len: 235 microversion: 1.1 [pid: 7|app: 0|req: 452/907] 10.0.0.111 () {32 vars in 815 bytes} [Tue Jul 14 06:30:01 2026] GET /resource_providers/5c4ea317-b78c-4349-a9f6-38f3f0d86a6a/aggregates => generated 235 bytes in 11 msecs (HTTP/1.1 404) 5 headers in 202 bytes (1 switches on core 0)
2026-07-14 06:30:01.998 8 INFO placement.requestlog [None req-a804da3e-cabc-47a8-b71f-348a58d4cced 6fa8605743c648f6b0ec2a669e0729ea 9ab3543e838c4788ba2cedff759a6c23 - - b684b7e50fff4e6da8c08eaf1bebc699 b684b7e50fff4e6da8c08eaf1bebc699] 10.0.0.111 "DELETE /resource_providers/5c4ea317-b78c-4349-a9f6-38f3f0d86a6a" status: 404 len: 246 microversion: 1.1 [pid: 8|app: 0|req: 456/908] 10.0.0.111 () {34 vars in 815 bytes} [Tue Jul 14 06:30:01 2026] DELETE /resource_providers/5c4ea317-b78c-4349-a9f6-38f3f0d86a6a => generated 246 bytes in 9 msecs (HTTP/1.1 404) 6 headers in 231 bytes (1 switches on core 0)
2026-07-14 06:30:02.023 7 INFO placement.requestlog [None req-9f316c39-376e-4669-9ce8-8d8772e88c98 6fa8605743c648f6b0ec2a669e0729ea 9ab3543e838c4788ba2cedff759a6c23 - - b684b7e50fff4e6da8c08eaf1bebc699 b684b7e50fff4e6da8c08eaf1bebc699] 10.0.0.111 "GET /resource_providers/6c4117fe-ea65-4713-af0e-b312a2fbe74f/aggregates" status: 404 len: 235 microversion: 1.1 [pid: 7|app: 0|req: 453/909] 10.0.0.111 () {32 vars in 815 bytes} [Tue Jul 14 06:30:02 2026] GET /resource_providers/6c4117fe-ea65-4713-af0e-b312a2fbe74f/aggregates => generated 235 bytes in 13 msecs (HTTP/1.1 404) 5 headers in 202 bytes (1 switches on core 0)
2026-07-14 06:30:02.024 8 INFO placement.requestlog [None req-3cbdbcd3-dc75-4434-adbd-783e6171f3c8 6fa8605743c648f6b0ec2a669e0729ea 9ab3543e838c4788ba2cedff759a6c23 - - b684b7e50fff4e6da8c08eaf1bebc699 b684b7e50fff4e6da8c08eaf1bebc699] 10.0.0.111 "DELETE /resource_providers/5c4ea317-b78c-4349-a9f6-38f3f0d86a6a" status: 404 len: 246 microversion: 1.1 [pid: 8|app: 0|req: 457/910] 10.0.0.111 () {34 vars in 815 bytes} [Tue Jul 14 06:30:02 2026] DELETE /resource_providers/5c4ea317-b78c-4349-a9f6-38f3f0d86a6a => generated 246 bytes in 13 msecs (HTTP/1.1 404) 6 headers in 231 bytes (1 switches on core 0)
2026-07-14 06:30:02.047 7 INFO placement.requestlog [None req-07c13111-6bdd-4183-a3fd-e0b9cad3f0ac 6fa8605743c648f6b0ec2a669e0729ea 9ab3543e838c4788ba2cedff759a6c23 - - b684b7e50fff4e6da8c08eaf1bebc699 b684b7e50fff4e6da8c08eaf1bebc699] 10.0.0.111 "GET /resource_providers/6c4117fe-ea65-4713-af0e-b312a2fbe74f/aggregates" status: 404 len: 235 microversion: 1.1 [pid: 7|app: 0|req: 454/911] 10.0.0.111 () {32 vars in 815 bytes} [Tue Jul 14 06:30:02 2026] GET /resource_providers/6c4117fe-ea65-4713-af0e-b312a2fbe74f/aggregates => generated 235 bytes in 10 msecs (HTTP/1.1 404) 5 headers in 202 bytes (1 switches on core 0)
2026-07-14 06:30:02.048 8 INFO placement.requestlog [None req-02816de8-d427-492f-b3e1-365e76d64b4c 6fa8605743c648f6b0ec2a669e0729ea 9ab3543e838c4788ba2cedff759a6c23 - - b684b7e50fff4e6da8c08eaf1bebc699 b684b7e50fff4e6da8c08eaf1bebc699] 10.0.0.111 "DELETE /resource_providers/6c4117fe-ea65-4713-af0e-b312a2fbe74f" status: 404 len: 246 microversion: 1.1 [pid: 8|app: 0|req: 458/912] 10.0.0.111 () {34 vars in 815 bytes} [Tue Jul 14 06:30:02 2026] DELETE /resource_providers/6c4117fe-ea65-4713-af0e-b312a2fbe74f => generated 246 bytes in 8 msecs (HTTP/1.1 404) 6 headers in 231 bytes (1 switches on core 0)
2026-07-14 06:30:02.068 7 INFO placement.requestlog [None req-ed366298-dfdb-4f02-87dd-2e0074c71352 6fa8605743c648f6b0ec2a669e0729ea 9ab3543e838c4788ba2cedff759a6c23 - - b684b7e50fff4e6da8c08eaf1bebc699 b684b7e50fff4e6da8c08eaf1bebc699] 10.0.0.111 "DELETE /resource_providers/6c4117fe-ea65-4713-af0e-b312a2fbe74f" status: 404 len: 246 microversion: 1.1 [pid: 7|app: 0|req: 455/913] 10.0.0.111 () {34 vars in 815 bytes} [Tue Jul 14 06:30:02 2026] DELETE /resource_providers/6c4117fe-ea65-4713-af0e-b312a2fbe74f => generated 246 bytes in 9 msecs (HTTP/1.1 404) 6 headers in 231 bytes (1 switches on core 0)
2026-07-14 06:30:02.606 7 INFO placement.requestlog [None req-f21b8c5e-8222-4151-a364-9ee0adead9be 6fa8605743c648f6b0ec2a669e0729ea 9ab3543e838c4788ba2cedff759a6c23 - - b684b7e50fff4e6da8c08eaf1bebc699 b684b7e50fff4e6da8c08eaf1bebc699] 10.0.0.111 "GET /resource_providers/ba9ae58a-68fe-41c7-904e-990162db268f/aggregates" status: 404 len: 235 microversion: 1.1 [pid: 7|app: 0|req: 456/914] 10.0.0.111 () {32 vars in 815 bytes} [Tue Jul 14 06:30:02 2026] GET /resource_providers/ba9ae58a-68fe-41c7-904e-990162db268f/aggregates => generated 235 bytes in 8 msecs (HTTP/1.1 404) 5 headers in 202 bytes (1 switches on core 0)
2026-07-14 06:30:02.618 7 INFO placement.requestlog [None req-475a201e-46e2-45c4-8008-af84d76792ab 6fa8605743c648f6b0ec2a669e0729ea 9ab3543e838c4788ba2cedff759a6c23 - - b684b7e50fff4e6da8c08eaf1bebc699 b684b7e50fff4e6da8c08eaf1bebc699] 10.0.0.111 "GET /resource_providers/ba9ae58a-68fe-41c7-904e-990162db268f/aggregates" status: 404 len: 235 microversion: 1.1 [pid: 7|app: 0|req: 457/915] 10.0.0.111 () {32 vars in 815 bytes} [Tue Jul 14 06:30:02 2026] GET /resource_providers/ba9ae58a-68fe-41c7-904e-990162db268f/aggregates => generated 235 bytes in 11 msecs (HTTP/1.1 404) 5 headers in 202 bytes (1 switches on core 0)
2026-07-14 06:30:02.626 7 INFO placement.requestlog [None req-8a7c743d-c12b-40dd-a072-51da63dc5b5c 6fa8605743c648f6b0ec2a669e0729ea 9ab3543e838c4788ba2cedff759a6c23 - - b684b7e50fff4e6da8c08eaf1bebc699 b684b7e50fff4e6da8c08eaf1bebc699] 10.0.0.111 "DELETE /resource_providers/ba9ae58a-68fe-41c7-904e-990162db268f" status: 404 len: 246 microversion: 1.1 [pid: 7|app: 0|req: 458/916] 10.0.0.111 () {34 vars in 815 bytes} [Tue Jul 14 06:30:02 2026] DELETE /resource_providers/ba9ae58a-68fe-41c7-904e-990162db268f => generated 246 bytes in 8 msecs (HTTP/1.1 404) 6 headers in 231 bytes (1 switches on core 0)
2026-07-14 06:30:02.634 7 INFO placement.requestlog [None req-57c9b4c9-f27c-4ed8-a5da-db124a91db7e 6fa8605743c648f6b0ec2a669e0729ea 9ab3543e838c4788ba2cedff759a6c23 - - b684b7e50fff4e6da8c08eaf1bebc699 b684b7e50fff4e6da8c08eaf1bebc699] 10.0.0.111 "DELETE /resource_providers/ba9ae58a-68fe-41c7-904e-990162db268f" status: 404 len: 246 microversion: 1.1 [pid: 7|app: 0|req: 459/917] 10.0.0.111 () {34 vars in 815 bytes} [Tue Jul 14 06:30:02 2026] DELETE /resource_providers/ba9ae58a-68fe-41c7-904e-990162db268f => generated 246 bytes in 7 msecs (HTTP/1.1 404) 6 headers in 231 bytes (1 switches on core 0)
2026-07-14 06:30:02.713 8 INFO placement.requestlog [req-d52a4daf-9567-4175-8b5a-b93b7b16e586 req-8d478b15-9d77-4a2e-9239-90bd7b37cbdb fda97daca5d94849a01e3b8a435554db 9ab3543e838c4788ba2cedff759a6c23 - - b684b7e50fff4e6da8c08eaf1bebc699 b684b7e50fff4e6da8c08eaf1bebc699] 199.204.45.72 "GET /resource_providers/4e503227-7f41-4340-b7e0-59e1bf992508/allocations" status: 200 len: 54 microversion: 1.0 [pid: 8|app: 0|req: 459/918] 199.204.45.72 () {32 vars in 855 bytes} [Tue Jul 14 06:30:02 2026] GET /resource_providers/4e503227-7f41-4340-b7e0-59e1bf992508/allocations => generated 54 bytes in 125 msecs (HTTP/1.1 200) 6 headers in 223 bytes (1 switches on core 0)
2026-07-14 06:30:02.735 7 INFO placement.requestlog [req-d52a4daf-9567-4175-8b5a-b93b7b16e586 req-7355511e-3958-4bec-812b-2ab5f017295d fda97daca5d94849a01e3b8a435554db 9ab3543e838c4788ba2cedff759a6c23 - - b684b7e50fff4e6da8c08eaf1bebc699 b684b7e50fff4e6da8c08eaf1bebc699] 199.204.45.72 "GET /resource_providers?in_tree=4e503227-7f41-4340-b7e0-59e1bf992508" status: 200 len: 797 microversion: 1.14 [pid: 7|app: 0|req: 460/919] 199.204.45.72 () {34 vars in 890 bytes} [Tue Jul 14 06:30:02 2026] GET /resource_providers?in_tree=4e503227-7f41-4340-b7e0-59e1bf992508 => generated 797 bytes in 12 msecs (HTTP/1.1 200) 6 headers in 225 bytes (1 switches on core 0)
2026-07-14 06:30:02.750 8 INFO placement.requestlog [req-d52a4daf-9567-4175-8b5a-b93b7b16e586 req-c2ca4ba4-ce93-45d9-81f4-2e7eb4ee5189 fda97daca5d94849a01e3b8a435554db 9ab3543e838c4788ba2cedff759a6c23 - - b684b7e50fff4e6da8c08eaf1bebc699 b684b7e50fff4e6da8c08eaf1bebc699] 199.204.45.72 "GET /resource_providers/4e503227-7f41-4340-b7e0-59e1bf992508/inventories" status: 200 len: 400 microversion: 1.0 [pid: 8|app: 0|req: 460/920] 199.204.45.72 () {32 vars in 855 bytes} [Tue Jul 14 06:30:02 2026] GET /resource_providers/4e503227-7f41-4340-b7e0-59e1bf992508/inventories => generated 400 bytes in 12 msecs (HTTP/1.1 200) 6 headers in 224 bytes (1 switches on core 0)
2026-07-14 06:30:02.765 7 INFO placement.requestlog [req-d52a4daf-9567-4175-8b5a-b93b7b16e586 req-4b149e97-fb3d-4998-916a-4d637b53385d fda97daca5d94849a01e3b8a435554db 9ab3543e838c4788ba2cedff759a6c23 - - b684b7e50fff4e6da8c08eaf1bebc699 b684b7e50fff4e6da8c08eaf1bebc699] 199.204.45.72 "GET /resource_providers/4e503227-7f41-4340-b7e0-59e1bf992508/aggregates" status: 200 len: 53 microversion: 1.19 [pid: 7|app: 0|req: 461/921] 199.204.45.72 () {34 vars in 897 bytes} [Tue Jul 14 06:30:02 2026] GET /resource_providers/4e503227-7f41-4340-b7e0-59e1bf992508/aggregates => generated 53 bytes in 7 msecs (HTTP/1.1 200) 8 headers in 295 bytes (1 switches on core 0)
2026-07-14 06:30:02.789 8 INFO placement.requestlog [req-d52a4daf-9567-4175-8b5a-b93b7b16e586 req-935622ea-d72b-4ea1-be4f-8cbf1c26f7f8 fda97daca5d94849a01e3b8a435554db 9ab3543e838c4788ba2cedff759a6c23 - - b684b7e50fff4e6da8c08eaf1bebc699 b684b7e50fff4e6da8c08eaf1bebc699] 199.204.45.72 "GET /resource_providers/4e503227-7f41-4340-b7e0-59e1bf992508/traits" status: 200 len: 1977 microversion: 1.6 [pid: 8|app: 0|req: 461/922] 199.204.45.72 () {34 vars in 888 bytes} [Tue Jul 14 06:30:02 2026] GET /resource_providers/4e503227-7f41-4340-b7e0-59e1bf992508/traits => generated 1977 bytes in 20 msecs (HTTP/1.1 200) 6 headers in 225 bytes (1 switches on core 0)
2026-07-14 06:30:02.809 7 INFO placement.requestlog [req-d52a4daf-9567-4175-8b5a-b93b7b16e586 req-c823ad2e-845d-46ed-90f5-e9b56e72539f fda97daca5d94849a01e3b8a435554db 9ab3543e838c4788ba2cedff759a6c23 - - b684b7e50fff4e6da8c08eaf1bebc699 b684b7e50fff4e6da8c08eaf1bebc699] 199.204.45.72 "GET /resource_providers/4e503227-7f41-4340-b7e0-59e1bf992508/allocations" status: 200 len: 54 microversion: 1.0 [pid: 7|app: 0|req: 462/923] 199.204.45.72 () {32 vars in 855 bytes} [Tue Jul 14 06:30:02 2026] GET /resource_providers/4e503227-7f41-4340-b7e0-59e1bf992508/allocations => generated 54 bytes in 14 msecs (HTTP/1.1 200) 6 headers in 223 bytes (1 switches on core 0)
2026-07-14 06:30:04.070 8 INFO placement.requestlog [None req-6705b387-0c26-40f8-82ba-89d726c6e619 6fa8605743c648f6b0ec2a669e0729ea 9ab3543e838c4788ba2cedff759a6c23 - - b684b7e50fff4e6da8c08eaf1bebc699 b684b7e50fff4e6da8c08eaf1bebc699] 10.0.0.111 "GET /resource_providers/f08c061f-76b4-41f7-bac7-e957aaed012c/aggregates" status: 404 len: 235 microversion: 1.1 [pid: 8|app: 0|req: 462/924] 10.0.0.111 () {32 vars in 815 bytes} [Tue Jul 14 06:30:04 2026] GET /resource_providers/f08c061f-76b4-41f7-bac7-e957aaed012c/aggregates => generated 235 bytes in 10 msecs (HTTP/1.1 404) 5 headers in 202 bytes (1 switches on core 0)
2026-07-14 06:30:04.091 7 INFO placement.requestlog [None req-5f443d4d-4ec5-42e3-a5da-ebb0e9d403c2 6fa8605743c648f6b0ec2a669e0729ea 9ab3543e838c4788ba2cedff759a6c23 - - b684b7e50fff4e6da8c08eaf1bebc699 b684b7e50fff4e6da8c08eaf1bebc699] 10.0.0.111 "DELETE /resource_providers/f08c061f-76b4-41f7-bac7-e957aaed012c" status: 404 len: 246 microversion: 1.1 [pid: 7|app: 0|req: 463/925] 10.0.0.111 () {34 vars in 815 bytes} [Tue Jul 14 06:30:04 2026] DELETE /resource_providers/f08c061f-76b4-41f7-bac7-e957aaed012c => generated 246 bytes in 9 msecs (HTTP/1.1 404) 6 headers in 231 bytes (1 switches on core 0)
2026-07-14 06:30:04.095 8 INFO placement.requestlog [None req-7b9be9e8-1b1a-447b-8133-3fe8a2ee1ff9 6fa8605743c648f6b0ec2a669e0729ea 9ab3543e838c4788ba2cedff759a6c23 - - b684b7e50fff4e6da8c08eaf1bebc699 b684b7e50fff4e6da8c08eaf1bebc699] 10.0.0.111 "GET /resource_providers/f08c061f-76b4-41f7-bac7-e957aaed012c/aggregates" status: 404 len: 235 microversion: 1.1 [pid: 8|app: 0|req: 463/926] 10.0.0.111 () {32 vars in 815 bytes} [Tue Jul 14 06:30:04 2026] GET /resource_providers/f08c061f-76b4-41f7-bac7-e957aaed012c/aggregates => generated 235 bytes in 13 msecs (HTTP/1.1 404) 5 headers in 202 bytes (1 switches on core 0)
2026-07-14 06:30:04.118 7 INFO placement.requestlog [None req-645f4858-b39e-4fcc-ae2a-8b20d7e7ef5d 6fa8605743c648f6b0ec2a669e0729ea 9ab3543e838c4788ba2cedff759a6c23 - - b684b7e50fff4e6da8c08eaf1bebc699 b684b7e50fff4e6da8c08eaf1bebc699] 10.0.0.111 "DELETE /resource_providers/f08c061f-76b4-41f7-bac7-e957aaed012c" status: 404 len: 246 microversion: 1.1 [pid: 7|app: 0|req: 464/927] 10.0.0.111 () {34 vars in 815 bytes} [Tue Jul 14 06:30:04 2026] DELETE /resource_providers/f08c061f-76b4-41f7-bac7-e957aaed012c => generated 246 bytes in 12 msecs (HTTP/1.1 404) 6 headers in 231 bytes (1 switches on core 0)
2026-07-14 06:30:04.655 7 INFO placement.requestlog [None req-2d9d251d-edb6-4503-a0a3-b355b9617524 6fa8605743c648f6b0ec2a669e0729ea 9ab3543e838c4788ba2cedff759a6c23 - - b684b7e50fff4e6da8c08eaf1bebc699 b684b7e50fff4e6da8c08eaf1bebc699] 10.0.0.111 "GET /resource_providers/400948c8-4f4d-4aeb-a64c-2d69d9f524fd/aggregates" status: 404 len: 235 microversion: 1.1 [pid: 7|app: 0|req: 465/928] 10.0.0.111 () {32 vars in 815 bytes} [Tue Jul 14 06:30:04 2026] GET /resource_providers/400948c8-4f4d-4aeb-a64c-2d69d9f524fd/aggregates => generated 235 bytes in 10 msecs (HTTP/1.1 404) 5 headers in 202 bytes (1 switches on core 0)
2026-07-14 06:30:04.655 8 INFO placement.requestlog [None req-22587419-4b34-426e-aa14-2fabd9e3d861 6fa8605743c648f6b0ec2a669e0729ea 9ab3543e838c4788ba2cedff759a6c23 - - b684b7e50fff4e6da8c08eaf1bebc699 b684b7e50fff4e6da8c08eaf1bebc699] 10.0.0.111 "GET /resource_providers/400948c8-4f4d-4aeb-a64c-2d69d9f524fd/aggregates" status: 404 len: 235 microversion: 1.1 [pid: 8|app: 0|req: 464/929] 10.0.0.111 () {32 vars in 815 bytes} [Tue Jul 14 06:30:04 2026] GET /resource_providers/400948c8-4f4d-4aeb-a64c-2d69d9f524fd/aggregates => generated 235 bytes in 13 msecs (HTTP/1.1 404) 5 headers in 202 bytes (1 switches on core 0)
2026-07-14 06:30:04.679 7 INFO placement.requestlog [None req-2284c195-8941-4b22-9b35-e4f73e7a7292 6fa8605743c648f6b0ec2a669e0729ea 9ab3543e838c4788ba2cedff759a6c23 - - b684b7e50fff4e6da8c08eaf1bebc699 b684b7e50fff4e6da8c08eaf1bebc699] 10.0.0.111 "DELETE /resource_providers/400948c8-4f4d-4aeb-a64c-2d69d9f524fd" status: 404 len: 246 microversion: 1.1 [pid: 7|app: 0|req: 466/930] 10.0.0.111 () {34 vars in 815 bytes} [Tue Jul 14 06:30:04 2026] DELETE /resource_providers/400948c8-4f4d-4aeb-a64c-2d69d9f524fd => generated 246 bytes in 7 msecs (HTTP/1.1 404) 6 headers in 231 bytes (1 switches on core 0)
2026-07-14 06:30:04.684 8 INFO placement.requestlog [None req-1cbf4d7d-7b4b-45a5-84cf-cde28185e2cc 6fa8605743c648f6b0ec2a669e0729ea 9ab3543e838c4788ba2cedff759a6c23 - - b684b7e50fff4e6da8c08eaf1bebc699 b684b7e50fff4e6da8c08eaf1bebc699] 10.0.0.111 "DELETE /resource_providers/400948c8-4f4d-4aeb-a64c-2d69d9f524fd" status: 404 len: 246 microversion: 1.1 [pid: 8|app: 0|req: 465/931] 10.0.0.111 () {34 vars in 815 bytes} [Tue Jul 14 06:30:04 2026] DELETE /resource_providers/400948c8-4f4d-4aeb-a64c-2d69d9f524fd => generated 246 bytes in 7 msecs (HTTP/1.1 404) 6 headers in 231 bytes (1 switches on core 0)
2026-07-14 06:30:04.696 7 INFO placement.requestlog [None req-a6934424-bbfe-4323-864e-0dea2e7bc279 6fa8605743c648f6b0ec2a669e0729ea 9ab3543e838c4788ba2cedff759a6c23 - - b684b7e50fff4e6da8c08eaf1bebc699 b684b7e50fff4e6da8c08eaf1bebc699] 10.0.0.111 "GET /resource_providers/c116b598-7c5b-4501-86e6-d8e41f6ebba3/aggregates" status: 404 len: 235 microversion: 1.1 [pid: 7|app: 0|req: 467/932] 10.0.0.111 () {32 vars in 815 bytes} [Tue Jul 14 06:30:04 2026] GET /resource_providers/c116b598-7c5b-4501-86e6-d8e41f6ebba3/aggregates => generated 235 bytes in 9 msecs (HTTP/1.1 404) 5 headers in 202 bytes (1 switches on core 0)
2026-07-14 06:30:04.699 8 INFO placement.requestlog [None req-c0a71ce4-250c-4ac1-8784-70e5bc7c0d98 6fa8605743c648f6b0ec2a669e0729ea 9ab3543e838c4788ba2cedff759a6c23 - - b684b7e50fff4e6da8c08eaf1bebc699 b684b7e50fff4e6da8c08eaf1bebc699] 10.0.0.111 "GET /resource_providers/c116b598-7c5b-4501-86e6-d8e41f6ebba3/aggregates" status: 404 len: 235 microversion: 1.1 [pid: 8|app: 0|req: 466/933] 10.0.0.111 () {32 vars in 815 bytes} [Tue Jul 14 06:30:04 2026] GET /resource_providers/c116b598-7c5b-4501-86e6-d8e41f6ebba3/aggregates => generated 235 bytes in 6 msecs (HTTP/1.1 404) 5 headers in 202 bytes (1 switches on core 0)
2026-07-14 06:30:04.708 7 INFO placement.requestlog [None req-287d2a95-4a2b-4516-bb38-08149f6eaed3 6fa8605743c648f6b0ec2a669e0729ea 9ab3543e838c4788ba2cedff759a6c23 - - b684b7e50fff4e6da8c08eaf1bebc699 b684b7e50fff4e6da8c08eaf1bebc699] 10.0.0.111 "DELETE /resource_providers/c116b598-7c5b-4501-86e6-d8e41f6ebba3" status: 404 len: 246 microversion: 1.1 [pid: 7|app: 0|req: 468/934] 10.0.0.111 () {34 vars in 815 bytes} [Tue Jul 14 06:30:04 2026] DELETE /resource_providers/c116b598-7c5b-4501-86e6-d8e41f6ebba3 => generated 246 bytes in 5 msecs (HTTP/1.1 404) 6 headers in 231 bytes (1 switches on core 0)
2026-07-14 06:30:04.723 8 INFO placement.requestlog [None req-e347bec3-8a94-437c-aff1-87746c8c9b45 6fa8605743c648f6b0ec2a669e0729ea 9ab3543e838c4788ba2cedff759a6c23 - - b684b7e50fff4e6da8c08eaf1bebc699 b684b7e50fff4e6da8c08eaf1bebc699] 10.0.0.111 "DELETE /resource_providers/c116b598-7c5b-4501-86e6-d8e41f6ebba3" status: 404 len: 246 microversion: 1.1 [pid: 8|app: 0|req: 467/935] 10.0.0.111 () {34 vars in 815 bytes} [Tue Jul 14 06:30:04 2026] DELETE /resource_providers/c116b598-7c5b-4501-86e6-d8e41f6ebba3 => generated 246 bytes in 8 msecs (HTTP/1.1 404) 6 headers in 231 bytes (1 switches on core 0)
2026-07-14 06:30:06.118 7 INFO placement.requestlog [None req-65d979d6-e121-47ce-bb66-398cc2a1eebe 6fa8605743c648f6b0ec2a669e0729ea 9ab3543e838c4788ba2cedff759a6c23 - - b684b7e50fff4e6da8c08eaf1bebc699 b684b7e50fff4e6da8c08eaf1bebc699] 10.0.0.111 "GET /resource_providers/b604fb41-3d6b-455b-93e7-27d484e30acb/aggregates" status: 404 len: 235 microversion: 1.1 [pid: 7|app: 0|req: 469/936] 10.0.0.111 () {32 vars in 815 bytes} [Tue Jul 14 06:30:06 2026] GET /resource_providers/b604fb41-3d6b-455b-93e7-27d484e30acb/aggregates => generated 235 bytes in 10 msecs (HTTP/1.1 404) 5 headers in 202 bytes (1 switches on core 0)
2026-07-14 06:30:06.139 7 INFO placement.requestlog [None req-ac53703f-b77c-4453-9561-8c63bfd7c6c2 6fa8605743c648f6b0ec2a669e0729ea 9ab3543e838c4788ba2cedff759a6c23 - - b684b7e50fff4e6da8c08eaf1bebc699 b684b7e50fff4e6da8c08eaf1bebc699] 10.0.0.111 "DELETE /resource_providers/b604fb41-3d6b-455b-93e7-27d484e30acb" status: 404 len: 246 microversion: 1.1 [pid: 7|app: 0|req: 470/937] 10.0.0.111 () {34 vars in 815 bytes} [Tue Jul 14 06:30:06 2026] DELETE /resource_providers/b604fb41-3d6b-455b-93e7-27d484e30acb => generated 246 bytes in 9 msecs (HTTP/1.1 404) 6 headers in 231 bytes (1 switches on core 0)
2026-07-14 06:30:06.144 8 INFO placement.requestlog [None req-c6f76022-e145-49b3-8ae0-928a571ec8b6 6fa8605743c648f6b0ec2a669e0729ea 9ab3543e838c4788ba2cedff759a6c23 - - b684b7e50fff4e6da8c08eaf1bebc699 b684b7e50fff4e6da8c08eaf1bebc699] 10.0.0.111 "GET /resource_providers/b604fb41-3d6b-455b-93e7-27d484e30acb/aggregates" status: 404 len: 235 microversion: 1.1 [pid: 8|app: 0|req: 468/938] 10.0.0.111 () {32 vars in 815 bytes} [Tue Jul 14 06:30:06 2026] GET /resource_providers/b604fb41-3d6b-455b-93e7-27d484e30acb/aggregates => generated 235 bytes in 15 msecs (HTTP/1.1 404) 5 headers in 202 bytes (1 switches on core 0)
2026-07-14 06:30:06.166 7 INFO placement.requestlog [None req-26152585-2973-4df8-bf7f-3568c7e254e1 6fa8605743c648f6b0ec2a669e0729ea 9ab3543e838c4788ba2cedff759a6c23 - - b684b7e50fff4e6da8c08eaf1bebc699 b684b7e50fff4e6da8c08eaf1bebc699] 10.0.0.111 "DELETE /resource_providers/b604fb41-3d6b-455b-93e7-27d484e30acb" status: 404 len: 246 microversion: 1.1 [pid: 7|app: 0|req: 471/939] 10.0.0.111 () {34 vars in 815 bytes} [Tue Jul 14 06:30:06 2026] DELETE /resource_providers/b604fb41-3d6b-455b-93e7-27d484e30acb => generated 246 bytes in 10 msecs (HTTP/1.1 404) 6 headers in 231 bytes (1 switches on core 0)
2026-07-14 06:30:06.738 8 INFO placement.requestlog [None req-c9e06571-79ed-4e48-9468-9d315d073335 6fa8605743c648f6b0ec2a669e0729ea 9ab3543e838c4788ba2cedff759a6c23 - - b684b7e50fff4e6da8c08eaf1bebc699 b684b7e50fff4e6da8c08eaf1bebc699] 10.0.0.111 "GET /resource_providers/640ccf1b-9be1-4be8-9b3a-4b65e9613df1/aggregates" status: 404 len: 235 microversion: 1.1 [pid: 8|app: 0|req: 469/940] 10.0.0.111 () {32 vars in 815 bytes} [Tue Jul 14 06:30:06 2026] GET /resource_providers/640ccf1b-9be1-4be8-9b3a-4b65e9613df1/aggregates => generated 235 bytes in 11 msecs (HTTP/1.1 404) 5 headers in 202 bytes (1 switches on core 0)
2026-07-14 06:30:06.746 7 INFO placement.requestlog [None req-f3411f45-2c6e-49d3-b359-430a1add28db 6fa8605743c648f6b0ec2a669e0729ea 9ab3543e838c4788ba2cedff759a6c23 - - b684b7e50fff4e6da8c08eaf1bebc699 b684b7e50fff4e6da8c08eaf1bebc699] 10.0.0.111 "GET /resource_providers/640ccf1b-9be1-4be8-9b3a-4b65e9613df1/aggregates" status: 404 len: 235 microversion: 1.1 [pid: 7|app: 0|req: 472/941] 10.0.0.111 () {32 vars in 815 bytes} [Tue Jul 14 06:30:06 2026] GET /resource_providers/640ccf1b-9be1-4be8-9b3a-4b65e9613df1/aggregates => generated 235 bytes in 10 msecs (HTTP/1.1 404) 5 headers in 202 bytes (1 switches on core 0)
2026-07-14 06:30:06.774 7 INFO placement.requestlog [None req-1b5a36f5-baf6-4b19-89a1-167184a27f11 6fa8605743c648f6b0ec2a669e0729ea 9ab3543e838c4788ba2cedff759a6c23 - - b684b7e50fff4e6da8c08eaf1bebc699 b684b7e50fff4e6da8c08eaf1bebc699] 10.0.0.111 "DELETE /resource_providers/640ccf1b-9be1-4be8-9b3a-4b65e9613df1" status: 404 len: 246 microversion: 1.1 [pid: 7|app: 0|req: 473/942] 10.0.0.111 () {34 vars in 815 bytes} [Tue Jul 14 06:30:06 2026] DELETE /resource_providers/640ccf1b-9be1-4be8-9b3a-4b65e9613df1 => generated 246 bytes in 7 msecs (HTTP/1.1 404) 6 headers in 231 bytes (1 switches on core 0)
2026-07-14 06:30:06.776 8 INFO placement.requestlog [None req-5323ad58-1821-4237-8f33-51469c1081b4 6fa8605743c648f6b0ec2a669e0729ea 9ab3543e838c4788ba2cedff759a6c23 - - b684b7e50fff4e6da8c08eaf1bebc699 b684b7e50fff4e6da8c08eaf1bebc699] 10.0.0.111 "DELETE /resource_providers/640ccf1b-9be1-4be8-9b3a-4b65e9613df1" status: 404 len: 246 microversion: 1.1 [pid: 8|app: 0|req: 470/943] 10.0.0.111 () {34 vars in 815 bytes} [Tue Jul 14 06:30:06 2026] DELETE /resource_providers/640ccf1b-9be1-4be8-9b3a-4b65e9613df1 => generated 246 bytes in 11 msecs (HTTP/1.1 404) 6 headers in 231 bytes (1 switches on core 0)
2026-07-14 06:30:09.338 7 INFO placement.requestlog [None req-93517589-756c-470d-97ed-6696c264a5b3 - - - - - -] 10.0.0.15 "GET /" status: 200 len: 136 microversion: 1.0
2026-07-14 06:30:09.338 8 INFO placement.requestlog [None req-67944605-a068-4db4-9fa7-767c71fff9a4 - - - - - -] 10.0.0.15 "GET /" status: 200 len: 136 microversion: 1.0
2026-07-14 06:30:15.179 7 INFO placement.requestlog [req-22b9f865-3f9e-4aa5-ad2c-52b611ef22a3 req-b674e3b9-d0a1-4785-9ede-3851abe4c6d4 fda97daca5d94849a01e3b8a435554db 9ab3543e838c4788ba2cedff759a6c23 - - b684b7e50fff4e6da8c08eaf1bebc699 b684b7e50fff4e6da8c08eaf1bebc699] 10.0.0.89 "GET /allocation_candidates?limit=1000&resources=DISK_GB%3A1%2CMEMORY_MB%3A512%2CVCPU%3A1&root_required=%21COMPUTE_STATUS_DISABLED" status: 200 len: 2442 microversion: 1.36 [pid: 7|app: 0|req: 475/946] 10.0.0.89 () {34 vars in 1010 bytes} [Tue Jul 14 06:30:15 2026] GET /allocation_candidates?limit=1000&resources=DISK_GB%3A1%2CMEMORY_MB%3A512%2CVCPU%3A1&root_required=%21COMPUTE_STATUS_DISABLED => generated 2442 bytes in 42 msecs (HTTP/1.1 200) 8 headers in 297 bytes (1 switches on core 0)
2026-07-14 06:30:15.214 8 INFO placement.requestlog [req-22b9f865-3f9e-4aa5-ad2c-52b611ef22a3 req-64dc3321-9481-4851-9693-e9d3886f71eb fda97daca5d94849a01e3b8a435554db 9ab3543e838c4788ba2cedff759a6c23 - - b684b7e50fff4e6da8c08eaf1bebc699 b684b7e50fff4e6da8c08eaf1bebc699] 10.0.0.89 "GET /allocations/1d5b4da7-893f-48ec-9aed-2363007c5a66" status: 200 len: 19 microversion: 1.28 [pid: 8|app: 0|req: 472/947] 10.0.0.89 () {34 vars in 859 bytes} [Tue Jul 14 06:30:15 2026] GET /allocations/1d5b4da7-893f-48ec-9aed-2363007c5a66 => generated 19 bytes in 11 msecs (HTTP/1.1 200) 8 headers in 295 bytes (1 switches on core 0)
