2026-07-14 06:32:12.062 8 INFO placement.requestlog [req-7db9557a-6f5a-4ff5-b523-d78d07c7a13a req-0c245816-2c66-4b73-be91-7e2a96b08d5f fda97daca5d94849a01e3b8a435554db 9ab3543e838c4788ba2cedff759a6c23 - - b684b7e50fff4e6da8c08eaf1bebc699 b684b7e50fff4e6da8c08eaf1bebc699] 10.0.0.89 "PUT /allocations/78b7cef8-5d16-402f-82d9-24421cd33543" status: 204 len: 0 microversion: 1.36 [pid: 8|app: 0|req: 563/1125] 10.0.0.89 () {38 vars in 912 bytes} [Tue Jul 14 06:32:12 2026] PUT /allocations/78b7cef8-5d16-402f-82d9-24421cd33543 => generated 0 bytes in 53 msecs (HTTP/1.1 204) 5 headers in 199 bytes (1 switches on core 0)
2026-07-14 06:32:13.459 7 INFO placement.requestlog [req-7db9557a-6f5a-4ff5-b523-d78d07c7a13a req-430c8fb0-e04b-4b16-b50b-ed65749a0c4b fda97daca5d94849a01e3b8a435554db 9ab3543e838c4788ba2cedff759a6c23 - - b684b7e50fff4e6da8c08eaf1bebc699 b684b7e50fff4e6da8c08eaf1bebc699] 199.204.45.72 "GET /allocations/78b7cef8-5d16-402f-82d9-24421cd33543" status: 200 len: 258 microversion: 1.28 [pid: 7|app: 0|req: 563/1126] 199.204.45.72 () {34 vars in 861 bytes} [Tue Jul 14 06:32:13 2026] GET /allocations/78b7cef8-5d16-402f-82d9-24421cd33543 => generated 258 bytes in 15 msecs (HTTP/1.1 200) 8 headers in 296 bytes (1 switches on core 0)
2026-07-14 06:32:14.498 8 INFO placement.requestlog [req-7db9557a-6f5a-4ff5-b523-d78d07c7a13a req-a14953a1-ab4a-4dbd-8e38-4cdc4e48c25e fda97daca5d94849a01e3b8a435554db 9ab3543e838c4788ba2cedff759a6c23 - - b684b7e50fff4e6da8c08eaf1bebc699 b684b7e50fff4e6da8c08eaf1bebc699] 199.204.45.72 "GET /resource_providers/4e503227-7f41-4340-b7e0-59e1bf992508/allocations" status: 200 len: 353 microversion: 1.0 [pid: 8|app: 0|req: 564/1127] 199.204.45.72 () {32 vars in 855 bytes} [Tue Jul 14 06:32:14 2026] GET /resource_providers/4e503227-7f41-4340-b7e0-59e1bf992508/allocations => generated 353 bytes in 20 msecs (HTTP/1.1 200) 6 headers in 224 bytes (1 switches on core 0)
2026-07-14 06:32:14.534 7 INFO placement.requestlog [req-7db9557a-6f5a-4ff5-b523-d78d07c7a13a req-43a58983-059c-41f7-8db6-da2bc0027ab4 fda97daca5d94849a01e3b8a435554db 9ab3543e838c4788ba2cedff759a6c23 - - b684b7e50fff4e6da8c08eaf1bebc699 b684b7e50fff4e6da8c08eaf1bebc699] 199.204.45.72 "GET /allocations/4c5315b6-f5a7-47c5-a566-6eff712dd351" status: 200 len: 258 microversion: 1.28 [pid: 7|app: 0|req: 564/1128] 199.204.45.72 () {34 vars in 861 bytes} [Tue Jul 14 06:32:14 2026] GET /allocations/4c5315b6-f5a7-47c5-a566-6eff712dd351 => generated 258 bytes in 31 msecs (HTTP/1.1 200) 8 headers in 296 bytes (1 switches on core 0)
2026-07-14 06:32:14.557 8 INFO placement.requestlog [req-7db9557a-6f5a-4ff5-b523-d78d07c7a13a req-5d0e0e4b-75f9-455c-8803-43a6fb0170c4 fda97daca5d94849a01e3b8a435554db 9ab3543e838c4788ba2cedff759a6c23 - - b684b7e50fff4e6da8c08eaf1bebc699 b684b7e50fff4e6da8c08eaf1bebc699] 199.204.45.72 "GET /allocations/5450240e-223b-44ec-9a73-1672b189d5ea" status: 200 len: 258 microversion: 1.28 [pid: 8|app: 0|req: 565/1129] 199.204.45.72 () {34 vars in 861 bytes} [Tue Jul 14 06:32:14 2026] GET /allocations/5450240e-223b-44ec-9a73-1672b189d5ea => generated 258 bytes in 14 msecs (HTTP/1.1 200) 8 headers in 296 bytes (1 switches on core 0)
2026-07-14 06:32:14.571 7 INFO placement.requestlog [req-7db9557a-6f5a-4ff5-b523-d78d07c7a13a req-43faf8a4-455a-4f2f-bcde-479eee0bd1b2 fda97daca5d94849a01e3b8a435554db 9ab3543e838c4788ba2cedff759a6c23 - - b684b7e50fff4e6da8c08eaf1bebc699 b684b7e50fff4e6da8c08eaf1bebc699] 199.204.45.72 "GET /allocations/78b7cef8-5d16-402f-82d9-24421cd33543" status: 200 len: 258 microversion: 1.28 [pid: 7|app: 0|req: 565/1130] 199.204.45.72 () {34 vars in 861 bytes} [Tue Jul 14 06:32:14 2026] GET /allocations/78b7cef8-5d16-402f-82d9-24421cd33543 => generated 258 bytes in 11 msecs (HTTP/1.1 200) 8 headers in 296 bytes (1 switches on core 0)
2026-07-14 06:32:16.481 8 INFO placement.requestlog [req-ac400558-ef19-4b4b-9c38-9b8857277380 req-59146bec-a099-42fa-ba7e-1b60bcfa2ce0 fda97daca5d94849a01e3b8a435554db 9ab3543e838c4788ba2cedff759a6c23 - - b684b7e50fff4e6da8c08eaf1bebc699 b684b7e50fff4e6da8c08eaf1bebc699] 10.0.0.89 "GET /allocation_candidates?limit=1000&resources=MEMORY_MB%3A2048%2CVCPU%3A2&root_required=%21COMPUTE_STATUS_DISABLED" status: 200 len: 2432 microversion: 1.36 [pid: 8|app: 0|req: 566/1131] 10.0.0.89 () {34 vars in 984 bytes} [Tue Jul 14 06:32:16 2026] GET /allocation_candidates?limit=1000&resources=MEMORY_MB%3A2048%2CVCPU%3A2&root_required=%21COMPUTE_STATUS_DISABLED => generated 2432 bytes in 42 msecs (HTTP/1.1 200) 8 headers in 297 bytes (1 switches on core 0)
2026-07-14 06:32:16.509 7 INFO placement.requestlog [req-ac400558-ef19-4b4b-9c38-9b8857277380 req-092af3cc-5b04-4acb-91b8-8f0848160bcc fda97daca5d94849a01e3b8a435554db 9ab3543e838c4788ba2cedff759a6c23 - - b684b7e50fff4e6da8c08eaf1bebc699 b684b7e50fff4e6da8c08eaf1bebc699] 10.0.0.89 "GET /allocations/ce2075c9-856e-4f93-a472-336af52527f2" status: 200 len: 19 microversion: 1.28 [pid: 7|app: 0|req: 566/1132] 10.0.0.89 () {34 vars in 859 bytes} [Tue Jul 14 06:32:16 2026] GET /allocations/ce2075c9-856e-4f93-a472-336af52527f2 => generated 19 bytes in 12 msecs (HTTP/1.1 200) 8 headers in 295 bytes (1 switches on core 0)
2026-07-14 06:32:16.583 8 INFO placement.requestlog [req-ac400558-ef19-4b4b-9c38-9b8857277380 req-781564f2-3288-4867-9685-e6f0c7b001d3 fda97daca5d94849a01e3b8a435554db 9ab3543e838c4788ba2cedff759a6c23 - - b684b7e50fff4e6da8c08eaf1bebc699 b684b7e50fff4e6da8c08eaf1bebc699] 10.0.0.89 "PUT /allocations/ce2075c9-856e-4f93-a472-336af52527f2" status: 204 len: 0 microversion: 1.36 [pid: 8|app: 0|req: 567/1133] 10.0.0.89 () {38 vars in 912 bytes} [Tue Jul 14 06:32:16 2026] PUT /allocations/ce2075c9-856e-4f93-a472-336af52527f2 => generated 0 bytes in 65 msecs (HTTP/1.1 204) 5 headers in 199 bytes (1 switches on core 0)
2026-07-14 06:32:18.091 7 INFO placement.requestlog [req-ac400558-ef19-4b4b-9c38-9b8857277380 req-e6bb4085-a6fb-4f86-9c79-dbf13cc8c99d fda97daca5d94849a01e3b8a435554db 9ab3543e838c4788ba2cedff759a6c23 - - b684b7e50fff4e6da8c08eaf1bebc699 b684b7e50fff4e6da8c08eaf1bebc699] 199.204.45.72 "GET /allocations/ce2075c9-856e-4f93-a472-336af52527f2" status: 200 len: 245 microversion: 1.28 [pid: 7|app: 0|req: 567/1134] 199.204.45.72 () {34 vars in 861 bytes} [Tue Jul 14 06:32:18 2026] GET /allocations/ce2075c9-856e-4f93-a472-336af52527f2 => generated 245 bytes in 12 msecs (HTTP/1.1 200) 8 headers in 296 bytes (1 switches on core 0)
2026-07-14 06:32:19.132 8 INFO placement.requestlog [req-ac400558-ef19-4b4b-9c38-9b8857277380 req-9d6f4f45-08b4-454c-bc31-aa8e5497f4fd fda97daca5d94849a01e3b8a435554db 9ab3543e838c4788ba2cedff759a6c23 - - b684b7e50fff4e6da8c08eaf1bebc699 b684b7e50fff4e6da8c08eaf1bebc699] 199.204.45.72 "GET /resource_providers/4e503227-7f41-4340-b7e0-59e1bf992508/allocations" status: 200 len: 440 microversion: 1.0 [pid: 8|app: 0|req: 568/1135] 199.204.45.72 () {32 vars in 855 bytes} [Tue Jul 14 06:32:19 2026] GET /resource_providers/4e503227-7f41-4340-b7e0-59e1bf992508/allocations => generated 440 bytes in 18 msecs (HTTP/1.1 200) 6 headers in 224 bytes (1 switches on core 0)
2026-07-14 06:32:19.156 7 INFO placement.requestlog [req-ac400558-ef19-4b4b-9c38-9b8857277380 req-b75c4e1f-2d65-41e5-86a6-86f81daa57a8 fda97daca5d94849a01e3b8a435554db 9ab3543e838c4788ba2cedff759a6c23 - - b684b7e50fff4e6da8c08eaf1bebc699 b684b7e50fff4e6da8c08eaf1bebc699] 199.204.45.72 "GET /allocations/ce2075c9-856e-4f93-a472-336af52527f2" status: 200 len: 245 microversion: 1.28 [pid: 7|app: 0|req: 568/1136] 199.204.45.72 () {34 vars in 861 bytes} [Tue Jul 14 06:32:19 2026] GET /allocations/ce2075c9-856e-4f93-a472-336af52527f2 => generated 245 bytes in 16 msecs (HTTP/1.1 200) 8 headers in 296 bytes (1 switches on core 0)
2026-07-14 06:32:19.184 8 INFO placement.requestlog [req-ac400558-ef19-4b4b-9c38-9b8857277380 req-bb8e1400-5ddc-43df-a500-9f7e823d0a6f fda97daca5d94849a01e3b8a435554db 9ab3543e838c4788ba2cedff759a6c23 - - b684b7e50fff4e6da8c08eaf1bebc699 b684b7e50fff4e6da8c08eaf1bebc699] 199.204.45.72 "GET /allocations/4c5315b6-f5a7-47c5-a566-6eff712dd351" status: 200 len: 258 microversion: 1.28 [pid: 8|app: 0|req: 569/1137] 199.204.45.72 () {34 vars in 861 bytes} [Tue Jul 14 06:32:19 2026] GET /allocations/4c5315b6-f5a7-47c5-a566-6eff712dd351 => generated 258 bytes in 15 msecs (HTTP/1.1 200) 8 headers in 296 bytes (1 switches on core 0)
2026-07-14 06:32:19.210 7 INFO placement.requestlog [req-ac400558-ef19-4b4b-9c38-9b8857277380 req-f212690e-d29a-4b59-b3cb-9b2d40435249 fda97daca5d94849a01e3b8a435554db 9ab3543e838c4788ba2cedff759a6c23 - - b684b7e50fff4e6da8c08eaf1bebc699 b684b7e50fff4e6da8c08eaf1bebc699] 199.204.45.72 "GET /allocations/5450240e-223b-44ec-9a73-1672b189d5ea" status: 200 len: 258 microversion: 1.28 [pid: 7|app: 0|req: 569/1138] 199.204.45.72 () {34 vars in 861 bytes} [Tue Jul 14 06:32:19 2026] GET /allocations/5450240e-223b-44ec-9a73-1672b189d5ea => generated 258 bytes in 16 msecs (HTTP/1.1 200) 8 headers in 296 bytes (1 switches on core 0)
2026-07-14 06:32:19.234 8 INFO placement.requestlog [req-ac400558-ef19-4b4b-9c38-9b8857277380 req-4c0ba0a9-382d-499a-a96e-4c9fb572f74b fda97daca5d94849a01e3b8a435554db 9ab3543e838c4788ba2cedff759a6c23 - - b684b7e50fff4e6da8c08eaf1bebc699 b684b7e50fff4e6da8c08eaf1bebc699] 199.204.45.72 "GET /allocations/78b7cef8-5d16-402f-82d9-24421cd33543" status: 200 len: 258 microversion: 1.28 [pid: 8|app: 0|req: 570/1139] 199.204.45.72 () {34 vars in 861 bytes} [Tue Jul 14 06:32:19 2026] GET /allocations/78b7cef8-5d16-402f-82d9-24421cd33543 => generated 258 bytes in 18 msecs (HTTP/1.1 200) 8 headers in 296 bytes (1 switches on core 0)
2026-07-14 06:32:19.337 8 INFO placement.requestlog [None req-5a6ded8a-87d6-458b-91d2-f75968554603 - - - - - -] 10.0.0.15 "GET /" status: 200 len: 136 microversion: 1.0
2026-07-14 06:32:19.337 7 INFO placement.requestlog [None req-40ceeae1-5ed2-4980-9ace-77429cbc28a1 - - - - - -] 10.0.0.15 "GET /" status: 200 len: 136 microversion: 1.0
2026-07-14 06:32:29.337 8 INFO placement.requestlog [None req-dcfab755-86e8-4c01-b9d3-e0f220635993 - - - - - -] 10.0.0.15 "GET /" status: 200 len: 136 microversion: 1.0
2026-07-14 06:32:29.338 7 INFO placement.requestlog [None req-91b90f95-9613-4442-9885-ac2f7b8140b1 - - - - - -] 10.0.0.15 "GET /" status: 200 len: 136 microversion: 1.0
2026-07-14 06:32:39.337 7 INFO placement.requestlog [None req-4a389c09-f0b0-43a1-993a-ed4ef9f0d751 - - - - - -] 10.0.0.15 "GET /" status: 200 len: 136 microversion: 1.0
2026-07-14 06:32:39.338 8 INFO placement.requestlog [None req-839d7dcb-3f7c-469b-bfa4-64f42009dcd1 - - - - - -] 10.0.0.15 "GET /" status: 200 len: 136 microversion: 1.0
2026-07-14 06:32:49.108 7 INFO placement.requestlog [req-c23e7cc8-82ba-47ab-9bd4-c5743daec53d req-8b90e025-5aef-4b12-80bd-2bf4e9ad3d84 fda97daca5d94849a01e3b8a435554db 9ab3543e838c4788ba2cedff759a6c23 - - b684b7e50fff4e6da8c08eaf1bebc699 b684b7e50fff4e6da8c08eaf1bebc699] 199.204.45.72 "GET /resource_providers/4e503227-7f41-4340-b7e0-59e1bf992508/allocations" status: 200 len: 440 microversion: 1.0 [pid: 7|app: 0|req: 573/1146] 199.204.45.72 () {32 vars in 855 bytes} [Tue Jul 14 06:32:49 2026] GET /resource_providers/4e503227-7f41-4340-b7e0-59e1bf992508/allocations => generated 440 bytes in 21 msecs (HTTP/1.1 200) 6 headers in 224 bytes (1 switches on core 0)
2026-07-14 06:32:49.128 8 INFO placement.requestlog [req-c23e7cc8-82ba-47ab-9bd4-c5743daec53d req-dc859d68-2b32-4a0f-a52e-c0e3ab3b12f2 fda97daca5d94849a01e3b8a435554db 9ab3543e838c4788ba2cedff759a6c23 - - b684b7e50fff4e6da8c08eaf1bebc699 b684b7e50fff4e6da8c08eaf1bebc699] 199.204.45.72 "GET /allocations/ce2075c9-856e-4f93-a472-336af52527f2" status: 200 len: 245 microversion: 1.28 [pid: 8|app: 0|req: 574/1147] 199.204.45.72 () {34 vars in 861 bytes} [Tue Jul 14 06:32:49 2026] GET /allocations/ce2075c9-856e-4f93-a472-336af52527f2 => generated 245 bytes in 11 msecs (HTTP/1.1 200) 8 headers in 296 bytes (1 switches on core 0)
2026-07-14 06:32:49.148 7 INFO placement.requestlog [req-c23e7cc8-82ba-47ab-9bd4-c5743daec53d req-44e921ef-2652-499c-abb4-41a06556dba2 fda97daca5d94849a01e3b8a435554db 9ab3543e838c4788ba2cedff759a6c23 - - b684b7e50fff4e6da8c08eaf1bebc699 b684b7e50fff4e6da8c08eaf1bebc699] 199.204.45.72 "GET /allocations/4c5315b6-f5a7-47c5-a566-6eff712dd351" status: 200 len: 258 microversion: 1.28 [pid: 7|app: 0|req: 574/1148] 199.204.45.72 () {34 vars in 861 bytes} [Tue Jul 14 06:32:49 2026] GET /allocations/4c5315b6-f5a7-47c5-a566-6eff712dd351 => generated 258 bytes in 12 msecs (HTTP/1.1 200) 8 headers in 296 bytes (1 switches on core 0)
2026-07-14 06:32:49.170 8 INFO placement.requestlog [req-c23e7cc8-82ba-47ab-9bd4-c5743daec53d req-10ecd6c7-953e-4fe2-8641-3e337d507928 fda97daca5d94849a01e3b8a435554db 9ab3543e838c4788ba2cedff759a6c23 - - b684b7e50fff4e6da8c08eaf1bebc699 b684b7e50fff4e6da8c08eaf1bebc699] 199.204.45.72 "GET /allocations/5450240e-223b-44ec-9a73-1672b189d5ea" status: 200 len: 258 microversion: 1.28 [pid: 8|app: 0|req: 575/1149] 199.204.45.72 () {34 vars in 861 bytes} [Tue Jul 14 06:32:49 2026] GET /allocations/5450240e-223b-44ec-9a73-1672b189d5ea => generated 258 bytes in 14 msecs (HTTP/1.1 200) 8 headers in 296 bytes (1 switches on core 0)
2026-07-14 06:32:49.187 7 INFO placement.requestlog [req-c23e7cc8-82ba-47ab-9bd4-c5743daec53d req-fb125f0e-ec94-4d94-b2c0-17673220428d fda97daca5d94849a01e3b8a435554db 9ab3543e838c4788ba2cedff759a6c23 - - b684b7e50fff4e6da8c08eaf1bebc699 b684b7e50fff4e6da8c08eaf1bebc699] 199.204.45.72 "GET /allocations/78b7cef8-5d16-402f-82d9-24421cd33543" status: 200 len: 258 microversion: 1.28 [pid: 7|app: 0|req: 575/1150] 199.204.45.72 () {34 vars in 861 bytes} [Tue Jul 14 06:32:49 2026] GET /allocations/78b7cef8-5d16-402f-82d9-24421cd33543 => generated 258 bytes in 12 msecs (HTTP/1.1 200) 8 headers in 296 bytes (1 switches on core 0)
2026-07-14 06:32:49.336 8 INFO placement.requestlog [None req-c5af221f-1f74-4946-96e6-bff2918989e7 - - - - - -] 10.0.0.15 "GET /" status: 200 len: 136 microversion: 1.0
2026-07-14 06:32:49.337 7 INFO placement.requestlog [None req-07243847-9c3e-4a17-b038-ef8dde57efac - - - - - -] 10.0.0.15 "GET /" status: 200 len: 136 microversion: 1.0
2026-07-14 06:32:50.236 8 INFO placement.requestlog [req-c23e7cc8-82ba-47ab-9bd4-c5743daec53d req-f40f0579-3fd4-4166-8a45-2cea1fbdc7fc fda97daca5d94849a01e3b8a435554db 9ab3543e838c4788ba2cedff759a6c23 - - b684b7e50fff4e6da8c08eaf1bebc699 b684b7e50fff4e6da8c08eaf1bebc699] 199.204.45.72 "DELETE /allocations/78b7cef8-5d16-402f-82d9-24421cd33543" status: 204 len: 0 microversion: 1.0 [pid: 8|app: 0|req: 577/1153] 199.204.45.72 () {34 vars in 839 bytes} [Tue Jul 14 06:32:50 2026] DELETE /allocations/78b7cef8-5d16-402f-82d9-24421cd33543 => generated 0 bytes in 22 msecs (HTTP/1.1 204) 5 headers in 198 bytes (1 switches on core 0)
2026-07-14 06:32:54.871 7 INFO placement.requestlog [None req-c56bdef3-fbe4-4867-a721-58dd4eb855e2 6fa8605743c648f6b0ec2a669e0729ea 9ab3543e838c4788ba2cedff759a6c23 - - b684b7e50fff4e6da8c08eaf1bebc699 b684b7e50fff4e6da8c08eaf1bebc699] 10.0.0.111 "GET /resource_providers/3c5c421c-2ae9-400c-9d93-84130b1144bc/aggregates" status: 404 len: 235 microversion: 1.1 [pid: 7|app: 0|req: 577/1154] 10.0.0.111 () {32 vars in 815 bytes} [Tue Jul 14 06:32:54 2026] GET /resource_providers/3c5c421c-2ae9-400c-9d93-84130b1144bc/aggregates => generated 235 bytes in 58 msecs (HTTP/1.1 404) 5 headers in 202 bytes (1 switches on core 0)
2026-07-14 06:32:54.873 8 INFO placement.requestlog [None req-5b8e77e0-6285-4e2f-8dfd-11f0a5ba7bfb 6fa8605743c648f6b0ec2a669e0729ea 9ab3543e838c4788ba2cedff759a6c23 - - b684b7e50fff4e6da8c08eaf1bebc699 b684b7e50fff4e6da8c08eaf1bebc699] 10.0.0.111 "GET /resource_providers/3c5c421c-2ae9-400c-9d93-84130b1144bc/aggregates" status: 404 len: 235 microversion: 1.1 [pid: 8|app: 0|req: 578/1155] 10.0.0.111 () {32 vars in 815 bytes} [Tue Jul 14 06:32:54 2026] GET /resource_providers/3c5c421c-2ae9-400c-9d93-84130b1144bc/aggregates => generated 235 bytes in 56 msecs (HTTP/1.1 404) 5 headers in 202 bytes (1 switches on core 0)
2026-07-14 06:32:54.898 7 INFO placement.requestlog [None req-c0577d6c-7922-4a37-8060-d8293c343d88 6fa8605743c648f6b0ec2a669e0729ea 9ab3543e838c4788ba2cedff759a6c23 - - b684b7e50fff4e6da8c08eaf1bebc699 b684b7e50fff4e6da8c08eaf1bebc699] 10.0.0.111 "DELETE /resource_providers/3c5c421c-2ae9-400c-9d93-84130b1144bc" status: 404 len: 246 microversion: 1.1 [pid: 7|app: 0|req: 578/1156] 10.0.0.111 () {34 vars in 815 bytes} [Tue Jul 14 06:32:54 2026] DELETE /resource_providers/3c5c421c-2ae9-400c-9d93-84130b1144bc => generated 246 bytes in 11 msecs (HTTP/1.1 404) 6 headers in 231 bytes (1 switches on core 0)
2026-07-14 06:32:54.912 8 INFO placement.requestlog [None req-152d7927-e647-4c23-bbcc-e285e8a6a97c 6fa8605743c648f6b0ec2a669e0729ea 9ab3543e838c4788ba2cedff759a6c23 - - b684b7e50fff4e6da8c08eaf1bebc699 b684b7e50fff4e6da8c08eaf1bebc699] 10.0.0.111 "DELETE /resource_providers/3c5c421c-2ae9-400c-9d93-84130b1144bc" status: 404 len: 246 microversion: 1.1 [pid: 8|app: 0|req: 579/1157] 10.0.0.111 () {34 vars in 815 bytes} [Tue Jul 14 06:32:54 2026] DELETE /resource_providers/3c5c421c-2ae9-400c-9d93-84130b1144bc => generated 246 bytes in 16 msecs (HTTP/1.1 404) 6 headers in 231 bytes (1 switches on core 0)
2026-07-14 06:32:57.067 8 INFO placement.requestlog [None req-b7e996d8-f69e-4bc9-bc2c-032b2b8d3ad7 6fa8605743c648f6b0ec2a669e0729ea 9ab3543e838c4788ba2cedff759a6c23 - - b684b7e50fff4e6da8c08eaf1bebc699 b684b7e50fff4e6da8c08eaf1bebc699] 10.0.0.111 "GET /resource_providers/b4062efb-5a50-4f64-b822-eeac783895d4/aggregates" status: 404 len: 235 microversion: 1.1
2026-07-14 06:32:57.067 7 INFO placement.requestlog [None req-907b38ef-68d3-4749-ac3a-e9128e856456 6fa8605743c648f6b0ec2a669e0729ea 9ab3543e838c4788ba2cedff759a6c23 - - b684b7e50fff4e6da8c08eaf1bebc699 b684b7e50fff4e6da8c08eaf1bebc699] 10.0.0.111 "GET /resource_providers/b4062efb-5a50-4f64-b822-eeac783895d4/aggregates" status: 404 len: 235 microversion: 1.1 [pid: 8|app: 0|req: 580/1158] 10.0.0.111 () {32 vars in 815 bytes} [Tue Jul 14 06:32:57 2026] GET /resource_providers/b4062efb-5a50-4f64-b822-eeac783895d4/aggregates => generated 235 bytes in 11 msecs (HTTP/1.1 404) 5 headers in 202 bytes (1 switches on core 0) [pid: 7|app: 0|req: 579/1159] 10.0.0.111 () {32 vars in 815 bytes} [Tue Jul 14 06:32:57 2026] GET /resource_providers/b4062efb-5a50-4f64-b822-eeac783895d4/aggregates => generated 235 bytes in 11 msecs (HTTP/1.1 404) 5 headers in 202 bytes (1 switches on core 0)
2026-07-14 06:32:57.091 7 INFO placement.requestlog [None req-2698974b-40d2-4f1b-81df-7d825a081b37 6fa8605743c648f6b0ec2a669e0729ea 9ab3543e838c4788ba2cedff759a6c23 - - b684b7e50fff4e6da8c08eaf1bebc699 b684b7e50fff4e6da8c08eaf1bebc699] 10.0.0.111 "DELETE /resource_providers/b4062efb-5a50-4f64-b822-eeac783895d4" status: 404 len: 246 microversion: 1.1 [pid: 7|app: 0|req: 580/1160] 10.0.0.111 () {34 vars in 815 bytes} [Tue Jul 14 06:32:57 2026] DELETE /resource_providers/b4062efb-5a50-4f64-b822-eeac783895d4 => generated 246 bytes in 10 msecs (HTTP/1.1 404) 6 headers in 231 bytes (1 switches on core 0)
2026-07-14 06:32:57.093 8 INFO placement.requestlog [None req-f841769a-ea97-4027-a02f-d9b66226f3ea 6fa8605743c648f6b0ec2a669e0729ea 9ab3543e838c4788ba2cedff759a6c23 - - b684b7e50fff4e6da8c08eaf1bebc699 b684b7e50fff4e6da8c08eaf1bebc699] 10.0.0.111 "DELETE /resource_providers/b4062efb-5a50-4f64-b822-eeac783895d4" status: 404 len: 246 microversion: 1.1 [pid: 8|app: 0|req: 581/1161] 10.0.0.111 () {34 vars in 815 bytes} [Tue Jul 14 06:32:57 2026] DELETE /resource_providers/b4062efb-5a50-4f64-b822-eeac783895d4 => generated 246 bytes in 12 msecs (HTTP/1.1 404) 6 headers in 231 bytes (1 switches on core 0)
2026-07-14 06:32:59.337 7 INFO placement.requestlog [None req-187c1d6e-13f8-4014-840e-ce178cf5009b - - - - - -] 10.0.0.15 "GET /" status: 200 len: 136 microversion: 1.0
2026-07-14 06:32:59.337 8 INFO placement.requestlog [None req-78f15401-ddbe-4e30-9b4a-2f4b94115da2 - - - - - -] 10.0.0.15 "GET /" status: 200 len: 136 microversion: 1.0
2026-07-14 06:33:03.844 8 INFO placement.requestlog [None req-bdf73b35-7c18-4726-9725-71642fb550ec 6fa8605743c648f6b0ec2a669e0729ea 9ab3543e838c4788ba2cedff759a6c23 - - b684b7e50fff4e6da8c08eaf1bebc699 b684b7e50fff4e6da8c08eaf1bebc699] 10.0.0.111 "GET /resource_providers/df7d6817-6e30-4bb5-8b61-114d233d8d1f/aggregates" status: 404 len: 235 microversion: 1.1 [pid: 8|app: 0|req: 583/1164] 10.0.0.111 () {32 vars in 815 bytes} [Tue Jul 14 06:33:03 2026] GET /resource_providers/df7d6817-6e30-4bb5-8b61-114d233d8d1f/aggregates => generated 235 bytes in 102 msecs (HTTP/1.1 404) 5 headers in 202 bytes (1 switches on core 0)
2026-07-14 06:33:03.855 7 INFO placement.requestlog [None req-9a49729e-ed20-453e-ba7a-797f8dec53c5 6fa8605743c648f6b0ec2a669e0729ea 9ab3543e838c4788ba2cedff759a6c23 - - b684b7e50fff4e6da8c08eaf1bebc699 b684b7e50fff4e6da8c08eaf1bebc699] 10.0.0.111 "GET /resource_providers/df7d6817-6e30-4bb5-8b61-114d233d8d1f/aggregates" status: 404 len: 235 microversion: 1.1 [pid: 7|app: 0|req: 582/1165] 10.0.0.111 () {32 vars in 815 bytes} [Tue Jul 14 06:33:03 2026] GET /resource_providers/df7d6817-6e30-4bb5-8b61-114d233d8d1f/aggregates => generated 235 bytes in 109 msecs (HTTP/1.1 404) 5 headers in 202 bytes (1 switches on core 0)
2026-07-14 06:33:03.863 8 INFO placement.requestlog [None req-33996f15-66f7-4b55-b978-69a5a9f9ae4a 6fa8605743c648f6b0ec2a669e0729ea 9ab3543e838c4788ba2cedff759a6c23 - - b684b7e50fff4e6da8c08eaf1bebc699 b684b7e50fff4e6da8c08eaf1bebc699] 10.0.0.111 "DELETE /resource_providers/df7d6817-6e30-4bb5-8b61-114d233d8d1f" status: 404 len: 246 microversion: 1.1 [pid: 8|app: 0|req: 584/1166] 10.0.0.111 () {34 vars in 815 bytes} [Tue Jul 14 06:33:03 2026] DELETE /resource_providers/df7d6817-6e30-4bb5-8b61-114d233d8d1f => generated 246 bytes in 9 msecs (HTTP/1.1 404) 6 headers in 231 bytes (1 switches on core 0)
2026-07-14 06:33:03.866 7 INFO placement.requestlog [None req-e83ddaac-f20f-48a2-b019-feacaf57fc16 6fa8605743c648f6b0ec2a669e0729ea 9ab3543e838c4788ba2cedff759a6c23 - - b684b7e50fff4e6da8c08eaf1bebc699 b684b7e50fff4e6da8c08eaf1bebc699] 10.0.0.111 "DELETE /resource_providers/df7d6817-6e30-4bb5-8b61-114d233d8d1f" status: 404 len: 246 microversion: 1.1 [pid: 7|app: 0|req: 583/1167] 10.0.0.111 () {34 vars in 815 bytes} [Tue Jul 14 06:33:03 2026] DELETE /resource_providers/df7d6817-6e30-4bb5-8b61-114d233d8d1f => generated 246 bytes in 5 msecs (HTTP/1.1 404) 6 headers in 231 bytes (1 switches on core 0)
2026-07-14 06:33:06.918 8 INFO placement.requestlog [req-3047a226-aba2-4861-86cb-0efc842905d2 req-de5dffe8-208b-4c5a-a90e-a9202da47f62 fda97daca5d94849a01e3b8a435554db 9ab3543e838c4788ba2cedff759a6c23 - - b684b7e50fff4e6da8c08eaf1bebc699 b684b7e50fff4e6da8c08eaf1bebc699] 199.204.45.72 "GET /resource_providers/4e503227-7f41-4340-b7e0-59e1bf992508/allocations" status: 200 len: 340 microversion: 1.0 [pid: 8|app: 0|req: 585/1168] 199.204.45.72 () {32 vars in 855 bytes} [Tue Jul 14 06:33:06 2026] GET /resource_providers/4e503227-7f41-4340-b7e0-59e1bf992508/allocations => generated 340 bytes in 19 msecs (HTTP/1.1 200) 6 headers in 224 bytes (1 switches on core 0)
2026-07-14 06:33:06.944 7 INFO placement.requestlog [req-3047a226-aba2-4861-86cb-0efc842905d2 req-4456a529-d2c1-4f7a-bc54-d92679be3e63 fda97daca5d94849a01e3b8a435554db 9ab3543e838c4788ba2cedff759a6c23 - - b684b7e50fff4e6da8c08eaf1bebc699 b684b7e50fff4e6da8c08eaf1bebc699] 199.204.45.72 "GET /resource_providers/4e503227-7f41-4340-b7e0-59e1bf992508/allocations" status: 200 len: 340 microversion: 1.0 [pid: 7|app: 0|req: 584/1169] 199.204.45.72 () {32 vars in 855 bytes} [Tue Jul 14 06:33:06 2026] GET /resource_providers/4e503227-7f41-4340-b7e0-59e1bf992508/allocations => generated 340 bytes in 18 msecs (HTTP/1.1 200) 6 headers in 224 bytes (1 switches on core 0)
2026-07-14 06:33:06.970 8 INFO placement.requestlog [req-3047a226-aba2-4861-86cb-0efc842905d2 req-8a16c9fd-63b8-47d4-9807-34eaf83f1eb7 fda97daca5d94849a01e3b8a435554db 9ab3543e838c4788ba2cedff759a6c23 - - b684b7e50fff4e6da8c08eaf1bebc699 b684b7e50fff4e6da8c08eaf1bebc699] 199.204.45.72 "GET /allocations/ce2075c9-856e-4f93-a472-336af52527f2" status: 200 len: 245 microversion: 1.28 [pid: 8|app: 0|req: 586/1170] 199.204.45.72 () {34 vars in 861 bytes} [Tue Jul 14 06:33:06 2026] GET /allocations/ce2075c9-856e-4f93-a472-336af52527f2 => generated 245 bytes in 18 msecs (HTTP/1.1 200) 8 headers in 296 bytes (1 switches on core 0)
2026-07-14 06:33:06.989 7 INFO placement.requestlog [req-3047a226-aba2-4861-86cb-0efc842905d2 req-a82b69e8-cd1f-4a71-b61e-5f8fc8194e44 fda97daca5d94849a01e3b8a435554db 9ab3543e838c4788ba2cedff759a6c23 - - b684b7e50fff4e6da8c08eaf1bebc699 b684b7e50fff4e6da8c08eaf1bebc699] 199.204.45.72 "GET /allocations/4c5315b6-f5a7-47c5-a566-6eff712dd351" status: 200 len: 258 microversion: 1.28 [pid: 7|app: 0|req: 585/1171] 199.204.45.72 () {34 vars in 861 bytes} [Tue Jul 14 06:33:06 2026] GET /allocations/4c5315b6-f5a7-47c5-a566-6eff712dd351 => generated 258 bytes in 12 msecs (HTTP/1.1 200) 8 headers in 296 bytes (1 switches on core 0)
2026-07-14 06:33:07.007 8 INFO placement.requestlog [req-3047a226-aba2-4861-86cb-0efc842905d2 req-6e8a3ab8-314d-4312-a8c4-954ee9271468 fda97daca5d94849a01e3b8a435554db 9ab3543e838c4788ba2cedff759a6c23 - - b684b7e50fff4e6da8c08eaf1bebc699 b684b7e50fff4e6da8c08eaf1bebc699] 199.204.45.72 "GET /allocations/5450240e-223b-44ec-9a73-1672b189d5ea" status: 200 len: 258 microversion: 1.28 [pid: 8|app: 0|req: 587/1172] 199.204.45.72 () {34 vars in 861 bytes} [Tue Jul 14 06:33:06 2026] GET /allocations/5450240e-223b-44ec-9a73-1672b189d5ea => generated 258 bytes in 13 msecs (HTTP/1.1 200) 8 headers in 296 bytes (1 switches on core 0)
2026-07-14 06:33:09.337 7 INFO placement.requestlog [None req-93490fba-523d-4bee-91d9-f0548059b45d - - - - - -] 10.0.0.15 "GET /" status: 200 len: 136 microversion: 1.0
2026-07-14 06:33:09.338 8 INFO placement.requestlog [None req-1456a159-0c93-4b99-9629-bef8582e3fa3 - - - - - -] 10.0.0.15 "GET /" status: 200 len: 136 microversion: 1.0
2026-07-14 06:33:19.338 8 INFO placement.requestlog [None req-c2e3ef70-ec01-4d4d-acf0-a9308a7991cd - - - - - -] 10.0.0.15 "GET /" status: 200 len: 136 microversion: 1.0
2026-07-14 06:33:19.338 7 INFO placement.requestlog [None req-db13a1b3-4ab7-4605-8333-f25638d7877f - - - - - -] 10.0.0.15 "GET /" status: 200 len: 136 microversion: 1.0
2026-07-14 06:33:29.337 8 INFO placement.requestlog [None req-95fcdf8c-191b-46e1-9fa9-4003ea29c27b - - - - - -] 10.0.0.15 "GET /" status: 200 len: 136 microversion: 1.0
2026-07-14 06:33:29.338 7 INFO placement.requestlog [None req-f4975ba0-fb1a-4c94-a335-c4e5c89a3f3b - - - - - -] 10.0.0.15 "GET /" status: 200 len: 136 microversion: 1.0
2026-07-14 06:33:39.337 8 INFO placement.requestlog [None req-6ec6ad0e-d117-43b4-b749-2d93176b7ad6 - - - - - -] 10.0.0.15 "GET /" status: 200 len: 136 microversion: 1.0
2026-07-14 06:33:39.338 7 INFO placement.requestlog [None req-8f663e46-ed28-42cb-ab54-ecc85cbffb70 - - - - - -] 10.0.0.15 "GET /" status: 200 len: 136 microversion: 1.0
2026-07-14 06:33:49.337 8 INFO placement.requestlog [None req-63963b7d-de7e-48d1-a779-940cfd9abf88 - - - - - -] 10.0.0.15 "GET /" status: 200 len: 136 microversion: 1.0
2026-07-14 06:33:49.337 7 INFO placement.requestlog [None req-e6805241-b050-4f86-bd27-dd061ac57962 - - - - - -] 10.0.0.15 "GET /" status: 200 len: 136 microversion: 1.0
2026-07-14 06:33:59.337 8 INFO placement.requestlog [None req-3a428867-1632-4954-ba66-3dcd71da1e95 - - - - - -] 10.0.0.15 "GET /" status: 200 len: 136 microversion: 1.0
2026-07-14 06:33:59.337 7 INFO placement.requestlog [None req-9a93389c-9c45-4d6b-bc10-e26bfd3466da - - - - - -] 10.0.0.15 "GET /" status: 200 len: 136 microversion: 1.0
2026-07-14 06:34:08.785 8 INFO placement.requestlog [req-970cc085-59dd-46de-896b-90695797e0dc req-334eaff6-8c13-454a-a332-a3346751c9f8 fda97daca5d94849a01e3b8a435554db 9ab3543e838c4788ba2cedff759a6c23 - - b684b7e50fff4e6da8c08eaf1bebc699 b684b7e50fff4e6da8c08eaf1bebc699] 199.204.45.72 "GET /resource_providers/4e503227-7f41-4340-b7e0-59e1bf992508/allocations" status: 200 len: 340 microversion: 1.0 [pid: 8|app: 0|req: 594/1185] 199.204.45.72 () {32 vars in 855 bytes} [Tue Jul 14 06:34:08 2026] GET /resource_providers/4e503227-7f41-4340-b7e0-59e1bf992508/allocations => generated 340 bytes in 19 msecs (HTTP/1.1 200) 6 headers in 224 bytes (1 switches on core 0)
2026-07-14 06:34:08.809 7 INFO placement.requestlog [req-970cc085-59dd-46de-896b-90695797e0dc req-99761918-f887-4f65-81f4-ac73ff415125 fda97daca5d94849a01e3b8a435554db 9ab3543e838c4788ba2cedff759a6c23 - - b684b7e50fff4e6da8c08eaf1bebc699 b684b7e50fff4e6da8c08eaf1bebc699] 199.204.45.72 "GET /resource_providers/4e503227-7f41-4340-b7e0-59e1bf992508/allocations" status: 200 len: 340 microversion: 1.0 [pid: 7|app: 0|req: 592/1186] 199.204.45.72 () {32 vars in 855 bytes} [Tue Jul 14 06:34:08 2026] GET /resource_providers/4e503227-7f41-4340-b7e0-59e1bf992508/allocations => generated 340 bytes in 18 msecs (HTTP/1.1 200) 6 headers in 224 bytes (1 switches on core 0)
2026-07-14 06:34:08.826 8 INFO placement.requestlog [req-970cc085-59dd-46de-896b-90695797e0dc req-b06f92b4-f75d-4df2-82dd-5c25cdab0ab6 fda97daca5d94849a01e3b8a435554db 9ab3543e838c4788ba2cedff759a6c23 - - b684b7e50fff4e6da8c08eaf1bebc699 b684b7e50fff4e6da8c08eaf1bebc699] 199.204.45.72 "GET /allocations/ce2075c9-856e-4f93-a472-336af52527f2" status: 200 len: 245 microversion: 1.28 [pid: 8|app: 0|req: 595/1187] 199.204.45.72 () {34 vars in 861 bytes} [Tue Jul 14 06:34:08 2026] GET /allocations/ce2075c9-856e-4f93-a472-336af52527f2 => generated 245 bytes in 10 msecs (HTTP/1.1 200) 8 headers in 296 bytes (1 switches on core 0)
2026-07-14 06:34:08.844 7 INFO placement.requestlog [req-970cc085-59dd-46de-896b-90695797e0dc req-e382c257-17cb-4587-b864-095242b1eb4f fda97daca5d94849a01e3b8a435554db 9ab3543e838c4788ba2cedff759a6c23 - - b684b7e50fff4e6da8c08eaf1bebc699 b684b7e50fff4e6da8c08eaf1bebc699] 199.204.45.72 "GET /allocations/4c5315b6-f5a7-47c5-a566-6eff712dd351" status: 200 len: 258 microversion: 1.28 [pid: 7|app: 0|req: 593/1188] 199.204.45.72 () {34 vars in 861 bytes} [Tue Jul 14 06:34:08 2026] GET /allocations/4c5315b6-f5a7-47c5-a566-6eff712dd351 => generated 258 bytes in 13 msecs (HTTP/1.1 200) 8 headers in 296 bytes (1 switches on core 0)
2026-07-14 06:34:08.866 8 INFO placement.requestlog [req-970cc085-59dd-46de-896b-90695797e0dc req-080c6c09-7c63-4a77-98e0-96bacb20186c fda97daca5d94849a01e3b8a435554db 9ab3543e838c4788ba2cedff759a6c23 - - b684b7e50fff4e6da8c08eaf1bebc699 b684b7e50fff4e6da8c08eaf1bebc699] 199.204.45.72 "GET /allocations/5450240e-223b-44ec-9a73-1672b189d5ea" status: 200 len: 258 microversion: 1.28 [pid: 8|app: 0|req: 596/1189] 199.204.45.72 () {34 vars in 861 bytes} [Tue Jul 14 06:34:08 2026] GET /allocations/5450240e-223b-44ec-9a73-1672b189d5ea => generated 258 bytes in 15 msecs (HTTP/1.1 200) 8 headers in 296 bytes (1 switches on core 0)
2026-07-14 06:34:09.338 8 INFO placement.requestlog [None req-d237a7f7-4697-4d88-ac50-ab4aff8e313e - - - - - -] 10.0.0.15 "GET /" status: 200 len: 136 microversion: 1.0
2026-07-14 06:34:09.338 7 INFO placement.requestlog [None req-15f48b25-7755-45fd-8861-a2b635d8a52f - - - - - -] 10.0.0.15 "GET /" status: 200 len: 136 microversion: 1.0
2026-07-14 06:34:19.337 7 INFO placement.requestlog [None req-ff794a12-7eb4-4ad6-b661-f8832a5d9cd8 - - - - - -] 10.0.0.15 "GET /" status: 200 len: 136 microversion: 1.0
2026-07-14 06:34:19.337 8 INFO placement.requestlog [None req-24aa077e-5ca1-476a-8c97-5af06fed41bc - - - - - -] 10.0.0.15 "GET /" status: 200 len: 136 microversion: 1.0
2026-07-14 06:34:29.337 7 INFO placement.requestlog [None req-432001a8-b24d-4731-a46c-139ae8253cca - - - - - -] 10.0.0.15 "GET /" status: 200 len: 136 microversion: 1.0
2026-07-14 06:34:29.338 8 INFO placement.requestlog [None req-4b6f400d-3f00-4b31-be2c-e38701cc8064 - - - - - -] 10.0.0.15 "GET /" status: 200 len: 136 microversion: 1.0
2026-07-14 06:34:39.337 7 INFO placement.requestlog [None req-cefaafd7-c5f2-4a6f-a5dd-1a21434df2ea - - - - - -] 10.0.0.15 "GET /" status: 200 len: 136 microversion: 1.0
2026-07-14 06:34:39.337 8 INFO placement.requestlog [None req-65f5d9ab-16b4-45d8-a219-a70342748177 - - - - - -] 10.0.0.15 "GET /" status: 200 len: 136 microversion: 1.0
2026-07-14 06:34:49.337 7 INFO placement.requestlog [None req-21b1e18e-03bb-432b-8e8e-9598b4914fb6 - - - - - -] 10.0.0.15 "GET /" status: 200 len: 136 microversion: 1.0
2026-07-14 06:34:49.337 8 INFO placement.requestlog [None req-e13a246b-e2dc-47ce-8bad-1361aa01607a - - - - - -] 10.0.0.15 "GET /" status: 200 len: 136 microversion: 1.0
2026-07-14 06:34:59.337 7 INFO placement.requestlog [None req-140f4f3f-ce06-49a3-9611-68915a5a3109 - - - - - -] 10.0.0.15 "GET /" status: 200 len: 136 microversion: 1.0
2026-07-14 06:34:59.338 8 INFO placement.requestlog [None req-1f191642-89c5-467a-893b-4f487e739a42 - - - - - -] 10.0.0.15 "GET /" status: 200 len: 136 microversion: 1.0
2026-07-14 06:35:09.337 7 INFO placement.requestlog [None req-067b3a59-0762-423c-ae23-bda306e3611a - - - - - -] 10.0.0.15 "GET /" status: 200 len: 136 microversion: 1.0
2026-07-14 06:35:09.337 8 INFO placement.requestlog [None req-1c35ec5b-6bbc-4663-90df-4c64b4455e8e - - - - - -] 10.0.0.15 "GET /" status: 200 len: 136 microversion: 1.0
2026-07-14 06:35:10.267 7 INFO placement.requestlog [req-f05e7b41-0742-4852-8ac3-1c595322da1e req-454f5699-efce-443e-9fc4-94fdf73b5939 fda97daca5d94849a01e3b8a435554db 9ab3543e838c4788ba2cedff759a6c23 - - b684b7e50fff4e6da8c08eaf1bebc699 b684b7e50fff4e6da8c08eaf1bebc699] 199.204.45.72 "GET /resource_providers/4e503227-7f41-4340-b7e0-59e1bf992508/allocations" status: 200 len: 340 microversion: 1.0 [pid: 7|app: 0|req: 601/1204] 199.204.45.72 () {32 vars in 855 bytes} [Tue Jul 14 06:35:10 2026] GET /resource_providers/4e503227-7f41-4340-b7e0-59e1bf992508/allocations => generated 340 bytes in 138 msecs (HTTP/1.1 200) 6 headers in 224 bytes (1 switches on core 0)
2026-07-14 06:35:10.300 8 INFO placement.requestlog [req-f05e7b41-0742-4852-8ac3-1c595322da1e req-e5bf03fd-6bce-4724-abea-bcd614cd7828 fda97daca5d94849a01e3b8a435554db 9ab3543e838c4788ba2cedff759a6c23 - - b684b7e50fff4e6da8c08eaf1bebc699 b684b7e50fff4e6da8c08eaf1bebc699] 199.204.45.72 "GET /resource_providers?in_tree=4e503227-7f41-4340-b7e0-59e1bf992508" status: 200 len: 798 microversion: 1.14 [pid: 8|app: 0|req: 604/1205] 199.204.45.72 () {34 vars in 890 bytes} [Tue Jul 14 06:35:10 2026] GET /resource_providers?in_tree=4e503227-7f41-4340-b7e0-59e1bf992508 => generated 798 bytes in 23 msecs (HTTP/1.1 200) 6 headers in 225 bytes (1 switches on core 0)
2026-07-14 06:35:10.325 7 INFO placement.requestlog [req-f05e7b41-0742-4852-8ac3-1c595322da1e req-435cbb04-1809-45ff-8516-56df4b6f62db fda97daca5d94849a01e3b8a435554db 9ab3543e838c4788ba2cedff759a6c23 - - b684b7e50fff4e6da8c08eaf1bebc699 b684b7e50fff4e6da8c08eaf1bebc699] 199.204.45.72 "GET /resource_providers/4e503227-7f41-4340-b7e0-59e1bf992508/inventories" status: 200 len: 401 microversion: 1.0 [pid: 7|app: 0|req: 602/1206] 199.204.45.72 () {32 vars in 855 bytes} [Tue Jul 14 06:35:10 2026] GET /resource_providers/4e503227-7f41-4340-b7e0-59e1bf992508/inventories => generated 401 bytes in 20 msecs (HTTP/1.1 200) 6 headers in 224 bytes (1 switches on core 0)
2026-07-14 06:35:10.344 8 INFO placement.requestlog [req-f05e7b41-0742-4852-8ac3-1c595322da1e req-f6d1d407-bd21-49f7-9b58-524260c6aab4 fda97daca5d94849a01e3b8a435554db 9ab3543e838c4788ba2cedff759a6c23 - - b684b7e50fff4e6da8c08eaf1bebc699 b684b7e50fff4e6da8c08eaf1bebc699] 199.204.45.72 "GET /resource_providers/4e503227-7f41-4340-b7e0-59e1bf992508/aggregates" status: 200 len: 54 microversion: 1.19 [pid: 8|app: 0|req: 605/1207] 199.204.45.72 () {34 vars in 897 bytes} [Tue Jul 14 06:35:10 2026] GET /resource_providers/4e503227-7f41-4340-b7e0-59e1bf992508/aggregates => generated 54 bytes in 15 msecs (HTTP/1.1 200) 8 headers in 295 bytes (1 switches on core 0)
2026-07-14 06:35:10.379 7 INFO placement.requestlog [req-f05e7b41-0742-4852-8ac3-1c595322da1e req-6f97343c-18e7-42af-a49b-02986e0a43a8 fda97daca5d94849a01e3b8a435554db 9ab3543e838c4788ba2cedff759a6c23 - - b684b7e50fff4e6da8c08eaf1bebc699 b684b7e50fff4e6da8c08eaf1bebc699] 199.204.45.72 "GET /resource_providers/4e503227-7f41-4340-b7e0-59e1bf992508/traits" status: 200 len: 1978 microversion: 1.6 [pid: 7|app: 0|req: 603/1208] 199.204.45.72 () {34 vars in 888 bytes} [Tue Jul 14 06:35:10 2026] GET /resource_providers/4e503227-7f41-4340-b7e0-59e1bf992508/traits => generated 1978 bytes in 31 msecs (HTTP/1.1 200) 6 headers in 225 bytes (1 switches on core 0)
2026-07-14 06:35:10.401 8 INFO placement.requestlog [req-f05e7b41-0742-4852-8ac3-1c595322da1e req-dfc7dd4c-a049-4681-8f2f-234b07b76969 fda97daca5d94849a01e3b8a435554db 9ab3543e838c4788ba2cedff759a6c23 - - b684b7e50fff4e6da8c08eaf1bebc699 b684b7e50fff4e6da8c08eaf1bebc699] 199.204.45.72 "GET /resource_providers/4e503227-7f41-4340-b7e0-59e1bf992508/allocations" status: 200 len: 340 microversion: 1.0 [pid: 8|app: 0|req: 606/1209] 199.204.45.72 () {32 vars in 855 bytes} [Tue Jul 14 06:35:10 2026] GET /resource_providers/4e503227-7f41-4340-b7e0-59e1bf992508/allocations => generated 340 bytes in 18 msecs (HTTP/1.1 200) 6 headers in 224 bytes (1 switches on core 0)
2026-07-14 06:35:10.420 7 INFO placement.requestlog [req-f05e7b41-0742-4852-8ac3-1c595322da1e req-df7a3ce2-6d5e-4d54-bc31-3c80f1042669 fda97daca5d94849a01e3b8a435554db 9ab3543e838c4788ba2cedff759a6c23 - - b684b7e50fff4e6da8c08eaf1bebc699 b684b7e50fff4e6da8c08eaf1bebc699] 199.204.45.72 "GET /allocations/ce2075c9-856e-4f93-a472-336af52527f2" status: 200 len: 245 microversion: 1.28 [pid: 7|app: 0|req: 604/1210] 199.204.45.72 () {34 vars in 861 bytes} [Tue Jul 14 06:35:10 2026] GET /allocations/ce2075c9-856e-4f93-a472-336af52527f2 => generated 245 bytes in 14 msecs (HTTP/1.1 200) 8 headers in 296 bytes (1 switches on core 0)
2026-07-14 06:35:10.438 8 INFO placement.requestlog [req-f05e7b41-0742-4852-8ac3-1c595322da1e req-5f7132ff-9cd9-4e08-8944-16118e08d240 fda97daca5d94849a01e3b8a435554db 9ab3543e838c4788ba2cedff759a6c23 - - b684b7e50fff4e6da8c08eaf1bebc699 b684b7e50fff4e6da8c08eaf1bebc699] 199.204.45.72 "GET /allocations/4c5315b6-f5a7-47c5-a566-6eff712dd351" status: 200 len: 258 microversion: 1.28 [pid: 8|app: 0|req: 607/1211] 199.204.45.72 () {34 vars in 861 bytes} [Tue Jul 14 06:35:10 2026] GET /allocations/4c5315b6-f5a7-47c5-a566-6eff712dd351 => generated 258 bytes in 14 msecs (HTTP/1.1 200) 8 headers in 296 bytes (1 switches on core 0)
2026-07-14 06:35:10.457 7 INFO placement.requestlog [req-f05e7b41-0742-4852-8ac3-1c595322da1e req-5860926a-ed05-4d00-b15a-d1626e0c353c fda97daca5d94849a01e3b8a435554db 9ab3543e838c4788ba2cedff759a6c23 - - b684b7e50fff4e6da8c08eaf1bebc699 b684b7e50fff4e6da8c08eaf1bebc699] 199.204.45.72 "GET /allocations/5450240e-223b-44ec-9a73-1672b189d5ea" status: 200 len: 258 microversion: 1.28 [pid: 7|app: 0|req: 605/1212] 199.204.45.72 () {34 vars in 861 bytes} [Tue Jul 14 06:35:10 2026] GET /allocations/5450240e-223b-44ec-9a73-1672b189d5ea => generated 258 bytes in 12 msecs (HTTP/1.1 200) 8 headers in 296 bytes (1 switches on core 0)
2026-07-14 06:35:11.912 8 INFO placement.requestlog [req-e1497adc-4fe6-4270-bf32-2507b743dd02 req-161209b3-8f52-4d10-a6fa-b2a4df6db577 fda97daca5d94849a01e3b8a435554db 9ab3543e838c4788ba2cedff759a6c23 - - b684b7e50fff4e6da8c08eaf1bebc699 b684b7e50fff4e6da8c08eaf1bebc699] 199.204.45.72 "GET /resource_providers/4e503227-7f41-4340-b7e0-59e1bf992508/allocations" status: 200 len: 340 microversion: 1.0 [pid: 8|app: 0|req: 608/1213] 199.204.45.72 () {32 vars in 855 bytes} [Tue Jul 14 06:35:11 2026] GET /resource_providers/4e503227-7f41-4340-b7e0-59e1bf992508/allocations => generated 340 bytes in 19 msecs (HTTP/1.1 200) 6 headers in 224 bytes (1 switches on core 0)
2026-07-14 06:35:11.931 7 INFO placement.requestlog [req-e1497adc-4fe6-4270-bf32-2507b743dd02 req-547c33b3-a256-4b04-ac12-dbf32bfde9e7 fda97daca5d94849a01e3b8a435554db 9ab3543e838c4788ba2cedff759a6c23 - - b684b7e50fff4e6da8c08eaf1bebc699 b684b7e50fff4e6da8c08eaf1bebc699] 199.204.45.72 "GET /allocations/ce2075c9-856e-4f93-a472-336af52527f2" status: 200 len: 245 microversion: 1.28 [pid: 7|app: 0|req: 606/1214] 199.204.45.72 () {34 vars in 861 bytes} [Tue Jul 14 06:35:11 2026] GET /allocations/ce2075c9-856e-4f93-a472-336af52527f2 => generated 245 bytes in 11 msecs (HTTP/1.1 200) 8 headers in 296 bytes (1 switches on core 0)
2026-07-14 06:35:11.953 8 INFO placement.requestlog [req-e1497adc-4fe6-4270-bf32-2507b743dd02 req-98ef45fd-a820-4a14-83dd-dbdd2811af34 fda97daca5d94849a01e3b8a435554db 9ab3543e838c4788ba2cedff759a6c23 - - b684b7e50fff4e6da8c08eaf1bebc699 b684b7e50fff4e6da8c08eaf1bebc699] 199.204.45.72 "GET /allocations/4c5315b6-f5a7-47c5-a566-6eff712dd351" status: 200 len: 258 microversion: 1.28 [pid: 8|app: 0|req: 609/1215] 199.204.45.72 () {34 vars in 861 bytes} [Tue Jul 14 06:35:11 2026] GET /allocations/4c5315b6-f5a7-47c5-a566-6eff712dd351 => generated 258 bytes in 11 msecs (HTTP/1.1 200) 8 headers in 296 bytes (1 switches on core 0)
2026-07-14 06:35:11.975 7 INFO placement.requestlog [req-e1497adc-4fe6-4270-bf32-2507b743dd02 req-f0b58640-05cf-4424-9c2c-4bb83f6bed70 fda97daca5d94849a01e3b8a435554db 9ab3543e838c4788ba2cedff759a6c23 - - b684b7e50fff4e6da8c08eaf1bebc699 b684b7e50fff4e6da8c08eaf1bebc699] 199.204.45.72 "GET /allocations/5450240e-223b-44ec-9a73-1672b189d5ea" status: 200 len: 258 microversion: 1.28 [pid: 7|app: 0|req: 607/1216] 199.204.45.72 () {34 vars in 861 bytes} [Tue Jul 14 06:35:11 2026] GET /allocations/5450240e-223b-44ec-9a73-1672b189d5ea => generated 258 bytes in 14 msecs (HTTP/1.1 200) 8 headers in 296 bytes (1 switches on core 0)
2026-07-14 06:35:13.022 8 INFO placement.requestlog [req-e1497adc-4fe6-4270-bf32-2507b743dd02 req-ae52dd7f-52b4-4ea8-afe5-c9cdc58e39f9 fda97daca5d94849a01e3b8a435554db 9ab3543e838c4788ba2cedff759a6c23 - - b684b7e50fff4e6da8c08eaf1bebc699 b684b7e50fff4e6da8c08eaf1bebc699] 199.204.45.72 "DELETE /allocations/ce2075c9-856e-4f93-a472-336af52527f2" status: 204 len: 0 microversion: 1.0 [pid: 8|app: 0|req: 610/1217] 199.204.45.72 () {34 vars in 839 bytes} [Tue Jul 14 06:35:12 2026] DELETE /allocations/ce2075c9-856e-4f93-a472-336af52527f2 => generated 0 bytes in 24 msecs (HTTP/1.1 204) 5 headers in 198 bytes (1 switches on core 0)
2026-07-14 06:35:15.070 7 INFO placement.requestlog [req-00098c38-6eb5-48b5-b5b7-7ddce5e9ed57 req-5b4a3d2f-c75d-4612-87ba-4e0bdfc4a176 fda97daca5d94849a01e3b8a435554db 9ab3543e838c4788ba2cedff759a6c23 - - b684b7e50fff4e6da8c08eaf1bebc699 b684b7e50fff4e6da8c08eaf1bebc699] 199.204.45.72 "GET /resource_providers/4e503227-7f41-4340-b7e0-59e1bf992508/allocations" status: 200 len: 253 microversion: 1.0 [pid: 7|app: 0|req: 608/1218] 199.204.45.72 () {32 vars in 855 bytes} [Tue Jul 14 06:35:15 2026] GET /resource_providers/4e503227-7f41-4340-b7e0-59e1bf992508/allocations => generated 253 bytes in 14 msecs (HTTP/1.1 200) 6 headers in 224 bytes (1 switches on core 0)
2026-07-14 06:35:15.095 8 INFO placement.requestlog [req-00098c38-6eb5-48b5-b5b7-7ddce5e9ed57 req-a92008d8-95ed-40bd-b384-11991082f96f fda97daca5d94849a01e3b8a435554db 9ab3543e838c4788ba2cedff759a6c23 - - b684b7e50fff4e6da8c08eaf1bebc699 b684b7e50fff4e6da8c08eaf1bebc699] 199.204.45.72 "GET /allocations/4c5315b6-f5a7-47c5-a566-6eff712dd351" status: 200 len: 258 microversion: 1.28 [pid: 8|app: 0|req: 611/1219] 199.204.45.72 () {34 vars in 861 bytes} [Tue Jul 14 06:35:15 2026] GET /allocations/4c5315b6-f5a7-47c5-a566-6eff712dd351 => generated 258 bytes in 16 msecs (HTTP/1.1 200) 8 headers in 296 bytes (1 switches on core 0)
2026-07-14 06:35:15.114 7 INFO placement.requestlog [req-00098c38-6eb5-48b5-b5b7-7ddce5e9ed57 req-0ff3ab56-3cb9-4f45-b837-7cd3e9b0b616 fda97daca5d94849a01e3b8a435554db 9ab3543e838c4788ba2cedff759a6c23 - - b684b7e50fff4e6da8c08eaf1bebc699 b684b7e50fff4e6da8c08eaf1bebc699] 199.204.45.72 "GET /allocations/5450240e-223b-44ec-9a73-1672b189d5ea" status: 200 len: 258 microversion: 1.28 [pid: 7|app: 0|req: 609/1220] 199.204.45.72 () {34 vars in 861 bytes} [Tue Jul 14 06:35:15 2026] GET /allocations/5450240e-223b-44ec-9a73-1672b189d5ea => generated 258 bytes in 13 msecs (HTTP/1.1 200) 8 headers in 296 bytes (1 switches on core 0)
2026-07-14 06:35:16.165 8 INFO placement.requestlog [req-00098c38-6eb5-48b5-b5b7-7ddce5e9ed57 req-1031d1bf-9642-4bc7-b4aa-f13af2550809 fda97daca5d94849a01e3b8a435554db 9ab3543e838c4788ba2cedff759a6c23 - - b684b7e50fff4e6da8c08eaf1bebc699 b684b7e50fff4e6da8c08eaf1bebc699] 199.204.45.72 "DELETE /allocations/5450240e-223b-44ec-9a73-1672b189d5ea" status: 204 len: 0 microversion: 1.0 [pid: 8|app: 0|req: 612/1221] 199.204.45.72 () {34 vars in 839 bytes} [Tue Jul 14 06:35:16 2026] DELETE /allocations/5450240e-223b-44ec-9a73-1672b189d5ea => generated 0 bytes in 22 msecs (HTTP/1.1 204) 5 headers in 198 bytes (1 switches on core 0)
2026-07-14 06:35:19.337 8 INFO placement.requestlog [None req-297df09e-9951-46a1-9b9b-9d5b5e17bc0b - - - - - -] 10.0.0.15 "GET /" status: 200 len: 136 microversion: 1.0
2026-07-14 06:35:19.337 7 INFO placement.requestlog [None req-44fdc396-f0f3-46a0-abdc-ba1b779cdea2 - - - - - -] 10.0.0.15 "GET /" status: 200 len: 136 microversion: 1.0
2026-07-14 06:35:25.869 8 INFO placement.requestlog [req-82a1f864-0e88-4544-8644-cb24cfcd5d69 req-e42f1e55-dced-42c0-96b0-0b9d3e70e68b fda97daca5d94849a01e3b8a435554db 9ab3543e838c4788ba2cedff759a6c23 - - b684b7e50fff4e6da8c08eaf1bebc699 b684b7e50fff4e6da8c08eaf1bebc699] 199.204.45.72 "GET /resource_providers/4e503227-7f41-4340-b7e0-59e1bf992508/allocations" status: 200 len: 153 microversion: 1.0 [pid: 8|app: 0|req: 614/1224] 199.204.45.72 () {32 vars in 855 bytes} [Tue Jul 14 06:35:25 2026] GET /resource_providers/4e503227-7f41-4340-b7e0-59e1bf992508/allocations => generated 153 bytes in 16 msecs (HTTP/1.1 200) 6 headers in 224 bytes (1 switches on core 0)
2026-07-14 06:35:25.892 7 INFO placement.requestlog [req-82a1f864-0e88-4544-8644-cb24cfcd5d69 req-46a9aa68-1182-4517-b7ff-951c52cc2957 fda97daca5d94849a01e3b8a435554db 9ab3543e838c4788ba2cedff759a6c23 - - b684b7e50fff4e6da8c08eaf1bebc699 b684b7e50fff4e6da8c08eaf1bebc699] 199.204.45.72 "GET /allocations/4c5315b6-f5a7-47c5-a566-6eff712dd351" status: 200 len: 258 microversion: 1.28 [pid: 7|app: 0|req: 611/1225] 199.204.45.72 () {34 vars in 861 bytes} [Tue Jul 14 06:35:25 2026] GET /allocations/4c5315b6-f5a7-47c5-a566-6eff712dd351 => generated 258 bytes in 15 msecs (HTTP/1.1 200) 8 headers in 296 bytes (1 switches on core 0)
2026-07-14 06:35:26.942 8 INFO placement.requestlog [req-82a1f864-0e88-4544-8644-cb24cfcd5d69 req-bf118085-3809-4df1-88dc-a348772d2a77 fda97daca5d94849a01e3b8a435554db 9ab3543e838c4788ba2cedff759a6c23 - - b684b7e50fff4e6da8c08eaf1bebc699 b684b7e50fff4e6da8c08eaf1bebc699] 199.204.45.72 "DELETE /allocations/4c5315b6-f5a7-47c5-a566-6eff712dd351" status: 204 len: 0 microversion: 1.0 [pid: 8|app: 0|req: 615/1226] 199.204.45.72 () {34 vars in 839 bytes} [Tue Jul 14 06:35:26 2026] DELETE /allocations/4c5315b6-f5a7-47c5-a566-6eff712dd351 => generated 0 bytes in 22 msecs (HTTP/1.1 204) 5 headers in 198 bytes (1 switches on core 0)
2026-07-14 06:35:29.337 7 INFO placement.requestlog [None req-b14aa426-aa65-4af9-b9a6-9a770a5538b8 - - - - - -] 10.0.0.15 "GET /" status: 200 len: 136 microversion: 1.0
2026-07-14 06:35:29.337 8 INFO placement.requestlog [None req-3a32d9f5-50d6-4183-b028-2ae17649f776 - - - - - -] 10.0.0.15 "GET /" status: 200 len: 136 microversion: 1.0
2026-07-14 06:35:38.740 7 INFO placement.requestlog [None req-04e3d2e5-e625-4794-9cb1-0566e7c1f55f 6fa8605743c648f6b0ec2a669e0729ea 9ab3543e838c4788ba2cedff759a6c23 - - b684b7e50fff4e6da8c08eaf1bebc699 b684b7e50fff4e6da8c08eaf1bebc699] 10.0.0.111 "GET /resource_providers/9e918bdc-ab1e-4364-8257-c096359c3f7c/aggregates" status: 404 len: 235 microversion: 1.1 [pid: 7|app: 0|req: 613/1229] 10.0.0.111 () {32 vars in 815 bytes} [Tue Jul 14 06:35:38 2026] GET /resource_providers/9e918bdc-ab1e-4364-8257-c096359c3f7c/aggregates => generated 235 bytes in 11 msecs (HTTP/1.1 404) 5 headers in 202 bytes (1 switches on core 0)
2026-07-14 06:35:38.745 8 INFO placement.requestlog [None req-d96d11d8-bf3b-4f4a-ae09-d45fc5847bb9 6fa8605743c648f6b0ec2a669e0729ea 9ab3543e838c4788ba2cedff759a6c23 - - b684b7e50fff4e6da8c08eaf1bebc699 b684b7e50fff4e6da8c08eaf1bebc699] 10.0.0.111 "GET /resource_providers/9e918bdc-ab1e-4364-8257-c096359c3f7c/aggregates" status: 404 len: 235 microversion: 1.1 [pid: 8|app: 0|req: 617/1230] 10.0.0.111 () {32 vars in 815 bytes} [Tue Jul 14 06:35:38 2026] GET /resource_providers/9e918bdc-ab1e-4364-8257-c096359c3f7c/aggregates => generated 235 bytes in 11 msecs (HTTP/1.1 404) 5 headers in 202 bytes (1 switches on core 0)
2026-07-14 06:35:38.764 7 INFO placement.requestlog [None req-1d24ab6e-aea9-41dc-9500-2f1019bcfe59 6fa8605743c648f6b0ec2a669e0729ea 9ab3543e838c4788ba2cedff759a6c23 - - b684b7e50fff4e6da8c08eaf1bebc699 b684b7e50fff4e6da8c08eaf1bebc699] 10.0.0.111 "DELETE /resource_providers/9e918bdc-ab1e-4364-8257-c096359c3f7c" status: 404 len: 246 microversion: 1.1 [pid: 7|app: 0|req: 614/1231] 10.0.0.111 () {34 vars in 815 bytes} [Tue Jul 14 06:35:38 2026] DELETE /resource_providers/9e918bdc-ab1e-4364-8257-c096359c3f7c => generated 246 bytes in 8 msecs (HTTP/1.1 404) 6 headers in 231 bytes (1 switches on core 0)
2026-07-14 06:35:38.769 8 INFO placement.requestlog [None req-8b64b2b6-69b1-4ddc-80f0-dcb4721ae786 6fa8605743c648f6b0ec2a669e0729ea 9ab3543e838c4788ba2cedff759a6c23 - - b684b7e50fff4e6da8c08eaf1bebc699 b684b7e50fff4e6da8c08eaf1bebc699] 10.0.0.111 "DELETE /resource_providers/9e918bdc-ab1e-4364-8257-c096359c3f7c" status: 404 len: 246 microversion: 1.1 [pid: 8|app: 0|req: 618/1232] 10.0.0.111 () {34 vars in 815 bytes} [Tue Jul 14 06:35:38 2026] DELETE /resource_providers/9e918bdc-ab1e-4364-8257-c096359c3f7c => generated 246 bytes in 12 msecs (HTTP/1.1 404) 6 headers in 231 bytes (1 switches on core 0)
