Jul 24 00:50:29.914234 np0000186473 nova-conductor[109111]: DEBUG cotyledon.oslo_config_glue [-] vmware.ca_file = None {{(pid=109111) log_opt_values /opt/stack/data/venv/lib/python3.12/site-packages/oslo_config/cfg.py:3253}}
Jul 24 00:50:29.914456 np0000186473 nova-conductor[109111]: DEBUG cotyledon.oslo_config_glue [-] vmware.cache_prefix = None {{(pid=109111) log_opt_values /opt/stack/data/venv/lib/python3.12/site-packages/oslo_config/cfg.py:3253}}
Jul 24 00:50:29.914456 np0000186473 nova-conductor[109111]: DEBUG cotyledon.oslo_config_glue [-] vmware.cluster_name = None {{(pid=109111) log_opt_values /opt/stack/data/venv/lib/python3.12/site-packages/oslo_config/cfg.py:3253}}
Jul 24 00:50:29.914456 np0000186473 nova-conductor[109111]: DEBUG cotyledon.oslo_config_glue [-] vmware.connection_pool_size = 10 {{(pid=109111) log_opt_values /opt/stack/data/venv/lib/python3.12/site-packages/oslo_config/cfg.py:3253}}
Jul 24 00:50:29.914456 np0000186473 nova-conductor[109111]: DEBUG cotyledon.oslo_config_glue [-] vmware.console_delay_seconds = None {{(pid=109111) log_opt_values /opt/stack/data/venv/lib/python3.12/site-packages/oslo_config/cfg.py:3253}}
Jul 24 00:50:29.914456 np0000186473 nova-conductor[109111]: DEBUG cotyledon.oslo_config_glue [-] vmware.datastore_regex = None {{(pid=109111) log_opt_values /opt/stack/data/venv/lib/python3.12/site-packages/oslo_config/cfg.py:3253}}
Jul 24 00:50:29.914456 np0000186473 nova-conductor[109111]: DEBUG cotyledon.oslo_config_glue [-] vmware.host_ip = None {{(pid=109111) log_opt_values /opt/stack/data/venv/lib/python3.12/site-packages/oslo_config/cfg.py:3253}}
Jul 24 00:50:29.914456 np0000186473 nova-conductor[109111]: DEBUG cotyledon.oslo_config_glue [-] vmware.host_password = **** {{(pid=109111) log_opt_values /opt/stack/data/venv/lib/python3.12/site-packages/oslo_config/cfg.py:3253}}
Jul 24 00:50:29.914456 np0000186473 nova-conductor[109111]: DEBUG cotyledon.oslo_config_glue [-] vmware.host_port = 443 {{(pid=109111) log_opt_values /opt/stack/data/venv/lib/python3.12/site-packages/oslo_config/cfg.py:3253}}
Jul 24 00:50:29.914456 np0000186473 nova-conductor[109111]: DEBUG cotyledon.oslo_config_glue [-] vmware.host_username = None {{(pid=109111) log_opt_values /opt/stack/data/venv/lib/python3.12/site-packages/oslo_config/cfg.py:3253}}
Jul 24 00:50:29.914690 np0000186473 nova-conductor[109111]: DEBUG cotyledon.oslo_config_glue [-] vmware.insecure = False {{(pid=109111) log_opt_values /opt/stack/data/venv/lib/python3.12/site-packages/oslo_config/cfg.py:3253}}
Jul 24 00:50:29.914690 np0000186473 nova-conductor[109111]: DEBUG cotyledon.oslo_config_glue [-] vmware.integration_bridge = None {{(pid=109111) log_opt_values /opt/stack/data/venv/lib/python3.12/site-packages/oslo_config/cfg.py:3253}}
Jul 24 00:50:29.914690 np0000186473 nova-conductor[109111]: DEBUG cotyledon.oslo_config_glue [-] vmware.maximum_objects = 100 {{(pid=109111) log_opt_values /opt/stack/data/venv/lib/python3.12/site-packages/oslo_config/cfg.py:3253}}
Jul 24 00:50:29.914690 np0000186473 nova-conductor[109111]: DEBUG cotyledon.oslo_config_glue [-] vmware.pbm_default_policy = None {{(pid=109111) log_opt_values /opt/stack/data/venv/lib/python3.12/site-packages/oslo_config/cfg.py:3253}}
Jul 24 00:50:29.914690 np0000186473 nova-conductor[109111]: DEBUG cotyledon.oslo_config_glue [-] vmware.pbm_enabled = False {{(pid=109111) log_opt_values /opt/stack/data/venv/lib/python3.12/site-packages/oslo_config/cfg.py:3253}}
Jul 24 00:50:29.914690 np0000186473 nova-conductor[109111]: DEBUG cotyledon.oslo_config_glue [-] vmware.pbm_wsdl_location = None {{(pid=109111) log_opt_values /opt/stack/data/venv/lib/python3.12/site-packages/oslo_config/cfg.py:3253}}
Jul 24 00:50:29.914690 np0000186473 nova-conductor[109111]: DEBUG cotyledon.oslo_config_glue [-] vmware.serial_log_dir = /opt/vmware/vspc {{(pid=109111) log_opt_values /opt/stack/data/venv/lib/python3.12/site-packages/oslo_config/cfg.py:3253}}
Jul 24 00:50:29.914690 np0000186473 nova-conductor[109111]: DEBUG cotyledon.oslo_config_glue [-] vmware.serial_port_proxy_uri = None {{(pid=109111) log_opt_values /opt/stack/data/venv/lib/python3.12/site-packages/oslo_config/cfg.py:3253}}
Jul 24 00:50:29.914690 np0000186473 nova-conductor[109111]: DEBUG cotyledon.oslo_config_glue [-] vmware.serial_port_service_uri = None {{(pid=109111) log_opt_values /opt/stack/data/venv/lib/python3.12/site-packages/oslo_config/cfg.py:3253}}
Jul 24 00:50:29.914911 np0000186473 nova-conductor[109111]: DEBUG cotyledon.oslo_config_glue [-] vmware.task_poll_interval = 0.5 {{(pid=109111) log_opt_values /opt/stack/data/venv/lib/python3.12/site-packages/oslo_config/cfg.py:3253}}
Jul 24 00:50:29.914911 np0000186473 nova-conductor[109111]: DEBUG cotyledon.oslo_config_glue [-] vmware.use_linked_clone = True {{(pid=109111) log_opt_values /opt/stack/data/venv/lib/python3.12/site-packages/oslo_config/cfg.py:3253}}
Jul 24 00:50:29.914911 np0000186473 nova-conductor[109111]: DEBUG cotyledon.oslo_config_glue [-] vmware.vnc_keymap = en-us {{(pid=109111) log_opt_values /opt/stack/data/venv/lib/python3.12/site-packages/oslo_config/cfg.py:3253}}
Jul 24 00:50:29.914911 np0000186473 nova-conductor[109111]: DEBUG cotyledon.oslo_config_glue [-] vmware.vnc_port = 5900 {{(pid=109111) log_opt_values /opt/stack/data/venv/lib/python3.12/site-packages/oslo_config/cfg.py:3253}}
Jul 24 00:50:29.915014 np0000186473 nova-conductor[109119]: INFO nova.service [-] Starting conductor node (version 33.1.0)
Jul 24 00:50:29.915042 np0000186473 nova-conductor[109111]: DEBUG cotyledon.oslo_config_glue [-] vmware.vnc_port_total = 10000 {{(pid=109111) log_opt_values /opt/stack/data/venv/lib/python3.12/site-packages/oslo_config/cfg.py:3253}}
Jul 24 00:50:29.915042 np0000186473 nova-conductor[109111]: DEBUG cotyledon.oslo_config_glue [-] vnc.auth_schemes = ['none'] {{(pid=109111) log_opt_values /opt/stack/data/venv/lib/python3.12/site-packages/oslo_config/cfg.py:3253}}
Jul 24 00:50:29.915042 np0000186473 nova-conductor[109111]: DEBUG cotyledon.oslo_config_glue [-] vnc.enabled = True {{(pid=109111) log_opt_values /opt/stack/data/venv/lib/python3.12/site-packages/oslo_config/cfg.py:3253}}
Jul 24 00:50:29.915042 np0000186473 nova-conductor[109111]: DEBUG cotyledon.oslo_config_glue [-] vnc.novncproxy_base_url = http://127.0.0.1:6080/vnc_auto.html {{(pid=109111) log_opt_values /opt/stack/data/venv/lib/python3.12/site-packages/oslo_config/cfg.py:3253}}
Jul 24 00:50:29.915042 np0000186473 nova-conductor[109111]: DEBUG cotyledon.oslo_config_glue [-] vnc.novncproxy_host = 0.0.0.0 {{(pid=109111) log_opt_values /opt/stack/data/venv/lib/python3.12/site-packages/oslo_config/cfg.py:3253}}
Jul 24 00:50:29.915042 np0000186473 nova-conductor[109111]: DEBUG cotyledon.oslo_config_glue [-] vnc.novncproxy_port = 6080 {{(pid=109111) log_opt_values /opt/stack/data/venv/lib/python3.12/site-packages/oslo_config/cfg.py:3253}}
Jul 24 00:50:29.915042 np0000186473 nova-conductor[109111]: DEBUG cotyledon.oslo_config_glue [-] vnc.server_listen = 127.0.0.1 {{(pid=109111) log_opt_values /opt/stack/data/venv/lib/python3.12/site-packages/oslo_config/cfg.py:3253}}
Jul 24 00:50:29.915042 np0000186473 nova-conductor[109111]: DEBUG cotyledon.oslo_config_glue [-] vnc.server_proxyclient_address = 127.0.0.1 {{(pid=109111) log_opt_values /opt/stack/data/venv/lib/python3.12/site-packages/oslo_config/cfg.py:3253}}
Jul 24 00:50:29.915042 np0000186473 nova-conductor[109111]: DEBUG cotyledon.oslo_config_glue [-] vnc.vencrypt_ca_certs = None {{(pid=109111) log_opt_values /opt/stack/data/venv/lib/python3.12/site-packages/oslo_config/cfg.py:3253}}
Jul 24 00:50:29.915269 np0000186473 nova-conductor[109111]: DEBUG cotyledon.oslo_config_glue [-] vnc.vencrypt_client_cert = None {{(pid=109111) log_opt_values /opt/stack/data/venv/lib/python3.12/site-packages/oslo_config/cfg.py:3253}}
Jul 24 00:50:29.915269 np0000186473 nova-conductor[109111]: DEBUG cotyledon.oslo_config_glue [-] vnc.vencrypt_client_key = None {{(pid=109111) log_opt_values /opt/stack/data/venv/lib/python3.12/site-packages/oslo_config/cfg.py:3253}}
Jul 24 00:50:29.915269 np0000186473 nova-conductor[109111]: DEBUG cotyledon.oslo_config_glue [-] workarounds.disable_compute_service_check_for_ffu = False {{(pid=109111) log_opt_values /opt/stack/data/venv/lib/python3.12/site-packages/oslo_config/cfg.py:3253}}
Jul 24 00:50:29.915269 np0000186473 nova-conductor[109111]: DEBUG cotyledon.oslo_config_glue [-] workarounds.disable_deep_image_inspection = False {{(pid=109111) log_opt_values /opt/stack/data/venv/lib/python3.12/site-packages/oslo_config/cfg.py:3253}}
Jul 24 00:50:29.915269 np0000186473 nova-conductor[109111]: DEBUG cotyledon.oslo_config_glue [-] workarounds.disable_fallback_pcpu_query = False {{(pid=109111) log_opt_values /opt/stack/data/venv/lib/python3.12/site-packages/oslo_config/cfg.py:3253}}
Jul 24 00:50:29.915269 np0000186473 nova-conductor[109111]: DEBUG cotyledon.oslo_config_glue [-] workarounds.disable_group_policy_check_upcall = False {{(pid=109111) log_opt_values /opt/stack/data/venv/lib/python3.12/site-packages/oslo_config/cfg.py:3253}}
Jul 24 00:50:29.915269 np0000186473 nova-conductor[109111]: DEBUG cotyledon.oslo_config_glue [-] workarounds.disable_libvirt_livesnapshot = False {{(pid=109111) log_opt_values /opt/stack/data/venv/lib/python3.12/site-packages/oslo_config/cfg.py:3253}}
Jul 24 00:50:29.915269 np0000186473 nova-conductor[109111]: DEBUG cotyledon.oslo_config_glue [-] workarounds.disable_rootwrap = False {{(pid=109111) log_opt_values /opt/stack/data/venv/lib/python3.12/site-packages/oslo_config/cfg.py:3253}}
Jul 24 00:50:29.915269 np0000186473 nova-conductor[109111]: DEBUG cotyledon.oslo_config_glue [-] workarounds.enable_numa_live_migration = False {{(pid=109111) log_opt_values /opt/stack/data/venv/lib/python3.12/site-packages/oslo_config/cfg.py:3253}}
Jul 24 00:50:29.915487 np0000186473 nova-conductor[109111]: DEBUG cotyledon.oslo_config_glue [-] workarounds.enable_qemu_monitor_announce_self = False {{(pid=109111) log_opt_values /opt/stack/data/venv/lib/python3.12/site-packages/oslo_config/cfg.py:3253}}
Jul 24 00:50:29.915487 np0000186473 nova-conductor[109111]: DEBUG cotyledon.oslo_config_glue [-] workarounds.ensure_libvirt_rbd_instance_dir_cleanup = False {{(pid=109111) log_opt_values /opt/stack/data/venv/lib/python3.12/site-packages/oslo_config/cfg.py:3253}}
Jul 24 00:50:29.915487 np0000186473 nova-conductor[109111]: DEBUG cotyledon.oslo_config_glue [-] workarounds.handle_virt_lifecycle_events = True {{(pid=109111) log_opt_values /opt/stack/data/venv/lib/python3.12/site-packages/oslo_config/cfg.py:3253}}
Jul 24 00:50:29.915487 np0000186473 nova-conductor[109111]: DEBUG cotyledon.oslo_config_glue [-] workarounds.libvirt_disable_apic = False {{(pid=109111) log_opt_values /opt/stack/data/venv/lib/python3.12/site-packages/oslo_config/cfg.py:3253}}
Jul 24 00:50:29.915487 np0000186473 nova-conductor[109111]: DEBUG cotyledon.oslo_config_glue [-] workarounds.never_download_image_if_on_rbd = False {{(pid=109111) log_opt_values /opt/stack/data/venv/lib/python3.12/site-packages/oslo_config/cfg.py:3253}}
Jul 24 00:50:29.915487 np0000186473 nova-conductor[109111]: DEBUG cotyledon.oslo_config_glue [-] workarounds.qemu_monitor_announce_self_count = 3 {{(pid=109111) log_opt_values /opt/stack/data/venv/lib/python3.12/site-packages/oslo_config/cfg.py:3253}}
Jul 24 00:50:29.915487 np0000186473 nova-conductor[109111]: DEBUG cotyledon.oslo_config_glue [-] workarounds.qemu_monitor_announce_self_interval = 1 {{(pid=109111) log_opt_values /opt/stack/data/venv/lib/python3.12/site-packages/oslo_config/cfg.py:3253}}
Jul 24 00:50:29.915487 np0000186473 nova-conductor[109111]: DEBUG cotyledon.oslo_config_glue [-] workarounds.reserve_disk_resource_for_image_cache = False {{(pid=109111) log_opt_values /opt/stack/data/venv/lib/python3.12/site-packages/oslo_config/cfg.py:3253}}
Jul 24 00:50:29.915487 np0000186473 nova-conductor[109111]: DEBUG cotyledon.oslo_config_glue [-] workarounds.skip_cpu_compare_at_startup = False {{(pid=109111) log_opt_values /opt/stack/data/venv/lib/python3.12/site-packages/oslo_config/cfg.py:3253}}
Jul 24 00:50:29.915718 np0000186473 nova-conductor[109111]: DEBUG cotyledon.oslo_config_glue [-] workarounds.skip_cpu_compare_on_dest = False {{(pid=109111) log_opt_values /opt/stack/data/venv/lib/python3.12/site-packages/oslo_config/cfg.py:3253}}
Jul 24 00:50:29.915718 np0000186473 nova-conductor[109111]: DEBUG cotyledon.oslo_config_glue [-] workarounds.skip_hypervisor_version_check_on_lm = False {{(pid=109111) log_opt_values /opt/stack/data/venv/lib/python3.12/site-packages/oslo_config/cfg.py:3253}}
Jul 24 00:50:29.915718 np0000186473 nova-conductor[109111]: DEBUG cotyledon.oslo_config_glue [-] workarounds.skip_reserve_in_use_ironic_nodes = False {{(pid=109111) log_opt_values /opt/stack/data/venv/lib/python3.12/site-packages/oslo_config/cfg.py:3253}}
Jul 24 00:50:29.915718 np0000186473 nova-conductor[109111]: DEBUG cotyledon.oslo_config_glue [-] workarounds.unified_limits_count_pcpu_as_vcpu = False {{(pid=109111) log_opt_values /opt/stack/data/venv/lib/python3.12/site-packages/oslo_config/cfg.py:3253}}
Jul 24 00:50:29.915718 np0000186473 nova-conductor[109111]: DEBUG cotyledon.oslo_config_glue [-] workarounds.wait_for_vif_plugged_event_during_hard_reboot = [] {{(pid=109111) log_opt_values /opt/stack/data/venv/lib/python3.12/site-packages/oslo_config/cfg.py:3253}}
Jul 24 00:50:29.915718 np0000186473 nova-conductor[109111]: DEBUG cotyledon.oslo_config_glue [-] wsgi.api_paste_config = /etc/nova/api-paste.ini {{(pid=109111) log_opt_values /opt/stack/data/venv/lib/python3.12/site-packages/oslo_config/cfg.py:3253}}
Jul 24 00:50:29.915718 np0000186473 nova-conductor[109111]: DEBUG cotyledon.oslo_config_glue [-] wsgi.secure_proxy_ssl_header = None {{(pid=109111) log_opt_values /opt/stack/data/venv/lib/python3.12/site-packages/oslo_config/cfg.py:3253}}
Jul 24 00:50:29.915718 np0000186473 nova-conductor[109111]: DEBUG cotyledon.oslo_config_glue [-] zvm.ca_file = None {{(pid=109111) log_opt_values /opt/stack/data/venv/lib/python3.12/site-packages/oslo_config/cfg.py:3253}}
Jul 24 00:50:29.915718 np0000186473 nova-conductor[109111]: DEBUG cotyledon.oslo_config_glue [-] zvm.cloud_connector_url = None {{(pid=109111) log_opt_values /opt/stack/data/venv/lib/python3.12/site-packages/oslo_config/cfg.py:3253}}
Jul 24 00:50:29.915938 np0000186473 nova-conductor[109111]: DEBUG cotyledon.oslo_config_glue [-] zvm.image_tmp_path = /opt/stack/data/nova/images {{(pid=109111) log_opt_values /opt/stack/data/venv/lib/python3.12/site-packages/oslo_config/cfg.py:3253}}
Jul 24 00:50:29.915938 np0000186473 nova-conductor[109111]: DEBUG cotyledon.oslo_config_glue [-] zvm.reachable_timeout = 300 {{(pid=109111) log_opt_values /opt/stack/data/venv/lib/python3.12/site-packages/oslo_config/cfg.py:3253}}
Jul 24 00:50:29.915938 np0000186473 nova-conductor[109111]: DEBUG cotyledon.oslo_config_glue [-] oslo_versionedobjects.fatal_exception_format_errors = False {{(pid=109111) log_opt_values /opt/stack/data/venv/lib/python3.12/site-packages/oslo_config/cfg.py:3253}}
Jul 24 00:50:29.915938 np0000186473 nova-conductor[109111]: DEBUG cotyledon.oslo_config_glue [-] oslo_middleware.http_basic_auth_user_file = /etc/htpasswd {{(pid=109111) log_opt_values /opt/stack/data/venv/lib/python3.12/site-packages/oslo_config/cfg.py:3253}}
Jul 24 00:50:29.915938 np0000186473 nova-conductor[109111]: DEBUG cotyledon.oslo_config_glue [-] profiler.connection_string = messaging:// {{(pid=109111) log_opt_values /opt/stack/data/venv/lib/python3.12/site-packages/oslo_config/cfg.py:3253}}
Jul 24 00:50:29.915938 np0000186473 nova-conductor[109111]: DEBUG cotyledon.oslo_config_glue [-] profiler.enabled = False {{(pid=109111) log_opt_values /opt/stack/data/venv/lib/python3.12/site-packages/oslo_config/cfg.py:3253}}
Jul 24 00:50:29.915938 np0000186473 nova-conductor[109111]: DEBUG cotyledon.oslo_config_glue [-] profiler.es_doc_type = notification {{(pid=109111) log_opt_values /opt/stack/data/venv/lib/python3.12/site-packages/oslo_config/cfg.py:3253}}
Jul 24 00:50:29.915938 np0000186473 nova-conductor[109111]: DEBUG cotyledon.oslo_config_glue [-] profiler.es_scroll_size = 10000 {{(pid=109111) log_opt_values /opt/stack/data/venv/lib/python3.12/site-packages/oslo_config/cfg.py:3253}}
Jul 24 00:50:29.915938 np0000186473 nova-conductor[109111]: DEBUG cotyledon.oslo_config_glue [-] profiler.es_scroll_time = 2m {{(pid=109111) log_opt_values /opt/stack/data/venv/lib/python3.12/site-packages/oslo_config/cfg.py:3253}}
Jul 24 00:50:29.916160 np0000186473 nova-conductor[109111]: DEBUG cotyledon.oslo_config_glue [-] profiler.filter_error_trace = False {{(pid=109111) log_opt_values /opt/stack/data/venv/lib/python3.12/site-packages/oslo_config/cfg.py:3253}}
Jul 24 00:50:29.916160 np0000186473 nova-conductor[109111]: DEBUG cotyledon.oslo_config_glue [-] profiler.hmac_keys = **** {{(pid=109111) log_opt_values /opt/stack/data/venv/lib/python3.12/site-packages/oslo_config/cfg.py:3253}}
Jul 24 00:50:29.916160 np0000186473 nova-conductor[109111]: DEBUG cotyledon.oslo_config_glue [-] profiler.sentinel_service_name = mymaster {{(pid=109111) log_opt_values /opt/stack/data/venv/lib/python3.12/site-packages/oslo_config/cfg.py:3253}}
Jul 24 00:50:29.916160 np0000186473 nova-conductor[109111]: DEBUG cotyledon.oslo_config_glue [-] profiler.socket_timeout = 0.1 {{(pid=109111) log_opt_values /opt/stack/data/venv/lib/python3.12/site-packages/oslo_config/cfg.py:3253}}
Jul 24 00:50:29.916160 np0000186473 nova-conductor[109111]: DEBUG cotyledon.oslo_config_glue [-] profiler.trace_requests = False {{(pid=109111) log_opt_values /opt/stack/data/venv/lib/python3.12/site-packages/oslo_config/cfg.py:3253}}
Jul 24 00:50:29.916160 np0000186473 nova-conductor[109111]: DEBUG cotyledon.oslo_config_glue [-] profiler.trace_sqlalchemy = False {{(pid=109111) log_opt_values /opt/stack/data/venv/lib/python3.12/site-packages/oslo_config/cfg.py:3253}}
Jul 24 00:50:29.916160 np0000186473 nova-conductor[109111]: DEBUG cotyledon.oslo_config_glue [-] profiler_jaeger.process_tags = {} {{(pid=109111) log_opt_values /opt/stack/data/venv/lib/python3.12/site-packages/oslo_config/cfg.py:3253}}
Jul 24 00:50:29.916160 np0000186473 nova-conductor[109111]: DEBUG cotyledon.oslo_config_glue [-] profiler_jaeger.service_name_prefix = None {{(pid=109111) log_opt_values /opt/stack/data/venv/lib/python3.12/site-packages/oslo_config/cfg.py:3253}}
Jul 24 00:50:29.916160 np0000186473 nova-conductor[109111]: DEBUG cotyledon.oslo_config_glue [-] profiler_otlp.service_name_prefix = None {{(pid=109111) log_opt_values /opt/stack/data/venv/lib/python3.12/site-packages/oslo_config/cfg.py:3253}}
Jul 24 00:50:29.916378 np0000186473 nova-conductor[109111]: DEBUG cotyledon.oslo_config_glue [-] oslo_messaging_rabbit.amqp_auto_delete = False {{(pid=109111) log_opt_values /opt/stack/data/venv/lib/python3.12/site-packages/oslo_config/cfg.py:3253}}
Jul 24 00:50:29.916378 np0000186473 nova-conductor[109111]: DEBUG cotyledon.oslo_config_glue [-] oslo_messaging_rabbit.amqp_durable_queues = False {{(pid=109111) log_opt_values /opt/stack/data/venv/lib/python3.12/site-packages/oslo_config/cfg.py:3253}}
Jul 24 00:50:29.916378 np0000186473 nova-conductor[109111]: DEBUG cotyledon.oslo_config_glue [-] oslo_messaging_rabbit.conn_pool_min_size = 2 {{(pid=109111) log_opt_values /opt/stack/data/venv/lib/python3.12/site-packages/oslo_config/cfg.py:3253}}
Jul 24 00:50:29.916378 np0000186473 nova-conductor[109111]: DEBUG cotyledon.oslo_config_glue [-] oslo_messaging_rabbit.conn_pool_ttl = 1200 {{(pid=109111) log_opt_values /opt/stack/data/venv/lib/python3.12/site-packages/oslo_config/cfg.py:3253}}
Jul 24 00:50:29.916378 np0000186473 nova-conductor[109111]: DEBUG cotyledon.oslo_config_glue [-] oslo_messaging_rabbit.direct_mandatory_flag = True {{(pid=109111) log_opt_values /opt/stack/data/venv/lib/python3.12/site-packages/oslo_config/cfg.py:3253}}
Jul 24 00:50:29.916378 np0000186473 nova-conductor[109111]: DEBUG cotyledon.oslo_config_glue [-] oslo_messaging_rabbit.enable_cancel_on_failover = False {{(pid=109111) log_opt_values /opt/stack/data/venv/lib/python3.12/site-packages/oslo_config/cfg.py:3253}}
Jul 24 00:50:29.916378 np0000186473 nova-conductor[109111]: DEBUG cotyledon.oslo_config_glue [-] oslo_messaging_rabbit.heartbeat_rate = 3 {{(pid=109111) log_opt_values /opt/stack/data/venv/lib/python3.12/site-packages/oslo_config/cfg.py:3253}}
Jul 24 00:50:29.916378 np0000186473 nova-conductor[109111]: DEBUG cotyledon.oslo_config_glue [-] oslo_messaging_rabbit.heartbeat_timeout_threshold = 60 {{(pid=109111) log_opt_values /opt/stack/data/venv/lib/python3.12/site-packages/oslo_config/cfg.py:3253}}
Jul 24 00:50:29.916378 np0000186473 nova-conductor[109111]: DEBUG cotyledon.oslo_config_glue [-] oslo_messaging_rabbit.hostname = np0000186473 {{(pid=109111) log_opt_values /opt/stack/data/venv/lib/python3.12/site-packages/oslo_config/cfg.py:3253}}
Jul 24 00:50:29.916622 np0000186473 nova-conductor[109111]: DEBUG cotyledon.oslo_config_glue [-] oslo_messaging_rabbit.kombu_compression = None {{(pid=109111) log_opt_values /opt/stack/data/venv/lib/python3.12/site-packages/oslo_config/cfg.py:3253}}
Jul 24 00:50:29.916622 np0000186473 nova-conductor[109111]: DEBUG cotyledon.oslo_config_glue [-] oslo_messaging_rabbit.kombu_failover_strategy = round-robin {{(pid=109111) log_opt_values /opt/stack/data/venv/lib/python3.12/site-packages/oslo_config/cfg.py:3253}}
Jul 24 00:50:29.916622 np0000186473 nova-conductor[109111]: DEBUG cotyledon.oslo_config_glue [-] oslo_messaging_rabbit.kombu_missing_consumer_retry_timeout = 60 {{(pid=109111) log_opt_values /opt/stack/data/venv/lib/python3.12/site-packages/oslo_config/cfg.py:3253}}
Jul 24 00:50:29.916622 np0000186473 nova-conductor[109111]: DEBUG cotyledon.oslo_config_glue [-] oslo_messaging_rabbit.kombu_reconnect_delay = 1.0 {{(pid=109111) log_opt_values /opt/stack/data/venv/lib/python3.12/site-packages/oslo_config/cfg.py:3253}}
Jul 24 00:50:29.916622 np0000186473 nova-conductor[109111]: DEBUG cotyledon.oslo_config_glue [-] oslo_messaging_rabbit.kombu_reconnect_splay = 0.0 {{(pid=109111) log_opt_values /opt/stack/data/venv/lib/python3.12/site-packages/oslo_config/cfg.py:3253}}
Jul 24 00:50:29.916622 np0000186473 nova-conductor[109111]: DEBUG cotyledon.oslo_config_glue [-] oslo_messaging_rabbit.processname = nova-conductor {{(pid=109111) log_opt_values /opt/stack/data/venv/lib/python3.12/site-packages/oslo_config/cfg.py:3253}}
Jul 24 00:50:29.916622 np0000186473 nova-conductor[109111]: DEBUG cotyledon.oslo_config_glue [-] oslo_messaging_rabbit.rabbit_ha_queues = False {{(pid=109111) log_opt_values /opt/stack/data/venv/lib/python3.12/site-packages/oslo_config/cfg.py:3253}}
Jul 24 00:50:29.916622 np0000186473 nova-conductor[109111]: DEBUG cotyledon.oslo_config_glue [-] oslo_messaging_rabbit.rabbit_interval_max = 30 {{(pid=109111) log_opt_values /opt/stack/data/venv/lib/python3.12/site-packages/oslo_config/cfg.py:3253}}
Jul 24 00:50:29.916832 np0000186473 nova-conductor[109111]: DEBUG cotyledon.oslo_config_glue [-] oslo_messaging_rabbit.rabbit_login_method = AMQPLAIN {{(pid=109111) log_opt_values /opt/stack/data/venv/lib/python3.12/site-packages/oslo_config/cfg.py:3253}}
Jul 24 00:50:29.916832 np0000186473 nova-conductor[109111]: DEBUG cotyledon.oslo_config_glue [-] oslo_messaging_rabbit.rabbit_qos_prefetch_count = 0 {{(pid=109111) log_opt_values /opt/stack/data/venv/lib/python3.12/site-packages/oslo_config/cfg.py:3253}}
Jul 24 00:50:29.916832 np0000186473 nova-conductor[109111]: DEBUG cotyledon.oslo_config_glue [-] oslo_messaging_rabbit.rabbit_quorum_delivery_limit = 0 {{(pid=109111) log_opt_values /opt/stack/data/venv/lib/python3.12/site-packages/oslo_config/cfg.py:3253}}
Jul 24 00:50:29.916832 np0000186473 nova-conductor[109111]: DEBUG cotyledon.oslo_config_glue [-] oslo_messaging_rabbit.rabbit_quorum_max_memory_bytes = 0 {{(pid=109111) log_opt_values /opt/stack/data/venv/lib/python3.12/site-packages/oslo_config/cfg.py:3253}}
Jul 24 00:50:29.916832 np0000186473 nova-conductor[109111]: DEBUG cotyledon.oslo_config_glue [-] oslo_messaging_rabbit.rabbit_quorum_max_memory_length = 0 {{(pid=109111) log_opt_values /opt/stack/data/venv/lib/python3.12/site-packages/oslo_config/cfg.py:3253}}
Jul 24 00:50:29.916832 np0000186473 nova-conductor[109111]: DEBUG cotyledon.oslo_config_glue [-] oslo_messaging_rabbit.rabbit_quorum_queue = False {{(pid=109111) log_opt_values /opt/stack/data/venv/lib/python3.12/site-packages/oslo_config/cfg.py:3253}}
Jul 24 00:50:29.916832 np0000186473 nova-conductor[109111]: DEBUG cotyledon.oslo_config_glue [-] oslo_messaging_rabbit.rabbit_retry_backoff = 2 {{(pid=109111) log_opt_values /opt/stack/data/venv/lib/python3.12/site-packages/oslo_config/cfg.py:3253}}
Jul 24 00:50:29.916832 np0000186473 nova-conductor[109111]: DEBUG cotyledon.oslo_config_glue [-] oslo_messaging_rabbit.rabbit_retry_interval = 1 {{(pid=109111) log_opt_values /opt/stack/data/venv/lib/python3.12/site-packages/oslo_config/cfg.py:3253}}
Jul 24 00:50:29.917022 np0000186473 nova-conductor[109111]: DEBUG cotyledon.oslo_config_glue [-] oslo_messaging_rabbit.rabbit_stream_fanout = False {{(pid=109111) log_opt_values /opt/stack/data/venv/lib/python3.12/site-packages/oslo_config/cfg.py:3253}}
Jul 24 00:50:29.917022 np0000186473 nova-conductor[109111]: DEBUG cotyledon.oslo_config_glue [-] oslo_messaging_rabbit.rabbit_transient_queues_ttl = 1800 {{(pid=109111) log_opt_values /opt/stack/data/venv/lib/python3.12/site-packages/oslo_config/cfg.py:3253}}
Jul 24 00:50:29.917022 np0000186473 nova-conductor[109111]: DEBUG cotyledon.oslo_config_glue [-] oslo_messaging_rabbit.rabbit_transient_quorum_queue = False {{(pid=109111) log_opt_values /opt/stack/data/venv/lib/python3.12/site-packages/oslo_config/cfg.py:3253}}
Jul 24 00:50:29.917022 np0000186473 nova-conductor[109111]: DEBUG cotyledon.oslo_config_glue [-] oslo_messaging_rabbit.rpc_conn_pool_size = 30 {{(pid=109111) log_opt_values /opt/stack/data/venv/lib/python3.12/site-packages/oslo_config/cfg.py:3253}}
Jul 24 00:50:29.917022 np0000186473 nova-conductor[109111]: DEBUG cotyledon.oslo_config_glue [-] oslo_messaging_rabbit.ssl = False {{(pid=109111) log_opt_values /opt/stack/data/venv/lib/python3.12/site-packages/oslo_config/cfg.py:3253}}
Jul 24 00:50:29.917022 np0000186473 nova-conductor[109111]: DEBUG cotyledon.oslo_config_glue [-] oslo_messaging_rabbit.ssl_ca_file = {{(pid=109111) log_opt_values /opt/stack/data/venv/lib/python3.12/site-packages/oslo_config/cfg.py:3253}}
Jul 24 00:50:29.917022 np0000186473 nova-conductor[109111]: DEBUG cotyledon.oslo_config_glue [-] oslo_messaging_rabbit.ssl_cert_file = {{(pid=109111) log_opt_values /opt/stack/data/venv/lib/python3.12/site-packages/oslo_config/cfg.py:3253}}
Jul 24 00:50:29.917022 np0000186473 nova-conductor[109111]: DEBUG cotyledon.oslo_config_glue [-] oslo_messaging_rabbit.ssl_enforce_fips_mode = False {{(pid=109111) log_opt_values /opt/stack/data/venv/lib/python3.12/site-packages/oslo_config/cfg.py:3253}}
Jul 24 00:50:29.917022 np0000186473 nova-conductor[109111]: DEBUG cotyledon.oslo_config_glue [-] oslo_messaging_rabbit.ssl_enforce_hostname_verification = True {{(pid=109111) log_opt_values /opt/stack/data/venv/lib/python3.12/site-packages/oslo_config/cfg.py:3253}}
Jul 24 00:50:29.917239 np0000186473 nova-conductor[109111]: DEBUG cotyledon.oslo_config_glue [-] oslo_messaging_rabbit.ssl_key_file = {{(pid=109111) log_opt_values /opt/stack/data/venv/lib/python3.12/site-packages/oslo_config/cfg.py:3253}}
Jul 24 00:50:29.917239 np0000186473 nova-conductor[109111]: DEBUG cotyledon.oslo_config_glue [-] oslo_messaging_rabbit.ssl_version = {{(pid=109111) log_opt_values /opt/stack/data/venv/lib/python3.12/site-packages/oslo_config/cfg.py:3253}}
Jul 24 00:50:29.917239 np0000186473 nova-conductor[109111]: DEBUG cotyledon.oslo_config_glue [-] oslo_messaging_rabbit.use_queue_manager = False {{(pid=109111) log_opt_values /opt/stack/data/venv/lib/python3.12/site-packages/oslo_config/cfg.py:3253}}
Jul 24 00:50:29.917239 np0000186473 nova-conductor[109111]: DEBUG cotyledon.oslo_config_glue [-] oslo_messaging_notifications.driver = ['messagingv2'] {{(pid=109111) log_opt_values /opt/stack/data/venv/lib/python3.12/site-packages/oslo_config/cfg.py:3253}}
Jul 24 00:50:29.917239 np0000186473 nova-conductor[109111]: DEBUG cotyledon.oslo_config_glue [-] oslo_messaging_notifications.retry = -1 {{(pid=109111) log_opt_values /opt/stack/data/venv/lib/python3.12/site-packages/oslo_config/cfg.py:3253}}
Jul 24 00:50:29.917239 np0000186473 nova-conductor[109111]: DEBUG cotyledon.oslo_config_glue [-] oslo_messaging_notifications.topics = ['notifications'] {{(pid=109111) log_opt_values /opt/stack/data/venv/lib/python3.12/site-packages/oslo_config/cfg.py:3253}}
Jul 24 00:50:29.917239 np0000186473 nova-conductor[109111]: DEBUG cotyledon.oslo_config_glue [-] oslo_messaging_notifications.transport_url = **** {{(pid=109111) log_opt_values /opt/stack/data/venv/lib/python3.12/site-packages/oslo_config/cfg.py:3253}}
Jul 24 00:50:29.917239 np0000186473 nova-conductor[109111]: DEBUG cotyledon.oslo_config_glue [-] oslo_limit.auth_section = None {{(pid=109111) log_opt_values /opt/stack/data/venv/lib/python3.12/site-packages/oslo_config/cfg.py:3253}}
Jul 24 00:50:29.917239 np0000186473 nova-conductor[109111]: DEBUG cotyledon.oslo_config_glue [-] oslo_limit.auth_type = None {{(pid=109111) log_opt_values /opt/stack/data/venv/lib/python3.12/site-packages/oslo_config/cfg.py:3253}}
Jul 24 00:50:29.917454 np0000186473 nova-conductor[109111]: DEBUG cotyledon.oslo_config_glue [-] oslo_limit.cafile = None {{(pid=109111) log_opt_values /opt/stack/data/venv/lib/python3.12/site-packages/oslo_config/cfg.py:3253}}
Jul 24 00:50:29.917454 np0000186473 nova-conductor[109111]: DEBUG cotyledon.oslo_config_glue [-] oslo_limit.certfile = None {{(pid=109111) log_opt_values /opt/stack/data/venv/lib/python3.12/site-packages/oslo_config/cfg.py:3253}}
Jul 24 00:50:29.917454 np0000186473 nova-conductor[109111]: DEBUG cotyledon.oslo_config_glue [-] oslo_limit.collect_timing = False {{(pid=109111) log_opt_values /opt/stack/data/venv/lib/python3.12/site-packages/oslo_config/cfg.py:3253}}
Jul 24 00:50:29.917454 np0000186473 nova-conductor[109111]: DEBUG cotyledon.oslo_config_glue [-] oslo_limit.connect_retries = None {{(pid=109111) log_opt_values /opt/stack/data/venv/lib/python3.12/site-packages/oslo_config/cfg.py:3253}}
Jul 24 00:50:29.917454 np0000186473 nova-conductor[109111]: DEBUG cotyledon.oslo_config_glue [-] oslo_limit.connect_retry_delay = None {{(pid=109111) log_opt_values /opt/stack/data/venv/lib/python3.12/site-packages/oslo_config/cfg.py:3253}}
Jul 24 00:50:29.917454 np0000186473 nova-conductor[109111]: DEBUG cotyledon.oslo_config_glue [-] oslo_limit.endpoint_id = None {{(pid=109111) log_opt_values /opt/stack/data/venv/lib/python3.12/site-packages/oslo_config/cfg.py:3253}}
Jul 24 00:50:29.917454 np0000186473 nova-conductor[109111]: DEBUG cotyledon.oslo_config_glue [-] oslo_limit.endpoint_interface = public {{(pid=109111) log_opt_values /opt/stack/data/venv/lib/python3.12/site-packages/oslo_config/cfg.py:3253}}
Jul 24 00:50:29.917454 np0000186473 nova-conductor[109111]: DEBUG cotyledon.oslo_config_glue [-] oslo_limit.endpoint_override = None {{(pid=109111) log_opt_values /opt/stack/data/venv/lib/python3.12/site-packages/oslo_config/cfg.py:3253}}
Jul 24 00:50:29.917454 np0000186473 nova-conductor[109111]: DEBUG cotyledon.oslo_config_glue [-] oslo_limit.endpoint_region_name = None {{(pid=109111) log_opt_values /opt/stack/data/venv/lib/python3.12/site-packages/oslo_config/cfg.py:3253}}
Jul 24 00:50:29.917692 np0000186473 nova-conductor[109111]: DEBUG cotyledon.oslo_config_glue [-] oslo_limit.endpoint_service_name = None {{(pid=109111) log_opt_values /opt/stack/data/venv/lib/python3.12/site-packages/oslo_config/cfg.py:3253}}
Jul 24 00:50:29.917692 np0000186473 nova-conductor[109111]: DEBUG cotyledon.oslo_config_glue [-] oslo_limit.endpoint_service_type = None {{(pid=109111) log_opt_values /opt/stack/data/venv/lib/python3.12/site-packages/oslo_config/cfg.py:3253}}
Jul 24 00:50:29.917692 np0000186473 nova-conductor[109111]: DEBUG cotyledon.oslo_config_glue [-] oslo_limit.insecure = False {{(pid=109111) log_opt_values /opt/stack/data/venv/lib/python3.12/site-packages/oslo_config/cfg.py:3253}}
Jul 24 00:50:29.917692 np0000186473 nova-conductor[109111]: DEBUG cotyledon.oslo_config_glue [-] oslo_limit.keyfile = None {{(pid=109111) log_opt_values /opt/stack/data/venv/lib/python3.12/site-packages/oslo_config/cfg.py:3253}}
Jul 24 00:50:29.917692 np0000186473 nova-conductor[109111]: DEBUG cotyledon.oslo_config_glue [-] oslo_limit.max_version = None {{(pid=109111) log_opt_values /opt/stack/data/venv/lib/python3.12/site-packages/oslo_config/cfg.py:3253}}
Jul 24 00:50:29.917692 np0000186473 nova-conductor[109111]: DEBUG cotyledon.oslo_config_glue [-] oslo_limit.min_version = None {{(pid=109111) log_opt_values /opt/stack/data/venv/lib/python3.12/site-packages/oslo_config/cfg.py:3253}}
Jul 24 00:50:29.917692 np0000186473 nova-conductor[109111]: DEBUG cotyledon.oslo_config_glue [-] oslo_limit.region_name = None {{(pid=109111) log_opt_values /opt/stack/data/venv/lib/python3.12/site-packages/oslo_config/cfg.py:3253}}
Jul 24 00:50:29.917692 np0000186473 nova-conductor[109111]: DEBUG cotyledon.oslo_config_glue [-] oslo_limit.retriable_status_codes = None {{(pid=109111) log_opt_values /opt/stack/data/venv/lib/python3.12/site-packages/oslo_config/cfg.py:3253}}
Jul 24 00:50:29.917692 np0000186473 nova-conductor[109111]: DEBUG cotyledon.oslo_config_glue [-] oslo_limit.service_name = None {{(pid=109111) log_opt_values /opt/stack/data/venv/lib/python3.12/site-packages/oslo_config/cfg.py:3253}}
Jul 24 00:50:29.917974 np0000186473 nova-conductor[109111]: DEBUG cotyledon.oslo_config_glue [-] oslo_limit.service_type = None {{(pid=109111) log_opt_values /opt/stack/data/venv/lib/python3.12/site-packages/oslo_config/cfg.py:3253}}
Jul 24 00:50:29.917974 np0000186473 nova-conductor[109111]: DEBUG cotyledon.oslo_config_glue [-] oslo_limit.split_loggers = False {{(pid=109111) log_opt_values /opt/stack/data/venv/lib/python3.12/site-packages/oslo_config/cfg.py:3253}}
Jul 24 00:50:29.917974 np0000186473 nova-conductor[109111]: DEBUG cotyledon.oslo_config_glue [-] oslo_limit.status_code_retries = None {{(pid=109111) log_opt_values /opt/stack/data/venv/lib/python3.12/site-packages/oslo_config/cfg.py:3253}}
Jul 24 00:50:29.917974 np0000186473 nova-conductor[109111]: DEBUG cotyledon.oslo_config_glue [-] oslo_limit.status_code_retry_delay = None {{(pid=109111) log_opt_values /opt/stack/data/venv/lib/python3.12/site-packages/oslo_config/cfg.py:3253}}
Jul 24 00:50:29.917974 np0000186473 nova-conductor[109111]: DEBUG cotyledon.oslo_config_glue [-] oslo_limit.timeout = None {{(pid=109111) log_opt_values /opt/stack/data/venv/lib/python3.12/site-packages/oslo_config/cfg.py:3253}}
Jul 24 00:50:29.917974 np0000186473 nova-conductor[109111]: DEBUG cotyledon.oslo_config_glue [-] oslo_limit.valid_interfaces = None {{(pid=109111) log_opt_values /opt/stack/data/venv/lib/python3.12/site-packages/oslo_config/cfg.py:3253}}
Jul 24 00:50:29.917974 np0000186473 nova-conductor[109111]: DEBUG cotyledon.oslo_config_glue [-] oslo_limit.version = None {{(pid=109111) log_opt_values /opt/stack/data/venv/lib/python3.12/site-packages/oslo_config/cfg.py:3253}}
Jul 24 00:50:29.917974 np0000186473 nova-conductor[109111]: DEBUG cotyledon.oslo_config_glue [-] oslo_reports.file_event_handler = None {{(pid=109111) log_opt_values /opt/stack/data/venv/lib/python3.12/site-packages/oslo_config/cfg.py:3253}}
Jul 24 00:50:29.917974 np0000186473 nova-conductor[109111]: DEBUG cotyledon.oslo_config_glue [-] oslo_reports.file_event_handler_interval = 1 {{(pid=109111) log_opt_values /opt/stack/data/venv/lib/python3.12/site-packages/oslo_config/cfg.py:3253}}
Jul 24 00:50:29.918217 np0000186473 nova-conductor[109111]: DEBUG cotyledon.oslo_config_glue [-] oslo_reports.log_dir = None {{(pid=109111) log_opt_values /opt/stack/data/venv/lib/python3.12/site-packages/oslo_config/cfg.py:3253}}
Jul 24 00:50:29.918217 np0000186473 nova-conductor[109111]: DEBUG cotyledon.oslo_config_glue [-] ******************************************************************************** {{(pid=109111) log_opt_values /opt/stack/data/venv/lib/python3.12/site-packages/oslo_config/cfg.py:3260}}
Jul 24 00:50:29.918217 np0000186473 nova-conductor[109111]: DEBUG cotyledon._service_worker [-] Run service ServiceWrapper(2) [109111] {{(pid=109111) wait_forever /opt/stack/data/venv/lib/python3.12/site-packages/cotyledon/_service_worker.py:218}}
Jul 24 00:50:29.918217 np0000186473 nova-conductor[109111]: INFO nova.service [-] Starting conductor node (version 33.1.0)
Jul 24 00:50:29.918324 np0000186473 nova-conductor[109097]: DEBUG dbcounter [-] [109097] Writer thread running {{(pid=109097) stat_writer /opt/stack/data/venv/lib/python3.12/site-packages/dbcounter.py:102}}
Jul 24 00:50:29.918354 np0000186473 nova-conductor[109119]: INFO dbcounter [None req-4a0b22e7-a156-416f-92fc-cd353e631481 None None] Registered counter for database nova_cell0
Jul 24 00:50:29.919223 np0000186473 nova-conductor[109111]: INFO dbcounter [None req-4fcce4a1-f68c-43f1-9369-cc72784a9d83 None None] Registered counter for database nova_cell0
Jul 24 00:50:29.921016 np0000186473 nova-conductor[109104]: DEBUG oslo_db.sqlalchemy.engines [None req-e5215cd7-8689-4408-b8ff-37b7fd858689 None None] MySQL server mode set to STRICT_TRANS_TABLES,STRICT_ALL_TABLES,NO_ZERO_IN_DATE,NO_ZERO_DATE,ERROR_FOR_DIVISION_BY_ZERO,TRADITIONAL,NO_ENGINE_SUBSTITUTION {{(pid=109104) _check_effective_sql_mode /opt/stack/data/venv/lib/python3.12/site-packages/oslo_db/sqlalchemy/engines.py:325}}
Jul 24 00:50:29.930294 np0000186473 nova-conductor[109097]: DEBUG nova.service [None req-8b282a22-aae5-4cd7-8e94-3673496ce3f1 None None] Creating RPC server for service: nova-conductor on topic: conductor {{(pid=109097) start /opt/stack/nova/nova/service.py:196}}
Jul 24 00:50:29.933612 np0000186473 nova-conductor[109104]: DEBUG dbcounter [-] [109104] Writer thread running {{(pid=109104) stat_writer /opt/stack/data/venv/lib/python3.12/site-packages/dbcounter.py:102}}
Jul 24 00:50:29.936529 np0000186473 nova-conductor[109104]: DEBUG nova.service [None req-e5215cd7-8689-4408-b8ff-37b7fd858689 None None] Creating RPC server for service: nova-conductor on topic: conductor {{(pid=109104) start /opt/stack/nova/nova/service.py:196}}
Jul 24 00:50:29.954773 np0000186473 nova-conductor[109119]: DEBUG oslo_db.sqlalchemy.engines [None req-4a0b22e7-a156-416f-92fc-cd353e631481 None None] MySQL server mode set to STRICT_TRANS_TABLES,STRICT_ALL_TABLES,NO_ZERO_IN_DATE,NO_ZERO_DATE,ERROR_FOR_DIVISION_BY_ZERO,TRADITIONAL,NO_ENGINE_SUBSTITUTION {{(pid=109119) _check_effective_sql_mode /opt/stack/data/venv/lib/python3.12/site-packages/oslo_db/sqlalchemy/engines.py:325}}
Jul 24 00:50:29.959855 np0000186473 nova-conductor[109097]: DEBUG nova.service [None req-8b282a22-aae5-4cd7-8e94-3673496ce3f1 None None] Join ServiceGroup membership for this service conductor {{(pid=109097) start /opt/stack/nova/nova/service.py:222}}
Jul 24 00:50:29.960084 np0000186473 nova-conductor[109097]: DEBUG nova.servicegroup.drivers.db [None req-8b282a22-aae5-4cd7-8e94-3673496ce3f1 None None] DB_Driver: join new ServiceGroup member np0000186473 to the conductor group, service = {{(pid=109097) join /opt/stack/nova/nova/servicegroup/drivers/db.py:44}}
Jul 24 00:50:29.962426 np0000186473 nova-conductor[109104]: DEBUG nova.service [None req-e5215cd7-8689-4408-b8ff-37b7fd858689 None None] Join ServiceGroup membership for this service conductor {{(pid=109104) start /opt/stack/nova/nova/service.py:222}}
Jul 24 00:50:29.962672 np0000186473 nova-conductor[109104]: DEBUG nova.servicegroup.drivers.db [None req-e5215cd7-8689-4408-b8ff-37b7fd858689 None None] DB_Driver: join new ServiceGroup member np0000186473 to the conductor group, service = {{(pid=109104) join /opt/stack/nova/nova/servicegroup/drivers/db.py:44}}
Jul 24 00:50:29.964414 np0000186473 nova-conductor[109111]: DEBUG oslo_db.sqlalchemy.engines [None req-4fcce4a1-f68c-43f1-9369-cc72784a9d83 None None] MySQL server mode set to STRICT_TRANS_TABLES,STRICT_ALL_TABLES,NO_ZERO_IN_DATE,NO_ZERO_DATE,ERROR_FOR_DIVISION_BY_ZERO,TRADITIONAL,NO_ENGINE_SUBSTITUTION {{(pid=109111) _check_effective_sql_mode /opt/stack/data/venv/lib/python3.12/site-packages/oslo_db/sqlalchemy/engines.py:325}}
Jul 24 00:50:29.964855 np0000186473 nova-conductor[109119]: DEBUG dbcounter [-] [109119] Writer thread running {{(pid=109119) stat_writer /opt/stack/data/venv/lib/python3.12/site-packages/dbcounter.py:102}}
Jul 24 00:50:29.968002 np0000186473 nova-conductor[109119]: DEBUG nova.service [None req-4a0b22e7-a156-416f-92fc-cd353e631481 None None] Creating RPC server for service: nova-conductor on topic: conductor {{(pid=109119) start /opt/stack/nova/nova/service.py:196}}
Jul 24 00:50:29.976299 np0000186473 nova-conductor[109111]: DEBUG dbcounter [-] [109111] Writer thread running {{(pid=109111) stat_writer /opt/stack/data/venv/lib/python3.12/site-packages/dbcounter.py:102}}
Jul 24 00:50:29.979303 np0000186473 nova-conductor[109111]: DEBUG nova.service [None req-4fcce4a1-f68c-43f1-9369-cc72784a9d83 None None] Creating RPC server for service: nova-conductor on topic: conductor {{(pid=109111) start /opt/stack/nova/nova/service.py:196}}
Jul 24 00:50:29.988498 np0000186473 nova-conductor[109119]: DEBUG nova.service [None req-4a0b22e7-a156-416f-92fc-cd353e631481 None None] Join ServiceGroup membership for this service conductor {{(pid=109119) start /opt/stack/nova/nova/service.py:222}}
Jul 24 00:50:29.988765 np0000186473 nova-conductor[109119]: DEBUG nova.servicegroup.drivers.db [None req-4a0b22e7-a156-416f-92fc-cd353e631481 None None] DB_Driver: join new ServiceGroup member np0000186473 to the conductor group, service = {{(pid=109119) join /opt/stack/nova/nova/servicegroup/drivers/db.py:44}}
Jul 24 00:50:29.995825 np0000186473 nova-conductor[109111]: DEBUG nova.service [None req-4fcce4a1-f68c-43f1-9369-cc72784a9d83 None None] Join ServiceGroup membership for this service conductor {{(pid=109111) start /opt/stack/nova/nova/service.py:222}}
Jul 24 00:50:29.995996 np0000186473 nova-conductor[109111]: DEBUG nova.servicegroup.drivers.db [None req-4fcce4a1-f68c-43f1-9369-cc72784a9d83 None None] DB_Driver: join new ServiceGroup member np0000186473 to the conductor group, service = {{(pid=109111) join /opt/stack/nova/nova/servicegroup/drivers/db.py:44}}
Jul 24 00:50:30.963235 np0000186473 nova-conductor[109097]: DEBUG oslo.service.backend._threading.loopingcall [None req-27eabe27-6ef9-4b26-a72d-c444da7cd95b None None] Dynamic interval looping call 'nova.service.Service.periodic_tasks' sleeping for 60.00 seconds {{(pid=109097) _run_loop /opt/stack/data/venv/lib/python3.12/site-packages/oslo_service/backend/_threading/loopingcall.py:125}}
Jul 24 00:50:34.978594 np0000186473 nova-conductor[109097]: DEBUG oslo.service.backend._threading.loopingcall [-] Fixed interval looping call 'nova.servicegroup.drivers.db.DbDriver._report_state' sleeping for 119.98 seconds {{(pid=109097) _run_loop /opt/stack/data/venv/lib/python3.12/site-packages/oslo_service/backend/_threading/loopingcall.py:125}}
Jul 24 00:50:34.982246 np0000186473 nova-conductor[109104]: DEBUG oslo.service.backend._threading.loopingcall [-] Fixed interval looping call 'nova.servicegroup.drivers.db.DbDriver._report_state' sleeping for 119.98 seconds {{(pid=109104) _run_loop /opt/stack/data/venv/lib/python3.12/site-packages/oslo_service/backend/_threading/loopingcall.py:125}}
Jul 24 00:50:35.005546 np0000186473 nova-conductor[109119]: DEBUG oslo.service.backend._threading.loopingcall [-] Fixed interval looping call 'nova.servicegroup.drivers.db.DbDriver._report_state' sleeping for 119.99 seconds {{(pid=109119) _run_loop /opt/stack/data/venv/lib/python3.12/site-packages/oslo_service/backend/_threading/loopingcall.py:125}}
Jul 24 00:50:35.011218 np0000186473 nova-conductor[109111]: DEBUG oslo.service.backend._threading.loopingcall [-] Fixed interval looping call 'nova.servicegroup.drivers.db.DbDriver._report_state' sleeping for 119.99 seconds {{(pid=109111) _run_loop /opt/stack/data/venv/lib/python3.12/site-packages/oslo_service/backend/_threading/loopingcall.py:125}}
Jul 24 00:50:37.970415 np0000186473 nova-conductor[109104]: DEBUG oslo.service.backend._threading.loopingcall [None req-8e893d1c-c689-4882-9206-666513029122 None None] Dynamic interval looping call 'nova.service.Service.periodic_tasks' sleeping for 60.00 seconds {{(pid=109104) _run_loop /opt/stack/data/venv/lib/python3.12/site-packages/oslo_service/backend/_threading/loopingcall.py:125}}
Jul 24 00:50:38.524520 np0000186473 nova-conductor[108247]: DEBUG dbcounter [-] [108247] Writing DB stats nova_api:SELECT=1 {{(pid=108247) stat_writer /opt/stack/data/venv/lib/python3.12/site-packages/dbcounter.py:115}}
Jul 24 00:50:38.659482 np0000186473 nova-conductor[108247]: DEBUG dbcounter [-] [108247] Writing DB stats nova_cell0:SELECT=1 {{(pid=108247) stat_writer /opt/stack/data/venv/lib/python3.12/site-packages/dbcounter.py:115}}
Jul 24 00:50:38.667011 np0000186473 nova-conductor[108247]: DEBUG dbcounter [-] [108247] Writing DB stats nova_cell1:SELECT=1 {{(pid=108247) stat_writer /opt/stack/data/venv/lib/python3.12/site-packages/dbcounter.py:115}}
Jul 24 00:50:44.972985 np0000186473 nova-conductor[109097]: DEBUG dbcounter [-] [109097] Writing DB stats nova_cell0:SELECT=4,nova_cell0:INSERT=1,nova_cell0:UPDATE=1 {{(pid=109097) stat_writer /opt/stack/data/venv/lib/python3.12/site-packages/dbcounter.py:115}}
Jul 24 00:50:44.980986 np0000186473 nova-conductor[109104]: DEBUG dbcounter [-] [109104] Writing DB stats nova_cell0:SELECT=3,nova_cell0:UPDATE=1 {{(pid=109104) stat_writer /opt/stack/data/venv/lib/python3.12/site-packages/dbcounter.py:115}}
Jul 24 00:50:45.004809 np0000186473 nova-conductor[109119]: DEBUG dbcounter [-] [109119] Writing DB stats nova_cell0:SELECT=3 {{(pid=109119) stat_writer /opt/stack/data/venv/lib/python3.12/site-packages/dbcounter.py:115}}
Jul 24 00:50:45.008419 np0000186473 nova-conductor[109111]: DEBUG dbcounter [-] [109111] Writing DB stats nova_cell0:SELECT=3 {{(pid=109111) stat_writer /opt/stack/data/venv/lib/python3.12/site-packages/dbcounter.py:115}}
Jul 24 00:51:00.993120 np0000186473 nova-conductor[109119]: DEBUG oslo.service.backend._threading.loopingcall [None req-e9ac6f03-3b62-4d33-9f03-6e2d4d8e1f96 None None] Dynamic interval looping call 'nova.service.Service.periodic_tasks' sleeping for 60.00 seconds {{(pid=109119) _run_loop /opt/stack/data/venv/lib/python3.12/site-packages/oslo_service/backend/_threading/loopingcall.py:125}}
Jul 24 00:51:15.999865 np0000186473 nova-conductor[109111]: DEBUG oslo.service.backend._threading.loopingcall [None req-983960cd-d4b0-4263-83e2-c8754d739c6a None None] Dynamic interval looping call 'nova.service.Service.periodic_tasks' sleeping for 60.00 seconds {{(pid=109111) _run_loop /opt/stack/data/venv/lib/python3.12/site-packages/oslo_service/backend/_threading/loopingcall.py:125}}
Jul 24 00:51:30.964370 np0000186473 nova-conductor[109097]: DEBUG oslo.service.backend._threading.loopingcall [None req-27eabe27-6ef9-4b26-a72d-c444da7cd95b None None] Dynamic interval looping call 'nova.service.Service.periodic_tasks' sleeping for 60.00 seconds {{(pid=109097) _run_loop /opt/stack/data/venv/lib/python3.12/site-packages/oslo_service/backend/_threading/loopingcall.py:125}}
Jul 24 00:51:37.967535 np0000186473 nova-conductor[109104]: DEBUG oslo.service.backend._threading.loopingcall [None req-8e893d1c-c689-4882-9206-666513029122 None None] Dynamic interval looping call 'nova.service.Service.periodic_tasks' sleeping for 60.00 seconds {{(pid=109104) _run_loop /opt/stack/data/venv/lib/python3.12/site-packages/oslo_service/backend/_threading/loopingcall.py:125}}
Jul 24 00:52:00.994002 np0000186473 nova-conductor[109119]: DEBUG oslo.service.backend._threading.loopingcall [None req-e9ac6f03-3b62-4d33-9f03-6e2d4d8e1f96 None None] Dynamic interval looping call 'nova.service.Service.periodic_tasks' sleeping for 60.00 seconds {{(pid=109119) _run_loop /opt/stack/data/venv/lib/python3.12/site-packages/oslo_service/backend/_threading/loopingcall.py:125}}
Jul 24 00:52:16.000016 np0000186473 nova-conductor[109111]: DEBUG oslo.service.backend._threading.loopingcall [None req-983960cd-d4b0-4263-83e2-c8754d739c6a None None] Dynamic interval looping call 'nova.service.Service.periodic_tasks' sleeping for 60.00 seconds {{(pid=109111) _run_loop /opt/stack/data/venv/lib/python3.12/site-packages/oslo_service/backend/_threading/loopingcall.py:125}}
Jul 24 00:52:30.965335 np0000186473 nova-conductor[109097]: DEBUG oslo.service.backend._threading.loopingcall [None req-27eabe27-6ef9-4b26-a72d-c444da7cd95b None None] Dynamic interval looping call 'nova.service.Service.periodic_tasks' sleeping for 60.00 seconds {{(pid=109097) _run_loop /opt/stack/data/venv/lib/python3.12/site-packages/oslo_service/backend/_threading/loopingcall.py:125}}
Jul 24 00:52:34.970969 np0000186473 nova-conductor[109097]: DEBUG oslo.service.backend._threading.loopingcall [-] Fixed interval looping call 'nova.servicegroup.drivers.db.DbDriver._report_state' sleeping for 119.99 seconds {{(pid=109097) _run_loop /opt/stack/data/venv/lib/python3.12/site-packages/oslo_service/backend/_threading/loopingcall.py:125}}
Jul 24 00:52:34.971749 np0000186473 nova-conductor[109104]: DEBUG oslo.service.backend._threading.loopingcall [-] Fixed interval looping call 'nova.servicegroup.drivers.db.DbDriver._report_state' sleeping for 119.99 seconds {{(pid=109104) _run_loop /opt/stack/data/venv/lib/python3.12/site-packages/oslo_service/backend/_threading/loopingcall.py:125}}
