2026-07-24 18:41:18.453 8 INFO cinder.api.openstack.wsgi [None req-5ce21e28-0d6c-41f4-bbff-08b18bd49c86 c671846658cd492f808a232f19c18351 db15568323354ab7977aefdee2968bcb - - default default] GET http://cinder-api.openstack.svc.cluster.local:8776/v3/db15568323354ab7977aefdee2968bcb/volumes/c0bfecd0-f26a-4cd7-be50-2fbcce579b35 /var/lib/openstack/lib/python3.10/site-packages/oslo_context/context.py:100: DeprecationWarning: Policy enforcement is depending on the value of is_admin. This key is deprecated. Please update your policy file to use the standard policy values. warnings.warn('Policy enforcement is depending on the value of '
2026-07-24 18:41:18.467 8 INFO cinder.volume.api [None req-5ce21e28-0d6c-41f4-bbff-08b18bd49c86 c671846658cd492f808a232f19c18351 db15568323354ab7977aefdee2968bcb - - default default] Volume info retrieved successfully.
2026-07-24 18:41:18.475 8 INFO cinder.api.openstack.wsgi [None req-5ce21e28-0d6c-41f4-bbff-08b18bd49c86 c671846658cd492f808a232f19c18351 db15568323354ab7977aefdee2968bcb - - default default] http://cinder-api.openstack.svc.cluster.local:8776/v3/db15568323354ab7977aefdee2968bcb/volumes/c0bfecd0-f26a-4cd7-be50-2fbcce579b35 returned with HTTP 200 [pid: 8|app: 0|req: 392/782] 10.0.0.195 () {32 vars in 775 bytes} [Fri Jul 24 18:41:18 2026] GET /v3/db15568323354ab7977aefdee2968bcb/volumes/c0bfecd0-f26a-4cd7-be50-2fbcce579b35 => generated 949 bytes in 27 msecs (HTTP/1.1 200) 7 headers in 285 bytes (1 switches on core 0) /var/lib/openstack/lib/python3.10/site-packages/pycadf/identifier.py:71: UserWarning: Invalid uuid: cinderv3. To ensure interoperability, identifiers should be a valid uuid. warnings.warn(('Invalid uuid: %s. To ensure interoperability, '
2026-07-24 18:41:19.500 7 INFO cinder.api.openstack.wsgi [None req-534dcea7-e415-4036-b7a8-fd5a8f5845cc c671846658cd492f808a232f19c18351 db15568323354ab7977aefdee2968bcb - - default default] GET http://cinder-api.openstack.svc.cluster.local:8776/v3/db15568323354ab7977aefdee2968bcb/volumes/c0bfecd0-f26a-4cd7-be50-2fbcce579b35
2026-07-24 18:41:19.512 7 INFO cinder.api.openstack.wsgi [None req-534dcea7-e415-4036-b7a8-fd5a8f5845cc c671846658cd492f808a232f19c18351 db15568323354ab7977aefdee2968bcb - - default default] http://cinder-api.openstack.svc.cluster.local:8776/v3/db15568323354ab7977aefdee2968bcb/volumes/c0bfecd0-f26a-4cd7-be50-2fbcce579b35 returned with HTTP 404 [pid: 7|app: 0|req: 391/783] 10.0.0.195 () {32 vars in 775 bytes} [Fri Jul 24 18:41:19 2026] GET /v3/db15568323354ab7977aefdee2968bcb/volumes/c0bfecd0-f26a-4cd7-be50-2fbcce579b35 => generated 109 bytes in 20 msecs (HTTP/1.1 404) 7 headers in 292 bytes (1 switches on core 0) /var/lib/openstack/lib/python3.10/site-packages/pycadf/identifier.py:71: UserWarning: Invalid uuid: cinderv3. To ensure interoperability, identifiers should be a valid uuid. warnings.warn(('Invalid uuid: %s. To ensure interoperability, '
2026-07-24 18:41:19.525 8 INFO cinder.api.openstack.wsgi [None req-fef29be2-a689-41be-a59e-3f0ac32f7a0e c671846658cd492f808a232f19c18351 db15568323354ab7977aefdee2968bcb - - default default] GET http://cinder-api.openstack.svc.cluster.local:8776/v3/db15568323354ab7977aefdee2968bcb/volumes/c529fc95-b26d-4fe0-8a8d-e511f1837921 /var/lib/openstack/lib/python3.10/site-packages/oslo_context/context.py:100: DeprecationWarning: Policy enforcement is depending on the value of is_admin. This key is deprecated. Please update your policy file to use the standard policy values. warnings.warn('Policy enforcement is depending on the value of '
2026-07-24 18:41:19.541 8 INFO cinder.volume.api [None req-fef29be2-a689-41be-a59e-3f0ac32f7a0e c671846658cd492f808a232f19c18351 db15568323354ab7977aefdee2968bcb - - default default] Volume info retrieved successfully.
2026-07-24 18:41:19.547 8 INFO cinder.api.openstack.wsgi [None req-fef29be2-a689-41be-a59e-3f0ac32f7a0e c671846658cd492f808a232f19c18351 db15568323354ab7977aefdee2968bcb - - default default] http://cinder-api.openstack.svc.cluster.local:8776/v3/db15568323354ab7977aefdee2968bcb/volumes/c529fc95-b26d-4fe0-8a8d-e511f1837921 returned with HTTP 200 [pid: 8|app: 0|req: 393/784] 10.0.0.195 () {32 vars in 775 bytes} [Fri Jul 24 18:41:19 2026] GET /v3/db15568323354ab7977aefdee2968bcb/volumes/c529fc95-b26d-4fe0-8a8d-e511f1837921 => generated 1387 bytes in 30 msecs (HTTP/1.1 200) 7 headers in 286 bytes (1 switches on core 0)
2026-07-24 18:41:19.572 7 INFO cinder.api.openstack.wsgi [None req-05c4f222-4909-4cee-991c-863436592e08 c671846658cd492f808a232f19c18351 db15568323354ab7977aefdee2968bcb - - default default] DELETE http://cinder-api.openstack.svc.cluster.local:8776/v3/db15568323354ab7977aefdee2968bcb/volumes/c529fc95-b26d-4fe0-8a8d-e511f1837921
2026-07-24 18:41:19.573 7 INFO cinder.api.v3.volumes [None req-05c4f222-4909-4cee-991c-863436592e08 c671846658cd492f808a232f19c18351 db15568323354ab7977aefdee2968bcb - - default default] Delete volume with id: c529fc95-b26d-4fe0-8a8d-e511f1837921  /var/lib/openstack/lib/python3.10/site-packages/oslo_context/context.py:100: DeprecationWarning: Policy enforcement is depending on the value of is_admin. This key is deprecated. Please update your policy file to use the standard policy values. warnings.warn('Policy enforcement is depending on the value of '
2026-07-24 18:41:19.587 7 INFO cinder.volume.api [None req-05c4f222-4909-4cee-991c-863436592e08 c671846658cd492f808a232f19c18351 db15568323354ab7977aefdee2968bcb - - default default] Volume info retrieved successfully.
2026-07-24 18:41:19.627 7 INFO cinder.volume.api [None req-05c4f222-4909-4cee-991c-863436592e08 c671846658cd492f808a232f19c18351 db15568323354ab7977aefdee2968bcb - - default default] Delete volume request issued successfully.
2026-07-24 18:41:19.627 7 INFO cinder.api.openstack.wsgi [None req-05c4f222-4909-4cee-991c-863436592e08 c671846658cd492f808a232f19c18351 db15568323354ab7977aefdee2968bcb - - default default] http://cinder-api.openstack.svc.cluster.local:8776/v3/db15568323354ab7977aefdee2968bcb/volumes/c529fc95-b26d-4fe0-8a8d-e511f1837921 returned with HTTP 202 [pid: 7|app: 0|req: 392/785] 10.0.0.195 () {32 vars in 778 bytes} [Fri Jul 24 18:41:19 2026] DELETE /v3/db15568323354ab7977aefdee2968bcb/volumes/c529fc95-b26d-4fe0-8a8d-e511f1837921 => generated 0 bytes in 65 msecs (HTTP/1.1 202) 6 headers in 233 bytes (1 switches on core 0) /var/lib/openstack/lib/python3.10/site-packages/pycadf/identifier.py:71: UserWarning: Invalid uuid: cinderv3. To ensure interoperability, identifiers should be a valid uuid. warnings.warn(('Invalid uuid: %s. To ensure interoperability, '
2026-07-24 18:41:19.646 8 INFO cinder.api.openstack.wsgi [None req-e16879b7-b25f-47d4-bd0b-033089703b94 c671846658cd492f808a232f19c18351 db15568323354ab7977aefdee2968bcb - - default default] GET http://cinder-api.openstack.svc.cluster.local:8776/v3/db15568323354ab7977aefdee2968bcb/volumes/c529fc95-b26d-4fe0-8a8d-e511f1837921 /var/lib/openstack/lib/python3.10/site-packages/oslo_context/context.py:100: DeprecationWarning: Policy enforcement is depending on the value of is_admin. This key is deprecated. Please update your policy file to use the standard policy values. warnings.warn('Policy enforcement is depending on the value of '
2026-07-24 18:41:19.664 8 INFO cinder.volume.api [None req-e16879b7-b25f-47d4-bd0b-033089703b94 c671846658cd492f808a232f19c18351 db15568323354ab7977aefdee2968bcb - - default default] Volume info retrieved successfully.
2026-07-24 18:41:19.689 8 INFO cinder.api.openstack.wsgi [None req-e16879b7-b25f-47d4-bd0b-033089703b94 c671846658cd492f808a232f19c18351 db15568323354ab7977aefdee2968bcb - - default default] http://cinder-api.openstack.svc.cluster.local:8776/v3/db15568323354ab7977aefdee2968bcb/volumes/c529fc95-b26d-4fe0-8a8d-e511f1837921 returned with HTTP 200 [pid: 8|app: 0|req: 394/786] 10.0.0.195 () {32 vars in 775 bytes} [Fri Jul 24 18:41:19 2026] GET /v3/db15568323354ab7977aefdee2968bcb/volumes/c529fc95-b26d-4fe0-8a8d-e511f1837921 => generated 1386 bytes in 52 msecs (HTTP/1.1 200) 7 headers in 286 bytes (1 switches on core 0) /var/lib/openstack/lib/python3.10/site-packages/pycadf/identifier.py:71: UserWarning: Invalid uuid: cinderv3. To ensure interoperability, identifiers should be a valid uuid. warnings.warn(('Invalid uuid: %s. To ensure interoperability, '
2026-07-24 18:41:20.719 7 INFO cinder.api.openstack.wsgi [None req-49ad57a0-7184-4b62-9220-cdbd2f2c687e c671846658cd492f808a232f19c18351 db15568323354ab7977aefdee2968bcb - - default default] GET http://cinder-api.openstack.svc.cluster.local:8776/v3/db15568323354ab7977aefdee2968bcb/volumes/c529fc95-b26d-4fe0-8a8d-e511f1837921
2026-07-24 18:41:20.729 7 INFO cinder.api.openstack.wsgi [None req-49ad57a0-7184-4b62-9220-cdbd2f2c687e c671846658cd492f808a232f19c18351 db15568323354ab7977aefdee2968bcb - - default default] http://cinder-api.openstack.svc.cluster.local:8776/v3/db15568323354ab7977aefdee2968bcb/volumes/c529fc95-b26d-4fe0-8a8d-e511f1837921 returned with HTTP 404 [pid: 7|app: 0|req: 393/787] 10.0.0.195 () {32 vars in 775 bytes} [Fri Jul 24 18:41:20 2026] GET /v3/db15568323354ab7977aefdee2968bcb/volumes/c529fc95-b26d-4fe0-8a8d-e511f1837921 => generated 109 bytes in 21 msecs (HTTP/1.1 404) 7 headers in 292 bytes (1 switches on core 0)
2026-07-24 18:41:21.004 8 INFO cinder.api.openstack.wsgi [None req-e16879b7-b25f-47d4-bd0b-033089703b94 c671846658cd492f808a232f19c18351 db15568323354ab7977aefdee2968bcb - - default default] GET http://10.0.0.194:8776/
2026-07-24 18:41:21.004 7 INFO cinder.api.openstack.wsgi [None req-49ad57a0-7184-4b62-9220-cdbd2f2c687e c671846658cd492f808a232f19c18351 db15568323354ab7977aefdee2968bcb - - default default] GET http://10.0.0.194:8776/
2026-07-24 18:41:21.004 8 INFO cinder.api.openstack.wsgi [None req-e16879b7-b25f-47d4-bd0b-033089703b94 c671846658cd492f808a232f19c18351 db15568323354ab7977aefdee2968bcb - - default default] http://10.0.0.194:8776/ returned with HTTP 300
2026-07-24 18:41:21.005 7 INFO cinder.api.openstack.wsgi [None req-49ad57a0-7184-4b62-9220-cdbd2f2c687e c671846658cd492f808a232f19c18351 db15568323354ab7977aefdee2968bcb - - default default] http://10.0.0.194:8776/ returned with HTTP 300
2026-07-24 18:41:25.139 8 INFO cinder.api.openstack.wsgi [None req-e16879b7-b25f-47d4-bd0b-033089703b94 c671846658cd492f808a232f19c18351 db15568323354ab7977aefdee2968bcb - - default default] GET http://cinder-api.openstack.svc.cluster.local:8776/
2026-07-24 18:41:25.140 8 INFO cinder.api.openstack.wsgi [None req-e16879b7-b25f-47d4-bd0b-033089703b94 c671846658cd492f808a232f19c18351 db15568323354ab7977aefdee2968bcb - - default default] http://cinder-api.openstack.svc.cluster.local:8776/ returned with HTTP 300 [pid: 8|app: 0|req: 396/790] 10.0.0.82 () {28 vars in 375 bytes} [Fri Jul 24 18:41:25 2026] GET / => generated 411 bytes in 4 msecs (HTTP/1.1 300) 5 headers in 169 bytes (1 switches on core 0)
2026-07-24 18:41:25.156 7 INFO cinder.api.openstack.wsgi [None req-b98aa54a-7ebc-4274-9c56-f77433fa0296 e80ebb7202924d299d4cb4dd9f93899e 52780f2fba744fea9e9b9b719e04a313 - - default default] GET http://cinder-api.openstack.svc.cluster.local:8776/v3/52780f2fba744fea9e9b9b719e04a313/limits?tenant_id=52780f2fba744fea9e9b9b719e04a313
2026-07-24 18:41:25.195 7 INFO cinder.api.openstack.wsgi [None req-b98aa54a-7ebc-4274-9c56-f77433fa0296 e80ebb7202924d299d4cb4dd9f93899e 52780f2fba744fea9e9b9b719e04a313 - - default default] http://cinder-api.openstack.svc.cluster.local:8776/v3/52780f2fba744fea9e9b9b719e04a313/limits?tenant_id=52780f2fba744fea9e9b9b719e04a313 returned with HTTP 200 [pid: 7|app: 0|req: 395/791] 10.0.0.82 () {34 vars in 878 bytes} [Fri Jul 24 18:41:25 2026] GET /v3/52780f2fba744fea9e9b9b719e04a313/limits?tenant_id=52780f2fba744fea9e9b9b719e04a313 => generated 302 bytes in 46 msecs (HTTP/1.1 200) 7 headers in 286 bytes (1 switches on core 0) /var/lib/openstack/lib/python3.10/site-packages/pycadf/identifier.py:71: UserWarning: Invalid uuid: cinderv3. To ensure interoperability, identifiers should be a valid uuid. warnings.warn(('Invalid uuid: %s. To ensure interoperability, '
2026-07-24 18:41:26.499 8 INFO cinder.api.openstack.wsgi [None req-0e478f41-327a-4287-9015-dd780ad1b9db f700292eaa164233bc4162f5be9a4f9f 57ae9dd40cf54dee9701597637dae482 - - default default] POST http://cinder-api.openstack.svc.cluster.local:8776/v3/57ae9dd40cf54dee9701597637dae482/volumes
2026-07-24 18:41:26.622 8 INFO cinder.api.v3.volumes [None req-0e478f41-327a-4287-9015-dd780ad1b9db f700292eaa164233bc4162f5be9a4f9f 57ae9dd40cf54dee9701597637dae482 - - default default] Create volume of 1 GB
2026-07-24 18:41:26.636 8 INFO cinder.volume.api [None req-0e478f41-327a-4287-9015-dd780ad1b9db f700292eaa164233bc4162f5be9a4f9f 57ae9dd40cf54dee9701597637dae482 - - default default] Availability Zones retrieved successfully.
2026-07-24 18:41:26.899 8 INFO cinder.volume.api [None req-0e478f41-327a-4287-9015-dd780ad1b9db f700292eaa164233bc4162f5be9a4f9f 57ae9dd40cf54dee9701597637dae482 - - default default] Create volume request issued successfully.
2026-07-24 18:41:26.901 8 INFO cinder.api.openstack.wsgi [None req-0e478f41-327a-4287-9015-dd780ad1b9db f700292eaa164233bc4162f5be9a4f9f 57ae9dd40cf54dee9701597637dae482 - - default default] http://cinder-api.openstack.svc.cluster.local:8776/v3/57ae9dd40cf54dee9701597637dae482/volumes returned with HTTP 202 [pid: 8|app: 0|req: 397/792] 10.0.0.195 () {34 vars in 723 bytes} [Fri Jul 24 18:41:26 2026] POST /v3/57ae9dd40cf54dee9701597637dae482/volumes => generated 865 bytes in 409 msecs (HTTP/1.1 202) 7 headers in 291 bytes (1 switches on core 0)
2026-07-24 18:41:26.932 7 INFO cinder.api.openstack.wsgi [None req-cdba089f-84e4-4ccf-85e7-627935510ae2 f700292eaa164233bc4162f5be9a4f9f 57ae9dd40cf54dee9701597637dae482 - - default default] GET http://cinder-api.openstack.svc.cluster.local:8776/v3/57ae9dd40cf54dee9701597637dae482/volumes/9b8809df-a717-4905-98d0-d5afca508da7 /var/lib/openstack/lib/python3.10/site-packages/oslo_context/context.py:100: DeprecationWarning: Policy enforcement is depending on the value of is_admin. This key is deprecated. Please update your policy file to use the standard policy values. warnings.warn('Policy enforcement is depending on the value of '
2026-07-24 18:41:26.949 7 INFO cinder.volume.api [None req-cdba089f-84e4-4ccf-85e7-627935510ae2 f700292eaa164233bc4162f5be9a4f9f 57ae9dd40cf54dee9701597637dae482 - - default default] Volume info retrieved successfully.
2026-07-24 18:41:26.957 7 INFO cinder.api.openstack.wsgi [None req-cdba089f-84e4-4ccf-85e7-627935510ae2 f700292eaa164233bc4162f5be9a4f9f 57ae9dd40cf54dee9701597637dae482 - - default default] http://cinder-api.openstack.svc.cluster.local:8776/v3/57ae9dd40cf54dee9701597637dae482/volumes/9b8809df-a717-4905-98d0-d5afca508da7 returned with HTTP 200 [pid: 7|app: 0|req: 396/793] 10.0.0.195 () {32 vars in 775 bytes} [Fri Jul 24 18:41:26 2026] GET /v3/57ae9dd40cf54dee9701597637dae482/volumes/9b8809df-a717-4905-98d0-d5afca508da7 => generated 933 bytes in 33 msecs (HTTP/1.1 200) 7 headers in 285 bytes (1 switches on core 0)
2026-07-24 18:41:27.076 8 INFO cinder.api.openstack.wsgi [None req-0e478f41-327a-4287-9015-dd780ad1b9db f700292eaa164233bc4162f5be9a4f9f 57ae9dd40cf54dee9701597637dae482 - - default default] GET http://cinder-api.openstack.svc.cluster.local:8776/
2026-07-24 18:41:27.078 8 INFO cinder.api.openstack.wsgi [None req-0e478f41-327a-4287-9015-dd780ad1b9db f700292eaa164233bc4162f5be9a4f9f 57ae9dd40cf54dee9701597637dae482 - - default default] http://cinder-api.openstack.svc.cluster.local:8776/ returned with HTTP 300 [pid: 8|app: 0|req: 398/794] 10.0.0.82 () {28 vars in 375 bytes} [Fri Jul 24 18:41:27 2026] GET / => generated 411 bytes in 4 msecs (HTTP/1.1 300) 5 headers in 169 bytes (1 switches on core 0)
2026-07-24 18:41:27.085 7 INFO cinder.api.openstack.wsgi [None req-cdba089f-84e4-4ccf-85e7-627935510ae2 f700292eaa164233bc4162f5be9a4f9f 57ae9dd40cf54dee9701597637dae482 - - default default] GET http://cinder-api.openstack.svc.cluster.local:8776/
2026-07-24 18:41:27.087 7 INFO cinder.api.openstack.wsgi [None req-cdba089f-84e4-4ccf-85e7-627935510ae2 f700292eaa164233bc4162f5be9a4f9f 57ae9dd40cf54dee9701597637dae482 - - default default] http://cinder-api.openstack.svc.cluster.local:8776/ returned with HTTP 300 [pid: 7|app: 0|req: 397/795] 10.0.0.82 () {28 vars in 375 bytes} [Fri Jul 24 18:41:27 2026] GET / => generated 411 bytes in 3 msecs (HTTP/1.1 300) 5 headers in 169 bytes (1 switches on core 0)
2026-07-24 18:41:27.763 8 INFO cinder.api.openstack.wsgi [None req-0e478f41-327a-4287-9015-dd780ad1b9db f700292eaa164233bc4162f5be9a4f9f 57ae9dd40cf54dee9701597637dae482 - - default default] GET http://cinder-api.openstack.svc.cluster.local:8776/
2026-07-24 18:41:27.764 8 INFO cinder.api.openstack.wsgi [None req-0e478f41-327a-4287-9015-dd780ad1b9db f700292eaa164233bc4162f5be9a4f9f 57ae9dd40cf54dee9701597637dae482 - - default default] http://cinder-api.openstack.svc.cluster.local:8776/ returned with HTTP 300 [pid: 8|app: 0|req: 399/796] 10.0.0.82 () {28 vars in 375 bytes} [Fri Jul 24 18:41:27 2026] GET / => generated 411 bytes in 3 msecs (HTTP/1.1 300) 5 headers in 169 bytes (1 switches on core 0) /var/lib/openstack/lib/python3.10/site-packages/pycadf/identifier.py:71: UserWarning: Invalid uuid: cinderv3. To ensure interoperability, identifiers should be a valid uuid. warnings.warn(('Invalid uuid: %s. To ensure interoperability, '
2026-07-24 18:41:27.778 7 INFO cinder.api.openstack.wsgi [None req-92ba15f3-b436-4e02-95f9-b8e7e3c1b512 e80ebb7202924d299d4cb4dd9f93899e 52780f2fba744fea9e9b9b719e04a313 - - default default] GET http://cinder-api.openstack.svc.cluster.local:8776/v3/52780f2fba744fea9e9b9b719e04a313/limits?tenant_id=52780f2fba744fea9e9b9b719e04a313
2026-07-24 18:41:27.812 7 INFO cinder.api.openstack.wsgi [None req-92ba15f3-b436-4e02-95f9-b8e7e3c1b512 e80ebb7202924d299d4cb4dd9f93899e 52780f2fba744fea9e9b9b719e04a313 - - default default] http://cinder-api.openstack.svc.cluster.local:8776/v3/52780f2fba744fea9e9b9b719e04a313/limits?tenant_id=52780f2fba744fea9e9b9b719e04a313 returned with HTTP 200 [pid: 7|app: 0|req: 398/797] 10.0.0.82 () {34 vars in 878 bytes} [Fri Jul 24 18:41:27 2026] GET /v3/52780f2fba744fea9e9b9b719e04a313/limits?tenant_id=52780f2fba744fea9e9b9b719e04a313 => generated 302 bytes in 43 msecs (HTTP/1.1 200) 7 headers in 286 bytes (1 switches on core 0) /var/lib/openstack/lib/python3.10/site-packages/pycadf/identifier.py:71: UserWarning: Invalid uuid: cinderv3. To ensure interoperability, identifiers should be a valid uuid. warnings.warn(('Invalid uuid: %s. To ensure interoperability, '
2026-07-24 18:41:27.981 8 INFO cinder.api.openstack.wsgi [None req-669821fe-cc72-477f-bd6a-ac513add64dc f700292eaa164233bc4162f5be9a4f9f 57ae9dd40cf54dee9701597637dae482 - - default default] GET http://cinder-api.openstack.svc.cluster.local:8776/v3/57ae9dd40cf54dee9701597637dae482/volumes/9b8809df-a717-4905-98d0-d5afca508da7 /var/lib/openstack/lib/python3.10/site-packages/oslo_context/context.py:100: DeprecationWarning: Policy enforcement is depending on the value of is_admin. This key is deprecated. Please update your policy file to use the standard policy values. warnings.warn('Policy enforcement is depending on the value of '
2026-07-24 18:41:28.000 8 INFO cinder.volume.api [None req-669821fe-cc72-477f-bd6a-ac513add64dc f700292eaa164233bc4162f5be9a4f9f 57ae9dd40cf54dee9701597637dae482 - - default default] Volume info retrieved successfully.
2026-07-24 18:41:28.009 8 INFO cinder.api.openstack.wsgi [None req-669821fe-cc72-477f-bd6a-ac513add64dc f700292eaa164233bc4162f5be9a4f9f 57ae9dd40cf54dee9701597637dae482 - - default default] http://cinder-api.openstack.svc.cluster.local:8776/v3/57ae9dd40cf54dee9701597637dae482/volumes/9b8809df-a717-4905-98d0-d5afca508da7 returned with HTTP 200 [pid: 8|app: 0|req: 400/798] 10.0.0.195 () {32 vars in 775 bytes} [Fri Jul 24 18:41:27 2026] GET /v3/57ae9dd40cf54dee9701597637dae482/volumes/9b8809df-a717-4905-98d0-d5afca508da7 => generated 1342 bytes in 36 msecs (HTTP/1.1 200) 7 headers in 286 bytes (1 switches on core 0)
2026-07-24 18:41:28.085 7 INFO cinder.api.openstack.wsgi [req-eb695740-c5bc-4d8c-8118-0004d6f20c9c req-91777d96-d003-4266-92eb-4f068ed84a21 f700292eaa164233bc4162f5be9a4f9f 57ae9dd40cf54dee9701597637dae482 - - default default] GET http://cinder-api.openstack.svc.cluster.local:8776/v3/57ae9dd40cf54dee9701597637dae482/volumes/9b8809df-a717-4905-98d0-d5afca508da7 /var/lib/openstack/lib/python3.10/site-packages/oslo_context/context.py:100: DeprecationWarning: Policy enforcement is depending on the value of is_admin. This key is deprecated. Please update your policy file to use the standard policy values. warnings.warn('Policy enforcement is depending on the value of '
2026-07-24 18:41:28.104 7 INFO cinder.volume.api [req-eb695740-c5bc-4d8c-8118-0004d6f20c9c req-91777d96-d003-4266-92eb-4f068ed84a21 f700292eaa164233bc4162f5be9a4f9f 57ae9dd40cf54dee9701597637dae482 - - default default] Volume info retrieved successfully.
2026-07-24 18:41:28.112 7 INFO cinder.api.openstack.wsgi [req-eb695740-c5bc-4d8c-8118-0004d6f20c9c req-91777d96-d003-4266-92eb-4f068ed84a21 f700292eaa164233bc4162f5be9a4f9f 57ae9dd40cf54dee9701597637dae482 - - default default] http://cinder-api.openstack.svc.cluster.local:8776/v3/57ae9dd40cf54dee9701597637dae482/volumes/9b8809df-a717-4905-98d0-d5afca508da7 returned with HTTP 200 [pid: 7|app: 0|req: 399/799] 10.0.0.3 () {34 vars in 1026 bytes} [Fri Jul 24 18:41:28 2026] GET /v3/57ae9dd40cf54dee9701597637dae482/volumes/9b8809df-a717-4905-98d0-d5afca508da7 => generated 1342 bytes in 35 msecs (HTTP/1.1 200) 7 headers in 286 bytes (1 switches on core 0) /var/lib/openstack/lib/python3.10/site-packages/pycadf/identifier.py:71: UserWarning: Invalid uuid: cinderv3. To ensure interoperability, identifiers should be a valid uuid. warnings.warn(('Invalid uuid: %s. To ensure interoperability, '
2026-07-24 18:41:28.670 8 INFO cinder.api.openstack.wsgi [req-eb695740-c5bc-4d8c-8118-0004d6f20c9c req-40448ca6-c98d-46d2-b583-584346a76241 f700292eaa164233bc4162f5be9a4f9f 57ae9dd40cf54dee9701597637dae482 - - default default] GET http://cinder-api.openstack.svc.cluster.local:8776/v3/57ae9dd40cf54dee9701597637dae482/volumes/9b8809df-a717-4905-98d0-d5afca508da7 /var/lib/openstack/lib/python3.10/site-packages/oslo_context/context.py:100: DeprecationWarning: Policy enforcement is depending on the value of is_admin. This key is deprecated. Please update your policy file to use the standard policy values. warnings.warn('Policy enforcement is depending on the value of '
2026-07-24 18:41:28.691 8 INFO cinder.volume.api [req-eb695740-c5bc-4d8c-8118-0004d6f20c9c req-40448ca6-c98d-46d2-b583-584346a76241 f700292eaa164233bc4162f5be9a4f9f 57ae9dd40cf54dee9701597637dae482 - - default default] Volume info retrieved successfully.
2026-07-24 18:41:28.698 8 INFO cinder.api.openstack.wsgi [req-eb695740-c5bc-4d8c-8118-0004d6f20c9c req-40448ca6-c98d-46d2-b583-584346a76241 f700292eaa164233bc4162f5be9a4f9f 57ae9dd40cf54dee9701597637dae482 - - default default] http://cinder-api.openstack.svc.cluster.local:8776/v3/57ae9dd40cf54dee9701597637dae482/volumes/9b8809df-a717-4905-98d0-d5afca508da7 returned with HTTP 200 [pid: 8|app: 0|req: 401/800] 10.0.0.3 () {34 vars in 1026 bytes} [Fri Jul 24 18:41:28 2026] GET /v3/57ae9dd40cf54dee9701597637dae482/volumes/9b8809df-a717-4905-98d0-d5afca508da7 => generated 1342 bytes in 38 msecs (HTTP/1.1 200) 7 headers in 286 bytes (1 switches on core 0)
2026-07-24 18:41:28.714 7 INFO cinder.api.openstack.wsgi [req-eb695740-c5bc-4d8c-8118-0004d6f20c9c req-91777d96-d003-4266-92eb-4f068ed84a21 f700292eaa164233bc4162f5be9a4f9f 57ae9dd40cf54dee9701597637dae482 - - default default] GET http://cinder-api.openstack.svc.cluster.local:8776/
2026-07-24 18:41:28.715 7 INFO cinder.api.openstack.wsgi [req-eb695740-c5bc-4d8c-8118-0004d6f20c9c req-91777d96-d003-4266-92eb-4f068ed84a21 f700292eaa164233bc4162f5be9a4f9f 57ae9dd40cf54dee9701597637dae482 - - default default] http://cinder-api.openstack.svc.cluster.local:8776/ returned with HTTP 300 [pid: 7|app: 0|req: 400/801] 10.0.0.3 () {32 vars in 827 bytes} [Fri Jul 24 18:41:28 2026] GET / => generated 411 bytes in 2 msecs (HTTP/1.1 300) 5 headers in 169 bytes (1 switches on core 0) /var/lib/openstack/lib/python3.10/site-packages/pycadf/identifier.py:71: UserWarning: Invalid uuid: cinderv3. To ensure interoperability, identifiers should be a valid uuid. warnings.warn(('Invalid uuid: %s. To ensure interoperability, '
2026-07-24 18:41:28.729 8 INFO cinder.api.openstack.wsgi [req-eb695740-c5bc-4d8c-8118-0004d6f20c9c req-2344d545-c2f7-41e8-ba34-2c2e1ed95126 f700292eaa164233bc4162f5be9a4f9f 57ae9dd40cf54dee9701597637dae482 - - default default] POST http://cinder-api.openstack.svc.cluster.local:8776/v3/57ae9dd40cf54dee9701597637dae482/attachments /var/lib/openstack/lib/python3.10/site-packages/oslo_context/context.py:100: DeprecationWarning: Policy enforcement is depending on the value of is_admin. This key is deprecated. Please update your policy file to use the standard policy values. warnings.warn('Policy enforcement is depending on the value of '
2026-07-24 18:41:28.804 8 INFO cinder.api.openstack.wsgi [req-eb695740-c5bc-4d8c-8118-0004d6f20c9c req-2344d545-c2f7-41e8-ba34-2c2e1ed95126 f700292eaa164233bc4162f5be9a4f9f 57ae9dd40cf54dee9701597637dae482 - - default default] http://cinder-api.openstack.svc.cluster.local:8776/v3/57ae9dd40cf54dee9701597637dae482/attachments returned with HTTP 200 [pid: 8|app: 0|req: 402/802] 10.0.0.3 () {40 vars in 1055 bytes} [Fri Jul 24 18:41:28 2026] POST /v3/57ae9dd40cf54dee9701597637dae482/attachments => generated 273 bytes in 85 msecs (HTTP/1.1 200) 7 headers in 286 bytes (1 switches on core 0)
2026-07-24 18:41:29.818 7 INFO cinder.api.openstack.wsgi [req-eb695740-c5bc-4d8c-8118-0004d6f20c9c req-91777d96-d003-4266-92eb-4f068ed84a21 f700292eaa164233bc4162f5be9a4f9f 57ae9dd40cf54dee9701597637dae482 - - default default] GET http://cinder-api.openstack.svc.cluster.local:8776/
2026-07-24 18:41:29.819 7 INFO cinder.api.openstack.wsgi [req-eb695740-c5bc-4d8c-8118-0004d6f20c9c req-91777d96-d003-4266-92eb-4f068ed84a21 f700292eaa164233bc4162f5be9a4f9f 57ae9dd40cf54dee9701597637dae482 - - default default] http://cinder-api.openstack.svc.cluster.local:8776/ returned with HTTP 300 [pid: 7|app: 0|req: 401/803] 10.0.0.82 () {28 vars in 375 bytes} [Fri Jul 24 18:41:29 2026] GET / => generated 411 bytes in 2 msecs (HTTP/1.1 300) 5 headers in 169 bytes (1 switches on core 0)
2026-07-24 18:41:29.827 8 INFO cinder.api.openstack.wsgi [req-eb695740-c5bc-4d8c-8118-0004d6f20c9c req-2344d545-c2f7-41e8-ba34-2c2e1ed95126 f700292eaa164233bc4162f5be9a4f9f 57ae9dd40cf54dee9701597637dae482 - - default default] GET http://cinder-api.openstack.svc.cluster.local:8776/
2026-07-24 18:41:29.829 8 INFO cinder.api.openstack.wsgi [req-eb695740-c5bc-4d8c-8118-0004d6f20c9c req-2344d545-c2f7-41e8-ba34-2c2e1ed95126 f700292eaa164233bc4162f5be9a4f9f 57ae9dd40cf54dee9701597637dae482 - - default default] http://cinder-api.openstack.svc.cluster.local:8776/ returned with HTTP 300 [pid: 8|app: 0|req: 403/804] 10.0.0.82 () {28 vars in 375 bytes} [Fri Jul 24 18:41:29 2026] GET / => generated 411 bytes in 3 msecs (HTTP/1.1 300) 5 headers in 169 bytes (1 switches on core 0)
2026-07-24 18:41:29.858 7 INFO cinder.api.openstack.wsgi [req-eb695740-c5bc-4d8c-8118-0004d6f20c9c req-91777d96-d003-4266-92eb-4f068ed84a21 f700292eaa164233bc4162f5be9a4f9f 57ae9dd40cf54dee9701597637dae482 - - default default] GET http://cinder-api.openstack.svc.cluster.local:8776/
2026-07-24 18:41:29.859 7 INFO cinder.api.openstack.wsgi [req-eb695740-c5bc-4d8c-8118-0004d6f20c9c req-91777d96-d003-4266-92eb-4f068ed84a21 f700292eaa164233bc4162f5be9a4f9f 57ae9dd40cf54dee9701597637dae482 - - default default] http://cinder-api.openstack.svc.cluster.local:8776/ returned with HTTP 300 [pid: 7|app: 0|req: 402/805] 199.19.213.152 () {32 vars in 840 bytes} [Fri Jul 24 18:41:29 2026] GET / => generated 411 bytes in 2 msecs (HTTP/1.1 300) 5 headers in 169 bytes (1 switches on core 0) /var/lib/openstack/lib/python3.10/site-packages/pycadf/identifier.py:71: UserWarning: Invalid uuid: cinderv3. To ensure interoperability, identifiers should be a valid uuid. warnings.warn(('Invalid uuid: %s. To ensure interoperability, '
2026-07-24 18:41:29.907 8 INFO cinder.api.openstack.wsgi [req-eb695740-c5bc-4d8c-8118-0004d6f20c9c req-0a75a413-7975-4340-aebe-c84672c2d469 f700292eaa164233bc4162f5be9a4f9f 57ae9dd40cf54dee9701597637dae482 - - default default] GET http://cinder-api.openstack.svc.cluster.local:8776/v3/57ae9dd40cf54dee9701597637dae482/volumes/9b8809df-a717-4905-98d0-d5afca508da7 /var/lib/openstack/lib/python3.10/site-packages/oslo_context/context.py:100: DeprecationWarning: Policy enforcement is depending on the value of is_admin. This key is deprecated. Please update your policy file to use the standard policy values. warnings.warn('Policy enforcement is depending on the value of '
2026-07-24 18:41:29.932 8 INFO cinder.volume.api [req-eb695740-c5bc-4d8c-8118-0004d6f20c9c req-0a75a413-7975-4340-aebe-c84672c2d469 f700292eaa164233bc4162f5be9a4f9f 57ae9dd40cf54dee9701597637dae482 - - default default] Volume info retrieved successfully.
2026-07-24 18:41:29.941 8 INFO cinder.api.openstack.wsgi [req-eb695740-c5bc-4d8c-8118-0004d6f20c9c req-0a75a413-7975-4340-aebe-c84672c2d469 f700292eaa164233bc4162f5be9a4f9f 57ae9dd40cf54dee9701597637dae482 - - default default] http://cinder-api.openstack.svc.cluster.local:8776/v3/57ae9dd40cf54dee9701597637dae482/volumes/9b8809df-a717-4905-98d0-d5afca508da7 returned with HTTP 200 [pid: 8|app: 0|req: 404/806] 199.19.213.152 () {36 vars in 1073 bytes} [Fri Jul 24 18:41:29 2026] GET /v3/57ae9dd40cf54dee9701597637dae482/volumes/9b8809df-a717-4905-98d0-d5afca508da7 => generated 1440 bytes in 45 msecs (HTTP/1.1 200) 7 headers in 287 bytes (1 switches on core 0)
2026-07-24 18:41:31.003 7 INFO cinder.api.openstack.wsgi [req-eb695740-c5bc-4d8c-8118-0004d6f20c9c req-91777d96-d003-4266-92eb-4f068ed84a21 f700292eaa164233bc4162f5be9a4f9f 57ae9dd40cf54dee9701597637dae482 - - default default] GET http://10.0.0.194:8776/
2026-07-24 18:41:31.004 8 INFO cinder.api.openstack.wsgi [req-eb695740-c5bc-4d8c-8118-0004d6f20c9c req-0a75a413-7975-4340-aebe-c84672c2d469 f700292eaa164233bc4162f5be9a4f9f 57ae9dd40cf54dee9701597637dae482 - - default default] GET http://10.0.0.194:8776/
2026-07-24 18:41:31.004 7 INFO cinder.api.openstack.wsgi [req-eb695740-c5bc-4d8c-8118-0004d6f20c9c req-91777d96-d003-4266-92eb-4f068ed84a21 f700292eaa164233bc4162f5be9a4f9f 57ae9dd40cf54dee9701597637dae482 - - default default] http://10.0.0.194:8776/ returned with HTTP 300
2026-07-24 18:41:31.006 8 INFO cinder.api.openstack.wsgi [req-eb695740-c5bc-4d8c-8118-0004d6f20c9c req-0a75a413-7975-4340-aebe-c84672c2d469 f700292eaa164233bc4162f5be9a4f9f 57ae9dd40cf54dee9701597637dae482 - - default default] http://10.0.0.194:8776/ returned with HTTP 300 /var/lib/openstack/lib/python3.10/site-packages/pycadf/identifier.py:71: UserWarning: Invalid uuid: cinderv3. To ensure interoperability, identifiers should be a valid uuid. warnings.warn(('Invalid uuid: %s. To ensure interoperability, '
2026-07-24 18:41:32.124 7 INFO cinder.api.openstack.wsgi [req-eb695740-c5bc-4d8c-8118-0004d6f20c9c req-09ba061c-7072-4af3-abfa-2be7be2bf962 f700292eaa164233bc4162f5be9a4f9f 57ae9dd40cf54dee9701597637dae482 - - default default] PUT http://cinder-api.openstack.svc.cluster.local:8776/v3/57ae9dd40cf54dee9701597637dae482/attachments/88b50b47-6456-45ff-87c1-8b9d85958cb4 /var/lib/openstack/lib/python3.10/site-packages/oslo_context/context.py:100: DeprecationWarning: Policy enforcement is depending on the value of is_admin. This key is deprecated. Please update your policy file to use the standard policy values. warnings.warn('Policy enforcement is depending on the value of '
2026-07-24 18:41:32.930 7 INFO cinder.api.openstack.wsgi [req-eb695740-c5bc-4d8c-8118-0004d6f20c9c req-09ba061c-7072-4af3-abfa-2be7be2bf962 f700292eaa164233bc4162f5be9a4f9f 57ae9dd40cf54dee9701597637dae482 - - default default] http://cinder-api.openstack.svc.cluster.local:8776/v3/57ae9dd40cf54dee9701597637dae482/attachments/88b50b47-6456-45ff-87c1-8b9d85958cb4 returned with HTTP 200 [pid: 7|app: 0|req: 404/809] 199.19.213.152 () {40 vars in 1134 bytes} [Fri Jul 24 18:41:32 2026] PUT /v3/57ae9dd40cf54dee9701597637dae482/attachments/88b50b47-6456-45ff-87c1-8b9d85958cb4 => generated 775 bytes in 818 msecs (HTTP/1.1 200) 7 headers in 286 bytes (1 switches on core 0) /var/lib/openstack/lib/python3.10/site-packages/pycadf/identifier.py:71: UserWarning: Invalid uuid: cinderv3. To ensure interoperability, identifiers should be a valid uuid. warnings.warn(('Invalid uuid: %s. To ensure interoperability, '
2026-07-24 18:41:32.996 8 INFO cinder.api.openstack.wsgi [req-eb695740-c5bc-4d8c-8118-0004d6f20c9c req-1ca07968-ec4b-40d3-b4e4-910b5a71caf1 f700292eaa164233bc4162f5be9a4f9f 57ae9dd40cf54dee9701597637dae482 - - default default] POST http://cinder-api.openstack.svc.cluster.local:8776/v3/57ae9dd40cf54dee9701597637dae482/attachments/88b50b47-6456-45ff-87c1-8b9d85958cb4/action /var/lib/openstack/lib/python3.10/site-packages/oslo_context/context.py:100: DeprecationWarning: Policy enforcement is depending on the value of is_admin. This key is deprecated. Please update your policy file to use the standard policy values. warnings.warn('Policy enforcement is depending on the value of '
2026-07-24 18:41:33.060 8 INFO cinder.api.openstack.wsgi [req-eb695740-c5bc-4d8c-8118-0004d6f20c9c req-1ca07968-ec4b-40d3-b4e4-910b5a71caf1 f700292eaa164233bc4162f5be9a4f9f 57ae9dd40cf54dee9701597637dae482 - - default default] http://cinder-api.openstack.svc.cluster.local:8776/v3/57ae9dd40cf54dee9701597637dae482/attachments/88b50b47-6456-45ff-87c1-8b9d85958cb4/action returned with HTTP 204 [pid: 8|app: 0|req: 406/810] 199.19.213.152 () {40 vars in 1148 bytes} [Fri Jul 24 18:41:32 2026] POST /v3/57ae9dd40cf54dee9701597637dae482/attachments/88b50b47-6456-45ff-87c1-8b9d85958cb4/action => generated 0 bytes in 76 msecs (HTTP/1.1 204) 7 headers in 292 bytes (1 switches on core 0) /var/lib/openstack/lib/python3.10/site-packages/pycadf/identifier.py:71: UserWarning: Invalid uuid: cinderv3. To ensure interoperability, identifiers should be a valid uuid. warnings.warn(('Invalid uuid: %s. To ensure interoperability, '
2026-07-24 18:41:40.175 7 INFO cinder.api.openstack.wsgi [req-e345eef5-d94d-4749-b26b-52e4fe867ef3 req-df2f6410-d1e6-45a3-878f-4bde655e3669 f700292eaa164233bc4162f5be9a4f9f 57ae9dd40cf54dee9701597637dae482 - - default default] DELETE http://cinder-api.openstack.svc.cluster.local:8776/v3/57ae9dd40cf54dee9701597637dae482/attachments/88b50b47-6456-45ff-87c1-8b9d85958cb4 /var/lib/openstack/lib/python3.10/site-packages/oslo_context/context.py:100: DeprecationWarning: Policy enforcement is depending on the value of is_admin. This key is deprecated. Please update your policy file to use the standard policy values. warnings.warn('Policy enforcement is depending on the value of '
2026-07-24 18:41:40.274 7 INFO cinder.api.openstack.wsgi [req-e345eef5-d94d-4749-b26b-52e4fe867ef3 req-df2f6410-d1e6-45a3-878f-4bde655e3669 f700292eaa164233bc4162f5be9a4f9f 57ae9dd40cf54dee9701597637dae482 - - default default] http://cinder-api.openstack.svc.cluster.local:8776/v3/57ae9dd40cf54dee9701597637dae482/attachments/88b50b47-6456-45ff-87c1-8b9d85958cb4 returned with HTTP 200 [pid: 7|app: 0|req: 405/811] 199.19.213.152 () {38 vars in 1103 bytes} [Fri Jul 24 18:41:40 2026] DELETE /v3/57ae9dd40cf54dee9701597637dae482/attachments/88b50b47-6456-45ff-87c1-8b9d85958cb4 => generated 19 bytes in 111 msecs (HTTP/1.1 200) 7 headers in 285 bytes (1 switches on core 0) /var/lib/openstack/lib/python3.10/site-packages/pycadf/identifier.py:71: UserWarning: Invalid uuid: cinderv3. To ensure interoperability, identifiers should be a valid uuid. warnings.warn(('Invalid uuid: %s. To ensure interoperability, '
2026-07-24 18:41:40.294 8 INFO cinder.api.openstack.wsgi [req-e345eef5-d94d-4749-b26b-52e4fe867ef3 req-c7bf218d-2e9b-4eaa-8dbc-0ab779b6727c f700292eaa164233bc4162f5be9a4f9f 57ae9dd40cf54dee9701597637dae482 - - default default] DELETE http://cinder-api.openstack.svc.cluster.local:8776/v3/57ae9dd40cf54dee9701597637dae482/volumes/9b8809df-a717-4905-98d0-d5afca508da7
2026-07-24 18:41:40.294 8 INFO cinder.api.v3.volumes [req-e345eef5-d94d-4749-b26b-52e4fe867ef3 req-c7bf218d-2e9b-4eaa-8dbc-0ab779b6727c f700292eaa164233bc4162f5be9a4f9f 57ae9dd40cf54dee9701597637dae482 - - default default] Delete volume with id: 9b8809df-a717-4905-98d0-d5afca508da7  /var/lib/openstack/lib/python3.10/site-packages/oslo_context/context.py:100: DeprecationWarning: Policy enforcement is depending on the value of is_admin. This key is deprecated. Please update your policy file to use the standard policy values. warnings.warn('Policy enforcement is depending on the value of '
2026-07-24 18:41:40.307 8 INFO cinder.volume.api [req-e345eef5-d94d-4749-b26b-52e4fe867ef3 req-c7bf218d-2e9b-4eaa-8dbc-0ab779b6727c f700292eaa164233bc4162f5be9a4f9f 57ae9dd40cf54dee9701597637dae482 - - default default] Volume info retrieved successfully.
2026-07-24 18:41:40.361 8 INFO cinder.volume.api [req-e345eef5-d94d-4749-b26b-52e4fe867ef3 req-c7bf218d-2e9b-4eaa-8dbc-0ab779b6727c f700292eaa164233bc4162f5be9a4f9f 57ae9dd40cf54dee9701597637dae482 - - default default] Delete volume request issued successfully.
2026-07-24 18:41:40.362 8 INFO cinder.api.openstack.wsgi [req-e345eef5-d94d-4749-b26b-52e4fe867ef3 req-c7bf218d-2e9b-4eaa-8dbc-0ab779b6727c f700292eaa164233bc4162f5be9a4f9f 57ae9dd40cf54dee9701597637dae482 - - default default] http://cinder-api.openstack.svc.cluster.local:8776/v3/57ae9dd40cf54dee9701597637dae482/volumes/9b8809df-a717-4905-98d0-d5afca508da7 returned with HTTP 202 [pid: 8|app: 0|req: 407/812] 199.19.213.152 () {36 vars in 1054 bytes} [Fri Jul 24 18:41:40 2026] DELETE /v3/57ae9dd40cf54dee9701597637dae482/volumes/9b8809df-a717-4905-98d0-d5afca508da7 => generated 0 bytes in 77 msecs (HTTP/1.1 202) 6 headers in 233 bytes (1 switches on core 0)
2026-07-24 18:41:41.004 8 INFO cinder.api.openstack.wsgi [req-e345eef5-d94d-4749-b26b-52e4fe867ef3 req-c7bf218d-2e9b-4eaa-8dbc-0ab779b6727c f700292eaa164233bc4162f5be9a4f9f 57ae9dd40cf54dee9701597637dae482 - - default default] GET http://10.0.0.194:8776/
2026-07-24 18:41:41.004 7 INFO cinder.api.openstack.wsgi [req-e345eef5-d94d-4749-b26b-52e4fe867ef3 req-df2f6410-d1e6-45a3-878f-4bde655e3669 f700292eaa164233bc4162f5be9a4f9f 57ae9dd40cf54dee9701597637dae482 - - default default] GET http://10.0.0.194:8776/
2026-07-24 18:41:41.006 8 INFO cinder.api.openstack.wsgi [req-e345eef5-d94d-4749-b26b-52e4fe867ef3 req-c7bf218d-2e9b-4eaa-8dbc-0ab779b6727c f700292eaa164233bc4162f5be9a4f9f 57ae9dd40cf54dee9701597637dae482 - - default default] http://10.0.0.194:8776/ returned with HTTP 300
2026-07-24 18:41:41.007 7 INFO cinder.api.openstack.wsgi [req-e345eef5-d94d-4749-b26b-52e4fe867ef3 req-df2f6410-d1e6-45a3-878f-4bde655e3669 f700292eaa164233bc4162f5be9a4f9f 57ae9dd40cf54dee9701597637dae482 - - default default] http://10.0.0.194:8776/ returned with HTTP 300 /var/lib/openstack/lib/python3.10/site-packages/pycadf/identifier.py:71: UserWarning: Invalid uuid: cinderv3. To ensure interoperability, identifiers should be a valid uuid. warnings.warn(('Invalid uuid: %s. To ensure interoperability, '
2026-07-24 18:41:50.986 8 INFO cinder.api.openstack.wsgi [None req-27d59184-39ef-40ed-b43e-382fb807f332 af6cf6b7229b4c9eace48dd4220164e4 8498dd98b53f466e81ae586547e94771 - - default default] GET http://cinder-api.openstack.svc.cluster.local:8776/v3/8498dd98b53f466e81ae586547e94771/scheduler-stats/get_pools?detail=true
2026-07-24 18:41:51.003 7 INFO cinder.api.openstack.wsgi [req-e345eef5-d94d-4749-b26b-52e4fe867ef3 req-df2f6410-d1e6-45a3-878f-4bde655e3669 f700292eaa164233bc4162f5be9a4f9f 57ae9dd40cf54dee9701597637dae482 - - default default] GET http://10.0.0.194:8776/
2026-07-24 18:41:51.004 7 INFO cinder.api.openstack.wsgi [req-e345eef5-d94d-4749-b26b-52e4fe867ef3 req-df2f6410-d1e6-45a3-878f-4bde655e3669 f700292eaa164233bc4162f5be9a4f9f 57ae9dd40cf54dee9701597637dae482 - - default default] http://10.0.0.194:8776/ returned with HTTP 300
2026-07-24 18:41:51.004 8 INFO cinder.api.openstack.wsgi [None req-27d59184-39ef-40ed-b43e-382fb807f332 af6cf6b7229b4c9eace48dd4220164e4 8498dd98b53f466e81ae586547e94771 - - default default] http://cinder-api.openstack.svc.cluster.local:8776/v3/8498dd98b53f466e81ae586547e94771/scheduler-stats/get_pools?detail=true returned with HTTP 200
2026-07-24 18:41:51.005 7 INFO cinder.api.openstack.wsgi [req-e345eef5-d94d-4749-b26b-52e4fe867ef3 req-df2f6410-d1e6-45a3-878f-4bde655e3669 f700292eaa164233bc4162f5be9a4f9f 57ae9dd40cf54dee9701597637dae482 - - default default] GET http://10.0.0.194:8776/
2026-07-24 18:41:51.006 7 INFO cinder.api.openstack.wsgi [req-e345eef5-d94d-4749-b26b-52e4fe867ef3 req-df2f6410-d1e6-45a3-878f-4bde655e3669 f700292eaa164233bc4162f5be9a4f9f 57ae9dd40cf54dee9701597637dae482 - - default default] http://10.0.0.194:8776/ returned with HTTP 300 [pid: 8|app: 0|req: 409/817] 10.0.0.108 () {28 vars in 696 bytes} [Fri Jul 24 18:41:50 2026] GET /v3/8498dd98b53f466e81ae586547e94771/scheduler-stats/get_pools?detail=true => generated 670 bytes in 198 msecs (HTTP/1.1 200) 7 headers in 285 bytes (1 switches on core 0) /var/lib/openstack/lib/python3.10/site-packages/pycadf/identifier.py:71: UserWarning: Invalid uuid: cinderv3. To ensure interoperability, identifiers should be a valid uuid. warnings.warn(('Invalid uuid: %s. To ensure interoperability, '
2026-07-24 18:41:51.018 7 INFO cinder.api.openstack.wsgi [None req-a3a5295b-649b-4f4c-beab-c97fef2630a0 af6cf6b7229b4c9eace48dd4220164e4 8498dd98b53f466e81ae586547e94771 - - default default] GET http://cinder-api.openstack.svc.cluster.local:8776/v3/8498dd98b53f466e81ae586547e94771/volumes/detail?all_tenants=true /var/lib/openstack/lib/python3.10/site-packages/oslo_context/context.py:100: DeprecationWarning: Policy enforcement is depending on the value of is_admin. This key is deprecated. Please update your policy file to use the standard policy values. warnings.warn('Policy enforcement is depending on the value of '
2026-07-24 18:41:51.033 7 INFO cinder.volume.api [None req-a3a5295b-649b-4f4c-beab-c97fef2630a0 af6cf6b7229b4c9eace48dd4220164e4 8498dd98b53f466e81ae586547e94771 - - default default] Get all volumes completed successfully.
2026-07-24 18:41:51.038 7 INFO cinder.api.openstack.wsgi [None req-a3a5295b-649b-4f4c-beab-c97fef2630a0 af6cf6b7229b4c9eace48dd4220164e4 8498dd98b53f466e81ae586547e94771 - - default default] http://cinder-api.openstack.svc.cluster.local:8776/v3/8498dd98b53f466e81ae586547e94771/volumes/detail?all_tenants=true returned with HTTP 200 [pid: 7|app: 0|req: 409/818] 10.0.0.108 () {28 vars in 684 bytes} [Fri Jul 24 18:41:51 2026] GET /v3/8498dd98b53f466e81ae586547e94771/volumes/detail?all_tenants=true => generated 15 bytes in 30 msecs (HTTP/1.1 200) 7 headers in 284 bytes (1 switches on core 0)
2026-07-24 18:41:51.053 8 INFO cinder.api.openstack.wsgi [None req-46b387de-75fb-41fe-924f-b3e719079fad af6cf6b7229b4c9eace48dd4220164e4 8498dd98b53f466e81ae586547e94771 - - default default] GET http://cinder-api.openstack.svc.cluster.local:8776/v3/8498dd98b53f466e81ae586547e94771/volumes/detail?all_tenants=true
2026-07-24 18:41:51.066 8 INFO cinder.volume.api [None req-46b387de-75fb-41fe-924f-b3e719079fad af6cf6b7229b4c9eace48dd4220164e4 8498dd98b53f466e81ae586547e94771 - - default default] Get all volumes completed successfully.
2026-07-24 18:41:51.069 8 INFO cinder.api.openstack.wsgi [None req-46b387de-75fb-41fe-924f-b3e719079fad af6cf6b7229b4c9eace48dd4220164e4 8498dd98b53f466e81ae586547e94771 - - default default] http://cinder-api.openstack.svc.cluster.local:8776/v3/8498dd98b53f466e81ae586547e94771/volumes/detail?all_tenants=true returned with HTTP 200 [pid: 8|app: 0|req: 410/819] 10.0.0.108 () {28 vars in 684 bytes} [Fri Jul 24 18:41:51 2026] GET /v3/8498dd98b53f466e81ae586547e94771/volumes/detail?all_tenants=true => generated 15 bytes in 26 msecs (HTTP/1.1 200) 7 headers in 284 bytes (1 switches on core 0)
2026-07-24 18:41:51.087 7 INFO cinder.api.openstack.wsgi [None req-f77250be-e07f-4d24-ab22-fe556fc9fbb0 af6cf6b7229b4c9eace48dd4220164e4 8498dd98b53f466e81ae586547e94771 - - default default] GET http://cinder-api.openstack.svc.cluster.local:8776/v3/8498dd98b53f466e81ae586547e94771/os-services
2026-07-24 18:41:51.101 7 INFO cinder.api.openstack.wsgi [None req-f77250be-e07f-4d24-ab22-fe556fc9fbb0 af6cf6b7229b4c9eace48dd4220164e4 8498dd98b53f466e81ae586547e94771 - - default default] http://cinder-api.openstack.svc.cluster.local:8776/v3/8498dd98b53f466e81ae586547e94771/os-services returned with HTTP 200 [pid: 7|app: 0|req: 410/820] 10.0.0.108 () {28 vars in 645 bytes} [Fri Jul 24 18:41:51 2026] GET /v3/8498dd98b53f466e81ae586547e94771/os-services => generated 646 bytes in 25 msecs (HTTP/1.1 200) 7 headers in 285 bytes (1 switches on core 0)
2026-07-24 18:41:51.117 8 INFO cinder.api.openstack.wsgi [None req-b390e3fe-095b-4b12-bc8e-a712cd2d5056 af6cf6b7229b4c9eace48dd4220164e4 8498dd98b53f466e81ae586547e94771 - - default default] GET http://cinder-api.openstack.svc.cluster.local:8776/v3/8498dd98b53f466e81ae586547e94771/snapshots?all_tenants=true
2026-07-24 18:41:51.126 8 INFO cinder.volume.api [None req-b390e3fe-095b-4b12-bc8e-a712cd2d5056 af6cf6b7229b4c9eace48dd4220164e4 8498dd98b53f466e81ae586547e94771 - - default default] Get all snapshots completed successfully.
2026-07-24 18:41:51.126 8 INFO cinder.api.openstack.wsgi [None req-b390e3fe-095b-4b12-bc8e-a712cd2d5056 af6cf6b7229b4c9eace48dd4220164e4 8498dd98b53f466e81ae586547e94771 - - default default] http://cinder-api.openstack.svc.cluster.local:8776/v3/8498dd98b53f466e81ae586547e94771/snapshots?all_tenants=true returned with HTTP 200 [pid: 8|app: 0|req: 411/821] 10.0.0.108 () {28 vars in 674 bytes} [Fri Jul 24 18:41:51 2026] GET /v3/8498dd98b53f466e81ae586547e94771/snapshots?all_tenants=true => generated 17 bytes in 19 msecs (HTTP/1.1 200) 7 headers in 284 bytes (1 switches on core 0)
2026-07-24 18:41:51.201 7 INFO cinder.api.openstack.wsgi [None req-3f7f0815-d93d-426c-893d-cfb6ae780c44 af6cf6b7229b4c9eace48dd4220164e4 8498dd98b53f466e81ae586547e94771 - - default default] GET http://cinder-api.openstack.svc.cluster.local:8776/v3/8498dd98b53f466e81ae586547e94771/os-quota-sets/0639c12be71e4c88961651950096b4a8?usage=true
2026-07-24 18:41:51.229 7 INFO cinder.api.openstack.wsgi [None req-3f7f0815-d93d-426c-893d-cfb6ae780c44 af6cf6b7229b4c9eace48dd4220164e4 8498dd98b53f466e81ae586547e94771 - - default default] http://cinder-api.openstack.svc.cluster.local:8776/v3/8498dd98b53f466e81ae586547e94771/os-quota-sets/0639c12be71e4c88961651950096b4a8?usage=true returned with HTTP 200 [pid: 7|app: 0|req: 411/822] 10.0.0.108 () {28 vars in 736 bytes} [Fri Jul 24 18:41:51 2026] GET /v3/8498dd98b53f466e81ae586547e94771/os-quota-sets/0639c12be71e4c88961651950096b4a8?usage=true => generated 847 bytes in 39 msecs (HTTP/1.1 200) 7 headers in 285 bytes (1 switches on core 0)
2026-07-24 18:41:51.245 8 INFO cinder.api.openstack.wsgi [None req-023f131d-136c-4e10-baa0-0699fa2cef6c af6cf6b7229b4c9eace48dd4220164e4 8498dd98b53f466e81ae586547e94771 - - default default] GET http://cinder-api.openstack.svc.cluster.local:8776/v3/8498dd98b53f466e81ae586547e94771/os-quota-sets/212bb1b9ff734bf3bb58af6e01765097?usage=true
2026-07-24 18:41:51.267 8 INFO cinder.api.openstack.wsgi [None req-023f131d-136c-4e10-baa0-0699fa2cef6c af6cf6b7229b4c9eace48dd4220164e4 8498dd98b53f466e81ae586547e94771 - - default default] http://cinder-api.openstack.svc.cluster.local:8776/v3/8498dd98b53f466e81ae586547e94771/os-quota-sets/212bb1b9ff734bf3bb58af6e01765097?usage=true returned with HTTP 200 [pid: 8|app: 0|req: 412/823] 10.0.0.108 () {28 vars in 736 bytes} [Fri Jul 24 18:41:51 2026] GET /v3/8498dd98b53f466e81ae586547e94771/os-quota-sets/212bb1b9ff734bf3bb58af6e01765097?usage=true => generated 847 bytes in 32 msecs (HTTP/1.1 200) 7 headers in 285 bytes (1 switches on core 0)
2026-07-24 18:41:51.281 7 INFO cinder.api.openstack.wsgi [None req-a90eb7d3-bfbd-4681-9a5b-968a7d510671 af6cf6b7229b4c9eace48dd4220164e4 8498dd98b53f466e81ae586547e94771 - - default default] GET http://cinder-api.openstack.svc.cluster.local:8776/v3/8498dd98b53f466e81ae586547e94771/os-quota-sets/393659d14ae1459a9a94059651c426c8?usage=true
2026-07-24 18:41:51.322 7 INFO cinder.api.openstack.wsgi [None req-a90eb7d3-bfbd-4681-9a5b-968a7d510671 af6cf6b7229b4c9eace48dd4220164e4 8498dd98b53f466e81ae586547e94771 - - default default] http://cinder-api.openstack.svc.cluster.local:8776/v3/8498dd98b53f466e81ae586547e94771/os-quota-sets/393659d14ae1459a9a94059651c426c8?usage=true returned with HTTP 200 [pid: 7|app: 0|req: 412/824] 10.0.0.108 () {28 vars in 736 bytes} [Fri Jul 24 18:41:51 2026] GET /v3/8498dd98b53f466e81ae586547e94771/os-quota-sets/393659d14ae1459a9a94059651c426c8?usage=true => generated 847 bytes in 49 msecs (HTTP/1.1 200) 7 headers in 285 bytes (1 switches on core 0)
2026-07-24 18:41:51.351 8 INFO cinder.api.openstack.wsgi [None req-15c47a9b-5d43-4e29-a59a-fff87e334399 af6cf6b7229b4c9eace48dd4220164e4 8498dd98b53f466e81ae586547e94771 - - default default] GET http://cinder-api.openstack.svc.cluster.local:8776/v3/8498dd98b53f466e81ae586547e94771/os-quota-sets/4ac149b4f3464c069293d16e7fedf2a7?usage=true
