2026-07-24 18:44:33.626 8 INFO cinder.volume.api [None req-c0ec117b-62d9-4f5a-bdee-ceaa65894c4a 3cb27b11f95d494699d7ff2e1e2bf8db 7a97124568cc46c0b4745859249bbda1 - - default default] Volume info retrieved successfully.
2026-07-24 18:44:33.634 8 INFO cinder.api.openstack.wsgi [None req-c0ec117b-62d9-4f5a-bdee-ceaa65894c4a 3cb27b11f95d494699d7ff2e1e2bf8db 7a97124568cc46c0b4745859249bbda1 - - default default] http://cinder-api.openstack.svc.cluster.local:8776/v3/7a97124568cc46c0b4745859249bbda1/volumes/af636fa4-be8a-4117-9d21-0c5480450fec returned with HTTP 200 [pid: 8|app: 0|req: 461/924] 10.0.0.195 () {32 vars in 775 bytes} [Fri Jul 24 18:44:33 2026] GET /v3/7a97124568cc46c0b4745859249bbda1/volumes/af636fa4-be8a-4117-9d21-0c5480450fec => generated 953 bytes in 49 msecs (HTTP/1.1 200) 7 headers in 285 bytes (1 switches on core 0) /var/lib/openstack/lib/python3.10/site-packages/pycadf/identifier.py:71: UserWarning: Invalid uuid: cinderv3. To ensure interoperability, identifiers should be a valid uuid. warnings.warn(('Invalid uuid: %s. To ensure interoperability, '
2026-07-24 18:44:39.535 7 INFO cinder.api.openstack.wsgi [None req-d43dbbf9-b0fd-4f7c-9db4-e7b0feb70a63 3cb27b11f95d494699d7ff2e1e2bf8db 7a97124568cc46c0b4745859249bbda1 - - default default] POST http://cinder-api.openstack.svc.cluster.local:8776/v3/7a97124568cc46c0b4745859249bbda1/volumes/af636fa4-be8a-4117-9d21-0c5480450fec/action /var/lib/openstack/lib/python3.10/site-packages/oslo_context/context.py:100: DeprecationWarning: Policy enforcement is depending on the value of is_admin. This key is deprecated. Please update your policy file to use the standard policy values. warnings.warn('Policy enforcement is depending on the value of '
2026-07-24 18:44:39.549 7 INFO cinder.volume.api [None req-d43dbbf9-b0fd-4f7c-9db4-e7b0feb70a63 3cb27b11f95d494699d7ff2e1e2bf8db 7a97124568cc46c0b4745859249bbda1 - - default default] Volume info retrieved successfully.
2026-07-24 18:44:39.562 7 INFO cinder.volume.api [None req-d43dbbf9-b0fd-4f7c-9db4-e7b0feb70a63 3cb27b11f95d494699d7ff2e1e2bf8db 7a97124568cc46c0b4745859249bbda1 - - default default] Update volume admin metadata completed successfully.
2026-07-24 18:44:39.659 7 INFO cinder.volume.api [None req-d43dbbf9-b0fd-4f7c-9db4-e7b0feb70a63 3cb27b11f95d494699d7ff2e1e2bf8db 7a97124568cc46c0b4745859249bbda1 - - default default] Attach volume completed successfully.
2026-07-24 18:44:39.659 7 INFO cinder.api.openstack.wsgi [None req-d43dbbf9-b0fd-4f7c-9db4-e7b0feb70a63 3cb27b11f95d494699d7ff2e1e2bf8db 7a97124568cc46c0b4745859249bbda1 - - default default] http://cinder-api.openstack.svc.cluster.local:8776/v3/7a97124568cc46c0b4745859249bbda1/volumes/af636fa4-be8a-4117-9d21-0c5480450fec/action returned with HTTP 202 [pid: 7|app: 0|req: 464/925] 10.0.0.195 () {34 vars in 810 bytes} [Fri Jul 24 18:44:39 2026] POST /v3/7a97124568cc46c0b4745859249bbda1/volumes/af636fa4-be8a-4117-9d21-0c5480450fec/action => generated 0 bytes in 131 msecs (HTTP/1.1 202) 7 headers in 289 bytes (1 switches on core 0) /var/lib/openstack/lib/python3.10/site-packages/pycadf/identifier.py:71: UserWarning: Invalid uuid: cinderv3. To ensure interoperability, identifiers should be a valid uuid. warnings.warn(('Invalid uuid: %s. To ensure interoperability, '
2026-07-24 18:44:39.677 8 INFO cinder.api.openstack.wsgi [None req-77fa6875-9497-4fb8-ac1c-540079f5d864 3cb27b11f95d494699d7ff2e1e2bf8db 7a97124568cc46c0b4745859249bbda1 - - default default] GET http://cinder-api.openstack.svc.cluster.local:8776/v3/7a97124568cc46c0b4745859249bbda1/volumes/af636fa4-be8a-4117-9d21-0c5480450fec /var/lib/openstack/lib/python3.10/site-packages/oslo_context/context.py:100: DeprecationWarning: Policy enforcement is depending on the value of is_admin. This key is deprecated. Please update your policy file to use the standard policy values. warnings.warn('Policy enforcement is depending on the value of '
2026-07-24 18:44:39.708 8 INFO cinder.volume.api [None req-77fa6875-9497-4fb8-ac1c-540079f5d864 3cb27b11f95d494699d7ff2e1e2bf8db 7a97124568cc46c0b4745859249bbda1 - - default default] Volume info retrieved successfully.
2026-07-24 18:44:39.716 8 INFO cinder.api.openstack.wsgi [None req-77fa6875-9497-4fb8-ac1c-540079f5d864 3cb27b11f95d494699d7ff2e1e2bf8db 7a97124568cc46c0b4745859249bbda1 - - default default] http://cinder-api.openstack.svc.cluster.local:8776/v3/7a97124568cc46c0b4745859249bbda1/volumes/af636fa4-be8a-4117-9d21-0c5480450fec returned with HTTP 200 [pid: 8|app: 0|req: 462/926] 10.0.0.195 () {32 vars in 775 bytes} [Fri Jul 24 18:44:39 2026] GET /v3/7a97124568cc46c0b4745859249bbda1/volumes/af636fa4-be8a-4117-9d21-0c5480450fec => generated 1287 bytes in 49 msecs (HTTP/1.1 200) 7 headers in 286 bytes (1 switches on core 0) /var/lib/openstack/lib/python3.10/site-packages/pycadf/identifier.py:71: UserWarning: Invalid uuid: cinderv3. To ensure interoperability, identifiers should be a valid uuid. warnings.warn(('Invalid uuid: %s. To ensure interoperability, '
2026-07-24 18:44:39.746 7 INFO cinder.api.openstack.wsgi [None req-3a76ec5b-0053-4d3b-98d9-cfe6c86ce51b 3cb27b11f95d494699d7ff2e1e2bf8db 7a97124568cc46c0b4745859249bbda1 - - default default] POST http://cinder-api.openstack.svc.cluster.local:8776/v3/7a97124568cc46c0b4745859249bbda1/volumes/af636fa4-be8a-4117-9d21-0c5480450fec/action /var/lib/openstack/lib/python3.10/site-packages/oslo_context/context.py:100: DeprecationWarning: Policy enforcement is depending on the value of is_admin. This key is deprecated. Please update your policy file to use the standard policy values. warnings.warn('Policy enforcement is depending on the value of '
2026-07-24 18:44:39.778 7 INFO cinder.volume.api [None req-3a76ec5b-0053-4d3b-98d9-cfe6c86ce51b 3cb27b11f95d494699d7ff2e1e2bf8db 7a97124568cc46c0b4745859249bbda1 - - default default] Volume info retrieved successfully.
2026-07-24 18:44:39.845 7 INFO cinder.volume.api [None req-3a76ec5b-0053-4d3b-98d9-cfe6c86ce51b 3cb27b11f95d494699d7ff2e1e2bf8db 7a97124568cc46c0b4745859249bbda1 - - default default] Detach volume completed successfully.
2026-07-24 18:44:39.846 7 INFO cinder.api.openstack.wsgi [None req-3a76ec5b-0053-4d3b-98d9-cfe6c86ce51b 3cb27b11f95d494699d7ff2e1e2bf8db 7a97124568cc46c0b4745859249bbda1 - - default default] http://cinder-api.openstack.svc.cluster.local:8776/v3/7a97124568cc46c0b4745859249bbda1/volumes/af636fa4-be8a-4117-9d21-0c5480450fec/action returned with HTTP 202 [pid: 7|app: 0|req: 465/927] 10.0.0.195 () {34 vars in 810 bytes} [Fri Jul 24 18:44:39 2026] POST /v3/7a97124568cc46c0b4745859249bbda1/volumes/af636fa4-be8a-4117-9d21-0c5480450fec/action => generated 0 bytes in 110 msecs (HTTP/1.1 202) 7 headers in 289 bytes (1 switches on core 0) /var/lib/openstack/lib/python3.10/site-packages/pycadf/identifier.py:71: UserWarning: Invalid uuid: cinderv3. To ensure interoperability, identifiers should be a valid uuid. warnings.warn(('Invalid uuid: %s. To ensure interoperability, '
2026-07-24 18:44:39.866 8 INFO cinder.api.openstack.wsgi [None req-4f515b9d-303f-4253-81bd-20d5a3f5e482 3cb27b11f95d494699d7ff2e1e2bf8db 7a97124568cc46c0b4745859249bbda1 - - default default] GET http://cinder-api.openstack.svc.cluster.local:8776/v3/7a97124568cc46c0b4745859249bbda1/volumes/af636fa4-be8a-4117-9d21-0c5480450fec /var/lib/openstack/lib/python3.10/site-packages/oslo_context/context.py:100: DeprecationWarning: Policy enforcement is depending on the value of is_admin. This key is deprecated. Please update your policy file to use the standard policy values. warnings.warn('Policy enforcement is depending on the value of '
2026-07-24 18:44:39.887 8 INFO cinder.volume.api [None req-4f515b9d-303f-4253-81bd-20d5a3f5e482 3cb27b11f95d494699d7ff2e1e2bf8db 7a97124568cc46c0b4745859249bbda1 - - default default] Volume info retrieved successfully.
2026-07-24 18:44:39.894 8 INFO cinder.api.openstack.wsgi [None req-4f515b9d-303f-4253-81bd-20d5a3f5e482 3cb27b11f95d494699d7ff2e1e2bf8db 7a97124568cc46c0b4745859249bbda1 - - default default] http://cinder-api.openstack.svc.cluster.local:8776/v3/7a97124568cc46c0b4745859249bbda1/volumes/af636fa4-be8a-4117-9d21-0c5480450fec returned with HTTP 200 [pid: 8|app: 0|req: 463/928] 10.0.0.195 () {32 vars in 775 bytes} [Fri Jul 24 18:44:39 2026] GET /v3/7a97124568cc46c0b4745859249bbda1/volumes/af636fa4-be8a-4117-9d21-0c5480450fec => generated 972 bytes in 36 msecs (HTTP/1.1 200) 7 headers in 285 bytes (1 switches on core 0)
2026-07-24 18:44:41.003 8 INFO cinder.api.openstack.wsgi [None req-4f515b9d-303f-4253-81bd-20d5a3f5e482 3cb27b11f95d494699d7ff2e1e2bf8db 7a97124568cc46c0b4745859249bbda1 - - default default] GET http://10.0.0.194:8776/
2026-07-24 18:44:41.003 7 INFO cinder.api.openstack.wsgi [None req-3a76ec5b-0053-4d3b-98d9-cfe6c86ce51b 3cb27b11f95d494699d7ff2e1e2bf8db 7a97124568cc46c0b4745859249bbda1 - - default default] GET http://10.0.0.194:8776/
2026-07-24 18:44:41.004 8 INFO cinder.api.openstack.wsgi [None req-4f515b9d-303f-4253-81bd-20d5a3f5e482 3cb27b11f95d494699d7ff2e1e2bf8db 7a97124568cc46c0b4745859249bbda1 - - default default] http://10.0.0.194:8776/ returned with HTTP 300
2026-07-24 18:44:41.006 7 INFO cinder.api.openstack.wsgi [None req-3a76ec5b-0053-4d3b-98d9-cfe6c86ce51b 3cb27b11f95d494699d7ff2e1e2bf8db 7a97124568cc46c0b4745859249bbda1 - - default default] http://10.0.0.194:8776/ returned with HTTP 300 /var/lib/openstack/lib/python3.10/site-packages/pycadf/identifier.py:71: UserWarning: Invalid uuid: cinderv3. To ensure interoperability, identifiers should be a valid uuid. warnings.warn(('Invalid uuid: %s. To ensure interoperability, '
2026-07-24 18:44:41.293 8 INFO cinder.api.openstack.wsgi [None req-0a234299-f6e2-4251-a10d-76203a9caf60 3cb27b11f95d494699d7ff2e1e2bf8db 7a97124568cc46c0b4745859249bbda1 - - default default] GET http://cinder-api.openstack.svc.cluster.local:8776/v3/7a97124568cc46c0b4745859249bbda1/volumes/af636fa4-be8a-4117-9d21-0c5480450fec /var/lib/openstack/lib/python3.10/site-packages/oslo_context/context.py:100: DeprecationWarning: Policy enforcement is depending on the value of is_admin. This key is deprecated. Please update your policy file to use the standard policy values. warnings.warn('Policy enforcement is depending on the value of '
2026-07-24 18:44:41.321 8 INFO cinder.volume.api [None req-0a234299-f6e2-4251-a10d-76203a9caf60 3cb27b11f95d494699d7ff2e1e2bf8db 7a97124568cc46c0b4745859249bbda1 - - default default] Volume info retrieved successfully.
2026-07-24 18:44:41.329 8 INFO cinder.api.openstack.wsgi [None req-0a234299-f6e2-4251-a10d-76203a9caf60 3cb27b11f95d494699d7ff2e1e2bf8db 7a97124568cc46c0b4745859249bbda1 - - default default] http://cinder-api.openstack.svc.cluster.local:8776/v3/7a97124568cc46c0b4745859249bbda1/volumes/af636fa4-be8a-4117-9d21-0c5480450fec returned with HTTP 200 [pid: 8|app: 0|req: 465/931] 10.0.0.195 () {32 vars in 775 bytes} [Fri Jul 24 18:44:41 2026] GET /v3/7a97124568cc46c0b4745859249bbda1/volumes/af636fa4-be8a-4117-9d21-0c5480450fec => generated 972 bytes in 45 msecs (HTTP/1.1 200) 7 headers in 285 bytes (1 switches on core 0) /var/lib/openstack/lib/python3.10/site-packages/pycadf/identifier.py:71: UserWarning: Invalid uuid: cinderv3. To ensure interoperability, identifiers should be a valid uuid. warnings.warn(('Invalid uuid: %s. To ensure interoperability, '
2026-07-24 18:44:41.350 7 INFO cinder.api.openstack.wsgi [None req-4a260647-8784-45d1-a325-def48a13a263 3cb27b11f95d494699d7ff2e1e2bf8db 7a97124568cc46c0b4745859249bbda1 - - default default] DELETE http://cinder-api.openstack.svc.cluster.local:8776/v3/7a97124568cc46c0b4745859249bbda1/volumes/af636fa4-be8a-4117-9d21-0c5480450fec
2026-07-24 18:44:41.351 7 INFO cinder.api.v3.volumes [None req-4a260647-8784-45d1-a325-def48a13a263 3cb27b11f95d494699d7ff2e1e2bf8db 7a97124568cc46c0b4745859249bbda1 - - default default] Delete volume with id: af636fa4-be8a-4117-9d21-0c5480450fec  /var/lib/openstack/lib/python3.10/site-packages/oslo_context/context.py:100: DeprecationWarning: Policy enforcement is depending on the value of is_admin. This key is deprecated. Please update your policy file to use the standard policy values. warnings.warn('Policy enforcement is depending on the value of '
2026-07-24 18:44:41.369 7 INFO cinder.volume.api [None req-4a260647-8784-45d1-a325-def48a13a263 3cb27b11f95d494699d7ff2e1e2bf8db 7a97124568cc46c0b4745859249bbda1 - - default default] Volume info retrieved successfully.
2026-07-24 18:44:41.394 7 INFO cinder.volume.api [None req-4a260647-8784-45d1-a325-def48a13a263 3cb27b11f95d494699d7ff2e1e2bf8db 7a97124568cc46c0b4745859249bbda1 - - default default] Delete volume request issued successfully.
2026-07-24 18:44:41.394 7 INFO cinder.api.openstack.wsgi [None req-4a260647-8784-45d1-a325-def48a13a263 3cb27b11f95d494699d7ff2e1e2bf8db 7a97124568cc46c0b4745859249bbda1 - - default default] http://cinder-api.openstack.svc.cluster.local:8776/v3/7a97124568cc46c0b4745859249bbda1/volumes/af636fa4-be8a-4117-9d21-0c5480450fec returned with HTTP 202 [pid: 7|app: 0|req: 467/932] 10.0.0.195 () {32 vars in 778 bytes} [Fri Jul 24 18:44:41 2026] DELETE /v3/7a97124568cc46c0b4745859249bbda1/volumes/af636fa4-be8a-4117-9d21-0c5480450fec => generated 0 bytes in 52 msecs (HTTP/1.1 202) 6 headers in 233 bytes (1 switches on core 0) /var/lib/openstack/lib/python3.10/site-packages/pycadf/identifier.py:71: UserWarning: Invalid uuid: cinderv3. To ensure interoperability, identifiers should be a valid uuid. warnings.warn(('Invalid uuid: %s. To ensure interoperability, '
2026-07-24 18:44:41.409 8 INFO cinder.api.openstack.wsgi [None req-c959d35a-ab1f-4681-aefb-81764b360c64 3cb27b11f95d494699d7ff2e1e2bf8db 7a97124568cc46c0b4745859249bbda1 - - default default] GET http://cinder-api.openstack.svc.cluster.local:8776/v3/7a97124568cc46c0b4745859249bbda1/volumes/af636fa4-be8a-4117-9d21-0c5480450fec /var/lib/openstack/lib/python3.10/site-packages/oslo_context/context.py:100: DeprecationWarning: Policy enforcement is depending on the value of is_admin. This key is deprecated. Please update your policy file to use the standard policy values. warnings.warn('Policy enforcement is depending on the value of '
2026-07-24 18:44:41.432 8 INFO cinder.volume.api [None req-c959d35a-ab1f-4681-aefb-81764b360c64 3cb27b11f95d494699d7ff2e1e2bf8db 7a97124568cc46c0b4745859249bbda1 - - default default] Volume info retrieved successfully.
2026-07-24 18:44:41.440 8 INFO cinder.api.openstack.wsgi [None req-c959d35a-ab1f-4681-aefb-81764b360c64 3cb27b11f95d494699d7ff2e1e2bf8db 7a97124568cc46c0b4745859249bbda1 - - default default] http://cinder-api.openstack.svc.cluster.local:8776/v3/7a97124568cc46c0b4745859249bbda1/volumes/af636fa4-be8a-4117-9d21-0c5480450fec returned with HTTP 200 [pid: 8|app: 0|req: 466/933] 10.0.0.195 () {32 vars in 775 bytes} [Fri Jul 24 18:44:41 2026] GET /v3/7a97124568cc46c0b4745859249bbda1/volumes/af636fa4-be8a-4117-9d21-0c5480450fec => generated 971 bytes in 40 msecs (HTTP/1.1 200) 7 headers in 285 bytes (1 switches on core 0) /var/lib/openstack/lib/python3.10/site-packages/pycadf/identifier.py:71: UserWarning: Invalid uuid: cinderv3. To ensure interoperability, identifiers should be a valid uuid. warnings.warn(('Invalid uuid: %s. To ensure interoperability, '
2026-07-24 18:44:42.473 7 INFO cinder.api.openstack.wsgi [None req-48d13968-7913-48a2-9a01-e397e8c42c3e 3cb27b11f95d494699d7ff2e1e2bf8db 7a97124568cc46c0b4745859249bbda1 - - default default] GET http://cinder-api.openstack.svc.cluster.local:8776/v3/7a97124568cc46c0b4745859249bbda1/volumes/af636fa4-be8a-4117-9d21-0c5480450fec
2026-07-24 18:44:42.486 7 INFO cinder.api.openstack.wsgi [None req-48d13968-7913-48a2-9a01-e397e8c42c3e 3cb27b11f95d494699d7ff2e1e2bf8db 7a97124568cc46c0b4745859249bbda1 - - default default] http://cinder-api.openstack.svc.cluster.local:8776/v3/7a97124568cc46c0b4745859249bbda1/volumes/af636fa4-be8a-4117-9d21-0c5480450fec returned with HTTP 404 [pid: 7|app: 0|req: 468/934] 10.0.0.195 () {32 vars in 775 bytes} [Fri Jul 24 18:44:42 2026] GET /v3/7a97124568cc46c0b4745859249bbda1/volumes/af636fa4-be8a-4117-9d21-0c5480450fec => generated 109 bytes in 23 msecs (HTTP/1.1 404) 7 headers in 292 bytes (1 switches on core 0) /var/lib/openstack/lib/python3.10/site-packages/pycadf/identifier.py:71: UserWarning: Invalid uuid: cinderv3. To ensure interoperability, identifiers should be a valid uuid. warnings.warn(('Invalid uuid: %s. To ensure interoperability, '
2026-07-24 18:44:50.997 8 INFO cinder.api.openstack.wsgi [None req-96f05d25-128e-48cd-ace1-57cd85d01789 af6cf6b7229b4c9eace48dd4220164e4 8498dd98b53f466e81ae586547e94771 - - default default] GET http://cinder-api.openstack.svc.cluster.local:8776/v3/8498dd98b53f466e81ae586547e94771/volumes/detail?all_tenants=true
2026-07-24 18:44:51.005 7 INFO cinder.api.openstack.wsgi [None req-48d13968-7913-48a2-9a01-e397e8c42c3e 3cb27b11f95d494699d7ff2e1e2bf8db 7a97124568cc46c0b4745859249bbda1 - - default default] GET http://10.0.0.194:8776/
2026-07-24 18:44:51.009 7 INFO cinder.api.openstack.wsgi [None req-48d13968-7913-48a2-9a01-e397e8c42c3e 3cb27b11f95d494699d7ff2e1e2bf8db 7a97124568cc46c0b4745859249bbda1 - - default default] http://10.0.0.194:8776/ returned with HTTP 300
2026-07-24 18:44:51.011 7 INFO cinder.api.openstack.wsgi [None req-48d13968-7913-48a2-9a01-e397e8c42c3e 3cb27b11f95d494699d7ff2e1e2bf8db 7a97124568cc46c0b4745859249bbda1 - - default default] GET http://10.0.0.194:8776/
2026-07-24 18:44:51.012 7 INFO cinder.api.openstack.wsgi [None req-48d13968-7913-48a2-9a01-e397e8c42c3e 3cb27b11f95d494699d7ff2e1e2bf8db 7a97124568cc46c0b4745859249bbda1 - - default default] http://10.0.0.194:8776/ returned with HTTP 300
2026-07-24 18:44:51.017 8 INFO cinder.volume.api [None req-96f05d25-128e-48cd-ace1-57cd85d01789 af6cf6b7229b4c9eace48dd4220164e4 8498dd98b53f466e81ae586547e94771 - - default default] Get all volumes completed successfully.
2026-07-24 18:44:51.029 8 INFO cinder.api.openstack.wsgi [None req-96f05d25-128e-48cd-ace1-57cd85d01789 af6cf6b7229b4c9eace48dd4220164e4 8498dd98b53f466e81ae586547e94771 - - default default] http://cinder-api.openstack.svc.cluster.local:8776/v3/8498dd98b53f466e81ae586547e94771/volumes/detail?all_tenants=true returned with HTTP 200 [pid: 8|app: 0|req: 467/937] 10.0.0.108 () {28 vars in 684 bytes} [Fri Jul 24 18:44:50 2026] GET /v3/8498dd98b53f466e81ae586547e94771/volumes/detail?all_tenants=true => generated 15 bytes in 175 msecs (HTTP/1.1 200) 7 headers in 284 bytes (1 switches on core 0)
2026-07-24 18:44:51.047 7 INFO cinder.api.openstack.wsgi [None req-0e1772ec-023c-4322-ab69-dd924ff9a913 af6cf6b7229b4c9eace48dd4220164e4 8498dd98b53f466e81ae586547e94771 - - default default] GET http://cinder-api.openstack.svc.cluster.local:8776/v3/8498dd98b53f466e81ae586547e94771/snapshots?all_tenants=true
2026-07-24 18:44:51.056 7 INFO cinder.volume.api [None req-0e1772ec-023c-4322-ab69-dd924ff9a913 af6cf6b7229b4c9eace48dd4220164e4 8498dd98b53f466e81ae586547e94771 - - default default] Get all snapshots completed successfully.
2026-07-24 18:44:51.056 7 INFO cinder.api.openstack.wsgi [None req-0e1772ec-023c-4322-ab69-dd924ff9a913 af6cf6b7229b4c9eace48dd4220164e4 8498dd98b53f466e81ae586547e94771 - - default default] http://cinder-api.openstack.svc.cluster.local:8776/v3/8498dd98b53f466e81ae586547e94771/snapshots?all_tenants=true returned with HTTP 200 [pid: 7|app: 0|req: 471/938] 10.0.0.108 () {28 vars in 674 bytes} [Fri Jul 24 18:44:51 2026] GET /v3/8498dd98b53f466e81ae586547e94771/snapshots?all_tenants=true => generated 17 bytes in 16 msecs (HTTP/1.1 200) 7 headers in 284 bytes (1 switches on core 0)
2026-07-24 18:44:51.077 8 INFO cinder.api.openstack.wsgi [None req-0eda4d7f-c919-4768-8e64-050fbe0c25ec af6cf6b7229b4c9eace48dd4220164e4 8498dd98b53f466e81ae586547e94771 - - default default] GET http://cinder-api.openstack.svc.cluster.local:8776/v3/8498dd98b53f466e81ae586547e94771/os-services
2026-07-24 18:44:51.084 8 INFO cinder.api.openstack.wsgi [None req-0eda4d7f-c919-4768-8e64-050fbe0c25ec af6cf6b7229b4c9eace48dd4220164e4 8498dd98b53f466e81ae586547e94771 - - default default] http://cinder-api.openstack.svc.cluster.local:8776/v3/8498dd98b53f466e81ae586547e94771/os-services returned with HTTP 200 [pid: 8|app: 0|req: 468/939] 10.0.0.108 () {28 vars in 645 bytes} [Fri Jul 24 18:44:51 2026] GET /v3/8498dd98b53f466e81ae586547e94771/os-services => generated 646 bytes in 16 msecs (HTTP/1.1 200) 7 headers in 285 bytes (1 switches on core 0)
2026-07-24 18:44:51.097 7 INFO cinder.api.openstack.wsgi [None req-7b8e7820-f8b4-4b6a-a2a6-c4ca7ac6aed1 af6cf6b7229b4c9eace48dd4220164e4 8498dd98b53f466e81ae586547e94771 - - default default] GET http://cinder-api.openstack.svc.cluster.local:8776/v3/8498dd98b53f466e81ae586547e94771/scheduler-stats/get_pools?detail=true
2026-07-24 18:44:51.128 7 INFO cinder.api.openstack.wsgi [None req-7b8e7820-f8b4-4b6a-a2a6-c4ca7ac6aed1 af6cf6b7229b4c9eace48dd4220164e4 8498dd98b53f466e81ae586547e94771 - - default default] http://cinder-api.openstack.svc.cluster.local:8776/v3/8498dd98b53f466e81ae586547e94771/scheduler-stats/get_pools?detail=true returned with HTTP 200 [pid: 7|app: 0|req: 472/940] 10.0.0.108 () {28 vars in 696 bytes} [Fri Jul 24 18:44:51 2026] GET /v3/8498dd98b53f466e81ae586547e94771/scheduler-stats/get_pools?detail=true => generated 670 bytes in 41 msecs (HTTP/1.1 200) 7 headers in 285 bytes (1 switches on core 0)
2026-07-24 18:44:51.184 8 INFO cinder.api.openstack.wsgi [None req-4bb20c13-662d-4930-aeb6-60d297d08411 af6cf6b7229b4c9eace48dd4220164e4 8498dd98b53f466e81ae586547e94771 - - default default] GET http://cinder-api.openstack.svc.cluster.local:8776/v3/8498dd98b53f466e81ae586547e94771/os-quota-sets/0352195e216b4bb9ae9620467927eb16?usage=true
2026-07-24 18:44:51.212 8 INFO cinder.api.openstack.wsgi [None req-4bb20c13-662d-4930-aeb6-60d297d08411 af6cf6b7229b4c9eace48dd4220164e4 8498dd98b53f466e81ae586547e94771 - - default default] http://cinder-api.openstack.svc.cluster.local:8776/v3/8498dd98b53f466e81ae586547e94771/os-quota-sets/0352195e216b4bb9ae9620467927eb16?usage=true returned with HTTP 200 [pid: 8|app: 0|req: 469/941] 10.0.0.108 () {28 vars in 736 bytes} [Fri Jul 24 18:44:51 2026] GET /v3/8498dd98b53f466e81ae586547e94771/os-quota-sets/0352195e216b4bb9ae9620467927eb16?usage=true => generated 847 bytes in 38 msecs (HTTP/1.1 200) 7 headers in 285 bytes (1 switches on core 0)
2026-07-24 18:44:51.228 7 INFO cinder.api.openstack.wsgi [None req-e76aec9c-dfae-4faa-8cb6-ae9aaee15a1f af6cf6b7229b4c9eace48dd4220164e4 8498dd98b53f466e81ae586547e94771 - - default default] GET http://cinder-api.openstack.svc.cluster.local:8776/v3/8498dd98b53f466e81ae586547e94771/os-quota-sets/11a769af7a2e46a4a34c0eccf39b3704?usage=true
2026-07-24 18:44:51.255 7 INFO cinder.api.openstack.wsgi [None req-e76aec9c-dfae-4faa-8cb6-ae9aaee15a1f af6cf6b7229b4c9eace48dd4220164e4 8498dd98b53f466e81ae586547e94771 - - default default] http://cinder-api.openstack.svc.cluster.local:8776/v3/8498dd98b53f466e81ae586547e94771/os-quota-sets/11a769af7a2e46a4a34c0eccf39b3704?usage=true returned with HTTP 200 [pid: 7|app: 0|req: 473/942] 10.0.0.108 () {28 vars in 736 bytes} [Fri Jul 24 18:44:51 2026] GET /v3/8498dd98b53f466e81ae586547e94771/os-quota-sets/11a769af7a2e46a4a34c0eccf39b3704?usage=true => generated 847 bytes in 38 msecs (HTTP/1.1 200) 7 headers in 285 bytes (1 switches on core 0)
2026-07-24 18:44:51.270 8 INFO cinder.api.openstack.wsgi [None req-d8fdcbea-54c7-4905-9c1d-1de084f06b82 af6cf6b7229b4c9eace48dd4220164e4 8498dd98b53f466e81ae586547e94771 - - default default] GET http://cinder-api.openstack.svc.cluster.local:8776/v3/8498dd98b53f466e81ae586547e94771/os-quota-sets/212bb1b9ff734bf3bb58af6e01765097?usage=true
2026-07-24 18:44:51.300 8 INFO cinder.api.openstack.wsgi [None req-d8fdcbea-54c7-4905-9c1d-1de084f06b82 af6cf6b7229b4c9eace48dd4220164e4 8498dd98b53f466e81ae586547e94771 - - default default] http://cinder-api.openstack.svc.cluster.local:8776/v3/8498dd98b53f466e81ae586547e94771/os-quota-sets/212bb1b9ff734bf3bb58af6e01765097?usage=true returned with HTTP 200 [pid: 8|app: 0|req: 470/943] 10.0.0.108 () {28 vars in 736 bytes} [Fri Jul 24 18:44:51 2026] GET /v3/8498dd98b53f466e81ae586547e94771/os-quota-sets/212bb1b9ff734bf3bb58af6e01765097?usage=true => generated 847 bytes in 40 msecs (HTTP/1.1 200) 7 headers in 285 bytes (1 switches on core 0)
2026-07-24 18:44:51.315 7 INFO cinder.api.openstack.wsgi [None req-56adb5d2-0843-4d68-82dd-17f929847e63 af6cf6b7229b4c9eace48dd4220164e4 8498dd98b53f466e81ae586547e94771 - - default default] GET http://cinder-api.openstack.svc.cluster.local:8776/v3/8498dd98b53f466e81ae586547e94771/os-quota-sets/22989c9346c64e6e8d91e7c12893eb2e?usage=true
2026-07-24 18:44:51.353 7 INFO cinder.api.openstack.wsgi [None req-56adb5d2-0843-4d68-82dd-17f929847e63 af6cf6b7229b4c9eace48dd4220164e4 8498dd98b53f466e81ae586547e94771 - - default default] http://cinder-api.openstack.svc.cluster.local:8776/v3/8498dd98b53f466e81ae586547e94771/os-quota-sets/22989c9346c64e6e8d91e7c12893eb2e?usage=true returned with HTTP 200 [pid: 7|app: 0|req: 474/944] 10.0.0.108 () {28 vars in 736 bytes} [Fri Jul 24 18:44:51 2026] GET /v3/8498dd98b53f466e81ae586547e94771/os-quota-sets/22989c9346c64e6e8d91e7c12893eb2e?usage=true => generated 847 bytes in 49 msecs (HTTP/1.1 200) 7 headers in 285 bytes (1 switches on core 0)
2026-07-24 18:44:51.366 8 INFO cinder.api.openstack.wsgi [None req-e7fa9bc7-69d8-466e-b86b-1705365f7039 af6cf6b7229b4c9eace48dd4220164e4 8498dd98b53f466e81ae586547e94771 - - default default] GET http://cinder-api.openstack.svc.cluster.local:8776/v3/8498dd98b53f466e81ae586547e94771/os-quota-sets/5f83ee4d92864e89b29c2fb4f0554007?usage=true
2026-07-24 18:44:51.402 8 INFO cinder.api.openstack.wsgi [None req-e7fa9bc7-69d8-466e-b86b-1705365f7039 af6cf6b7229b4c9eace48dd4220164e4 8498dd98b53f466e81ae586547e94771 - - default default] http://cinder-api.openstack.svc.cluster.local:8776/v3/8498dd98b53f466e81ae586547e94771/os-quota-sets/5f83ee4d92864e89b29c2fb4f0554007?usage=true returned with HTTP 200 [pid: 8|app: 0|req: 471/945] 10.0.0.108 () {28 vars in 736 bytes} [Fri Jul 24 18:44:51 2026] GET /v3/8498dd98b53f466e81ae586547e94771/os-quota-sets/5f83ee4d92864e89b29c2fb4f0554007?usage=true => generated 847 bytes in 46 msecs (HTTP/1.1 200) 7 headers in 285 bytes (1 switches on core 0)
2026-07-24 18:44:51.415 7 INFO cinder.api.openstack.wsgi [None req-22faa32a-3ce0-4cdb-8b26-b4ed6231c75e af6cf6b7229b4c9eace48dd4220164e4 8498dd98b53f466e81ae586547e94771 - - default default] GET http://cinder-api.openstack.svc.cluster.local:8776/v3/8498dd98b53f466e81ae586547e94771/os-quota-sets/8498dd98b53f466e81ae586547e94771?usage=true
2026-07-24 18:44:51.441 7 INFO cinder.api.openstack.wsgi [None req-22faa32a-3ce0-4cdb-8b26-b4ed6231c75e af6cf6b7229b4c9eace48dd4220164e4 8498dd98b53f466e81ae586547e94771 - - default default] http://cinder-api.openstack.svc.cluster.local:8776/v3/8498dd98b53f466e81ae586547e94771/os-quota-sets/8498dd98b53f466e81ae586547e94771?usage=true returned with HTTP 200 [pid: 7|app: 0|req: 475/946] 10.0.0.108 () {28 vars in 736 bytes} [Fri Jul 24 18:44:51 2026] GET /v3/8498dd98b53f466e81ae586547e94771/os-quota-sets/8498dd98b53f466e81ae586547e94771?usage=true => generated 845 bytes in 35 msecs (HTTP/1.1 200) 7 headers in 285 bytes (1 switches on core 0)
2026-07-24 18:44:51.457 8 INFO cinder.api.openstack.wsgi [None req-e696db4e-73a0-4e80-b803-92fe72de858a af6cf6b7229b4c9eace48dd4220164e4 8498dd98b53f466e81ae586547e94771 - - default default] GET http://cinder-api.openstack.svc.cluster.local:8776/v3/8498dd98b53f466e81ae586547e94771/os-quota-sets/85688f36131a4d3e8f35c4b68571240f?usage=true
2026-07-24 18:44:51.485 8 INFO cinder.api.openstack.wsgi [None req-e696db4e-73a0-4e80-b803-92fe72de858a af6cf6b7229b4c9eace48dd4220164e4 8498dd98b53f466e81ae586547e94771 - - default default] http://cinder-api.openstack.svc.cluster.local:8776/v3/8498dd98b53f466e81ae586547e94771/os-quota-sets/85688f36131a4d3e8f35c4b68571240f?usage=true returned with HTTP 200 [pid: 8|app: 0|req: 472/947] 10.0.0.108 () {28 vars in 736 bytes} [Fri Jul 24 18:44:51 2026] GET /v3/8498dd98b53f466e81ae586547e94771/os-quota-sets/85688f36131a4d3e8f35c4b68571240f?usage=true => generated 847 bytes in 40 msecs (HTTP/1.1 200) 7 headers in 285 bytes (1 switches on core 0)
2026-07-24 18:44:51.504 7 INFO cinder.api.openstack.wsgi [None req-d19050df-2bfe-4a6d-90c2-4255abe63e1b af6cf6b7229b4c9eace48dd4220164e4 8498dd98b53f466e81ae586547e94771 - - default default] GET http://cinder-api.openstack.svc.cluster.local:8776/v3/8498dd98b53f466e81ae586547e94771/os-quota-sets/8dd6f8ba1d4c42f0a793344046582a00?usage=true
2026-07-24 18:44:51.532 7 INFO cinder.api.openstack.wsgi [None req-d19050df-2bfe-4a6d-90c2-4255abe63e1b af6cf6b7229b4c9eace48dd4220164e4 8498dd98b53f466e81ae586547e94771 - - default default] http://cinder-api.openstack.svc.cluster.local:8776/v3/8498dd98b53f466e81ae586547e94771/os-quota-sets/8dd6f8ba1d4c42f0a793344046582a00?usage=true returned with HTTP 200 [pid: 7|app: 0|req: 476/948] 10.0.0.108 () {28 vars in 736 bytes} [Fri Jul 24 18:44:51 2026] GET /v3/8498dd98b53f466e81ae586547e94771/os-quota-sets/8dd6f8ba1d4c42f0a793344046582a00?usage=true => generated 847 bytes in 42 msecs (HTTP/1.1 200) 7 headers in 285 bytes (1 switches on core 0)
2026-07-24 18:44:51.546 8 INFO cinder.api.openstack.wsgi [None req-018df578-d158-4e37-bc42-d12c80c19aee af6cf6b7229b4c9eace48dd4220164e4 8498dd98b53f466e81ae586547e94771 - - default default] GET http://cinder-api.openstack.svc.cluster.local:8776/v3/8498dd98b53f466e81ae586547e94771/os-quota-sets/9764d82e83f141ffa6d86d980bb5767f?usage=true
2026-07-24 18:44:51.601 8 INFO cinder.api.openstack.wsgi [None req-018df578-d158-4e37-bc42-d12c80c19aee af6cf6b7229b4c9eace48dd4220164e4 8498dd98b53f466e81ae586547e94771 - - default default] http://cinder-api.openstack.svc.cluster.local:8776/v3/8498dd98b53f466e81ae586547e94771/os-quota-sets/9764d82e83f141ffa6d86d980bb5767f?usage=true returned with HTTP 200 [pid: 8|app: 0|req: 473/949] 10.0.0.108 () {28 vars in 736 bytes} [Fri Jul 24 18:44:51 2026] GET /v3/8498dd98b53f466e81ae586547e94771/os-quota-sets/9764d82e83f141ffa6d86d980bb5767f?usage=true => generated 847 bytes in 64 msecs (HTTP/1.1 200) 7 headers in 285 bytes (1 switches on core 0)
2026-07-24 18:44:51.617 7 INFO cinder.api.openstack.wsgi [None req-457b8ff8-e6a6-4571-aa7b-efe2ab754625 af6cf6b7229b4c9eace48dd4220164e4 8498dd98b53f466e81ae586547e94771 - - default default] GET http://cinder-api.openstack.svc.cluster.local:8776/v3/8498dd98b53f466e81ae586547e94771/os-quota-sets/9d6e4712840d4a0cad43a7eeab5a1cbd?usage=true
2026-07-24 18:44:51.661 7 INFO cinder.api.openstack.wsgi [None req-457b8ff8-e6a6-4571-aa7b-efe2ab754625 af6cf6b7229b4c9eace48dd4220164e4 8498dd98b53f466e81ae586547e94771 - - default default] http://cinder-api.openstack.svc.cluster.local:8776/v3/8498dd98b53f466e81ae586547e94771/os-quota-sets/9d6e4712840d4a0cad43a7eeab5a1cbd?usage=true returned with HTTP 200 [pid: 7|app: 0|req: 477/950] 10.0.0.108 () {28 vars in 736 bytes} [Fri Jul 24 18:44:51 2026] GET /v3/8498dd98b53f466e81ae586547e94771/os-quota-sets/9d6e4712840d4a0cad43a7eeab5a1cbd?usage=true => generated 847 bytes in 56 msecs (HTTP/1.1 200) 7 headers in 285 bytes (1 switches on core 0)
2026-07-24 18:44:51.677 8 INFO cinder.api.openstack.wsgi [None req-cb4b3533-f0b3-45d1-8fee-2d2a7485f4a6 af6cf6b7229b4c9eace48dd4220164e4 8498dd98b53f466e81ae586547e94771 - - default default] GET http://cinder-api.openstack.svc.cluster.local:8776/v3/8498dd98b53f466e81ae586547e94771/os-quota-sets/a086d65b2e394a03bff3b8c825d70205?usage=true
2026-07-24 18:44:51.707 8 INFO cinder.api.openstack.wsgi [None req-cb4b3533-f0b3-45d1-8fee-2d2a7485f4a6 af6cf6b7229b4c9eace48dd4220164e4 8498dd98b53f466e81ae586547e94771 - - default default] http://cinder-api.openstack.svc.cluster.local:8776/v3/8498dd98b53f466e81ae586547e94771/os-quota-sets/a086d65b2e394a03bff3b8c825d70205?usage=true returned with HTTP 200 [pid: 8|app: 0|req: 474/951] 10.0.0.108 () {28 vars in 736 bytes} [Fri Jul 24 18:44:51 2026] GET /v3/8498dd98b53f466e81ae586547e94771/os-quota-sets/a086d65b2e394a03bff3b8c825d70205?usage=true => generated 847 bytes in 42 msecs (HTTP/1.1 200) 7 headers in 285 bytes (1 switches on core 0)
2026-07-24 18:44:51.724 7 INFO cinder.api.openstack.wsgi [None req-c8891a35-4db9-4582-95a7-f5e94b5c3143 af6cf6b7229b4c9eace48dd4220164e4 8498dd98b53f466e81ae586547e94771 - - default default] GET http://cinder-api.openstack.svc.cluster.local:8776/v3/8498dd98b53f466e81ae586547e94771/os-quota-sets/a1dc6220d0b14461a957fc694addf16d?usage=true
2026-07-24 18:44:51.753 7 INFO cinder.api.openstack.wsgi [None req-c8891a35-4db9-4582-95a7-f5e94b5c3143 af6cf6b7229b4c9eace48dd4220164e4 8498dd98b53f466e81ae586547e94771 - - default default] http://cinder-api.openstack.svc.cluster.local:8776/v3/8498dd98b53f466e81ae586547e94771/os-quota-sets/a1dc6220d0b14461a957fc694addf16d?usage=true returned with HTTP 200 [pid: 7|app: 0|req: 478/952] 10.0.0.108 () {28 vars in 736 bytes} [Fri Jul 24 18:44:51 2026] GET /v3/8498dd98b53f466e81ae586547e94771/os-quota-sets/a1dc6220d0b14461a957fc694addf16d?usage=true => generated 847 bytes in 42 msecs (HTTP/1.1 200) 7 headers in 285 bytes (1 switches on core 0)
2026-07-24 18:44:51.771 8 INFO cinder.api.openstack.wsgi [None req-d7fd667c-b1a9-4052-bb7a-c5600b74bda0 af6cf6b7229b4c9eace48dd4220164e4 8498dd98b53f466e81ae586547e94771 - - default default] GET http://cinder-api.openstack.svc.cluster.local:8776/v3/8498dd98b53f466e81ae586547e94771/os-quota-sets/e2f20cd3df98453099bf504f9832b7c6?usage=true
2026-07-24 18:44:51.802 8 INFO cinder.api.openstack.wsgi [None req-d7fd667c-b1a9-4052-bb7a-c5600b74bda0 af6cf6b7229b4c9eace48dd4220164e4 8498dd98b53f466e81ae586547e94771 - - default default] http://cinder-api.openstack.svc.cluster.local:8776/v3/8498dd98b53f466e81ae586547e94771/os-quota-sets/e2f20cd3df98453099bf504f9832b7c6?usage=true returned with HTTP 200 [pid: 8|app: 0|req: 475/953] 10.0.0.108 () {28 vars in 736 bytes} [Fri Jul 24 18:44:51 2026] GET /v3/8498dd98b53f466e81ae586547e94771/os-quota-sets/e2f20cd3df98453099bf504f9832b7c6?usage=true => generated 845 bytes in 40 msecs (HTTP/1.1 200) 7 headers in 285 bytes (1 switches on core 0)
2026-07-24 18:44:51.820 7 INFO cinder.api.openstack.wsgi [None req-392530c9-02f6-4d5e-aa30-085cea7d3e2b af6cf6b7229b4c9eace48dd4220164e4 8498dd98b53f466e81ae586547e94771 - - default default] GET http://cinder-api.openstack.svc.cluster.local:8776/v3/8498dd98b53f466e81ae586547e94771/os-quota-sets/eff42d92c70d40dcae1196ce8ec9d83d?usage=true
2026-07-24 18:44:51.843 7 INFO cinder.api.openstack.wsgi [None req-392530c9-02f6-4d5e-aa30-085cea7d3e2b af6cf6b7229b4c9eace48dd4220164e4 8498dd98b53f466e81ae586547e94771 - - default default] http://cinder-api.openstack.svc.cluster.local:8776/v3/8498dd98b53f466e81ae586547e94771/os-quota-sets/eff42d92c70d40dcae1196ce8ec9d83d?usage=true returned with HTTP 200 [pid: 7|app: 0|req: 479/954] 10.0.0.108 () {28 vars in 736 bytes} [Fri Jul 24 18:44:51 2026] GET /v3/8498dd98b53f466e81ae586547e94771/os-quota-sets/eff42d92c70d40dcae1196ce8ec9d83d?usage=true => generated 847 bytes in 36 msecs (HTTP/1.1 200) 7 headers in 285 bytes (1 switches on core 0)
2026-07-24 18:44:51.858 8 INFO cinder.api.openstack.wsgi [None req-e40f2c07-ef50-483e-bd36-532a0aafd2e1 af6cf6b7229b4c9eace48dd4220164e4 8498dd98b53f466e81ae586547e94771 - - default default] GET http://cinder-api.openstack.svc.cluster.local:8776/v3/8498dd98b53f466e81ae586547e94771/volumes/detail?all_tenants=true
2026-07-24 18:44:51.869 8 INFO cinder.volume.api [None req-e40f2c07-ef50-483e-bd36-532a0aafd2e1 af6cf6b7229b4c9eace48dd4220164e4 8498dd98b53f466e81ae586547e94771 - - default default] Get all volumes completed successfully.
2026-07-24 18:44:51.871 8 INFO cinder.api.openstack.wsgi [None req-e40f2c07-ef50-483e-bd36-532a0aafd2e1 af6cf6b7229b4c9eace48dd4220164e4 8498dd98b53f466e81ae586547e94771 - - default default] http://cinder-api.openstack.svc.cluster.local:8776/v3/8498dd98b53f466e81ae586547e94771/volumes/detail?all_tenants=true returned with HTTP 200 [pid: 8|app: 0|req: 476/955] 10.0.0.108 () {28 vars in 684 bytes} [Fri Jul 24 18:44:51 2026] GET /v3/8498dd98b53f466e81ae586547e94771/volumes/detail?all_tenants=true => generated 15 bytes in 20 msecs (HTTP/1.1 200) 7 headers in 284 bytes (1 switches on core 0)
2026-07-24 18:45:01.004 7 INFO cinder.api.openstack.wsgi [None req-392530c9-02f6-4d5e-aa30-085cea7d3e2b af6cf6b7229b4c9eace48dd4220164e4 8498dd98b53f466e81ae586547e94771 - - default default] GET http://10.0.0.194:8776/
2026-07-24 18:45:01.004 8 INFO cinder.api.openstack.wsgi [None req-e40f2c07-ef50-483e-bd36-532a0aafd2e1 af6cf6b7229b4c9eace48dd4220164e4 8498dd98b53f466e81ae586547e94771 - - default default] GET http://10.0.0.194:8776/
2026-07-24 18:45:01.005 7 INFO cinder.api.openstack.wsgi [None req-392530c9-02f6-4d5e-aa30-085cea7d3e2b af6cf6b7229b4c9eace48dd4220164e4 8498dd98b53f466e81ae586547e94771 - - default default] http://10.0.0.194:8776/ returned with HTTP 300
2026-07-24 18:45:01.006 8 INFO cinder.api.openstack.wsgi [None req-e40f2c07-ef50-483e-bd36-532a0aafd2e1 af6cf6b7229b4c9eace48dd4220164e4 8498dd98b53f466e81ae586547e94771 - - default default] http://10.0.0.194:8776/ returned with HTTP 300
2026-07-24 18:45:11.004 8 INFO cinder.api.openstack.wsgi [None req-e40f2c07-ef50-483e-bd36-532a0aafd2e1 af6cf6b7229b4c9eace48dd4220164e4 8498dd98b53f466e81ae586547e94771 - - default default] GET http://10.0.0.194:8776/
2026-07-24 18:45:11.004 7 INFO cinder.api.openstack.wsgi [None req-392530c9-02f6-4d5e-aa30-085cea7d3e2b af6cf6b7229b4c9eace48dd4220164e4 8498dd98b53f466e81ae586547e94771 - - default default] GET http://10.0.0.194:8776/
2026-07-24 18:45:11.006 7 INFO cinder.api.openstack.wsgi [None req-392530c9-02f6-4d5e-aa30-085cea7d3e2b af6cf6b7229b4c9eace48dd4220164e4 8498dd98b53f466e81ae586547e94771 - - default default] http://10.0.0.194:8776/ returned with HTTP 300
2026-07-24 18:45:11.006 8 INFO cinder.api.openstack.wsgi [None req-e40f2c07-ef50-483e-bd36-532a0aafd2e1 af6cf6b7229b4c9eace48dd4220164e4 8498dd98b53f466e81ae586547e94771 - - default default] http://10.0.0.194:8776/ returned with HTTP 300
2026-07-24 18:45:21.003 7 INFO cinder.api.openstack.wsgi [None req-392530c9-02f6-4d5e-aa30-085cea7d3e2b af6cf6b7229b4c9eace48dd4220164e4 8498dd98b53f466e81ae586547e94771 - - default default] GET http://10.0.0.194:8776/
2026-07-24 18:45:21.003 8 INFO cinder.api.openstack.wsgi [None req-e40f2c07-ef50-483e-bd36-532a0aafd2e1 af6cf6b7229b4c9eace48dd4220164e4 8498dd98b53f466e81ae586547e94771 - - default default] GET http://10.0.0.194:8776/
2026-07-24 18:45:21.004 7 INFO cinder.api.openstack.wsgi [None req-392530c9-02f6-4d5e-aa30-085cea7d3e2b af6cf6b7229b4c9eace48dd4220164e4 8498dd98b53f466e81ae586547e94771 - - default default] http://10.0.0.194:8776/ returned with HTTP 300
2026-07-24 18:45:21.005 8 INFO cinder.api.openstack.wsgi [None req-e40f2c07-ef50-483e-bd36-532a0aafd2e1 af6cf6b7229b4c9eace48dd4220164e4 8498dd98b53f466e81ae586547e94771 - - default default] http://10.0.0.194:8776/ returned with HTTP 300
2026-07-24 18:45:31.005 8 INFO cinder.api.openstack.wsgi [None req-e40f2c07-ef50-483e-bd36-532a0aafd2e1 af6cf6b7229b4c9eace48dd4220164e4 8498dd98b53f466e81ae586547e94771 - - default default] GET http://10.0.0.194:8776/
2026-07-24 18:45:31.005 7 INFO cinder.api.openstack.wsgi [None req-392530c9-02f6-4d5e-aa30-085cea7d3e2b af6cf6b7229b4c9eace48dd4220164e4 8498dd98b53f466e81ae586547e94771 - - default default] GET http://10.0.0.194:8776/
2026-07-24 18:45:31.005 8 INFO cinder.api.openstack.wsgi [None req-e40f2c07-ef50-483e-bd36-532a0aafd2e1 af6cf6b7229b4c9eace48dd4220164e4 8498dd98b53f466e81ae586547e94771 - - default default] http://10.0.0.194:8776/ returned with HTTP 300
2026-07-24 18:45:31.006 7 INFO cinder.api.openstack.wsgi [None req-392530c9-02f6-4d5e-aa30-085cea7d3e2b af6cf6b7229b4c9eace48dd4220164e4 8498dd98b53f466e81ae586547e94771 - - default default] http://10.0.0.194:8776/ returned with HTTP 300
2026-07-24 18:45:36.665 8 INFO cinder.api.openstack.wsgi [None req-a6b5f6eb-98a2-44cf-bda3-21a072d635da af6cf6b7229b4c9eace48dd4220164e4 8498dd98b53f466e81ae586547e94771 - - default default] POST http://cinder-api.openstack.svc.cluster.local:8776/v3/8498dd98b53f466e81ae586547e94771/volumes
2026-07-24 18:45:36.796 8 INFO cinder.api.v3.volumes [None req-a6b5f6eb-98a2-44cf-bda3-21a072d635da af6cf6b7229b4c9eace48dd4220164e4 8498dd98b53f466e81ae586547e94771 - - default default] Create volume of 16 GB
2026-07-24 18:45:36.806 8 INFO cinder.volume.api [None req-a6b5f6eb-98a2-44cf-bda3-21a072d635da af6cf6b7229b4c9eace48dd4220164e4 8498dd98b53f466e81ae586547e94771 - - default default] Availability Zones retrieved successfully.
2026-07-24 18:45:37.049 8 INFO cinder.volume.api [None req-a6b5f6eb-98a2-44cf-bda3-21a072d635da af6cf6b7229b4c9eace48dd4220164e4 8498dd98b53f466e81ae586547e94771 - - default default] Create volume request issued successfully.
2026-07-24 18:45:37.051 8 INFO cinder.api.openstack.wsgi [None req-a6b5f6eb-98a2-44cf-bda3-21a072d635da af6cf6b7229b4c9eace48dd4220164e4 8498dd98b53f466e81ae586547e94771 - - default default] http://cinder-api.openstack.svc.cluster.local:8776/v3/8498dd98b53f466e81ae586547e94771/volumes returned with HTTP 202 [pid: 8|app: 0|req: 481/964] 199.19.213.152 () {34 vars in 734 bytes} [Fri Jul 24 18:45:36 2026] POST /v3/8498dd98b53f466e81ae586547e94771/volumes => generated 846 bytes in 539 msecs (HTTP/1.1 202) 7 headers in 291 bytes (1 switches on core 0)
2026-07-24 18:45:37.069 7 INFO cinder.api.openstack.wsgi [req-a6b5f6eb-98a2-44cf-bda3-21a072d635da req-94e253dd-115e-4743-a2a4-631ccdb07b09 af6cf6b7229b4c9eace48dd4220164e4 8498dd98b53f466e81ae586547e94771 - - default default] GET http://cinder-api.openstack.svc.cluster.local:8776/v3/8498dd98b53f466e81ae586547e94771/volumes/a5ba7c90-90f1-4c21-8b2b-50f98d3bd313 /var/lib/openstack/lib/python3.10/site-packages/oslo_context/context.py:100: DeprecationWarning: Policy enforcement is depending on the value of is_admin. This key is deprecated. Please update your policy file to use the standard policy values. warnings.warn('Policy enforcement is depending on the value of '
2026-07-24 18:45:37.107 7 INFO cinder.volume.api [req-a6b5f6eb-98a2-44cf-bda3-21a072d635da req-94e253dd-115e-4743-a2a4-631ccdb07b09 af6cf6b7229b4c9eace48dd4220164e4 8498dd98b53f466e81ae586547e94771 - - default default] Volume info retrieved successfully.
2026-07-24 18:45:37.113 7 INFO cinder.api.openstack.wsgi [req-a6b5f6eb-98a2-44cf-bda3-21a072d635da req-94e253dd-115e-4743-a2a4-631ccdb07b09 af6cf6b7229b4c9eace48dd4220164e4 8498dd98b53f466e81ae586547e94771 - - default default] http://cinder-api.openstack.svc.cluster.local:8776/v3/8498dd98b53f466e81ae586547e94771/volumes/a5ba7c90-90f1-4c21-8b2b-50f98d3bd313 returned with HTTP 200 [pid: 7|app: 0|req: 484/965] 199.19.213.152 () {32 vars in 825 bytes} [Fri Jul 24 18:45:37 2026] GET /v3/8498dd98b53f466e81ae586547e94771/volumes/a5ba7c90-90f1-4c21-8b2b-50f98d3bd313 => generated 1025 bytes in 53 msecs (HTTP/1.1 200) 7 headers in 286 bytes (1 switches on core 0)
2026-07-24 18:45:41.004 8 INFO cinder.api.openstack.wsgi [None req-a6b5f6eb-98a2-44cf-bda3-21a072d635da af6cf6b7229b4c9eace48dd4220164e4 8498dd98b53f466e81ae586547e94771 - - default default] GET http://10.0.0.194:8776/
2026-07-24 18:45:41.004 7 INFO cinder.api.openstack.wsgi [req-a6b5f6eb-98a2-44cf-bda3-21a072d635da req-94e253dd-115e-4743-a2a4-631ccdb07b09 af6cf6b7229b4c9eace48dd4220164e4 8498dd98b53f466e81ae586547e94771 - - default default] GET http://10.0.0.194:8776/
2026-07-24 18:45:41.005 8 INFO cinder.api.openstack.wsgi [None req-a6b5f6eb-98a2-44cf-bda3-21a072d635da af6cf6b7229b4c9eace48dd4220164e4 8498dd98b53f466e81ae586547e94771 - - default default] http://10.0.0.194:8776/ returned with HTTP 300
2026-07-24 18:45:41.006 7 INFO cinder.api.openstack.wsgi [req-a6b5f6eb-98a2-44cf-bda3-21a072d635da req-94e253dd-115e-4743-a2a4-631ccdb07b09 af6cf6b7229b4c9eace48dd4220164e4 8498dd98b53f466e81ae586547e94771 - - default default] http://10.0.0.194:8776/ returned with HTTP 300 /var/lib/openstack/lib/python3.10/site-packages/pycadf/identifier.py:71: UserWarning: Invalid uuid: cinderv3. To ensure interoperability, identifiers should be a valid uuid. warnings.warn(('Invalid uuid: %s. To ensure interoperability, '
2026-07-24 18:45:42.143 8 INFO cinder.api.openstack.wsgi [req-a6b5f6eb-98a2-44cf-bda3-21a072d635da req-45286613-35b8-4f45-8a42-4e7c3bcbf226 af6cf6b7229b4c9eace48dd4220164e4 8498dd98b53f466e81ae586547e94771 - - default default] GET http://cinder-api.openstack.svc.cluster.local:8776/v3/8498dd98b53f466e81ae586547e94771/volumes/a5ba7c90-90f1-4c21-8b2b-50f98d3bd313 /var/lib/openstack/lib/python3.10/site-packages/oslo_context/context.py:100: DeprecationWarning: Policy enforcement is depending on the value of is_admin. This key is deprecated. Please update your policy file to use the standard policy values. warnings.warn('Policy enforcement is depending on the value of '
2026-07-24 18:45:42.160 8 INFO cinder.volume.api [req-a6b5f6eb-98a2-44cf-bda3-21a072d635da req-45286613-35b8-4f45-8a42-4e7c3bcbf226 af6cf6b7229b4c9eace48dd4220164e4 8498dd98b53f466e81ae586547e94771 - - default default] Volume info retrieved successfully.
2026-07-24 18:45:42.167 8 INFO cinder.api.openstack.wsgi [req-a6b5f6eb-98a2-44cf-bda3-21a072d635da req-45286613-35b8-4f45-8a42-4e7c3bcbf226 af6cf6b7229b4c9eace48dd4220164e4 8498dd98b53f466e81ae586547e94771 - - default default] http://cinder-api.openstack.svc.cluster.local:8776/v3/8498dd98b53f466e81ae586547e94771/volumes/a5ba7c90-90f1-4c21-8b2b-50f98d3bd313 returned with HTTP 200 [pid: 8|app: 0|req: 483/968] 199.19.213.152 () {32 vars in 825 bytes} [Fri Jul 24 18:45:42 2026] GET /v3/8498dd98b53f466e81ae586547e94771/volumes/a5ba7c90-90f1-4c21-8b2b-50f98d3bd313 => generated 1489 bytes in 34 msecs (HTTP/1.1 200) 7 headers in 286 bytes (1 switches on core 0) /var/lib/openstack/lib/python3.10/site-packages/pycadf/identifier.py:71: UserWarning: Invalid uuid: cinderv3. To ensure interoperability, identifiers should be a valid uuid. warnings.warn(('Invalid uuid: %s. To ensure interoperability, '
2026-07-24 18:45:42.797 7 INFO cinder.api.openstack.wsgi [req-eed92ca6-eca8-4b22-941f-87d6576d53b7 req-e387703c-1b3b-4f12-898f-34ecb927c506 af6cf6b7229b4c9eace48dd4220164e4 8498dd98b53f466e81ae586547e94771 - - default default] GET http://cinder-api.openstack.svc.cluster.local:8776/v3/8498dd98b53f466e81ae586547e94771/volumes/a5ba7c90-90f1-4c21-8b2b-50f98d3bd313 /var/lib/openstack/lib/python3.10/site-packages/oslo_context/context.py:100: DeprecationWarning: Policy enforcement is depending on the value of is_admin. This key is deprecated. Please update your policy file to use the standard policy values. warnings.warn('Policy enforcement is depending on the value of '
2026-07-24 18:45:42.814 7 INFO cinder.volume.api [req-eed92ca6-eca8-4b22-941f-87d6576d53b7 req-e387703c-1b3b-4f12-898f-34ecb927c506 af6cf6b7229b4c9eace48dd4220164e4 8498dd98b53f466e81ae586547e94771 - - default default] Volume info retrieved successfully.
2026-07-24 18:45:42.820 7 INFO cinder.api.openstack.wsgi [req-eed92ca6-eca8-4b22-941f-87d6576d53b7 req-e387703c-1b3b-4f12-898f-34ecb927c506 af6cf6b7229b4c9eace48dd4220164e4 8498dd98b53f466e81ae586547e94771 - - default default] http://cinder-api.openstack.svc.cluster.local:8776/v3/8498dd98b53f466e81ae586547e94771/volumes/a5ba7c90-90f1-4c21-8b2b-50f98d3bd313 returned with HTTP 200 [pid: 7|app: 0|req: 486/969] 10.0.0.3 () {34 vars in 1026 bytes} [Fri Jul 24 18:45:42 2026] GET /v3/8498dd98b53f466e81ae586547e94771/volumes/a5ba7c90-90f1-4c21-8b2b-50f98d3bd313 => generated 1489 bytes in 92 msecs (HTTP/1.1 200) 7 headers in 286 bytes (1 switches on core 0) /var/lib/openstack/lib/python3.10/site-packages/pycadf/identifier.py:71: UserWarning: Invalid uuid: cinderv3. To ensure interoperability, identifiers should be a valid uuid. warnings.warn(('Invalid uuid: %s. To ensure interoperability, '
2026-07-24 18:45:43.293 8 INFO cinder.api.openstack.wsgi [req-eed92ca6-eca8-4b22-941f-87d6576d53b7 req-608ac7fc-222e-4a9b-ab41-d8fd83e15654 af6cf6b7229b4c9eace48dd4220164e4 8498dd98b53f466e81ae586547e94771 - - default default] GET http://cinder-api.openstack.svc.cluster.local:8776/v3/8498dd98b53f466e81ae586547e94771/volumes/a5ba7c90-90f1-4c21-8b2b-50f98d3bd313 /var/lib/openstack/lib/python3.10/site-packages/oslo_context/context.py:100: DeprecationWarning: Policy enforcement is depending on the value of is_admin. This key is deprecated. Please update your policy file to use the standard policy values. warnings.warn('Policy enforcement is depending on the value of '
2026-07-24 18:45:43.308 8 INFO cinder.volume.api [req-eed92ca6-eca8-4b22-941f-87d6576d53b7 req-608ac7fc-222e-4a9b-ab41-d8fd83e15654 af6cf6b7229b4c9eace48dd4220164e4 8498dd98b53f466e81ae586547e94771 - - default default] Volume info retrieved successfully.
2026-07-24 18:45:43.315 8 INFO cinder.api.openstack.wsgi [req-eed92ca6-eca8-4b22-941f-87d6576d53b7 req-608ac7fc-222e-4a9b-ab41-d8fd83e15654 af6cf6b7229b4c9eace48dd4220164e4 8498dd98b53f466e81ae586547e94771 - - default default] http://cinder-api.openstack.svc.cluster.local:8776/v3/8498dd98b53f466e81ae586547e94771/volumes/a5ba7c90-90f1-4c21-8b2b-50f98d3bd313 returned with HTTP 200 [pid: 8|app: 0|req: 484/970] 10.0.0.3 () {34 vars in 1026 bytes} [Fri Jul 24 18:45:43 2026] GET /v3/8498dd98b53f466e81ae586547e94771/volumes/a5ba7c90-90f1-4c21-8b2b-50f98d3bd313 => generated 1489 bytes in 27 msecs (HTTP/1.1 200) 7 headers in 286 bytes (1 switches on core 0)
2026-07-24 18:45:43.329 7 INFO cinder.api.openstack.wsgi [req-eed92ca6-eca8-4b22-941f-87d6576d53b7 req-e387703c-1b3b-4f12-898f-34ecb927c506 af6cf6b7229b4c9eace48dd4220164e4 8498dd98b53f466e81ae586547e94771 - - default default] GET http://cinder-api.openstack.svc.cluster.local:8776/
