2026-07-24 18:44:22.305 9 INFO neutron.wsgi [None req-27028e99-2308-4680-9a9f-4dfd73690fc3 af6cf6b7229b4c9eace48dd4220164e4 8498dd98b53f466e81ae586547e94771 - - - -] 10.0.0.195 "DELETE /v2.0/security-groups/c1738457-8e0d-4354-b20a-df7b5f854c56 HTTP/1.1" status: 204 len: 168 time: 0.2252457
2026-07-24 18:44:22.342 10 INFO neutron.wsgi [None req-75ab0f21-4581-4765-9dd0-ae571d9dbb5e 454ef147a3094f5fbbc1d6db3ca5dbf3 6e53c594b89c4e5492534b1e28749be3 - - - -] 10.0.0.195 "DELETE /v2.0/floatingips/e3a5fdfa-8254-4025-9af6-392179ba3109/tags HTTP/1.1" status: 204 len: 168 time: 0.0617194
2026-07-24 18:44:22.383 9 INFO neutron.wsgi [None req-e693392c-3f6e-455d-9644-87d0dd9924f5 454ef147a3094f5fbbc1d6db3ca5dbf3 6e53c594b89c4e5492534b1e28749be3 - - default default] 10.0.0.195 "GET /v2.0/floatingips/e3a5fdfa-8254-4025-9af6-392179ba3109/tags HTTP/1.1" status: 200 len: 205 time: 0.0326850
2026-07-24 18:44:22.419 10 INFO neutron.db.ovn_revision_numbers_db [None req-71f9a340-9f34-4f51-986c-7f9feb2d9067 af6cf6b7229b4c9eace48dd4220164e4 8498dd98b53f466e81ae586547e94771 - - default default] Successfully bumped revision number for resource 4d1eeba1-2169-4aba-8875-bf0a88ebc001 (type: security_groups) to 1
2026-07-24 18:44:22.445 10 INFO neutron.wsgi [None req-71f9a340-9f34-4f51-986c-7f9feb2d9067 af6cf6b7229b4c9eace48dd4220164e4 8498dd98b53f466e81ae586547e94771 - - default default] 10.0.0.195 "GET /v2.0/security-groups?tenant_id=69ab3c098798488a9d6a3d6ed2592e6e&name=default HTTP/1.1" status: 200 len: 2996 time: 0.2279773
2026-07-24 18:44:22.476 10 INFO neutron.wsgi [None req-93821c25-e7ab-4a4c-8155-67d6dde0151a af6cf6b7229b4c9eace48dd4220164e4 8498dd98b53f466e81ae586547e94771 - - - -] 10.0.0.195 "DELETE /v2.0/security-groups/ca9c4e24-c850-4fbe-a224-044da027cf57 HTTP/1.1" status: 204 len: 168 time: 0.4713013
2026-07-24 18:44:22.682 10 INFO neutron.wsgi [None req-2ebfeadb-6d9a-4083-b6ed-dc7a39010b57 af6cf6b7229b4c9eace48dd4220164e4 8498dd98b53f466e81ae586547e94771 - - - -] 10.0.0.195 "DELETE /v2.0/security-groups/4d1eeba1-2169-4aba-8875-bf0a88ebc001 HTTP/1.1" status: 204 len: 168 time: 0.2314281
2026-07-24 18:44:22.827 9 INFO neutron.wsgi [None req-d7cb42f5-919d-48aa-959e-5a0fab782ad0 454ef147a3094f5fbbc1d6db3ca5dbf3 6e53c594b89c4e5492534b1e28749be3 - - - -] 10.0.0.195 "DELETE /v2.0/floatingips/e3a5fdfa-8254-4025-9af6-392179ba3109 HTTP/1.1" status: 204 len: 168 time: 0.4332108
2026-07-24 18:44:23.735 10 INFO neutron.db.ovn_revision_numbers_db [None req-20947ac1-0cfe-4b65-9b48-de270a68d689 af6cf6b7229b4c9eace48dd4220164e4 8498dd98b53f466e81ae586547e94771 - - default default] Successfully bumped revision number for resource 61ba711a-52ae-441f-8cc2-0d82e5299f87 (type: security_groups) to 1
2026-07-24 18:44:23.761 10 INFO neutron.wsgi [None req-20947ac1-0cfe-4b65-9b48-de270a68d689 af6cf6b7229b4c9eace48dd4220164e4 8498dd98b53f466e81ae586547e94771 - - default default] 10.0.0.195 "GET /v2.0/security-groups?tenant_id=6e53c594b89c4e5492534b1e28749be3&name=default HTTP/1.1" status: 200 len: 2997 time: 0.2484303
2026-07-24 18:44:23.952 10 INFO neutron.wsgi [None req-aa762e3e-d4ac-4793-87bf-a87a7e080e64 af6cf6b7229b4c9eace48dd4220164e4 8498dd98b53f466e81ae586547e94771 - - - -] 10.0.0.195 "DELETE /v2.0/security-groups/61ba711a-52ae-441f-8cc2-0d82e5299f87 HTTP/1.1" status: 204 len: 168 time: 0.1860163
2026-07-24 18:44:24.161 10 INFO neutron.db.ovn_revision_numbers_db [None req-dd8320ce-7073-448f-90c4-de919f0b326d af6cf6b7229b4c9eace48dd4220164e4 8498dd98b53f466e81ae586547e94771 - - default default] Successfully bumped revision number for resource 60904bba-5a7a-411b-84c0-f96197a62e38 (type: security_groups) to 1
2026-07-24 18:44:24.173 9 INFO neutron.wsgi [-] 10.0.0.75 "GET / HTTP/1.1" status: 200 len: 246 time: 0.0029840
2026-07-24 18:44:24.177 9 INFO neutron.wsgi [-] 10.0.0.75 "GET / HTTP/1.1" status: 200 len: 246 time: 0.0022972
2026-07-24 18:44:24.194 10 INFO neutron.wsgi [None req-dd8320ce-7073-448f-90c4-de919f0b326d af6cf6b7229b4c9eace48dd4220164e4 8498dd98b53f466e81ae586547e94771 - - default default] 10.0.0.195 "GET /v2.0/security-groups?tenant_id=884c7b4a42184964aab9c7d09c566e10&name=default HTTP/1.1" status: 200 len: 3000 time: 0.1368387
2026-07-24 18:44:24.385 10 INFO neutron.wsgi [None req-7d55cf8d-353c-4b68-83f6-27b154c8ecad af6cf6b7229b4c9eace48dd4220164e4 8498dd98b53f466e81ae586547e94771 - - - -] 10.0.0.195 "DELETE /v2.0/security-groups/60904bba-5a7a-411b-84c0-f96197a62e38 HTTP/1.1" status: 204 len: 168 time: 0.1843109
2026-07-24 18:44:24.573 9 INFO neutron.db.ovn_revision_numbers_db [None req-3b68ff1a-c5fa-4505-865f-70532d5d4595 af6cf6b7229b4c9eace48dd4220164e4 8498dd98b53f466e81ae586547e94771 - - - -] Successfully bumped revision number for resource 1338bf09-95fe-4e65-8bfa-07567921c904 (type: security_groups) to 1
2026-07-24 18:44:24.628 9 INFO neutron.db.segments_db [None req-3b68ff1a-c5fa-4505-865f-70532d5d4595 af6cf6b7229b4c9eace48dd4220164e4 8498dd98b53f466e81ae586547e94771 - - - -] Added segment c2cf1740-8a54-4d7c-8c07-579cb2924274 of type geneve for network f5586e35-6750-4647-8398-23ba6b1f1650
2026-07-24 18:44:24.780 9 INFO neutron.db.ovn_revision_numbers_db [None req-3b68ff1a-c5fa-4505-865f-70532d5d4595 af6cf6b7229b4c9eace48dd4220164e4 8498dd98b53f466e81ae586547e94771 - - - -] Successfully bumped revision number for resource f5586e35-6750-4647-8398-23ba6b1f1650 (type: networks) to 1
2026-07-24 18:44:24.999 9 WARNING neutron.scheduler.dhcp_agent_scheduler [None req-3b68ff1a-c5fa-4505-865f-70532d5d4595 af6cf6b7229b4c9eace48dd4220164e4 8498dd98b53f466e81ae586547e94771 - - - -] No more DHCP agents
2026-07-24 18:44:25.000 9 WARNING neutron.api.rpc.agentnotifiers.dhcp_rpc_agent_api [None req-3b68ff1a-c5fa-4505-865f-70532d5d4595 af6cf6b7229b4c9eace48dd4220164e4 8498dd98b53f466e81ae586547e94771 - - - -] Unable to schedule network f5586e35-6750-4647-8398-23ba6b1f1650: no agents available; will retry on subsequent port and subnet creation events.
2026-07-24 18:44:25.081 9 INFO neutron.db.ovn_revision_numbers_db [None req-3b68ff1a-c5fa-4505-865f-70532d5d4595 af6cf6b7229b4c9eace48dd4220164e4 8498dd98b53f466e81ae586547e94771 - - - -] Successfully bumped revision number for resource e6444e73-78c2-4966-8727-a03966e865b3 (type: ports) to 1
2026-07-24 18:44:25.103 9 INFO neutron.wsgi [None req-3b68ff1a-c5fa-4505-865f-70532d5d4595 af6cf6b7229b4c9eace48dd4220164e4 8498dd98b53f466e81ae586547e94771 - - - -] 10.0.0.195 "POST /v2.0/networks HTTP/1.1" status: 201 len: 943 time: 0.9194720
2026-07-24 18:44:25.329 9 WARNING neutron.scheduler.dhcp_agent_scheduler [None req-5a02f61f-1d3d-4858-a573-ac172b87ab3d af6cf6b7229b4c9eace48dd4220164e4 8498dd98b53f466e81ae586547e94771 - - - -] No more DHCP agents
2026-07-24 18:44:25.330 9 WARNING neutron.api.rpc.agentnotifiers.dhcp_rpc_agent_api [None req-5a02f61f-1d3d-4858-a573-ac172b87ab3d af6cf6b7229b4c9eace48dd4220164e4 8498dd98b53f466e81ae586547e94771 - - - -] Unable to schedule network f5586e35-6750-4647-8398-23ba6b1f1650: no agents available; will retry on subsequent port and subnet creation events.
2026-07-24 18:44:25.793 9 INFO neutron.db.ovn_revision_numbers_db [None req-5a02f61f-1d3d-4858-a573-ac172b87ab3d af6cf6b7229b4c9eace48dd4220164e4 8498dd98b53f466e81ae586547e94771 - - - -] Successfully bumped revision number for resource e6444e73-78c2-4966-8727-a03966e865b3 (type: ports) to 2
2026-07-24 18:44:25.814 9 INFO neutron.db.ovn_revision_numbers_db [None req-5a02f61f-1d3d-4858-a573-ac172b87ab3d af6cf6b7229b4c9eace48dd4220164e4 8498dd98b53f466e81ae586547e94771 - - - -] Successfully bumped revision number for resource 78be7715-bb9e-4d95-a051-849226c6b1d1 (type: subnets) to 0
2026-07-24 18:44:25.838 9 INFO neutron.wsgi [None req-5a02f61f-1d3d-4858-a573-ac172b87ab3d af6cf6b7229b4c9eace48dd4220164e4 8498dd98b53f466e81ae586547e94771 - - - -] 10.0.0.195 "POST /v2.0/subnets HTTP/1.1" status: 201 len: 863 time: 0.7193680
2026-07-24 18:44:26.433 10 INFO neutron.db.ovn_revision_numbers_db [None req-890398e2-105d-4d31-8916-513ee03b85df 1ec5ce4b169a4b4fb85dd6b3de3eaf7e 8184c27ca450474eb40014a452c2f9e3 - - - -] Successfully bumped revision number for resource 20f86f30-a420-4674-ab5e-28b9c267281a (type: security_groups) to 1
2026-07-24 18:44:26.515 10 INFO neutron.db.segments_db [None req-890398e2-105d-4d31-8916-513ee03b85df 1ec5ce4b169a4b4fb85dd6b3de3eaf7e 8184c27ca450474eb40014a452c2f9e3 - - - -] Added segment 06689323-0e9c-472b-bcd0-1672ccc98cf9 of type geneve for network 7ce2043d-0671-4158-ac89-07ac46547377
2026-07-24 18:44:26.703 10 INFO neutron.db.ovn_revision_numbers_db [None req-890398e2-105d-4d31-8916-513ee03b85df 1ec5ce4b169a4b4fb85dd6b3de3eaf7e 8184c27ca450474eb40014a452c2f9e3 - - - -] Successfully bumped revision number for resource 7ce2043d-0671-4158-ac89-07ac46547377 (type: networks) to 1
2026-07-24 18:44:26.707 10 INFO neutron.db.ovn_revision_numbers_db [None req-ae1b8e38-2e08-4c07-a2fa-7780b527b4dd 8d397ede60ff4af3a545b9f825f8ace7 57e1a3e4dc904694928464307bf0a25b - - - -] Successfully bumped revision number for resource c1baf614-1568-4b5b-bd8f-0da14778f788 (type: security_groups) to 1
2026-07-24 18:44:26.735 9 WARNING neutron.scheduler.dhcp_agent_scheduler [None req-86f1a0ca-f81a-40e0-9dc3-10dfda297d5e af6cf6b7229b4c9eace48dd4220164e4 8498dd98b53f466e81ae586547e94771 - - - -] No more DHCP agents
2026-07-24 18:44:26.738 9 WARNING neutron.api.rpc.agentnotifiers.dhcp_rpc_agent_api [None req-86f1a0ca-f81a-40e0-9dc3-10dfda297d5e af6cf6b7229b4c9eace48dd4220164e4 8498dd98b53f466e81ae586547e94771 - - - -] Unable to schedule network 9edd62f8-6081-4780-bbb7-f7b6619461a6: no agents available; will retry on subsequent port and subnet creation events.
2026-07-24 18:44:26.790 10 INFO neutron.db.segments_db [None req-ae1b8e38-2e08-4c07-a2fa-7780b527b4dd 8d397ede60ff4af3a545b9f825f8ace7 57e1a3e4dc904694928464307bf0a25b - - - -] Added segment 4470adce-69aa-4372-8cdd-161462dc0bae of type geneve for network cdb7537f-b2f1-4066-93f0-c30ae10f93d5
2026-07-24 18:44:26.865 9 INFO neutron.db.ovn_revision_numbers_db [None req-86f1a0ca-f81a-40e0-9dc3-10dfda297d5e af6cf6b7229b4c9eace48dd4220164e4 8498dd98b53f466e81ae586547e94771 - - - -] Successfully bumped revision number for resource 13ae876e-40f3-4e3d-a766-1daab5777861 (type: ports) to 1
2026-07-24 18:44:26.969 10 WARNING neutron.scheduler.dhcp_agent_scheduler [None req-890398e2-105d-4d31-8916-513ee03b85df 1ec5ce4b169a4b4fb85dd6b3de3eaf7e 8184c27ca450474eb40014a452c2f9e3 - - - -] No more DHCP agents
2026-07-24 18:44:26.971 10 WARNING neutron.api.rpc.agentnotifiers.dhcp_rpc_agent_api [None req-890398e2-105d-4d31-8916-513ee03b85df 1ec5ce4b169a4b4fb85dd6b3de3eaf7e 8184c27ca450474eb40014a452c2f9e3 - - - -] Unable to schedule network 7ce2043d-0671-4158-ac89-07ac46547377: no agents available; will retry on subsequent port and subnet creation events.
2026-07-24 18:44:26.974 10 INFO neutron.db.ovn_revision_numbers_db [None req-ae1b8e38-2e08-4c07-a2fa-7780b527b4dd 8d397ede60ff4af3a545b9f825f8ace7 57e1a3e4dc904694928464307bf0a25b - - - -] Successfully bumped revision number for resource cdb7537f-b2f1-4066-93f0-c30ae10f93d5 (type: networks) to 1
2026-07-24 18:44:27.074 10 INFO neutron.db.ovn_revision_numbers_db [None req-890398e2-105d-4d31-8916-513ee03b85df 1ec5ce4b169a4b4fb85dd6b3de3eaf7e 8184c27ca450474eb40014a452c2f9e3 - - - -] Successfully bumped revision number for resource 5fc5fc73-8868-4abb-ad68-b055248a208f (type: ports) to 1
2026-07-24 18:44:27.116 10 INFO neutron.wsgi [None req-890398e2-105d-4d31-8916-513ee03b85df 1ec5ce4b169a4b4fb85dd6b3de3eaf7e 8184c27ca450474eb40014a452c2f9e3 - - - -] 10.0.0.195 "POST /v2.0/networks HTTP/1.1" status: 201 len: 830 time: 1.0437706
2026-07-24 18:44:27.175 10 WARNING neutron.scheduler.dhcp_agent_scheduler [None req-ae1b8e38-2e08-4c07-a2fa-7780b527b4dd 8d397ede60ff4af3a545b9f825f8ace7 57e1a3e4dc904694928464307bf0a25b - - - -] No more DHCP agents
2026-07-24 18:44:27.176 10 WARNING neutron.api.rpc.agentnotifiers.dhcp_rpc_agent_api [None req-ae1b8e38-2e08-4c07-a2fa-7780b527b4dd 8d397ede60ff4af3a545b9f825f8ace7 57e1a3e4dc904694928464307bf0a25b - - - -] Unable to schedule network cdb7537f-b2f1-4066-93f0-c30ae10f93d5: no agents available; will retry on subsequent port and subnet creation events.
2026-07-24 18:44:27.246 10 INFO neutron.db.ovn_revision_numbers_db [None req-ae1b8e38-2e08-4c07-a2fa-7780b527b4dd 8d397ede60ff4af3a545b9f825f8ace7 57e1a3e4dc904694928464307bf0a25b - - - -] Successfully bumped revision number for resource 340e2f6c-8c45-49a1-a2a3-165e876c4caa (type: ports) to 1
2026-07-24 18:44:27.282 10 INFO neutron.wsgi [None req-ae1b8e38-2e08-4c07-a2fa-7780b527b4dd 8d397ede60ff4af3a545b9f825f8ace7 57e1a3e4dc904694928464307bf0a25b - - - -] 10.0.0.195 "POST /v2.0/networks HTTP/1.1" status: 201 len: 831 time: 0.8406448
2026-07-24 18:44:27.492 9 WARNING neutron.scheduler.dhcp_agent_scheduler [None req-58827b12-0a38-4222-9ead-d0a04cb2e457 1ec5ce4b169a4b4fb85dd6b3de3eaf7e 8184c27ca450474eb40014a452c2f9e3 - - - -] No more DHCP agents
2026-07-24 18:44:27.498 9 WARNING neutron.api.rpc.agentnotifiers.dhcp_rpc_agent_api [None req-58827b12-0a38-4222-9ead-d0a04cb2e457 1ec5ce4b169a4b4fb85dd6b3de3eaf7e 8184c27ca450474eb40014a452c2f9e3 - - - -] Unable to schedule network 7ce2043d-0671-4158-ac89-07ac46547377: no agents available; will retry on subsequent port and subnet creation events.
2026-07-24 18:44:27.681 9 INFO neutron.db.ovn_revision_numbers_db [None req-86f1a0ca-f81a-40e0-9dc3-10dfda297d5e af6cf6b7229b4c9eace48dd4220164e4 8498dd98b53f466e81ae586547e94771 - - - -] Successfully bumped revision number for resource 13ae876e-40f3-4e3d-a766-1daab5777861 (type: router_ports) to 1
2026-07-24 18:44:27.784 9 INFO neutron.db.ovn_revision_numbers_db [None req-86f1a0ca-f81a-40e0-9dc3-10dfda297d5e af6cf6b7229b4c9eace48dd4220164e4 8498dd98b53f466e81ae586547e94771 - - - -] Successfully bumped revision number for resource 281ee089-dbbe-4614-9408-a7dee6bf4275 (type: routers) to 3
2026-07-24 18:44:27.810 9 INFO neutron.wsgi [None req-86f1a0ca-f81a-40e0-9dc3-10dfda297d5e af6cf6b7229b4c9eace48dd4220164e4 8498dd98b53f466e81ae586547e94771 - - - -] 10.0.0.195 "POST /v2.0/routers HTTP/1.1" status: 201 len: 874 time: 1.9648681
2026-07-24 18:44:27.817 10 INFO neutron.plugins.ml2.drivers.ovn.mech_driver.ovsdb.ovsdb_monitor [None req-0224debb-b298-400b-8cb4-99dbdd7e202a - - - - - -] Router 281ee089-dbbe-4614-9408-a7dee6bf4275 is bound to host instance
2026-07-24 18:44:27.821 10 INFO neutron.plugins.ml2.drivers.ovn.mech_driver.mech_driver [None req-7df97af8-123e-4e21-8433-8871f533c43c - - - - - -] OVN reports status up for port: 13ae876e-40f3-4e3d-a766-1daab5777861
2026-07-24 18:44:27.886 10 INFO neutron.plugins.ml2.plugin [None req-7df97af8-123e-4e21-8433-8871f533c43c - - - - - -] Attempt 1 to provision port 13ae876e-40f3-4e3d-a766-1daab5777861
2026-07-24 18:44:28.071 10 WARNING neutron.scheduler.dhcp_agent_scheduler [None req-265f5a84-a27b-41b7-8b09-b251bd870297 8d397ede60ff4af3a545b9f825f8ace7 57e1a3e4dc904694928464307bf0a25b - - - -] No more DHCP agents
2026-07-24 18:44:28.083 10 WARNING neutron.api.rpc.agentnotifiers.dhcp_rpc_agent_api [None req-265f5a84-a27b-41b7-8b09-b251bd870297 8d397ede60ff4af3a545b9f825f8ace7 57e1a3e4dc904694928464307bf0a25b - - - -] Unable to schedule network cdb7537f-b2f1-4066-93f0-c30ae10f93d5: no agents available; will retry on subsequent port and subnet creation events.
2026-07-24 18:44:28.162 10 INFO neutron.db.ovn_revision_numbers_db [None req-265f5a84-a27b-41b7-8b09-b251bd870297 8d397ede60ff4af3a545b9f825f8ace7 57e1a3e4dc904694928464307bf0a25b - - - -] Successfully bumped revision number for resource b98e0495-6af6-4c80-8a7e-fc8ca301f28a (type: ports) to 1
2026-07-24 18:44:28.196 10 INFO neutron.wsgi [None req-265f5a84-a27b-41b7-8b09-b251bd870297 8d397ede60ff4af3a545b9f825f8ace7 57e1a3e4dc904694928464307bf0a25b - - - -] 10.0.0.195 "POST /v2.0/ports HTTP/1.1" status: 201 len: 942 time: 0.9064300
2026-07-24 18:44:28.210 9 INFO neutron.db.ovn_revision_numbers_db [None req-58827b12-0a38-4222-9ead-d0a04cb2e457 1ec5ce4b169a4b4fb85dd6b3de3eaf7e 8184c27ca450474eb40014a452c2f9e3 - - - -] Successfully bumped revision number for resource 5fc5fc73-8868-4abb-ad68-b055248a208f (type: ports) to 2
2026-07-24 18:44:28.248 9 INFO neutron.db.ovn_revision_numbers_db [None req-58827b12-0a38-4222-9ead-d0a04cb2e457 1ec5ce4b169a4b4fb85dd6b3de3eaf7e 8184c27ca450474eb40014a452c2f9e3 - - - -] Successfully bumped revision number for resource ec9beb8d-851a-4012-b466-d00d9d2857a9 (type: subnets) to 0
2026-07-24 18:44:28.275 9 INFO neutron.wsgi [None req-58827b12-0a38-4222-9ead-d0a04cb2e457 1ec5ce4b169a4b4fb85dd6b3de3eaf7e 8184c27ca450474eb40014a452c2f9e3 - - - -] 10.0.0.195 "POST /v2.0/subnets HTTP/1.1" status: 201 len: 801 time: 1.1518884 /var/lib/openstack/lib/python3.10/site-packages/pycadf/identifier.py:71: UserWarning: Invalid uuid: neutron. To ensure interoperability, identifiers should be a valid uuid. warnings.warn(('Invalid uuid: %s. To ensure interoperability, '
2026-07-24 18:44:28.354 10 INFO neutron.wsgi [None req-90ffb954-f7de-4ecc-8237-255540e680b7 1ec5ce4b169a4b4fb85dd6b3de3eaf7e 8184c27ca450474eb40014a452c2f9e3 - - - -] 10.0.0.195 "PUT /v2.0/subnets/ec9beb8d-851a-4012-b466-d00d9d2857a9/tags HTTP/1.1" status: 200 len: 218 time: 0.0687196
2026-07-24 18:44:28.454 9 INFO neutron.wsgi [None req-eace48b7-9c16-4c24-a4e6-6d69571aec6c 1ec5ce4b169a4b4fb85dd6b3de3eaf7e 8184c27ca450474eb40014a452c2f9e3 - - default default] 10.0.0.195 "GET /v2.0/subnets/ec9beb8d-851a-4012-b466-d00d9d2857a9/tags HTTP/1.1" status: 200 len: 218 time: 0.0896313
2026-07-24 18:44:28.522 10 INFO neutron.db.ovn_revision_numbers_db [None req-0224debb-b298-400b-8cb4-99dbdd7e202a - - - - - -] Successfully bumped revision number for resource 13ae876e-40f3-4e3d-a766-1daab5777861 (type: ports) to 1
2026-07-24 18:44:28.526 10 INFO neutron.wsgi [None req-24c01b05-b795-4fda-ae99-c1c9d7d33c7c 1ec5ce4b169a4b4fb85dd6b3de3eaf7e 8184c27ca450474eb40014a452c2f9e3 - - - -] 10.0.0.195 "PUT /v2.0/subnets/ec9beb8d-851a-4012-b466-d00d9d2857a9/tags/green HTTP/1.1" status: 201 len: 201 time: 0.0643210
2026-07-24 18:44:28.544 9 WARNING neutron.scheduler.dhcp_agent_scheduler [None req-46377940-676c-400e-99e0-1ffbf5cd64c7 af6cf6b7229b4c9eace48dd4220164e4 8498dd98b53f466e81ae586547e94771 - - default default] No more DHCP agents
2026-07-24 18:44:28.560 9 WARNING neutron.api.rpc.agentnotifiers.dhcp_rpc_agent_api [None req-46377940-676c-400e-99e0-1ffbf5cd64c7 af6cf6b7229b4c9eace48dd4220164e4 8498dd98b53f466e81ae586547e94771 - - default default] Unable to schedule network f5586e35-6750-4647-8398-23ba6b1f1650: no agents available; will retry on subsequent port and subnet creation events.
2026-07-24 18:44:28.568 10 INFO neutron.wsgi [None req-df74de9d-3553-454d-b5e5-ffa84890a577 1ec5ce4b169a4b4fb85dd6b3de3eaf7e 8184c27ca450474eb40014a452c2f9e3 - - default default] 10.0.0.195 "GET /v2.0/subnets/ec9beb8d-851a-4012-b466-d00d9d2857a9/tags HTTP/1.1" status: 200 len: 227 time: 0.0337853
2026-07-24 18:44:28.587 9 INFO neutron.db.ovn_revision_numbers_db [None req-4aa011ea-cff9-4a92-a27d-d32fcede9c2c 64462499c89e4d51996c7b42d5c91361 dc51e4eda2084b3c9c8b611c4eb2f6aa - - - -] Successfully bumped revision number for resource 57376c47-710c-4da5-bcfd-348bcec5a8aa (type: security_groups) to 1
2026-07-24 18:44:28.625 9 INFO neutron.wsgi [None req-64e7e97c-cd42-4d2d-8642-a7cf4846b3ee 8d397ede60ff4af3a545b9f825f8ace7 57e1a3e4dc904694928464307bf0a25b - - - -] 10.0.0.195 "POST /v2.0/trunks HTTP/1.1" status: 201 len: 608 time: 0.4238195
2026-07-24 18:44:28.630 10 INFO neutron.wsgi [None req-79e260c3-f4dc-4f6c-b38f-bd890e81b565 1ec5ce4b169a4b4fb85dd6b3de3eaf7e 8184c27ca450474eb40014a452c2f9e3 - - - -] 10.0.0.195 "PUT /v2.0/subnets/ec9beb8d-851a-4012-b466-d00d9d2857a9/tags/red HTTP/1.1" status: 201 len: 201 time: 0.0556691
2026-07-24 18:44:28.672 9 INFO neutron.wsgi [None req-6ec52024-903c-4cc2-909a-15e024ead3ab 8d397ede60ff4af3a545b9f825f8ace7 57e1a3e4dc904694928464307bf0a25b - - - -] 10.0.0.195 "PUT /v2.0/trunks/b7cd3d0a-c252-4b65-93ba-cf7505f3cfe8/tags HTTP/1.1" status: 200 len: 218 time: 0.0405035
2026-07-24 18:44:28.675 9 INFO neutron.db.segments_db [None req-4aa011ea-cff9-4a92-a27d-d32fcede9c2c 64462499c89e4d51996c7b42d5c91361 dc51e4eda2084b3c9c8b611c4eb2f6aa - - - -] Added segment 816f981e-0693-4373-b73c-4d81ffaa5100 of type geneve for network 95e28af5-fc7e-4f32-98bf-b5b654e4683c
2026-07-24 18:44:28.691 10 INFO neutron.wsgi [None req-6571ffa1-96ff-4cbb-9acf-109190f42230 1ec5ce4b169a4b4fb85dd6b3de3eaf7e 8184c27ca450474eb40014a452c2f9e3 - - default default] 10.0.0.195 "GET /v2.0/subnets/ec9beb8d-851a-4012-b466-d00d9d2857a9/tags HTTP/1.1" status: 200 len: 227 time: 0.0546913
2026-07-24 18:44:28.706 9 INFO neutron.wsgi [None req-f9029b07-be11-4409-845a-3d9a398e01e1 8d397ede60ff4af3a545b9f825f8ace7 57e1a3e4dc904694928464307bf0a25b - - default default] 10.0.0.195 "GET /v2.0/trunks/b7cd3d0a-c252-4b65-93ba-cf7505f3cfe8/tags HTTP/1.1" status: 200 len: 218 time: 0.0245435
2026-07-24 18:44:28.784 9 INFO neutron.wsgi [None req-5d62f9ba-c117-41d4-a944-58e7d7c16ca2 8d397ede60ff4af3a545b9f825f8ace7 57e1a3e4dc904694928464307bf0a25b - - - -] 10.0.0.195 "PUT /v2.0/trunks/b7cd3d0a-c252-4b65-93ba-cf7505f3cfe8/tags/green HTTP/1.1" status: 201 len: 201 time: 0.0660479
2026-07-24 18:44:28.785 10 INFO neutron.wsgi [None req-5100eeb1-4bcc-4b1f-ba84-c7f0ef7eb6dc 1ec5ce4b169a4b4fb85dd6b3de3eaf7e 8184c27ca450474eb40014a452c2f9e3 - - - -] 10.0.0.195 "PUT /v2.0/subnets/ec9beb8d-851a-4012-b466-d00d9d2857a9/tags/black.or.white HTTP/1.1" status: 201 len: 201 time: 0.0894001
2026-07-24 18:44:28.907 10 INFO neutron.db.ovn_revision_numbers_db [None req-0224debb-b298-400b-8cb4-99dbdd7e202a - - - - - -] Successfully bumped revision number for resource 13ae876e-40f3-4e3d-a766-1daab5777861 (type: router_ports) to 3
2026-07-24 18:44:29.048 10 INFO neutron.db.ovn_revision_numbers_db [None req-0224debb-b298-400b-8cb4-99dbdd7e202a - - - - - -] Successfully bumped revision number for resource 13ae876e-40f3-4e3d-a766-1daab5777861 (type: ports) to 2
2026-07-24 18:44:29.259 9 INFO neutron.wsgi [None req-813fa0a6-ba7d-4264-9999-27c4024283b5 8d397ede60ff4af3a545b9f825f8ace7 57e1a3e4dc904694928464307bf0a25b - - default default] 10.0.0.195 "GET /v2.0/trunks/b7cd3d0a-c252-4b65-93ba-cf7505f3cfe8/tags HTTP/1.1" status: 200 len: 227 time: 0.4671817
2026-07-24 18:44:29.286 10 INFO neutron.wsgi [None req-01f97278-0371-4eb0-882e-8055eeaf1e16 8d397ede60ff4af3a545b9f825f8ace7 57e1a3e4dc904694928464307bf0a25b - - - -] 10.0.0.195 "PUT /v2.0/trunks/b7cd3d0a-c252-4b65-93ba-cf7505f3cfe8/tags/red HTTP/1.1" status: 201 len: 201 time: 0.0190399
2026-07-24 18:44:29.291 10 INFO neutron.db.ovn_revision_numbers_db [None req-0224debb-b298-400b-8cb4-99dbdd7e202a - - - - - -] Successfully bumped revision number for resource 13ae876e-40f3-4e3d-a766-1daab5777861 (type: ports) to 4
2026-07-24 18:44:29.298 9 INFO neutron.wsgi [None req-c98dca05-4069-4e4c-b576-3a32d8cbdc32 1ec5ce4b169a4b4fb85dd6b3de3eaf7e 8184c27ca450474eb40014a452c2f9e3 - - default default] 10.0.0.195 "GET /v2.0/subnets/ec9beb8d-851a-4012-b466-d00d9d2857a9/tags HTTP/1.1" status: 200 len: 245 time: 0.5054204
2026-07-24 18:44:29.311 10 INFO neutron.wsgi [None req-7d36e304-c40c-42d9-8a0f-69ca7a8b6fd6 8d397ede60ff4af3a545b9f825f8ace7 57e1a3e4dc904694928464307bf0a25b - - default default] 10.0.0.195 "GET /v2.0/trunks/b7cd3d0a-c252-4b65-93ba-cf7505f3cfe8/tags HTTP/1.1" status: 200 len: 227 time: 0.0169053
2026-07-24 18:44:29.311 9 INFO neutron.db.ovn_revision_numbers_db [None req-4aa011ea-cff9-4a92-a27d-d32fcede9c2c 64462499c89e4d51996c7b42d5c91361 dc51e4eda2084b3c9c8b611c4eb2f6aa - - - -] Successfully bumped revision number for resource 95e28af5-fc7e-4f32-98bf-b5b654e4683c (type: networks) to 1
2026-07-24 18:44:29.312 9 INFO neutron.db.ovn_revision_numbers_db [None req-46377940-676c-400e-99e0-1ffbf5cd64c7 af6cf6b7229b4c9eace48dd4220164e4 8498dd98b53f466e81ae586547e94771 - - default default] Successfully bumped revision number for resource 07cf9b7e-c316-4954-af36-dc4f19857ec3 (type: ports) to 1
2026-07-24 18:44:29.372 10 INFO neutron.wsgi [None req-8775a533-343e-4391-98d7-8a6d4abf2fa1 8d397ede60ff4af3a545b9f825f8ace7 57e1a3e4dc904694928464307bf0a25b - - - -] 10.0.0.195 "PUT /v2.0/trunks/b7cd3d0a-c252-4b65-93ba-cf7505f3cfe8/tags/black.or.white HTTP/1.1" status: 201 len: 201 time: 0.0437114
2026-07-24 18:44:29.423 9 INFO neutron.wsgi [None req-66733b88-c4f9-4382-8447-0248671eb656 8d397ede60ff4af3a545b9f825f8ace7 57e1a3e4dc904694928464307bf0a25b - - default default] 10.0.0.195 "GET /v2.0/trunks/b7cd3d0a-c252-4b65-93ba-cf7505f3cfe8/tags HTTP/1.1" status: 200 len: 245 time: 0.0426903
2026-07-24 18:44:29.437 9 INFO neutron.wsgi [None req-087999dd-7afa-46e5-8b6c-82e779972d13 1ec5ce4b169a4b4fb85dd6b3de3eaf7e 8184c27ca450474eb40014a452c2f9e3 - - - -] 10.0.0.195 "PUT /v2.0/subnets/ec9beb8d-851a-4012-b466-d00d9d2857a9/tags HTTP/1.1" status: 200 len: 230 time: 0.1335196
2026-07-24 18:44:29.467 10 INFO neutron.wsgi [None req-3f657d24-77c6-4b07-a8da-55364b32e32f 8d397ede60ff4af3a545b9f825f8ace7 57e1a3e4dc904694928464307bf0a25b - - - -] 10.0.0.195 "PUT /v2.0/trunks/b7cd3d0a-c252-4b65-93ba-cf7505f3cfe8/tags HTTP/1.1" status: 200 len: 230 time: 0.0383923
2026-07-24 18:44:29.493 10 INFO neutron.wsgi [None req-ce5ce5e7-d892-4ac1-bbf3-fde0a4ea4df5 8d397ede60ff4af3a545b9f825f8ace7 57e1a3e4dc904694928464307bf0a25b - - default default] 10.0.0.195 "GET /v2.0/trunks/b7cd3d0a-c252-4b65-93ba-cf7505f3cfe8/tags HTTP/1.1" status: 200 len: 230 time: 0.0208316
2026-07-24 18:44:29.506 10 INFO neutron.db.ovn_revision_numbers_db [None req-0224debb-b298-400b-8cb4-99dbdd7e202a - - - - - -] Successfully bumped revision number for resource 13ae876e-40f3-4e3d-a766-1daab5777861 (type: router_ports) to 4
2026-07-24 18:44:29.522 10 INFO neutron.wsgi [None req-a61650aa-c020-484f-9e9a-734ccc4b3d26 8d397ede60ff4af3a545b9f825f8ace7 57e1a3e4dc904694928464307bf0a25b - - default default] 10.0.0.195 "GET /v2.0/trunks/b7cd3d0a-c252-4b65-93ba-cf7505f3cfe8/tags/red HTTP/1.1" status: 204 len: 168 time: 0.0211554
2026-07-24 18:44:29.545 9 INFO neutron.wsgi [None req-34ad8c58-afd3-438b-a565-e4a3e38c00d5 1ec5ce4b169a4b4fb85dd6b3de3eaf7e 8184c27ca450474eb40014a452c2f9e3 - - default default] 10.0.0.195 "GET /v2.0/subnets/ec9beb8d-851a-4012-b466-d00d9d2857a9/tags HTTP/1.1" status: 200 len: 230 time: 0.1001134
2026-07-24 18:44:29.551 10 INFO neutron.api.v2.resource [None req-3bf93d36-c54e-42d8-8401-5b3692d1f435 8d397ede60ff4af3a545b9f825f8ace7 57e1a3e4dc904694928464307bf0a25b - - default default] show failed (client error): The resource could not be found.
2026-07-24 18:44:29.552 10 INFO neutron.wsgi [None req-3bf93d36-c54e-42d8-8401-5b3692d1f435 8d397ede60ff4af3a545b9f825f8ace7 57e1a3e4dc904694928464307bf0a25b - - default default] 10.0.0.195 "GET /v2.0/trunks/b7cd3d0a-c252-4b65-93ba-cf7505f3cfe8/tags/green HTTP/1.1" status: 404 len: 299 time: 0.0244553
2026-07-24 18:44:29.586 10 INFO neutron.wsgi [None req-1f6e2ec0-7ed1-47a5-92d9-9cc303e3798a 8d397ede60ff4af3a545b9f825f8ace7 57e1a3e4dc904694928464307bf0a25b - - - -] 10.0.0.195 "DELETE /v2.0/trunks/b7cd3d0a-c252-4b65-93ba-cf7505f3cfe8/tags/red HTTP/1.1" status: 204 len: 168 time: 0.0284760
2026-07-24 18:44:29.610 10 INFO neutron.wsgi [None req-3fed38b6-2bee-4ddc-aa31-7076ef162cb0 8d397ede60ff4af3a545b9f825f8ace7 57e1a3e4dc904694928464307bf0a25b - - default default] 10.0.0.195 "GET /v2.0/trunks/b7cd3d0a-c252-4b65-93ba-cf7505f3cfe8/tags HTTP/1.1" status: 200 len: 223 time: 0.0177109
2026-07-24 18:44:29.634 10 INFO neutron.api.v2.resource [None req-18516de1-c379-4b71-a35c-16cb3f57b27b 8d397ede60ff4af3a545b9f825f8ace7 57e1a3e4dc904694928464307bf0a25b - - - -] delete failed (client error): The resource could not be found.
2026-07-24 18:44:29.635 10 INFO neutron.wsgi [None req-18516de1-c379-4b71-a35c-16cb3f57b27b 8d397ede60ff4af3a545b9f825f8ace7 57e1a3e4dc904694928464307bf0a25b - - - -] 10.0.0.195 "DELETE /v2.0/trunks/b7cd3d0a-c252-4b65-93ba-cf7505f3cfe8/tags/green HTTP/1.1" status: 404 len: 299 time: 0.0190105
2026-07-24 18:44:29.651 9 INFO neutron.wsgi [None req-4340c7a3-79f9-4a35-b7c3-813bd2c731cb 1ec5ce4b169a4b4fb85dd6b3de3eaf7e 8184c27ca450474eb40014a452c2f9e3 - - default default] 10.0.0.195 "GET /v2.0/subnets/ec9beb8d-851a-4012-b466-d00d9d2857a9/tags/red HTTP/1.1" status: 204 len: 168 time: 0.0986676
2026-07-24 18:44:29.683 10 INFO neutron.wsgi [None req-6e468be6-e482-4c9d-9a49-b99ba2c3d326 8d397ede60ff4af3a545b9f825f8ace7 57e1a3e4dc904694928464307bf0a25b - - - -] 10.0.0.195 "DELETE /v2.0/trunks/b7cd3d0a-c252-4b65-93ba-cf7505f3cfe8/tags HTTP/1.1" status: 204 len: 168 time: 0.0412393
2026-07-24 18:44:29.689 10 INFO neutron.api.v2.resource [None req-2e688b5d-4e53-4a4f-b2b8-38f6963c1f55 1ec5ce4b169a4b4fb85dd6b3de3eaf7e 8184c27ca450474eb40014a452c2f9e3 - - default default] show failed (client error): The resource could not be found.
2026-07-24 18:44:29.690 10 INFO neutron.wsgi [None req-2e688b5d-4e53-4a4f-b2b8-38f6963c1f55 1ec5ce4b169a4b4fb85dd6b3de3eaf7e 8184c27ca450474eb40014a452c2f9e3 - - default default] 10.0.0.195 "GET /v2.0/subnets/ec9beb8d-851a-4012-b466-d00d9d2857a9/tags/green HTTP/1.1" status: 404 len: 299 time: 0.0321579
2026-07-24 18:44:29.705 10 INFO neutron.wsgi [None req-9a81d775-c1bb-45f4-b2a7-599be02effbb 8d397ede60ff4af3a545b9f825f8ace7 57e1a3e4dc904694928464307bf0a25b - - default default] 10.0.0.195 "GET /v2.0/trunks/b7cd3d0a-c252-4b65-93ba-cf7505f3cfe8/tags HTTP/1.1" status: 200 len: 205 time: 0.0135162
2026-07-24 18:44:29.742 9 WARNING neutron.scheduler.dhcp_agent_scheduler [None req-4aa011ea-cff9-4a92-a27d-d32fcede9c2c 64462499c89e4d51996c7b42d5c91361 dc51e4eda2084b3c9c8b611c4eb2f6aa - - - -] No more DHCP agents
2026-07-24 18:44:29.748 9 WARNING neutron.api.rpc.agentnotifiers.dhcp_rpc_agent_api [None req-4aa011ea-cff9-4a92-a27d-d32fcede9c2c 64462499c89e4d51996c7b42d5c91361 dc51e4eda2084b3c9c8b611c4eb2f6aa - - - -] Unable to schedule network 95e28af5-fc7e-4f32-98bf-b5b654e4683c: no agents available; will retry on subsequent port and subnet creation events.
2026-07-24 18:44:29.755 10 INFO neutron.wsgi [None req-81e505dd-4305-4f7a-b8b9-52a50042f210 8d397ede60ff4af3a545b9f825f8ace7 57e1a3e4dc904694928464307bf0a25b - - default default] 10.0.0.195 "GET /v2.0/trunks/b7cd3d0a-c252-4b65-93ba-cf7505f3cfe8 HTTP/1.1" status: 200 len: 603 time: 0.0213537
2026-07-24 18:44:29.825 9 INFO neutron.wsgi [None req-a0a47dbd-6442-446e-8a1c-d2c1f39b24d0 1ec5ce4b169a4b4fb85dd6b3de3eaf7e 8184c27ca450474eb40014a452c2f9e3 - - - -] 10.0.0.195 "DELETE /v2.0/subnets/ec9beb8d-851a-4012-b466-d00d9d2857a9/tags/red HTTP/1.1" status: 204 len: 168 time: 0.1295707
2026-07-24 18:44:29.860 9 INFO neutron.db.ovn_revision_numbers_db [None req-4aa011ea-cff9-4a92-a27d-d32fcede9c2c 64462499c89e4d51996c7b42d5c91361 dc51e4eda2084b3c9c8b611c4eb2f6aa - - - -] Successfully bumped revision number for resource fc9288b8-3e70-46c9-be28-6b09e5d86cb9 (type: ports) to 1
2026-07-24 18:44:29.866 10 INFO neutron.wsgi [None req-8f772f2a-a617-401d-afc3-3cc557468c42 8d397ede60ff4af3a545b9f825f8ace7 57e1a3e4dc904694928464307bf0a25b - - default default] 10.0.0.195 "GET /v2.0/ports/b98e0495-6af6-4c80-8a7e-fc8ca301f28a HTTP/1.1" status: 200 len: 1020 time: 0.1056867
2026-07-24 18:44:29.885 10 INFO neutron.wsgi [None req-89e7cbcc-2d6e-44fe-8b3b-dabe3b76c425 1ec5ce4b169a4b4fb85dd6b3de3eaf7e 8184c27ca450474eb40014a452c2f9e3 - - default default] 10.0.0.195 "GET /v2.0/subnets/ec9beb8d-851a-4012-b466-d00d9d2857a9/tags HTTP/1.1" status: 200 len: 223 time: 0.0537851
2026-07-24 18:44:29.895 9 INFO neutron.wsgi [None req-4aa011ea-cff9-4a92-a27d-d32fcede9c2c 64462499c89e4d51996c7b42d5c91361 dc51e4eda2084b3c9c8b611c4eb2f6aa - - - -] 10.0.0.195 "POST /v2.0/networks HTTP/1.1" status: 201 len: 830 time: 1.8115373
2026-07-24 18:44:29.931 10 INFO neutron.api.v2.resource [None req-4bfd614b-bcc0-4715-9fd2-7c9defa61090 1ec5ce4b169a4b4fb85dd6b3de3eaf7e 8184c27ca450474eb40014a452c2f9e3 - - - -] delete failed (client error): The resource could not be found.
2026-07-24 18:44:29.933 10 INFO neutron.wsgi [None req-4bfd614b-bcc0-4715-9fd2-7c9defa61090 1ec5ce4b169a4b4fb85dd6b3de3eaf7e 8184c27ca450474eb40014a452c2f9e3 - - - -] 10.0.0.195 "DELETE /v2.0/subnets/ec9beb8d-851a-4012-b466-d00d9d2857a9/tags/green HTTP/1.1" status: 404 len: 299 time: 0.0431933
2026-07-24 18:44:30.176 9 INFO neutron.plugins.ml2.drivers.ovn.mech_driver.mech_driver [None req-446a6c98-7e52-4e02-ad18-1bd5f30e1b9e - - - - - -] OVN reports status up for port: 07cf9b7e-c316-4954-af36-dc4f19857ec3
2026-07-24 18:44:30.190 9 INFO neutron.plugins.ml2.plugin [None req-446a6c98-7e52-4e02-ad18-1bd5f30e1b9e - - - - - -] Attempt 1 to provision port 07cf9b7e-c316-4954-af36-dc4f19857ec3
2026-07-24 18:44:30.199 9 INFO neutron.db.ovn_revision_numbers_db [None req-46377940-676c-400e-99e0-1ffbf5cd64c7 af6cf6b7229b4c9eace48dd4220164e4 8498dd98b53f466e81ae586547e94771 - - default default] Successfully bumped revision number for resource 07cf9b7e-c316-4954-af36-dc4f19857ec3 (type: router_ports) to 2
2026-07-24 18:44:30.279 9 WARNING neutron.scheduler.dhcp_agent_scheduler [None req-04039ba1-c4cd-4a0f-b22a-f7f66337db83 64462499c89e4d51996c7b42d5c91361 dc51e4eda2084b3c9c8b611c4eb2f6aa - - - -] No more DHCP agents
2026-07-24 18:44:30.287 9 WARNING neutron.api.rpc.agentnotifiers.dhcp_rpc_agent_api [None req-04039ba1-c4cd-4a0f-b22a-f7f66337db83 64462499c89e4d51996c7b42d5c91361 dc51e4eda2084b3c9c8b611c4eb2f6aa - - - -] Unable to schedule network 95e28af5-fc7e-4f32-98bf-b5b654e4683c: no agents available; will retry on subsequent port and subnet creation events.
2026-07-24 18:44:30.302 10 INFO neutron.wsgi [None req-e539b61e-505a-4e26-a7b3-2f32d042c280 8d397ede60ff4af3a545b9f825f8ace7 57e1a3e4dc904694928464307bf0a25b - - - -] 10.0.0.195 "DELETE /v2.0/trunks/b7cd3d0a-c252-4b65-93ba-cf7505f3cfe8 HTTP/1.1" status: 204 len: 168 time: 0.4296956
2026-07-24 18:44:30.307 10 INFO neutron.wsgi [None req-233a0c5c-ca5c-4be3-8121-619463dc6cc2 1ec5ce4b169a4b4fb85dd6b3de3eaf7e 8184c27ca450474eb40014a452c2f9e3 - - - -] 10.0.0.195 "DELETE /v2.0/subnets/ec9beb8d-851a-4012-b466-d00d9d2857a9/tags HTTP/1.1" status: 204 len: 168 time: 0.3671381
2026-07-24 18:44:30.356 10 INFO neutron.wsgi [None req-42151f21-3670-4d51-a8b8-307257cbdafd 1ec5ce4b169a4b4fb85dd6b3de3eaf7e 8184c27ca450474eb40014a452c2f9e3 - - default default] 10.0.0.195 "GET /v2.0/subnets/ec9beb8d-851a-4012-b466-d00d9d2857a9/tags HTTP/1.1" status: 200 len: 205 time: 0.0428910
2026-07-24 18:44:30.428 9 INFO neutron.db.ovn_revision_numbers_db [None req-04039ba1-c4cd-4a0f-b22a-f7f66337db83 64462499c89e4d51996c7b42d5c91361 dc51e4eda2084b3c9c8b611c4eb2f6aa - - - -] Successfully bumped revision number for resource 68159a47-d8ad-4b65-a247-5bda65f3d18e (type: ports) to 1
2026-07-24 18:44:30.476 9 INFO neutron.wsgi [None req-04039ba1-c4cd-4a0f-b22a-f7f66337db83 64462499c89e4d51996c7b42d5c91361 dc51e4eda2084b3c9c8b611c4eb2f6aa - - - -] 10.0.0.195 "POST /v2.0/ports HTTP/1.1" status: 201 len: 942 time: 0.5749712 /var/lib/openstack/lib/python3.10/site-packages/pycadf/identifier.py:71: UserWarning: Invalid uuid: neutron. To ensure interoperability, identifiers should be a valid uuid. warnings.warn(('Invalid uuid: %s. To ensure interoperability, '
2026-07-24 18:44:30.514 9 INFO neutron.db.ovn_revision_numbers_db [None req-46377940-676c-400e-99e0-1ffbf5cd64c7 af6cf6b7229b4c9eace48dd4220164e4 8498dd98b53f466e81ae586547e94771 - - default default] Successfully bumped revision number for resource 07cf9b7e-c316-4954-af36-dc4f19857ec3 (type: ports) to 2
2026-07-24 18:44:30.552 9 INFO neutron.wsgi [None req-07a76cf5-c5c4-405d-9b4f-e4ed9c190599 64462499c89e4d51996c7b42d5c91361 dc51e4eda2084b3c9c8b611c4eb2f6aa - - - -] 10.0.0.195 "PUT /v2.0/ports/68159a47-d8ad-4b65-a247-5bda65f3d18e/tags HTTP/1.1" status: 200 len: 218 time: 0.0676639
2026-07-24 18:44:30.610 10 INFO neutron.wsgi [None req-69bfd421-262e-4c48-a822-dad893ae3035 8d397ede60ff4af3a545b9f825f8ace7 57e1a3e4dc904694928464307bf0a25b - - - -] 10.0.0.195 "DELETE /v2.0/ports/b98e0495-6af6-4c80-8a7e-fc8ca301f28a HTTP/1.1" status: 204 len: 168 time: 0.2969503
2026-07-24 18:44:30.619 9 INFO neutron.wsgi [None req-8d2756fd-1484-4168-bf92-f44843764d5d 64462499c89e4d51996c7b42d5c91361 dc51e4eda2084b3c9c8b611c4eb2f6aa - - default default] 10.0.0.195 "GET /v2.0/ports/68159a47-d8ad-4b65-a247-5bda65f3d18e/tags HTTP/1.1" status: 200 len: 218 time: 0.0594432
2026-07-24 18:44:30.655 9 WARNING neutron.scheduler.dhcp_agent_scheduler [None req-46377940-676c-400e-99e0-1ffbf5cd64c7 af6cf6b7229b4c9eace48dd4220164e4 8498dd98b53f466e81ae586547e94771 - - default default] No more DHCP agents
2026-07-24 18:44:30.661 9 WARNING neutron.api.rpc.agentnotifiers.dhcp_rpc_agent_api [None req-46377940-676c-400e-99e0-1ffbf5cd64c7 af6cf6b7229b4c9eace48dd4220164e4 8498dd98b53f466e81ae586547e94771 - - default default] Unable to schedule network f5586e35-6750-4647-8398-23ba6b1f1650: no agents available; will retry on subsequent port and subnet creation events.
2026-07-24 18:44:30.698 10 INFO neutron.wsgi [None req-9588b48b-32f3-4c50-8621-9929620f051f 1ec5ce4b169a4b4fb85dd6b3de3eaf7e 8184c27ca450474eb40014a452c2f9e3 - - - -] 10.0.0.195 "DELETE /v2.0/subnets/ec9beb8d-851a-4012-b466-d00d9d2857a9 HTTP/1.1" status: 204 len: 168 time: 0.3352392
2026-07-24 18:44:30.726 9 INFO neutron.wsgi [None req-65ecfebf-7dab-4e82-aa08-f3f7d8bd214b 64462499c89e4d51996c7b42d5c91361 dc51e4eda2084b3c9c8b611c4eb2f6aa - - - -] 10.0.0.195 "PUT /v2.0/ports/68159a47-d8ad-4b65-a247-5bda65f3d18e/tags/green HTTP/1.1" status: 201 len: 201 time: 0.1026371
2026-07-24 18:44:30.755 9 INFO neutron.db.ovn_revision_numbers_db [None req-446a6c98-7e52-4e02-ad18-1bd5f30e1b9e - - - - - -] Successfully bumped revision number for resource 07cf9b7e-c316-4954-af36-dc4f19857ec3 (type: ports) to 3
2026-07-24 18:44:30.785 9 INFO neutron.wsgi [None req-170509cd-8096-4b7d-b1ea-92e057cba116 64462499c89e4d51996c7b42d5c91361 dc51e4eda2084b3c9c8b611c4eb2f6aa - - default default] 10.0.0.195 "GET /v2.0/ports/68159a47-d8ad-4b65-a247-5bda65f3d18e/tags HTTP/1.1" status: 200 len: 227 time: 0.0532775
2026-07-24 18:44:30.883 10 INFO neutron.wsgi [None req-089494b2-515d-448d-aa90-853890b2d6bc 64462499c89e4d51996c7b42d5c91361 dc51e4eda2084b3c9c8b611c4eb2f6aa - - - -] 10.0.0.195 "PUT /v2.0/ports/68159a47-d8ad-4b65-a247-5bda65f3d18e/tags/red HTTP/1.1" status: 201 len: 201 time: 0.0917642
2026-07-24 18:44:30.937 9 INFO neutron.db.ovn_revision_numbers_db [None req-446a6c98-7e52-4e02-ad18-1bd5f30e1b9e - - - - - -] Successfully bumped revision number for resource 07cf9b7e-c316-4954-af36-dc4f19857ec3 (type: router_ports) to 3
2026-07-24 18:44:30.951 10 INFO neutron.wsgi [None req-d2ff7265-21b6-4a80-aa66-a5f3e043083d 64462499c89e4d51996c7b42d5c91361 dc51e4eda2084b3c9c8b611c4eb2f6aa - - default default] 10.0.0.195 "GET /v2.0/ports/68159a47-d8ad-4b65-a247-5bda65f3d18e/tags HTTP/1.1" status: 200 len: 227 time: 0.0613480
2026-07-24 18:44:31.236 10 INFO neutron.services.segments.plugin [-] Segment 4470adce-69aa-4372-8cdd-161462dc0bae resource provider aggregate not found
2026-07-24 18:44:31.259 10 INFO neutron.services.segments.plugin [-] Segment 4470adce-69aa-4372-8cdd-161462dc0bae resource provider aggregate not found
2026-07-24 18:44:31.264 10 INFO neutron.services.segments.plugin [-] Segment 4470adce-69aa-4372-8cdd-161462dc0bae resource provider not found; error: Placement Client Error (4xx): {"errors": [{"status": 404, "title": "Not Found", "detail": "The resource could not be found.\n\n No resource provider with uuid 4470adce-69aa-4372-8cdd-161462dc0bae found for delete ", "request_id": "req-f6313864-58b3-4a63-a55c-1bb63ccdd289"}]}
2026-07-24 18:44:31.284 10 INFO neutron.services.segments.plugin [-] Segment 4470adce-69aa-4372-8cdd-161462dc0bae resource provider not found; error: Placement Client Error (4xx): {"errors": [{"status": 404, "title": "Not Found", "detail": "The resource could not be found.\n\n No resource provider with uuid 4470adce-69aa-4372-8cdd-161462dc0bae found for delete ", "request_id": "req-395d4a66-a9bd-49cf-88f0-58fd77d0db41"}]}
2026-07-24 18:44:31.305 10 INFO neutron.wsgi [None req-c2b4f669-b1c8-47dd-b826-270e839bb595 8d397ede60ff4af3a545b9f825f8ace7 57e1a3e4dc904694928464307bf0a25b - - - -] 10.0.0.195 "DELETE /v2.0/networks/cdb7537f-b2f1-4066-93f0-c30ae10f93d5 HTTP/1.1" status: 204 len: 168 time: 0.6868310
2026-07-24 18:44:31.413 10 INFO neutron.wsgi [None req-f9dc2e3a-6352-4756-b532-2d078beb1211 1ec5ce4b169a4b4fb85dd6b3de3eaf7e 8184c27ca450474eb40014a452c2f9e3 - - - -] 10.0.0.195 "DELETE /v2.0/networks/7ce2043d-0671-4158-ac89-07ac46547377 HTTP/1.1" status: 204 len: 168 time: 0.7057683
2026-07-24 18:44:31.492 9 INFO neutron.wsgi [None req-c85e910c-06a9-413b-a314-b80a144a94b1 64462499c89e4d51996c7b42d5c91361 dc51e4eda2084b3c9c8b611c4eb2f6aa - - - -] 10.0.0.195 "PUT /v2.0/ports/68159a47-d8ad-4b65-a247-5bda65f3d18e/tags/black.or.white HTTP/1.1" status: 201 len: 201 time: 0.5338097
2026-07-24 18:44:31.534 10 INFO neutron.wsgi [None req-fb2ca9ee-c321-498f-b61f-0195321ee208 64462499c89e4d51996c7b42d5c91361 dc51e4eda2084b3c9c8b611c4eb2f6aa - - default default] 10.0.0.195 "GET /v2.0/ports/68159a47-d8ad-4b65-a247-5bda65f3d18e/tags HTTP/1.1" status: 200 len: 245 time: 0.0343559
2026-07-24 18:44:31.612 10 INFO neutron.wsgi [None req-4fa04ece-a3c4-44d1-b4b5-3a2d36ef0e53 64462499c89e4d51996c7b42d5c91361 dc51e4eda2084b3c9c8b611c4eb2f6aa - - - -] 10.0.0.195 "PUT /v2.0/ports/68159a47-d8ad-4b65-a247-5bda65f3d18e/tags HTTP/1.1" status: 200 len: 230 time: 0.0711694
2026-07-24 18:44:31.675 10 INFO neutron.wsgi [None req-806483bc-e04e-429f-b02d-9a52f5cebb97 64462499c89e4d51996c7b42d5c91361 dc51e4eda2084b3c9c8b611c4eb2f6aa - - default default] 10.0.0.195 "GET /v2.0/ports/68159a47-d8ad-4b65-a247-5bda65f3d18e/tags HTTP/1.1" status: 200 len: 230 time: 0.0578494
2026-07-24 18:44:31.716 10 INFO neutron.wsgi [None req-65cf5f52-7d61-4405-92cd-2f9c4d68c1af 64462499c89e4d51996c7b42d5c91361 dc51e4eda2084b3c9c8b611c4eb2f6aa - - default default] 10.0.0.195 "GET /v2.0/ports/68159a47-d8ad-4b65-a247-5bda65f3d18e/tags/red HTTP/1.1" status: 204 len: 168 time: 0.0344775
2026-07-24 18:44:31.759 10 INFO neutron.api.v2.resource [None req-16273903-ab0b-4445-af03-c916fa8080cb 64462499c89e4d51996c7b42d5c91361 dc51e4eda2084b3c9c8b611c4eb2f6aa - - default default] show failed (client error): The resource could not be found.
2026-07-24 18:44:31.761 10 INFO neutron.wsgi [None req-16273903-ab0b-4445-af03-c916fa8080cb 64462499c89e4d51996c7b42d5c91361 dc51e4eda2084b3c9c8b611c4eb2f6aa - - default default] 10.0.0.195 "GET /v2.0/ports/68159a47-d8ad-4b65-a247-5bda65f3d18e/tags/green HTTP/1.1" status: 404 len: 299 time: 0.0367334
2026-07-24 18:44:31.782 9 INFO neutron.db.ovn_revision_numbers_db [None req-46377940-676c-400e-99e0-1ffbf5cd64c7 af6cf6b7229b4c9eace48dd4220164e4 8498dd98b53f466e81ae586547e94771 - - - -] Successfully bumped revision number for resource 07cf9b7e-c316-4954-af36-dc4f19857ec3 (type: router_ports) to 3
2026-07-24 18:44:31.787 9 INFO neutron.wsgi [None req-46377940-676c-400e-99e0-1ffbf5cd64c7 af6cf6b7229b4c9eace48dd4220164e4 8498dd98b53f466e81ae586547e94771 - - - -] 10.0.0.195 "PUT /v2.0/routers/281ee089-dbbe-4614-9408-a7dee6bf4275/add_router_interface HTTP/1.1" status: 200 len: 503 time: 3.9684830
2026-07-24 18:44:31.816 10 INFO neutron.wsgi [None req-f5ae710c-778f-4185-9861-ab22520d8f31 64462499c89e4d51996c7b42d5c91361 dc51e4eda2084b3c9c8b611c4eb2f6aa - - - -] 10.0.0.195 "DELETE /v2.0/ports/68159a47-d8ad-4b65-a247-5bda65f3d18e/tags/red HTTP/1.1" status: 204 len: 168 time: 0.0465047
2026-07-24 18:44:31.874 10 INFO neutron.wsgi [None req-bb173515-8783-4d07-81b1-f9c354842a6e 64462499c89e4d51996c7b42d5c91361 dc51e4eda2084b3c9c8b611c4eb2f6aa - - default default] 10.0.0.195 "GET /v2.0/ports/68159a47-d8ad-4b65-a247-5bda65f3d18e/tags HTTP/1.1" status: 200 len: 223 time: 0.0380456
2026-07-24 18:44:31.916 10 INFO neutron.api.v2.resource [None req-dd2636b0-94e1-462b-ba25-7ea2196d1bc8 64462499c89e4d51996c7b42d5c91361 dc51e4eda2084b3c9c8b611c4eb2f6aa - - - -] delete failed (client error): The resource could not be found.
2026-07-24 18:44:31.918 10 INFO neutron.wsgi [None req-dd2636b0-94e1-462b-ba25-7ea2196d1bc8 64462499c89e4d51996c7b42d5c91361 dc51e4eda2084b3c9c8b611c4eb2f6aa - - - -] 10.0.0.195 "DELETE /v2.0/ports/68159a47-d8ad-4b65-a247-5bda65f3d18e/tags/green HTTP/1.1" status: 404 len: 299 time: 0.0394797
2026-07-24 18:44:31.967 9 INFO neutron.wsgi [None req-3f9f8310-fa6c-4096-8887-dc57fecd4647 64462499c89e4d51996c7b42d5c91361 dc51e4eda2084b3c9c8b611c4eb2f6aa - - - -] 10.0.0.195 "DELETE /v2.0/ports/68159a47-d8ad-4b65-a247-5bda65f3d18e/tags HTTP/1.1" status: 204 len: 168 time: 0.0429513
2026-07-24 18:44:32.007 9 INFO neutron.wsgi [None req-bfaafe37-662a-40d6-b205-82c6f8e0287d 64462499c89e4d51996c7b42d5c91361 dc51e4eda2084b3c9c8b611c4eb2f6aa - - default default] 10.0.0.195 "GET /v2.0/ports/68159a47-d8ad-4b65-a247-5bda65f3d18e/tags HTTP/1.1" status: 200 len: 205 time: 0.0339200
2026-07-24 18:44:32.243 10 INFO neutron.wsgi [None req-b96d3c5d-8d53-46c9-87a3-2b203db62288 af6cf6b7229b4c9eace48dd4220164e4 8498dd98b53f466e81ae586547e94771 - - default default] 10.0.0.195 "GET /v2.0/security-groups?tenant_id=8184c27ca450474eb40014a452c2f9e3&name=default HTTP/1.1" status: 200 len: 3000 time: 0.1500716
2026-07-24 18:44:32.338 10 INFO neutron.db.ovn_revision_numbers_db [None req-5e0b4ae9-7e4b-4577-95bc-dd7f1f2b4c7c af6cf6b7229b4c9eace48dd4220164e4 8498dd98b53f466e81ae586547e94771 - - default default] Successfully bumped revision number for resource a2cec8a5-ffe8-4ddc-9edc-31a5ef0178af (type: security_groups) to 1
2026-07-24 18:44:32.344 9 INFO neutron.wsgi [None req-9417c0fa-2664-48e6-b1fc-b97ed214f9b1 64462499c89e4d51996c7b42d5c91361 dc51e4eda2084b3c9c8b611c4eb2f6aa - - - -] 10.0.0.195 "DELETE /v2.0/ports/68159a47-d8ad-4b65-a247-5bda65f3d18e HTTP/1.1" status: 204 len: 168 time: 0.3114059
2026-07-24 18:44:32.359 10 INFO neutron.wsgi [None req-5e0b4ae9-7e4b-4577-95bc-dd7f1f2b4c7c af6cf6b7229b4c9eace48dd4220164e4 8498dd98b53f466e81ae586547e94771 - - default default] 10.0.0.195 "GET /v2.0/security-groups?tenant_id=d852a3c76ea04a31b52bdd79c393cfb1&name=default HTTP/1.1" status: 200 len: 3000 time: 0.2788346
2026-07-24 18:44:32.585 10 INFO neutron.wsgi [None req-c9a43082-ec54-45c4-aead-5c406e3daa83 af6cf6b7229b4c9eace48dd4220164e4 8498dd98b53f466e81ae586547e94771 - - - -] 10.0.0.195 "DELETE /v2.0/security-groups/a2cec8a5-ffe8-4ddc-9edc-31a5ef0178af HTTP/1.1" status: 204 len: 168 time: 0.2188690
2026-07-24 18:44:32.587 9 INFO neutron.wsgi [None req-02ef1135-a69d-4c4d-90a2-0bcba254f08c af6cf6b7229b4c9eace48dd4220164e4 8498dd98b53f466e81ae586547e94771 - - - -] 10.0.0.195 "DELETE /v2.0/security-groups/20f86f30-a420-4674-ab5e-28b9c267281a HTTP/1.1" status: 204 len: 168 time: 0.3385103
2026-07-24 18:44:32.763 10 INFO neutron.wsgi [None req-8df802db-1a7e-4d46-b585-17413be22317 af6cf6b7229b4c9eace48dd4220164e4 8498dd98b53f466e81ae586547e94771 - - default default] 10.0.0.195 "GET /v2.0/security-groups?tenant_id=57e1a3e4dc904694928464307bf0a25b&name=default HTTP/1.1" status: 200 len: 3000 time: 0.0425642
2026-07-24 18:44:32.852 9 INFO neutron.services.segments.plugin [-] Segment 816f981e-0693-4373-b73c-4d81ffaa5100 resource provider aggregate not found
2026-07-24 18:44:32.872 9 INFO neutron.services.segments.plugin [-] Segment 816f981e-0693-4373-b73c-4d81ffaa5100 resource provider aggregate not found
2026-07-24 18:44:32.879 9 INFO neutron.services.segments.plugin [-] Segment 816f981e-0693-4373-b73c-4d81ffaa5100 resource provider not found; error: Placement Client Error (4xx): {"errors": [{"status": 404, "title": "Not Found", "detail": "The resource could not be found.\n\n No resource provider with uuid 816f981e-0693-4373-b73c-4d81ffaa5100 found for delete ", "request_id": "req-6a985f3c-9b7f-49ee-923f-5bcd7ce97e9b"}]}
2026-07-24 18:44:32.895 9 INFO neutron.services.segments.plugin [-] Segment 816f981e-0693-4373-b73c-4d81ffaa5100 resource provider not found; error: Placement Client Error (4xx): {"errors": [{"status": 404, "title": "Not Found", "detail": "The resource could not be found.\n\n No resource provider with uuid 816f981e-0693-4373-b73c-4d81ffaa5100 found for delete ", "request_id": "req-92becb8e-65a2-4c25-b219-15bf74abd5ff"}]}
2026-07-24 18:44:32.912 9 INFO neutron.wsgi [None req-d6aee2ea-6352-4293-9f96-a1ab86fb16ac 64462499c89e4d51996c7b42d5c91361 dc51e4eda2084b3c9c8b611c4eb2f6aa - - - -] 10.0.0.195 "DELETE /v2.0/networks/95e28af5-fc7e-4f32-98bf-b5b654e4683c HTTP/1.1" status: 204 len: 168 time: 0.5604217
2026-07-24 18:44:32.925 9 INFO neutron.db.ovn_revision_numbers_db [None req-e0cc9ccb-8cfd-484a-b284-f45f88b3e513 af6cf6b7229b4c9eace48dd4220164e4 8498dd98b53f466e81ae586547e94771 - - default default] Successfully bumped revision number for resource dca8721a-8afe-4044-9749-a01fb7af385c (type: security_groups) to 1
2026-07-24 18:44:32.947 9 INFO neutron.wsgi [None req-e0cc9ccb-8cfd-484a-b284-f45f88b3e513 af6cf6b7229b4c9eace48dd4220164e4 8498dd98b53f466e81ae586547e94771 - - default default] 10.0.0.195 "GET /v2.0/security-groups?tenant_id=d90292b20c28460583739179c7893cf5&name=default HTTP/1.1" status: 200 len: 3000 time: 0.2224891
2026-07-24 18:44:32.971 10 INFO neutron.wsgi [None req-ff4e3028-e5c8-49b2-b6ac-029fbb0c1ce1 af6cf6b7229b4c9eace48dd4220164e4 8498dd98b53f466e81ae586547e94771 - - - -] 10.0.0.195 "DELETE /v2.0/security-groups/c1baf614-1568-4b5b-bd8f-0da14778f788 HTTP/1.1" status: 204 len: 168 time: 0.1958694
2026-07-24 18:44:33.135 9 INFO neutron.wsgi [None req-5f7cb2ba-53dc-40c2-a283-4777646a08ae af6cf6b7229b4c9eace48dd4220164e4 8498dd98b53f466e81ae586547e94771 - - - -] 10.0.0.195 "DELETE /v2.0/security-groups/dca8721a-8afe-4044-9749-a01fb7af385c HTTP/1.1" status: 204 len: 168 time: 0.1814365
2026-07-24 18:44:33.297 10 INFO neutron.services.segments.plugin [-] Segment 06689323-0e9c-472b-bcd0-1672ccc98cf9 resource provider aggregate not found
2026-07-24 18:44:33.303 10 INFO neutron.services.segments.plugin [-] Segment 06689323-0e9c-472b-bcd0-1672ccc98cf9 resource provider aggregate not found
