2026-07-24 18:43:51.958 9 INFO neutron.wsgi [None req-06044245-10c4-4cbc-a4e0-7f726507a2e5 af6cf6b7229b4c9eace48dd4220164e4 8498dd98b53f466e81ae586547e94771 - - default default] 10.0.0.108 "GET /v2.0/subnetpools HTTP/1.1" status: 200 len: 193 time: 0.0130932
2026-07-24 18:43:52.120 9 INFO neutron.wsgi [None req-6dd44458-e317-4c07-86e8-4b2ba0bcb22f af6cf6b7229b4c9eace48dd4220164e4 8498dd98b53f466e81ae586547e94771 - - - -] 10.0.0.195 "DELETE /v2.0/security-groups/77f70602-42ef-4506-93de-30084d278957 HTTP/1.1" status: 204 len: 168 time: 0.2185044
2026-07-24 18:43:52.323 10 WARNING neutron.scheduler.dhcp_agent_scheduler [None req-1f3be623-1daa-487d-b5fc-aa92b7b7f562 22f752cdb9e44f98ae2b474ebe22205c 1ee789b1b81f4c54a2f6257f934bb94a - - - -] No more DHCP agents
2026-07-24 18:43:52.347 10 WARNING neutron.api.rpc.agentnotifiers.dhcp_rpc_agent_api [None req-1f3be623-1daa-487d-b5fc-aa92b7b7f562 22f752cdb9e44f98ae2b474ebe22205c 1ee789b1b81f4c54a2f6257f934bb94a - - - -] Unable to schedule network 9edd62f8-6081-4780-bbb7-f7b6619461a6: no agents available; will retry on subsequent port and subnet creation events.
2026-07-24 18:43:52.390 9 INFO neutron.services.segments.plugin [-] Segment 9a0cdb77-8a54-4dee-9818-d5a4bb0f128f resource provider aggregate not found
2026-07-24 18:43:52.408 9 INFO neutron.services.segments.plugin [-] Segment 9a0cdb77-8a54-4dee-9818-d5a4bb0f128f resource provider not found; error: Placement Client Error (4xx): {"errors": [{"status": 404, "title": "Not Found", "detail": "The resource could not be found.\n\n No resource provider with uuid 9a0cdb77-8a54-4dee-9818-d5a4bb0f128f found for delete ", "request_id": "req-86cfcb69-b60f-4785-ae8e-f31683056c40"}]}
2026-07-24 18:43:52.412 9 INFO neutron.services.segments.plugin [-] Segment 9a0cdb77-8a54-4dee-9818-d5a4bb0f128f resource provider aggregate not found
2026-07-24 18:43:52.426 9 INFO neutron.services.segments.plugin [-] Segment 9a0cdb77-8a54-4dee-9818-d5a4bb0f128f resource provider not found; error: Placement Client Error (4xx): {"errors": [{"status": 404, "title": "Not Found", "detail": "The resource could not be found.\n\n No resource provider with uuid 9a0cdb77-8a54-4dee-9818-d5a4bb0f128f found for delete ", "request_id": "req-c8d6e414-b86d-417f-9ff8-a44b1160d613"}]}
2026-07-24 18:43:52.449 10 INFO neutron.services.segments.plugin [-] Segment ba97c80e-f18e-41b3-852e-eccee74a8ae7 resource provider aggregate not found
2026-07-24 18:43:52.461 10 INFO neutron.services.segments.plugin [-] Segment ba97c80e-f18e-41b3-852e-eccee74a8ae7 resource provider aggregate not found
2026-07-24 18:43:52.473 10 INFO neutron.services.segments.plugin [-] Segment ba97c80e-f18e-41b3-852e-eccee74a8ae7 resource provider not found; error: Placement Client Error (4xx): {"errors": [{"status": 404, "title": "Not Found", "detail": "The resource could not be found.\n\n No resource provider with uuid ba97c80e-f18e-41b3-852e-eccee74a8ae7 found for delete ", "request_id": "req-140a4cb7-4281-4a8c-8c35-8715cbd48d94"}]}
2026-07-24 18:43:52.474 9 INFO neutron.db.ovn_revision_numbers_db [None req-491adf85-8db1-4a5c-80e0-a433ce7dc269 af6cf6b7229b4c9eace48dd4220164e4 8498dd98b53f466e81ae586547e94771 - - default default] Successfully bumped revision number for resource c592ef04-da49-4e62-a1e1-4245a95f2147 (type: security_groups) to 1
2026-07-24 18:43:52.490 10 INFO neutron.services.segments.plugin [-] Segment ba97c80e-f18e-41b3-852e-eccee74a8ae7 resource provider not found; error: Placement Client Error (4xx): {"errors": [{"status": 404, "title": "Not Found", "detail": "The resource could not be found.\n\n No resource provider with uuid ba97c80e-f18e-41b3-852e-eccee74a8ae7 found for delete ", "request_id": "req-cc5ccdde-b067-4247-89c4-04a917b3374f"}]}
2026-07-24 18:43:52.499 9 INFO neutron.wsgi [None req-491adf85-8db1-4a5c-80e0-a433ce7dc269 af6cf6b7229b4c9eace48dd4220164e4 8498dd98b53f466e81ae586547e94771 - - default default] 10.0.0.195 "GET /v2.0/security-groups?tenant_id=c853cbce51ae4714b7a4db3982000b6b&name=default HTTP/1.1" status: 200 len: 2996 time: 0.1558871
2026-07-24 18:43:52.557 10 INFO neutron.wsgi [None req-d91b1e26-bc09-4c5a-950f-d7e20d47a26e 6a2f9e3019a6484882ede31b7ffce5fa b8cfec76d0dd4ca4bf50c775dfbfb8da - - - -] 10.0.0.195 "DELETE /v2.0/networks/8d02c2e3-d8e1-460d-b0a9-2c47c1cd4978 HTTP/1.1" status: 204 len: 168 time: 0.8814883
2026-07-24 18:43:52.750 15 INFO neutron.plugins.ml2.drivers.ovn.mech_driver.ovsdb.maintenance [None req-057c7c00-9af6-4ce2-88f9-2a7d83c60898 - - - - - -] Maintenance task: Synchronization finished (took 0.43 seconds)
2026-07-24 18:43:52.861 9 INFO neutron.wsgi [None req-49a17345-4944-4c84-b620-e7a085c7e459 af6cf6b7229b4c9eace48dd4220164e4 8498dd98b53f466e81ae586547e94771 - - - -] 10.0.0.195 "DELETE /v2.0/security-groups/c592ef04-da49-4e62-a1e1-4245a95f2147 HTTP/1.1" status: 204 len: 168 time: 0.3562737
2026-07-24 18:43:52.909 10 INFO neutron.db.ovn_revision_numbers_db [None req-1f3be623-1daa-487d-b5fc-aa92b7b7f562 22f752cdb9e44f98ae2b474ebe22205c 1ee789b1b81f4c54a2f6257f934bb94a - - - -] Successfully bumped revision number for resource 0d176948-7759-44e1-b6f6-43a630cdb4c2 (type: floatingips) to 0
2026-07-24 18:43:52.932 10 INFO neutron.wsgi [None req-1f3be623-1daa-487d-b5fc-aa92b7b7f562 22f752cdb9e44f98ae2b474ebe22205c 1ee789b1b81f4c54a2f6257f934bb94a - - - -] 10.0.0.195 "POST /v2.0/floatingips HTTP/1.1" status: 201 len: 751 time: 1.4593306
2026-07-24 18:43:52.960 10 INFO neutron.wsgi [None req-3caeef0e-a0c8-49e8-a816-9091b40f1054 08cacf86fcb94082bbe5121c9ce699eb 22f482b97f2d4ff08d495cbef35c4e9e - - - -] 10.0.0.195 "DELETE /v2.0/networks/7d7259e3-7d27-4de5-971f-9d0fa796d211 HTTP/1.1" status: 204 len: 168 time: 1.1993387
2026-07-24 18:43:52.999 10 INFO neutron.pecan_wsgi.hooks.translation [None req-f04f79ea-d2da-4251-b003-1c506bcdec65 08cacf86fcb94082bbe5121c9ce699eb 22f482b97f2d4ff08d495cbef35c4e9e - - - -] DELETE failed (client error): The resource could not be found.
2026-07-24 18:43:53.003 10 INFO neutron.wsgi [None req-f04f79ea-d2da-4251-b003-1c506bcdec65 08cacf86fcb94082bbe5121c9ce699eb 22f482b97f2d4ff08d495cbef35c4e9e - - - -] 10.0.0.195 "DELETE /v2.0/subnets/d90947cd-1d06-4ee6-b24e-1d0733698255 HTTP/1.1" status: 404 len: 337 time: 0.0312490
2026-07-24 18:43:53.041 9 INFO neutron.pecan_wsgi.hooks.translation [None req-591b89af-eee8-483e-9360-b585f59e70af 08cacf86fcb94082bbe5121c9ce699eb 22f482b97f2d4ff08d495cbef35c4e9e - - - -] DELETE failed (client error): The resource could not be found.
2026-07-24 18:43:53.043 9 INFO neutron.wsgi [None req-591b89af-eee8-483e-9360-b585f59e70af 08cacf86fcb94082bbe5121c9ce699eb 22f482b97f2d4ff08d495cbef35c4e9e - - - -] 10.0.0.195 "DELETE /v2.0/subnets/baa830af-9162-4a77-a1ff-302cf7fb0b3b HTTP/1.1" status: 404 len: 337 time: 0.0353537
2026-07-24 18:43:53.076 10 INFO neutron.pecan_wsgi.hooks.translation [None req-bc24bc29-007f-4417-b1c0-3e35b2643ebf 08cacf86fcb94082bbe5121c9ce699eb 22f482b97f2d4ff08d495cbef35c4e9e - - - -] DELETE failed (client error): The resource could not be found.
2026-07-24 18:43:53.079 10 INFO neutron.wsgi [None req-bc24bc29-007f-4417-b1c0-3e35b2643ebf 08cacf86fcb94082bbe5121c9ce699eb 22f482b97f2d4ff08d495cbef35c4e9e - - - -] 10.0.0.195 "DELETE /v2.0/subnets/586ba166-be24-4d92-9fcd-658bd98e8b96 HTTP/1.1" status: 404 len: 337 time: 0.0296474
2026-07-24 18:43:53.098 9 INFO neutron.wsgi [None req-bf537509-8967-4d8f-a2be-e8ead09ac4c8 6a2f9e3019a6484882ede31b7ffce5fa b8cfec76d0dd4ca4bf50c775dfbfb8da - - - -] 10.0.0.195 "DELETE /v2.0/networks/5dcb6531-c60c-423b-9d34-bd4248c9bb61 HTTP/1.1" status: 204 len: 168 time: 0.5354421
2026-07-24 18:43:53.296 10 WARNING neutron.scheduler.dhcp_agent_scheduler [None req-47eebc64-ecae-4efe-b861-32de98b32eb1 22f752cdb9e44f98ae2b474ebe22205c 1ee789b1b81f4c54a2f6257f934bb94a - - - -] No more DHCP agents
2026-07-24 18:43:53.300 10 WARNING neutron.api.rpc.agentnotifiers.dhcp_rpc_agent_api [None req-47eebc64-ecae-4efe-b861-32de98b32eb1 22f752cdb9e44f98ae2b474ebe22205c 1ee789b1b81f4c54a2f6257f934bb94a - - - -] Unable to schedule network 9edd62f8-6081-4780-bbb7-f7b6619461a6: no agents available; will retry on subsequent port and subnet creation events.
2026-07-24 18:43:53.528 9 INFO neutron.wsgi [None req-4a7b585e-64d3-442c-9bc5-c00c14111f75 6a2f9e3019a6484882ede31b7ffce5fa b8cfec76d0dd4ca4bf50c775dfbfb8da - - - -] 10.0.0.195 "DELETE /v2.0/networks/043041d7-dc35-4776-b747-51153d045493 HTTP/1.1" status: 204 len: 168 time: 0.4162734
2026-07-24 18:43:53.632 10 INFO neutron.db.ovn_revision_numbers_db [None req-47eebc64-ecae-4efe-b861-32de98b32eb1 22f752cdb9e44f98ae2b474ebe22205c 1ee789b1b81f4c54a2f6257f934bb94a - - - -] Successfully bumped revision number for resource 7964a81e-0336-40ae-b0ce-0b97f6bc8373 (type: floatingips) to 0
2026-07-24 18:43:53.646 10 INFO neutron.wsgi [None req-47eebc64-ecae-4efe-b861-32de98b32eb1 22f752cdb9e44f98ae2b474ebe22205c 1ee789b1b81f4c54a2f6257f934bb94a - - - -] 10.0.0.195 "POST /v2.0/floatingips HTTP/1.1" status: 201 len: 751 time: 0.7031357
2026-07-24 18:43:53.942 10 WARNING neutron.scheduler.dhcp_agent_scheduler [None req-28cc4df6-5fd7-4536-80fc-3291f79c5566 22f752cdb9e44f98ae2b474ebe22205c 1ee789b1b81f4c54a2f6257f934bb94a - - - -] No more DHCP agents
2026-07-24 18:43:53.943 10 WARNING neutron.api.rpc.agentnotifiers.dhcp_rpc_agent_api [None req-28cc4df6-5fd7-4536-80fc-3291f79c5566 22f752cdb9e44f98ae2b474ebe22205c 1ee789b1b81f4c54a2f6257f934bb94a - - - -] Unable to schedule network 9edd62f8-6081-4780-bbb7-f7b6619461a6: no agents available; will retry on subsequent port and subnet creation events.
2026-07-24 18:43:54.139 9 INFO neutron.wsgi [None req-611bd535-1356-4d42-bfda-82ccc0137a26 af6cf6b7229b4c9eace48dd4220164e4 8498dd98b53f466e81ae586547e94771 - - default default] 10.0.0.195 "GET /v2.0/security-groups?tenant_id=22f482b97f2d4ff08d495cbef35c4e9e&name=default HTTP/1.1" status: 200 len: 2996 time: 0.2049766
2026-07-24 18:43:54.172 9 INFO neutron.wsgi [-] 10.0.0.75 "GET / HTTP/1.1" status: 200 len: 246 time: 0.0018463
2026-07-24 18:43:54.174 9 INFO neutron.wsgi [-] 10.0.0.75 "GET / HTTP/1.1" status: 200 len: 246 time: 0.0010414
2026-07-24 18:43:54.176 9 INFO neutron.wsgi [None req-57f0d808-5710-452a-8175-def3e1ebc284 af6cf6b7229b4c9eace48dd4220164e4 8498dd98b53f466e81ae586547e94771 - - default default] 10.0.0.195 "GET /v2.0/security-groups?tenant_id=b8cfec76d0dd4ca4bf50c775dfbfb8da&name=default HTTP/1.1" status: 200 len: 2996 time: 0.0930223
2026-07-24 18:43:54.256 10 INFO neutron.db.ovn_revision_numbers_db [None req-28cc4df6-5fd7-4536-80fc-3291f79c5566 22f752cdb9e44f98ae2b474ebe22205c 1ee789b1b81f4c54a2f6257f934bb94a - - - -] Successfully bumped revision number for resource a5352ce3-342e-4c26-bcfb-cfa60a99cefb (type: floatingips) to 0
2026-07-24 18:43:54.289 10 INFO neutron.wsgi [None req-28cc4df6-5fd7-4536-80fc-3291f79c5566 22f752cdb9e44f98ae2b474ebe22205c 1ee789b1b81f4c54a2f6257f934bb94a - - - -] 10.0.0.195 "POST /v2.0/floatingips HTTP/1.1" status: 201 len: 751 time: 0.6354516
2026-07-24 18:43:54.411 9 INFO neutron.wsgi [None req-9fd17a85-b2c5-46f8-ad75-900262b06be0 af6cf6b7229b4c9eace48dd4220164e4 8498dd98b53f466e81ae586547e94771 - - - -] 10.0.0.195 "DELETE /v2.0/security-groups/1d093fa3-78bb-4a52-8614-0674ac965c6f HTTP/1.1" status: 204 len: 168 time: 0.2308748
2026-07-24 18:43:54.430 10 INFO neutron.wsgi [None req-2f5fe2c2-e3e0-4c9f-a1ce-2be2fcedf684 af6cf6b7229b4c9eace48dd4220164e4 8498dd98b53f466e81ae586547e94771 - - - -] 10.0.0.195 "DELETE /v2.0/security-groups/eaba4aec-2777-4375-a53d-5ce9be143967 HTTP/1.1" status: 204 len: 168 time: 0.2845924
2026-07-24 18:43:54.435 9 INFO neutron.services.segments.plugin [-] Segment 8c4f6a5e-b44e-4ba1-98c7-7036e9a68bde resource provider aggregate not found
2026-07-24 18:43:54.450 9 INFO neutron.services.segments.plugin [-] Segment 8c4f6a5e-b44e-4ba1-98c7-7036e9a68bde resource provider not found; error: Placement Client Error (4xx): {"errors": [{"status": 404, "title": "Not Found", "detail": "The resource could not be found.\n\n No resource provider with uuid 8c4f6a5e-b44e-4ba1-98c7-7036e9a68bde found for delete ", "request_id": "req-8b3f7c8f-de93-4193-b407-7ee06760c4fb"}]}
2026-07-24 18:43:54.456 9 INFO neutron.services.segments.plugin [-] Segment 8c4f6a5e-b44e-4ba1-98c7-7036e9a68bde resource provider aggregate not found
2026-07-24 18:43:54.464 9 INFO neutron.services.segments.plugin [-] Segment cd8bb18a-d007-49f9-9529-603ccc73ece2 resource provider aggregate not found
2026-07-24 18:43:54.475 9 INFO neutron.services.segments.plugin [-] Segment 8c4f6a5e-b44e-4ba1-98c7-7036e9a68bde resource provider not found; error: Placement Client Error (4xx): {"errors": [{"status": 404, "title": "Not Found", "detail": "The resource could not be found.\n\n No resource provider with uuid 8c4f6a5e-b44e-4ba1-98c7-7036e9a68bde found for delete ", "request_id": "req-884861be-37f4-4770-a26a-c1446a2da49b"}]}
2026-07-24 18:43:54.480 9 INFO neutron.services.segments.plugin [-] Segment cd8bb18a-d007-49f9-9529-603ccc73ece2 resource provider not found; error: Placement Client Error (4xx): {"errors": [{"status": 404, "title": "Not Found", "detail": "The resource could not be found.\n\n No resource provider with uuid cd8bb18a-d007-49f9-9529-603ccc73ece2 found for delete ", "request_id": "req-eec700e4-fc27-408f-ad98-ed6237fc4082"}]}
2026-07-24 18:43:54.490 9 INFO neutron.services.segments.plugin [-] Segment cd8bb18a-d007-49f9-9529-603ccc73ece2 resource provider aggregate not found
2026-07-24 18:43:54.505 9 INFO neutron.services.segments.plugin [-] Segment cd8bb18a-d007-49f9-9529-603ccc73ece2 resource provider not found; error: Placement Client Error (4xx): {"errors": [{"status": 404, "title": "Not Found", "detail": "The resource could not be found.\n\n No resource provider with uuid cd8bb18a-d007-49f9-9529-603ccc73ece2 found for delete ", "request_id": "req-08a25b8f-ca40-4fd1-8f2d-8a84ad5f390f"}]}
2026-07-24 18:43:54.507 10 INFO neutron.services.segments.plugin [-] Segment ee0aa076-8a01-440e-9649-7e4da8e4acb1 resource provider aggregate not found
2026-07-24 18:43:54.515 10 INFO neutron.services.segments.plugin [-] Segment ee0aa076-8a01-440e-9649-7e4da8e4acb1 resource provider aggregate not found
2026-07-24 18:43:54.523 10 INFO neutron.services.segments.plugin [-] Segment ee0aa076-8a01-440e-9649-7e4da8e4acb1 resource provider not found; error: Placement Client Error (4xx): {"errors": [{"status": 404, "title": "Not Found", "detail": "The resource could not be found.\n\n No resource provider with uuid ee0aa076-8a01-440e-9649-7e4da8e4acb1 found for delete ", "request_id": "req-19a37820-15a2-46f8-a455-25bb6a1636f7"}]}
2026-07-24 18:43:54.535 10 INFO neutron.services.segments.plugin [-] Segment ee0aa076-8a01-440e-9649-7e4da8e4acb1 resource provider not found; error: Placement Client Error (4xx): {"errors": [{"status": 404, "title": "Not Found", "detail": "The resource could not be found.\n\n No resource provider with uuid ee0aa076-8a01-440e-9649-7e4da8e4acb1 found for delete ", "request_id": "req-2c33f6f1-bcf1-40c2-aec3-d837af22378e"}]}
2026-07-24 18:43:54.600 10 WARNING neutron.scheduler.dhcp_agent_scheduler [None req-1f47dd01-ee1d-4f2c-9063-9c0035163ec0 22f752cdb9e44f98ae2b474ebe22205c 1ee789b1b81f4c54a2f6257f934bb94a - - - -] No more DHCP agents
2026-07-24 18:43:54.601 10 WARNING neutron.api.rpc.agentnotifiers.dhcp_rpc_agent_api [None req-1f47dd01-ee1d-4f2c-9063-9c0035163ec0 22f752cdb9e44f98ae2b474ebe22205c 1ee789b1b81f4c54a2f6257f934bb94a - - - -] Unable to schedule network 9edd62f8-6081-4780-bbb7-f7b6619461a6: no agents available; will retry on subsequent port and subnet creation events.
2026-07-24 18:43:54.767 9 INFO neutron.db.ovn_revision_numbers_db [None req-7c9db488-a582-432c-b1b9-eaa82f1a5dab af6cf6b7229b4c9eace48dd4220164e4 8498dd98b53f466e81ae586547e94771 - - default default] Successfully bumped revision number for resource a7daf52e-28e4-4abe-b2d1-59ae21a40aee (type: security_groups) to 1
2026-07-24 18:43:54.789 9 INFO neutron.wsgi [None req-7c9db488-a582-432c-b1b9-eaa82f1a5dab af6cf6b7229b4c9eace48dd4220164e4 8498dd98b53f466e81ae586547e94771 - - default default] 10.0.0.195 "GET /v2.0/security-groups?tenant_id=69ac24144c294bcfbfa556e3defdf7fc&name=default HTTP/1.1" status: 200 len: 2996 time: 0.1456380
2026-07-24 18:43:54.969 10 INFO neutron.db.ovn_revision_numbers_db [None req-1f47dd01-ee1d-4f2c-9063-9c0035163ec0 22f752cdb9e44f98ae2b474ebe22205c 1ee789b1b81f4c54a2f6257f934bb94a - - - -] Successfully bumped revision number for resource bafe1443-1e8a-4ab6-9c59-f56998e45141 (type: floatingips) to 0
2026-07-24 18:43:54.985 10 INFO neutron.wsgi [None req-1f47dd01-ee1d-4f2c-9063-9c0035163ec0 22f752cdb9e44f98ae2b474ebe22205c 1ee789b1b81f4c54a2f6257f934bb94a - - - -] 10.0.0.195 "POST /v2.0/floatingips HTTP/1.1" status: 201 len: 751 time: 0.6919236
2026-07-24 18:43:54.995 9 INFO neutron.wsgi [None req-35dc35c4-f4d0-4413-a656-254877b0a9ec af6cf6b7229b4c9eace48dd4220164e4 8498dd98b53f466e81ae586547e94771 - - - -] 10.0.0.195 "DELETE /v2.0/security-groups/a7daf52e-28e4-4abe-b2d1-59ae21a40aee HTTP/1.1" status: 204 len: 168 time: 0.1982095
2026-07-24 18:43:55.252 9 INFO neutron.db.ovn_revision_numbers_db [None req-2015e83a-1d1a-4126-8131-6aa2a51490dd af6cf6b7229b4c9eace48dd4220164e4 8498dd98b53f466e81ae586547e94771 - - default default] Successfully bumped revision number for resource 8a5e609e-27e3-4292-b896-8f55acf30e49 (type: security_groups) to 1
2026-07-24 18:43:55.269 10 WARNING neutron.scheduler.dhcp_agent_scheduler [None req-ecf1b630-813c-4f42-830b-d9fca30a126e 22f752cdb9e44f98ae2b474ebe22205c 1ee789b1b81f4c54a2f6257f934bb94a - - - -] No more DHCP agents
2026-07-24 18:43:55.273 10 WARNING neutron.api.rpc.agentnotifiers.dhcp_rpc_agent_api [None req-ecf1b630-813c-4f42-830b-d9fca30a126e 22f752cdb9e44f98ae2b474ebe22205c 1ee789b1b81f4c54a2f6257f934bb94a - - - -] Unable to schedule network 9edd62f8-6081-4780-bbb7-f7b6619461a6: no agents available; will retry on subsequent port and subnet creation events.
2026-07-24 18:43:55.277 9 INFO neutron.wsgi [None req-2015e83a-1d1a-4126-8131-6aa2a51490dd af6cf6b7229b4c9eace48dd4220164e4 8498dd98b53f466e81ae586547e94771 - - default default] 10.0.0.195 "GET /v2.0/security-groups?tenant_id=84e280d13c554f2e89e7077582c5dbd4&name=default HTTP/1.1" status: 200 len: 2996 time: 0.1352506
2026-07-24 18:43:55.519 9 INFO neutron.wsgi [None req-a2e158de-6062-4b78-851f-8b93a165173a af6cf6b7229b4c9eace48dd4220164e4 8498dd98b53f466e81ae586547e94771 - - - -] 10.0.0.195 "DELETE /v2.0/security-groups/8a5e609e-27e3-4292-b896-8f55acf30e49 HTTP/1.1" status: 204 len: 168 time: 0.2371724
2026-07-24 18:43:55.709 10 INFO neutron.db.ovn_revision_numbers_db [None req-ecf1b630-813c-4f42-830b-d9fca30a126e 22f752cdb9e44f98ae2b474ebe22205c 1ee789b1b81f4c54a2f6257f934bb94a - - - -] Successfully bumped revision number for resource 7608a7e3-ed1c-4921-a036-05722140a4af (type: floatingips) to 0
2026-07-24 18:43:55.734 10 INFO neutron.wsgi [None req-ecf1b630-813c-4f42-830b-d9fca30a126e 22f752cdb9e44f98ae2b474ebe22205c 1ee789b1b81f4c54a2f6257f934bb94a - - - -] 10.0.0.195 "POST /v2.0/floatingips HTTP/1.1" status: 201 len: 751 time: 0.7429338
2026-07-24 18:43:56.238 10 INFO neutron.wsgi [None req-011d9aad-a035-486d-8452-e4955321c1a7 22f752cdb9e44f98ae2b474ebe22205c 1ee789b1b81f4c54a2f6257f934bb94a - - - -] 10.0.0.195 "PUT /v2.0/floatingips/0d176948-7759-44e1-b6f6-43a630cdb4c2/tags HTTP/1.1" status: 200 len: 210 time: 0.4985855
2026-07-24 18:43:56.286 10 INFO neutron.wsgi [None req-a63a4e34-0e34-4187-b377-9e871640f460 22f752cdb9e44f98ae2b474ebe22205c 1ee789b1b81f4c54a2f6257f934bb94a - - - -] 10.0.0.195 "PUT /v2.0/floatingips/7964a81e-0336-40ae-b0ce-0b97f6bc8373/tags HTTP/1.1" status: 200 len: 218 time: 0.0428834
2026-07-24 18:43:56.344 10 INFO neutron.wsgi [None req-60cf250b-28b1-4e51-8cd8-e77339f8775b 22f752cdb9e44f98ae2b474ebe22205c 1ee789b1b81f4c54a2f6257f934bb94a - - - -] 10.0.0.195 "PUT /v2.0/floatingips/a5352ce3-342e-4c26-bcfb-cfa60a99cefb/tags HTTP/1.1" status: 200 len: 227 time: 0.0534697
2026-07-24 18:43:56.398 10 INFO neutron.wsgi [None req-05579983-e0a1-4b48-b257-4f51b59c0815 22f752cdb9e44f98ae2b474ebe22205c 1ee789b1b81f4c54a2f6257f934bb94a - - - -] 10.0.0.195 "PUT /v2.0/floatingips/bafe1443-1e8a-4ab6-9c59-f56998e45141/tags HTTP/1.1" status: 200 len: 212 time: 0.0506232
2026-07-24 18:43:56.459 9 INFO neutron.wsgi [None req-4493e2f1-2029-411e-bff0-cfda02c3cf6f 22f752cdb9e44f98ae2b474ebe22205c 1ee789b1b81f4c54a2f6257f934bb94a - - default default] 10.0.0.195 "GET /v2.0/floatingips?tags=red HTTP/1.1" status: 200 len: 1866 time: 0.0543873
2026-07-24 18:43:56.569 10 INFO neutron.wsgi [None req-3907c2e3-6b3c-4f56-bb1c-3a4ef9bbc743 22f752cdb9e44f98ae2b474ebe22205c 1ee789b1b81f4c54a2f6257f934bb94a - - default default] 10.0.0.195 "GET /v2.0/floatingips?tags=red%2Cblue HTTP/1.1" status: 200 len: 1323 time: 0.1064188
2026-07-24 18:43:56.631 9 INFO neutron.wsgi [None req-b3363ad6-2033-46b4-8eba-c092be32c824 22f752cdb9e44f98ae2b474ebe22205c 1ee789b1b81f4c54a2f6257f934bb94a - - default default] 10.0.0.195 "GET /v2.0/floatingips?tags-any=blue HTTP/1.1" status: 200 len: 1323 time: 0.0556538
2026-07-24 18:43:56.719 10 INFO neutron.wsgi [None req-9f26a12f-307c-4fc5-b00e-2eae46ac23bb 22f752cdb9e44f98ae2b474ebe22205c 1ee789b1b81f4c54a2f6257f934bb94a - - default default] 10.0.0.195 "GET /v2.0/floatingips?tags-any=red%2Cblue HTTP/1.1" status: 200 len: 1866 time: 0.0834107
2026-07-24 18:43:56.754 10 INFO neutron.db.ovn_revision_numbers_db [None req-86d8162a-2e87-4f28-a32a-563abf28fc39 a930c76f353148a88c434189a079643c afd060155c724d4c8a6ef3d96ed144e1 - - - -] Successfully bumped revision number for resource fb285620-7c3f-42f3-a4ba-b99eee5bd29f (type: security_groups) to 1
2026-07-24 18:43:56.759 10 INFO neutron.db.ovn_revision_numbers_db [None req-98b92a6c-519b-4e74-8f7c-344128b01c79 486dd5324a9e47e0b5c5cf0c1731ad8b fc90b9ca3c7e4df99768edca006f232f - - - -] Successfully bumped revision number for resource 304c7bf6-b158-4b39-b12d-a457fa2ebb46 (type: security_groups) to 1
2026-07-24 18:43:56.792 9 INFO neutron.wsgi [None req-b4cf4399-6930-4c71-84c4-b227cf35c968 22f752cdb9e44f98ae2b474ebe22205c 1ee789b1b81f4c54a2f6257f934bb94a - - default default] 10.0.0.195 "GET /v2.0/floatingips?not-tags=red HTTP/1.1" status: 200 len: 1295 time: 0.0637045
2026-07-24 18:43:56.812 10 INFO neutron.db.segments_db [None req-86d8162a-2e87-4f28-a32a-563abf28fc39 a930c76f353148a88c434189a079643c afd060155c724d4c8a6ef3d96ed144e1 - - - -] Added segment 144482a7-227c-4146-83f7-d29f371e263f of type geneve for network d647fb08-cf36-476d-9491-2435143223df
2026-07-24 18:43:56.824 10 INFO neutron.db.segments_db [None req-98b92a6c-519b-4e74-8f7c-344128b01c79 486dd5324a9e47e0b5c5cf0c1731ad8b fc90b9ca3c7e4df99768edca006f232f - - - -] Added segment 8f494e8c-821d-4e9c-b944-51faa7e89df0 of type geneve for network 4560a930-365e-48af-b920-f713cef9ae90
2026-07-24 18:43:56.848 9 INFO neutron.wsgi [None req-a662f2cf-4706-4583-b1ad-58b05614a4d8 22f752cdb9e44f98ae2b474ebe22205c 1ee789b1b81f4c54a2f6257f934bb94a - - default default] 10.0.0.195 "GET /v2.0/floatingips?not-tags=red%2Cblue HTTP/1.1" status: 200 len: 1838 time: 0.0490651
2026-07-24 18:43:56.908 9 INFO neutron.wsgi [None req-4173349d-0809-4450-a5fc-cd6f787183d1 22f752cdb9e44f98ae2b474ebe22205c 1ee789b1b81f4c54a2f6257f934bb94a - - default default] 10.0.0.195 "GET /v2.0/floatingips?not-tags-any=blue HTTP/1.1" status: 200 len: 1838 time: 0.0540583
2026-07-24 18:43:56.953 9 INFO neutron.wsgi [None req-92eb8ff0-f885-4ea0-90b8-1ab05f25c8ae 22f752cdb9e44f98ae2b474ebe22205c 1ee789b1b81f4c54a2f6257f934bb94a - - default default] 10.0.0.195 "GET /v2.0/floatingips?not-tags-any=red%2Cblue HTTP/1.1" status: 200 len: 1295 time: 0.0392668
2026-07-24 18:43:57.011 10 INFO neutron.db.ovn_revision_numbers_db [None req-86d8162a-2e87-4f28-a32a-563abf28fc39 a930c76f353148a88c434189a079643c afd060155c724d4c8a6ef3d96ed144e1 - - - -] Successfully bumped revision number for resource d647fb08-cf36-476d-9491-2435143223df (type: networks) to 1
2026-07-24 18:43:57.014 10 INFO neutron.db.ovn_revision_numbers_db [None req-98b92a6c-519b-4e74-8f7c-344128b01c79 486dd5324a9e47e0b5c5cf0c1731ad8b fc90b9ca3c7e4df99768edca006f232f - - - -] Successfully bumped revision number for resource 4560a930-365e-48af-b920-f713cef9ae90 (type: networks) to 1
2026-07-24 18:43:57.276 10 WARNING neutron.scheduler.dhcp_agent_scheduler [None req-98b92a6c-519b-4e74-8f7c-344128b01c79 486dd5324a9e47e0b5c5cf0c1731ad8b fc90b9ca3c7e4df99768edca006f232f - - - -] No more DHCP agents
2026-07-24 18:43:57.279 10 WARNING neutron.api.rpc.agentnotifiers.dhcp_rpc_agent_api [None req-98b92a6c-519b-4e74-8f7c-344128b01c79 486dd5324a9e47e0b5c5cf0c1731ad8b fc90b9ca3c7e4df99768edca006f232f - - - -] Unable to schedule network 4560a930-365e-48af-b920-f713cef9ae90: no agents available; will retry on subsequent port and subnet creation events.
2026-07-24 18:43:57.298 9 INFO neutron.wsgi [None req-01e96a80-99a8-46ea-b473-130b1835eb26 22f752cdb9e44f98ae2b474ebe22205c 1ee789b1b81f4c54a2f6257f934bb94a - - - -] 10.0.0.195 "DELETE /v2.0/floatingips/0d176948-7759-44e1-b6f6-43a630cdb4c2 HTTP/1.1" status: 204 len: 168 time: 0.3376579
2026-07-24 18:43:57.303 10 WARNING neutron.scheduler.dhcp_agent_scheduler [None req-86d8162a-2e87-4f28-a32a-563abf28fc39 a930c76f353148a88c434189a079643c afd060155c724d4c8a6ef3d96ed144e1 - - - -] No more DHCP agents
2026-07-24 18:43:57.307 10 WARNING neutron.api.rpc.agentnotifiers.dhcp_rpc_agent_api [None req-86d8162a-2e87-4f28-a32a-563abf28fc39 a930c76f353148a88c434189a079643c afd060155c724d4c8a6ef3d96ed144e1 - - - -] Unable to schedule network d647fb08-cf36-476d-9491-2435143223df: no agents available; will retry on subsequent port and subnet creation events.
2026-07-24 18:43:57.406 10 INFO neutron.db.ovn_revision_numbers_db [None req-98b92a6c-519b-4e74-8f7c-344128b01c79 486dd5324a9e47e0b5c5cf0c1731ad8b fc90b9ca3c7e4df99768edca006f232f - - - -] Successfully bumped revision number for resource 0288dbd8-c293-4e0b-95e2-571ff385498c (type: ports) to 1
2026-07-24 18:43:57.415 10 INFO neutron.db.ovn_revision_numbers_db [None req-86d8162a-2e87-4f28-a32a-563abf28fc39 a930c76f353148a88c434189a079643c afd060155c724d4c8a6ef3d96ed144e1 - - - -] Successfully bumped revision number for resource c1ef5e64-f9a6-474a-8e0d-ba948a09b0c7 (type: ports) to 1
2026-07-24 18:43:57.439 10 INFO neutron.wsgi [None req-98b92a6c-519b-4e74-8f7c-344128b01c79 486dd5324a9e47e0b5c5cf0c1731ad8b fc90b9ca3c7e4df99768edca006f232f - - - -] 10.0.0.195 "POST /v2.0/networks HTTP/1.1" status: 201 len: 847 time: 1.0269728
2026-07-24 18:43:57.446 10 INFO neutron.wsgi [None req-86d8162a-2e87-4f28-a32a-563abf28fc39 a930c76f353148a88c434189a079643c afd060155c724d4c8a6ef3d96ed144e1 - - - -] 10.0.0.195 "POST /v2.0/networks HTTP/1.1" status: 201 len: 831 time: 1.0219598
2026-07-24 18:43:57.511 10 INFO neutron.wsgi [None req-d0e61afd-cbf7-47ae-baab-b6ad303574ab a930c76f353148a88c434189a079643c afd060155c724d4c8a6ef3d96ed144e1 - - - -] 10.0.0.195 "PUT /v2.0/networks/d647fb08-cf36-476d-9491-2435143223df/tags HTTP/1.1" status: 200 len: 218 time: 0.0576313
2026-07-24 18:43:57.562 10 INFO neutron.wsgi [None req-9916d659-02a5-4049-aa13-77073d7e5c71 a930c76f353148a88c434189a079643c afd060155c724d4c8a6ef3d96ed144e1 - - default default] 10.0.0.195 "GET /v2.0/networks/d647fb08-cf36-476d-9491-2435143223df/tags HTTP/1.1" status: 200 len: 218 time: 0.0454915
2026-07-24 18:43:57.639 10 INFO neutron.wsgi [None req-95718e50-abf1-4134-83d6-3d2c0399c263 a930c76f353148a88c434189a079643c afd060155c724d4c8a6ef3d96ed144e1 - - - -] 10.0.0.195 "PUT /v2.0/networks/d647fb08-cf36-476d-9491-2435143223df/tags/green HTTP/1.1" status: 201 len: 201 time: 0.0710444
2026-07-24 18:43:57.709 10 INFO neutron.wsgi [None req-ce8a177b-088f-4ea9-bfd3-76bd641a79e2 a930c76f353148a88c434189a079643c afd060155c724d4c8a6ef3d96ed144e1 - - default default] 10.0.0.195 "GET /v2.0/networks/d647fb08-cf36-476d-9491-2435143223df/tags HTTP/1.1" status: 200 len: 227 time: 0.0607100
2026-07-24 18:43:57.774 10 INFO neutron.wsgi [None req-94e1899f-7ecc-4eb6-af48-1cebe85416e0 a930c76f353148a88c434189a079643c afd060155c724d4c8a6ef3d96ed144e1 - - - -] 10.0.0.195 "PUT /v2.0/networks/d647fb08-cf36-476d-9491-2435143223df/tags/red HTTP/1.1" status: 201 len: 201 time: 0.0587204
2026-07-24 18:43:57.822 10 INFO neutron.wsgi [None req-4f980761-ece4-42bc-a736-cd8b64f0ce89 a930c76f353148a88c434189a079643c afd060155c724d4c8a6ef3d96ed144e1 - - default default] 10.0.0.195 "GET /v2.0/networks/d647fb08-cf36-476d-9491-2435143223df/tags HTTP/1.1" status: 200 len: 227 time: 0.0438454
2026-07-24 18:43:57.888 10 INFO neutron.wsgi [None req-42e1cb7f-4c64-4377-9c21-090d685f60f6 a930c76f353148a88c434189a079643c afd060155c724d4c8a6ef3d96ed144e1 - - - -] 10.0.0.195 "PUT /v2.0/networks/d647fb08-cf36-476d-9491-2435143223df/tags/black.or.white HTTP/1.1" status: 201 len: 201 time: 0.0608065
2026-07-24 18:43:57.936 10 INFO neutron.wsgi [None req-51c6a7b6-9f68-47ec-96bf-77c01fc816e0 a930c76f353148a88c434189a079643c afd060155c724d4c8a6ef3d96ed144e1 - - default default] 10.0.0.195 "GET /v2.0/networks/d647fb08-cf36-476d-9491-2435143223df/tags HTTP/1.1" status: 200 len: 245 time: 0.0426369
2026-07-24 18:43:58.002 10 INFO neutron.wsgi [None req-2d2990e7-eb11-4df4-af14-75bae50a1b47 a930c76f353148a88c434189a079643c afd060155c724d4c8a6ef3d96ed144e1 - - - -] 10.0.0.195 "PUT /v2.0/networks/d647fb08-cf36-476d-9491-2435143223df/tags HTTP/1.1" status: 200 len: 230 time: 0.0599711
2026-07-24 18:43:58.048 10 INFO neutron.wsgi [None req-34ad3f04-9794-42e2-9a24-da8ed62ac1b1 a930c76f353148a88c434189a079643c afd060155c724d4c8a6ef3d96ed144e1 - - default default] 10.0.0.195 "GET /v2.0/networks/d647fb08-cf36-476d-9491-2435143223df/tags HTTP/1.1" status: 200 len: 230 time: 0.0402894
2026-07-24 18:43:58.102 10 INFO neutron.wsgi [None req-e18056ca-7c35-4747-914d-1cd812b767e5 a930c76f353148a88c434189a079643c afd060155c724d4c8a6ef3d96ed144e1 - - default default] 10.0.0.195 "GET /v2.0/networks/d647fb08-cf36-476d-9491-2435143223df/tags/red HTTP/1.1" status: 204 len: 168 time: 0.0497727
2026-07-24 18:43:58.118 9 WARNING neutron.scheduler.dhcp_agent_scheduler [None req-b48f0eb5-51ee-4df0-8dbe-07bc43d13921 486dd5324a9e47e0b5c5cf0c1731ad8b fc90b9ca3c7e4df99768edca006f232f - - - -] No more DHCP agents
2026-07-24 18:43:58.121 9 WARNING neutron.api.rpc.agentnotifiers.dhcp_rpc_agent_api [None req-b48f0eb5-51ee-4df0-8dbe-07bc43d13921 486dd5324a9e47e0b5c5cf0c1731ad8b fc90b9ca3c7e4df99768edca006f232f - - - -] Unable to schedule network 4560a930-365e-48af-b920-f713cef9ae90: no agents available; will retry on subsequent port and subnet creation events.
2026-07-24 18:43:58.152 10 INFO neutron.api.v2.resource [None req-c475d5df-65a8-4487-80da-690327ce559b a930c76f353148a88c434189a079643c afd060155c724d4c8a6ef3d96ed144e1 - - default default] show failed (client error): The resource could not be found.
2026-07-24 18:43:58.154 10 INFO neutron.wsgi [None req-c475d5df-65a8-4487-80da-690327ce559b a930c76f353148a88c434189a079643c afd060155c724d4c8a6ef3d96ed144e1 - - default default] 10.0.0.195 "GET /v2.0/networks/d647fb08-cf36-476d-9491-2435143223df/tags/green HTTP/1.1" status: 404 len: 299 time: 0.0457208
2026-07-24 18:43:58.154 9 INFO neutron.wsgi [None req-c26a6c30-5a29-49c0-8220-53671cc41234 22f752cdb9e44f98ae2b474ebe22205c 1ee789b1b81f4c54a2f6257f934bb94a - - - -] 10.0.0.195 "DELETE /v2.0/floatingips/7964a81e-0336-40ae-b0ce-0b97f6bc8373 HTTP/1.1" status: 204 len: 168 time: 0.8485954
2026-07-24 18:43:58.216 9 INFO neutron.db.ovn_revision_numbers_db [None req-b48f0eb5-51ee-4df0-8dbe-07bc43d13921 486dd5324a9e47e0b5c5cf0c1731ad8b fc90b9ca3c7e4df99768edca006f232f - - - -] Successfully bumped revision number for resource 0781191d-f825-49ad-852c-649fa897b333 (type: ports) to 1
2026-07-24 18:43:58.247 9 INFO neutron.wsgi [None req-b48f0eb5-51ee-4df0-8dbe-07bc43d13921 486dd5324a9e47e0b5c5cf0c1731ad8b fc90b9ca3c7e4df99768edca006f232f - - - -] 10.0.0.195 "POST /v2.0/ports HTTP/1.1" status: 201 len: 978 time: 0.8023233
2026-07-24 18:43:58.301 10 INFO neutron.wsgi [None req-b53692b0-4425-4749-b9c7-5d315a7f1863 a930c76f353148a88c434189a079643c afd060155c724d4c8a6ef3d96ed144e1 - - - -] 10.0.0.195 "DELETE /v2.0/networks/d647fb08-cf36-476d-9491-2435143223df/tags/red HTTP/1.1" status: 204 len: 168 time: 0.1402423 /var/lib/openstack/lib/python3.10/site-packages/pycadf/identifier.py:71: UserWarning: Invalid uuid: neutron. To ensure interoperability, identifiers should be a valid uuid. warnings.warn(('Invalid uuid: %s. To ensure interoperability, '
2026-07-24 18:43:58.345 9 INFO neutron.wsgi [None req-4e4ff44c-eb17-4bb8-99d9-56ee75c7d718 a930c76f353148a88c434189a079643c afd060155c724d4c8a6ef3d96ed144e1 - - default default] 10.0.0.195 "GET /v2.0/networks/d647fb08-cf36-476d-9491-2435143223df/tags HTTP/1.1" status: 200 len: 223 time: 0.0396070
2026-07-24 18:43:58.393 10 INFO neutron.db.segments_db [None req-4b7c0418-9d1c-4ea7-8515-fae201a9fd50 486dd5324a9e47e0b5c5cf0c1731ad8b fc90b9ca3c7e4df99768edca006f232f - - - -] Added segment b8c925cf-8a9c-4e78-92ae-fe07e20b56fe of type geneve for network e58c1863-2c1f-4de1-8245-81973982fcc3
2026-07-24 18:43:58.409 9 INFO neutron.api.v2.resource [None req-214a6289-a7db-468f-9916-e9d963337851 a930c76f353148a88c434189a079643c afd060155c724d4c8a6ef3d96ed144e1 - - - -] delete failed (client error): The resource could not be found.
2026-07-24 18:43:58.410 9 INFO neutron.wsgi [None req-214a6289-a7db-468f-9916-e9d963337851 a930c76f353148a88c434189a079643c afd060155c724d4c8a6ef3d96ed144e1 - - - -] 10.0.0.195 "DELETE /v2.0/networks/d647fb08-cf36-476d-9491-2435143223df/tags/green HTTP/1.1" status: 404 len: 299 time: 0.0575266
2026-07-24 18:43:58.492 9 INFO neutron.wsgi [None req-ccdd575d-a16b-47cb-ada2-cb75780a2532 a930c76f353148a88c434189a079643c afd060155c724d4c8a6ef3d96ed144e1 - - - -] 10.0.0.195 "DELETE /v2.0/networks/d647fb08-cf36-476d-9491-2435143223df/tags HTTP/1.1" status: 204 len: 168 time: 0.0703552
2026-07-24 18:43:58.537 9 INFO neutron.wsgi [None req-647dc15d-d4b2-4ea6-b051-d83f6419ad26 a930c76f353148a88c434189a079643c afd060155c724d4c8a6ef3d96ed144e1 - - default default] 10.0.0.195 "GET /v2.0/networks/d647fb08-cf36-476d-9491-2435143223df/tags HTTP/1.1" status: 200 len: 205 time: 0.0402915
2026-07-24 18:43:58.594 10 INFO neutron.db.ovn_revision_numbers_db [None req-4b7c0418-9d1c-4ea7-8515-fae201a9fd50 486dd5324a9e47e0b5c5cf0c1731ad8b fc90b9ca3c7e4df99768edca006f232f - - - -] Successfully bumped revision number for resource e58c1863-2c1f-4de1-8245-81973982fcc3 (type: networks) to 1
2026-07-24 18:43:58.820 10 INFO neutron.wsgi [None req-a71a9dee-9563-4575-8fba-11e3ffb971b4 22f752cdb9e44f98ae2b474ebe22205c 1ee789b1b81f4c54a2f6257f934bb94a - - - -] 10.0.0.195 "DELETE /v2.0/floatingips/a5352ce3-342e-4c26-bcfb-cfa60a99cefb HTTP/1.1" status: 204 len: 168 time: 0.6573079
2026-07-24 18:43:58.868 10 WARNING neutron.scheduler.dhcp_agent_scheduler [None req-4b7c0418-9d1c-4ea7-8515-fae201a9fd50 486dd5324a9e47e0b5c5cf0c1731ad8b fc90b9ca3c7e4df99768edca006f232f - - - -] No more DHCP agents
2026-07-24 18:43:58.874 10 WARNING neutron.api.rpc.agentnotifiers.dhcp_rpc_agent_api [None req-4b7c0418-9d1c-4ea7-8515-fae201a9fd50 486dd5324a9e47e0b5c5cf0c1731ad8b fc90b9ca3c7e4df99768edca006f232f - - - -] Unable to schedule network e58c1863-2c1f-4de1-8245-81973982fcc3: no agents available; will retry on subsequent port and subnet creation events.
2026-07-24 18:43:58.977 9 INFO neutron.services.segments.plugin [-] Segment 144482a7-227c-4146-83f7-d29f371e263f resource provider aggregate not found
2026-07-24 18:43:58.983 10 INFO neutron.db.ovn_revision_numbers_db [None req-4b7c0418-9d1c-4ea7-8515-fae201a9fd50 486dd5324a9e47e0b5c5cf0c1731ad8b fc90b9ca3c7e4df99768edca006f232f - - - -] Successfully bumped revision number for resource fbf6e333-74f4-4c88-8577-6fc36abc2052 (type: ports) to 1
2026-07-24 18:43:58.986 9 INFO neutron.services.segments.plugin [-] Segment 144482a7-227c-4146-83f7-d29f371e263f resource provider aggregate not found
2026-07-24 18:43:59.003 9 INFO neutron.services.segments.plugin [-] Segment 144482a7-227c-4146-83f7-d29f371e263f resource provider not found; error: Placement Client Error (4xx): {"errors": [{"status": 404, "title": "Not Found", "detail": "The resource could not be found.\n\n No resource provider with uuid 144482a7-227c-4146-83f7-d29f371e263f found for delete ", "request_id": "req-e2f4920e-4d17-4ae1-8807-762b5a259612"}]}
2026-07-24 18:43:59.019 9 INFO neutron.services.segments.plugin [-] Segment 144482a7-227c-4146-83f7-d29f371e263f resource provider not found; error: Placement Client Error (4xx): {"errors": [{"status": 404, "title": "Not Found", "detail": "The resource could not be found.\n\n No resource provider with uuid 144482a7-227c-4146-83f7-d29f371e263f found for delete ", "request_id": "req-677f68d1-9455-4b4f-9795-17af6791df79"}]}
2026-07-24 18:43:59.036 9 INFO neutron.wsgi [None req-735ae94a-276d-4338-8598-02aa31a64d08 a930c76f353148a88c434189a079643c afd060155c724d4c8a6ef3d96ed144e1 - - - -] 10.0.0.195 "DELETE /v2.0/networks/d647fb08-cf36-476d-9491-2435143223df HTTP/1.1" status: 204 len: 168 time: 0.4776382
2026-07-24 18:43:59.043 10 INFO neutron.wsgi [None req-4b7c0418-9d1c-4ea7-8515-fae201a9fd50 486dd5324a9e47e0b5c5cf0c1731ad8b fc90b9ca3c7e4df99768edca006f232f - - - -] 10.0.0.195 "POST /v2.0/networks HTTP/1.1" status: 201 len: 835 time: 0.7731581
2026-07-24 18:43:59.261 10 INFO neutron.wsgi [None req-9bb88b36-c32e-454f-8d71-9a45722bcb0c 22f752cdb9e44f98ae2b474ebe22205c 1ee789b1b81f4c54a2f6257f934bb94a - - - -] 10.0.0.195 "DELETE /v2.0/floatingips/bafe1443-1e8a-4ab6-9c59-f56998e45141 HTTP/1.1" status: 204 len: 168 time: 0.4292493
2026-07-24 18:43:59.352 9 WARNING neutron.scheduler.dhcp_agent_scheduler [None req-ee4c2066-94da-4249-9a65-d1ab64a691b9 486dd5324a9e47e0b5c5cf0c1731ad8b fc90b9ca3c7e4df99768edca006f232f - - - -] No more DHCP agents
2026-07-24 18:43:59.353 9 WARNING neutron.api.rpc.agentnotifiers.dhcp_rpc_agent_api [None req-ee4c2066-94da-4249-9a65-d1ab64a691b9 486dd5324a9e47e0b5c5cf0c1731ad8b fc90b9ca3c7e4df99768edca006f232f - - - -] Unable to schedule network e58c1863-2c1f-4de1-8245-81973982fcc3: no agents available; will retry on subsequent port and subnet creation events.
2026-07-24 18:43:59.370 9 INFO neutron.db.ovn_revision_numbers_db [None req-ee4c2066-94da-4249-9a65-d1ab64a691b9 486dd5324a9e47e0b5c5cf0c1731ad8b fc90b9ca3c7e4df99768edca006f232f - - - -] Successfully bumped revision number for resource cee75340-c334-4200-8589-09d0d27924fb (type: subnets) to 0
2026-07-24 18:43:59.390 9 INFO neutron.wsgi [None req-ee4c2066-94da-4249-9a65-d1ab64a691b9 486dd5324a9e47e0b5c5cf0c1731ad8b fc90b9ca3c7e4df99768edca006f232f - - - -] 10.0.0.195 "POST /v2.0/subnets HTTP/1.1" status: 201 len: 821 time: 0.3395479
2026-07-24 18:43:59.696 10 INFO neutron.wsgi [None req-84330865-4cfa-480c-b771-1789cb28f25c 22f752cdb9e44f98ae2b474ebe22205c 1ee789b1b81f4c54a2f6257f934bb94a - - - -] 10.0.0.195 "DELETE /v2.0/floatingips/7608a7e3-ed1c-4921-a036-05722140a4af HTTP/1.1" status: 204 len: 168 time: 0.4291635
2026-07-24 18:43:59.853 9 WARNING neutron.scheduler.dhcp_agent_scheduler [None req-8973f3e3-1357-4621-986f-39565e3ab415 486dd5324a9e47e0b5c5cf0c1731ad8b fc90b9ca3c7e4df99768edca006f232f - - - -] No more DHCP agents
2026-07-24 18:43:59.855 9 WARNING neutron.api.rpc.agentnotifiers.dhcp_rpc_agent_api [None req-8973f3e3-1357-4621-986f-39565e3ab415 486dd5324a9e47e0b5c5cf0c1731ad8b fc90b9ca3c7e4df99768edca006f232f - - - -] Unable to schedule network e58c1863-2c1f-4de1-8245-81973982fcc3: no agents available; will retry on subsequent port and subnet creation events.
2026-07-24 18:43:59.964 9 INFO neutron.db.ovn_revision_numbers_db [None req-8973f3e3-1357-4621-986f-39565e3ab415 486dd5324a9e47e0b5c5cf0c1731ad8b fc90b9ca3c7e4df99768edca006f232f - - - -] Successfully bumped revision number for resource c91fd7a8-3a3e-456c-8d95-d497e03eec16 (type: ports) to 1 /var/lib/openstack/lib/python3.10/site-packages/pycadf/identifier.py:71: UserWarning: Invalid uuid: neutron. To ensure interoperability, identifiers should be a valid uuid. warnings.warn(('Invalid uuid: %s. To ensure interoperability, '
2026-07-24 18:43:59.997 9 INFO neutron.wsgi [None req-8973f3e3-1357-4621-986f-39565e3ab415 486dd5324a9e47e0b5c5cf0c1731ad8b fc90b9ca3c7e4df99768edca006f232f - - - -] 10.0.0.195 "POST /v2.0/ports HTTP/1.1" status: 201 len: 1164 time: 0.5993257
2026-07-24 18:44:00.104 9 INFO neutron.db.ovn_revision_numbers_db [None req-d146f7e3-e340-463d-887e-d146e7f7b6a6 af6cf6b7229b4c9eace48dd4220164e4 8498dd98b53f466e81ae586547e94771 - - default default] Successfully bumped revision number for resource 162b369e-cf6f-4206-978a-d413e6c1c2d9 (type: security_groups) to 1
2026-07-24 18:44:00.133 9 INFO neutron.wsgi [None req-d146f7e3-e340-463d-887e-d146e7f7b6a6 af6cf6b7229b4c9eace48dd4220164e4 8498dd98b53f466e81ae586547e94771 - - default default] 10.0.0.195 "GET /v2.0/security-groups?tenant_id=0ba730f49d9848d58bc8350ee3ba6fa1&name=default HTTP/1.1" status: 200 len: 2996 time: 0.3112946
2026-07-24 18:44:00.234 9 INFO neutron.db.ovn_revision_numbers_db [None req-56540fd1-878b-4d70-8dc0-3ccc530c301c a350ba6e1ca342afa22e71d79003f762 bf764b5e16ab47289eef062ebdcda2e4 - - - -] Successfully bumped revision number for resource 3f007a9c-a7e4-48e6-9b1e-a1ed53a5272f (type: security_groups) to 1
2026-07-24 18:44:00.294 9 INFO neutron.db.segments_db [None req-56540fd1-878b-4d70-8dc0-3ccc530c301c a350ba6e1ca342afa22e71d79003f762 bf764b5e16ab47289eef062ebdcda2e4 - - - -] Added segment 856d24bb-c789-4df9-a12f-9a16af53076c of type geneve for network 2267559a-934f-45db-9b76-3823949c4c55
2026-07-24 18:44:00.342 10 INFO neutron.wsgi [None req-3e72e6c8-30fc-49fc-b4c5-c45fece56112 486dd5324a9e47e0b5c5cf0c1731ad8b fc90b9ca3c7e4df99768edca006f232f - - - -] 10.0.0.195 "DELETE /v2.0/ports/c91fd7a8-3a3e-456c-8d95-d497e03eec16 HTTP/1.1" status: 204 len: 168 time: 0.3369789
2026-07-24 18:44:00.377 9 INFO neutron.wsgi [None req-257cb5a2-4b56-4273-8a78-b861e7eb18d1 af6cf6b7229b4c9eace48dd4220164e4 8498dd98b53f466e81ae586547e94771 - - - -] 10.0.0.195 "DELETE /v2.0/security-groups/162b369e-cf6f-4206-978a-d413e6c1c2d9 HTTP/1.1" status: 204 len: 168 time: 0.2357991
2026-07-24 18:44:00.419 9 INFO neutron.db.ovn_revision_numbers_db [None req-56540fd1-878b-4d70-8dc0-3ccc530c301c a350ba6e1ca342afa22e71d79003f762 bf764b5e16ab47289eef062ebdcda2e4 - - - -] Successfully bumped revision number for resource 2267559a-934f-45db-9b76-3823949c4c55 (type: networks) to 1
2026-07-24 18:44:00.586 9 INFO neutron.wsgi [None req-3a255f6f-efcf-4107-abae-c834b10c22d6 af6cf6b7229b4c9eace48dd4220164e4 8498dd98b53f466e81ae586547e94771 - - default default] 10.0.0.195 "GET /v2.0/security-groups?tenant_id=afd060155c724d4c8a6ef3d96ed144e1&name=default HTTP/1.1" status: 200 len: 2996 time: 0.0423117
2026-07-24 18:44:00.623 9 WARNING neutron.scheduler.dhcp_agent_scheduler [None req-56540fd1-878b-4d70-8dc0-3ccc530c301c a350ba6e1ca342afa22e71d79003f762 bf764b5e16ab47289eef062ebdcda2e4 - - - -] No more DHCP agents
2026-07-24 18:44:00.633 9 WARNING neutron.api.rpc.agentnotifiers.dhcp_rpc_agent_api [None req-56540fd1-878b-4d70-8dc0-3ccc530c301c a350ba6e1ca342afa22e71d79003f762 bf764b5e16ab47289eef062ebdcda2e4 - - - -] Unable to schedule network 2267559a-934f-45db-9b76-3823949c4c55: no agents available; will retry on subsequent port and subnet creation events.
2026-07-24 18:44:00.742 9 INFO neutron.db.ovn_revision_numbers_db [None req-56540fd1-878b-4d70-8dc0-3ccc530c301c a350ba6e1ca342afa22e71d79003f762 bf764b5e16ab47289eef062ebdcda2e4 - - - -] Successfully bumped revision number for resource c59d4c56-7534-4dee-9f1a-72d09a51ebc7 (type: ports) to 1
2026-07-24 18:44:00.782 9 INFO neutron.wsgi [None req-56540fd1-878b-4d70-8dc0-3ccc530c301c a350ba6e1ca342afa22e71d79003f762 bf764b5e16ab47289eef062ebdcda2e4 - - - -] 10.0.0.195 "POST /v2.0/networks HTTP/1.1" status: 201 len: 831 time: 0.8890803
2026-07-24 18:44:00.802 9 INFO neutron.db.ovn_revision_numbers_db [None req-b909a516-6b38-4690-9230-89750c45a2cb af6cf6b7229b4c9eace48dd4220164e4 8498dd98b53f466e81ae586547e94771 - - default default] Successfully bumped revision number for resource 1f73f3ed-37c8-4282-80ea-14caf19fb6d5 (type: security_groups) to 1
2026-07-24 18:44:00.854 9 INFO neutron.wsgi [None req-b909a516-6b38-4690-9230-89750c45a2cb af6cf6b7229b4c9eace48dd4220164e4 8498dd98b53f466e81ae586547e94771 - - default default] 10.0.0.195 "GET /v2.0/security-groups?tenant_id=a7f6ccd83eac46caaf1755de29ca3e79&name=default HTTP/1.1" status: 200 len: 2996 time: 0.2934155
2026-07-24 18:44:00.863 10 INFO neutron.pecan_wsgi.hooks.translation [None req-bc3a27ee-d301-40e3-93bb-f1aefba0193f 486dd5324a9e47e0b5c5cf0c1731ad8b fc90b9ca3c7e4df99768edca006f232f - - - -] DELETE failed (client error): The resource could not be found.
2026-07-24 18:44:00.866 10 INFO neutron.wsgi [None req-bc3a27ee-d301-40e3-93bb-f1aefba0193f 486dd5324a9e47e0b5c5cf0c1731ad8b fc90b9ca3c7e4df99768edca006f232f - - - -] 10.0.0.195 "DELETE /v2.0/ports/c91fd7a8-3a3e-456c-8d95-d497e03eec16 HTTP/1.1" status: 404 len: 333 time: 0.5168786
2026-07-24 18:44:00.914 10 INFO neutron.pecan_wsgi.hooks.translation [None req-daf6d534-518a-437b-a880-682eecd46bc8 486dd5324a9e47e0b5c5cf0c1731ad8b fc90b9ca3c7e4df99768edca006f232f - - default default] GET failed (client error): The resource could not be found.
2026-07-24 18:44:00.917 10 INFO neutron.wsgi [None req-daf6d534-518a-437b-a880-682eecd46bc8 486dd5324a9e47e0b5c5cf0c1731ad8b fc90b9ca3c7e4df99768edca006f232f - - default default] 10.0.0.195 "GET /v2.0/ports/c91fd7a8-3a3e-456c-8d95-d497e03eec16 HTTP/1.1" status: 404 len: 333 time: 0.0304649
2026-07-24 18:44:00.953 9 INFO neutron.wsgi [None req-7dceeea4-ab72-4e55-90b8-9de86332314c af6cf6b7229b4c9eace48dd4220164e4 8498dd98b53f466e81ae586547e94771 - - - -] 10.0.0.195 "DELETE /v2.0/security-groups/fb285620-7c3f-42f3-a4ba-b99eee5bd29f HTTP/1.1" status: 204 len: 168 time: 0.3526323
2026-07-24 18:44:01.114 9 WARNING neutron.scheduler.dhcp_agent_scheduler [None req-d2a39f1b-bdb0-42e5-975a-a97a6cebc019 a350ba6e1ca342afa22e71d79003f762 bf764b5e16ab47289eef062ebdcda2e4 - - - -] No more DHCP agents
2026-07-24 18:44:01.118 9 WARNING neutron.api.rpc.agentnotifiers.dhcp_rpc_agent_api [None req-d2a39f1b-bdb0-42e5-975a-a97a6cebc019 a350ba6e1ca342afa22e71d79003f762 bf764b5e16ab47289eef062ebdcda2e4 - - - -] Unable to schedule network 2267559a-934f-45db-9b76-3823949c4c55: no agents available; will retry on subsequent port and subnet creation events.
2026-07-24 18:44:01.124 10 INFO neutron.wsgi [None req-ecbc5250-595a-4262-84b0-dd33ccf17e46 486dd5324a9e47e0b5c5cf0c1731ad8b fc90b9ca3c7e4df99768edca006f232f - - - -] 10.0.0.195 "DELETE /v2.0/subnets/cee75340-c334-4200-8589-09d0d27924fb HTTP/1.1" status: 204 len: 168 time: 0.1993413
2026-07-24 18:44:01.186 9 INFO neutron.db.ovn_revision_numbers_db [None req-d2a39f1b-bdb0-42e5-975a-a97a6cebc019 a350ba6e1ca342afa22e71d79003f762 bf764b5e16ab47289eef062ebdcda2e4 - - - -] Successfully bumped revision number for resource 4bed0f0a-7e69-416a-afd1-a193cb21308d (type: ports) to 1
2026-07-24 18:44:01.210 9 INFO neutron.wsgi [None req-d2a39f1b-bdb0-42e5-975a-a97a6cebc019 a350ba6e1ca342afa22e71d79003f762 bf764b5e16ab47289eef062ebdcda2e4 - - - -] 10.0.0.195 "POST /v2.0/ports HTTP/1.1" status: 201 len: 942 time: 0.4085097 /var/lib/openstack/lib/python3.10/site-packages/pycadf/identifier.py:71: UserWarning: Invalid uuid: neutron. To ensure interoperability, identifiers should be a valid uuid. warnings.warn(('Invalid uuid: %s. To ensure interoperability, '
2026-07-24 18:44:01.227 9 INFO neutron.wsgi [None req-6d98cfa2-9e1e-49e7-95d1-769690347e93 af6cf6b7229b4c9eace48dd4220164e4 8498dd98b53f466e81ae586547e94771 - - - -] 10.0.0.195 "DELETE /v2.0/security-groups/1f73f3ed-37c8-4282-80ea-14caf19fb6d5 HTTP/1.1" status: 204 len: 168 time: 0.3653455
2026-07-24 18:44:01.472 9 INFO neutron.wsgi [None req-ac7d3e13-555b-4236-bb92-85d5bdaa70d9 a350ba6e1ca342afa22e71d79003f762 bf764b5e16ab47289eef062ebdcda2e4 - - - -] 10.0.0.195 "POST /v2.0/trunks HTTP/1.1" status: 201 len: 608 time: 0.2545133
2026-07-24 18:44:01.581 10 INFO neutron.services.segments.plugin [-] Segment b8c925cf-8a9c-4e78-92ae-fe07e20b56fe resource provider aggregate not found
2026-07-24 18:44:01.587 10 INFO neutron.services.segments.plugin [-] Segment b8c925cf-8a9c-4e78-92ae-fe07e20b56fe resource provider aggregate not found
2026-07-24 18:44:01.611 10 INFO neutron.services.segments.plugin [-] Segment b8c925cf-8a9c-4e78-92ae-fe07e20b56fe resource provider not found; error: Placement Client Error (4xx): {"errors": [{"status": 404, "title": "Not Found", "detail": "The resource could not be found.\n\n No resource provider with uuid b8c925cf-8a9c-4e78-92ae-fe07e20b56fe found for delete ", "request_id": "req-7967ca17-c09b-4c65-82b6-3c8bfaa5f938"}]}
2026-07-24 18:44:01.620 10 INFO neutron.services.segments.plugin [-] Segment b8c925cf-8a9c-4e78-92ae-fe07e20b56fe resource provider not found; error: Placement Client Error (4xx): {"errors": [{"status": 404, "title": "Not Found", "detail": "The resource could not be found.\n\n No resource provider with uuid b8c925cf-8a9c-4e78-92ae-fe07e20b56fe found for delete ", "request_id": "req-ac1c6d44-c194-42c6-9fa1-8e8aca4c60f2"}]}
2026-07-24 18:44:01.635 10 INFO neutron.db.ovn_revision_numbers_db [None req-f28b3fcd-8b1c-4552-a6ef-97f030727a44 af6cf6b7229b4c9eace48dd4220164e4 8498dd98b53f466e81ae586547e94771 - - default default] Successfully bumped revision number for resource d4f77690-7947-40d2-a72a-3f76185f1430 (type: security_groups) to 1
2026-07-24 18:44:01.671 10 INFO neutron.wsgi [None req-0a347a68-15c3-4083-986f-4e35bb8c6aca 486dd5324a9e47e0b5c5cf0c1731ad8b fc90b9ca3c7e4df99768edca006f232f - - - -] 10.0.0.195 "DELETE /v2.0/networks/e58c1863-2c1f-4de1-8245-81973982fcc3 HTTP/1.1" status: 204 len: 168 time: 0.5405943
