2026-07-24 18:43:01.067 10 INFO neutron.db.ovn_revision_numbers_db [None req-0224debb-b298-400b-8cb4-99dbdd7e202a - - - - - -] Successfully bumped revision number for resource dd799a1c-8aa1-4cb3-b8a9-bbe48dbdedc2 (type: ports) to 2 /var/lib/openstack/lib/python3.10/site-packages/pycadf/identifier.py:71: UserWarning: Invalid uuid: neutron. To ensure interoperability, identifiers should be a valid uuid. warnings.warn(('Invalid uuid: %s. To ensure interoperability, '
2026-07-24 18:43:01.148 10 INFO neutron.wsgi [req-45af28b7-12e5-4b9f-a3c4-cf9595832aef req-e3e16f03-21b4-4227-a0c9-a3ed170e1a68 c3d0e50c5d6a484e911575072f0ff98a e7be551aaa3142ae87a76b5b92575366 - - default default] 10.0.0.3 "GET /v2.0/ports?device_id=862e6b24-78a1-419b-9b24-14a33265af7c HTTP/1.1" status: 200 len: 1168 time: 0.0596826
2026-07-24 18:43:01.189 9 INFO neutron.db.ovn_revision_numbers_db [None req-e2efcc3a-dc68-4452-8fe0-bbaffa5a957f de74f2d4048c4ef78082d00e49736666 e2f20cd3df98453099bf504f9832b7c6 - - - -] Successfully bumped revision number for resource e3fb582e-ebb0-4f84-a890-f8a13b8ea706 (type: ports) to 2
2026-07-24 18:43:01.229 10 INFO neutron.wsgi [req-45af28b7-12e5-4b9f-a3c4-cf9595832aef req-124ecdf0-b210-47b3-8845-6db5dcb04f87 c3d0e50c5d6a484e911575072f0ff98a e7be551aaa3142ae87a76b5b92575366 - - default default] 10.0.0.3 "GET /v2.0/security-groups?id=fb78c6b5-aff8-4a0e-b40b-8feb25b2026e&fields=id&fields=name HTTP/1.1" status: 200 len: 286 time: 0.0692401
2026-07-24 18:43:01.231 9 INFO neutron.wsgi [None req-e2efcc3a-dc68-4452-8fe0-bbaffa5a957f de74f2d4048c4ef78082d00e49736666 e2f20cd3df98453099bf504f9832b7c6 - - - -] 199.19.213.152 "PUT /v2.0/ports/e3fb582e-ebb0-4f84-a890-f8a13b8ea706 HTTP/1.1" status: 200 len: 1328 time: 0.8185761 /var/lib/openstack/lib/python3.10/site-packages/pycadf/identifier.py:71: UserWarning: Invalid uuid: neutron. To ensure interoperability, identifiers should be a valid uuid. warnings.warn(('Invalid uuid: %s. To ensure interoperability, '
2026-07-24 18:43:01.295 9 INFO neutron.notifiers.nova [-] Nova event matching ['req-e6a111cd-77fb-45de-853c-e5a3e868bebe'] response: {'name': 'network-changed', 'server_uuid': '862e6b24-78a1-419b-9b24-14a33265af7c', 'tag': 'e3fb582e-ebb0-4f84-a890-f8a13b8ea706', 'status': 'completed', 'code': 200}
2026-07-24 18:43:01.306 9 INFO neutron.wsgi [req-233c2b18-7f65-4ccc-b0af-6e6c3a5808ae req-49f676cd-78fc-4232-a5e8-a01728caa78f de74f2d4048c4ef78082d00e49736666 e2f20cd3df98453099bf504f9832b7c6 - - 6674caebc00f4e4b9a9fcb8cf9107f20 6674caebc00f4e4b9a9fcb8cf9107f20] 199.19.213.152 "GET /v2.0/ports?tenant_id=e7be551aaa3142ae87a76b5b92575366&device_id=862e6b24-78a1-419b-9b24-14a33265af7c HTTP/1.1" status: 200 len: 1359 time: 0.0384946
2026-07-24 18:43:01.347 9 INFO neutron.wsgi [req-233c2b18-7f65-4ccc-b0af-6e6c3a5808ae req-2fdb5dbc-c571-41d4-883e-4fbee977ad8f de74f2d4048c4ef78082d00e49736666 e2f20cd3df98453099bf504f9832b7c6 - - 6674caebc00f4e4b9a9fcb8cf9107f20 6674caebc00f4e4b9a9fcb8cf9107f20] 199.19.213.152 "GET /v2.0/floatingips?fixed_ip_address=10.100.0.6&port_id=e3fb582e-ebb0-4f84-a890-f8a13b8ea706 HTTP/1.1" status: 200 len: 217 time: 0.0328314
2026-07-24 18:43:01.416 9 INFO neutron.wsgi [req-233c2b18-7f65-4ccc-b0af-6e6c3a5808ae req-b6ee7f00-3819-444f-a599-4efe0537533f de74f2d4048c4ef78082d00e49736666 e2f20cd3df98453099bf504f9832b7c6 - - 6674caebc00f4e4b9a9fcb8cf9107f20 6674caebc00f4e4b9a9fcb8cf9107f20] 199.19.213.152 "GET /v2.0/subnets?id=bcb1ef48-d5a5-42ff-a56e-7f82a5e6ad97 HTTP/1.1" status: 200 len: 871 time: 0.0624924
2026-07-24 18:43:01.445 9 INFO neutron.wsgi [req-233c2b18-7f65-4ccc-b0af-6e6c3a5808ae req-c33c7ce0-51b0-41c7-aac9-f4a9c6c3acb5 de74f2d4048c4ef78082d00e49736666 e2f20cd3df98453099bf504f9832b7c6 - - 6674caebc00f4e4b9a9fcb8cf9107f20 6674caebc00f4e4b9a9fcb8cf9107f20] 199.19.213.152 "GET /v2.0/ports?network_id=3a9916d1-50d4-4a3a-8f43-07754fda01a6&device_owner=network%3Adhcp HTTP/1.1" status: 200 len: 210 time: 0.0219667
2026-07-24 18:43:01.479 10 INFO neutron.wsgi [None req-8d22681b-5b92-4cfc-917a-c43e7a00ed0a d2c9ee82f73f422dbe586849938de0ab d00fccf883134ece88392918b3b00d25 - - - -] 10.0.0.195 "PUT /v2.0/routers/cb301d0f-8cd4-4b3a-875a-f5addacadefb/remove_router_interface HTTP/1.1" status: 200 len: 503 time: 1.4724717
2026-07-24 18:43:01.518 10 INFO neutron.db.ovn_revision_numbers_db [None req-0224debb-b298-400b-8cb4-99dbdd7e202a - - - - - -] Successfully bumped revision number for resource dd799a1c-8aa1-4cb3-b8a9-bbe48dbdedc2 (type: ports) to 4
2026-07-24 18:43:01.591 9 INFO neutron.wsgi [req-233c2b18-7f65-4ccc-b0af-6e6c3a5808ae req-8f05c003-48dd-4354-a0a5-31b20c831960 de74f2d4048c4ef78082d00e49736666 e2f20cd3df98453099bf504f9832b7c6 - - 6674caebc00f4e4b9a9fcb8cf9107f20 6674caebc00f4e4b9a9fcb8cf9107f20] 199.19.213.152 "GET /v2.0/networks/3a9916d1-50d4-4a3a-8f43-07754fda01a6?fields=segments HTTP/1.1" status: 200 len: 212 time: 0.1373596
2026-07-24 18:43:01.613 9 INFO neutron.api.v2.resource [None req-e4de8bbb-a0be-418a-a9d2-d273a5b069d4 d2c9ee82f73f422dbe586849938de0ab d00fccf883134ece88392918b3b00d25 - - default default] remove_router_interface failed (client error): The resource could not be found.
2026-07-24 18:43:01.614 9 INFO neutron.wsgi [None req-e4de8bbb-a0be-418a-a9d2-d273a5b069d4 d2c9ee82f73f422dbe586849938de0ab d00fccf883134ece88392918b3b00d25 - - default default] 10.0.0.195 "PUT /v2.0/routers/cb301d0f-8cd4-4b3a-875a-f5addacadefb/remove_router_interface HTTP/1.1" status: 404 len: 398 time: 0.1251585 /var/lib/openstack/lib/python3.10/site-packages/pycadf/identifier.py:71: UserWarning: Invalid uuid: neutron. To ensure interoperability, identifiers should be a valid uuid. warnings.warn(('Invalid uuid: %s. To ensure interoperability, '
2026-07-24 18:43:01.666 10 INFO neutron.wsgi [None req-b27e6bc9-ce67-4c7f-b3be-2ab4808a4772 d2c9ee82f73f422dbe586849938de0ab d00fccf883134ece88392918b3b00d25 - - default default] 10.0.0.195 "GET /v2.0/ports?device_id=cb301d0f-8cd4-4b3a-875a-f5addacadefb HTTP/1.1" status: 200 len: 205 time: 0.0377705
2026-07-24 18:43:01.709 9 INFO neutron.wsgi [req-233c2b18-7f65-4ccc-b0af-6e6c3a5808ae req-f18c70fa-3645-4c2f-80e2-4cd5ea0bad0b de74f2d4048c4ef78082d00e49736666 e2f20cd3df98453099bf504f9832b7c6 - - 6674caebc00f4e4b9a9fcb8cf9107f20 6674caebc00f4e4b9a9fcb8cf9107f20] 199.19.213.152 "GET /v2.0/networks/3a9916d1-50d4-4a3a-8f43-07754fda01a6?fields=provider%3Aphysical_network&fields=provider%3Anetwork_type HTTP/1.1" status: 200 len: 277 time: 0.1086581
2026-07-24 18:43:01.812 9 INFO neutron.wsgi [req-48a3db9a-6223-409c-bb70-ac0364c1c62a req-b9cb64ae-907e-4195-b380-683f1cec5729 de74f2d4048c4ef78082d00e49736666 e2f20cd3df98453099bf504f9832b7c6 - - 6674caebc00f4e4b9a9fcb8cf9107f20 6674caebc00f4e4b9a9fcb8cf9107f20] 199.19.213.152 "GET /v2.0/ports?tenant_id=e7be551aaa3142ae87a76b5b92575366&device_id=862e6b24-78a1-419b-9b24-14a33265af7c HTTP/1.1" status: 200 len: 1359 time: 0.0473578
2026-07-24 18:43:01.867 9 INFO neutron.db.ovn_revision_numbers_db [None req-d58c93c7-0598-49ad-ba92-3c7a9e57f03d af6cf6b7229b4c9eace48dd4220164e4 8498dd98b53f466e81ae586547e94771 - - - -] Successfully bumped revision number for resource 5086d724-4deb-4921-bde6-c1105c4ae8bd (type: router_ports) to 2
2026-07-24 18:43:01.869 9 INFO neutron.wsgi [None req-d58c93c7-0598-49ad-ba92-3c7a9e57f03d af6cf6b7229b4c9eace48dd4220164e4 8498dd98b53f466e81ae586547e94771 - - - -] 10.0.0.195 "PUT /v2.0/routers/140f2271-2b1a-4249-9f15-4b44137b152a/add_router_interface HTTP/1.1" status: 200 len: 503 time: 3.3827879
2026-07-24 18:43:01.909 9 INFO neutron.wsgi [req-48a3db9a-6223-409c-bb70-ac0364c1c62a req-8277df82-8d9a-4db9-a6fd-ae30eb2b0d05 de74f2d4048c4ef78082d00e49736666 e2f20cd3df98453099bf504f9832b7c6 - - 6674caebc00f4e4b9a9fcb8cf9107f20 6674caebc00f4e4b9a9fcb8cf9107f20] 199.19.213.152 "GET /v2.0/networks?id=3a9916d1-50d4-4a3a-8f43-07754fda01a6 HTTP/1.1" status: 200 len: 976 time: 0.0883901
2026-07-24 18:43:01.966 9 INFO neutron.wsgi [req-48a3db9a-6223-409c-bb70-ac0364c1c62a req-ede845aa-6297-4c04-a70c-545ea6c78429 de74f2d4048c4ef78082d00e49736666 e2f20cd3df98453099bf504f9832b7c6 - - 6674caebc00f4e4b9a9fcb8cf9107f20 6674caebc00f4e4b9a9fcb8cf9107f20] 199.19.213.152 "GET /v2.0/floatingips?fixed_ip_address=10.100.0.6&port_id=e3fb582e-ebb0-4f84-a890-f8a13b8ea706 HTTP/1.1" status: 200 len: 217 time: 0.0498552
2026-07-24 18:43:02.034 10 INFO neutron.db.ovn_revision_numbers_db [None req-4cc6dc0b-993a-4da1-a638-b320a4832a19 af6cf6b7229b4c9eace48dd4220164e4 8498dd98b53f466e81ae586547e94771 - - default default] Successfully bumped revision number for resource 001ca096-a805-42e3-ab80-1fe7fee216cc (type: security_groups) to 1
2026-07-24 18:43:02.041 10 INFO neutron.wsgi [None req-c31fd7be-9f47-46ca-81b0-4b74e9a2c084 d2c9ee82f73f422dbe586849938de0ab d00fccf883134ece88392918b3b00d25 - - - -] 10.0.0.195 "DELETE /v2.0/routers/cb301d0f-8cd4-4b3a-875a-f5addacadefb HTTP/1.1" status: 204 len: 168 time: 0.3703108
2026-07-24 18:43:02.071 10 INFO neutron.db.ovn_revision_numbers_db [None req-0224debb-b298-400b-8cb4-99dbdd7e202a - - - - - -] Successfully bumped revision number for resource dd799a1c-8aa1-4cb3-b8a9-bbe48dbdedc2 (type: router_ports) to 4
2026-07-24 18:43:02.346 9 WARNING neutron.plugins.ml2.drivers.ovn.mech_driver.ovsdb.ovn_client [None req-446a6c98-7e52-4e02-ad18-1bd5f30e1b9e - - - - - -] No port found with ID 7ac3e37b-dde7-4479-b720-cafb3f85f754: RuntimeError: No port found with ID 7ac3e37b-dde7-4479-b720-cafb3f85f754
2026-07-24 18:43:02.347 9 INFO neutron.plugins.ml2.drivers.ovn.mech_driver.mech_driver [None req-446a6c98-7e52-4e02-ad18-1bd5f30e1b9e - - - - - -] OVN reports status up for port: 5086d724-4deb-4921-bde6-c1105c4ae8bd
2026-07-24 18:43:02.356 9 INFO neutron.plugins.ml2.plugin [None req-446a6c98-7e52-4e02-ad18-1bd5f30e1b9e - - - - - -] Attempt 1 to provision port 5086d724-4deb-4921-bde6-c1105c4ae8bd
2026-07-24 18:43:02.359 9 INFO neutron.wsgi [req-48a3db9a-6223-409c-bb70-ac0364c1c62a req-02dadafa-954b-4629-86af-0a9687f983c7 de74f2d4048c4ef78082d00e49736666 e2f20cd3df98453099bf504f9832b7c6 - - 6674caebc00f4e4b9a9fcb8cf9107f20 6674caebc00f4e4b9a9fcb8cf9107f20] 199.19.213.152 "GET /v2.0/subnets?id=bcb1ef48-d5a5-42ff-a56e-7f82a5e6ad97 HTTP/1.1" status: 200 len: 871 time: 0.3879530
2026-07-24 18:43:02.405 9 INFO neutron.wsgi [req-48a3db9a-6223-409c-bb70-ac0364c1c62a req-542d5b9e-9c1e-4961-95cb-bd47cc0859cc de74f2d4048c4ef78082d00e49736666 e2f20cd3df98453099bf504f9832b7c6 - - 6674caebc00f4e4b9a9fcb8cf9107f20 6674caebc00f4e4b9a9fcb8cf9107f20] 199.19.213.152 "GET /v2.0/ports?network_id=3a9916d1-50d4-4a3a-8f43-07754fda01a6&device_owner=network%3Adhcp HTTP/1.1" status: 200 len: 210 time: 0.0262041
2026-07-24 18:43:02.415 10 INFO neutron.wsgi [None req-4cc6dc0b-993a-4da1-a638-b320a4832a19 af6cf6b7229b4c9eace48dd4220164e4 8498dd98b53f466e81ae586547e94771 - - default default] 10.0.0.195 "GET /v2.0/security-groups?tenant_id=293df3c193a143d0bb44ea64ac8dcc49&name=default HTTP/1.1" status: 200 len: 2996 time: 0.8571317
2026-07-24 18:43:02.483 10 INFO neutron.wsgi [req-8c938d8d-fe19-4c0e-8c28-db1b4fdacbc9 req-c5d9eb2e-d692-4bf1-beb2-a01d0ffe4b16 c3d0e50c5d6a484e911575072f0ff98a e7be551aaa3142ae87a76b5b92575366 - - default default] 10.0.0.3 "GET /v2.0/ports?device_id=862e6b24-78a1-419b-9b24-14a33265af7c HTTP/1.1" status: 200 len: 1168 time: 0.0676470
2026-07-24 18:43:02.513 9 INFO neutron.wsgi [req-48a3db9a-6223-409c-bb70-ac0364c1c62a req-665187a2-0d42-4074-a9a3-05c921fb2822 de74f2d4048c4ef78082d00e49736666 e2f20cd3df98453099bf504f9832b7c6 - - 6674caebc00f4e4b9a9fcb8cf9107f20 6674caebc00f4e4b9a9fcb8cf9107f20] 199.19.213.152 "GET /v2.0/networks/3a9916d1-50d4-4a3a-8f43-07754fda01a6?fields=segments HTTP/1.1" status: 200 len: 212 time: 0.0882821
2026-07-24 18:43:02.565 10 INFO neutron.wsgi [req-8c938d8d-fe19-4c0e-8c28-db1b4fdacbc9 req-6334ba67-c8a1-4e37-9f73-924da888460b c3d0e50c5d6a484e911575072f0ff98a e7be551aaa3142ae87a76b5b92575366 - - default default] 10.0.0.3 "GET /v2.0/security-groups?id=fb78c6b5-aff8-4a0e-b40b-8feb25b2026e&fields=id&fields=name HTTP/1.1" status: 200 len: 286 time: 0.0645795
2026-07-24 18:43:02.627 9 INFO neutron.wsgi [req-48a3db9a-6223-409c-bb70-ac0364c1c62a req-2dd17866-f8ab-4f7f-aa6f-9b16feb52bc1 de74f2d4048c4ef78082d00e49736666 e2f20cd3df98453099bf504f9832b7c6 - - 6674caebc00f4e4b9a9fcb8cf9107f20 6674caebc00f4e4b9a9fcb8cf9107f20] 199.19.213.152 "GET /v2.0/networks/3a9916d1-50d4-4a3a-8f43-07754fda01a6?fields=provider%3Aphysical_network&fields=provider%3Anetwork_type HTTP/1.1" status: 200 len: 277 time: 0.1017034
2026-07-24 18:43:02.745 10 INFO neutron.wsgi [None req-1c7c09e7-4b2a-44db-ae46-79046efc7436 d2c9ee82f73f422dbe586849938de0ab d00fccf883134ece88392918b3b00d25 - - - -] 10.0.0.195 "DELETE /v2.0/subnets/412eb03f-6b22-414e-9a8d-308b4203ee5c HTTP/1.1" status: 204 len: 168 time: 0.6880898
2026-07-24 18:43:02.781 10 INFO neutron.db.ovn_revision_numbers_db [None req-ee726b62-6abf-4eb7-a53f-76fde0012389 c8e9c6876d214fc4a78e1a26c0aa3db1 4c63e8f5982148a8892ff11c7f90d26c - - - -] Successfully bumped revision number for resource 4d4cf0e5-0458-4c82-89d0-187697c2f702 (type: security_groups) to 1
2026-07-24 18:43:02.819 9 INFO neutron.wsgi [None req-99868b76-b2c1-4ee3-b821-68d5339d394c af6cf6b7229b4c9eace48dd4220164e4 8498dd98b53f466e81ae586547e94771 - - - -] 10.0.0.195 "DELETE /v2.0/security-groups/001ca096-a805-42e3-ab80-1fe7fee216cc HTTP/1.1" status: 204 len: 168 time: 0.3941545
2026-07-24 18:43:02.821 9 INFO neutron.db.ovn_revision_numbers_db [None req-446a6c98-7e52-4e02-ad18-1bd5f30e1b9e - - - - - -] Successfully bumped revision number for resource 5086d724-4deb-4921-bde6-c1105c4ae8bd (type: ports) to 3
2026-07-24 18:43:02.823 10 INFO neutron.wsgi [None req-ee726b62-6abf-4eb7-a53f-76fde0012389 c8e9c6876d214fc4a78e1a26c0aa3db1 4c63e8f5982148a8892ff11c7f90d26c - - - -] 10.0.0.195 "POST /v2.0/security-groups HTTP/1.1" status: 201 len: 1811 time: 0.2324283
2026-07-24 18:43:02.959 9 INFO neutron.wsgi [None req-30253668-dd93-4d32-b7bd-e13c554a1922 af6cf6b7229b4c9eace48dd4220164e4 8498dd98b53f466e81ae586547e94771 - - default default] 10.0.0.195 "GET /v2.0/security-groups?tenant_id=ca3d8fbcdc704f21ba67e9c8dd0121f9&name=default HTTP/1.1" status: 200 len: 2996 time: 0.0412891
2026-07-24 18:43:02.961 9 INFO neutron.db.ovn_revision_numbers_db [None req-446a6c98-7e52-4e02-ad18-1bd5f30e1b9e - - - - - -] Successfully bumped revision number for resource 5086d724-4deb-4921-bde6-c1105c4ae8bd (type: router_ports) to 3
2026-07-24 18:43:02.992 10 INFO neutron.db.ovn_revision_numbers_db [None req-82f974af-8a9f-4d2b-a535-41b5a1854e9e c8e9c6876d214fc4a78e1a26c0aa3db1 4c63e8f5982148a8892ff11c7f90d26c - - - -] Successfully bumped revision number for resource 7bb7f9eb-80e2-4413-bccb-65e1363d7653 (type: security_group_rules) to 0
2026-07-24 18:43:03.020 10 INFO neutron.wsgi [None req-82f974af-8a9f-4d2b-a535-41b5a1854e9e c8e9c6876d214fc4a78e1a26c0aa3db1 4c63e8f5982148a8892ff11c7f90d26c - - - -] 10.0.0.195 "POST /v2.0/security-group-rules HTTP/1.1" status: 201 len: 764 time: 0.1905987
2026-07-24 18:43:03.194 9 INFO neutron.wsgi [None req-3f2242e1-6e09-47b2-bdc5-c1b7b36fab77 af6cf6b7229b4c9eace48dd4220164e4 8498dd98b53f466e81ae586547e94771 - - - -] 10.0.0.195 "DELETE /v2.0/security-groups/7694e6c4-512e-4412-98d5-ab287e09f535 HTTP/1.1" status: 204 len: 168 time: 0.2289965
2026-07-24 18:43:03.212 10 INFO neutron.services.segments.plugin [-] Segment 0f5d185e-76a4-4c2d-afc4-c03b4e7b3a67 resource provider aggregate not found
2026-07-24 18:43:03.219 10 INFO neutron.services.segments.plugin [-] Segment 0f5d185e-76a4-4c2d-afc4-c03b4e7b3a67 resource provider aggregate not found
2026-07-24 18:43:03.236 10 INFO neutron.services.segments.plugin [-] Segment 0f5d185e-76a4-4c2d-afc4-c03b4e7b3a67 resource provider not found; error: Placement Client Error (4xx): {"errors": [{"status": 404, "title": "Not Found", "detail": "The resource could not be found.\n\n No resource provider with uuid 0f5d185e-76a4-4c2d-afc4-c03b4e7b3a67 found for delete ", "request_id": "req-4a71f48a-ba50-43e4-89cc-b7187d276193"}]}
2026-07-24 18:43:03.244 10 INFO neutron.db.ovn_revision_numbers_db [None req-f65713bd-689d-4f1d-aea8-b24109fa2ae7 c8e9c6876d214fc4a78e1a26c0aa3db1 4c63e8f5982148a8892ff11c7f90d26c - - - -] Successfully bumped revision number for resource d93b850e-5772-4371-bf2a-c588069638d0 (type: security_group_rules) to 0
2026-07-24 18:43:03.248 10 INFO neutron.services.segments.plugin [-] Segment 0f5d185e-76a4-4c2d-afc4-c03b4e7b3a67 resource provider not found; error: Placement Client Error (4xx): {"errors": [{"status": 404, "title": "Not Found", "detail": "The resource could not be found.\n\n No resource provider with uuid 0f5d185e-76a4-4c2d-afc4-c03b4e7b3a67 found for delete ", "request_id": "req-b2778bdc-6603-4f31-b3fe-a24d01e4f3ff"}]}
2026-07-24 18:43:03.267 10 INFO neutron.wsgi [None req-9c93477e-2feb-4e3a-b338-704d9ded241d d2c9ee82f73f422dbe586849938de0ab d00fccf883134ece88392918b3b00d25 - - - -] 10.0.0.195 "DELETE /v2.0/networks/08b4f46a-7605-4aee-8f73-466e495f4a6c HTTP/1.1" status: 204 len: 168 time: 0.5103977
2026-07-24 18:43:03.277 10 INFO neutron.wsgi [None req-f65713bd-689d-4f1d-aea8-b24109fa2ae7 c8e9c6876d214fc4a78e1a26c0aa3db1 4c63e8f5982148a8892ff11c7f90d26c - - - -] 10.0.0.195 "POST /v2.0/security-group-rules HTTP/1.1" status: 201 len: 763 time: 0.2500257
2026-07-24 18:43:03.360 10 INFO neutron.db.segments_db [None req-0e54e2a2-9b99-4f7a-9721-7f5db91cda77 d2c9ee82f73f422dbe586849938de0ab d00fccf883134ece88392918b3b00d25 - - - -] Added segment 3c6343c0-5a22-4602-9d9d-8ca87bbaab2f of type geneve for network 918fcf78-c22d-4c18-a1ba-64fba8ecccc7
2026-07-24 18:43:03.410 9 INFO neutron.db.ovn_revision_numbers_db [None req-46ca1f2e-1f5a-4442-a019-a0ffc698bb03 c8e9c6876d214fc4a78e1a26c0aa3db1 4c63e8f5982148a8892ff11c7f90d26c - - - -] Successfully bumped revision number for resource bac518c1-7c99-4629-bcc5-420a8724879e (type: security_group_rules) to 0
2026-07-24 18:43:03.442 9 INFO neutron.wsgi [None req-46ca1f2e-1f5a-4442-a019-a0ffc698bb03 c8e9c6876d214fc4a78e1a26c0aa3db1 4c63e8f5982148a8892ff11c7f90d26c - - - -] 10.0.0.195 "POST /v2.0/security-group-rules HTTP/1.1" status: 201 len: 769 time: 0.1602921
2026-07-24 18:43:03.487 10 INFO neutron.db.ovn_revision_numbers_db [None req-0e54e2a2-9b99-4f7a-9721-7f5db91cda77 d2c9ee82f73f422dbe586849938de0ab d00fccf883134ece88392918b3b00d25 - - - -] Successfully bumped revision number for resource 918fcf78-c22d-4c18-a1ba-64fba8ecccc7 (type: networks) to 1
2026-07-24 18:43:03.518 9 INFO neutron.db.ovn_revision_numbers_db [None req-cd313ca6-dc5a-48fd-86ff-8dee88db2aa6 af6cf6b7229b4c9eace48dd4220164e4 8498dd98b53f466e81ae586547e94771 - - default default] Successfully bumped revision number for resource 2742734a-d55b-479d-958b-79446d022b85 (type: security_groups) to 1
2026-07-24 18:43:03.545 9 INFO neutron.wsgi [None req-cd313ca6-dc5a-48fd-86ff-8dee88db2aa6 af6cf6b7229b4c9eace48dd4220164e4 8498dd98b53f466e81ae586547e94771 - - default default] 10.0.0.195 "GET /v2.0/security-groups?tenant_id=d6045f68e5324888b8ff02f874fec046&name=default HTTP/1.1" status: 200 len: 2996 time: 0.1578193
2026-07-24 18:43:03.612 9 INFO neutron.db.ovn_revision_numbers_db [None req-1c6d7772-0fc3-483f-b61c-175474ac4623 c8e9c6876d214fc4a78e1a26c0aa3db1 4c63e8f5982148a8892ff11c7f90d26c - - - -] Successfully bumped revision number for resource 9aac25cf-ce4d-4825-a304-144235eef564 (type: security_group_rules) to 0
2026-07-24 18:43:03.655 9 INFO neutron.wsgi [None req-1c6d7772-0fc3-483f-b61c-175474ac4623 c8e9c6876d214fc4a78e1a26c0aa3db1 4c63e8f5982148a8892ff11c7f90d26c - - - -] 10.0.0.195 "POST /v2.0/security-group-rules HTTP/1.1" status: 201 len: 768 time: 0.2052622
2026-07-24 18:43:03.692 9 INFO neutron.db.securitygroups_db [None req-ea8013c9-853a-4bd3-9ab2-94e0ea01b92d c8e9c6876d214fc4a78e1a26c0aa3db1 4c63e8f5982148a8892ff11c7f90d26c - - - -] Project 4c63e8f5982148a8892ff11c7f90d26c added a security group rule with legacy IPv6 ICMP protocol name icmp, ipv6-icmp should be used instead. It was automatically converted.
2026-07-24 18:43:03.767 10 WARNING neutron.scheduler.dhcp_agent_scheduler [None req-0e54e2a2-9b99-4f7a-9721-7f5db91cda77 d2c9ee82f73f422dbe586849938de0ab d00fccf883134ece88392918b3b00d25 - - - -] No more DHCP agents
2026-07-24 18:43:03.769 10 WARNING neutron.api.rpc.agentnotifiers.dhcp_rpc_agent_api [None req-0e54e2a2-9b99-4f7a-9721-7f5db91cda77 d2c9ee82f73f422dbe586849938de0ab d00fccf883134ece88392918b3b00d25 - - - -] Unable to schedule network 918fcf78-c22d-4c18-a1ba-64fba8ecccc7: no agents available; will retry on subsequent port and subnet creation events.
2026-07-24 18:43:03.799 10 INFO neutron.wsgi [req-99509491-9f74-40ec-95bb-3328f964a379 req-375cef76-0823-472f-9857-de9f718e291b c3d0e50c5d6a484e911575072f0ff98a e7be551aaa3142ae87a76b5b92575366 - - default default] 10.0.0.3 "GET /v2.0/ports?device_id=862e6b24-78a1-419b-9b24-14a33265af7c HTTP/1.1" status: 200 len: 1168 time: 0.1314967
2026-07-24 18:43:03.814 9 INFO neutron.db.ovn_revision_numbers_db [None req-ea8013c9-853a-4bd3-9ab2-94e0ea01b92d c8e9c6876d214fc4a78e1a26c0aa3db1 4c63e8f5982148a8892ff11c7f90d26c - - - -] Successfully bumped revision number for resource 202a4429-0fbf-4609-ad13-aa9ef04b48e9 (type: security_group_rules) to 0
2026-07-24 18:43:03.818 9 INFO neutron.wsgi [None req-a8a1554c-acbb-4250-8ddc-c0200464ada9 af6cf6b7229b4c9eace48dd4220164e4 8498dd98b53f466e81ae586547e94771 - - - -] 10.0.0.195 "DELETE /v2.0/security-groups/2742734a-d55b-479d-958b-79446d022b85 HTTP/1.1" status: 204 len: 168 time: 0.2657621
2026-07-24 18:43:03.848 9 INFO neutron.wsgi [None req-ea8013c9-853a-4bd3-9ab2-94e0ea01b92d c8e9c6876d214fc4a78e1a26c0aa3db1 4c63e8f5982148a8892ff11c7f90d26c - - - -] 10.0.0.195 "POST /v2.0/security-group-rules HTTP/1.1" status: 201 len: 774 time: 0.1853418
2026-07-24 18:43:03.881 9 INFO neutron.db.securitygroups_db [None req-c8cce3e1-232c-4b3b-b99a-8a681ebfc36d c8e9c6876d214fc4a78e1a26c0aa3db1 4c63e8f5982148a8892ff11c7f90d26c - - - -] Project 4c63e8f5982148a8892ff11c7f90d26c added a security group rule with legacy IPv6 ICMP protocol name icmp, ipv6-icmp should be used instead. It was automatically converted.
2026-07-24 18:43:03.886 10 INFO neutron.wsgi [req-99509491-9f74-40ec-95bb-3328f964a379 req-0c8ad1ca-7286-40c3-8164-8403d4789506 c3d0e50c5d6a484e911575072f0ff98a e7be551aaa3142ae87a76b5b92575366 - - default default] 10.0.0.3 "GET /v2.0/security-groups?id=fb78c6b5-aff8-4a0e-b40b-8feb25b2026e&fields=id&fields=name HTTP/1.1" status: 200 len: 286 time: 0.0646718
2026-07-24 18:43:03.887 10 INFO neutron.db.ovn_revision_numbers_db [None req-0e54e2a2-9b99-4f7a-9721-7f5db91cda77 d2c9ee82f73f422dbe586849938de0ab d00fccf883134ece88392918b3b00d25 - - - -] Successfully bumped revision number for resource 3431fac8-0e7a-48b9-ae64-88aa6265ce14 (type: ports) to 1
2026-07-24 18:43:03.919 10 INFO neutron.wsgi [None req-0e54e2a2-9b99-4f7a-9721-7f5db91cda77 d2c9ee82f73f422dbe586849938de0ab d00fccf883134ece88392918b3b00d25 - - - -] 10.0.0.195 "POST /v2.0/networks HTTP/1.1" status: 201 len: 832 time: 0.6399968
2026-07-24 18:43:04.003 9 INFO neutron.db.ovn_revision_numbers_db [None req-c8cce3e1-232c-4b3b-b99a-8a681ebfc36d c8e9c6876d214fc4a78e1a26c0aa3db1 4c63e8f5982148a8892ff11c7f90d26c - - - -] Successfully bumped revision number for resource 9ee86fbe-6cc0-4491-8d2a-26eee58a094d (type: security_group_rules) to 0
2026-07-24 18:43:04.030 9 INFO neutron.wsgi [None req-c8cce3e1-232c-4b3b-b99a-8a681ebfc36d c8e9c6876d214fc4a78e1a26c0aa3db1 4c63e8f5982148a8892ff11c7f90d26c - - - -] 10.0.0.195 "POST /v2.0/security-group-rules HTTP/1.1" status: 201 len: 773 time: 0.1770916
2026-07-24 18:43:04.238 10 WARNING neutron.scheduler.dhcp_agent_scheduler [None req-626ad234-955d-4384-8ef8-4a73fb5d33f7 d2c9ee82f73f422dbe586849938de0ab d00fccf883134ece88392918b3b00d25 - - - -] No more DHCP agents
2026-07-24 18:43:04.239 10 WARNING neutron.api.rpc.agentnotifiers.dhcp_rpc_agent_api [None req-626ad234-955d-4384-8ef8-4a73fb5d33f7 d2c9ee82f73f422dbe586849938de0ab d00fccf883134ece88392918b3b00d25 - - - -] Unable to schedule network 918fcf78-c22d-4c18-a1ba-64fba8ecccc7: no agents available; will retry on subsequent port and subnet creation events.
2026-07-24 18:43:04.255 10 INFO neutron.db.ovn_revision_numbers_db [None req-626ad234-955d-4384-8ef8-4a73fb5d33f7 d2c9ee82f73f422dbe586849938de0ab d00fccf883134ece88392918b3b00d25 - - - -] Successfully bumped revision number for resource 95aea37c-cb4a-4bfa-880c-b63779ae04de (type: subnets) to 0
2026-07-24 18:43:04.271 10 INFO neutron.wsgi [None req-626ad234-955d-4384-8ef8-4a73fb5d33f7 d2c9ee82f73f422dbe586849938de0ab d00fccf883134ece88392918b3b00d25 - - - -] 10.0.0.195 "POST /v2.0/subnets HTTP/1.1" status: 201 len: 821 time: 0.3434381
2026-07-24 18:43:04.471 10 INFO neutron.db.ovn_revision_numbers_db [None req-024efd15-55df-4f8c-9219-e9cf01401ac8 d2c9ee82f73f422dbe586849938de0ab d00fccf883134ece88392918b3b00d25 - - - -] Successfully bumped revision number for resource 0052fe0f-f350-4a3f-8324-3a1bf61137d8 (type: routers) to 1
2026-07-24 18:43:04.493 10 INFO neutron.wsgi [None req-024efd15-55df-4f8c-9219-e9cf01401ac8 d2c9ee82f73f422dbe586849938de0ab d00fccf883134ece88392918b3b00d25 - - - -] 10.0.0.195 "POST /v2.0/routers HTTP/1.1" status: 201 len: 690 time: 0.2145131
2026-07-24 18:43:04.631 9 INFO neutron.db.ovn_revision_numbers_db [None req-2593bcd3-f7e9-4355-be1f-256f3df182ef c8e9c6876d214fc4a78e1a26c0aa3db1 4c63e8f5982148a8892ff11c7f90d26c - - - -] Successfully bumped revision number for resource 45decb29-5f4d-4551-b281-e766d9501beb (type: security_groups) to 1
2026-07-24 18:43:04.681 9 INFO neutron.wsgi [None req-2593bcd3-f7e9-4355-be1f-256f3df182ef c8e9c6876d214fc4a78e1a26c0aa3db1 4c63e8f5982148a8892ff11c7f90d26c - - - -] 10.0.0.195 "POST /v2.0/security-groups HTTP/1.1" status: 201 len: 1797 time: 0.1920204
2026-07-24 18:43:04.837 9 INFO neutron.db.ovn_revision_numbers_db [None req-288e88f7-a64f-42df-8f9a-edd41b24e97c c8e9c6876d214fc4a78e1a26c0aa3db1 4c63e8f5982148a8892ff11c7f90d26c - - - -] Successfully bumped revision number for resource 73a3f275-c08d-4dc4-935e-1657791df44e (type: security_group_rules) to 0
2026-07-24 18:43:04.873 9 INFO neutron.wsgi [None req-288e88f7-a64f-42df-8f9a-edd41b24e97c c8e9c6876d214fc4a78e1a26c0aa3db1 4c63e8f5982148a8892ff11c7f90d26c - - - -] 10.0.0.195 "POST /v2.0/security-group-rules HTTP/1.1" status: 201 len: 764 time: 0.1857069
2026-07-24 18:43:05.007 9 INFO neutron.db.ovn_revision_numbers_db [None req-1a6741c9-b758-4dc8-8fdc-95a0b99fbb1c c8e9c6876d214fc4a78e1a26c0aa3db1 4c63e8f5982148a8892ff11c7f90d26c - - - -] Successfully bumped revision number for resource 094ddb24-a739-4e55-a834-09a36e0a768d (type: security_group_rules) to 0
2026-07-24 18:43:05.007 10 INFO neutron.wsgi [req-8ac0c7e2-40c1-40aa-84ac-cf1c6d4ab8b7 req-2bd6d743-d73b-4bce-8d9c-35e971f20dd8 c3d0e50c5d6a484e911575072f0ff98a e7be551aaa3142ae87a76b5b92575366 - - default default] 10.0.0.3 "GET /v2.0/ports?device_id=862e6b24-78a1-419b-9b24-14a33265af7c HTTP/1.1" status: 200 len: 1168 time: 0.0430412
2026-07-24 18:43:05.035 9 INFO neutron.wsgi [None req-1a6741c9-b758-4dc8-8fdc-95a0b99fbb1c c8e9c6876d214fc4a78e1a26c0aa3db1 4c63e8f5982148a8892ff11c7f90d26c - - - -] 10.0.0.195 "POST /v2.0/security-group-rules HTTP/1.1" status: 201 len: 769 time: 0.1560829
2026-07-24 18:43:05.053 10 WARNING neutron.scheduler.dhcp_agent_scheduler [None req-c8523ae5-a022-4fc2-9558-abf4593524af d2c9ee82f73f422dbe586849938de0ab d00fccf883134ece88392918b3b00d25 - - default default] No more DHCP agents
2026-07-24 18:43:05.056 10 WARNING neutron.api.rpc.agentnotifiers.dhcp_rpc_agent_api [None req-c8523ae5-a022-4fc2-9558-abf4593524af d2c9ee82f73f422dbe586849938de0ab d00fccf883134ece88392918b3b00d25 - - default default] Unable to schedule network 918fcf78-c22d-4c18-a1ba-64fba8ecccc7: no agents available; will retry on subsequent port and subnet creation events.
2026-07-24 18:43:05.088 10 INFO neutron.wsgi [req-8ac0c7e2-40c1-40aa-84ac-cf1c6d4ab8b7 req-0be18db1-8e0c-4902-9b7d-ca496897f553 c3d0e50c5d6a484e911575072f0ff98a e7be551aaa3142ae87a76b5b92575366 - - default default] 10.0.0.3 "GET /v2.0/security-groups?id=fb78c6b5-aff8-4a0e-b40b-8feb25b2026e&fields=id&fields=name HTTP/1.1" status: 200 len: 286 time: 0.0618682
2026-07-24 18:43:05.172 10 INFO neutron.db.ovn_revision_numbers_db [None req-c8523ae5-a022-4fc2-9558-abf4593524af d2c9ee82f73f422dbe586849938de0ab d00fccf883134ece88392918b3b00d25 - - default default] Successfully bumped revision number for resource 78d6e4b7-3718-4bc2-b788-33c011ce73ea (type: ports) to 1
2026-07-24 18:43:05.354 9 WARNING neutron.scheduler.dhcp_agent_scheduler [None req-74d67dd0-c4a6-4257-adc4-423713c24ad9 c8e9c6876d214fc4a78e1a26c0aa3db1 4c63e8f5982148a8892ff11c7f90d26c - - - -] No more DHCP agents
2026-07-24 18:43:05.357 9 WARNING neutron.api.rpc.agentnotifiers.dhcp_rpc_agent_api [None req-74d67dd0-c4a6-4257-adc4-423713c24ad9 c8e9c6876d214fc4a78e1a26c0aa3db1 4c63e8f5982148a8892ff11c7f90d26c - - - -] Unable to schedule network 9edd62f8-6081-4780-bbb7-f7b6619461a6: no agents available; will retry on subsequent port and subnet creation events.
2026-07-24 18:43:05.575 10 INFO neutron.db.ovn_revision_numbers_db [None req-c8523ae5-a022-4fc2-9558-abf4593524af d2c9ee82f73f422dbe586849938de0ab d00fccf883134ece88392918b3b00d25 - - default default] Successfully bumped revision number for resource 78d6e4b7-3718-4bc2-b788-33c011ce73ea (type: router_ports) to 2
2026-07-24 18:43:05.693 10 INFO neutron.db.ovn_revision_numbers_db [None req-c8523ae5-a022-4fc2-9558-abf4593524af d2c9ee82f73f422dbe586849938de0ab d00fccf883134ece88392918b3b00d25 - - default default] Successfully bumped revision number for resource 78d6e4b7-3718-4bc2-b788-33c011ce73ea (type: ports) to 2
2026-07-24 18:43:05.703 9 INFO neutron.db.ovn_revision_numbers_db [None req-74d67dd0-c4a6-4257-adc4-423713c24ad9 c8e9c6876d214fc4a78e1a26c0aa3db1 4c63e8f5982148a8892ff11c7f90d26c - - - -] Successfully bumped revision number for resource b166ab4d-13d7-40e1-a003-786d9ab60555 (type: floatingips) to 0
2026-07-24 18:43:05.718 9 INFO neutron.wsgi [None req-74d67dd0-c4a6-4257-adc4-423713c24ad9 c8e9c6876d214fc4a78e1a26c0aa3db1 4c63e8f5982148a8892ff11c7f90d26c - - - -] 10.0.0.195 "POST /v2.0/floatingips HTTP/1.1" status: 201 len: 751 time: 0.6767423
2026-07-24 18:43:05.769 10 WARNING neutron.plugins.ml2.drivers.ovn.mech_driver.ovsdb.ovn_client [None req-7df97af8-123e-4e21-8433-8871f533c43c - - - - - -] No hosting information found for port 3a80e6da-c05c-4714-bb64-c256ac1e2bdd: RuntimeError: No hosting information found for port 3a80e6da-c05c-4714-bb64-c256ac1e2bdd
2026-07-24 18:43:05.770 10 INFO neutron.plugins.ml2.drivers.ovn.mech_driver.mech_driver [None req-7df97af8-123e-4e21-8433-8871f533c43c - - - - - -] OVN reports status up for port: dd799a1c-8aa1-4cb3-b8a9-bbe48dbdedc2
2026-07-24 18:43:05.782 10 WARNING neutron.scheduler.dhcp_agent_scheduler [None req-c8523ae5-a022-4fc2-9558-abf4593524af d2c9ee82f73f422dbe586849938de0ab d00fccf883134ece88392918b3b00d25 - - default default] No more DHCP agents
2026-07-24 18:43:05.783 10 WARNING neutron.api.rpc.agentnotifiers.dhcp_rpc_agent_api [None req-c8523ae5-a022-4fc2-9558-abf4593524af d2c9ee82f73f422dbe586849938de0ab d00fccf883134ece88392918b3b00d25 - - default default] Unable to schedule network 918fcf78-c22d-4c18-a1ba-64fba8ecccc7: no agents available; will retry on subsequent port and subnet creation events.
2026-07-24 18:43:05.799 10 INFO neutron.plugins.ml2.plugin [None req-7df97af8-123e-4e21-8433-8871f533c43c - - - - - -] Attempt 1 to provision port dd799a1c-8aa1-4cb3-b8a9-bbe48dbdedc2
2026-07-24 18:43:06.212 10 INFO neutron.wsgi [req-700704a2-18ab-4abf-b11d-62257ae76dc9 req-78494c9f-949d-4483-ad65-e989252fd27e c8e9c6876d214fc4a78e1a26c0aa3db1 4c63e8f5982148a8892ff11c7f90d26c - - default default] 10.0.0.3 "GET /v2.0/security-groups?name=tempest-securitygroup--1149769668&fields=id&tenant_id=4c63e8f5982148a8892ff11c7f90d26c HTTP/1.1" status: 200 len: 267 time: 0.3993297
2026-07-24 18:43:06.261 10 INFO neutron.wsgi [req-a26539d4-ff23-48b8-a96e-5541029fe618 req-90ca1ad1-89f6-41d6-a64d-ae7a604af2c5 c3d0e50c5d6a484e911575072f0ff98a e7be551aaa3142ae87a76b5b92575366 - - default default] 10.0.0.3 "GET /v2.0/ports?device_id=862e6b24-78a1-419b-9b24-14a33265af7c HTTP/1.1" status: 200 len: 1168 time: 0.0609710
2026-07-24 18:43:06.311 10 INFO neutron.wsgi [req-700704a2-18ab-4abf-b11d-62257ae76dc9 req-397e58b7-cfea-4a33-812d-f5d6e8b34afd c8e9c6876d214fc4a78e1a26c0aa3db1 4c63e8f5982148a8892ff11c7f90d26c - - default default] 10.0.0.3 "GET /v2.0/security-groups?name=tempest-secgroup-smoke-1849675596&fields=id&tenant_id=4c63e8f5982148a8892ff11c7f90d26c HTTP/1.1" status: 200 len: 267 time: 0.0862064
2026-07-24 18:43:06.352 10 INFO neutron.wsgi [req-a26539d4-ff23-48b8-a96e-5541029fe618 req-8c4f7c0d-337f-42d8-96a4-3ebd73f012ec c3d0e50c5d6a484e911575072f0ff98a e7be551aaa3142ae87a76b5b92575366 - - default default] 10.0.0.3 "GET /v2.0/security-groups?id=fb78c6b5-aff8-4a0e-b40b-8feb25b2026e&fields=id&fields=name HTTP/1.1" status: 200 len: 286 time: 0.0816913
2026-07-24 18:43:06.364 10 INFO neutron.plugins.ml2.drivers.ovn.mech_driver.mech_driver [None req-7df97af8-123e-4e21-8433-8871f533c43c - - - - - -] OVN reports status up for port: 78d6e4b7-3718-4bc2-b788-33c011ce73ea
2026-07-24 18:43:06.382 10 INFO neutron.plugins.ml2.plugin [None req-7df97af8-123e-4e21-8433-8871f533c43c - - - - - -] Attempt 1 to provision port 78d6e4b7-3718-4bc2-b788-33c011ce73ea
2026-07-24 18:43:06.417 10 INFO neutron.db.ovn_revision_numbers_db [None req-c8523ae5-a022-4fc2-9558-abf4593524af d2c9ee82f73f422dbe586849938de0ab d00fccf883134ece88392918b3b00d25 - - - -] Successfully bumped revision number for resource 78d6e4b7-3718-4bc2-b788-33c011ce73ea (type: router_ports) to 2
2026-07-24 18:43:06.419 10 INFO neutron.wsgi [None req-c8523ae5-a022-4fc2-9558-abf4593524af d2c9ee82f73f422dbe586849938de0ab d00fccf883134ece88392918b3b00d25 - - - -] 10.0.0.195 "PUT /v2.0/routers/0052fe0f-f350-4a3f-8324-3a1bf61137d8/add_router_interface HTTP/1.1" status: 200 len: 503 time: 1.9198916
2026-07-24 18:43:06.430 10 INFO neutron.wsgi [req-700704a2-18ab-4abf-b11d-62257ae76dc9 req-ef527a4d-6614-4016-9d1b-b180ab6b8f8c c8e9c6876d214fc4a78e1a26c0aa3db1 4c63e8f5982148a8892ff11c7f90d26c - - default default] 10.0.0.3 "GET /v2.0/networks?id=019b5db0-7a14-4b8a-a9f8-597e09bb9f4e HTTP/1.1" status: 200 len: 871 time: 0.1041198
2026-07-24 18:43:06.455 10 INFO neutron.wsgi [req-700704a2-18ab-4abf-b11d-62257ae76dc9 req-f51a197b-547d-4a92-9904-51ba034fede4 c8e9c6876d214fc4a78e1a26c0aa3db1 4c63e8f5982148a8892ff11c7f90d26c - - default default] 10.0.0.3 "GET /v2.0/quotas/4c63e8f5982148a8892ff11c7f90d26c HTTP/1.1" status: 200 len: 386 time: 0.0161357
2026-07-24 18:43:06.524 9 INFO neutron.wsgi [None req-85278e77-7f78-4a39-b1d2-2360694ddddf d2c9ee82f73f422dbe586849938de0ab d00fccf883134ece88392918b3b00d25 - - default default] 10.0.0.195 "GET /v2.0/ports/78d6e4b7-3718-4bc2-b788-33c011ce73ea HTTP/1.1" status: 200 len: 1139 time: 0.0984342
2026-07-24 18:43:06.566 9 INFO neutron.wsgi [None req-0f406471-a286-400b-aba7-8bf25967185f d2c9ee82f73f422dbe586849938de0ab d00fccf883134ece88392918b3b00d25 - - default default] 10.0.0.195 "GET /v2.0/ports/78d6e4b7-3718-4bc2-b788-33c011ce73ea HTTP/1.1" status: 200 len: 1141 time: 0.0351038
2026-07-24 18:43:06.595 10 INFO neutron.wsgi [req-700704a2-18ab-4abf-b11d-62257ae76dc9 req-5ed4eef2-d9c1-456b-b40d-48184f9686d3 c8e9c6876d214fc4a78e1a26c0aa3db1 4c63e8f5982148a8892ff11c7f90d26c - - default default] 10.0.0.3 "GET /v2.0/ports?tenant_id=4c63e8f5982148a8892ff11c7f90d26c&fields=id HTTP/1.1" status: 200 len: 302 time: 0.1203847
2026-07-24 18:43:06.728 10 INFO neutron.wsgi [req-700704a2-18ab-4abf-b11d-62257ae76dc9 req-7513e6be-a598-4280-8315-c01119095a73 de74f2d4048c4ef78082d00e49736666 e2f20cd3df98453099bf504f9832b7c6 - - 6674caebc00f4e4b9a9fcb8cf9107f20 6674caebc00f4e4b9a9fcb8cf9107f20] 10.0.0.3 "GET /v2.0/networks/019b5db0-7a14-4b8a-a9f8-597e09bb9f4e?fields=segments HTTP/1.1" status: 200 len: 212 time: 0.1138470
2026-07-24 18:43:06.795 10 INFO neutron.db.ovn_revision_numbers_db [None req-7df97af8-123e-4e21-8433-8871f533c43c - - - - - -] Successfully bumped revision number for resource 78d6e4b7-3718-4bc2-b788-33c011ce73ea (type: ports) to 3
2026-07-24 18:43:06.858 10 INFO neutron.wsgi [req-700704a2-18ab-4abf-b11d-62257ae76dc9 req-fc7c6106-d1ea-40ac-ab55-4d7f3f756643 de74f2d4048c4ef78082d00e49736666 e2f20cd3df98453099bf504f9832b7c6 - - 6674caebc00f4e4b9a9fcb8cf9107f20 6674caebc00f4e4b9a9fcb8cf9107f20] 10.0.0.3 "GET /v2.0/networks/019b5db0-7a14-4b8a-a9f8-597e09bb9f4e?fields=provider%3Aphysical_network&fields=provider%3Anetwork_type HTTP/1.1" status: 200 len: 277 time: 0.1165347
2026-07-24 18:43:06.936 10 INFO neutron.db.ovn_revision_numbers_db [None req-7df97af8-123e-4e21-8433-8871f533c43c - - - - - -] Successfully bumped revision number for resource 78d6e4b7-3718-4bc2-b788-33c011ce73ea (type: router_ports) to 3
2026-07-24 18:43:07.046 10 INFO neutron.wsgi [req-5fc050ee-b8b1-41b1-807a-e50c71395508 req-88894efa-a51f-40b6-9def-681180a85aed c8e9c6876d214fc4a78e1a26c0aa3db1 4c63e8f5982148a8892ff11c7f90d26c - - default default] 10.0.0.3 "GET /v2.0/ports?device_id=9e1cfca4-e41b-4762-8413-c7c4dbbf1138 HTTP/1.1" status: 200 len: 210 time: 0.0373745
2026-07-24 18:43:07.338 9 INFO neutron.wsgi [None req-27e76b39-3189-43a8-9277-7f717f3793eb d2c9ee82f73f422dbe586849938de0ab d00fccf883134ece88392918b3b00d25 - - - -] 10.0.0.195 "PUT /v2.0/routers/0052fe0f-f350-4a3f-8324-3a1bf61137d8/remove_router_interface HTTP/1.1" status: 200 len: 503 time: 0.7649047 /var/lib/openstack/lib/python3.10/site-packages/pycadf/identifier.py:71: UserWarning: Invalid uuid: neutron. To ensure interoperability, identifiers should be a valid uuid. warnings.warn(('Invalid uuid: %s. To ensure interoperability, '
2026-07-24 18:43:07.377 9 INFO neutron.wsgi [None req-7d8773b8-1577-48f3-96d5-7d47454d486d d2c9ee82f73f422dbe586849938de0ab d00fccf883134ece88392918b3b00d25 - - default default] 10.0.0.195 "GET /v2.0/ports?device_id=0052fe0f-f350-4a3f-8324-3a1bf61137d8 HTTP/1.1" status: 200 len: 205 time: 0.0329297
2026-07-24 18:43:07.467 10 INFO neutron.wsgi [req-732e7bed-10e8-4994-a3dd-b75fe2b2c4d2 req-959fa7fa-c858-4072-a3b6-9e0395c15cfd c3d0e50c5d6a484e911575072f0ff98a e7be551aaa3142ae87a76b5b92575366 - - default default] 10.0.0.3 "GET /v2.0/ports?device_id=862e6b24-78a1-419b-9b24-14a33265af7c HTTP/1.1" status: 200 len: 1168 time: 0.0420353
2026-07-24 18:43:07.515 10 INFO neutron.wsgi [req-732e7bed-10e8-4994-a3dd-b75fe2b2c4d2 req-18caf036-d1ef-491b-8a99-f50c82da0337 c3d0e50c5d6a484e911575072f0ff98a e7be551aaa3142ae87a76b5b92575366 - - default default] 10.0.0.3 "GET /v2.0/security-groups?id=fb78c6b5-aff8-4a0e-b40b-8feb25b2026e&fields=id&fields=name HTTP/1.1" status: 200 len: 286 time: 0.0413167
2026-07-24 18:43:07.518 9 WARNING neutron.plugins.ml2.drivers.ovn.mech_driver.ovsdb.ovn_client [None req-446a6c98-7e52-4e02-ad18-1bd5f30e1b9e - - - - - -] No hosting information found for port 5086d724-4deb-4921-bde6-c1105c4ae8bd: RuntimeError: No hosting information found for port 5086d724-4deb-4921-bde6-c1105c4ae8bd
2026-07-24 18:43:07.518 9 INFO neutron.plugins.ml2.drivers.ovn.mech_driver.mech_driver [None req-446a6c98-7e52-4e02-ad18-1bd5f30e1b9e - - - - - -] OVN reports status up for port: e3fb582e-ebb0-4f84-a890-f8a13b8ea706
2026-07-24 18:43:07.557 9 INFO neutron.plugins.ml2.plugin [None req-446a6c98-7e52-4e02-ad18-1bd5f30e1b9e - - - - - -] Attempt 1 to provision port e3fb582e-ebb0-4f84-a890-f8a13b8ea706
2026-07-24 18:43:07.701 9 INFO neutron.wsgi [None req-9b362024-3a94-4c6f-bccf-9622e98ecf55 d2c9ee82f73f422dbe586849938de0ab d00fccf883134ece88392918b3b00d25 - - - -] 10.0.0.195 "DELETE /v2.0/routers/0052fe0f-f350-4a3f-8324-3a1bf61137d8 HTTP/1.1" status: 204 len: 168 time: 0.2991025
2026-07-24 18:43:07.767 9 INFO neutron.notifiers.nova [-] Nova event matching ['req-f9c38819-60c6-49d0-a6e7-41709e319e24'] response: {'server_uuid': '862e6b24-78a1-419b-9b24-14a33265af7c', 'name': 'network-vif-plugged', 'status': 'completed', 'tag': 'e3fb582e-ebb0-4f84-a890-f8a13b8ea706', 'code': 200}
2026-07-24 18:43:07.979 10 INFO neutron.wsgi [None req-e8b494e4-0388-43b0-83c6-fd8e3dfb0c3a d2c9ee82f73f422dbe586849938de0ab d00fccf883134ece88392918b3b00d25 - - - -] 10.0.0.195 "DELETE /v2.0/subnets/95aea37c-cb4a-4bfa-880c-b63779ae04de HTTP/1.1" status: 204 len: 168 time: 0.2694826
2026-07-24 18:43:07.985 9 INFO neutron.wsgi [req-700704a2-18ab-4abf-b11d-62257ae76dc9 req-3e7e3f19-f671-4af3-8a8f-a3d10343018e c8e9c6876d214fc4a78e1a26c0aa3db1 4c63e8f5982148a8892ff11c7f90d26c - - default default] 199.19.213.152 "GET /v2.0/networks?id=019b5db0-7a14-4b8a-a9f8-597e09bb9f4e HTTP/1.1" status: 200 len: 871 time: 0.1713064
2026-07-24 18:43:08.102 9 INFO neutron.wsgi [req-700704a2-18ab-4abf-b11d-62257ae76dc9 req-97ef39a1-5c7a-45af-8056-57aaca142455 c8e9c6876d214fc4a78e1a26c0aa3db1 4c63e8f5982148a8892ff11c7f90d26c - - default default] 199.19.213.152 "GET /v2.0/security-groups?fields=id&fields=name&tenant_id=4c63e8f5982148a8892ff11c7f90d26c HTTP/1.1" status: 200 len: 473 time: 0.1069143
2026-07-24 18:43:08.111 9 INFO neutron.db.ovn_revision_numbers_db [None req-446a6c98-7e52-4e02-ad18-1bd5f30e1b9e - - - - - -] Successfully bumped revision number for resource e3fb582e-ebb0-4f84-a890-f8a13b8ea706 (type: ports) to 4
2026-07-24 18:43:08.157 10 INFO neutron.wsgi [req-4a08aea7-5819-4489-87c4-595abc33f38a req-4fe16619-0337-4991-b28e-3bf81c6bf731 c8e9c6876d214fc4a78e1a26c0aa3db1 4c63e8f5982148a8892ff11c7f90d26c - - default default] 10.0.0.3 "GET /v2.0/ports?device_id=9e1cfca4-e41b-4762-8413-c7c4dbbf1138 HTTP/1.1" status: 200 len: 210 time: 0.0342002
2026-07-24 18:43:08.476 10 INFO neutron.services.segments.plugin [-] Segment 3c6343c0-5a22-4602-9d9d-8ca87bbaab2f resource provider aggregate not found
2026-07-24 18:43:08.483 10 INFO neutron.services.segments.plugin [-] Segment 3c6343c0-5a22-4602-9d9d-8ca87bbaab2f resource provider aggregate not found
2026-07-24 18:43:08.517 10 INFO neutron.services.segments.plugin [-] Segment 3c6343c0-5a22-4602-9d9d-8ca87bbaab2f resource provider not found; error: Placement Client Error (4xx): {"errors": [{"status": 404, "title": "Not Found", "detail": "The resource could not be found.\n\n No resource provider with uuid 3c6343c0-5a22-4602-9d9d-8ca87bbaab2f found for delete ", "request_id": "req-655b9566-42fa-4cda-b219-d4fab3555675"}]}
2026-07-24 18:43:08.518 10 INFO neutron.services.segments.plugin [-] Segment 3c6343c0-5a22-4602-9d9d-8ca87bbaab2f resource provider not found; error: Placement Client Error (4xx): {"errors": [{"status": 404, "title": "Not Found", "detail": "The resource could not be found.\n\n No resource provider with uuid 3c6343c0-5a22-4602-9d9d-8ca87bbaab2f found for delete ", "request_id": "req-3ead501b-5f32-4d3b-bf7c-5b5808f7e90b"}]}
2026-07-24 18:43:08.552 10 INFO neutron.wsgi [None req-b71a76bd-6174-4ec9-8443-778594c3069e d2c9ee82f73f422dbe586849938de0ab d00fccf883134ece88392918b3b00d25 - - - -] 10.0.0.195 "DELETE /v2.0/networks/918fcf78-c22d-4c18-a1ba-64fba8ecccc7 HTTP/1.1" status: 204 len: 168 time: 0.5617986
2026-07-24 18:43:08.630 10 INFO neutron.wsgi [req-96f2f0a6-a532-4bc4-a7de-a5dc85f911ae req-f6123168-adde-450d-99ce-bb95057bca63 c3d0e50c5d6a484e911575072f0ff98a e7be551aaa3142ae87a76b5b92575366 - - default default] 10.0.0.3 "GET /v2.0/ports?device_id=862e6b24-78a1-419b-9b24-14a33265af7c HTTP/1.1" status: 200 len: 1170 time: 0.0469074
2026-07-24 18:43:08.756 10 INFO neutron.wsgi [req-96f2f0a6-a532-4bc4-a7de-a5dc85f911ae req-88ae3bb4-a57c-4617-a690-7cb450887267 c3d0e50c5d6a484e911575072f0ff98a e7be551aaa3142ae87a76b5b92575366 - - default default] 10.0.0.3 "GET /v2.0/security-groups?id=fb78c6b5-aff8-4a0e-b40b-8feb25b2026e&fields=id&fields=name HTTP/1.1" status: 200 len: 286 time: 0.0994797
2026-07-24 18:43:09.009 10 INFO neutron.db.ovn_revision_numbers_db [None req-b3bcc1d2-5d3d-4f3e-b67c-38ba5cac16b7 4890c4d4baa54207ae3978b8fd430ab7 cf8e5c53b3224182b21ed6d845174640 - - - -] Successfully bumped revision number for resource ecacfa36-ccf8-443a-94b1-49391201ea0c (type: routers) to 1
2026-07-24 18:43:09.027 9 WARNING neutron.scheduler.dhcp_agent_scheduler [None req-cc6dc87c-95fe-4777-bff9-766f0fd54b9e c8e9c6876d214fc4a78e1a26c0aa3db1 4c63e8f5982148a8892ff11c7f90d26c - - - -] No more DHCP agents
2026-07-24 18:43:09.029 9 WARNING neutron.api.rpc.agentnotifiers.dhcp_rpc_agent_api [None req-cc6dc87c-95fe-4777-bff9-766f0fd54b9e c8e9c6876d214fc4a78e1a26c0aa3db1 4c63e8f5982148a8892ff11c7f90d26c - - - -] Unable to schedule network 019b5db0-7a14-4b8a-a9f8-597e09bb9f4e: no agents available; will retry on subsequent port and subnet creation events.
2026-07-24 18:43:09.054 10 INFO neutron.wsgi [None req-b3bcc1d2-5d3d-4f3e-b67c-38ba5cac16b7 4890c4d4baa54207ae3978b8fd430ab7 cf8e5c53b3224182b21ed6d845174640 - - - -] 10.0.0.195 "POST /v2.0/routers HTTP/1.1" status: 201 len: 654 time: 0.5635664
2026-07-24 18:43:09.180 9 INFO neutron.wsgi [-] 10.0.0.75 "GET / HTTP/1.1" status: 200 len: 246 time: 0.0020936
2026-07-24 18:43:09.182 9 INFO neutron.wsgi [-] 10.0.0.75 "GET / HTTP/1.1" status: 200 len: 246 time: 0.0009201
2026-07-24 18:43:09.230 9 INFO neutron.plugins.ml2.drivers.ovn.mech_driver.mech_driver [None req-446a6c98-7e52-4e02-ad18-1bd5f30e1b9e - - - - - -] OVN reports status down for port: e3fb582e-ebb0-4f84-a890-f8a13b8ea706
2026-07-24 18:43:09.238 9 INFO neutron.db.ovn_revision_numbers_db [None req-cc6dc87c-95fe-4777-bff9-766f0fd54b9e c8e9c6876d214fc4a78e1a26c0aa3db1 4c63e8f5982148a8892ff11c7f90d26c - - - -] Successfully bumped revision number for resource 3d37e205-0d6a-482c-b925-3fb15e024925 (type: ports) to 1
2026-07-24 18:43:09.284 9 INFO neutron.wsgi [None req-cc6dc87c-95fe-4777-bff9-766f0fd54b9e c8e9c6876d214fc4a78e1a26c0aa3db1 4c63e8f5982148a8892ff11c7f90d26c - - - -] 199.19.213.152 "POST /v2.0/ports HTTP/1.1" status: 201 len: 1197 time: 1.1302617 /var/lib/openstack/lib/python3.10/site-packages/pycadf/identifier.py:71: UserWarning: Invalid uuid: neutron. To ensure interoperability, identifiers should be a valid uuid. warnings.warn(('Invalid uuid: %s. To ensure interoperability, '
2026-07-24 18:43:09.748 9 INFO neutron.wsgi [req-e9fc2bc6-52d8-4778-b2b5-6f0d7bdccade req-fa792ffe-050a-4c1e-9697-e8faa32f1c8e c3d0e50c5d6a484e911575072f0ff98a e7be551aaa3142ae87a76b5b92575366 - - default default] 199.19.213.152 "GET /v2.0/ports?device_id=862e6b24-78a1-419b-9b24-14a33265af7c HTTP/1.1" status: 200 len: 1168 time: 0.2524502
2026-07-24 18:43:09.787 10 INFO neutron.wsgi [req-54bd6640-5339-4122-9d1f-6ef56f4aa0cf req-61b7751c-828b-44e6-bdf4-48b837aa642e c8e9c6876d214fc4a78e1a26c0aa3db1 4c63e8f5982148a8892ff11c7f90d26c - - default default] 10.0.0.3 "GET /v2.0/ports?device_id=9e1cfca4-e41b-4762-8413-c7c4dbbf1138 HTTP/1.1" status: 200 len: 1195 time: 0.5235753
2026-07-24 18:43:09.870 10 INFO neutron.wsgi [req-11fe8a65-10ea-414c-aeec-a52a27865cbe req-0dc4b95c-bd5c-41bd-a1d7-bb11a1ca2135 c3d0e50c5d6a484e911575072f0ff98a e7be551aaa3142ae87a76b5b92575366 - - default default] 10.0.0.3 "GET /v2.0/ports?device_id=862e6b24-78a1-419b-9b24-14a33265af7c HTTP/1.1" status: 200 len: 1170 time: 0.7057891
2026-07-24 18:43:09.929 10 INFO neutron.wsgi [req-54bd6640-5339-4122-9d1f-6ef56f4aa0cf req-3d4b7dd1-554a-4bca-b0c3-c0c2725799f8 c8e9c6876d214fc4a78e1a26c0aa3db1 4c63e8f5982148a8892ff11c7f90d26c - - default default] 10.0.0.3 "GET /v2.0/security-groups?id=4d4cf0e5-0458-4c82-89d0-187697c2f702&id=45decb29-5f4d-4551-b281-e766d9501beb&fields=id&fields=name HTTP/1.1" status: 200 len: 406 time: 0.1256132
2026-07-24 18:43:09.938 10 INFO neutron.db.ovn_revision_numbers_db [None req-9d8cc3f6-6d1a-4d17-997b-43fc13534d55 4890c4d4baa54207ae3978b8fd430ab7 cf8e5c53b3224182b21ed6d845174640 - - - -] Successfully bumped revision number for resource cf854677-9417-4e99-a503-239ab07ce81b (type: routers) to 1
2026-07-24 18:43:09.980 10 INFO neutron.wsgi [req-11fe8a65-10ea-414c-aeec-a52a27865cbe req-524aa402-8e8f-420b-aacf-78183fc95a1c c3d0e50c5d6a484e911575072f0ff98a e7be551aaa3142ae87a76b5b92575366 - - default default] 10.0.0.3 "GET /v2.0/security-groups?id=fb78c6b5-aff8-4a0e-b40b-8feb25b2026e&fields=id&fields=name HTTP/1.1" status: 200 len: 286 time: 0.0855534
2026-07-24 18:43:09.997 10 INFO neutron.wsgi [None req-9d8cc3f6-6d1a-4d17-997b-43fc13534d55 4890c4d4baa54207ae3978b8fd430ab7 cf8e5c53b3224182b21ed6d845174640 - - - -] 10.0.0.195 "POST /v2.0/routers HTTP/1.1" status: 201 len: 654 time: 0.9353673
2026-07-24 18:43:10.012 9 INFO neutron.db.ovn_revision_numbers_db [None req-446a6c98-7e52-4e02-ad18-1bd5f30e1b9e - - - - - -] Successfully bumped revision number for resource e3fb582e-ebb0-4f84-a890-f8a13b8ea706 (type: ports) to 5
2026-07-24 18:43:10.019 9 INFO neutron.notifiers.nova [-] Nova event matching ['req-1e7345b0-bdae-4c8c-a6bf-4eb20229d514'] response: {'server_uuid': '862e6b24-78a1-419b-9b24-14a33265af7c', 'name': 'network-vif-plugged', 'status': 'completed', 'tag': 'e3fb582e-ebb0-4f84-a890-f8a13b8ea706', 'code': 200}
2026-07-24 18:43:10.019 9 INFO neutron.notifiers.nova [-] Nova event matching ['req-1e7345b0-bdae-4c8c-a6bf-4eb20229d514'] response: {'server_uuid': '862e6b24-78a1-419b-9b24-14a33265af7c', 'name': 'network-vif-unplugged', 'status': 'completed', 'tag': 'e3fb582e-ebb0-4f84-a890-f8a13b8ea706', 'code': 200}
2026-07-24 18:43:10.068 10 WARNING neutron.scheduler.dhcp_agent_scheduler [None req-c2c557b3-e2af-4a2d-b2dc-a2bdee2caa79 d2c9ee82f73f422dbe586849938de0ab d00fccf883134ece88392918b3b00d25 - - - -] No more DHCP agents
2026-07-24 18:43:10.074 10 WARNING neutron.api.rpc.agentnotifiers.dhcp_rpc_agent_api [None req-c2c557b3-e2af-4a2d-b2dc-a2bdee2caa79 d2c9ee82f73f422dbe586849938de0ab d00fccf883134ece88392918b3b00d25 - - - -] Unable to schedule network 9edd62f8-6081-4780-bbb7-f7b6619461a6: no agents available; will retry on subsequent port and subnet creation events.
