2026-07-24 18:46:28.542 9 INFO neutron.wsgi [req-3992ba11-8bce-44ba-b3e9-23457148cec1 req-12be313a-e50a-492a-92da-2a1ee27d23c0 de74f2d4048c4ef78082d00e49736666 e2f20cd3df98453099bf504f9832b7c6 - - 6674caebc00f4e4b9a9fcb8cf9107f20 6674caebc00f4e4b9a9fcb8cf9107f20] 199.19.213.152 "GET /v2.0/networks/e7756b86-b74d-414b-954f-afa6675857f7?fields=provider%3Aphysical_network&fields=provider%3Anetwork_type HTTP/1.1" status: 200 len: 277 time: 0.0758998
2026-07-24 18:46:28.594 9 INFO neutron.wsgi [req-3992ba11-8bce-44ba-b3e9-23457148cec1 req-b559e47f-776d-45b4-9112-bc0e44f8cd3b de74f2d4048c4ef78082d00e49736666 e2f20cd3df98453099bf504f9832b7c6 - - 6674caebc00f4e4b9a9fcb8cf9107f20 6674caebc00f4e4b9a9fcb8cf9107f20] 199.19.213.152 "GET /v2.0/floatingips?fixed_ip_address=10.1.1.243&port_id=e5cfa182-51ab-4cd3-8a6e-5650c59e88c6 HTTP/1.1" status: 200 len: 217 time: 0.0385580
2026-07-24 18:46:28.639 9 INFO neutron.wsgi [req-3992ba11-8bce-44ba-b3e9-23457148cec1 req-178bd256-14fb-4a56-af3b-d500740c3129 de74f2d4048c4ef78082d00e49736666 e2f20cd3df98453099bf504f9832b7c6 - - 6674caebc00f4e4b9a9fcb8cf9107f20 6674caebc00f4e4b9a9fcb8cf9107f20] 199.19.213.152 "GET /v2.0/subnets?id=ee39d9dc-ddf4-4faf-8281-5be3a07a54df HTTP/1.1" status: 200 len: 854 time: 0.0403955
2026-07-24 18:46:28.676 9 INFO neutron.wsgi [req-3992ba11-8bce-44ba-b3e9-23457148cec1 req-388ca030-7f2a-400d-a558-647d01f93cd2 de74f2d4048c4ef78082d00e49736666 e2f20cd3df98453099bf504f9832b7c6 - - 6674caebc00f4e4b9a9fcb8cf9107f20 6674caebc00f4e4b9a9fcb8cf9107f20] 199.19.213.152 "GET /v2.0/ports?network_id=5b481b60-38a6-4663-bf1c-aab2c0a128a5&device_owner=network%3Adhcp HTTP/1.1" status: 200 len: 210 time: 0.0295343
2026-07-24 18:46:28.773 9 INFO neutron.wsgi [req-3992ba11-8bce-44ba-b3e9-23457148cec1 req-ada9eb71-fb1a-4c7b-9d56-c08ebe05f84c de74f2d4048c4ef78082d00e49736666 e2f20cd3df98453099bf504f9832b7c6 - - 6674caebc00f4e4b9a9fcb8cf9107f20 6674caebc00f4e4b9a9fcb8cf9107f20] 199.19.213.152 "GET /v2.0/networks/5b481b60-38a6-4663-bf1c-aab2c0a128a5?fields=segments HTTP/1.1" status: 200 len: 212 time: 0.0896070
2026-07-24 18:46:28.847 9 INFO neutron.wsgi [req-3992ba11-8bce-44ba-b3e9-23457148cec1 req-dd349fb0-8609-4bf6-b4b3-e28aeb98d193 de74f2d4048c4ef78082d00e49736666 e2f20cd3df98453099bf504f9832b7c6 - - 6674caebc00f4e4b9a9fcb8cf9107f20 6674caebc00f4e4b9a9fcb8cf9107f20] 199.19.213.152 "GET /v2.0/networks/5b481b60-38a6-4663-bf1c-aab2c0a128a5?fields=provider%3Aphysical_network&fields=provider%3Anetwork_type HTTP/1.1" status: 200 len: 277 time: 0.0675097
2026-07-24 18:46:28.948 9 INFO neutron.wsgi [req-75f8258e-e323-45c7-8e94-49c1ef310fd3 req-c641c54e-2769-45e4-afab-308420fb57b7 de74f2d4048c4ef78082d00e49736666 e2f20cd3df98453099bf504f9832b7c6 - - 6674caebc00f4e4b9a9fcb8cf9107f20 6674caebc00f4e4b9a9fcb8cf9107f20] 199.19.213.152 "GET /v2.0/ports?tenant_id=8498dd98b53f466e81ae586547e94771&device_id=4e490256-84d2-4eb8-a065-e82646933293 HTTP/1.1" status: 200 len: 2569 time: 0.0480266
2026-07-24 18:46:28.970 10 INFO neutron.plugins.ml2.drivers.ovn.mech_driver.mech_driver [None req-7df97af8-123e-4e21-8433-8871f533c43c - - - - - -] OVN reports status up for port: e5cfa182-51ab-4cd3-8a6e-5650c59e88c6
2026-07-24 18:46:28.989 10 INFO neutron.plugins.ml2.plugin [None req-7df97af8-123e-4e21-8433-8871f533c43c - - - - - -] Attempt 1 to provision port e5cfa182-51ab-4cd3-8a6e-5650c59e88c6
2026-07-24 18:46:29.031 9 INFO neutron.wsgi [req-75f8258e-e323-45c7-8e94-49c1ef310fd3 req-a26dbc16-85be-4c44-85c1-0065de945c5c de74f2d4048c4ef78082d00e49736666 e2f20cd3df98453099bf504f9832b7c6 - - 6674caebc00f4e4b9a9fcb8cf9107f20 6674caebc00f4e4b9a9fcb8cf9107f20] 199.19.213.152 "GET /v2.0/networks?id=5b481b60-38a6-4663-bf1c-aab2c0a128a5 HTTP/1.1" status: 200 len: 1005 time: 0.0744267
2026-07-24 18:46:29.073 9 INFO neutron.wsgi [req-75f8258e-e323-45c7-8e94-49c1ef310fd3 req-9111a208-ea9e-43a0-a480-80cf1ade48e5 de74f2d4048c4ef78082d00e49736666 e2f20cd3df98453099bf504f9832b7c6 - - 6674caebc00f4e4b9a9fcb8cf9107f20 6674caebc00f4e4b9a9fcb8cf9107f20] 199.19.213.152 "GET /v2.0/floatingips?fixed_ip_address=10.1.1.243&port_id=e5cfa182-51ab-4cd3-8a6e-5650c59e88c6 HTTP/1.1" status: 200 len: 217 time: 0.0313787
2026-07-24 18:46:29.123 9 INFO neutron.wsgi [req-75f8258e-e323-45c7-8e94-49c1ef310fd3 req-aa45b93e-eed4-41dd-8ffd-b0eaedc1c948 de74f2d4048c4ef78082d00e49736666 e2f20cd3df98453099bf504f9832b7c6 - - 6674caebc00f4e4b9a9fcb8cf9107f20 6674caebc00f4e4b9a9fcb8cf9107f20] 199.19.213.152 "GET /v2.0/subnets?id=ee39d9dc-ddf4-4faf-8281-5be3a07a54df HTTP/1.1" status: 200 len: 854 time: 0.0401032
2026-07-24 18:46:29.162 9 INFO neutron.wsgi [req-75f8258e-e323-45c7-8e94-49c1ef310fd3 req-3e84022e-9292-4bf5-84c8-fb1a3742b940 de74f2d4048c4ef78082d00e49736666 e2f20cd3df98453099bf504f9832b7c6 - - 6674caebc00f4e4b9a9fcb8cf9107f20 6674caebc00f4e4b9a9fcb8cf9107f20] 199.19.213.152 "GET /v2.0/ports?network_id=5b481b60-38a6-4663-bf1c-aab2c0a128a5&device_owner=network%3Adhcp HTTP/1.1" status: 200 len: 210 time: 0.0309782
2026-07-24 18:46:29.179 10 INFO neutron.notifiers.nova [-] Nova event matching ['req-7bc8874e-dd43-444d-8c58-194fab47ab16'] response: {'server_uuid': '4e490256-84d2-4eb8-a065-e82646933293', 'name': 'network-vif-plugged', 'status': 'completed', 'tag': 'e5cfa182-51ab-4cd3-8a6e-5650c59e88c6', 'code': 200}
2026-07-24 18:46:29.205 10 INFO neutron.wsgi [req-3992ba11-8bce-44ba-b3e9-23457148cec1 req-e29637f6-46cb-401a-905a-fde61f1788e9 af6cf6b7229b4c9eace48dd4220164e4 8498dd98b53f466e81ae586547e94771 - - default default] 10.0.0.3 "GET /v2.0/ports/e5cfa182-51ab-4cd3-8a6e-5650c59e88c6 HTTP/1.1" status: 200 len: 1410 time: 0.0398965
2026-07-24 18:46:29.233 9 INFO neutron.wsgi [req-75f8258e-e323-45c7-8e94-49c1ef310fd3 req-2766f1cc-8d63-4171-8f77-e5d84bb901f9 de74f2d4048c4ef78082d00e49736666 e2f20cd3df98453099bf504f9832b7c6 - - 6674caebc00f4e4b9a9fcb8cf9107f20 6674caebc00f4e4b9a9fcb8cf9107f20] 199.19.213.152 "GET /v2.0/networks/5b481b60-38a6-4663-bf1c-aab2c0a128a5?fields=segments HTTP/1.1" status: 200 len: 212 time: 0.0659246
2026-07-24 18:46:29.312 9 INFO neutron.wsgi [req-75f8258e-e323-45c7-8e94-49c1ef310fd3 req-02a6eaf6-f6da-40af-b961-47952494d7ba de74f2d4048c4ef78082d00e49736666 e2f20cd3df98453099bf504f9832b7c6 - - 6674caebc00f4e4b9a9fcb8cf9107f20 6674caebc00f4e4b9a9fcb8cf9107f20] 199.19.213.152 "GET /v2.0/networks/5b481b60-38a6-4663-bf1c-aab2c0a128a5?fields=provider%3Aphysical_network&fields=provider%3Anetwork_type HTTP/1.1" status: 200 len: 277 time: 0.0699570
2026-07-24 18:46:29.358 10 INFO neutron.db.ovn_revision_numbers_db [None req-7df97af8-123e-4e21-8433-8871f533c43c - - - - - -] Successfully bumped revision number for resource e5cfa182-51ab-4cd3-8a6e-5650c59e88c6 (type: ports) to 4
2026-07-24 18:46:29.950 10 INFO neutron.db.ovn_revision_numbers_db [None req-d63f28f0-92f2-42bc-b1ca-4e4f0c447af2 af6cf6b7229b4c9eace48dd4220164e4 8498dd98b53f466e81ae586547e94771 - - - -] Successfully bumped revision number for resource e5cfa182-51ab-4cd3-8a6e-5650c59e88c6 (type: ports) to 5
2026-07-24 18:46:29.961 10 INFO neutron.wsgi [None req-d63f28f0-92f2-42bc-b1ca-4e4f0c447af2 af6cf6b7229b4c9eace48dd4220164e4 8498dd98b53f466e81ae586547e94771 - - - -] 199.19.213.152 "PUT /v2.0/ports/e5cfa182-51ab-4cd3-8a6e-5650c59e88c6 HTTP/1.1" status: 200 len: 1441 time: 0.7457197 /var/lib/openstack/lib/python3.10/site-packages/pycadf/identifier.py:71: UserWarning: Invalid uuid: neutron. To ensure interoperability, identifiers should be a valid uuid. warnings.warn(('Invalid uuid: %s. To ensure interoperability, '
2026-07-24 18:46:30.018 10 INFO neutron.wsgi [None req-29afa18b-e6f5-446a-8be8-d5e1d7dcc42b af6cf6b7229b4c9eace48dd4220164e4 8498dd98b53f466e81ae586547e94771 - - default default] 199.19.213.152 "GET /v2.0/security-groups?name=lb-0f3179b3-dd8b-425b-83af-1d98817b790f HTTP/1.1" status: 200 len: 1777 time: 0.0515110
2026-07-24 18:46:30.328 10 INFO neutron.db.ovn_revision_numbers_db [None req-249e3c38-4a0d-4588-bfdd-c19a6daffe29 af6cf6b7229b4c9eace48dd4220164e4 8498dd98b53f466e81ae586547e94771 - - - -] Successfully bumped revision number for resource e5cfa182-51ab-4cd3-8a6e-5650c59e88c6 (type: ports) to 6
2026-07-24 18:46:30.338 10 INFO neutron.wsgi [None req-249e3c38-4a0d-4588-bfdd-c19a6daffe29 af6cf6b7229b4c9eace48dd4220164e4 8498dd98b53f466e81ae586547e94771 - - - -] 199.19.213.152 "PUT /v2.0/ports/e5cfa182-51ab-4cd3-8a6e-5650c59e88c6 HTTP/1.1" status: 200 len: 1441 time: 0.3149364 /var/lib/openstack/lib/python3.10/site-packages/pycadf/identifier.py:71: UserWarning: Invalid uuid: neutron. To ensure interoperability, identifiers should be a valid uuid. warnings.warn(('Invalid uuid: %s. To ensure interoperability, '
2026-07-24 18:46:30.413 10 INFO neutron.wsgi [None req-ccba5f0c-0e7f-4c60-a320-48948d20a162 af6cf6b7229b4c9eace48dd4220164e4 8498dd98b53f466e81ae586547e94771 - - default default] 199.19.213.152 "GET /v2.0/extensions/security-group HTTP/1.1" status: 200 len: 369 time: 0.0072014
2026-07-24 18:46:30.424 10 INFO neutron.wsgi [None req-9c113a86-9ac7-4631-964d-67216803f7c4 af6cf6b7229b4c9eace48dd4220164e4 8498dd98b53f466e81ae586547e94771 - - default default] 199.19.213.152 "GET /v2.0/extensions/dns-integration HTTP/1.1" status: 200 len: 371 time: 0.0053391
2026-07-24 18:46:30.433 10 INFO neutron.wsgi [None req-91020f18-1f31-4a9c-8742-4ad8b036852d af6cf6b7229b4c9eace48dd4220164e4 8498dd98b53f466e81ae586547e94771 - - default default] 199.19.213.152 "GET /v2.0/extensions/qos HTTP/1.1" status: 200 len: 365 time: 0.0052893
2026-07-24 18:46:30.442 10 INFO neutron.wsgi [None req-fb731ccb-2bc3-4296-b13b-67482fd5bd38 af6cf6b7229b4c9eace48dd4220164e4 8498dd98b53f466e81ae586547e94771 - - default default] 199.19.213.152 "GET /v2.0/extensions/allowed-address-pairs HTTP/1.1" status: 200 len: 383 time: 0.0041697
2026-07-24 18:46:30.486 10 INFO neutron.wsgi [None req-ff474af6-c883-450b-9590-1c0fc57c40fc af6cf6b7229b4c9eace48dd4220164e4 8498dd98b53f466e81ae586547e94771 - - default default] 199.19.213.152 "GET /v2.0/subnets/ee39d9dc-ddf4-4faf-8281-5be3a07a54df HTTP/1.1" status: 200 len: 851 time: 0.0364509
2026-07-24 18:46:30.523 10 INFO neutron.wsgi [None req-44ef3046-a9b5-46f0-b169-ca77a5cb9d9b af6cf6b7229b4c9eace48dd4220164e4 8498dd98b53f466e81ae586547e94771 - - default default] 199.19.213.152 "GET /v2.0/ports/3044314e-2c55-4830-92a3-0badbebb990c HTTP/1.1" status: 200 len: 1324 time: 0.0315137
2026-07-24 18:46:30.558 10 INFO neutron.wsgi [None req-f2757c41-abe5-4912-ab80-7cbc8029e57b af6cf6b7229b4c9eace48dd4220164e4 8498dd98b53f466e81ae586547e94771 - - default default] 199.19.213.152 "GET /v2.0/ports/e5cfa182-51ab-4cd3-8a6e-5650c59e88c6 HTTP/1.1" status: 200 len: 1469 time: 0.0285578
2026-07-24 18:46:30.610 10 INFO neutron.wsgi [None req-b67d844f-b368-418f-9129-888aabbe74cb af6cf6b7229b4c9eace48dd4220164e4 8498dd98b53f466e81ae586547e94771 - - default default] 199.19.213.152 "GET /v2.0/subnets/ee39d9dc-ddf4-4faf-8281-5be3a07a54df HTTP/1.1" status: 200 len: 851 time: 0.0431643
2026-07-24 18:46:30.693 10 INFO neutron.wsgi [None req-2d5b1c5f-9286-408a-9403-d8c16258deda af6cf6b7229b4c9eace48dd4220164e4 8498dd98b53f466e81ae586547e94771 - - default default] 199.19.213.152 "GET /v2.0/networks/5b481b60-38a6-4663-bf1c-aab2c0a128a5 HTTP/1.1" status: 200 len: 1002 time: 0.0746655
2026-07-24 18:46:30.743 10 INFO neutron.wsgi [None req-5c7d0218-3f85-4de6-aec4-12fc1ef67bd4 af6cf6b7229b4c9eace48dd4220164e4 8498dd98b53f466e81ae586547e94771 - - default default] 199.19.213.152 "GET /v2.0/ports/3044314e-2c55-4830-92a3-0badbebb990c HTTP/1.1" status: 200 len: 1324 time: 0.0430110
2026-07-24 18:46:30.788 10 INFO neutron.wsgi [None req-2e10e35a-8bd3-4f4d-a353-51a537410b73 af6cf6b7229b4c9eace48dd4220164e4 8498dd98b53f466e81ae586547e94771 - - default default] 199.19.213.152 "GET /v2.0/subnets/ee39d9dc-ddf4-4faf-8281-5be3a07a54df HTTP/1.1" status: 200 len: 851 time: 0.0385985
2026-07-24 18:46:31.222 10 INFO neutron.notifiers.nova [-] Nova event matching ['req-df401642-70f3-4fe4-9f7c-f09a1d93f6b3'] response: {'server_uuid': '4e490256-84d2-4eb8-a065-e82646933293', 'name': 'network-vif-plugged', 'status': 'completed', 'tag': 'e5cfa182-51ab-4cd3-8a6e-5650c59e88c6', 'code': 200}
2026-07-24 18:46:31.222 10 INFO neutron.notifiers.nova [-] Nova event matching ['req-df401642-70f3-4fe4-9f7c-f09a1d93f6b3'] response: {'name': 'network-changed', 'server_uuid': '4e490256-84d2-4eb8-a065-e82646933293', 'tag': 'e5cfa182-51ab-4cd3-8a6e-5650c59e88c6', 'status': 'completed', 'code': 200}
2026-07-24 18:46:31.222 10 INFO neutron.notifiers.nova [-] Nova event matching ['req-df401642-70f3-4fe4-9f7c-f09a1d93f6b3'] response: {'name': 'network-changed', 'server_uuid': '4e490256-84d2-4eb8-a065-e82646933293', 'tag': 'e5cfa182-51ab-4cd3-8a6e-5650c59e88c6', 'status': 'completed', 'code': 200}
2026-07-24 18:46:31.306 9 INFO neutron.wsgi [req-22443dc9-3847-44fb-9fea-e6a6c2509cef req-094913cb-8db8-4c9c-ae10-c9e106060955 de74f2d4048c4ef78082d00e49736666 e2f20cd3df98453099bf504f9832b7c6 - - 6674caebc00f4e4b9a9fcb8cf9107f20 6674caebc00f4e4b9a9fcb8cf9107f20] 199.19.213.152 "GET /v2.0/ports?tenant_id=8498dd98b53f466e81ae586547e94771&device_id=4e490256-84d2-4eb8-a065-e82646933293 HTTP/1.1" status: 200 len: 2630 time: 0.0574899
2026-07-24 18:46:31.377 9 INFO neutron.wsgi [req-22443dc9-3847-44fb-9fea-e6a6c2509cef req-e2fe4c35-24a7-46d5-be05-99863ac2253b de74f2d4048c4ef78082d00e49736666 e2f20cd3df98453099bf504f9832b7c6 - - 6674caebc00f4e4b9a9fcb8cf9107f20 6674caebc00f4e4b9a9fcb8cf9107f20] 199.19.213.152 "GET /v2.0/networks?id=5b481b60-38a6-4663-bf1c-aab2c0a128a5 HTTP/1.1" status: 200 len: 1005 time: 0.0666893
2026-07-24 18:46:31.414 9 INFO neutron.wsgi [req-22443dc9-3847-44fb-9fea-e6a6c2509cef req-281274ad-c5f0-4dc6-a63e-b15fb8baed4f de74f2d4048c4ef78082d00e49736666 e2f20cd3df98453099bf504f9832b7c6 - - 6674caebc00f4e4b9a9fcb8cf9107f20 6674caebc00f4e4b9a9fcb8cf9107f20] 199.19.213.152 "GET /v2.0/floatingips?fixed_ip_address=10.1.1.243&port_id=e5cfa182-51ab-4cd3-8a6e-5650c59e88c6 HTTP/1.1" status: 200 len: 217 time: 0.0297668
2026-07-24 18:46:31.451 9 INFO neutron.wsgi [req-22443dc9-3847-44fb-9fea-e6a6c2509cef req-b2a485a2-7e28-48f0-a79d-cf037882e08a de74f2d4048c4ef78082d00e49736666 e2f20cd3df98453099bf504f9832b7c6 - - 6674caebc00f4e4b9a9fcb8cf9107f20 6674caebc00f4e4b9a9fcb8cf9107f20] 199.19.213.152 "GET /v2.0/subnets?id=ee39d9dc-ddf4-4faf-8281-5be3a07a54df HTTP/1.1" status: 200 len: 854 time: 0.0309994
2026-07-24 18:46:31.480 9 INFO neutron.wsgi [req-22443dc9-3847-44fb-9fea-e6a6c2509cef req-dc848995-9b9a-4846-9412-66ff9ba2020c de74f2d4048c4ef78082d00e49736666 e2f20cd3df98453099bf504f9832b7c6 - - 6674caebc00f4e4b9a9fcb8cf9107f20 6674caebc00f4e4b9a9fcb8cf9107f20] 199.19.213.152 "GET /v2.0/ports?network_id=5b481b60-38a6-4663-bf1c-aab2c0a128a5&device_owner=network%3Adhcp HTTP/1.1" status: 200 len: 210 time: 0.0219820
2026-07-24 18:46:31.552 9 INFO neutron.wsgi [req-22443dc9-3847-44fb-9fea-e6a6c2509cef req-9238d06f-efcb-46d9-9e74-43a0273adeba de74f2d4048c4ef78082d00e49736666 e2f20cd3df98453099bf504f9832b7c6 - - 6674caebc00f4e4b9a9fcb8cf9107f20 6674caebc00f4e4b9a9fcb8cf9107f20] 199.19.213.152 "GET /v2.0/networks/5b481b60-38a6-4663-bf1c-aab2c0a128a5?fields=segments HTTP/1.1" status: 200 len: 212 time: 0.0646918
2026-07-24 18:46:31.625 9 INFO neutron.wsgi [req-22443dc9-3847-44fb-9fea-e6a6c2509cef req-e943d5bb-4773-434d-be35-1951d40de2d4 de74f2d4048c4ef78082d00e49736666 e2f20cd3df98453099bf504f9832b7c6 - - 6674caebc00f4e4b9a9fcb8cf9107f20 6674caebc00f4e4b9a9fcb8cf9107f20] 199.19.213.152 "GET /v2.0/networks/5b481b60-38a6-4663-bf1c-aab2c0a128a5?fields=provider%3Aphysical_network&fields=provider%3Anetwork_type HTTP/1.1" status: 200 len: 277 time: 0.0661402
2026-07-24 18:46:31.737 9 INFO neutron.wsgi [req-22443dc9-3847-44fb-9fea-e6a6c2509cef req-5a7c9548-52ad-4d6a-b895-f7fad4e4acfd de74f2d4048c4ef78082d00e49736666 e2f20cd3df98453099bf504f9832b7c6 - - 6674caebc00f4e4b9a9fcb8cf9107f20 6674caebc00f4e4b9a9fcb8cf9107f20] 199.19.213.152 "GET /v2.0/ports?tenant_id=8498dd98b53f466e81ae586547e94771&device_id=4e490256-84d2-4eb8-a065-e82646933293 HTTP/1.1" status: 200 len: 2630 time: 0.0574622
2026-07-24 18:46:31.803 9 INFO neutron.wsgi [req-22443dc9-3847-44fb-9fea-e6a6c2509cef req-a616c627-d676-409a-a1c1-6caaf3e81dbb de74f2d4048c4ef78082d00e49736666 e2f20cd3df98453099bf504f9832b7c6 - - 6674caebc00f4e4b9a9fcb8cf9107f20 6674caebc00f4e4b9a9fcb8cf9107f20] 199.19.213.152 "GET /v2.0/networks?id=5b481b60-38a6-4663-bf1c-aab2c0a128a5 HTTP/1.1" status: 200 len: 1005 time: 0.0571077
2026-07-24 18:46:31.842 9 INFO neutron.wsgi [req-22443dc9-3847-44fb-9fea-e6a6c2509cef req-3bb3428c-4a2a-4b71-99ca-ccf910141e69 de74f2d4048c4ef78082d00e49736666 e2f20cd3df98453099bf504f9832b7c6 - - 6674caebc00f4e4b9a9fcb8cf9107f20 6674caebc00f4e4b9a9fcb8cf9107f20] 199.19.213.152 "GET /v2.0/floatingips?fixed_ip_address=10.1.1.243&port_id=e5cfa182-51ab-4cd3-8a6e-5650c59e88c6 HTTP/1.1" status: 200 len: 217 time: 0.0309098
2026-07-24 18:46:31.876 9 INFO neutron.wsgi [req-22443dc9-3847-44fb-9fea-e6a6c2509cef req-01b0a889-121e-4820-b12d-d0a06545e277 de74f2d4048c4ef78082d00e49736666 e2f20cd3df98453099bf504f9832b7c6 - - 6674caebc00f4e4b9a9fcb8cf9107f20 6674caebc00f4e4b9a9fcb8cf9107f20] 199.19.213.152 "GET /v2.0/subnets?id=ee39d9dc-ddf4-4faf-8281-5be3a07a54df HTTP/1.1" status: 200 len: 854 time: 0.0277488
2026-07-24 18:46:31.902 9 INFO neutron.wsgi [req-22443dc9-3847-44fb-9fea-e6a6c2509cef req-c161c2ba-3ca2-4eda-9ef0-bd9efa519b77 de74f2d4048c4ef78082d00e49736666 e2f20cd3df98453099bf504f9832b7c6 - - 6674caebc00f4e4b9a9fcb8cf9107f20 6674caebc00f4e4b9a9fcb8cf9107f20] 199.19.213.152 "GET /v2.0/ports?network_id=5b481b60-38a6-4663-bf1c-aab2c0a128a5&device_owner=network%3Adhcp HTTP/1.1" status: 200 len: 210 time: 0.0208752
2026-07-24 18:46:31.980 9 INFO neutron.wsgi [req-22443dc9-3847-44fb-9fea-e6a6c2509cef req-53d5bc3a-cc62-4889-ac09-005095c15140 de74f2d4048c4ef78082d00e49736666 e2f20cd3df98453099bf504f9832b7c6 - - 6674caebc00f4e4b9a9fcb8cf9107f20 6674caebc00f4e4b9a9fcb8cf9107f20] 199.19.213.152 "GET /v2.0/networks/5b481b60-38a6-4663-bf1c-aab2c0a128a5?fields=segments HTTP/1.1" status: 200 len: 212 time: 0.0735400
2026-07-24 18:46:32.041 9 INFO neutron.wsgi [req-22443dc9-3847-44fb-9fea-e6a6c2509cef req-783c7589-27df-40a4-aa17-7b06723d8534 de74f2d4048c4ef78082d00e49736666 e2f20cd3df98453099bf504f9832b7c6 - - 6674caebc00f4e4b9a9fcb8cf9107f20 6674caebc00f4e4b9a9fcb8cf9107f20] 199.19.213.152 "GET /v2.0/networks/5b481b60-38a6-4663-bf1c-aab2c0a128a5?fields=provider%3Aphysical_network&fields=provider%3Anetwork_type HTTP/1.1" status: 200 len: 277 time: 0.0557356
2026-07-24 18:46:39.176 9 INFO neutron.wsgi [-] 10.0.0.75 "GET / HTTP/1.1" status: 200 len: 246 time: 0.0034173
2026-07-24 18:46:39.176 10 INFO neutron.wsgi [-] 10.0.0.75 "GET / HTTP/1.1" status: 200 len: 246 time: 0.0035503
2026-07-24 18:46:43.984 9 WARNING neutron.scheduler.dhcp_agent_scheduler [None req-bcc4058a-e152-4d0a-9b5e-35be97ab8378 652ca3bda8bb484088747c253d53aa67 5f83ee4d92864e89b29c2fb4f0554007 - - - -] No more DHCP agents
2026-07-24 18:46:43.986 9 WARNING neutron.api.rpc.agentnotifiers.dhcp_rpc_agent_api [None req-bcc4058a-e152-4d0a-9b5e-35be97ab8378 652ca3bda8bb484088747c253d53aa67 5f83ee4d92864e89b29c2fb4f0554007 - - - -] Unable to schedule network 9edd62f8-6081-4780-bbb7-f7b6619461a6: no agents available; will retry on subsequent port and subnet creation events.
2026-07-24 18:46:44.928 9 INFO neutron.db.l3_db [None req-bcc4058a-e152-4d0a-9b5e-35be97ab8378 652ca3bda8bb484088747c253d53aa67 5f83ee4d92864e89b29c2fb4f0554007 - - - -] Floating IP 1ef653ab-a932-4984-b982-166221343f0d associated. External IP: 10.96.250.205, port: 3044314e-2c55-4830-92a3-0badbebb990c.
2026-07-24 18:46:45.181 9 INFO neutron.db.ovn_revision_numbers_db [None req-bcc4058a-e152-4d0a-9b5e-35be97ab8378 652ca3bda8bb484088747c253d53aa67 5f83ee4d92864e89b29c2fb4f0554007 - - - -] Successfully bumped revision number for resource 1ef653ab-a932-4984-b982-166221343f0d (type: floatingips) to 0
2026-07-24 18:46:45.319 9 INFO neutron.db.ovn_revision_numbers_db [None req-bcc4058a-e152-4d0a-9b5e-35be97ab8378 652ca3bda8bb484088747c253d53aa67 5f83ee4d92864e89b29c2fb4f0554007 - - - -] Successfully bumped revision number for resource 1ef653ab-a932-4984-b982-166221343f0d (type: floatingips) to 1
2026-07-24 18:46:45.372 9 INFO neutron.wsgi [None req-bcc4058a-e152-4d0a-9b5e-35be97ab8378 652ca3bda8bb484088747c253d53aa67 5f83ee4d92864e89b29c2fb4f0554007 - - - -] 10.0.0.195 "POST /v2.0/floatingips HTTP/1.1" status: 201 len: 1096 time: 1.7144744
2026-07-24 18:46:48.597 10 INFO neutron.plugins.ml2.drivers.ovn.mech_driver.mech_driver [None req-7df97af8-123e-4e21-8433-8871f533c43c - - - - - -] OVN reports status up for port: 3044314e-2c55-4830-92a3-0badbebb990c
2026-07-24 18:46:48.615 10 INFO neutron.plugins.ml2.plugin [None req-7df97af8-123e-4e21-8433-8871f533c43c - - - - - -] Attempt 1 to provision port 3044314e-2c55-4830-92a3-0badbebb990c /var/lib/openstack/lib/python3.10/site-packages/pycadf/identifier.py:71: UserWarning: Invalid uuid: neutron. To ensure interoperability, identifiers should be a valid uuid. warnings.warn(('Invalid uuid: %s. To ensure interoperability, '
2026-07-24 18:46:49.182 10 INFO neutron.wsgi [None req-83e6d37a-345f-424f-b88f-ddeddcb2a3b3 af6cf6b7229b4c9eace48dd4220164e4 8498dd98b53f466e81ae586547e94771 - - default default] 199.19.213.152 "GET /v2.0/extensions/security-group HTTP/1.1" status: 200 len: 369 time: 0.0798213
2026-07-24 18:46:49.198 10 INFO neutron.wsgi [None req-5a8bb6f2-71dc-450f-b4c8-1df5f9ea5884 af6cf6b7229b4c9eace48dd4220164e4 8498dd98b53f466e81ae586547e94771 - - default default] 199.19.213.152 "GET /v2.0/extensions/dns-integration HTTP/1.1" status: 200 len: 371 time: 0.0075092
2026-07-24 18:46:49.208 10 INFO neutron.wsgi [None req-4a2afacf-4d5c-4a9a-9906-92949a08d17e af6cf6b7229b4c9eace48dd4220164e4 8498dd98b53f466e81ae586547e94771 - - default default] 199.19.213.152 "GET /v2.0/extensions/qos HTTP/1.1" status: 200 len: 365 time: 0.0033004
2026-07-24 18:46:49.219 10 INFO neutron.wsgi [None req-2b3fbe4c-d2c2-49ea-99f4-4845ed6eeb99 af6cf6b7229b4c9eace48dd4220164e4 8498dd98b53f466e81ae586547e94771 - - default default] 199.19.213.152 "GET /v2.0/extensions/allowed-address-pairs HTTP/1.1" status: 200 len: 383 time: 0.0057459
2026-07-24 18:46:49.370 10 INFO neutron.wsgi [None req-48dfc7bf-a0cf-4c02-bbe9-7ed7cfbe23e4 af6cf6b7229b4c9eace48dd4220164e4 8498dd98b53f466e81ae586547e94771 - - default default] 199.19.213.152 "GET /v2.0/security-groups?name=lb-0f3179b3-dd8b-425b-83af-1d98817b790f HTTP/1.1" status: 200 len: 1777 time: 0.0388725
2026-07-24 18:46:49.400 10 INFO neutron.wsgi [None req-5aef874c-7311-4dc3-b7a2-dd70f440da15 af6cf6b7229b4c9eace48dd4220164e4 8498dd98b53f466e81ae586547e94771 - - default default] 199.19.213.152 "GET /v2.0/security-group-rules?security_group_id=b0508db4-cadb-4adc-a94b-dd8004bbc754 HTTP/1.1" status: 200 len: 1318 time: 0.0224192
2026-07-24 18:46:49.530 10 INFO neutron.db.ovn_revision_numbers_db [None req-a926b3b5-b583-45bc-bc5e-5c94205180d9 af6cf6b7229b4c9eace48dd4220164e4 8498dd98b53f466e81ae586547e94771 - - - -] Successfully bumped revision number for resource ad41f1dd-7ed7-4159-af6f-91ab81c37623 (type: security_group_rules) to 0
2026-07-24 18:46:49.566 10 INFO neutron.wsgi [None req-a926b3b5-b583-45bc-bc5e-5c94205180d9 af6cf6b7229b4c9eace48dd4220164e4 8498dd98b53f466e81ae586547e94771 - - - -] 199.19.213.152 "POST /v2.0/security-group-rules HTTP/1.1" status: 201 len: 773 time: 0.1584005
2026-07-24 18:46:49.717 10 INFO neutron.db.ovn_revision_numbers_db [None req-a005c385-cfcc-4ce6-8f0f-fbe632b7e5e2 af6cf6b7229b4c9eace48dd4220164e4 8498dd98b53f466e81ae586547e94771 - - - -] Successfully bumped revision number for resource 49cf8915-f490-4cf3-92c4-3b4f798d72f9 (type: security_group_rules) to 0
2026-07-24 18:46:49.753 10 INFO neutron.wsgi [None req-a005c385-cfcc-4ce6-8f0f-fbe632b7e5e2 af6cf6b7229b4c9eace48dd4220164e4 8498dd98b53f466e81ae586547e94771 - - - -] 199.19.213.152 "POST /v2.0/security-group-rules HTTP/1.1" status: 201 len: 769 time: 0.1824234
2026-07-24 18:46:50.853 9 INFO neutron.wsgi [None req-efc8fa3a-b582-4f02-9e15-3de6b355ce95 af6cf6b7229b4c9eace48dd4220164e4 8498dd98b53f466e81ae586547e94771 - - default default] 10.0.0.108 "GET /v2.0/floatingips HTTP/1.1" status: 200 len: 2763 time: 0.1066017
2026-07-24 18:46:50.944 9 INFO neutron.wsgi [None req-11532899-9b83-48d7-9add-365401ec8a79 af6cf6b7229b4c9eace48dd4220164e4 8498dd98b53f466e81ae586547e94771 - - default default] 10.0.0.108 "GET /v2.0/networks HTTP/1.1" status: 200 len: 4720 time: 0.0884116
2026-07-24 18:46:51.014 9 INFO neutron.wsgi [None req-39219593-368e-4c29-80e3-4b40d8879a65 af6cf6b7229b4c9eace48dd4220164e4 8498dd98b53f466e81ae586547e94771 - - default default] 10.0.0.108 "GET /v2.0/ports HTTP/1.1" status: 200 len: 21880 time: 0.0662935
2026-07-24 18:46:51.079 9 INFO neutron.wsgi [None req-652cfa50-e0f6-430e-bd8e-70cad7eba1e6 af6cf6b7229b4c9eace48dd4220164e4 8498dd98b53f466e81ae586547e94771 - - default default] 10.0.0.108 "GET /v2.0/subnets HTTP/1.1" status: 200 len: 5495 time: 0.0531890
2026-07-24 18:46:51.091 9 INFO neutron.wsgi [None req-1dc0f681-ce3f-4c99-a2ff-01589a7d764e af6cf6b7229b4c9eace48dd4220164e4 8498dd98b53f466e81ae586547e94771 - - default default] 10.0.0.108 "GET /v2.0/agents HTTP/1.1" status: 200 len: 997 time: 0.0098271
2026-07-24 18:46:51.125 9 INFO neutron.wsgi [None req-eb8c1f18-3668-4cf9-8358-eacbd0e03eac af6cf6b7229b4c9eace48dd4220164e4 8498dd98b53f466e81ae586547e94771 - - default default] 10.0.0.108 "GET /v2.0/subnets HTTP/1.1" status: 200 len: 5495 time: 0.0327032
2026-07-24 18:46:51.138 9 INFO neutron.wsgi [None req-2ae3bb0f-5409-4f1c-9d3e-e5d908f65629 af6cf6b7229b4c9eace48dd4220164e4 8498dd98b53f466e81ae586547e94771 - - default default] 10.0.0.108 "GET /v2.0/subnetpools HTTP/1.1" status: 200 len: 193 time: 0.0104165
2026-07-24 18:46:51.203 9 INFO neutron.wsgi [None req-8399b7ea-4ded-4f5d-aa2b-033d02545d37 af6cf6b7229b4c9eace48dd4220164e4 8498dd98b53f466e81ae586547e94771 - - default default] 10.0.0.108 "GET /v2.0/security-groups HTTP/1.1" status: 200 len: 30251 time: 0.0640800
2026-07-24 18:46:51.226 9 INFO neutron.wsgi [None req-242c505f-d6ff-4791-9e76-f2b5772cf6cf af6cf6b7229b4c9eace48dd4220164e4 8498dd98b53f466e81ae586547e94771 - - default default] 10.0.0.108 "GET /v2.0/network-ip-availabilities HTTP/1.1" status: 200 len: 3362 time: 0.0164235
2026-07-24 18:46:51.329 9 INFO neutron.wsgi [None req-8c6589c2-f215-45bf-ba98-0fa2d8d3fcb2 af6cf6b7229b4c9eace48dd4220164e4 8498dd98b53f466e81ae586547e94771 - - default default] 10.0.0.108 "GET /v2.0/routers HTTP/1.1" status: 200 len: 850 time: 0.1014905
2026-07-24 18:46:51.344 9 INFO neutron.wsgi [None req-f8cfe042-2370-42da-b84a-ff7b2ca98c21 af6cf6b7229b4c9eace48dd4220164e4 8498dd98b53f466e81ae586547e94771 - - default default] 10.0.0.108 "GET /v2.0/agents?binary=ovn-controller HTTP/1.1" status: 200 len: 591 time: 0.0144656
2026-07-24 18:46:54.174 10 INFO neutron.wsgi [-] 10.0.0.75 "GET / HTTP/1.1" status: 200 len: 246 time: 0.0027840
2026-07-24 18:46:54.175 9 INFO neutron.wsgi [-] 10.0.0.75 "GET / HTTP/1.1" status: 200 len: 246 time: 0.0034156
2026-07-24 18:46:56.849 9 INFO neutron.wsgi [None req-dbcb1f0d-b362-479c-8c99-924497a29d77 af6cf6b7229b4c9eace48dd4220164e4 8498dd98b53f466e81ae586547e94771 - - default default] 10.0.0.197 "GET /v2.0/extensions/security-group HTTP/1.1" status: 200 len: 369 time: 0.0630593
2026-07-24 18:46:56.859 9 INFO neutron.wsgi [None req-da14181f-1daa-4a16-a20a-476b36d22670 af6cf6b7229b4c9eace48dd4220164e4 8498dd98b53f466e81ae586547e94771 - - default default] 10.0.0.197 "GET /v2.0/extensions/dns-integration HTTP/1.1" status: 200 len: 371 time: 0.0044115
2026-07-24 18:46:56.869 9 INFO neutron.wsgi [None req-40d58855-8231-4f11-9646-e5d3053ae1d3 af6cf6b7229b4c9eace48dd4220164e4 8498dd98b53f466e81ae586547e94771 - - default default] 10.0.0.197 "GET /v2.0/extensions/qos HTTP/1.1" status: 200 len: 365 time: 0.0051851
2026-07-24 18:46:56.881 9 INFO neutron.wsgi [None req-5b7dc50c-326b-41d1-9ee6-2236bf85c2e1 af6cf6b7229b4c9eace48dd4220164e4 8498dd98b53f466e81ae586547e94771 - - default default] 10.0.0.197 "GET /v2.0/extensions/allowed-address-pairs HTTP/1.1" status: 200 len: 383 time: 0.0063438
2026-07-24 18:46:57.506 10 INFO neutron.wsgi [-] 10.0.0.197 "GET / HTTP/1.1" status: 200 len: 284 time: 0.0019646
2026-07-24 18:46:57.557 10 INFO neutron.wsgi [None req-ca3a84ee-491e-4653-a803-2b6623e85084 652ca3bda8bb484088747c253d53aa67 5f83ee4d92864e89b29c2fb4f0554007 - - default default] 10.0.0.197 "GET /v2.0/subnets/8fc3fed2-6dc3-4084-95b3-26e1bca09abf HTTP/1.1" status: 200 len: 829 time: 0.0460188
2026-07-24 18:46:58.089 10 INFO neutron.wsgi [None req-dceb352d-5b99-4aa6-9f35-3e72c90c5ba8 af6cf6b7229b4c9eace48dd4220164e4 8498dd98b53f466e81ae586547e94771 - - default default] 199.19.213.152 "GET /v2.0/extensions/security-group HTTP/1.1" status: 200 len: 369 time: 0.0094888
2026-07-24 18:46:58.099 10 INFO neutron.wsgi [None req-f361783e-1108-4444-997f-449e4952484f af6cf6b7229b4c9eace48dd4220164e4 8498dd98b53f466e81ae586547e94771 - - default default] 199.19.213.152 "GET /v2.0/extensions/dns-integration HTTP/1.1" status: 200 len: 371 time: 0.0041411
2026-07-24 18:46:58.107 10 INFO neutron.wsgi [None req-c2c5315a-bfbb-4586-81b7-c64e76bfd52f af6cf6b7229b4c9eace48dd4220164e4 8498dd98b53f466e81ae586547e94771 - - default default] 199.19.213.152 "GET /v2.0/extensions/qos HTTP/1.1" status: 200 len: 365 time: 0.0043936
2026-07-24 18:46:58.116 10 INFO neutron.wsgi [None req-839ba343-82bd-4f8c-abf2-6acfc955e736 af6cf6b7229b4c9eace48dd4220164e4 8498dd98b53f466e81ae586547e94771 - - default default] 199.19.213.152 "GET /v2.0/extensions/allowed-address-pairs HTTP/1.1" status: 200 len: 383 time: 0.0044672
2026-07-24 18:46:58.156 10 INFO neutron.wsgi [None req-8b972644-14ec-481e-8f45-5f2495b68249 af6cf6b7229b4c9eace48dd4220164e4 8498dd98b53f466e81ae586547e94771 - - default default] 199.19.213.152 "GET /v2.0/subnets/8fc3fed2-6dc3-4084-95b3-26e1bca09abf HTTP/1.1" status: 200 len: 847 time: 0.0336475
2026-07-24 18:46:58.200 10 INFO neutron.wsgi [None req-402e2756-58ee-494c-ac16-4b610343c46e af6cf6b7229b4c9eace48dd4220164e4 8498dd98b53f466e81ae586547e94771 - - default default] 199.19.213.152 "GET /v2.0/ports?device_id=4e490256-84d2-4eb8-a065-e82646933293 HTTP/1.1" status: 200 len: 2630 time: 0.0381734
2026-07-24 18:46:58.355 10 INFO neutron.wsgi [None req-00e7ecc4-787e-4828-ad94-554746fa0e15 af6cf6b7229b4c9eace48dd4220164e4 8498dd98b53f466e81ae586547e94771 - - default default] 199.19.213.152 "GET /v2.0/extensions/security-group HTTP/1.1" status: 200 len: 369 time: 0.0078485
2026-07-24 18:46:58.366 10 INFO neutron.wsgi [None req-da9d2cb9-6218-427b-b2a2-2d72f7c44f65 af6cf6b7229b4c9eace48dd4220164e4 8498dd98b53f466e81ae586547e94771 - - default default] 199.19.213.152 "GET /v2.0/extensions/dns-integration HTTP/1.1" status: 200 len: 371 time: 0.0054340
2026-07-24 18:46:58.377 10 INFO neutron.wsgi [None req-24d2399e-dc09-4c2f-ad3f-1f93b317dc17 af6cf6b7229b4c9eace48dd4220164e4 8498dd98b53f466e81ae586547e94771 - - default default] 199.19.213.152 "GET /v2.0/extensions/qos HTTP/1.1" status: 200 len: 365 time: 0.0061779
2026-07-24 18:46:58.393 10 INFO neutron.wsgi [None req-0b1edcc1-8841-4734-a1a9-e8645d9de10c af6cf6b7229b4c9eace48dd4220164e4 8498dd98b53f466e81ae586547e94771 - - default default] 199.19.213.152 "GET /v2.0/extensions/allowed-address-pairs HTTP/1.1" status: 200 len: 383 time: 0.0117724
2026-07-24 18:46:58.969 9 INFO neutron.wsgi [req-2904c0a3-d399-44c6-8fc8-fc38ce5920f6 req-d75807f7-acb0-4ff3-9827-78a490494943 de74f2d4048c4ef78082d00e49736666 e2f20cd3df98453099bf504f9832b7c6 - - 6674caebc00f4e4b9a9fcb8cf9107f20 6674caebc00f4e4b9a9fcb8cf9107f20] 199.19.213.152 "GET /v2.0/networks/34669529-8306-49e9-b7c2-93a4a637503e?fields=segments HTTP/1.1" status: 200 len: 212 time: 0.0876064
2026-07-24 18:46:59.047 9 INFO neutron.wsgi [req-2904c0a3-d399-44c6-8fc8-fc38ce5920f6 req-026dd0e0-ecc6-48ce-964a-ceb0ecbde670 de74f2d4048c4ef78082d00e49736666 e2f20cd3df98453099bf504f9832b7c6 - - 6674caebc00f4e4b9a9fcb8cf9107f20 6674caebc00f4e4b9a9fcb8cf9107f20] 199.19.213.152 "GET /v2.0/networks/34669529-8306-49e9-b7c2-93a4a637503e?fields=provider%3Aphysical_network&fields=provider%3Anetwork_type HTTP/1.1" status: 200 len: 277 time: 0.0692680
2026-07-24 18:46:59.133 9 INFO neutron.wsgi [req-2904c0a3-d399-44c6-8fc8-fc38ce5920f6 req-262333e0-578b-4206-bacb-f8ddbb3323f9 af6cf6b7229b4c9eace48dd4220164e4 8498dd98b53f466e81ae586547e94771 - - default default] 199.19.213.152 "GET /v2.0/networks?id=34669529-8306-49e9-b7c2-93a4a637503e HTTP/1.1" status: 200 len: 1003 time: 0.0671329
2026-07-24 18:46:59.440 9 WARNING neutron.scheduler.dhcp_agent_scheduler [None req-70c56e53-92a2-44a1-a0f5-4760a1bd27d5 af6cf6b7229b4c9eace48dd4220164e4 8498dd98b53f466e81ae586547e94771 - - - -] No more DHCP agents
2026-07-24 18:46:59.442 9 WARNING neutron.api.rpc.agentnotifiers.dhcp_rpc_agent_api [None req-70c56e53-92a2-44a1-a0f5-4760a1bd27d5 af6cf6b7229b4c9eace48dd4220164e4 8498dd98b53f466e81ae586547e94771 - - - -] Unable to schedule network 34669529-8306-49e9-b7c2-93a4a637503e: no agents available; will retry on subsequent port and subnet creation events.
2026-07-24 18:46:59.618 9 INFO neutron.db.ovn_revision_numbers_db [None req-70c56e53-92a2-44a1-a0f5-4760a1bd27d5 af6cf6b7229b4c9eace48dd4220164e4 8498dd98b53f466e81ae586547e94771 - - - -] Successfully bumped revision number for resource bc6352cd-68a9-4662-a440-5c57f4fdc4ff (type: ports) to 1
2026-07-24 18:46:59.647 9 INFO neutron.wsgi [None req-70c56e53-92a2-44a1-a0f5-4760a1bd27d5 af6cf6b7229b4c9eace48dd4220164e4 8498dd98b53f466e81ae586547e94771 - - - -] 199.19.213.152 "POST /v2.0/ports HTTP/1.1" status: 201 len: 1504 time: 0.5070562 /var/lib/openstack/lib/python3.10/site-packages/pycadf/identifier.py:71: UserWarning: Invalid uuid: neutron. To ensure interoperability, identifiers should be a valid uuid. warnings.warn(('Invalid uuid: %s. To ensure interoperability, '
2026-07-24 18:47:00.026 9 INFO neutron.db.ovn_revision_numbers_db [None req-03d030b7-1ff8-49bd-9afc-62458829181e de74f2d4048c4ef78082d00e49736666 e2f20cd3df98453099bf504f9832b7c6 - - - -] Successfully bumped revision number for resource bc6352cd-68a9-4662-a440-5c57f4fdc4ff (type: ports) to 2
2026-07-24 18:47:00.710 9 INFO neutron.db.ovn_revision_numbers_db [None req-03d030b7-1ff8-49bd-9afc-62458829181e de74f2d4048c4ef78082d00e49736666 e2f20cd3df98453099bf504f9832b7c6 - - - -] Successfully bumped revision number for resource bc6352cd-68a9-4662-a440-5c57f4fdc4ff (type: ports) to 2
2026-07-24 18:47:00.727 9 INFO neutron.wsgi [None req-03d030b7-1ff8-49bd-9afc-62458829181e de74f2d4048c4ef78082d00e49736666 e2f20cd3df98453099bf504f9832b7c6 - - - -] 199.19.213.152 "PUT /v2.0/ports/bc6352cd-68a9-4662-a440-5c57f4fdc4ff HTTP/1.1" status: 200 len: 1553 time: 1.0734766 /var/lib/openstack/lib/python3.10/site-packages/pycadf/identifier.py:71: UserWarning: Invalid uuid: neutron. To ensure interoperability, identifiers should be a valid uuid. warnings.warn(('Invalid uuid: %s. To ensure interoperability, '
2026-07-24 18:47:00.791 9 INFO neutron.notifiers.nova [-] Nova event matching ['req-459fd85b-bfd2-4195-afc5-640a94c08251'] response: {'name': 'network-changed', 'server_uuid': '4e490256-84d2-4eb8-a065-e82646933293', 'tag': 'bc6352cd-68a9-4662-a440-5c57f4fdc4ff', 'status': 'completed', 'code': 200}
2026-07-24 18:47:00.818 9 INFO neutron.wsgi [req-2904c0a3-d399-44c6-8fc8-fc38ce5920f6 req-f3014c08-b295-497e-9916-4fe3d01666fe de74f2d4048c4ef78082d00e49736666 e2f20cd3df98453099bf504f9832b7c6 - - 6674caebc00f4e4b9a9fcb8cf9107f20 6674caebc00f4e4b9a9fcb8cf9107f20] 199.19.213.152 "GET /v2.0/ports?tenant_id=8498dd98b53f466e81ae586547e94771&device_id=4e490256-84d2-4eb8-a065-e82646933293 HTTP/1.1" status: 200 len: 4003 time: 0.0398700
2026-07-24 18:47:00.859 9 INFO neutron.wsgi [req-2904c0a3-d399-44c6-8fc8-fc38ce5920f6 req-ae4727f9-e3d0-48b1-b56f-a4ced2bbc8be de74f2d4048c4ef78082d00e49736666 e2f20cd3df98453099bf504f9832b7c6 - - 6674caebc00f4e4b9a9fcb8cf9107f20 6674caebc00f4e4b9a9fcb8cf9107f20] 199.19.213.152 "GET /v2.0/floatingips?fixed_ip_address=172.24.3.220&port_id=b4fd0dc5-feb8-4b76-bda9-78e776d84a46 HTTP/1.1" status: 200 len: 217 time: 0.0327151
2026-07-24 18:47:00.902 9 INFO neutron.wsgi [req-2904c0a3-d399-44c6-8fc8-fc38ce5920f6 req-0bd26b32-3356-41bf-a326-479d61bd3885 de74f2d4048c4ef78082d00e49736666 e2f20cd3df98453099bf504f9832b7c6 - - 6674caebc00f4e4b9a9fcb8cf9107f20 6674caebc00f4e4b9a9fcb8cf9107f20] 199.19.213.152 "GET /v2.0/subnets?id=83e39df1-0401-42bf-899d-fad6ad51fb82 HTTP/1.1" status: 200 len: 829 time: 0.0345917
2026-07-24 18:47:00.936 9 INFO neutron.wsgi [req-2904c0a3-d399-44c6-8fc8-fc38ce5920f6 req-57f9b3a8-e0b0-4d8b-abda-496050249ae8 de74f2d4048c4ef78082d00e49736666 e2f20cd3df98453099bf504f9832b7c6 - - 6674caebc00f4e4b9a9fcb8cf9107f20 6674caebc00f4e4b9a9fcb8cf9107f20] 199.19.213.152 "GET /v2.0/ports?network_id=e7756b86-b74d-414b-954f-afa6675857f7&device_owner=network%3Adhcp HTTP/1.1" status: 200 len: 210 time: 0.0254123
2026-07-24 18:47:01.012 9 INFO neutron.wsgi [req-2904c0a3-d399-44c6-8fc8-fc38ce5920f6 req-fed9572d-b4d3-408c-a315-22ea14e1a4a3 de74f2d4048c4ef78082d00e49736666 e2f20cd3df98453099bf504f9832b7c6 - - 6674caebc00f4e4b9a9fcb8cf9107f20 6674caebc00f4e4b9a9fcb8cf9107f20] 199.19.213.152 "GET /v2.0/networks/e7756b86-b74d-414b-954f-afa6675857f7?fields=segments HTTP/1.1" status: 200 len: 212 time: 0.0694566
2026-07-24 18:47:01.089 9 INFO neutron.wsgi [req-2904c0a3-d399-44c6-8fc8-fc38ce5920f6 req-a7c62073-4a99-49ba-b62b-0c48c9a8df0b de74f2d4048c4ef78082d00e49736666 e2f20cd3df98453099bf504f9832b7c6 - - 6674caebc00f4e4b9a9fcb8cf9107f20 6674caebc00f4e4b9a9fcb8cf9107f20] 199.19.213.152 "GET /v2.0/networks/e7756b86-b74d-414b-954f-afa6675857f7?fields=provider%3Aphysical_network&fields=provider%3Anetwork_type HTTP/1.1" status: 200 len: 277 time: 0.0682344
2026-07-24 18:47:01.129 9 INFO neutron.wsgi [req-2904c0a3-d399-44c6-8fc8-fc38ce5920f6 req-f23fad1d-bb96-4acb-a87f-98c78e2f1b2f de74f2d4048c4ef78082d00e49736666 e2f20cd3df98453099bf504f9832b7c6 - - 6674caebc00f4e4b9a9fcb8cf9107f20 6674caebc00f4e4b9a9fcb8cf9107f20] 199.19.213.152 "GET /v2.0/floatingips?fixed_ip_address=10.1.1.243&port_id=e5cfa182-51ab-4cd3-8a6e-5650c59e88c6 HTTP/1.1" status: 200 len: 217 time: 0.0324159
2026-07-24 18:47:01.166 9 INFO neutron.wsgi [req-2904c0a3-d399-44c6-8fc8-fc38ce5920f6 req-a59e584c-a6fd-4a20-b22e-0b89e3d2060f de74f2d4048c4ef78082d00e49736666 e2f20cd3df98453099bf504f9832b7c6 - - 6674caebc00f4e4b9a9fcb8cf9107f20 6674caebc00f4e4b9a9fcb8cf9107f20] 199.19.213.152 "GET /v2.0/subnets?id=ee39d9dc-ddf4-4faf-8281-5be3a07a54df HTTP/1.1" status: 200 len: 854 time: 0.0312204
2026-07-24 18:47:01.194 9 INFO neutron.wsgi [req-2904c0a3-d399-44c6-8fc8-fc38ce5920f6 req-3a251e3a-390e-4f05-bda3-e28c5e8132ee de74f2d4048c4ef78082d00e49736666 e2f20cd3df98453099bf504f9832b7c6 - - 6674caebc00f4e4b9a9fcb8cf9107f20 6674caebc00f4e4b9a9fcb8cf9107f20] 199.19.213.152 "GET /v2.0/ports?network_id=5b481b60-38a6-4663-bf1c-aab2c0a128a5&device_owner=network%3Adhcp HTTP/1.1" status: 200 len: 210 time: 0.0221095
2026-07-24 18:47:01.267 9 INFO neutron.wsgi [req-2904c0a3-d399-44c6-8fc8-fc38ce5920f6 req-48e62aa6-2216-416b-bd72-2e0a0eca9fcd de74f2d4048c4ef78082d00e49736666 e2f20cd3df98453099bf504f9832b7c6 - - 6674caebc00f4e4b9a9fcb8cf9107f20 6674caebc00f4e4b9a9fcb8cf9107f20] 199.19.213.152 "GET /v2.0/networks/5b481b60-38a6-4663-bf1c-aab2c0a128a5?fields=segments HTTP/1.1" status: 200 len: 212 time: 0.0660937
2026-07-24 18:47:01.355 9 INFO neutron.wsgi [req-2904c0a3-d399-44c6-8fc8-fc38ce5920f6 req-6859b930-fcca-4480-abe2-603bd4002e74 de74f2d4048c4ef78082d00e49736666 e2f20cd3df98453099bf504f9832b7c6 - - 6674caebc00f4e4b9a9fcb8cf9107f20 6674caebc00f4e4b9a9fcb8cf9107f20] 199.19.213.152 "GET /v2.0/networks/5b481b60-38a6-4663-bf1c-aab2c0a128a5?fields=provider%3Aphysical_network&fields=provider%3Anetwork_type HTTP/1.1" status: 200 len: 277 time: 0.0805523
2026-07-24 18:47:01.399 9 INFO neutron.wsgi [req-2904c0a3-d399-44c6-8fc8-fc38ce5920f6 req-3cac907a-1bc3-43a1-b049-2a259031d70d de74f2d4048c4ef78082d00e49736666 e2f20cd3df98453099bf504f9832b7c6 - - 6674caebc00f4e4b9a9fcb8cf9107f20 6674caebc00f4e4b9a9fcb8cf9107f20] 199.19.213.152 "GET /v2.0/floatingips?fixed_ip_address=10.2.1.206&port_id=bc6352cd-68a9-4662-a440-5c57f4fdc4ff HTTP/1.1" status: 200 len: 217 time: 0.0360212
2026-07-24 18:47:01.437 9 INFO neutron.wsgi [req-2904c0a3-d399-44c6-8fc8-fc38ce5920f6 req-eb8d8185-14d1-4c0b-800f-3c9f2d6e37e0 de74f2d4048c4ef78082d00e49736666 e2f20cd3df98453099bf504f9832b7c6 - - 6674caebc00f4e4b9a9fcb8cf9107f20 6674caebc00f4e4b9a9fcb8cf9107f20] 199.19.213.152 "GET /v2.0/floatingips?fixed_ip_address=fd7b%3Af9f7%3Afff%3A4eca%3A%3A77&port_id=bc6352cd-68a9-4662-a440-5c57f4fdc4ff HTTP/1.1" status: 200 len: 217 time: 0.0302625
2026-07-24 18:47:01.481 9 INFO neutron.wsgi [req-2904c0a3-d399-44c6-8fc8-fc38ce5920f6 req-f8d543f6-050e-4122-b6be-eb7326b25c29 de74f2d4048c4ef78082d00e49736666 e2f20cd3df98453099bf504f9832b7c6 - - 6674caebc00f4e4b9a9fcb8cf9107f20 6674caebc00f4e4b9a9fcb8cf9107f20] 199.19.213.152 "GET /v2.0/subnets?id=8fc3fed2-6dc3-4084-95b3-26e1bca09abf&id=c88d0a2d-6a64-4f36-bc48-42614b54034c HTTP/1.1" status: 200 len: 1561 time: 0.0357015
2026-07-24 18:47:01.516 9 INFO neutron.wsgi [req-2904c0a3-d399-44c6-8fc8-fc38ce5920f6 req-63aca442-978d-4a18-a5b7-d7b890c2df0f de74f2d4048c4ef78082d00e49736666 e2f20cd3df98453099bf504f9832b7c6 - - 6674caebc00f4e4b9a9fcb8cf9107f20 6674caebc00f4e4b9a9fcb8cf9107f20] 199.19.213.152 "GET /v2.0/ports?network_id=34669529-8306-49e9-b7c2-93a4a637503e&device_owner=network%3Adhcp HTTP/1.1" status: 200 len: 210 time: 0.0283613
2026-07-24 18:47:01.555 9 INFO neutron.wsgi [req-2904c0a3-d399-44c6-8fc8-fc38ce5920f6 req-d3f9354f-beac-454a-b2ee-be19fc9da51b de74f2d4048c4ef78082d00e49736666 e2f20cd3df98453099bf504f9832b7c6 - - 6674caebc00f4e4b9a9fcb8cf9107f20 6674caebc00f4e4b9a9fcb8cf9107f20] 199.19.213.152 "GET /v2.0/ports?network_id=34669529-8306-49e9-b7c2-93a4a637503e&device_owner=network%3Adhcp HTTP/1.1" status: 200 len: 210 time: 0.0314670
2026-07-24 18:47:01.626 9 INFO neutron.wsgi [req-2904c0a3-d399-44c6-8fc8-fc38ce5920f6 req-1b96c3e4-fadd-464c-bced-32c2ba14c0e1 de74f2d4048c4ef78082d00e49736666 e2f20cd3df98453099bf504f9832b7c6 - - 6674caebc00f4e4b9a9fcb8cf9107f20 6674caebc00f4e4b9a9fcb8cf9107f20] 199.19.213.152 "GET /v2.0/networks/34669529-8306-49e9-b7c2-93a4a637503e?fields=segments HTTP/1.1" status: 200 len: 212 time: 0.0655038
2026-07-24 18:47:01.698 9 INFO neutron.wsgi [req-2904c0a3-d399-44c6-8fc8-fc38ce5920f6 req-9f5eb469-5397-419f-bbab-2d5468bf1c21 de74f2d4048c4ef78082d00e49736666 e2f20cd3df98453099bf504f9832b7c6 - - 6674caebc00f4e4b9a9fcb8cf9107f20 6674caebc00f4e4b9a9fcb8cf9107f20] 199.19.213.152 "GET /v2.0/networks/34669529-8306-49e9-b7c2-93a4a637503e?fields=provider%3Aphysical_network&fields=provider%3Anetwork_type HTTP/1.1" status: 200 len: 277 time: 0.0639143
2026-07-24 18:47:01.810 10 INFO neutron.plugins.ml2.drivers.ovn.mech_driver.mech_driver [None req-7df97af8-123e-4e21-8433-8871f533c43c - - - - - -] OVN reports status up for port: bc6352cd-68a9-4662-a440-5c57f4fdc4ff
2026-07-24 18:47:01.815 9 INFO neutron.wsgi [req-45dcda8c-ac2d-4fcb-90a3-4fd13f4b73b3 req-801e9bb8-4a31-4304-bc3b-7d2d5e8c2344 de74f2d4048c4ef78082d00e49736666 e2f20cd3df98453099bf504f9832b7c6 - - 6674caebc00f4e4b9a9fcb8cf9107f20 6674caebc00f4e4b9a9fcb8cf9107f20] 199.19.213.152 "GET /v2.0/ports?tenant_id=8498dd98b53f466e81ae586547e94771&device_id=4e490256-84d2-4eb8-a065-e82646933293 HTTP/1.1" status: 200 len: 4003 time: 0.0627530
2026-07-24 18:47:01.859 10 INFO neutron.plugins.ml2.plugin [None req-7df97af8-123e-4e21-8433-8871f533c43c - - - - - -] Attempt 1 to provision port bc6352cd-68a9-4662-a440-5c57f4fdc4ff
2026-07-24 18:47:01.920 9 INFO neutron.wsgi [req-45dcda8c-ac2d-4fcb-90a3-4fd13f4b73b3 req-ffbf2c8c-fbf8-45e6-ae08-d84676b7f093 de74f2d4048c4ef78082d00e49736666 e2f20cd3df98453099bf504f9832b7c6 - - 6674caebc00f4e4b9a9fcb8cf9107f20 6674caebc00f4e4b9a9fcb8cf9107f20] 199.19.213.152 "GET /v2.0/networks?id=34669529-8306-49e9-b7c2-93a4a637503e HTTP/1.1" status: 200 len: 1003 time: 0.0911613
2026-07-24 18:47:01.966 9 INFO neutron.wsgi [req-45dcda8c-ac2d-4fcb-90a3-4fd13f4b73b3 req-b3317ac8-8e9f-4da8-aac9-42e0a32269b0 de74f2d4048c4ef78082d00e49736666 e2f20cd3df98453099bf504f9832b7c6 - - 6674caebc00f4e4b9a9fcb8cf9107f20 6674caebc00f4e4b9a9fcb8cf9107f20] 199.19.213.152 "GET /v2.0/floatingips?fixed_ip_address=10.2.1.206&port_id=bc6352cd-68a9-4662-a440-5c57f4fdc4ff HTTP/1.1" status: 200 len: 217 time: 0.0376050
2026-07-24 18:47:02.009 9 INFO neutron.wsgi [req-45dcda8c-ac2d-4fcb-90a3-4fd13f4b73b3 req-28049d0d-fb8a-45cd-bc26-f2a096529497 de74f2d4048c4ef78082d00e49736666 e2f20cd3df98453099bf504f9832b7c6 - - 6674caebc00f4e4b9a9fcb8cf9107f20 6674caebc00f4e4b9a9fcb8cf9107f20] 199.19.213.152 "GET /v2.0/floatingips?fixed_ip_address=fd7b%3Af9f7%3Afff%3A4eca%3A%3A77&port_id=bc6352cd-68a9-4662-a440-5c57f4fdc4ff HTTP/1.1" status: 200 len: 217 time: 0.0312443
2026-07-24 18:47:02.019 10 INFO neutron.notifiers.nova [-] Nova event matching ['req-240a675e-2fb1-4abd-bf96-8114690d79fe'] response: {'server_uuid': '4e490256-84d2-4eb8-a065-e82646933293', 'name': 'network-vif-plugged', 'status': 'completed', 'tag': 'bc6352cd-68a9-4662-a440-5c57f4fdc4ff', 'code': 200}
2026-07-24 18:47:02.068 10 INFO neutron.wsgi [req-2904c0a3-d399-44c6-8fc8-fc38ce5920f6 req-f5fed4c3-71b0-4741-99aa-7f477e7ca759 af6cf6b7229b4c9eace48dd4220164e4 8498dd98b53f466e81ae586547e94771 - - default default] 10.0.0.3 "GET /v2.0/ports/bc6352cd-68a9-4662-a440-5c57f4fdc4ff HTTP/1.1" status: 200 len: 1583 time: 0.0507898
2026-07-24 18:47:02.069 9 INFO neutron.wsgi [req-45dcda8c-ac2d-4fcb-90a3-4fd13f4b73b3 req-739d857c-f8b4-40af-a53b-392217eb9085 de74f2d4048c4ef78082d00e49736666 e2f20cd3df98453099bf504f9832b7c6 - - 6674caebc00f4e4b9a9fcb8cf9107f20 6674caebc00f4e4b9a9fcb8cf9107f20] 199.19.213.152 "GET /v2.0/subnets?id=8fc3fed2-6dc3-4084-95b3-26e1bca09abf&id=c88d0a2d-6a64-4f36-bc48-42614b54034c HTTP/1.1" status: 200 len: 1561 time: 0.0501294
2026-07-24 18:47:02.106 9 INFO neutron.wsgi [req-45dcda8c-ac2d-4fcb-90a3-4fd13f4b73b3 req-b0b223ac-9033-4079-8109-a94fe581f347 de74f2d4048c4ef78082d00e49736666 e2f20cd3df98453099bf504f9832b7c6 - - 6674caebc00f4e4b9a9fcb8cf9107f20 6674caebc00f4e4b9a9fcb8cf9107f20] 199.19.213.152 "GET /v2.0/ports?network_id=34669529-8306-49e9-b7c2-93a4a637503e&device_owner=network%3Adhcp HTTP/1.1" status: 200 len: 210 time: 0.0302927
2026-07-24 18:47:02.118 10 INFO neutron.wsgi [None req-e13eb974-d346-4cb2-9059-8fe5fdad3452 af6cf6b7229b4c9eace48dd4220164e4 8498dd98b53f466e81ae586547e94771 - - default default] 199.19.213.152 "GET /v2.0/ports/bc6352cd-68a9-4662-a440-5c57f4fdc4ff HTTP/1.1" status: 200 len: 1583 time: 0.0397019
2026-07-24 18:47:02.146 9 INFO neutron.wsgi [req-45dcda8c-ac2d-4fcb-90a3-4fd13f4b73b3 req-f7e8cbaa-201f-4f91-8b9a-0dbf793aed02 de74f2d4048c4ef78082d00e49736666 e2f20cd3df98453099bf504f9832b7c6 - - 6674caebc00f4e4b9a9fcb8cf9107f20 6674caebc00f4e4b9a9fcb8cf9107f20] 199.19.213.152 "GET /v2.0/ports?network_id=34669529-8306-49e9-b7c2-93a4a637503e&device_owner=network%3Adhcp HTTP/1.1" status: 200 len: 210 time: 0.0304739
2026-07-24 18:47:02.166 10 INFO neutron.wsgi [None req-d867bd63-b36c-4240-b637-14e7e8185386 af6cf6b7229b4c9eace48dd4220164e4 8498dd98b53f466e81ae586547e94771 - - default default] 199.19.213.152 "GET /v2.0/ports/bc6352cd-68a9-4662-a440-5c57f4fdc4ff HTTP/1.1" status: 200 len: 1583 time: 0.0385299
2026-07-24 18:47:02.214 9 INFO neutron.wsgi [req-45dcda8c-ac2d-4fcb-90a3-4fd13f4b73b3 req-e6af5a7b-d909-4696-abf1-9401e9b6bad3 de74f2d4048c4ef78082d00e49736666 e2f20cd3df98453099bf504f9832b7c6 - - 6674caebc00f4e4b9a9fcb8cf9107f20 6674caebc00f4e4b9a9fcb8cf9107f20] 199.19.213.152 "GET /v2.0/networks/34669529-8306-49e9-b7c2-93a4a637503e?fields=segments HTTP/1.1" status: 200 len: 212 time: 0.0606382
2026-07-24 18:47:02.287 10 INFO neutron.db.ovn_revision_numbers_db [None req-7df97af8-123e-4e21-8433-8871f533c43c - - - - - -] Successfully bumped revision number for resource bc6352cd-68a9-4662-a440-5c57f4fdc4ff (type: ports) to 4
2026-07-24 18:47:02.308 9 INFO neutron.wsgi [req-45dcda8c-ac2d-4fcb-90a3-4fd13f4b73b3 req-34ed1502-f536-4ef4-869a-c0da71a27871 de74f2d4048c4ef78082d00e49736666 e2f20cd3df98453099bf504f9832b7c6 - - 6674caebc00f4e4b9a9fcb8cf9107f20 6674caebc00f4e4b9a9fcb8cf9107f20] 199.19.213.152 "GET /v2.0/networks/34669529-8306-49e9-b7c2-93a4a637503e?fields=provider%3Aphysical_network&fields=provider%3Anetwork_type HTTP/1.1" status: 200 len: 277 time: 0.0858786
2026-07-24 18:47:02.691 10 INFO neutron.db.ovn_revision_numbers_db [None req-f1e6545e-467a-4777-adb7-2663a523dea6 af6cf6b7229b4c9eace48dd4220164e4 8498dd98b53f466e81ae586547e94771 - - - -] Successfully bumped revision number for resource bc6352cd-68a9-4662-a440-5c57f4fdc4ff (type: ports) to 5
2026-07-24 18:47:02.708 10 INFO neutron.wsgi [None req-f1e6545e-467a-4777-adb7-2663a523dea6 af6cf6b7229b4c9eace48dd4220164e4 8498dd98b53f466e81ae586547e94771 - - - -] 199.19.213.152 "PUT /v2.0/ports/bc6352cd-68a9-4662-a440-5c57f4fdc4ff HTTP/1.1" status: 200 len: 1330 time: 0.5354707 /var/lib/openstack/lib/python3.10/site-packages/pycadf/identifier.py:71: UserWarning: Invalid uuid: neutron. To ensure interoperability, identifiers should be a valid uuid. warnings.warn(('Invalid uuid: %s. To ensure interoperability, '
2026-07-24 18:47:02.792 10 INFO neutron.wsgi [None req-ada7331c-a66e-4da7-8df5-9d858aa66113 af6cf6b7229b4c9eace48dd4220164e4 8498dd98b53f466e81ae586547e94771 - - default default] 199.19.213.152 "GET /v2.0/networks/34669529-8306-49e9-b7c2-93a4a637503e HTTP/1.1" status: 200 len: 1000 time: 0.0785983
2026-07-24 18:47:02.834 10 INFO neutron.wsgi [None req-e0a396eb-989d-47d6-b779-671571fcdd77 af6cf6b7229b4c9eace48dd4220164e4 8498dd98b53f466e81ae586547e94771 - - default default] 199.19.213.152 "GET /v2.0/subnets/8fc3fed2-6dc3-4084-95b3-26e1bca09abf HTTP/1.1" status: 200 len: 847 time: 0.0349894
