2026-07-24 18:41:02.674 10 INFO neutron.db.ovn_revision_numbers_db [None req-7df97af8-123e-4e21-8433-8871f533c43c - - - - - -] Successfully bumped revision number for resource 45285d8e-6b04-409d-97d8-364cf2a48701 (type: router_ports) to 3
2026-07-24 18:41:02.718 9 INFO neutron.wsgi [None req-d78e805b-c310-467a-b812-fcfbafbc95fd eaaeccb8f689446daa83a60f680fd2a0 86c95d60a16e40d1807c8e0a816ceb57 - - default default] 10.0.0.195 "GET /v2.0/subnets/e556fcf8-fd63-49db-89b4-373623109785 HTTP/1.1" status: 200 len: 843 time: 0.0573952
2026-07-24 18:41:02.719 9 INFO neutron.db.ovn_revision_numbers_db [None req-3e16ff93-25c1-4681-bb7f-0a6890f4c9fa 8343f55df6554dc3ba773080db0be8e8 56fc5372ffa34ab69fc24274d38e067d - - - -] Successfully bumped revision number for resource 78f36c08-afb8-4e7d-8ca5-3dd5648196f2 (type: subnets) to 0
2026-07-24 18:41:02.733 9 INFO neutron.wsgi [None req-3e16ff93-25c1-4681-bb7f-0a6890f4c9fa 8343f55df6554dc3ba773080db0be8e8 56fc5372ffa34ab69fc24274d38e067d - - - -] 10.0.0.195 "POST /v2.0/subnets HTTP/1.1" status: 201 len: 816 time: 1.4800160
2026-07-24 18:41:02.766 9 INFO neutron.pecan_wsgi.hooks.translation [None req-46b24ded-ef88-4a3b-9efe-380fad7bb82b eaaeccb8f689446daa83a60f680fd2a0 86c95d60a16e40d1807c8e0a816ceb57 - - - -] DELETE failed (client error): The resource could not be found.
2026-07-24 18:41:02.768 9 INFO neutron.wsgi [None req-46b24ded-ef88-4a3b-9efe-380fad7bb82b eaaeccb8f689446daa83a60f680fd2a0 86c95d60a16e40d1807c8e0a816ceb57 - - - -] 10.0.0.195 "DELETE /v2.0/subnets/c7e392fa-b039-49cb-9aaf-c01f94e1990c HTTP/1.1" status: 404 len: 337 time: 0.0312264
2026-07-24 18:41:02.800 10 INFO neutron.wsgi [None req-20ce62b3-e388-4487-9210-0fc59c8ec098 af6cf6b7229b4c9eace48dd4220164e4 8498dd98b53f466e81ae586547e94771 - - - -] 10.0.0.195 "PUT /v2.0/routers/66d02441-cc6e-45f9-a2f7-02bb05a54b50/add_router_interface HTTP/1.1" status: 200 len: 503 time: 3.4522624
2026-07-24 18:41:02.806 9 INFO neutron.pecan_wsgi.hooks.translation [None req-ea7f4f2d-4c1c-485b-b5e3-e71bba671a5f eaaeccb8f689446daa83a60f680fd2a0 86c95d60a16e40d1807c8e0a816ceb57 - - - -] DELETE failed (client error): The resource could not be found.
2026-07-24 18:41:02.808 9 INFO neutron.wsgi [None req-ea7f4f2d-4c1c-485b-b5e3-e71bba671a5f eaaeccb8f689446daa83a60f680fd2a0 86c95d60a16e40d1807c8e0a816ceb57 - - - -] 10.0.0.195 "DELETE /v2.0/networks/94ed1334-6f1a-4e28-bdaa-231d6663a81e HTTP/1.1" status: 404 len: 339 time: 0.0315347
2026-07-24 18:41:02.866 9 INFO neutron.db.segments_db [None req-08b7921d-82cf-4e81-8251-dc068ee37257 8343f55df6554dc3ba773080db0be8e8 56fc5372ffa34ab69fc24274d38e067d - - - -] Added segment e2300543-6142-4154-9cbd-7fad63a5bf4e of type geneve for network 65cedb02-0226-48c8-9bda-d3ab6e186135
2026-07-24 18:41:03.068 9 INFO neutron.db.ovn_revision_numbers_db [None req-08b7921d-82cf-4e81-8251-dc068ee37257 8343f55df6554dc3ba773080db0be8e8 56fc5372ffa34ab69fc24274d38e067d - - - -] Successfully bumped revision number for resource 65cedb02-0226-48c8-9bda-d3ab6e186135 (type: networks) to 1
2026-07-24 18:41:03.134 9 INFO neutron.wsgi [None req-763f2461-3d2f-4116-9c47-41c6397e1b99 eaaeccb8f689446daa83a60f680fd2a0 86c95d60a16e40d1807c8e0a816ceb57 - - - -] 10.0.0.195 "DELETE /v2.0/subnets/e556fcf8-fd63-49db-89b4-373623109785 HTTP/1.1" status: 204 len: 168 time: 0.3194499
2026-07-24 18:41:03.303 9 WARNING neutron.scheduler.dhcp_agent_scheduler [None req-08b7921d-82cf-4e81-8251-dc068ee37257 8343f55df6554dc3ba773080db0be8e8 56fc5372ffa34ab69fc24274d38e067d - - - -] No more DHCP agents
2026-07-24 18:41:03.305 9 WARNING neutron.api.rpc.agentnotifiers.dhcp_rpc_agent_api [None req-08b7921d-82cf-4e81-8251-dc068ee37257 8343f55df6554dc3ba773080db0be8e8 56fc5372ffa34ab69fc24274d38e067d - - - -] Unable to schedule network 65cedb02-0226-48c8-9bda-d3ab6e186135: no agents available; will retry on subsequent port and subnet creation events.
2026-07-24 18:41:03.377 9 INFO neutron.db.ovn_revision_numbers_db [None req-08b7921d-82cf-4e81-8251-dc068ee37257 8343f55df6554dc3ba773080db0be8e8 56fc5372ffa34ab69fc24274d38e067d - - - -] Successfully bumped revision number for resource fb4c861a-57e5-4b04-8d31-f79c590a4af3 (type: ports) to 1
2026-07-24 18:41:03.400 9 INFO neutron.wsgi [None req-08b7921d-82cf-4e81-8251-dc068ee37257 8343f55df6554dc3ba773080db0be8e8 56fc5372ffa34ab69fc24274d38e067d - - - -] 10.0.0.195 "POST /v2.0/networks HTTP/1.1" status: 201 len: 842 time: 0.6549056
2026-07-24 18:41:03.476 10 INFO neutron.db.ovn_revision_numbers_db [None req-5c92e287-3be2-40dd-b356-3cd5c4210ea4 876eaad00882460db3ea98d9e5df357d 393659d14ae1459a9a94059651c426c8 - - - -] Successfully bumped revision number for resource 98a92935-db04-4785-b156-835448be6c11 (type: security_groups) to 1
2026-07-24 18:41:03.501 10 INFO neutron.wsgi [None req-5c92e287-3be2-40dd-b356-3cd5c4210ea4 876eaad00882460db3ea98d9e5df357d 393659d14ae1459a9a94059651c426c8 - - - -] 10.0.0.195 "POST /v2.0/security-groups HTTP/1.1" status: 201 len: 1795 time: 0.2096608
2026-07-24 18:41:03.609 9 INFO neutron.db.ovn_revision_numbers_db [None req-a102871d-db84-4c49-9b75-c0ea0eb59e08 8343f55df6554dc3ba773080db0be8e8 56fc5372ffa34ab69fc24274d38e067d - - - -] Successfully bumped revision number for resource 65cedb02-0226-48c8-9bda-d3ab6e186135 (type: networks) to 2
2026-07-24 18:41:03.613 10 INFO neutron.services.segments.plugin [-] Segment 2ac4653f-3fde-4a7f-af73-ae633a541c1d resource provider aggregate not found
2026-07-24 18:41:03.614 9 INFO neutron.wsgi [None req-a102871d-db84-4c49-9b75-c0ea0eb59e08 8343f55df6554dc3ba773080db0be8e8 56fc5372ffa34ab69fc24274d38e067d - - - -] 10.0.0.195 "PUT /v2.0/networks/65cedb02-0226-48c8-9bda-d3ab6e186135 HTTP/1.1" status: 200 len: 792 time: 0.2079334
2026-07-24 18:41:03.635 10 INFO neutron.services.segments.plugin [-] Segment 2ac4653f-3fde-4a7f-af73-ae633a541c1d resource provider aggregate not found
2026-07-24 18:41:03.652 10 INFO neutron.services.segments.plugin [-] Segment 2ac4653f-3fde-4a7f-af73-ae633a541c1d resource provider not found; error: Placement Client Error (4xx): {"errors": [{"status": 404, "title": "Not Found", "detail": "The resource could not be found.\n\n No resource provider with uuid 2ac4653f-3fde-4a7f-af73-ae633a541c1d found for delete ", "request_id": "req-1e73f305-82a7-4a20-a14d-f599a692a4ed"}]}
2026-07-24 18:41:03.656 10 INFO neutron.services.segments.plugin [-] Segment 2ac4653f-3fde-4a7f-af73-ae633a541c1d resource provider not found; error: Placement Client Error (4xx): {"errors": [{"status": 404, "title": "Not Found", "detail": "The resource could not be found.\n\n No resource provider with uuid 2ac4653f-3fde-4a7f-af73-ae633a541c1d found for delete ", "request_id": "req-3690cbc0-6c25-4ffa-889d-f75d8493100d"}]}
2026-07-24 18:41:03.699 10 INFO neutron.wsgi [None req-c017216f-bc7b-4de9-a8d2-f753f0235cc7 eaaeccb8f689446daa83a60f680fd2a0 86c95d60a16e40d1807c8e0a816ceb57 - - - -] 10.0.0.195 "DELETE /v2.0/networks/cef6b4e5-d6da-420d-82f3-91a5f7b90671 HTTP/1.1" status: 204 len: 168 time: 0.5436776
2026-07-24 18:41:03.765 10 INFO neutron.wsgi [req-6132a5c0-cc77-46f3-ab55-a3d32eedff47 req-e53b0df5-7db8-485b-b780-f4dd9bbf7a5b fe20d2c800aa406dafa789a51a3e897f bf9aef7524834cf98928967a9ddeac3b - - default default] 10.0.0.3 "GET /v2.0/ports?device_id=b793e446-ce12-4b63-937c-25862543f84a HTTP/1.1" status: 200 len: 1174 time: 0.1249154
2026-07-24 18:41:03.766 10 INFO neutron.db.ovn_revision_numbers_db [None req-c71751bb-3476-4c3d-b513-070a4d3ab228 876eaad00882460db3ea98d9e5df357d 393659d14ae1459a9a94059651c426c8 - - - -] Successfully bumped revision number for resource 57f53550-18a7-4841-be70-35888230479f (type: security_group_rules) to 0
2026-07-24 18:41:03.788 10 INFO neutron.wsgi [None req-c71751bb-3476-4c3d-b513-070a4d3ab228 876eaad00882460db3ea98d9e5df357d 393659d14ae1459a9a94059651c426c8 - - - -] 10.0.0.195 "POST /v2.0/security-group-rules HTTP/1.1" status: 201 len: 764 time: 0.2812669
2026-07-24 18:41:03.848 10 INFO neutron.wsgi [req-339cea28-a2cd-45ac-b538-feb8d785086b req-4120a1ff-6b26-492f-99d8-43899bcc946a fe20d2c800aa406dafa789a51a3e897f bf9aef7524834cf98928967a9ddeac3b - - default default] 10.0.0.3 "GET /v2.0/ports/1240bb52-a9f1-4395-975f-1b158d44e012 HTTP/1.1" status: 200 len: 1171 time: 0.0297670
2026-07-24 18:41:03.951 9 WARNING neutron.scheduler.dhcp_agent_scheduler [None req-4f3fb427-e891-4651-9737-8c742e81878a 8343f55df6554dc3ba773080db0be8e8 56fc5372ffa34ab69fc24274d38e067d - - - -] No more DHCP agents
2026-07-24 18:41:03.955 9 WARNING neutron.api.rpc.agentnotifiers.dhcp_rpc_agent_api [None req-4f3fb427-e891-4651-9737-8c742e81878a 8343f55df6554dc3ba773080db0be8e8 56fc5372ffa34ab69fc24274d38e067d - - - -] Unable to schedule network 65cedb02-0226-48c8-9bda-d3ab6e186135: no agents available; will retry on subsequent port and subnet creation events.
2026-07-24 18:41:04.002 9 INFO neutron.db.ovn_revision_numbers_db [None req-6fa18201-dbd4-46f3-891c-0db6b0077607 876eaad00882460db3ea98d9e5df357d 393659d14ae1459a9a94059651c426c8 - - - -] Successfully bumped revision number for resource 33ce234f-8b3b-4050-b47b-bc76e44800b9 (type: security_group_rules) to 0
2026-07-24 18:41:04.092 9 INFO neutron.wsgi [req-7cd93e8a-e714-4d73-ab59-75b9ca10f601 req-b0b2b56c-5e17-4ca4-b100-bf0e5c609832 fe20d2c800aa406dafa789a51a3e897f bf9aef7524834cf98928967a9ddeac3b - - default default] 199.19.213.152 "GET /v2.0/subnets?network_id=58109e48-576d-4a0a-8641-50c5701d4985 HTTP/1.1" status: 200 len: 859 time: 0.0763979
2026-07-24 18:41:04.095 9 INFO neutron.wsgi [None req-6fa18201-dbd4-46f3-891c-0db6b0077607 876eaad00882460db3ea98d9e5df357d 393659d14ae1459a9a94059651c426c8 - - - -] 10.0.0.195 "POST /v2.0/security-group-rules HTTP/1.1" status: 201 len: 769 time: 0.3006032
2026-07-24 18:41:04.238 9 INFO neutron.wsgi [req-7cd93e8a-e714-4d73-ab59-75b9ca10f601 req-1fe4e234-2b71-4a25-ba26-7a45c2d1497c fe20d2c800aa406dafa789a51a3e897f bf9aef7524834cf98928967a9ddeac3b - - default default] 199.19.213.152 "GET /v2.0/ports?device_id=b793e446-ce12-4b63-937c-25862543f84a&device_owner=compute%3Anova&network_id=58109e48-576d-4a0a-8641-50c5701d4985 HTTP/1.1" status: 200 len: 1174 time: 0.1384854
2026-07-24 18:41:04.406 10 WARNING neutron.scheduler.dhcp_agent_scheduler [None req-5d49e676-853e-4123-a329-f6aeba8991ac 876eaad00882460db3ea98d9e5df357d 393659d14ae1459a9a94059651c426c8 - - - -] No more DHCP agents
2026-07-24 18:41:04.409 10 WARNING neutron.api.rpc.agentnotifiers.dhcp_rpc_agent_api [None req-5d49e676-853e-4123-a329-f6aeba8991ac 876eaad00882460db3ea98d9e5df357d 393659d14ae1459a9a94059651c426c8 - - - -] Unable to schedule network 9edd62f8-6081-4780-bbb7-f7b6619461a6: no agents available; will retry on subsequent port and subnet creation events.
2026-07-24 18:41:04.552 9 INFO neutron.wsgi [None req-6200de25-cee8-4cb6-a1cf-ffb8eb423293 af6cf6b7229b4c9eace48dd4220164e4 8498dd98b53f466e81ae586547e94771 - - default default] 10.0.0.195 "GET /v2.0/security-groups?tenant_id=86c95d60a16e40d1807c8e0a816ceb57&name=default HTTP/1.1" status: 200 len: 2996 time: 0.2338874
2026-07-24 18:41:04.759 10 INFO neutron.db.ovn_revision_numbers_db [None req-5d49e676-853e-4123-a329-f6aeba8991ac 876eaad00882460db3ea98d9e5df357d 393659d14ae1459a9a94059651c426c8 - - - -] Successfully bumped revision number for resource 0b838923-9928-44c3-ba01-85e8ec587cec (type: floatingips) to 0
2026-07-24 18:41:04.777 10 INFO neutron.wsgi [None req-5d49e676-853e-4123-a329-f6aeba8991ac 876eaad00882460db3ea98d9e5df357d 393659d14ae1459a9a94059651c426c8 - - - -] 10.0.0.195 "POST /v2.0/floatingips HTTP/1.1" status: 201 len: 751 time: 0.6742904
2026-07-24 18:41:04.900 9 INFO neutron.db.ovn_revision_numbers_db [None req-4f3fb427-e891-4651-9737-8c742e81878a 8343f55df6554dc3ba773080db0be8e8 56fc5372ffa34ab69fc24274d38e067d - - - -] Successfully bumped revision number for resource fb4c861a-57e5-4b04-8d31-f79c590a4af3 (type: ports) to 2
2026-07-24 18:41:04.935 9 INFO neutron.db.ovn_revision_numbers_db [None req-4f3fb427-e891-4651-9737-8c742e81878a 8343f55df6554dc3ba773080db0be8e8 56fc5372ffa34ab69fc24274d38e067d - - - -] Successfully bumped revision number for resource e1b615bd-f29d-4435-ae62-606ed814ebe5 (type: subnets) to 0
2026-07-24 18:41:04.952 9 INFO neutron.db.ovn_revision_numbers_db [None req-0c085928-ecf6-4a78-8993-d7f2d924198d fe20d2c800aa406dafa789a51a3e897f bf9aef7524834cf98928967a9ddeac3b - - - -] Successfully bumped revision number for resource 1240bb52-a9f1-4395-975f-1b158d44e012 (type: ports) to 5
2026-07-24 18:41:04.957 9 INFO neutron.wsgi [None req-4f3fb427-e891-4651-9737-8c742e81878a 8343f55df6554dc3ba773080db0be8e8 56fc5372ffa34ab69fc24274d38e067d - - - -] 10.0.0.195 "POST /v2.0/subnets HTTP/1.1" status: 201 len: 801 time: 1.3364706
2026-07-24 18:41:04.968 9 INFO neutron.wsgi [None req-0c085928-ecf6-4a78-8993-d7f2d924198d fe20d2c800aa406dafa789a51a3e897f bf9aef7524834cf98928967a9ddeac3b - - - -] 199.19.213.152 "PUT /v2.0/ports/1240bb52-a9f1-4395-975f-1b158d44e012 HTTP/1.1" status: 200 len: 1353 time: 0.7218227
2026-07-24 18:41:05.008 9 INFO neutron.wsgi [None req-8ee70865-6ff0-4dec-a9af-6580211f60ab af6cf6b7229b4c9eace48dd4220164e4 8498dd98b53f466e81ae586547e94771 - - - -] 10.0.0.195 "DELETE /v2.0/security-groups/e5e4dec3-6337-4ea4-b97c-3043df751b2f HTTP/1.1" status: 204 len: 168 time: 0.4481063 /var/lib/openstack/lib/python3.10/site-packages/pycadf/identifier.py:71: UserWarning: Invalid uuid: neutron. To ensure interoperability, identifiers should be a valid uuid. warnings.warn(('Invalid uuid: %s. To ensure interoperability, '
2026-07-24 18:41:05.017 9 INFO neutron.notifiers.nova [-] Nova event matching ['req-cdb0204d-a692-433c-95e2-438ff93695f8'] response: {'name': 'network-changed', 'server_uuid': 'b793e446-ce12-4b63-937c-25862543f84a', 'tag': '1240bb52-a9f1-4395-975f-1b158d44e012', 'status': 'completed', 'code': 200}
2026-07-24 18:41:05.043 9 INFO neutron.wsgi [req-7cd93e8a-e714-4d73-ab59-75b9ca10f601 req-e97d1178-baa4-489a-8364-43eafdae3267 de74f2d4048c4ef78082d00e49736666 e2f20cd3df98453099bf504f9832b7c6 - - 6674caebc00f4e4b9a9fcb8cf9107f20 6674caebc00f4e4b9a9fcb8cf9107f20] 199.19.213.152 "GET /v2.0/ports?tenant_id=bf9aef7524834cf98928967a9ddeac3b&device_id=b793e446-ce12-4b63-937c-25862543f84a HTTP/1.1" status: 200 len: 1546 time: 0.0393398
2026-07-24 18:41:05.112 9 INFO neutron.wsgi [req-7cd93e8a-e714-4d73-ab59-75b9ca10f601 req-91f6e97d-48f9-458b-941f-d51bdb563881 de74f2d4048c4ef78082d00e49736666 e2f20cd3df98453099bf504f9832b7c6 - - 6674caebc00f4e4b9a9fcb8cf9107f20 6674caebc00f4e4b9a9fcb8cf9107f20] 199.19.213.152 "GET /v2.0/networks?id=58109e48-576d-4a0a-8641-50c5701d4985 HTTP/1.1" status: 200 len: 982 time: 0.0645099
2026-07-24 18:41:05.155 9 INFO neutron.wsgi [req-7cd93e8a-e714-4d73-ab59-75b9ca10f601 req-14852435-7d4a-45b4-b904-15917240eddd de74f2d4048c4ef78082d00e49736666 e2f20cd3df98453099bf504f9832b7c6 - - 6674caebc00f4e4b9a9fcb8cf9107f20 6674caebc00f4e4b9a9fcb8cf9107f20] 199.19.213.152 "GET /v2.0/floatingips?fixed_ip_address=10.100.0.12&port_id=1240bb52-a9f1-4395-975f-1b158d44e012 HTTP/1.1" status: 200 len: 1060 time: 0.0359290
2026-07-24 18:41:05.188 9 INFO neutron.wsgi [req-7cd93e8a-e714-4d73-ab59-75b9ca10f601 req-1c3ab14d-2c1f-4988-bcee-85064c69c48e de74f2d4048c4ef78082d00e49736666 e2f20cd3df98453099bf504f9832b7c6 - - 6674caebc00f4e4b9a9fcb8cf9107f20 6674caebc00f4e4b9a9fcb8cf9107f20] 199.19.213.152 "GET /v2.0/floatingips?fixed_ip_address=10.100.0.13&port_id=1240bb52-a9f1-4395-975f-1b158d44e012 HTTP/1.1" status: 200 len: 217 time: 0.0280261
2026-07-24 18:41:05.232 9 INFO neutron.wsgi [req-7cd93e8a-e714-4d73-ab59-75b9ca10f601 req-95456571-99c7-4ca3-9c4b-e558ed0e1364 de74f2d4048c4ef78082d00e49736666 e2f20cd3df98453099bf504f9832b7c6 - - 6674caebc00f4e4b9a9fcb8cf9107f20 6674caebc00f4e4b9a9fcb8cf9107f20] 199.19.213.152 "GET /v2.0/subnets?id=bdc75a21-afbe-4bd9-b63a-0174a46dbf58 HTTP/1.1" status: 200 len: 877 time: 0.0360386
2026-07-24 18:41:05.266 9 INFO neutron.wsgi [req-7cd93e8a-e714-4d73-ab59-75b9ca10f601 req-7dacf23f-c3b6-4371-ba7a-c6a0f77cef17 de74f2d4048c4ef78082d00e49736666 e2f20cd3df98453099bf504f9832b7c6 - - 6674caebc00f4e4b9a9fcb8cf9107f20 6674caebc00f4e4b9a9fcb8cf9107f20] 199.19.213.152 "GET /v2.0/ports?network_id=58109e48-576d-4a0a-8641-50c5701d4985&device_owner=network%3Adhcp HTTP/1.1" status: 200 len: 210 time: 0.0260494
2026-07-24 18:41:05.309 10 INFO neutron.db.ovn_revision_numbers_db [None req-423de920-d47f-4cf7-917a-00e989f05c76 8343f55df6554dc3ba773080db0be8e8 56fc5372ffa34ab69fc24274d38e067d - - - -] Successfully bumped revision number for resource e1b615bd-f29d-4435-ae62-606ed814ebe5 (type: subnets) to 1
2026-07-24 18:41:05.314 10 INFO neutron.wsgi [None req-423de920-d47f-4cf7-917a-00e989f05c76 8343f55df6554dc3ba773080db0be8e8 56fc5372ffa34ab69fc24274d38e067d - - - -] 10.0.0.195 "PUT /v2.0/subnets/e1b615bd-f29d-4435-ae62-606ed814ebe5 HTTP/1.1" status: 200 len: 806 time: 0.3504672
2026-07-24 18:41:05.327 9 INFO neutron.wsgi [req-7cd93e8a-e714-4d73-ab59-75b9ca10f601 req-bfe3094a-fc6c-44a1-a31d-9eb671fe3d5c de74f2d4048c4ef78082d00e49736666 e2f20cd3df98453099bf504f9832b7c6 - - 6674caebc00f4e4b9a9fcb8cf9107f20 6674caebc00f4e4b9a9fcb8cf9107f20] 199.19.213.152 "GET /v2.0/networks/58109e48-576d-4a0a-8641-50c5701d4985?fields=segments HTTP/1.1" status: 200 len: 212 time: 0.0544643
2026-07-24 18:41:05.413 9 INFO neutron.wsgi [req-7cd93e8a-e714-4d73-ab59-75b9ca10f601 req-0fedbdc3-e156-4928-85dd-e50d8bf7a6e4 de74f2d4048c4ef78082d00e49736666 e2f20cd3df98453099bf504f9832b7c6 - - 6674caebc00f4e4b9a9fcb8cf9107f20 6674caebc00f4e4b9a9fcb8cf9107f20] 199.19.213.152 "GET /v2.0/networks/58109e48-576d-4a0a-8641-50c5701d4985?fields=provider%3Aphysical_network&fields=provider%3Anetwork_type HTTP/1.1" status: 200 len: 277 time: 0.0801873
2026-07-24 18:41:05.450 10 INFO neutron.wsgi [req-f34050fa-32b0-436c-9c77-6feda92218e2 req-905def6a-3e25-4c7b-8e45-6aac3d838b3d 876eaad00882460db3ea98d9e5df357d 393659d14ae1459a9a94059651c426c8 - - default default] 10.0.0.3 "GET /v2.0/security-groups?name=tempest-securitygroup--469656511&fields=id&tenant_id=393659d14ae1459a9a94059651c426c8 HTTP/1.1" status: 200 len: 267 time: 0.0526841
2026-07-24 18:41:05.497 9 INFO neutron.wsgi [req-748bce59-ac6a-43bf-9828-5720ead33d52 req-b3d49513-e2db-4998-8af4-6517e3562bfb de74f2d4048c4ef78082d00e49736666 e2f20cd3df98453099bf504f9832b7c6 - - 6674caebc00f4e4b9a9fcb8cf9107f20 6674caebc00f4e4b9a9fcb8cf9107f20] 199.19.213.152 "GET /v2.0/ports?tenant_id=bf9aef7524834cf98928967a9ddeac3b&device_id=b793e446-ce12-4b63-937c-25862543f84a HTTP/1.1" status: 200 len: 1546 time: 0.0393038
2026-07-24 18:41:05.564 10 INFO neutron.wsgi [req-f34050fa-32b0-436c-9c77-6feda92218e2 req-d56f4326-0849-45fa-9d49-3d548e4d4225 876eaad00882460db3ea98d9e5df357d 393659d14ae1459a9a94059651c426c8 - - default default] 10.0.0.3 "GET /v2.0/networks?id=ee794dbf-bfe6-4087-870f-a49107e147c8 HTTP/1.1" status: 200 len: 874 time: 0.1069467
2026-07-24 18:41:05.569 9 INFO neutron.wsgi [req-748bce59-ac6a-43bf-9828-5720ead33d52 req-c6f10c07-aed9-4bfb-9078-f5c89a01e5e0 de74f2d4048c4ef78082d00e49736666 e2f20cd3df98453099bf504f9832b7c6 - - 6674caebc00f4e4b9a9fcb8cf9107f20 6674caebc00f4e4b9a9fcb8cf9107f20] 199.19.213.152 "GET /v2.0/networks?id=58109e48-576d-4a0a-8641-50c5701d4985 HTTP/1.1" status: 200 len: 982 time: 0.0643530
2026-07-24 18:41:05.601 10 INFO neutron.wsgi [req-f34050fa-32b0-436c-9c77-6feda92218e2 req-33476741-1469-40ec-8377-f43817217b4d 876eaad00882460db3ea98d9e5df357d 393659d14ae1459a9a94059651c426c8 - - default default] 10.0.0.3 "GET /v2.0/quotas/393659d14ae1459a9a94059651c426c8 HTTP/1.1" status: 200 len: 386 time: 0.0300190
2026-07-24 18:41:05.933 9 INFO neutron.wsgi [req-748bce59-ac6a-43bf-9828-5720ead33d52 req-64e02319-fdbd-4e59-8a1b-afd45eae88b5 de74f2d4048c4ef78082d00e49736666 e2f20cd3df98453099bf504f9832b7c6 - - 6674caebc00f4e4b9a9fcb8cf9107f20 6674caebc00f4e4b9a9fcb8cf9107f20] 199.19.213.152 "GET /v2.0/floatingips?fixed_ip_address=10.100.0.12&port_id=1240bb52-a9f1-4395-975f-1b158d44e012 HTTP/1.1" status: 200 len: 1060 time: 0.3570044
2026-07-24 18:41:05.967 9 INFO neutron.wsgi [req-748bce59-ac6a-43bf-9828-5720ead33d52 req-899a79a4-c768-485e-a633-a2017bc26f29 de74f2d4048c4ef78082d00e49736666 e2f20cd3df98453099bf504f9832b7c6 - - 6674caebc00f4e4b9a9fcb8cf9107f20 6674caebc00f4e4b9a9fcb8cf9107f20] 199.19.213.152 "GET /v2.0/floatingips?fixed_ip_address=10.100.0.13&port_id=1240bb52-a9f1-4395-975f-1b158d44e012 HTTP/1.1" status: 200 len: 217 time: 0.0259011
2026-07-24 18:41:06.007 9 INFO neutron.wsgi [req-748bce59-ac6a-43bf-9828-5720ead33d52 req-e2e99f5f-9250-4582-8065-5ff32859dedc de74f2d4048c4ef78082d00e49736666 e2f20cd3df98453099bf504f9832b7c6 - - 6674caebc00f4e4b9a9fcb8cf9107f20 6674caebc00f4e4b9a9fcb8cf9107f20] 199.19.213.152 "GET /v2.0/subnets?id=bdc75a21-afbe-4bd9-b63a-0174a46dbf58 HTTP/1.1" status: 200 len: 877 time: 0.0335784
2026-07-24 18:41:06.023 10 INFO neutron.wsgi [req-f34050fa-32b0-436c-9c77-6feda92218e2 req-17538058-6ad3-4a21-a268-57762f526eb6 876eaad00882460db3ea98d9e5df357d 393659d14ae1459a9a94059651c426c8 - - default default] 10.0.0.3 "GET /v2.0/ports?tenant_id=393659d14ae1459a9a94059651c426c8&fields=id HTTP/1.1" status: 200 len: 302 time: 0.4126406
2026-07-24 18:41:06.042 9 INFO neutron.wsgi [req-748bce59-ac6a-43bf-9828-5720ead33d52 req-5d736191-7b03-4f12-9236-079e231c6883 de74f2d4048c4ef78082d00e49736666 e2f20cd3df98453099bf504f9832b7c6 - - 6674caebc00f4e4b9a9fcb8cf9107f20 6674caebc00f4e4b9a9fcb8cf9107f20] 199.19.213.152 "GET /v2.0/ports?network_id=58109e48-576d-4a0a-8641-50c5701d4985&device_owner=network%3Adhcp HTTP/1.1" status: 200 len: 210 time: 0.0265365
2026-07-24 18:41:06.122 9 INFO neutron.wsgi [req-748bce59-ac6a-43bf-9828-5720ead33d52 req-5771a45e-3fbc-4191-b8ce-639b17f6de3e de74f2d4048c4ef78082d00e49736666 e2f20cd3df98453099bf504f9832b7c6 - - 6674caebc00f4e4b9a9fcb8cf9107f20 6674caebc00f4e4b9a9fcb8cf9107f20] 199.19.213.152 "GET /v2.0/networks/58109e48-576d-4a0a-8641-50c5701d4985?fields=segments HTTP/1.1" status: 200 len: 212 time: 0.0711348
2026-07-24 18:41:06.133 10 INFO neutron.wsgi [req-f34050fa-32b0-436c-9c77-6feda92218e2 req-7c0afedc-e78f-4e75-a056-d3e0e889a92a de74f2d4048c4ef78082d00e49736666 e2f20cd3df98453099bf504f9832b7c6 - - 6674caebc00f4e4b9a9fcb8cf9107f20 6674caebc00f4e4b9a9fcb8cf9107f20] 10.0.0.3 "GET /v2.0/networks/ee794dbf-bfe6-4087-870f-a49107e147c8?fields=segments HTTP/1.1" status: 200 len: 212 time: 0.0892363
2026-07-24 18:41:06.195 9 INFO neutron.wsgi [req-748bce59-ac6a-43bf-9828-5720ead33d52 req-9899459f-8761-4ec7-92e4-1b372d8d51d7 de74f2d4048c4ef78082d00e49736666 e2f20cd3df98453099bf504f9832b7c6 - - 6674caebc00f4e4b9a9fcb8cf9107f20 6674caebc00f4e4b9a9fcb8cf9107f20] 199.19.213.152 "GET /v2.0/networks/58109e48-576d-4a0a-8641-50c5701d4985?fields=provider%3Aphysical_network&fields=provider%3Anetwork_type HTTP/1.1" status: 200 len: 277 time: 0.0665276
2026-07-24 18:41:06.233 10 INFO neutron.wsgi [req-a2105540-d46f-4651-a15e-554ab4cef6c1 req-4266476c-fa30-4f9a-825c-bb73f70036ac fe20d2c800aa406dafa789a51a3e897f bf9aef7524834cf98928967a9ddeac3b - - default default] 10.0.0.3 "GET /v2.0/ports?device_id=b793e446-ce12-4b63-937c-25862543f84a HTTP/1.1" status: 200 len: 1356 time: 0.0747387
2026-07-24 18:41:06.275 10 INFO neutron.wsgi [req-f34050fa-32b0-436c-9c77-6feda92218e2 req-c9e1e710-289b-47dc-b1f3-1dce0e785fb9 de74f2d4048c4ef78082d00e49736666 e2f20cd3df98453099bf504f9832b7c6 - - 6674caebc00f4e4b9a9fcb8cf9107f20 6674caebc00f4e4b9a9fcb8cf9107f20] 10.0.0.3 "GET /v2.0/networks/ee794dbf-bfe6-4087-870f-a49107e147c8?fields=provider%3Aphysical_network&fields=provider%3Anetwork_type HTTP/1.1" status: 200 len: 277 time: 0.1286886
2026-07-24 18:41:06.292 10 INFO neutron.wsgi [req-a2105540-d46f-4651-a15e-554ab4cef6c1 req-5ab823c0-78f7-4c47-8db8-1f2f86e6b213 fe20d2c800aa406dafa789a51a3e897f bf9aef7524834cf98928967a9ddeac3b - - default default] 10.0.0.3 "GET /v2.0/security-groups?id=272b809d-f6da-4a71-baf4-3f303412ff3f&fields=id&fields=name HTTP/1.1" status: 200 len: 313 time: 0.0505853
2026-07-24 18:41:06.457 10 INFO neutron.services.segments.plugin [-] Segment e2300543-6142-4154-9cbd-7fad63a5bf4e resource provider aggregate not found
2026-07-24 18:41:06.473 10 INFO neutron.services.segments.plugin [-] Segment e2300543-6142-4154-9cbd-7fad63a5bf4e resource provider aggregate not found
2026-07-24 18:41:06.490 10 INFO neutron.services.segments.plugin [-] Segment e2300543-6142-4154-9cbd-7fad63a5bf4e resource provider not found; error: Placement Client Error (4xx): {"errors": [{"status": 404, "title": "Not Found", "detail": "The resource could not be found.\n\n No resource provider with uuid e2300543-6142-4154-9cbd-7fad63a5bf4e found for delete ", "request_id": "req-186b2782-7860-4a0b-9450-e4a30e899774"}]}
2026-07-24 18:41:06.494 10 INFO neutron.wsgi [req-40ea8d00-4277-45b7-a16d-3c894e74f05b req-24b77c18-fdb0-4268-b7ea-dbe0afc60c1a 876eaad00882460db3ea98d9e5df357d 393659d14ae1459a9a94059651c426c8 - - default default] 10.0.0.3 "GET /v2.0/ports?device_id=bb866ffb-0f54-4562-b4c5-04f5affe2cd8 HTTP/1.1" status: 200 len: 210 time: 0.0818229
2026-07-24 18:41:06.506 9 INFO neutron.wsgi [req-097f5883-7e65-45b8-9d15-1f5d77cb6e62 req-ee18915d-2b23-42fa-a870-ce731cc566bc fe20d2c800aa406dafa789a51a3e897f bf9aef7524834cf98928967a9ddeac3b - - default default] 199.19.213.152 "GET /v2.0/ports?device_id=b793e446-ce12-4b63-937c-25862543f84a&device_owner=compute%3Anova&fixed_ips=ip_address%3D10.100.0.13 HTTP/1.1" status: 200 len: 1356 time: 0.0865066
2026-07-24 18:41:06.510 10 INFO neutron.services.segments.plugin [-] Segment e2300543-6142-4154-9cbd-7fad63a5bf4e resource provider not found; error: Placement Client Error (4xx): {"errors": [{"status": 404, "title": "Not Found", "detail": "The resource could not be found.\n\n No resource provider with uuid e2300543-6142-4154-9cbd-7fad63a5bf4e found for delete ", "request_id": "req-333ba9b2-ef11-4d7e-8a8b-c710340c4d59"}]}
2026-07-24 18:41:06.543 10 INFO neutron.wsgi [None req-a63dc279-ded6-42f2-b3ff-411b5bf226c8 8343f55df6554dc3ba773080db0be8e8 56fc5372ffa34ab69fc24274d38e067d - - - -] 10.0.0.195 "DELETE /v2.0/networks/65cedb02-0226-48c8-9bda-d3ab6e186135 HTTP/1.1" status: 204 len: 168 time: 1.2222965
2026-07-24 18:41:06.575 9 INFO neutron.pecan_wsgi.hooks.translation [None req-c9b87765-e673-4e9f-bc09-3f155a419ee9 8343f55df6554dc3ba773080db0be8e8 56fc5372ffa34ab69fc24274d38e067d - - - -] DELETE failed (client error): The resource could not be found.
2026-07-24 18:41:06.578 9 INFO neutron.wsgi [None req-c9b87765-e673-4e9f-bc09-3f155a419ee9 8343f55df6554dc3ba773080db0be8e8 56fc5372ffa34ab69fc24274d38e067d - - - -] 10.0.0.195 "DELETE /v2.0/networks/65cedb02-0226-48c8-9bda-d3ab6e186135 HTTP/1.1" status: 404 len: 339 time: 0.0284758
2026-07-24 18:41:06.778 9 INFO neutron.wsgi [None req-f06028bb-7bc3-4313-a6ab-3abff0e9f80e 8343f55df6554dc3ba773080db0be8e8 56fc5372ffa34ab69fc24274d38e067d - - default default] 10.0.0.195 "GET /v2.0/networks?router%3Aexternal=True HTTP/1.1" status: 200 len: 845 time: 0.1935356
2026-07-24 18:41:06.827 10 INFO neutron.wsgi [None req-58e4ee42-efd8-4439-84ee-0d6b536434c9 8343f55df6554dc3ba773080db0be8e8 56fc5372ffa34ab69fc24274d38e067d - - default default] 10.0.0.195 "GET /v2.0/subnets?network_id=9edd62f8-6081-4780-bbb7-f7b6619461a6 HTTP/1.1" status: 200 len: 820 time: 0.0433674
2026-07-24 18:41:06.842 10 INFO neutron.wsgi [None req-c2ab6064-fa54-4eb1-8916-5fe9a11acc97 8343f55df6554dc3ba773080db0be8e8 56fc5372ffa34ab69fc24274d38e067d - - default default] 10.0.0.195 "GET /v2.0/extensions HTTP/1.1" status: 200 len: 16520 time: 0.0076525
2026-07-24 18:41:06.939 10 INFO neutron.wsgi [None req-ea034dc0-9f8b-462c-bd97-a28def2609ea 8343f55df6554dc3ba773080db0be8e8 56fc5372ffa34ab69fc24274d38e067d - - default default] 10.0.0.195 "GET /v2.0/networks HTTP/1.1" status: 200 len: 1502 time: 0.0894859
2026-07-24 18:41:07.027 10 INFO neutron.wsgi [None req-dda9b168-f121-4e97-b21f-13cb09a5d417 8343f55df6554dc3ba773080db0be8e8 56fc5372ffa34ab69fc24274d38e067d - - default default] 10.0.0.195 "GET /v2.0/subnets HTTP/1.1" status: 200 len: 1428 time: 0.0794163
2026-07-24 18:41:07.080 9 INFO neutron.db.ovn_revision_numbers_db [None req-f993ca19-1da9-439e-8743-2902301038fa fe20d2c800aa406dafa789a51a3e897f bf9aef7524834cf98928967a9ddeac3b - - - -] Successfully bumped revision number for resource 1240bb52-a9f1-4395-975f-1b158d44e012 (type: ports) to 6
2026-07-24 18:41:07.097 9 INFO neutron.wsgi [None req-f993ca19-1da9-439e-8743-2902301038fa fe20d2c800aa406dafa789a51a3e897f bf9aef7524834cf98928967a9ddeac3b - - - -] 199.19.213.152 "PUT /v2.0/ports/1240bb52-a9f1-4395-975f-1b158d44e012 HTTP/1.1" status: 200 len: 1171 time: 0.5855317
2026-07-24 18:41:07.125 10 INFO neutron.wsgi [None req-a95cace5-4313-4ec5-9987-c015e0365edb 8343f55df6554dc3ba773080db0be8e8 56fc5372ffa34ab69fc24274d38e067d - - default default] 10.0.0.195 "GET /v2.0/networks/b906d431-cdb3-4b69-8bbf-15b85c3f77ed HTTP/1.1" status: 200 len: 861 time: 0.0870988 /var/lib/openstack/lib/python3.10/site-packages/pycadf/identifier.py:71: UserWarning: Invalid uuid: neutron. To ensure interoperability, identifiers should be a valid uuid. warnings.warn(('Invalid uuid: %s. To ensure interoperability, '
2026-07-24 18:41:07.137 9 INFO neutron.notifiers.nova [-] Nova event matching ['req-1b24a555-057d-4301-a3cf-39e4ad37422b'] response: {'name': 'network-changed', 'server_uuid': 'b793e446-ce12-4b63-937c-25862543f84a', 'tag': '1240bb52-a9f1-4395-975f-1b158d44e012', 'status': 'completed', 'code': 200}
2026-07-24 18:41:07.163 9 INFO neutron.wsgi [req-097f5883-7e65-45b8-9d15-1f5d77cb6e62 req-3fadb0c0-dc35-4773-823f-38a1ecddff4e de74f2d4048c4ef78082d00e49736666 e2f20cd3df98453099bf504f9832b7c6 - - 6674caebc00f4e4b9a9fcb8cf9107f20 6674caebc00f4e4b9a9fcb8cf9107f20] 199.19.213.152 "GET /v2.0/ports?tenant_id=bf9aef7524834cf98928967a9ddeac3b&device_id=b793e446-ce12-4b63-937c-25862543f84a HTTP/1.1" status: 200 len: 1365 time: 0.0402212
2026-07-24 18:41:07.172 10 INFO neutron.wsgi [None req-6c134436-55e0-4e2c-b3f6-1bb808bcea14 8343f55df6554dc3ba773080db0be8e8 56fc5372ffa34ab69fc24274d38e067d - - default default] 10.0.0.195 "GET /v2.0/subnets/78f36c08-afb8-4e7d-8ca5-3dd5648196f2 HTTP/1.1" status: 200 len: 811 time: 0.0403049
2026-07-24 18:41:07.204 10 INFO neutron.pecan_wsgi.hooks.translation [None req-f0899be9-05e6-406e-a90a-821d0aa4f595 8343f55df6554dc3ba773080db0be8e8 56fc5372ffa34ab69fc24274d38e067d - - - -] DELETE failed (client error): The resource could not be found.
2026-07-24 18:41:07.206 10 INFO neutron.wsgi [None req-f0899be9-05e6-406e-a90a-821d0aa4f595 8343f55df6554dc3ba773080db0be8e8 56fc5372ffa34ab69fc24274d38e067d - - - -] 10.0.0.195 "DELETE /v2.0/subnets/e1b615bd-f29d-4435-ae62-606ed814ebe5 HTTP/1.1" status: 404 len: 337 time: 0.0274117
2026-07-24 18:41:07.228 10 INFO neutron.pecan_wsgi.hooks.translation [None req-a73a1853-4478-4434-9bba-3928f6d48da7 8343f55df6554dc3ba773080db0be8e8 56fc5372ffa34ab69fc24274d38e067d - - - -] DELETE failed (client error): The resource could not be found.
2026-07-24 18:41:07.228 9 INFO neutron.wsgi [req-097f5883-7e65-45b8-9d15-1f5d77cb6e62 req-d8d1fa5c-19b6-4fc2-8ff1-578fb1a929e7 de74f2d4048c4ef78082d00e49736666 e2f20cd3df98453099bf504f9832b7c6 - - 6674caebc00f4e4b9a9fcb8cf9107f20 6674caebc00f4e4b9a9fcb8cf9107f20] 199.19.213.152 "GET /v2.0/networks?id=58109e48-576d-4a0a-8641-50c5701d4985 HTTP/1.1" status: 200 len: 982 time: 0.0565369
2026-07-24 18:41:07.230 10 INFO neutron.wsgi [None req-a73a1853-4478-4434-9bba-3928f6d48da7 8343f55df6554dc3ba773080db0be8e8 56fc5372ffa34ab69fc24274d38e067d - - - -] 10.0.0.195 "DELETE /v2.0/networks/65cedb02-0226-48c8-9bda-d3ab6e186135 HTTP/1.1" status: 404 len: 339 time: 0.0188150
2026-07-24 18:41:07.310 9 INFO neutron.wsgi [req-097f5883-7e65-45b8-9d15-1f5d77cb6e62 req-4cb12bb5-2e66-46ca-8d89-faaf19b9137d de74f2d4048c4ef78082d00e49736666 e2f20cd3df98453099bf504f9832b7c6 - - 6674caebc00f4e4b9a9fcb8cf9107f20 6674caebc00f4e4b9a9fcb8cf9107f20] 199.19.213.152 "GET /v2.0/floatingips?fixed_ip_address=10.100.0.12&port_id=1240bb52-a9f1-4395-975f-1b158d44e012 HTTP/1.1" status: 200 len: 1060 time: 0.0750256
2026-07-24 18:41:07.368 9 INFO neutron.wsgi [req-097f5883-7e65-45b8-9d15-1f5d77cb6e62 req-4fe9c4d3-c155-4ac2-a4c9-9b5378518fbc de74f2d4048c4ef78082d00e49736666 e2f20cd3df98453099bf504f9832b7c6 - - 6674caebc00f4e4b9a9fcb8cf9107f20 6674caebc00f4e4b9a9fcb8cf9107f20] 199.19.213.152 "GET /v2.0/subnets?id=bdc75a21-afbe-4bd9-b63a-0174a46dbf58 HTTP/1.1" status: 200 len: 877 time: 0.0434144
2026-07-24 18:41:07.411 9 INFO neutron.wsgi [req-097f5883-7e65-45b8-9d15-1f5d77cb6e62 req-91d00f4e-fa19-4d63-96a6-386206778eb8 de74f2d4048c4ef78082d00e49736666 e2f20cd3df98453099bf504f9832b7c6 - - 6674caebc00f4e4b9a9fcb8cf9107f20 6674caebc00f4e4b9a9fcb8cf9107f20] 199.19.213.152 "GET /v2.0/ports?network_id=58109e48-576d-4a0a-8641-50c5701d4985&device_owner=network%3Adhcp HTTP/1.1" status: 200 len: 210 time: 0.0379634
2026-07-24 18:41:07.516 9 INFO neutron.wsgi [req-097f5883-7e65-45b8-9d15-1f5d77cb6e62 req-a71b4f43-e6c6-4881-9d1b-c7482339591f de74f2d4048c4ef78082d00e49736666 e2f20cd3df98453099bf504f9832b7c6 - - 6674caebc00f4e4b9a9fcb8cf9107f20 6674caebc00f4e4b9a9fcb8cf9107f20] 199.19.213.152 "GET /v2.0/networks/58109e48-576d-4a0a-8641-50c5701d4985?fields=segments HTTP/1.1" status: 200 len: 212 time: 0.0977542
2026-07-24 18:41:07.548 10 WARNING neutron.plugins.ml2.drivers.ovn.mech_driver.ovsdb.ovn_client [None req-7df97af8-123e-4e21-8433-8871f533c43c - - - - - -] No hosting information found for port 45285d8e-6b04-409d-97d8-364cf2a48701: RuntimeError: No hosting information found for port 45285d8e-6b04-409d-97d8-364cf2a48701
2026-07-24 18:41:07.602 10 INFO neutron.wsgi [req-6385f6fe-74ee-4342-b8eb-233c429808ed req-7cd08efc-16b6-46c5-9ba4-ad808c49ef5e 876eaad00882460db3ea98d9e5df357d 393659d14ae1459a9a94059651c426c8 - - default default] 10.0.0.3 "GET /v2.0/ports?device_id=bb866ffb-0f54-4562-b4c5-04f5affe2cd8 HTTP/1.1" status: 200 len: 210 time: 0.0333090
2026-07-24 18:41:07.661 9 INFO neutron.wsgi [None req-bb52f51d-6daf-4824-89a0-f8c9c94141ef 8343f55df6554dc3ba773080db0be8e8 56fc5372ffa34ab69fc24274d38e067d - - - -] 10.0.0.195 "DELETE /v2.0/subnets/78f36c08-afb8-4e7d-8ca5-3dd5648196f2 HTTP/1.1" status: 204 len: 168 time: 0.4249568
2026-07-24 18:41:07.663 9 INFO neutron.wsgi [req-097f5883-7e65-45b8-9d15-1f5d77cb6e62 req-4516c1dc-02bf-4ab6-a074-5e0e15861ff5 de74f2d4048c4ef78082d00e49736666 e2f20cd3df98453099bf504f9832b7c6 - - 6674caebc00f4e4b9a9fcb8cf9107f20 6674caebc00f4e4b9a9fcb8cf9107f20] 199.19.213.152 "GET /v2.0/networks/58109e48-576d-4a0a-8641-50c5701d4985?fields=provider%3Aphysical_network&fields=provider%3Anetwork_type HTTP/1.1" status: 200 len: 277 time: 0.1326730
2026-07-24 18:41:07.695 9 INFO neutron.wsgi [req-f34050fa-32b0-436c-9c77-6feda92218e2 req-7c04088d-5563-4fc9-a0f6-f3834b24dd6b 876eaad00882460db3ea98d9e5df357d 393659d14ae1459a9a94059651c426c8 - - default default] 199.19.213.152 "GET /v2.0/networks?id=ee794dbf-bfe6-4087-870f-a49107e147c8 HTTP/1.1" status: 200 len: 874 time: 0.1508687
2026-07-24 18:41:07.812 9 INFO neutron.wsgi [req-c7113624-b31f-4f7d-96c8-44ca11d53804 req-63937bff-3efa-4d88-8e1d-1a18a40e969a de74f2d4048c4ef78082d00e49736666 e2f20cd3df98453099bf504f9832b7c6 - - 6674caebc00f4e4b9a9fcb8cf9107f20 6674caebc00f4e4b9a9fcb8cf9107f20] 199.19.213.152 "GET /v2.0/ports?tenant_id=bf9aef7524834cf98928967a9ddeac3b&device_id=b793e446-ce12-4b63-937c-25862543f84a HTTP/1.1" status: 200 len: 1365 time: 0.0738804
2026-07-24 18:41:07.817 9 INFO neutron.wsgi [req-f34050fa-32b0-436c-9c77-6feda92218e2 req-b43a7a60-49be-4b4f-988d-b016e20f2b8b 876eaad00882460db3ea98d9e5df357d 393659d14ae1459a9a94059651c426c8 - - default default] 199.19.213.152 "GET /v2.0/security-groups?fields=id&fields=name&tenant_id=393659d14ae1459a9a94059651c426c8 HTTP/1.1" status: 200 len: 379 time: 0.1123037
2026-07-24 18:41:07.953 9 INFO neutron.wsgi [req-c7113624-b31f-4f7d-96c8-44ca11d53804 req-22e4211c-b97e-4ab7-8b78-b81940986e8b de74f2d4048c4ef78082d00e49736666 e2f20cd3df98453099bf504f9832b7c6 - - 6674caebc00f4e4b9a9fcb8cf9107f20 6674caebc00f4e4b9a9fcb8cf9107f20] 199.19.213.152 "GET /v2.0/networks?id=58109e48-576d-4a0a-8641-50c5701d4985 HTTP/1.1" status: 200 len: 982 time: 0.1283858
2026-07-24 18:41:08.055 9 INFO neutron.wsgi [req-c7113624-b31f-4f7d-96c8-44ca11d53804 req-4f459c0a-0cf4-4c65-977f-45531b869fc8 de74f2d4048c4ef78082d00e49736666 e2f20cd3df98453099bf504f9832b7c6 - - 6674caebc00f4e4b9a9fcb8cf9107f20 6674caebc00f4e4b9a9fcb8cf9107f20] 199.19.213.152 "GET /v2.0/floatingips?fixed_ip_address=10.100.0.12&port_id=1240bb52-a9f1-4395-975f-1b158d44e012 HTTP/1.1" status: 200 len: 1060 time: 0.0819261
2026-07-24 18:41:08.140 9 INFO neutron.wsgi [req-c7113624-b31f-4f7d-96c8-44ca11d53804 req-b01dedc0-87d3-4929-83f5-00534c266c00 de74f2d4048c4ef78082d00e49736666 e2f20cd3df98453099bf504f9832b7c6 - - 6674caebc00f4e4b9a9fcb8cf9107f20 6674caebc00f4e4b9a9fcb8cf9107f20] 199.19.213.152 "GET /v2.0/subnets?id=bdc75a21-afbe-4bd9-b63a-0174a46dbf58 HTTP/1.1" status: 200 len: 877 time: 0.0779190
2026-07-24 18:41:08.200 9 INFO neutron.wsgi [req-c7113624-b31f-4f7d-96c8-44ca11d53804 req-5de07336-e2de-4ec8-a74a-615049f2a8d0 de74f2d4048c4ef78082d00e49736666 e2f20cd3df98453099bf504f9832b7c6 - - 6674caebc00f4e4b9a9fcb8cf9107f20 6674caebc00f4e4b9a9fcb8cf9107f20] 199.19.213.152 "GET /v2.0/ports?network_id=58109e48-576d-4a0a-8641-50c5701d4985&device_owner=network%3Adhcp HTTP/1.1" status: 200 len: 210 time: 0.0449803
2026-07-24 18:41:08.347 9 INFO neutron.wsgi [req-c7113624-b31f-4f7d-96c8-44ca11d53804 req-2bf79a0a-893b-4518-94f7-a66c8767c47a de74f2d4048c4ef78082d00e49736666 e2f20cd3df98453099bf504f9832b7c6 - - 6674caebc00f4e4b9a9fcb8cf9107f20 6674caebc00f4e4b9a9fcb8cf9107f20] 199.19.213.152 "GET /v2.0/networks/58109e48-576d-4a0a-8641-50c5701d4985?fields=segments HTTP/1.1" status: 200 len: 212 time: 0.1390522
2026-07-24 18:41:08.472 9 INFO neutron.services.segments.plugin [-] Segment 315f692f-69fe-42be-8acb-31ad85dcd7c7 resource provider aggregate not found
2026-07-24 18:41:08.502 9 INFO neutron.services.segments.plugin [-] Segment 315f692f-69fe-42be-8acb-31ad85dcd7c7 resource provider aggregate not found
2026-07-24 18:41:08.508 9 INFO neutron.services.segments.plugin [-] Segment 315f692f-69fe-42be-8acb-31ad85dcd7c7 resource provider not found; error: Placement Client Error (4xx): {"errors": [{"status": 404, "title": "Not Found", "detail": "The resource could not be found.\n\n No resource provider with uuid 315f692f-69fe-42be-8acb-31ad85dcd7c7 found for delete ", "request_id": "req-a04bc485-cee7-48cf-a78b-ad69786cba99"}]}
2026-07-24 18:41:08.518 9 INFO neutron.wsgi [req-c7113624-b31f-4f7d-96c8-44ca11d53804 req-1445a64c-20b4-459a-837c-f0be02280cce de74f2d4048c4ef78082d00e49736666 e2f20cd3df98453099bf504f9832b7c6 - - 6674caebc00f4e4b9a9fcb8cf9107f20 6674caebc00f4e4b9a9fcb8cf9107f20] 199.19.213.152 "GET /v2.0/networks/58109e48-576d-4a0a-8641-50c5701d4985?fields=provider%3Aphysical_network&fields=provider%3Anetwork_type HTTP/1.1" status: 200 len: 277 time: 0.1634033
2026-07-24 18:41:08.535 9 INFO neutron.services.segments.plugin [-] Segment 315f692f-69fe-42be-8acb-31ad85dcd7c7 resource provider not found; error: Placement Client Error (4xx): {"errors": [{"status": 404, "title": "Not Found", "detail": "The resource could not be found.\n\n No resource provider with uuid 315f692f-69fe-42be-8acb-31ad85dcd7c7 found for delete ", "request_id": "req-25b57855-e0d2-4f6d-98bc-227ab449d473"}]}
2026-07-24 18:41:08.550 9 WARNING neutron.scheduler.dhcp_agent_scheduler [None req-719b9001-c924-4f0c-a5c0-3d0da9ee679f 876eaad00882460db3ea98d9e5df357d 393659d14ae1459a9a94059651c426c8 - - - -] No more DHCP agents
2026-07-24 18:41:08.554 9 WARNING neutron.api.rpc.agentnotifiers.dhcp_rpc_agent_api [None req-719b9001-c924-4f0c-a5c0-3d0da9ee679f 876eaad00882460db3ea98d9e5df357d 393659d14ae1459a9a94059651c426c8 - - - -] Unable to schedule network ee794dbf-bfe6-4087-870f-a49107e147c8: no agents available; will retry on subsequent port and subnet creation events.
2026-07-24 18:41:08.579 9 INFO neutron.wsgi [None req-116cb5aa-bb99-4076-adca-7d63b487e3aa 8343f55df6554dc3ba773080db0be8e8 56fc5372ffa34ab69fc24274d38e067d - - - -] 10.0.0.195 "DELETE /v2.0/networks/b906d431-cdb3-4b69-8bbf-15b85c3f77ed HTTP/1.1" status: 204 len: 168 time: 0.9097171
2026-07-24 18:41:08.744 9 INFO neutron.db.ovn_revision_numbers_db [None req-719b9001-c924-4f0c-a5c0-3d0da9ee679f 876eaad00882460db3ea98d9e5df357d 393659d14ae1459a9a94059651c426c8 - - - -] Successfully bumped revision number for resource 4eacf3ad-3c97-4532-8e38-d4eddb68e938 (type: ports) to 1
2026-07-24 18:41:08.768 10 INFO neutron.plugins.ml2.drivers.ovn.mech_driver.mech_driver [None req-7df97af8-123e-4e21-8433-8871f533c43c - - - - - -] OVN reports status down for port: 1240bb52-a9f1-4395-975f-1b158d44e012
2026-07-24 18:41:08.772 9 INFO neutron.wsgi [None req-719b9001-c924-4f0c-a5c0-3d0da9ee679f 876eaad00882460db3ea98d9e5df357d 393659d14ae1459a9a94059651c426c8 - - - -] 199.19.213.152 "POST /v2.0/ports HTTP/1.1" status: 201 len: 1158 time: 0.9435725
2026-07-24 18:41:08.781 10 INFO neutron.wsgi [req-2f50c17c-5828-4fb5-9e44-8a51c96b39b8 req-8d750221-64b9-4d11-b402-81a35619f651 876eaad00882460db3ea98d9e5df357d 393659d14ae1459a9a94059651c426c8 - - default default] 10.0.0.3 "GET /v2.0/ports?device_id=bb866ffb-0f54-4562-b4c5-04f5affe2cd8 HTTP/1.1" status: 200 len: 1156 time: 0.0828216 /var/lib/openstack/lib/python3.10/site-packages/pycadf/identifier.py:71: UserWarning: Invalid uuid: neutron. To ensure interoperability, identifiers should be a valid uuid. warnings.warn(('Invalid uuid: %s. To ensure interoperability, '
2026-07-24 18:41:08.895 10 INFO neutron.wsgi [req-2f50c17c-5828-4fb5-9e44-8a51c96b39b8 req-0e974a8a-95e1-4fe0-9dc2-76d907f28e23 876eaad00882460db3ea98d9e5df357d 393659d14ae1459a9a94059651c426c8 - - default default] 10.0.0.3 "GET /v2.0/security-groups?id=98a92935-db04-4785-b156-835448be6c11&fields=id&fields=name HTTP/1.1" status: 200 len: 312 time: 0.1009836
2026-07-24 18:41:08.905 10 INFO neutron.wsgi [req-cad6f2c6-8d0b-44d9-bb32-162c49ef40a1 req-3c62fa6a-0df1-425c-8b59-6a15dfc78dd0 fe20d2c800aa406dafa789a51a3e897f bf9aef7524834cf98928967a9ddeac3b - - default default] 10.0.0.3 "GET /v2.0/ports?device_id=b793e446-ce12-4b63-937c-25862543f84a HTTP/1.1" status: 200 len: 1174 time: 0.1932802
2026-07-24 18:41:08.984 10 INFO neutron.wsgi [req-cad6f2c6-8d0b-44d9-bb32-162c49ef40a1 req-2e011195-841f-4de9-abbe-7645f7bb8071 fe20d2c800aa406dafa789a51a3e897f bf9aef7524834cf98928967a9ddeac3b - - default default] 10.0.0.3 "GET /v2.0/security-groups?id=272b809d-f6da-4a71-baf4-3f303412ff3f&fields=id&fields=name HTTP/1.1" status: 200 len: 313 time: 0.0656033
2026-07-24 18:41:09.035 10 INFO neutron.notifiers.nova [-] Nova event matching ['req-d5f2a69d-bb66-4834-b3b8-8302c9d14484'] response: {'server_uuid': 'b793e446-ce12-4b63-937c-25862543f84a', 'name': 'network-vif-unplugged', 'status': 'completed', 'tag': '1240bb52-a9f1-4395-975f-1b158d44e012', 'code': 200}
2026-07-24 18:41:09.174 10 INFO neutron.wsgi [-] 10.0.0.75 "GET / HTTP/1.1" status: 200 len: 246 time: 0.0018361
2026-07-24 18:41:09.175 10 INFO neutron.wsgi [-] 10.0.0.75 "GET / HTTP/1.1" status: 200 len: 246 time: 0.0012002
2026-07-24 18:41:09.188 10 INFO neutron.db.ovn_revision_numbers_db [None req-7df97af8-123e-4e21-8433-8871f533c43c - - - - - -] Successfully bumped revision number for resource 1240bb52-a9f1-4395-975f-1b158d44e012 (type: ports) to 7
2026-07-24 18:41:09.209 10 INFO neutron.plugins.ml2.drivers.ovn.mech_driver.mech_driver [None req-7df97af8-123e-4e21-8433-8871f533c43c - - - - - -] OVN reports status up for port: 1240bb52-a9f1-4395-975f-1b158d44e012
2026-07-24 18:41:09.244 10 INFO neutron.plugins.ml2.plugin [None req-7df97af8-123e-4e21-8433-8871f533c43c - - - - - -] Attempt 1 to provision port 1240bb52-a9f1-4395-975f-1b158d44e012
2026-07-24 18:41:09.380 9 INFO neutron.wsgi [req-1ae1d729-4fe8-4d97-8a08-38d665043fe5 req-d86784b0-528d-490c-83fb-9d57a3c5a07f fe20d2c800aa406dafa789a51a3e897f bf9aef7524834cf98928967a9ddeac3b - - default default] 199.19.213.152 "GET /v2.0/ports?device_id=b793e446-ce12-4b63-937c-25862543f84a HTTP/1.1" status: 200 len: 1172 time: 0.1374848 /var/lib/openstack/lib/python3.10/site-packages/pycadf/identifier.py:71: UserWarning: Invalid uuid: neutron. To ensure interoperability, identifiers should be a valid uuid. warnings.warn(('Invalid uuid: %s. To ensure interoperability, '
2026-07-24 18:41:09.472 10 INFO neutron.wsgi [None req-34245a70-a1f6-4a47-bd11-29723e054b80 af6cf6b7229b4c9eace48dd4220164e4 8498dd98b53f466e81ae586547e94771 - - default default] 10.0.0.195 "GET /v2.0/security-groups?tenant_id=56fc5372ffa34ab69fc24274d38e067d&name=default HTTP/1.1" status: 200 len: 2996 time: 0.2525084
2026-07-24 18:41:09.530 10 INFO neutron.db.ovn_revision_numbers_db [None req-7df97af8-123e-4e21-8433-8871f533c43c - - - - - -] Successfully bumped revision number for resource 1240bb52-a9f1-4395-975f-1b158d44e012 (type: ports) to 8
2026-07-24 18:41:09.584 10 INFO neutron.plugins.ml2.drivers.ovn.mech_driver.mech_driver [None req-7df97af8-123e-4e21-8433-8871f533c43c - - - - - -] OVN reports status down for port: 1240bb52-a9f1-4395-975f-1b158d44e012
2026-07-24 18:41:09.861 9 INFO neutron.db.ovn_revision_numbers_db [None req-2de30da7-c357-4847-b055-21d4e22c217f de74f2d4048c4ef78082d00e49736666 e2f20cd3df98453099bf504f9832b7c6 - - - -] Successfully bumped revision number for resource 4eacf3ad-3c97-4532-8e38-d4eddb68e938 (type: ports) to 2
2026-07-24 18:41:09.894 10 INFO neutron.db.ovn_revision_numbers_db [None req-7df97af8-123e-4e21-8433-8871f533c43c - - - - - -] Successfully bumped revision number for resource 1240bb52-a9f1-4395-975f-1b158d44e012 (type: ports) to 9
2026-07-24 18:41:09.919 9 INFO neutron.db.l3_db [None req-4c1cdd1e-34cb-4299-a5eb-edeff596b9b7 fe20d2c800aa406dafa789a51a3e897f bf9aef7524834cf98928967a9ddeac3b - - - -] Floating IP fb39b4cd-d737-43b1-a474-5448c5155a0a disassociated. External IP: 10.96.250.219, port: 1240bb52-a9f1-4395-975f-1b158d44e012. /var/lib/openstack/lib/python3.10/site-packages/pycadf/identifier.py:71: UserWarning: Invalid uuid: neutron. To ensure interoperability, identifiers should be a valid uuid. warnings.warn(('Invalid uuid: %s. To ensure interoperability, '
2026-07-24 18:41:10.038 9 INFO neutron.wsgi [None req-3987834a-7d5c-443f-87af-e9c9d9bc8450 af6cf6b7229b4c9eace48dd4220164e4 8498dd98b53f466e81ae586547e94771 - - - -] 10.0.0.195 "DELETE /v2.0/security-groups/46001f84-afef-4b5f-9366-d46546f62531 HTTP/1.1" status: 204 len: 168 time: 0.5576100
2026-07-24 18:41:10.041 10 INFO neutron.wsgi [req-ac421b7f-1c54-41e4-a1c3-d2943c7541a3 req-694fa530-1e5a-4f4a-ae02-450e8e208371 876eaad00882460db3ea98d9e5df357d 393659d14ae1459a9a94059651c426c8 - - default default] 10.0.0.3 "GET /v2.0/ports?device_id=bb866ffb-0f54-4562-b4c5-04f5affe2cd8 HTTP/1.1" status: 200 len: 1168 time: 0.0587690 /var/lib/openstack/lib/python3.10/site-packages/pycadf/identifier.py:71: UserWarning: Invalid uuid: neutron. To ensure interoperability, identifiers should be a valid uuid. warnings.warn(('Invalid uuid: %s. To ensure interoperability, '
2026-07-24 18:41:10.098 10 INFO neutron.wsgi [req-ac421b7f-1c54-41e4-a1c3-d2943c7541a3 req-614dc7f2-500b-4253-ae73-1b2cec7d7d94 876eaad00882460db3ea98d9e5df357d 393659d14ae1459a9a94059651c426c8 - - default default] 10.0.0.3 "GET /v2.0/security-groups?id=98a92935-db04-4785-b156-835448be6c11&fields=id&fields=name HTTP/1.1" status: 200 len: 312 time: 0.0516958
2026-07-24 18:41:10.105 10 INFO neutron.wsgi [req-b0ac6368-b6cf-42e6-985d-a18aea34aaf5 req-224859b9-b156-452f-820f-f0fa7d4e6b6c fe20d2c800aa406dafa789a51a3e897f bf9aef7524834cf98928967a9ddeac3b - - default default] 10.0.0.3 "GET /v2.0/ports?device_id=b793e446-ce12-4b63-937c-25862543f84a HTTP/1.1" status: 200 len: 1172 time: 0.0395756
2026-07-24 18:41:10.159 10 INFO neutron.wsgi [req-b0ac6368-b6cf-42e6-985d-a18aea34aaf5 req-da89cf7b-0552-4777-b050-847a8b7070f0 fe20d2c800aa406dafa789a51a3e897f bf9aef7524834cf98928967a9ddeac3b - - default default] 10.0.0.3 "GET /v2.0/security-groups?id=272b809d-f6da-4a71-baf4-3f303412ff3f&fields=id&fields=name HTTP/1.1" status: 200 len: 313 time: 0.0456798
2026-07-24 18:41:10.217 9 INFO neutron.db.ovn_revision_numbers_db [None req-2de30da7-c357-4847-b055-21d4e22c217f de74f2d4048c4ef78082d00e49736666 e2f20cd3df98453099bf504f9832b7c6 - - - -] Successfully bumped revision number for resource 4eacf3ad-3c97-4532-8e38-d4eddb68e938 (type: ports) to 2
2026-07-24 18:41:10.239 9 INFO neutron.wsgi [None req-4c1cdd1e-34cb-4299-a5eb-edeff596b9b7 fe20d2c800aa406dafa789a51a3e897f bf9aef7524834cf98928967a9ddeac3b - - - -] 199.19.213.152 "DELETE /v2.0/ports/1240bb52-a9f1-4395-975f-1b158d44e012 HTTP/1.1" status: 204 len: 173 time: 0.8541026
2026-07-24 18:41:10.249 9 INFO neutron.wsgi [None req-2de30da7-c357-4847-b055-21d4e22c217f de74f2d4048c4ef78082d00e49736666 e2f20cd3df98453099bf504f9832b7c6 - - - -] 199.19.213.152 "PUT /v2.0/ports/4eacf3ad-3c97-4532-8e38-d4eddb68e938 HTTP/1.1" status: 200 len: 1328 time: 1.4706218
2026-07-24 18:41:10.300 9 INFO neutron.notifiers.nova [-] Nova event matching ['req-999d4478-5fb5-45a3-80cd-9d881f162c1b'] response: {'server_uuid': 'b793e446-ce12-4b63-937c-25862543f84a', 'name': 'network-vif-deleted', 'tag': '1240bb52-a9f1-4395-975f-1b158d44e012', 'status': 'completed', 'code': 200} /var/lib/openstack/lib/python3.10/site-packages/pycadf/identifier.py:71: UserWarning: Invalid uuid: neutron. To ensure interoperability, identifiers should be a valid uuid. warnings.warn(('Invalid uuid: %s. To ensure interoperability, '
2026-07-24 18:41:10.338 9 INFO neutron.wsgi [req-f34050fa-32b0-436c-9c77-6feda92218e2 req-c594fa98-f22d-431c-904f-80d273ef3107 de74f2d4048c4ef78082d00e49736666 e2f20cd3df98453099bf504f9832b7c6 - - 6674caebc00f4e4b9a9fcb8cf9107f20 6674caebc00f4e4b9a9fcb8cf9107f20] 199.19.213.152 "GET /v2.0/ports?tenant_id=393659d14ae1459a9a94059651c426c8&device_id=bb866ffb-0f54-4562-b4c5-04f5affe2cd8 HTTP/1.1" status: 200 len: 1359 time: 0.0314057
