2026-07-24 18:44:51.526 10 WARNING neutron.api.rpc.agentnotifiers.dhcp_rpc_agent_api [None req-1a96e7eb-872c-4a62-8140-c6b879155b39 211af82d35bd474dba3e08d9b151f624 8dd6f8ba1d4c42f0a793344046582a00 - - - -] Unable to schedule network 72ea79f4-adc4-4001-8713-9f13459d49ae: no agents available; will retry on subsequent port and subnet creation events.
2026-07-24 18:44:51.599 10 INFO neutron.db.ovn_revision_numbers_db [None req-1a96e7eb-872c-4a62-8140-c6b879155b39 211af82d35bd474dba3e08d9b151f624 8dd6f8ba1d4c42f0a793344046582a00 - - - -] Successfully bumped revision number for resource 7a8be310-866b-42b6-8e0a-a6f72fd207e7 (type: ports) to 1
2026-07-24 18:44:51.642 10 INFO neutron.wsgi [None req-1a96e7eb-872c-4a62-8140-c6b879155b39 211af82d35bd474dba3e08d9b151f624 8dd6f8ba1d4c42f0a793344046582a00 - - - -] 10.0.0.195 "POST /v2.0/networks HTTP/1.1" status: 201 len: 830 time: 1.6653640
2026-07-24 18:44:51.801 10 INFO neutron.db.segments_db [None req-df4e24b3-6e76-4fe1-836c-2c809b2be094 211af82d35bd474dba3e08d9b151f624 8dd6f8ba1d4c42f0a793344046582a00 - - - -] Added segment 2aed27a6-c2c2-4f33-9219-27e343ae84d3 of type geneve for network ffcaff89-feed-4a81-9fd7-553a35e1b761
2026-07-24 18:44:51.827 9 INFO neutron.wsgi [None req-2a6df46a-d7d7-4ab6-af5b-9f5bce2a8594 af6cf6b7229b4c9eace48dd4220164e4 8498dd98b53f466e81ae586547e94771 - - default default] 10.0.0.108 "GET /v2.0/routers HTTP/1.1" status: 200 len: 844 time: 0.6763024
2026-07-24 18:44:51.840 9 INFO neutron.wsgi [None req-7f604e48-4d08-48d6-8380-019e45f18b60 af6cf6b7229b4c9eace48dd4220164e4 8498dd98b53f466e81ae586547e94771 - - default default] 10.0.0.108 "GET /v2.0/agents?binary=ovn-controller HTTP/1.1" status: 200 len: 591 time: 0.0115898
2026-07-24 18:44:51.853 9 INFO neutron.wsgi [None req-77a168fc-e078-468a-ba6a-5c8e348d8cc8 af6cf6b7229b4c9eace48dd4220164e4 8498dd98b53f466e81ae586547e94771 - - default default] 10.0.0.108 "GET /v2.0/network-ip-availabilities HTTP/1.1" status: 200 len: 3629 time: 0.0119612
2026-07-24 18:44:51.909 9 INFO neutron.wsgi [None req-6ba1db5c-5f72-4397-b454-695130534518 af6cf6b7229b4c9eace48dd4220164e4 8498dd98b53f466e81ae586547e94771 - - default default] 10.0.0.108 "GET /v2.0/subnets HTTP/1.1" status: 200 len: 5495 time: 0.0545418
2026-07-24 18:44:51.989 9 INFO neutron.plugins.ml2.drivers.ovn.mech_driver.mech_driver [None req-446a6c98-7e52-4e02-ad18-1bd5f30e1b9e - - - - - -] OVN reports status up for port: c82c078b-b1a7-4d08-acb2-2128f068e855
2026-07-24 18:44:51.996 10 INFO neutron.db.ovn_revision_numbers_db [None req-df4e24b3-6e76-4fe1-836c-2c809b2be094 211af82d35bd474dba3e08d9b151f624 8dd6f8ba1d4c42f0a793344046582a00 - - - -] Successfully bumped revision number for resource ffcaff89-feed-4a81-9fd7-553a35e1b761 (type: networks) to 1
2026-07-24 18:44:51.999 10 INFO neutron.db.ovn_revision_numbers_db [None req-106f801a-4e6b-4460-b4ae-3ca6dac6628c 652ca3bda8bb484088747c253d53aa67 5f83ee4d92864e89b29c2fb4f0554007 - - - -] Successfully bumped revision number for resource c82c078b-b1a7-4d08-acb2-2128f068e855 (type: router_ports) to 1
2026-07-24 18:44:52.003 9 INFO neutron.plugins.ml2.drivers.ovn.mech_driver.ovsdb.ovsdb_monitor [None req-a9d90697-cd75-43f2-ac10-7e597e44e17a - - - - - -] Router e5a2b5bb-60fb-47c5-b1a5-a52de792d3fe is bound to host instance
2026-07-24 18:44:52.023 9 INFO neutron.wsgi [None req-84c1abbe-5d82-4aac-81fc-c536f16cec6f af6cf6b7229b4c9eace48dd4220164e4 8498dd98b53f466e81ae586547e94771 - - default default] 10.0.0.108 "GET /v2.0/security-groups HTTP/1.1" status: 200 len: 22371 time: 0.1092689
2026-07-24 18:44:52.034 9 INFO neutron.plugins.ml2.plugin [None req-446a6c98-7e52-4e02-ad18-1bd5f30e1b9e - - - - - -] Attempt 1 to provision port c82c078b-b1a7-4d08-acb2-2128f068e855
2026-07-24 18:44:52.118 10 INFO neutron.db.ovn_revision_numbers_db [None req-106f801a-4e6b-4460-b4ae-3ca6dac6628c 652ca3bda8bb484088747c253d53aa67 5f83ee4d92864e89b29c2fb4f0554007 - - - -] Successfully bumped revision number for resource e5a2b5bb-60fb-47c5-b1a5-a52de792d3fe (type: routers) to 3
2026-07-24 18:44:52.132 9 INFO neutron.wsgi [None req-812e6b97-5184-4948-8987-dcfa4289991a af6cf6b7229b4c9eace48dd4220164e4 8498dd98b53f466e81ae586547e94771 - - default default] 10.0.0.108 "GET /v2.0/subnets HTTP/1.1" status: 200 len: 5495 time: 0.0965016
2026-07-24 18:44:52.160 10 INFO neutron.wsgi [None req-106f801a-4e6b-4460-b4ae-3ca6dac6628c 652ca3bda8bb484088747c253d53aa67 5f83ee4d92864e89b29c2fb4f0554007 - - - -] 10.0.0.195 "POST /v2.0/routers HTTP/1.1" status: 201 len: 865 time: 2.5191047
2026-07-24 18:44:52.173 9 INFO neutron.wsgi [None req-07b5e30c-ca03-4a26-b498-d5c0aea50a48 af6cf6b7229b4c9eace48dd4220164e4 8498dd98b53f466e81ae586547e94771 - - default default] 10.0.0.108 "GET /v2.0/subnetpools HTTP/1.1" status: 200 len: 193 time: 0.0280466
2026-07-24 18:44:52.341 10 WARNING neutron.scheduler.dhcp_agent_scheduler [None req-df4e24b3-6e76-4fe1-836c-2c809b2be094 211af82d35bd474dba3e08d9b151f624 8dd6f8ba1d4c42f0a793344046582a00 - - - -] No more DHCP agents
2026-07-24 18:44:52.343 10 WARNING neutron.api.rpc.agentnotifiers.dhcp_rpc_agent_api [None req-df4e24b3-6e76-4fe1-836c-2c809b2be094 211af82d35bd474dba3e08d9b151f624 8dd6f8ba1d4c42f0a793344046582a00 - - - -] Unable to schedule network ffcaff89-feed-4a81-9fd7-553a35e1b761: no agents available; will retry on subsequent port and subnet creation events.
2026-07-24 18:44:52.439 10 INFO neutron.db.ovn_revision_numbers_db [None req-df4e24b3-6e76-4fe1-836c-2c809b2be094 211af82d35bd474dba3e08d9b151f624 8dd6f8ba1d4c42f0a793344046582a00 - - - -] Successfully bumped revision number for resource 3177af81-f117-4eda-b022-a5c7b0f69a98 (type: ports) to 1
2026-07-24 18:44:52.475 10 INFO neutron.wsgi [None req-df4e24b3-6e76-4fe1-836c-2c809b2be094 211af82d35bd474dba3e08d9b151f624 8dd6f8ba1d4c42f0a793344046582a00 - - - -] 10.0.0.195 "POST /v2.0/networks HTTP/1.1" status: 201 len: 831 time: 0.8173997
2026-07-24 18:44:52.583 9 INFO neutron.db.segments_db [None req-83be7eb2-0df7-442b-855d-0fa65d5b7d4c 211af82d35bd474dba3e08d9b151f624 8dd6f8ba1d4c42f0a793344046582a00 - - - -] Added segment ca7c3e67-9085-45c6-88fb-01c5f956e4fa of type geneve for network 3cdae515-0f52-4c1d-9354-68a7dee75369
2026-07-24 18:44:52.772 9 INFO neutron.db.ovn_revision_numbers_db [None req-a9d90697-cd75-43f2-ac10-7e597e44e17a - - - - - -] Successfully bumped revision number for resource c82c078b-b1a7-4d08-acb2-2128f068e855 (type: ports) to 1
2026-07-24 18:44:52.783 9 INFO neutron.db.ovn_revision_numbers_db [None req-83be7eb2-0df7-442b-855d-0fa65d5b7d4c 211af82d35bd474dba3e08d9b151f624 8dd6f8ba1d4c42f0a793344046582a00 - - - -] Successfully bumped revision number for resource 3cdae515-0f52-4c1d-9354-68a7dee75369 (type: networks) to 1
2026-07-24 18:44:52.919 10 WARNING neutron.scheduler.dhcp_agent_scheduler [None req-1cfebc9c-1690-4c7a-91df-f0b6540f94b2 652ca3bda8bb484088747c253d53aa67 5f83ee4d92864e89b29c2fb4f0554007 - - default default] No more DHCP agents
2026-07-24 18:44:52.922 10 WARNING neutron.api.rpc.agentnotifiers.dhcp_rpc_agent_api [None req-1cfebc9c-1690-4c7a-91df-f0b6540f94b2 652ca3bda8bb484088747c253d53aa67 5f83ee4d92864e89b29c2fb4f0554007 - - default default] Unable to schedule network 5b481b60-38a6-4663-bf1c-aab2c0a128a5: no agents available; will retry on subsequent port and subnet creation events.
2026-07-24 18:44:53.056 10 INFO neutron.db.ovn_revision_numbers_db [None req-1cfebc9c-1690-4c7a-91df-f0b6540f94b2 652ca3bda8bb484088747c253d53aa67 5f83ee4d92864e89b29c2fb4f0554007 - - default default] Successfully bumped revision number for resource b43772ed-772b-4abf-b459-6a0a70155563 (type: ports) to 1
2026-07-24 18:44:53.109 9 WARNING neutron.scheduler.dhcp_agent_scheduler [None req-83be7eb2-0df7-442b-855d-0fa65d5b7d4c 211af82d35bd474dba3e08d9b151f624 8dd6f8ba1d4c42f0a793344046582a00 - - - -] No more DHCP agents
2026-07-24 18:44:53.112 9 WARNING neutron.api.rpc.agentnotifiers.dhcp_rpc_agent_api [None req-83be7eb2-0df7-442b-855d-0fa65d5b7d4c 211af82d35bd474dba3e08d9b151f624 8dd6f8ba1d4c42f0a793344046582a00 - - - -] Unable to schedule network 3cdae515-0f52-4c1d-9354-68a7dee75369: no agents available; will retry on subsequent port and subnet creation events.
2026-07-24 18:44:53.183 9 INFO neutron.db.ovn_revision_numbers_db [None req-a9d90697-cd75-43f2-ac10-7e597e44e17a - - - - - -] Successfully bumped revision number for resource c82c078b-b1a7-4d08-acb2-2128f068e855 (type: router_ports) to 3
2026-07-24 18:44:53.225 9 INFO neutron.db.ovn_revision_numbers_db [None req-83be7eb2-0df7-442b-855d-0fa65d5b7d4c 211af82d35bd474dba3e08d9b151f624 8dd6f8ba1d4c42f0a793344046582a00 - - - -] Successfully bumped revision number for resource e224e3e3-0859-406a-ac21-7718d0e0eecd (type: ports) to 1
2026-07-24 18:44:53.263 9 INFO neutron.wsgi [None req-83be7eb2-0df7-442b-855d-0fa65d5b7d4c 211af82d35bd474dba3e08d9b151f624 8dd6f8ba1d4c42f0a793344046582a00 - - - -] 10.0.0.195 "POST /v2.0/networks HTTP/1.1" status: 201 len: 830 time: 0.7802329
2026-07-24 18:44:53.375 9 INFO neutron.db.ovn_revision_numbers_db [None req-a9d90697-cd75-43f2-ac10-7e597e44e17a - - - - - -] Successfully bumped revision number for resource c82c078b-b1a7-4d08-acb2-2128f068e855 (type: ports) to 2
2026-07-24 18:44:53.384 10 INFO neutron.db.segments_db [None req-862f1f02-55e6-4690-a9c5-8b7557c83a72 211af82d35bd474dba3e08d9b151f624 8dd6f8ba1d4c42f0a793344046582a00 - - - -] Added segment ebd4068d-1567-403d-80b7-6d434bc0201b of type geneve for network b1f93634-6fb3-408e-acdd-25ed9d0b6349
2026-07-24 18:44:53.610 10 INFO neutron.db.ovn_revision_numbers_db [None req-862f1f02-55e6-4690-a9c5-8b7557c83a72 211af82d35bd474dba3e08d9b151f624 8dd6f8ba1d4c42f0a793344046582a00 - - - -] Successfully bumped revision number for resource b1f93634-6fb3-408e-acdd-25ed9d0b6349 (type: networks) to 1
2026-07-24 18:44:53.635 9 INFO neutron.db.ovn_revision_numbers_db [None req-a9d90697-cd75-43f2-ac10-7e597e44e17a - - - - - -] Successfully bumped revision number for resource c82c078b-b1a7-4d08-acb2-2128f068e855 (type: ports) to 4
2026-07-24 18:44:53.931 9 INFO neutron.db.ovn_revision_numbers_db [None req-a9d90697-cd75-43f2-ac10-7e597e44e17a - - - - - -] Successfully bumped revision number for resource c82c078b-b1a7-4d08-acb2-2128f068e855 (type: router_ports) to 4
2026-07-24 18:44:54.173 9 INFO neutron.wsgi [-] 10.0.0.75 "GET / HTTP/1.1" status: 200 len: 246 time: 0.0021386
2026-07-24 18:44:54.175 9 INFO neutron.wsgi [-] 10.0.0.75 "GET / HTTP/1.1" status: 200 len: 246 time: 0.0012813
2026-07-24 18:44:54.267 10 INFO neutron.db.ovn_revision_numbers_db [None req-1cfebc9c-1690-4c7a-91df-f0b6540f94b2 652ca3bda8bb484088747c253d53aa67 5f83ee4d92864e89b29c2fb4f0554007 - - default default] Successfully bumped revision number for resource b43772ed-772b-4abf-b459-6a0a70155563 (type: router_ports) to 2
2026-07-24 18:44:54.324 10 WARNING neutron.scheduler.dhcp_agent_scheduler [None req-862f1f02-55e6-4690-a9c5-8b7557c83a72 211af82d35bd474dba3e08d9b151f624 8dd6f8ba1d4c42f0a793344046582a00 - - - -] No more DHCP agents
2026-07-24 18:44:54.330 10 WARNING neutron.api.rpc.agentnotifiers.dhcp_rpc_agent_api [None req-862f1f02-55e6-4690-a9c5-8b7557c83a72 211af82d35bd474dba3e08d9b151f624 8dd6f8ba1d4c42f0a793344046582a00 - - - -] Unable to schedule network b1f93634-6fb3-408e-acdd-25ed9d0b6349: no agents available; will retry on subsequent port and subnet creation events.
2026-07-24 18:44:54.434 9 INFO neutron.plugins.ml2.drivers.ovn.mech_driver.mech_driver [None req-446a6c98-7e52-4e02-ad18-1bd5f30e1b9e - - - - - -] OVN reports status up for port: b43772ed-772b-4abf-b459-6a0a70155563
2026-07-24 18:44:54.440 10 INFO neutron.db.ovn_revision_numbers_db [None req-862f1f02-55e6-4690-a9c5-8b7557c83a72 211af82d35bd474dba3e08d9b151f624 8dd6f8ba1d4c42f0a793344046582a00 - - - -] Successfully bumped revision number for resource 70befbd6-0ed4-453a-89df-7d5cabd13bb2 (type: ports) to 1
2026-07-24 18:44:54.441 9 INFO neutron.plugins.ml2.plugin [None req-446a6c98-7e52-4e02-ad18-1bd5f30e1b9e - - - - - -] Attempt 1 to provision port b43772ed-772b-4abf-b459-6a0a70155563
2026-07-24 18:44:54.470 10 INFO neutron.wsgi [None req-862f1f02-55e6-4690-a9c5-8b7557c83a72 211af82d35bd474dba3e08d9b151f624 8dd6f8ba1d4c42f0a793344046582a00 - - - -] 10.0.0.195 "POST /v2.0/networks HTTP/1.1" status: 201 len: 830 time: 1.2007802
2026-07-24 18:44:54.471 10 INFO neutron.db.ovn_revision_numbers_db [None req-1cfebc9c-1690-4c7a-91df-f0b6540f94b2 652ca3bda8bb484088747c253d53aa67 5f83ee4d92864e89b29c2fb4f0554007 - - default default] Successfully bumped revision number for resource b43772ed-772b-4abf-b459-6a0a70155563 (type: ports) to 2
2026-07-24 18:44:54.542 10 WARNING neutron.scheduler.dhcp_agent_scheduler [None req-1cfebc9c-1690-4c7a-91df-f0b6540f94b2 652ca3bda8bb484088747c253d53aa67 5f83ee4d92864e89b29c2fb4f0554007 - - default default] No more DHCP agents
2026-07-24 18:44:54.543 10 WARNING neutron.api.rpc.agentnotifiers.dhcp_rpc_agent_api [None req-1cfebc9c-1690-4c7a-91df-f0b6540f94b2 652ca3bda8bb484088747c253d53aa67 5f83ee4d92864e89b29c2fb4f0554007 - - default default] Unable to schedule network 5b481b60-38a6-4663-bf1c-aab2c0a128a5: no agents available; will retry on subsequent port and subnet creation events.
2026-07-24 18:44:54.586 9 INFO neutron.db.segments_db [None req-08b6e08e-4cb1-4aab-b0e8-46318ac7d1d8 211af82d35bd474dba3e08d9b151f624 8dd6f8ba1d4c42f0a793344046582a00 - - - -] Added segment 46fa10cd-b4f3-4c9e-a473-2ae9c19d7148 of type geneve for network b86f7a63-4828-4063-acc8-0cad1d8a5782
2026-07-24 18:44:54.831 9 INFO neutron.db.ovn_revision_numbers_db [None req-08b6e08e-4cb1-4aab-b0e8-46318ac7d1d8 211af82d35bd474dba3e08d9b151f624 8dd6f8ba1d4c42f0a793344046582a00 - - - -] Successfully bumped revision number for resource b86f7a63-4828-4063-acc8-0cad1d8a5782 (type: networks) to 1
2026-07-24 18:44:54.868 9 INFO neutron.db.ovn_revision_numbers_db [None req-446a6c98-7e52-4e02-ad18-1bd5f30e1b9e - - - - - -] Successfully bumped revision number for resource b43772ed-772b-4abf-b459-6a0a70155563 (type: ports) to 3
2026-07-24 18:44:54.919 10 INFO neutron.db.ovn_revision_numbers_db [None req-1cfebc9c-1690-4c7a-91df-f0b6540f94b2 652ca3bda8bb484088747c253d53aa67 5f83ee4d92864e89b29c2fb4f0554007 - - - -] Successfully bumped revision number for resource b43772ed-772b-4abf-b459-6a0a70155563 (type: router_ports) to 3
2026-07-24 18:44:54.922 10 INFO neutron.wsgi [None req-1cfebc9c-1690-4c7a-91df-f0b6540f94b2 652ca3bda8bb484088747c253d53aa67 5f83ee4d92864e89b29c2fb4f0554007 - - - -] 10.0.0.195 "PUT /v2.0/routers/e5a2b5bb-60fb-47c5-b1a5-a52de792d3fe/add_router_interface HTTP/1.1" status: 200 len: 503 time: 2.7548792
2026-07-24 18:44:55.096 9 WARNING neutron.scheduler.dhcp_agent_scheduler [None req-08b6e08e-4cb1-4aab-b0e8-46318ac7d1d8 211af82d35bd474dba3e08d9b151f624 8dd6f8ba1d4c42f0a793344046582a00 - - - -] No more DHCP agents
2026-07-24 18:44:55.098 9 WARNING neutron.api.rpc.agentnotifiers.dhcp_rpc_agent_api [None req-08b6e08e-4cb1-4aab-b0e8-46318ac7d1d8 211af82d35bd474dba3e08d9b151f624 8dd6f8ba1d4c42f0a793344046582a00 - - - -] Unable to schedule network b86f7a63-4828-4063-acc8-0cad1d8a5782: no agents available; will retry on subsequent port and subnet creation events.
2026-07-24 18:44:55.150 9 INFO neutron.db.ovn_revision_numbers_db [None req-08b6e08e-4cb1-4aab-b0e8-46318ac7d1d8 211af82d35bd474dba3e08d9b151f624 8dd6f8ba1d4c42f0a793344046582a00 - - - -] Successfully bumped revision number for resource 538d76d8-15fc-498b-a2d1-e884a83a6b18 (type: ports) to 1
2026-07-24 18:44:55.177 9 INFO neutron.wsgi [None req-08b6e08e-4cb1-4aab-b0e8-46318ac7d1d8 211af82d35bd474dba3e08d9b151f624 8dd6f8ba1d4c42f0a793344046582a00 - - - -] 10.0.0.195 "POST /v2.0/networks HTTP/1.1" status: 201 len: 831 time: 0.6997583
2026-07-24 18:44:55.241 9 INFO neutron.wsgi [None req-c0c367f7-7106-44fb-abd4-30c6d6e68652 211af82d35bd474dba3e08d9b151f624 8dd6f8ba1d4c42f0a793344046582a00 - - - -] 10.0.0.195 "PUT /v2.0/networks/72ea79f4-adc4-4001-8713-9f13459d49ae/tags HTTP/1.1" status: 200 len: 210 time: 0.0592778
2026-07-24 18:44:55.304 9 INFO neutron.wsgi [None req-a8270655-1bff-4420-97e6-6a9f4fccae7f 211af82d35bd474dba3e08d9b151f624 8dd6f8ba1d4c42f0a793344046582a00 - - - -] 10.0.0.195 "PUT /v2.0/networks/ffcaff89-feed-4a81-9fd7-553a35e1b761/tags HTTP/1.1" status: 200 len: 218 time: 0.0572777
2026-07-24 18:44:55.390 10 INFO neutron.wsgi [None req-20a7ab93-fa4f-4aa1-a609-dbe956ad40d0 211af82d35bd474dba3e08d9b151f624 8dd6f8ba1d4c42f0a793344046582a00 - - - -] 10.0.0.195 "PUT /v2.0/networks/3cdae515-0f52-4c1d-9354-68a7dee75369/tags HTTP/1.1" status: 200 len: 227 time: 0.0787823
2026-07-24 18:44:55.470 10 INFO neutron.wsgi [None req-527204f7-8b59-4e7d-afe0-6d7d2fe8d22c 211af82d35bd474dba3e08d9b151f624 8dd6f8ba1d4c42f0a793344046582a00 - - - -] 10.0.0.195 "PUT /v2.0/networks/b1f93634-6fb3-408e-acdd-25ed9d0b6349/tags HTTP/1.1" status: 200 len: 212 time: 0.0737829
2026-07-24 18:44:55.551 10 WARNING neutron.scheduler.dhcp_agent_scheduler [None req-5045e205-2c72-4b2b-a9ac-a5aa52705de8 652ca3bda8bb484088747c253d53aa67 5f83ee4d92864e89b29c2fb4f0554007 - - default default] No more DHCP agents
2026-07-24 18:44:55.555 10 WARNING neutron.api.rpc.agentnotifiers.dhcp_rpc_agent_api [None req-5045e205-2c72-4b2b-a9ac-a5aa52705de8 652ca3bda8bb484088747c253d53aa67 5f83ee4d92864e89b29c2fb4f0554007 - - default default] Unable to schedule network 34669529-8306-49e9-b7c2-93a4a637503e: no agents available; will retry on subsequent port and subnet creation events.
2026-07-24 18:44:55.563 9 INFO neutron.wsgi [None req-d8e9f6e6-8984-4a0a-b29b-2225c1e2b6bb 211af82d35bd474dba3e08d9b151f624 8dd6f8ba1d4c42f0a793344046582a00 - - default default] 10.0.0.195 "GET /v2.0/networks?tags=red HTTP/1.1" status: 200 len: 2068 time: 0.0823741
2026-07-24 18:44:55.688 9 INFO neutron.wsgi [None req-1ec2fff5-04df-456e-b5bc-2e573ce2930b 211af82d35bd474dba3e08d9b151f624 8dd6f8ba1d4c42f0a793344046582a00 - - default default] 10.0.0.195 "GET /v2.0/networks?tags=red%2Cblue HTTP/1.1" status: 200 len: 1456 time: 0.1172979
2026-07-24 18:44:55.745 10 INFO neutron.db.ovn_revision_numbers_db [None req-5045e205-2c72-4b2b-a9ac-a5aa52705de8 652ca3bda8bb484088747c253d53aa67 5f83ee4d92864e89b29c2fb4f0554007 - - default default] Successfully bumped revision number for resource a02f4138-cfa2-438f-8275-ad3dc20810ae (type: ports) to 1
2026-07-24 18:44:56.247 9 INFO neutron.wsgi [None req-d0ec317a-16e8-48cf-a32f-5e0bcbb11786 211af82d35bd474dba3e08d9b151f624 8dd6f8ba1d4c42f0a793344046582a00 - - default default] 10.0.0.195 "GET /v2.0/networks?tags-any=blue HTTP/1.1" status: 200 len: 1456 time: 0.5525157
2026-07-24 18:44:56.307 10 INFO neutron.db.ovn_revision_numbers_db [None req-5045e205-2c72-4b2b-a9ac-a5aa52705de8 652ca3bda8bb484088747c253d53aa67 5f83ee4d92864e89b29c2fb4f0554007 - - default default] Successfully bumped revision number for resource a02f4138-cfa2-438f-8275-ad3dc20810ae (type: router_ports) to 2
2026-07-24 18:44:56.342 9 INFO neutron.wsgi [None req-316d2538-14dc-41c7-b9af-eb2bf027faba 211af82d35bd474dba3e08d9b151f624 8dd6f8ba1d4c42f0a793344046582a00 - - default default] 10.0.0.195 "GET /v2.0/networks?tags-any=red%2Cblue HTTP/1.1" status: 200 len: 2068 time: 0.0894046
2026-07-24 18:44:56.457 10 INFO neutron.db.ovn_revision_numbers_db [None req-5045e205-2c72-4b2b-a9ac-a5aa52705de8 652ca3bda8bb484088747c253d53aa67 5f83ee4d92864e89b29c2fb4f0554007 - - default default] Successfully bumped revision number for resource a02f4138-cfa2-438f-8275-ad3dc20810ae (type: ports) to 2
2026-07-24 18:44:56.505 9 INFO neutron.wsgi [None req-4b1630e2-879e-4fa3-b416-f8cf7f42dde1 211af82d35bd474dba3e08d9b151f624 8dd6f8ba1d4c42f0a793344046582a00 - - default default] 10.0.0.195 "GET /v2.0/networks?not-tags=red HTTP/1.1" status: 200 len: 2068 time: 0.1563156
2026-07-24 18:44:56.537 10 WARNING neutron.scheduler.dhcp_agent_scheduler [None req-5045e205-2c72-4b2b-a9ac-a5aa52705de8 652ca3bda8bb484088747c253d53aa67 5f83ee4d92864e89b29c2fb4f0554007 - - default default] No more DHCP agents
2026-07-24 18:44:56.538 10 WARNING neutron.api.rpc.agentnotifiers.dhcp_rpc_agent_api [None req-5045e205-2c72-4b2b-a9ac-a5aa52705de8 652ca3bda8bb484088747c253d53aa67 5f83ee4d92864e89b29c2fb4f0554007 - - default default] Unable to schedule network 34669529-8306-49e9-b7c2-93a4a637503e: no agents available; will retry on subsequent port and subnet creation events.
2026-07-24 18:44:56.688 9 INFO neutron.wsgi [None req-720502e2-f2f2-41a0-9b9b-c9e80b4be0b9 211af82d35bd474dba3e08d9b151f624 8dd6f8ba1d4c42f0a793344046582a00 - - default default] 10.0.0.195 "GET /v2.0/networks?not-tags=red%2Cblue HTTP/1.1" status: 200 len: 2680 time: 0.1778936
2026-07-24 18:44:56.875 10 INFO neutron.wsgi [None req-c2b7cd0b-e0df-4e07-9d08-2d7c047958a3 211af82d35bd474dba3e08d9b151f624 8dd6f8ba1d4c42f0a793344046582a00 - - default default] 10.0.0.195 "GET /v2.0/networks?not-tags-any=blue HTTP/1.1" status: 200 len: 2680 time: 0.1804810
2026-07-24 18:44:57.394 10 INFO neutron.wsgi [None req-020490a9-5d45-42fd-8adc-d280c2e55ffc 211af82d35bd474dba3e08d9b151f624 8dd6f8ba1d4c42f0a793344046582a00 - - default default] 10.0.0.195 "GET /v2.0/networks?not-tags-any=red%2Cblue HTTP/1.1" status: 200 len: 2068 time: 0.5109727
2026-07-24 18:44:57.433 10 INFO neutron.db.ovn_revision_numbers_db [None req-5045e205-2c72-4b2b-a9ac-a5aa52705de8 652ca3bda8bb484088747c253d53aa67 5f83ee4d92864e89b29c2fb4f0554007 - - - -] Successfully bumped revision number for resource a02f4138-cfa2-438f-8275-ad3dc20810ae (type: router_ports) to 2
2026-07-24 18:44:57.437 10 INFO neutron.wsgi [None req-5045e205-2c72-4b2b-a9ac-a5aa52705de8 652ca3bda8bb484088747c253d53aa67 5f83ee4d92864e89b29c2fb4f0554007 - - - -] 10.0.0.195 "PUT /v2.0/routers/e5a2b5bb-60fb-47c5-b1a5-a52de792d3fe/add_router_interface HTTP/1.1" status: 200 len: 503 time: 2.5079265
2026-07-24 18:44:57.816 9 INFO neutron.services.segments.plugin [-] Segment 1fc24d72-3e7f-4427-8d29-0ef02b8343cd resource provider aggregate not found
2026-07-24 18:44:57.822 9 INFO neutron.services.segments.plugin [-] Segment 1fc24d72-3e7f-4427-8d29-0ef02b8343cd resource provider aggregate not found
2026-07-24 18:44:57.846 9 INFO neutron.services.segments.plugin [-] Segment 1fc24d72-3e7f-4427-8d29-0ef02b8343cd resource provider not found; error: Placement Client Error (4xx): {"errors": [{"status": 404, "title": "Not Found", "detail": "The resource could not be found.\n\n No resource provider with uuid 1fc24d72-3e7f-4427-8d29-0ef02b8343cd found for delete ", "request_id": "req-7e588adc-89aa-45c0-98ad-a9b32204433b"}]}
2026-07-24 18:44:57.847 9 INFO neutron.services.segments.plugin [-] Segment 1fc24d72-3e7f-4427-8d29-0ef02b8343cd resource provider not found; error: Placement Client Error (4xx): {"errors": [{"status": 404, "title": "Not Found", "detail": "The resource could not be found.\n\n No resource provider with uuid 1fc24d72-3e7f-4427-8d29-0ef02b8343cd found for delete ", "request_id": "req-5c1c4150-6b98-4b05-951f-59be8cc02061"}]}
2026-07-24 18:44:57.883 9 INFO neutron.wsgi [None req-f3692baa-f48e-4081-94a7-fa3c1172cc7a 211af82d35bd474dba3e08d9b151f624 8dd6f8ba1d4c42f0a793344046582a00 - - - -] 10.0.0.195 "DELETE /v2.0/networks/72ea79f4-adc4-4001-8713-9f13459d49ae HTTP/1.1" status: 204 len: 168 time: 0.4810309
2026-07-24 18:44:58.129 10 WARNING neutron.scheduler.dhcp_agent_scheduler [None req-bbbea07c-291f-4c0a-9fd4-f5c2ed926b6b 652ca3bda8bb484088747c253d53aa67 5f83ee4d92864e89b29c2fb4f0554007 - - default default] No more DHCP agents
2026-07-24 18:44:58.132 10 WARNING neutron.api.rpc.agentnotifiers.dhcp_rpc_agent_api [None req-bbbea07c-291f-4c0a-9fd4-f5c2ed926b6b 652ca3bda8bb484088747c253d53aa67 5f83ee4d92864e89b29c2fb4f0554007 - - default default] Unable to schedule network 09f81d0f-9733-4e5e-933e-d351e9d3ccc5: no agents available; will retry on subsequent port and subnet creation events.
2026-07-24 18:44:58.364 10 INFO neutron.db.ovn_revision_numbers_db [None req-bbbea07c-291f-4c0a-9fd4-f5c2ed926b6b 652ca3bda8bb484088747c253d53aa67 5f83ee4d92864e89b29c2fb4f0554007 - - default default] Successfully bumped revision number for resource 58b0221b-8e83-4817-ade3-5a7233b864ee (type: ports) to 1
2026-07-24 18:44:58.413 10 INFO neutron.services.segments.plugin [-] Segment 2aed27a6-c2c2-4f33-9219-27e343ae84d3 resource provider aggregate not found
2026-07-24 18:44:58.439 10 INFO neutron.services.segments.plugin [-] Segment 2aed27a6-c2c2-4f33-9219-27e343ae84d3 resource provider aggregate not found
2026-07-24 18:44:58.457 10 INFO neutron.services.segments.plugin [-] Segment 2aed27a6-c2c2-4f33-9219-27e343ae84d3 resource provider not found; error: Placement Client Error (4xx): {"errors": [{"status": 404, "title": "Not Found", "detail": "The resource could not be found.\n\n No resource provider with uuid 2aed27a6-c2c2-4f33-9219-27e343ae84d3 found for delete ", "request_id": "req-83d575f3-6f69-4066-8fbd-43abab756b15"}]}
2026-07-24 18:44:58.459 10 INFO neutron.services.segments.plugin [-] Segment 2aed27a6-c2c2-4f33-9219-27e343ae84d3 resource provider not found; error: Placement Client Error (4xx): {"errors": [{"status": 404, "title": "Not Found", "detail": "The resource could not be found.\n\n No resource provider with uuid 2aed27a6-c2c2-4f33-9219-27e343ae84d3 found for delete ", "request_id": "req-d1cc7b78-869c-462e-b18f-4a68ae126abf"}]}
2026-07-24 18:44:58.489 10 INFO neutron.wsgi [None req-93f579b1-bb2c-4514-98ee-76f452e735e2 211af82d35bd474dba3e08d9b151f624 8dd6f8ba1d4c42f0a793344046582a00 - - - -] 10.0.0.195 "DELETE /v2.0/networks/ffcaff89-feed-4a81-9fd7-553a35e1b761 HTTP/1.1" status: 204 len: 168 time: 0.5983684
2026-07-24 18:44:58.988 9 INFO neutron.wsgi [None req-53ca007b-3413-4718-a6dd-63035e4f54b9 211af82d35bd474dba3e08d9b151f624 8dd6f8ba1d4c42f0a793344046582a00 - - - -] 10.0.0.195 "DELETE /v2.0/networks/3cdae515-0f52-4c1d-9354-68a7dee75369 HTTP/1.1" status: 204 len: 168 time: 0.4909306
2026-07-24 18:44:59.084 10 INFO neutron.db.ovn_revision_numbers_db [None req-bbbea07c-291f-4c0a-9fd4-f5c2ed926b6b 652ca3bda8bb484088747c253d53aa67 5f83ee4d92864e89b29c2fb4f0554007 - - default default] Successfully bumped revision number for resource 58b0221b-8e83-4817-ade3-5a7233b864ee (type: router_ports) to 2
2026-07-24 18:44:59.258 10 INFO neutron.db.ovn_revision_numbers_db [None req-bbbea07c-291f-4c0a-9fd4-f5c2ed926b6b 652ca3bda8bb484088747c253d53aa67 5f83ee4d92864e89b29c2fb4f0554007 - - default default] Successfully bumped revision number for resource 58b0221b-8e83-4817-ade3-5a7233b864ee (type: ports) to 2
2026-07-24 18:44:59.335 10 WARNING neutron.scheduler.dhcp_agent_scheduler [None req-bbbea07c-291f-4c0a-9fd4-f5c2ed926b6b 652ca3bda8bb484088747c253d53aa67 5f83ee4d92864e89b29c2fb4f0554007 - - default default] No more DHCP agents
2026-07-24 18:44:59.336 10 WARNING neutron.api.rpc.agentnotifiers.dhcp_rpc_agent_api [None req-bbbea07c-291f-4c0a-9fd4-f5c2ed926b6b 652ca3bda8bb484088747c253d53aa67 5f83ee4d92864e89b29c2fb4f0554007 - - default default] Unable to schedule network 09f81d0f-9733-4e5e-933e-d351e9d3ccc5: no agents available; will retry on subsequent port and subnet creation events.
2026-07-24 18:44:59.425 9 INFO neutron.wsgi [None req-17221d0a-c6bc-4002-a1a2-0cd5f5a08d72 211af82d35bd474dba3e08d9b151f624 8dd6f8ba1d4c42f0a793344046582a00 - - - -] 10.0.0.195 "DELETE /v2.0/networks/b1f93634-6fb3-408e-acdd-25ed9d0b6349 HTTP/1.1" status: 204 len: 168 time: 0.4272494
2026-07-24 18:44:59.822 10 INFO neutron.db.ovn_revision_numbers_db [None req-bbbea07c-291f-4c0a-9fd4-f5c2ed926b6b 652ca3bda8bb484088747c253d53aa67 5f83ee4d92864e89b29c2fb4f0554007 - - - -] Successfully bumped revision number for resource 58b0221b-8e83-4817-ade3-5a7233b864ee (type: router_ports) to 2
2026-07-24 18:44:59.825 10 INFO neutron.wsgi [None req-bbbea07c-291f-4c0a-9fd4-f5c2ed926b6b 652ca3bda8bb484088747c253d53aa67 5f83ee4d92864e89b29c2fb4f0554007 - - - -] 10.0.0.195 "PUT /v2.0/routers/e5a2b5bb-60fb-47c5-b1a5-a52de792d3fe/add_router_interface HTTP/1.1" status: 200 len: 503 time: 2.3838708
2026-07-24 18:44:59.878 9 INFO neutron.services.segments.plugin [-] Segment ca7c3e67-9085-45c6-88fb-01c5f956e4fa resource provider aggregate not found
2026-07-24 18:44:59.885 9 INFO neutron.services.segments.plugin [-] Segment ca7c3e67-9085-45c6-88fb-01c5f956e4fa resource provider aggregate not found
2026-07-24 18:44:59.905 9 INFO neutron.services.segments.plugin [-] Segment ca7c3e67-9085-45c6-88fb-01c5f956e4fa resource provider not found; error: Placement Client Error (4xx): {"errors": [{"status": 404, "title": "Not Found", "detail": "The resource could not be found.\n\n No resource provider with uuid ca7c3e67-9085-45c6-88fb-01c5f956e4fa found for delete ", "request_id": "req-4ced0ee0-1ff1-4a9f-9cdc-125db0d7d180"}]}
2026-07-24 18:44:59.910 9 INFO neutron.services.segments.plugin [-] Segment ca7c3e67-9085-45c6-88fb-01c5f956e4fa resource provider not found; error: Placement Client Error (4xx): {"errors": [{"status": 404, "title": "Not Found", "detail": "The resource could not be found.\n\n No resource provider with uuid ca7c3e67-9085-45c6-88fb-01c5f956e4fa found for delete ", "request_id": "req-dd023f26-e05e-4192-ab29-8bb7ae500917"}]}
2026-07-24 18:44:59.921 9 WARNING neutron.plugins.ml2.drivers.ovn.mech_driver.ovsdb.ovn_client [None req-446a6c98-7e52-4e02-ad18-1bd5f30e1b9e - - - - - -] No hosting information found for port b43772ed-772b-4abf-b459-6a0a70155563: RuntimeError: No hosting information found for port b43772ed-772b-4abf-b459-6a0a70155563
2026-07-24 18:44:59.922 9 INFO neutron.plugins.ml2.drivers.ovn.mech_driver.mech_driver [None req-446a6c98-7e52-4e02-ad18-1bd5f30e1b9e - - - - - -] OVN reports status up for port: a02f4138-cfa2-438f-8275-ad3dc20810ae
2026-07-24 18:44:59.929 9 INFO neutron.services.segments.plugin [-] Segment ebd4068d-1567-403d-80b7-6d434bc0201b resource provider aggregate not found
2026-07-24 18:44:59.934 9 INFO neutron.services.segments.plugin [-] Segment ebd4068d-1567-403d-80b7-6d434bc0201b resource provider aggregate not found
2026-07-24 18:44:59.943 9 INFO neutron.plugins.ml2.plugin [None req-446a6c98-7e52-4e02-ad18-1bd5f30e1b9e - - - - - -] Attempt 1 to provision port a02f4138-cfa2-438f-8275-ad3dc20810ae
2026-07-24 18:44:59.952 9 INFO neutron.services.segments.plugin [-] Segment ebd4068d-1567-403d-80b7-6d434bc0201b resource provider not found; error: Placement Client Error (4xx): {"errors": [{"status": 404, "title": "Not Found", "detail": "The resource could not be found.\n\n No resource provider with uuid ebd4068d-1567-403d-80b7-6d434bc0201b found for delete ", "request_id": "req-6056a7f3-453b-45b2-b249-ece3fafa3e4e"}]}
2026-07-24 18:44:59.961 9 INFO neutron.services.segments.plugin [-] Segment ebd4068d-1567-403d-80b7-6d434bc0201b resource provider not found; error: Placement Client Error (4xx): {"errors": [{"status": 404, "title": "Not Found", "detail": "The resource could not be found.\n\n No resource provider with uuid ebd4068d-1567-403d-80b7-6d434bc0201b found for delete ", "request_id": "req-6e7d5ad0-c7c1-4087-b7c4-e1639717a6e9"}]}
2026-07-24 18:44:59.998 10 INFO neutron.wsgi [None req-b78c3426-14be-44ed-a426-954619d40212 211af82d35bd474dba3e08d9b151f624 8dd6f8ba1d4c42f0a793344046582a00 - - - -] 10.0.0.195 "DELETE /v2.0/networks/b86f7a63-4828-4063-acc8-0cad1d8a5782 HTTP/1.1" status: 204 len: 168 time: 0.5672605
2026-07-24 18:45:00.093 9 INFO neutron.db.ovn_revision_numbers_db [None req-a528dd83-62ba-431c-bbdc-2c2679c5e519 652ca3bda8bb484088747c253d53aa67 5f83ee4d92864e89b29c2fb4f0554007 - - - -] Successfully bumped revision number for resource fc5939d7-5c21-4096-a5f7-5da9be368231 (type: security_groups) to 1
2026-07-24 18:45:00.127 9 INFO neutron.wsgi [None req-a528dd83-62ba-431c-bbdc-2c2679c5e519 652ca3bda8bb484088747c253d53aa67 5f83ee4d92864e89b29c2fb4f0554007 - - - -] 10.0.0.195 "POST /v2.0/security-groups HTTP/1.1" status: 201 len: 1765 time: 0.2346780
2026-07-24 18:45:00.317 9 INFO neutron.db.ovn_revision_numbers_db [None req-446a6c98-7e52-4e02-ad18-1bd5f30e1b9e - - - - - -] Successfully bumped revision number for resource a02f4138-cfa2-438f-8275-ad3dc20810ae (type: ports) to 3
2026-07-24 18:45:00.320 10 INFO neutron.db.ovn_revision_numbers_db [None req-45eaea0e-b2b2-4236-9982-c639ed26bf13 652ca3bda8bb484088747c253d53aa67 5f83ee4d92864e89b29c2fb4f0554007 - - - -] Successfully bumped revision number for resource 1ad98b55-3b23-43aa-9350-63130b6876a0 (type: security_group_rules) to 0
2026-07-24 18:45:00.355 10 INFO neutron.wsgi [None req-45eaea0e-b2b2-4236-9982-c639ed26bf13 652ca3bda8bb484088747c253d53aa67 5f83ee4d92864e89b29c2fb4f0554007 - - - -] 10.0.0.195 "POST /v2.0/security-group-rules HTTP/1.1" status: 201 len: 764 time: 0.2221794
2026-07-24 18:45:00.429 9 INFO neutron.db.ovn_revision_numbers_db [None req-446a6c98-7e52-4e02-ad18-1bd5f30e1b9e - - - - - -] Successfully bumped revision number for resource a02f4138-cfa2-438f-8275-ad3dc20810ae (type: router_ports) to 3
2026-07-24 18:45:00.482 10 INFO neutron.services.segments.plugin [-] Segment 46fa10cd-b4f3-4c9e-a473-2ae9c19d7148 resource provider aggregate not found
2026-07-24 18:45:00.493 10 INFO neutron.services.segments.plugin [-] Segment 46fa10cd-b4f3-4c9e-a473-2ae9c19d7148 resource provider aggregate not found
2026-07-24 18:45:00.505 10 INFO neutron.services.segments.plugin [-] Segment 46fa10cd-b4f3-4c9e-a473-2ae9c19d7148 resource provider not found; error: Placement Client Error (4xx): {"errors": [{"status": 404, "title": "Not Found", "detail": "The resource could not be found.\n\n No resource provider with uuid 46fa10cd-b4f3-4c9e-a473-2ae9c19d7148 found for delete ", "request_id": "req-08530d92-44bb-4ee0-8838-2fc789ea448d"}]}
2026-07-24 18:45:00.517 10 INFO neutron.services.segments.plugin [-] Segment 46fa10cd-b4f3-4c9e-a473-2ae9c19d7148 resource provider not found; error: Placement Client Error (4xx): {"errors": [{"status": 404, "title": "Not Found", "detail": "The resource could not be found.\n\n No resource provider with uuid 46fa10cd-b4f3-4c9e-a473-2ae9c19d7148 found for delete ", "request_id": "req-d805dead-8901-4bba-8fd9-8174cfdec049"}]}
2026-07-24 18:45:00.536 10 INFO neutron.db.ovn_revision_numbers_db [None req-d0c4d6dd-519c-4a4b-8119-cd4dc42a89fa 652ca3bda8bb484088747c253d53aa67 5f83ee4d92864e89b29c2fb4f0554007 - - - -] Successfully bumped revision number for resource b023361c-9bb0-4cc4-9b41-8ccd0e7ccc45 (type: security_group_rules) to 0
2026-07-24 18:45:00.565 10 INFO neutron.wsgi [None req-d0c4d6dd-519c-4a4b-8119-cd4dc42a89fa 652ca3bda8bb484088747c253d53aa67 5f83ee4d92864e89b29c2fb4f0554007 - - - -] 10.0.0.195 "POST /v2.0/security-group-rules HTTP/1.1" status: 201 len: 764 time: 0.2002647
2026-07-24 18:45:00.716 10 INFO neutron.db.ovn_revision_numbers_db [None req-02bd842a-f57a-4a3d-a8d5-80e3eb73e375 652ca3bda8bb484088747c253d53aa67 5f83ee4d92864e89b29c2fb4f0554007 - - - -] Successfully bumped revision number for resource 0d6bb8ad-8ca0-4ab8-a3ee-399733be6f72 (type: security_group_rules) to 0
2026-07-24 18:45:00.764 10 INFO neutron.wsgi [None req-02bd842a-f57a-4a3d-a8d5-80e3eb73e375 652ca3bda8bb484088747c253d53aa67 5f83ee4d92864e89b29c2fb4f0554007 - - - -] 10.0.0.195 "POST /v2.0/security-group-rules HTTP/1.1" status: 201 len: 766 time: 0.1913602
2026-07-24 18:45:00.909 10 INFO neutron.db.ovn_revision_numbers_db [None req-f7513e9c-2dc1-49f3-a400-cdb0935d96b0 652ca3bda8bb484088747c253d53aa67 5f83ee4d92864e89b29c2fb4f0554007 - - - -] Successfully bumped revision number for resource 9147dbb4-c370-46d0-a93c-7e2bf88754e2 (type: security_group_rules) to 0
2026-07-24 18:45:00.937 10 INFO neutron.wsgi [None req-f7513e9c-2dc1-49f3-a400-cdb0935d96b0 652ca3bda8bb484088747c253d53aa67 5f83ee4d92864e89b29c2fb4f0554007 - - - -] 10.0.0.195 "POST /v2.0/security-group-rules HTTP/1.1" status: 201 len: 768 time: 0.1677046
2026-07-24 18:45:01.071 10 INFO neutron.db.ovn_revision_numbers_db [None req-86382d3d-67f1-4b14-a822-f9f2a95c4e7f 652ca3bda8bb484088747c253d53aa67 5f83ee4d92864e89b29c2fb4f0554007 - - - -] Successfully bumped revision number for resource 68e62b9f-3f47-4d99-bd6c-6d077f22c1a0 (type: security_group_rules) to 0
2026-07-24 18:45:01.101 10 INFO neutron.wsgi [None req-86382d3d-67f1-4b14-a822-f9f2a95c4e7f 652ca3bda8bb484088747c253d53aa67 5f83ee4d92864e89b29c2fb4f0554007 - - - -] 10.0.0.195 "POST /v2.0/security-group-rules HTTP/1.1" status: 201 len: 768 time: 0.1586375
2026-07-24 18:45:01.217 9 INFO neutron.wsgi [None req-322cae93-a64a-46cd-9700-3b722fc9e231 af6cf6b7229b4c9eace48dd4220164e4 8498dd98b53f466e81ae586547e94771 - - default default] 10.0.0.195 "GET /v2.0/security-groups?tenant_id=8dd6f8ba1d4c42f0a793344046582a00&name=default HTTP/1.1" status: 200 len: 3000 time: 0.2692330
2026-07-24 18:45:01.248 10 INFO neutron.db.ovn_revision_numbers_db [None req-bc902b56-3ee9-433e-809c-ea853c907546 652ca3bda8bb484088747c253d53aa67 5f83ee4d92864e89b29c2fb4f0554007 - - - -] Successfully bumped revision number for resource 91136e71-c318-4df7-bccb-b0a0a3cc4986 (type: security_group_rules) to 0
2026-07-24 18:45:01.310 10 INFO neutron.wsgi [None req-bc902b56-3ee9-433e-809c-ea853c907546 652ca3bda8bb484088747c253d53aa67 5f83ee4d92864e89b29c2fb4f0554007 - - - -] 10.0.0.195 "POST /v2.0/security-group-rules HTTP/1.1" status: 201 len: 764 time: 0.2038786
2026-07-24 18:45:01.484 10 INFO neutron.db.ovn_revision_numbers_db [None req-55a628f9-dcf9-4475-ab4b-b30c7b5683a3 652ca3bda8bb484088747c253d53aa67 5f83ee4d92864e89b29c2fb4f0554007 - - - -] Successfully bumped revision number for resource cf457926-84d0-41a5-89a3-e05724fd3ae9 (type: security_group_rules) to 0
2026-07-24 18:45:01.495 9 INFO neutron.wsgi [None req-9ff4b288-8aa0-41bc-9d14-ed10a27425df af6cf6b7229b4c9eace48dd4220164e4 8498dd98b53f466e81ae586547e94771 - - - -] 10.0.0.195 "DELETE /v2.0/security-groups/6dc7890c-ef75-4225-80f7-66f864e964d4 HTTP/1.1" status: 204 len: 168 time: 0.2724750
2026-07-24 18:45:01.517 10 INFO neutron.wsgi [None req-55a628f9-dcf9-4475-ab4b-b30c7b5683a3 652ca3bda8bb484088747c253d53aa67 5f83ee4d92864e89b29c2fb4f0554007 - - - -] 10.0.0.195 "POST /v2.0/security-group-rules HTTP/1.1" status: 201 len: 764 time: 0.1964216
2026-07-24 18:45:01.678 10 INFO neutron.db.ovn_revision_numbers_db [None req-603ae21c-f0ab-42dd-b2bd-882b509a3343 652ca3bda8bb484088747c253d53aa67 5f83ee4d92864e89b29c2fb4f0554007 - - - -] Successfully bumped revision number for resource 35da3493-d678-4ae3-987d-e05cef765041 (type: security_group_rules) to 0
2026-07-24 18:45:01.708 10 INFO neutron.wsgi [None req-603ae21c-f0ab-42dd-b2bd-882b509a3343 652ca3bda8bb484088747c253d53aa67 5f83ee4d92864e89b29c2fb4f0554007 - - - -] 10.0.0.195 "POST /v2.0/security-group-rules HTTP/1.1" status: 201 len: 764 time: 0.1786563
2026-07-24 18:45:01.757 10 INFO neutron.db.ovn_revision_numbers_db [None req-3a216958-7f84-4d0c-84b5-61b723a75c69 af6cf6b7229b4c9eace48dd4220164e4 8498dd98b53f466e81ae586547e94771 - - default default] Successfully bumped revision number for resource 02c4f9d4-9777-47f9-b137-13250bdf374e (type: security_groups) to 1
2026-07-24 18:45:01.781 10 INFO neutron.wsgi [None req-3a216958-7f84-4d0c-84b5-61b723a75c69 af6cf6b7229b4c9eace48dd4220164e4 8498dd98b53f466e81ae586547e94771 - - default default] 10.0.0.195 "GET /v2.0/security-groups?tenant_id=22989c9346c64e6e8d91e7c12893eb2e&name=default HTTP/1.1" status: 200 len: 3000 time: 0.1597629
2026-07-24 18:45:01.868 9 INFO neutron.db.ovn_revision_numbers_db [None req-ffd69498-1694-47f4-80c0-708969379b8d 652ca3bda8bb484088747c253d53aa67 5f83ee4d92864e89b29c2fb4f0554007 - - - -] Successfully bumped revision number for resource 1ffdb216-95b5-4365-9fe1-8bf6482f6db8 (type: security_group_rules) to 0
2026-07-24 18:45:01.910 9 INFO neutron.wsgi [None req-ffd69498-1694-47f4-80c0-708969379b8d 652ca3bda8bb484088747c253d53aa67 5f83ee4d92864e89b29c2fb4f0554007 - - - -] 10.0.0.195 "POST /v2.0/security-group-rules HTTP/1.1" status: 201 len: 766 time: 0.1947677
2026-07-24 18:45:01.967 10 INFO neutron.wsgi [None req-3ed3d178-cc34-4a56-93fd-c6d9d9035cc3 af6cf6b7229b4c9eace48dd4220164e4 8498dd98b53f466e81ae586547e94771 - - - -] 10.0.0.195 "DELETE /v2.0/security-groups/02c4f9d4-9777-47f9-b137-13250bdf374e HTTP/1.1" status: 204 len: 168 time: 0.1815374
2026-07-24 18:45:02.043 9 INFO neutron.db.ovn_revision_numbers_db [None req-df3d90ad-e9ed-41ac-b3bc-8f3c6bac3615 652ca3bda8bb484088747c253d53aa67 5f83ee4d92864e89b29c2fb4f0554007 - - - -] Successfully bumped revision number for resource f4ece469-d55f-43fe-9525-5607d3c9de35 (type: security_group_rules) to 0
2026-07-24 18:45:02.068 9 INFO neutron.wsgi [None req-df3d90ad-e9ed-41ac-b3bc-8f3c6bac3615 652ca3bda8bb484088747c253d53aa67 5f83ee4d92864e89b29c2fb4f0554007 - - - -] 10.0.0.195 "POST /v2.0/security-group-rules HTTP/1.1" status: 201 len: 768 time: 0.1530612
2026-07-24 18:45:02.187 9 INFO neutron.db.ovn_revision_numbers_db [None req-e56ec3ba-795d-4a64-9549-8f6745d602dd 652ca3bda8bb484088747c253d53aa67 5f83ee4d92864e89b29c2fb4f0554007 - - - -] Successfully bumped revision number for resource e035afbd-5bc8-4f84-be8a-07d5621c498c (type: security_group_rules) to 0
2026-07-24 18:45:02.219 9 INFO neutron.wsgi [None req-e56ec3ba-795d-4a64-9549-8f6745d602dd 652ca3bda8bb484088747c253d53aa67 5f83ee4d92864e89b29c2fb4f0554007 - - - -] 10.0.0.195 "POST /v2.0/security-group-rules HTTP/1.1" status: 201 len: 764 time: 0.1456921
2026-07-24 18:45:02.228 10 INFO neutron.db.ovn_revision_numbers_db [None req-2de4d4f6-6b56-45c0-ae7b-f8b78cfd1f27 af6cf6b7229b4c9eace48dd4220164e4 8498dd98b53f466e81ae586547e94771 - - default default] Successfully bumped revision number for resource b15edb87-a3fc-4805-b9f1-45ed30022bb4 (type: security_groups) to 1
2026-07-24 18:45:02.258 10 INFO neutron.wsgi [None req-2de4d4f6-6b56-45c0-ae7b-f8b78cfd1f27 af6cf6b7229b4c9eace48dd4220164e4 8498dd98b53f466e81ae586547e94771 - - default default] 10.0.0.195 "GET /v2.0/security-groups?tenant_id=eff42d92c70d40dcae1196ce8ec9d83d&name=default HTTP/1.1" status: 200 len: 3000 time: 0.1389701
2026-07-24 18:45:02.520 10 INFO neutron.wsgi [None req-a32ffe9d-399e-4e1f-89fc-abf583b26271 af6cf6b7229b4c9eace48dd4220164e4 8498dd98b53f466e81ae586547e94771 - - - -] 10.0.0.195 "DELETE /v2.0/security-groups/b15edb87-a3fc-4805-b9f1-45ed30022bb4 HTTP/1.1" status: 204 len: 168 time: 0.2537885
2026-07-24 18:45:02.525 10 INFO neutron.wsgi [req-182dff03-346c-4937-a440-5910565f30d4 req-95ac2040-48b2-46b2-8f86-b14b0963352c 652ca3bda8bb484088747c253d53aa67 5f83ee4d92864e89b29c2fb4f0554007 - - default default] 10.0.0.3 "GET /v2.0/security-groups?name=tempest-lb_member_SG-439847300&fields=id&tenant_id=5f83ee4d92864e89b29c2fb4f0554007 HTTP/1.1" status: 200 len: 267 time: 0.0551276
2026-07-24 18:45:02.606 10 INFO neutron.wsgi [req-182dff03-346c-4937-a440-5910565f30d4 req-1a1a9056-a81f-43d0-8f75-ebe5e6f26aaa 652ca3bda8bb484088747c253d53aa67 5f83ee4d92864e89b29c2fb4f0554007 - - default default] 10.0.0.3 "GET /v2.0/networks?id=34669529-8306-49e9-b7c2-93a4a637503e HTTP/1.1" status: 200 len: 904 time: 0.0733163
2026-07-24 18:45:02.635 10 INFO neutron.wsgi [req-182dff03-346c-4937-a440-5910565f30d4 req-5f8a5528-b1d8-4cf1-b3b6-0b1d610a556b 652ca3bda8bb484088747c253d53aa67 5f83ee4d92864e89b29c2fb4f0554007 - - default default] 10.0.0.3 "GET /v2.0/quotas/5f83ee4d92864e89b29c2fb4f0554007 HTTP/1.1" status: 200 len: 386 time: 0.0190406
2026-07-24 18:45:02.878 10 INFO neutron.wsgi [req-182dff03-346c-4937-a440-5910565f30d4 req-1158f4a7-c64d-49ad-9321-35ea1d7f51ca 652ca3bda8bb484088747c253d53aa67 5f83ee4d92864e89b29c2fb4f0554007 - - default default] 10.0.0.3 "GET /v2.0/ports?tenant_id=5f83ee4d92864e89b29c2fb4f0554007&fields=id HTTP/1.1" status: 200 len: 486 time: 0.2366865
2026-07-24 18:45:02.971 10 INFO neutron.wsgi [req-182dff03-346c-4937-a440-5910565f30d4 req-15a2fc49-e9bc-4bae-a394-8c54c01c19a6 de74f2d4048c4ef78082d00e49736666 e2f20cd3df98453099bf504f9832b7c6 - - 6674caebc00f4e4b9a9fcb8cf9107f20 6674caebc00f4e4b9a9fcb8cf9107f20] 10.0.0.3 "GET /v2.0/networks/34669529-8306-49e9-b7c2-93a4a637503e?fields=segments HTTP/1.1" status: 200 len: 212 time: 0.0764155
2026-07-24 18:45:03.044 10 INFO neutron.wsgi [req-182dff03-346c-4937-a440-5910565f30d4 req-846a995f-fb54-4711-87df-59e8a9afffcf de74f2d4048c4ef78082d00e49736666 e2f20cd3df98453099bf504f9832b7c6 - - 6674caebc00f4e4b9a9fcb8cf9107f20 6674caebc00f4e4b9a9fcb8cf9107f20] 10.0.0.3 "GET /v2.0/networks/34669529-8306-49e9-b7c2-93a4a637503e?fields=provider%3Aphysical_network&fields=provider%3Anetwork_type HTTP/1.1" status: 200 len: 277 time: 0.0662255
2026-07-24 18:45:03.192 10 INFO neutron.wsgi [req-c511dfb4-12bb-490b-a4b6-d4f1b2b69b99 req-d907a9ee-d027-4517-9c73-a0290e834526 652ca3bda8bb484088747c253d53aa67 5f83ee4d92864e89b29c2fb4f0554007 - - default default] 10.0.0.3 "GET /v2.0/ports?device_id=7f490045-6b42-4a85-a27c-2b368658b6fd HTTP/1.1" status: 200 len: 210 time: 0.0272367
2026-07-24 18:45:04.054 9 INFO neutron.wsgi [req-182dff03-346c-4937-a440-5910565f30d4 req-fc6c4929-ed25-42f6-936e-c48a8c83e73f 652ca3bda8bb484088747c253d53aa67 5f83ee4d92864e89b29c2fb4f0554007 - - default default] 199.19.213.152 "GET /v2.0/networks?id=34669529-8306-49e9-b7c2-93a4a637503e HTTP/1.1" status: 200 len: 904 time: 0.0766828
2026-07-24 18:45:04.105 9 INFO neutron.wsgi [req-182dff03-346c-4937-a440-5910565f30d4 req-49bd1d95-30c1-4a36-8ef2-19e9f0ff9111 652ca3bda8bb484088747c253d53aa67 5f83ee4d92864e89b29c2fb4f0554007 - - default default] 199.19.213.152 "GET /v2.0/security-groups?fields=id&fields=name&tenant_id=5f83ee4d92864e89b29c2fb4f0554007 HTTP/1.1" status: 200 len: 377 time: 0.0457633
2026-07-24 18:45:04.847 9 WARNING neutron.scheduler.dhcp_agent_scheduler [None req-cd4eea38-60da-46b8-9d33-db246be40f13 652ca3bda8bb484088747c253d53aa67 5f83ee4d92864e89b29c2fb4f0554007 - - - -] No more DHCP agents
2026-07-24 18:45:04.848 9 WARNING neutron.api.rpc.agentnotifiers.dhcp_rpc_agent_api [None req-cd4eea38-60da-46b8-9d33-db246be40f13 652ca3bda8bb484088747c253d53aa67 5f83ee4d92864e89b29c2fb4f0554007 - - - -] Unable to schedule network 34669529-8306-49e9-b7c2-93a4a637503e: no agents available; will retry on subsequent port and subnet creation events.
2026-07-24 18:45:05.028 9 INFO neutron.db.ovn_revision_numbers_db [None req-cd4eea38-60da-46b8-9d33-db246be40f13 652ca3bda8bb484088747c253d53aa67 5f83ee4d92864e89b29c2fb4f0554007 - - - -] Successfully bumped revision number for resource a74b6fc9-c302-4311-8846-d9cc3755224a (type: ports) to 1
2026-07-24 18:45:05.054 9 INFO neutron.wsgi [None req-cd4eea38-60da-46b8-9d33-db246be40f13 652ca3bda8bb484088747c253d53aa67 5f83ee4d92864e89b29c2fb4f0554007 - - - -] 199.19.213.152 "POST /v2.0/ports HTTP/1.1" status: 201 len: 1384 time: 0.9431624 /var/lib/openstack/lib/python3.10/site-packages/pycadf/identifier.py:71: UserWarning: Invalid uuid: neutron. To ensure interoperability, identifiers should be a valid uuid. warnings.warn(('Invalid uuid: %s. To ensure interoperability, '
2026-07-24 18:45:05.135 9 WARNING neutron.plugins.ml2.drivers.ovn.mech_driver.ovsdb.ovn_client [None req-446a6c98-7e52-4e02-ad18-1bd5f30e1b9e - - - - - -] No hosting information found for port a02f4138-cfa2-438f-8275-ad3dc20810ae: RuntimeError: No hosting information found for port a02f4138-cfa2-438f-8275-ad3dc20810ae
2026-07-24 18:45:05.135 9 INFO neutron.plugins.ml2.drivers.ovn.mech_driver.mech_driver [None req-446a6c98-7e52-4e02-ad18-1bd5f30e1b9e - - - - - -] OVN reports status up for port: 58b0221b-8e83-4817-ade3-5a7233b864ee
2026-07-24 18:45:05.155 9 INFO neutron.plugins.ml2.plugin [None req-446a6c98-7e52-4e02-ad18-1bd5f30e1b9e - - - - - -] Attempt 1 to provision port 58b0221b-8e83-4817-ade3-5a7233b864ee
2026-07-24 18:45:05.536 9 INFO neutron.db.ovn_revision_numbers_db [None req-446a6c98-7e52-4e02-ad18-1bd5f30e1b9e - - - - - -] Successfully bumped revision number for resource 58b0221b-8e83-4817-ade3-5a7233b864ee (type: ports) to 3
2026-07-24 18:45:05.701 9 INFO neutron.db.ovn_revision_numbers_db [None req-28b6c61b-6626-413b-a8cc-52755b335cd0 de74f2d4048c4ef78082d00e49736666 e2f20cd3df98453099bf504f9832b7c6 - - - -] Successfully bumped revision number for resource a74b6fc9-c302-4311-8846-d9cc3755224a (type: ports) to 2
2026-07-24 18:45:05.725 9 INFO neutron.db.ovn_revision_numbers_db [None req-446a6c98-7e52-4e02-ad18-1bd5f30e1b9e - - - - - -] Successfully bumped revision number for resource 58b0221b-8e83-4817-ade3-5a7233b864ee (type: router_ports) to 3
2026-07-24 18:45:05.958 9 INFO neutron.db.ovn_revision_numbers_db [None req-28b6c61b-6626-413b-a8cc-52755b335cd0 de74f2d4048c4ef78082d00e49736666 e2f20cd3df98453099bf504f9832b7c6 - - - -] Successfully bumped revision number for resource a74b6fc9-c302-4311-8846-d9cc3755224a (type: ports) to 2
2026-07-24 18:45:05.973 9 INFO neutron.wsgi [None req-28b6c61b-6626-413b-a8cc-52755b335cd0 de74f2d4048c4ef78082d00e49736666 e2f20cd3df98453099bf504f9832b7c6 - - - -] 199.19.213.152 "PUT /v2.0/ports/a74b6fc9-c302-4311-8846-d9cc3755224a HTTP/1.1" status: 200 len: 1553 time: 0.9105387 /var/lib/openstack/lib/python3.10/site-packages/pycadf/identifier.py:71: UserWarning: Invalid uuid: neutron. To ensure interoperability, identifiers should be a valid uuid. warnings.warn(('Invalid uuid: %s. To ensure interoperability, '
2026-07-24 18:45:06.034 9 INFO neutron.notifiers.nova [-] Nova event matching ['req-cb7069e4-9913-4f1f-beb0-e660d975a041'] response: {'name': 'network-changed', 'server_uuid': '7f490045-6b42-4a85-a27c-2b368658b6fd', 'tag': 'a74b6fc9-c302-4311-8846-d9cc3755224a', 'status': 'completed', 'code': 200}
2026-07-24 18:45:06.046 9 INFO neutron.wsgi [req-182dff03-346c-4937-a440-5910565f30d4 req-1b40e4a3-4380-4d03-8460-c045f0ec6cbf de74f2d4048c4ef78082d00e49736666 e2f20cd3df98453099bf504f9832b7c6 - - 6674caebc00f4e4b9a9fcb8cf9107f20 6674caebc00f4e4b9a9fcb8cf9107f20] 199.19.213.152 "GET /v2.0/ports?tenant_id=5f83ee4d92864e89b29c2fb4f0554007&device_id=7f490045-6b42-4a85-a27c-2b368658b6fd HTTP/1.1" status: 200 len: 1584 time: 0.0370650
