2026-07-24 18:42:31.200 9 INFO neutron.wsgi [None req-bba77cfb-6644-43d7-a6bb-66777dbfaf00 508f243b6e06488daef66d5a2fde78e0 56f58f75171d4a1c8d61942a6599c376 - - - -] 199.19.213.152 "POST /v2.0/ports HTTP/1.1" status: 201 len: 1162 time: 0.6754365 /var/lib/openstack/lib/python3.10/site-packages/pycadf/identifier.py:71: UserWarning: Invalid uuid: neutron. To ensure interoperability, identifiers should be a valid uuid. warnings.warn(('Invalid uuid: %s. To ensure interoperability, '
2026-07-24 18:42:31.633 9 INFO neutron.db.ovn_revision_numbers_db [None req-e89bde10-7e0f-4519-bd17-9e66621eab05 de74f2d4048c4ef78082d00e49736666 e2f20cd3df98453099bf504f9832b7c6 - - - -] Successfully bumped revision number for resource 180aa472-2341-4d4f-b2c1-1f51c39fb29d (type: ports) to 2 /var/lib/openstack/lib/python3.10/site-packages/pycadf/identifier.py:71: UserWarning: Invalid uuid: neutron. To ensure interoperability, identifiers should be a valid uuid. warnings.warn(('Invalid uuid: %s. To ensure interoperability, '
2026-07-24 18:42:31.840 10 INFO neutron.wsgi [req-94e6a150-b932-408f-bac2-d7b6badd9444 req-3910b4a9-27e5-49f2-b886-587f080b3532 508f243b6e06488daef66d5a2fde78e0 56f58f75171d4a1c8d61942a6599c376 - - default default] 10.0.0.3 "GET /v2.0/ports?device_id=efa90a74-8539-4031-97b8-5f1c47e4306c HTTP/1.1" status: 200 len: 1172 time: 0.0410464
2026-07-24 18:42:31.878 10 INFO neutron.wsgi [req-94e6a150-b932-408f-bac2-d7b6badd9444 req-48cb05a4-3886-4f1d-a8d1-1ca449be4a82 508f243b6e06488daef66d5a2fde78e0 56f58f75171d4a1c8d61942a6599c376 - - default default] 10.0.0.3 "GET /v2.0/security-groups?id=fb72e911-3582-4930-9863-00418e2bc8e6&fields=id&fields=name HTTP/1.1" status: 200 len: 313 time: 0.0327675
2026-07-24 18:42:31.911 9 INFO neutron.db.ovn_revision_numbers_db [None req-e89bde10-7e0f-4519-bd17-9e66621eab05 de74f2d4048c4ef78082d00e49736666 e2f20cd3df98453099bf504f9832b7c6 - - - -] Successfully bumped revision number for resource 180aa472-2341-4d4f-b2c1-1f51c39fb29d (type: ports) to 2
2026-07-24 18:42:31.954 9 INFO neutron.wsgi [None req-e89bde10-7e0f-4519-bd17-9e66621eab05 de74f2d4048c4ef78082d00e49736666 e2f20cd3df98453099bf504f9832b7c6 - - - -] 199.19.213.152 "PUT /v2.0/ports/180aa472-2341-4d4f-b2c1-1f51c39fb29d HTTP/1.1" status: 200 len: 1332 time: 0.7486286
2026-07-24 18:42:32.030 9 INFO neutron.db.ovn_revision_numbers_db [None req-ba0aa649-09e9-41cc-ae80-623c480a98e2 af6cf6b7229b4c9eace48dd4220164e4 8498dd98b53f466e81ae586547e94771 - - default default] Successfully bumped revision number for resource 2d9cf453-205d-4a13-8805-8980f29590d7 (type: security_groups) to 1
2026-07-24 18:42:32.057 9 INFO neutron.wsgi [req-347001f9-e754-4c99-8274-836a55bb8ccf req-e421e4e1-4528-4011-8b98-670b430e9167 de74f2d4048c4ef78082d00e49736666 e2f20cd3df98453099bf504f9832b7c6 - - 6674caebc00f4e4b9a9fcb8cf9107f20 6674caebc00f4e4b9a9fcb8cf9107f20] 199.19.213.152 "GET /v2.0/ports?tenant_id=56f58f75171d4a1c8d61942a6599c376&device_id=efa90a74-8539-4031-97b8-5f1c47e4306c HTTP/1.1" status: 200 len: 1363 time: 0.0611176
2026-07-24 18:42:32.062 9 INFO neutron.wsgi [None req-ba0aa649-09e9-41cc-ae80-623c480a98e2 af6cf6b7229b4c9eace48dd4220164e4 8498dd98b53f466e81ae586547e94771 - - default default] 10.0.0.195 "GET /v2.0/security-groups?tenant_id=041d01af84094264b8ffeb304430c757&name=default HTTP/1.1" status: 200 len: 2996 time: 0.4523153
2026-07-24 18:42:32.070 9 INFO neutron.wsgi [None req-7ec1f1f0-e286-4a92-84dc-5067eea6e80b 3a8887a4b1b84f3d82d49650b11cfb92 eaa93d1fc5c64b15a3082aac97c302ea - - - -] 10.0.0.195 "DELETE /v2.0/security-groups/cc008f9d-f407-46cc-ac44-90b8cbdf55e2 HTTP/1.1" status: 204 len: 168 time: 0.2862227
2026-07-24 18:42:32.094 9 INFO neutron.wsgi [req-347001f9-e754-4c99-8274-836a55bb8ccf req-1365fa09-ec07-4777-a7d7-b66907b3cc32 de74f2d4048c4ef78082d00e49736666 e2f20cd3df98453099bf504f9832b7c6 - - 6674caebc00f4e4b9a9fcb8cf9107f20 6674caebc00f4e4b9a9fcb8cf9107f20] 199.19.213.152 "GET /v2.0/floatingips?fixed_ip_address=10.100.0.11&port_id=180aa472-2341-4d4f-b2c1-1f51c39fb29d HTTP/1.1" status: 200 len: 217 time: 0.0268912
2026-07-24 18:42:32.143 9 INFO neutron.wsgi [req-347001f9-e754-4c99-8274-836a55bb8ccf req-187ef183-b15b-4f4c-8c1c-a7854c18a366 de74f2d4048c4ef78082d00e49736666 e2f20cd3df98453099bf504f9832b7c6 - - 6674caebc00f4e4b9a9fcb8cf9107f20 6674caebc00f4e4b9a9fcb8cf9107f20] 199.19.213.152 "GET /v2.0/subnets?id=27c4ec40-a161-4291-9f71-2e268f390000 HTTP/1.1" status: 200 len: 868 time: 0.0409415
2026-07-24 18:42:32.184 9 INFO neutron.wsgi [req-347001f9-e754-4c99-8274-836a55bb8ccf req-32a946ff-70d7-43e4-94c5-f8fc43cefc00 de74f2d4048c4ef78082d00e49736666 e2f20cd3df98453099bf504f9832b7c6 - - 6674caebc00f4e4b9a9fcb8cf9107f20 6674caebc00f4e4b9a9fcb8cf9107f20] 199.19.213.152 "GET /v2.0/ports?network_id=a68930ff-388b-4bf6-bbb1-32f777ba5c0b&device_owner=network%3Adhcp HTTP/1.1" status: 200 len: 210 time: 0.0300856
2026-07-24 18:42:32.256 9 INFO neutron.wsgi [req-347001f9-e754-4c99-8274-836a55bb8ccf req-6352c2f4-2f04-406c-88aa-e089ba8575db de74f2d4048c4ef78082d00e49736666 e2f20cd3df98453099bf504f9832b7c6 - - 6674caebc00f4e4b9a9fcb8cf9107f20 6674caebc00f4e4b9a9fcb8cf9107f20] 199.19.213.152 "GET /v2.0/networks/a68930ff-388b-4bf6-bbb1-32f777ba5c0b?fields=segments HTTP/1.1" status: 200 len: 212 time: 0.0649409
2026-07-24 18:42:32.330 9 WARNING neutron.plugins.ml2.drivers.ovn.mech_driver.ovsdb.ovn_client [None req-446a6c98-7e52-4e02-ad18-1bd5f30e1b9e - - - - - -] No hosting information found for port 6d1c479c-c2e9-4cb3-99bf-87d68957c3b6: RuntimeError: No hosting information found for port 6d1c479c-c2e9-4cb3-99bf-87d68957c3b6
2026-07-24 18:42:32.370 9 INFO neutron.wsgi [req-347001f9-e754-4c99-8274-836a55bb8ccf req-698c4d9a-df24-4aec-9e63-85758e1a4e55 de74f2d4048c4ef78082d00e49736666 e2f20cd3df98453099bf504f9832b7c6 - - 6674caebc00f4e4b9a9fcb8cf9107f20 6674caebc00f4e4b9a9fcb8cf9107f20] 199.19.213.152 "GET /v2.0/networks/a68930ff-388b-4bf6-bbb1-32f777ba5c0b?fields=provider%3Aphysical_network&fields=provider%3Anetwork_type HTTP/1.1" status: 200 len: 277 time: 0.1080489
2026-07-24 18:42:32.422 10 INFO neutron.wsgi [None req-4e2d3bac-1e1a-44f1-9a3d-70cbe2d22546 af6cf6b7229b4c9eace48dd4220164e4 8498dd98b53f466e81ae586547e94771 - - - -] 10.0.0.195 "DELETE /v2.0/security-groups/2d9cf453-205d-4a13-8805-8980f29590d7 HTTP/1.1" status: 204 len: 168 time: 0.3534241
2026-07-24 18:42:32.587 9 INFO neutron.plugins.ml2.drivers.ovn.mech_driver.mech_driver [None req-446a6c98-7e52-4e02-ad18-1bd5f30e1b9e - - - - - -] OVN reports status up for port: 180aa472-2341-4d4f-b2c1-1f51c39fb29d
2026-07-24 18:42:32.604 9 INFO neutron.notifiers.nova [-] Nova event matching ['req-02b7bcca-4dcc-41d8-b968-994c465cc144'] response: {'name': 'network-changed', 'server_uuid': 'efa90a74-8539-4031-97b8-5f1c47e4306c', 'tag': '180aa472-2341-4d4f-b2c1-1f51c39fb29d', 'status': 'completed', 'code': 200}
2026-07-24 18:42:32.614 9 INFO neutron.plugins.ml2.plugin [None req-446a6c98-7e52-4e02-ad18-1bd5f30e1b9e - - - - - -] Attempt 1 to provision port 180aa472-2341-4d4f-b2c1-1f51c39fb29d /var/lib/openstack/lib/python3.10/site-packages/pycadf/identifier.py:71: UserWarning: Invalid uuid: neutron. To ensure interoperability, identifiers should be a valid uuid. warnings.warn(('Invalid uuid: %s. To ensure interoperability, '
2026-07-24 18:42:32.697 9 INFO neutron.wsgi [req-d43fb518-0264-4166-90e3-a6d0d2aeb40e req-21171bb1-9e2d-44d0-9143-8c670b3312ee de74f2d4048c4ef78082d00e49736666 e2f20cd3df98453099bf504f9832b7c6 - - 6674caebc00f4e4b9a9fcb8cf9107f20 6674caebc00f4e4b9a9fcb8cf9107f20] 199.19.213.152 "GET /v2.0/ports?tenant_id=56f58f75171d4a1c8d61942a6599c376&device_id=efa90a74-8539-4031-97b8-5f1c47e4306c HTTP/1.1" status: 200 len: 1363 time: 0.0514636
2026-07-24 18:42:32.810 9 INFO neutron.wsgi [req-d43fb518-0264-4166-90e3-a6d0d2aeb40e req-e42da54e-ded8-4bb9-b688-8c1528eca48d de74f2d4048c4ef78082d00e49736666 e2f20cd3df98453099bf504f9832b7c6 - - 6674caebc00f4e4b9a9fcb8cf9107f20 6674caebc00f4e4b9a9fcb8cf9107f20] 199.19.213.152 "GET /v2.0/networks?id=a68930ff-388b-4bf6-bbb1-32f777ba5c0b HTTP/1.1" status: 200 len: 973 time: 0.1059198
2026-07-24 18:42:32.850 9 INFO neutron.wsgi [req-d43fb518-0264-4166-90e3-a6d0d2aeb40e req-e07f0d5a-eeb5-4842-8fef-afef1bae9e28 de74f2d4048c4ef78082d00e49736666 e2f20cd3df98453099bf504f9832b7c6 - - 6674caebc00f4e4b9a9fcb8cf9107f20 6674caebc00f4e4b9a9fcb8cf9107f20] 199.19.213.152 "GET /v2.0/floatingips?fixed_ip_address=10.100.0.11&port_id=180aa472-2341-4d4f-b2c1-1f51c39fb29d HTTP/1.1" status: 200 len: 217 time: 0.0347295
2026-07-24 18:42:32.919 9 INFO neutron.wsgi [req-d43fb518-0264-4166-90e3-a6d0d2aeb40e req-d33ea661-2de8-41b3-a304-b0f1d6e63313 de74f2d4048c4ef78082d00e49736666 e2f20cd3df98453099bf504f9832b7c6 - - 6674caebc00f4e4b9a9fcb8cf9107f20 6674caebc00f4e4b9a9fcb8cf9107f20] 199.19.213.152 "GET /v2.0/subnets?id=27c4ec40-a161-4291-9f71-2e268f390000 HTTP/1.1" status: 200 len: 868 time: 0.0426826
2026-07-24 18:42:32.956 9 INFO neutron.wsgi [req-d43fb518-0264-4166-90e3-a6d0d2aeb40e req-7ba1926d-df6e-4bff-a41a-b3043c72452c de74f2d4048c4ef78082d00e49736666 e2f20cd3df98453099bf504f9832b7c6 - - 6674caebc00f4e4b9a9fcb8cf9107f20 6674caebc00f4e4b9a9fcb8cf9107f20] 199.19.213.152 "GET /v2.0/ports?network_id=a68930ff-388b-4bf6-bbb1-32f777ba5c0b&device_owner=network%3Adhcp HTTP/1.1" status: 200 len: 210 time: 0.0316718
2026-07-24 18:42:33.014 10 INFO neutron.wsgi [req-17aaddf4-b371-401e-a7fb-38544cf5efc1 req-0dc6ec08-8c8d-4d1e-b16c-0e707ce462ad 508f243b6e06488daef66d5a2fde78e0 56f58f75171d4a1c8d61942a6599c376 - - default default] 10.0.0.3 "GET /v2.0/ports?device_id=efa90a74-8539-4031-97b8-5f1c47e4306c HTTP/1.1" status: 200 len: 1174 time: 0.0394654
2026-07-24 18:42:33.033 9 INFO neutron.wsgi [req-d43fb518-0264-4166-90e3-a6d0d2aeb40e req-44cb708c-c997-4988-a100-8b7a3c93c9e0 de74f2d4048c4ef78082d00e49736666 e2f20cd3df98453099bf504f9832b7c6 - - 6674caebc00f4e4b9a9fcb8cf9107f20 6674caebc00f4e4b9a9fcb8cf9107f20] 199.19.213.152 "GET /v2.0/networks/a68930ff-388b-4bf6-bbb1-32f777ba5c0b?fields=segments HTTP/1.1" status: 200 len: 212 time: 0.0728149
2026-07-24 18:42:33.087 10 INFO neutron.wsgi [req-17aaddf4-b371-401e-a7fb-38544cf5efc1 req-cce1aab5-a99d-4093-8ae1-37d314e6d494 508f243b6e06488daef66d5a2fde78e0 56f58f75171d4a1c8d61942a6599c376 - - default default] 10.0.0.3 "GET /v2.0/security-groups?id=fb72e911-3582-4930-9863-00418e2bc8e6&fields=id&fields=name HTTP/1.1" status: 200 len: 313 time: 0.0674226
2026-07-24 18:42:33.106 9 INFO neutron.db.ovn_revision_numbers_db [None req-446a6c98-7e52-4e02-ad18-1bd5f30e1b9e - - - - - -] Successfully bumped revision number for resource 180aa472-2341-4d4f-b2c1-1f51c39fb29d (type: ports) to 4
2026-07-24 18:42:33.122 9 INFO neutron.wsgi [req-d43fb518-0264-4166-90e3-a6d0d2aeb40e req-873be86f-f764-4d46-8c7a-533069ecb250 de74f2d4048c4ef78082d00e49736666 e2f20cd3df98453099bf504f9832b7c6 - - 6674caebc00f4e4b9a9fcb8cf9107f20 6674caebc00f4e4b9a9fcb8cf9107f20] 199.19.213.152 "GET /v2.0/networks/a68930ff-388b-4bf6-bbb1-32f777ba5c0b?fields=provider%3Aphysical_network&fields=provider%3Anetwork_type HTTP/1.1" status: 200 len: 277 time: 0.0796072
2026-07-24 18:42:33.257 10 INFO neutron.wsgi [None req-83ce7665-2373-4854-863d-cbba18d87b46 3a8887a4b1b84f3d82d49650b11cfb92 eaa93d1fc5c64b15a3082aac97c302ea - - - -] 10.0.0.195 "PUT /v2.0/routers/6edcad8f-1e95-4162-a793-3d899dd0bda9/remove_router_interface HTTP/1.1" status: 200 len: 503 time: 1.1432426 /var/lib/openstack/lib/python3.10/site-packages/pycadf/identifier.py:71: UserWarning: Invalid uuid: neutron. To ensure interoperability, identifiers should be a valid uuid. warnings.warn(('Invalid uuid: %s. To ensure interoperability, '
2026-07-24 18:42:33.548 9 INFO neutron.wsgi [None req-b2601a76-7a85-402d-9493-c548f06c34dd 3a8887a4b1b84f3d82d49650b11cfb92 eaa93d1fc5c64b15a3082aac97c302ea - - - -] 10.0.0.195 "DELETE /v2.0/subnets/95d5d36c-d3ae-4049-b508-cb04c59b8f7f HTTP/1.1" status: 204 len: 168 time: 0.2643137 /var/lib/openstack/lib/python3.10/site-packages/pycadf/identifier.py:71: UserWarning: Invalid uuid: neutron. To ensure interoperability, identifiers should be a valid uuid. warnings.warn(('Invalid uuid: %s. To ensure interoperability, '
2026-07-24 18:42:34.281 10 INFO neutron.wsgi [req-981d3e26-cafa-4adf-9027-3eec6d4db02f req-fe57d1c4-623d-4ec6-b76f-9e9857877393 508f243b6e06488daef66d5a2fde78e0 56f58f75171d4a1c8d61942a6599c376 - - default default] 10.0.0.3 "GET /v2.0/ports?device_id=efa90a74-8539-4031-97b8-5f1c47e4306c HTTP/1.1" status: 200 len: 1174 time: 0.1211472
2026-07-24 18:42:34.342 10 INFO neutron.wsgi [req-981d3e26-cafa-4adf-9027-3eec6d4db02f req-a3f5513e-fc37-497e-a384-9fea1460ee92 508f243b6e06488daef66d5a2fde78e0 56f58f75171d4a1c8d61942a6599c376 - - default default] 10.0.0.3 "GET /v2.0/security-groups?id=fb72e911-3582-4930-9863-00418e2bc8e6&fields=id&fields=name HTTP/1.1" status: 200 len: 313 time: 0.0510967
2026-07-24 18:42:34.353 9 INFO neutron.wsgi [None req-1f63586a-c996-4f84-a87a-7e39d6dd0262 3a8887a4b1b84f3d82d49650b11cfb92 eaa93d1fc5c64b15a3082aac97c302ea - - - -] 10.0.0.195 "DELETE /v2.0/routers/6edcad8f-1e95-4162-a793-3d899dd0bda9 HTTP/1.1" status: 204 len: 168 time: 0.7975023
2026-07-24 18:42:34.515 9 INFO neutron.wsgi [None req-237184ca-fe5a-4905-854a-333ac31636fa 1574cee689a54d87bba1f458fe170cd4 7a0a60366ac7469f8b0dc4de82f8df49 - - default default] 10.0.0.195 "GET /v2.0/extensions HTTP/1.1" status: 200 len: 16520 time: 0.1897533
2026-07-24 18:42:34.533 9 INFO neutron.wsgi [None req-5072d974-439b-41f8-8e1e-76c5adce1e07 1574cee689a54d87bba1f458fe170cd4 7a0a60366ac7469f8b0dc4de82f8df49 - - default default] 10.0.0.195 "GET /v2.0/extensions/address-group HTTP/1.1" status: 200 len: 353 time: 0.0122366
2026-07-24 18:42:34.551 10 INFO neutron.wsgi [None req-b3942688-7885-4e62-94b4-2c70c6df178c 1574cee689a54d87bba1f458fe170cd4 7a0a60366ac7469f8b0dc4de82f8df49 - - default default] 10.0.0.195 "GET /v2.0/extensions/address-scope HTTP/1.1" status: 200 len: 357 time: 0.0062931
2026-07-24 18:42:34.559 10 INFO neutron.wsgi [None req-963d479a-7909-48fc-b970-7a8920ea15d6 1574cee689a54d87bba1f458fe170cd4 7a0a60366ac7469f8b0dc4de82f8df49 - - default default] 10.0.0.195 "GET /v2.0/extensions/agent HTTP/1.1" status: 200 len: 347 time: 0.0039384
2026-07-24 18:42:34.567 10 INFO neutron.wsgi [None req-f71b02db-5fb3-4e9b-9d24-d17669fd5b04 1574cee689a54d87bba1f458fe170cd4 7a0a60366ac7469f8b0dc4de82f8df49 - - default default] 10.0.0.195 "GET /v2.0/extensions/allowed-address-pairs HTTP/1.1" status: 200 len: 378 time: 0.0038490
2026-07-24 18:42:34.577 10 INFO neutron.wsgi [None req-ebfe443f-8c43-41f5-aac7-b47676e48758 1574cee689a54d87bba1f458fe170cd4 7a0a60366ac7469f8b0dc4de82f8df49 - - default default] 10.0.0.195 "GET /v2.0/extensions/auto-allocated-topology HTTP/1.1" status: 200 len: 394 time: 0.0045354
2026-07-24 18:42:34.585 10 INFO neutron.wsgi [None req-e33f3613-1f05-42ef-8372-0bfaadc0760a 1574cee689a54d87bba1f458fe170cd4 7a0a60366ac7469f8b0dc4de82f8df49 - - default default] 10.0.0.195 "GET /v2.0/extensions/availability_zone HTTP/1.1" status: 200 len: 372 time: 0.0046942
2026-07-24 18:42:34.595 9 INFO neutron.wsgi [None req-a256dd68-2098-42cd-90f4-d2c39cc93593 1574cee689a54d87bba1f458fe170cd4 7a0a60366ac7469f8b0dc4de82f8df49 - - default default] 10.0.0.195 "GET /v2.0/extensions/default-subnetpools HTTP/1.1" status: 200 len: 405 time: 0.0055423
2026-07-24 18:42:34.604 9 INFO neutron.wsgi [None req-d17be8d7-a916-4061-ad3c-421984938430 1574cee689a54d87bba1f458fe170cd4 7a0a60366ac7469f8b0dc4de82f8df49 - - default default] 10.0.0.195 "GET /v2.0/extensions/dhcp_agent_scheduler HTTP/1.1" status: 200 len: 381 time: 0.0049193
2026-07-24 18:42:34.617 10 INFO neutron.wsgi [None req-ac9e7359-5b7b-4a34-830b-606d0abab67b 1574cee689a54d87bba1f458fe170cd4 7a0a60366ac7469f8b0dc4de82f8df49 - - default default] 10.0.0.195 "GET /v2.0/extensions/dns-integration HTTP/1.1" status: 200 len: 366 time: 0.0092604
2026-07-24 18:42:34.629 10 INFO neutron.wsgi [None req-82d548cd-c32e-493b-bcec-6babf5c1ec8c 1574cee689a54d87bba1f458fe170cd4 7a0a60366ac7469f8b0dc4de82f8df49 - - default default] 10.0.0.195 "GET /v2.0/extensions/dns-domain-ports HTTP/1.1" status: 200 len: 399 time: 0.0067644
2026-07-24 18:42:34.640 10 INFO neutron.wsgi [None req-c158399d-2f2c-49c4-b84b-777468e67a1b 1574cee689a54d87bba1f458fe170cd4 7a0a60366ac7469f8b0dc4de82f8df49 - - default default] 10.0.0.195 "GET /v2.0/extensions/dns-integration-domain-keywords HTTP/1.1" status: 200 len: 477 time: 0.0066826
2026-07-24 18:42:34.656 10 INFO neutron.wsgi [None req-a787e39c-d1d7-459e-af64-a864398c60a7 1574cee689a54d87bba1f458fe170cd4 7a0a60366ac7469f8b0dc4de82f8df49 - - default default] 10.0.0.195 "GET /v2.0/extensions/external-net HTTP/1.1" status: 200 len: 394 time: 0.0086133
2026-07-24 18:42:34.659 9 INFO neutron.notifiers.nova [-] Nova event matching ['req-ce8cbd21-269e-434b-889a-90a654909d68'] response: {'server_uuid': 'efa90a74-8539-4031-97b8-5f1c47e4306c', 'name': 'network-vif-plugged', 'status': 'completed', 'tag': '180aa472-2341-4d4f-b2c1-1f51c39fb29d', 'code': 200}
2026-07-24 18:42:34.660 9 INFO neutron.notifiers.nova [-] Nova event matching ['req-ce8cbd21-269e-434b-889a-90a654909d68'] response: {'server_uuid': 'efa90a74-8539-4031-97b8-5f1c47e4306c', 'name': 'network-vif-plugged', 'status': 'completed', 'tag': '180aa472-2341-4d4f-b2c1-1f51c39fb29d', 'code': 200}
2026-07-24 18:42:34.670 10 INFO neutron.wsgi [None req-5b76b168-62da-49d1-b305-76c28aafdb8c 1574cee689a54d87bba1f458fe170cd4 7a0a60366ac7469f8b0dc4de82f8df49 - - default default] 10.0.0.195 "GET /v2.0/extensions/extra_dhcp_opt HTTP/1.1" status: 200 len: 498 time: 0.0063944
2026-07-24 18:42:34.687 9 INFO neutron.wsgi [None req-26370ee0-6a6f-429f-9c7e-5760095a1188 1574cee689a54d87bba1f458fe170cd4 7a0a60366ac7469f8b0dc4de82f8df49 - - default default] 10.0.0.195 "GET /v2.0/extensions/extraroute HTTP/1.1" status: 200 len: 375 time: 0.0103540
2026-07-24 18:42:34.700 10 INFO neutron.wsgi [None req-2ea1dd06-b805-40ce-a95b-3756ecef1190 1574cee689a54d87bba1f458fe170cd4 7a0a60366ac7469f8b0dc4de82f8df49 - - default default] 10.0.0.195 "GET /v2.0/extensions/filter-validation HTTP/1.1" status: 200 len: 392 time: 0.0075176
2026-07-24 18:42:34.721 10 INFO neutron.wsgi [None req-0d02560c-ecfe-439e-a826-9f922ce9f049 1574cee689a54d87bba1f458fe170cd4 7a0a60366ac7469f8b0dc4de82f8df49 - - default default] 10.0.0.195 "GET /v2.0/extensions/floating-ip-port-forwarding-detail HTTP/1.1" status: 200 len: 465 time: 0.0092726
2026-07-24 18:42:34.740 10 INFO neutron.wsgi [None req-0c466efa-2fc1-47de-8e9b-cf5478349914 1574cee689a54d87bba1f458fe170cd4 7a0a60366ac7469f8b0dc4de82f8df49 - - default default] 10.0.0.195 "GET /v2.0/extensions/fip-port-details HTTP/1.1" status: 200 len: 406 time: 0.0068412
2026-07-24 18:42:34.752 9 INFO neutron.wsgi [None req-eec0c8c6-17a4-406e-bd50-54549706e28a 1574cee689a54d87bba1f458fe170cd4 7a0a60366ac7469f8b0dc4de82f8df49 - - default default] 10.0.0.195 "GET /v2.0/extensions/flavors HTTP/1.1" status: 200 len: 387 time: 0.0062902
2026-07-24 18:42:34.768 10 INFO neutron.wsgi [None req-5dc1ac55-4893-4789-b149-7b76290b7965 1574cee689a54d87bba1f458fe170cd4 7a0a60366ac7469f8b0dc4de82f8df49 - - default default] 10.0.0.195 "GET /v2.0/extensions/floatingip-pools HTTP/1.1" status: 200 len: 382 time: 0.0120041
2026-07-24 18:42:34.782 9 INFO neutron.wsgi [None req-1cd854f4-5e64-486b-8cb8-f7293429e669 1574cee689a54d87bba1f458fe170cd4 7a0a60366ac7469f8b0dc4de82f8df49 - - default default] 10.0.0.195 "GET /v2.0/extensions/ip_allocation HTTP/1.1" status: 200 len: 356 time: 0.0081971
2026-07-24 18:42:34.791 10 INFO neutron.wsgi [None req-cc132714-0f55-4681-b7d2-05ac3bb4ef5c 1574cee689a54d87bba1f458fe170cd4 7a0a60366ac7469f8b0dc4de82f8df49 - - default default] 10.0.0.195 "GET /v2.0/extensions/l2_adjacency HTTP/1.1" status: 200 len: 372 time: 0.0052865
2026-07-24 18:42:34.806 10 INFO neutron.wsgi [None req-123f9607-d38a-4bb3-9a65-b696f3108c7c 1574cee689a54d87bba1f458fe170cd4 7a0a60366ac7469f8b0dc4de82f8df49 - - default default] 10.0.0.195 "GET /v2.0/extensions/router HTTP/1.1" status: 200 len: 450 time: 0.0067980
2026-07-24 18:42:34.823 9 INFO neutron.wsgi [None req-40d65972-853b-4648-a118-d768bf2f3fed 1574cee689a54d87bba1f458fe170cd4 7a0a60366ac7469f8b0dc4de82f8df49 - - default default] 10.0.0.195 "GET /v2.0/extensions/ext-gw-mode HTTP/1.1" status: 200 len: 462 time: 0.0058386
2026-07-24 18:42:34.840 10 INFO neutron.wsgi [None req-78b33005-c510-46c6-a2a5-5d9ae1308159 1574cee689a54d87bba1f458fe170cd4 7a0a60366ac7469f8b0dc4de82f8df49 - - default default] 10.0.0.195 "GET /v2.0/extensions/logging HTTP/1.1" status: 200 len: 407 time: 0.0086532
2026-07-24 18:42:34.854 9 INFO neutron.wsgi [None req-b2350daa-9c5d-43eb-bd21-d165d57caecc 1574cee689a54d87bba1f458fe170cd4 7a0a60366ac7469f8b0dc4de82f8df49 - - default default] 10.0.0.195 "GET /v2.0/extensions/multi-provider HTTP/1.1" status: 200 len: 406 time: 0.0091436
2026-07-24 18:42:34.856 9 INFO neutron.services.segments.plugin [-] Segment 0a7468d0-c66e-4600-91b9-1458fa5f3ca0 resource provider aggregate not found
2026-07-24 18:42:34.862 9 INFO neutron.services.segments.plugin [-] Segment 0a7468d0-c66e-4600-91b9-1458fa5f3ca0 resource provider aggregate not found
2026-07-24 18:42:34.868 10 INFO neutron.wsgi [None req-567c6e33-9948-46bb-a019-cdf4486d5422 1574cee689a54d87bba1f458fe170cd4 7a0a60366ac7469f8b0dc4de82f8df49 - - default default] 10.0.0.195 "GET /v2.0/extensions/net-mtu HTTP/1.1" status: 200 len: 370 time: 0.0074770
2026-07-24 18:42:34.880 10 INFO neutron.wsgi [None req-d2d61b43-ca9d-49ce-9eb5-15537b5d58a7 1574cee689a54d87bba1f458fe170cd4 7a0a60366ac7469f8b0dc4de82f8df49 - - default default] 10.0.0.195 "GET /v2.0/extensions/net-mtu-writable HTTP/1.1" status: 200 len: 401 time: 0.0073328
2026-07-24 18:42:34.885 9 INFO neutron.services.segments.plugin [-] Segment 0a7468d0-c66e-4600-91b9-1458fa5f3ca0 resource provider not found; error: Placement Client Error (4xx): {"errors": [{"status": 404, "title": "Not Found", "detail": "The resource could not be found.\n\n No resource provider with uuid 0a7468d0-c66e-4600-91b9-1458fa5f3ca0 found for delete ", "request_id": "req-158ffb73-fe7b-431e-b352-5ee26359184d"}]}
2026-07-24 18:42:34.885 9 INFO neutron.services.segments.plugin [-] Segment 0a7468d0-c66e-4600-91b9-1458fa5f3ca0 resource provider not found; error: Placement Client Error (4xx): {"errors": [{"status": 404, "title": "Not Found", "detail": "The resource could not be found.\n\n No resource provider with uuid 0a7468d0-c66e-4600-91b9-1458fa5f3ca0 found for delete ", "request_id": "req-c0f791ac-ed0e-4c13-b934-7e6554fb66ea"}]}
2026-07-24 18:42:34.887 10 INFO neutron.wsgi [None req-f280a38f-b97b-4eb2-b4c3-f41a87eebc4d 1574cee689a54d87bba1f458fe170cd4 7a0a60366ac7469f8b0dc4de82f8df49 - - default default] 10.0.0.195 "GET /v2.0/extensions/network_availability_zone HTTP/1.1" status: 200 len: 394 time: 0.0041974
2026-07-24 18:42:34.898 10 INFO neutron.wsgi [None req-d7642a52-cbf2-4fe8-9efb-9e214cb2db71 1574cee689a54d87bba1f458fe170cd4 7a0a60366ac7469f8b0dc4de82f8df49 - - default default] 10.0.0.195 "GET /v2.0/extensions/network-ip-availability HTTP/1.1" status: 200 len: 410 time: 0.0073571
2026-07-24 18:42:34.913 9 INFO neutron.wsgi [None req-98ccaa92-0a6e-4d65-97c2-fe46f1d7ba00 1574cee689a54d87bba1f458fe170cd4 7a0a60366ac7469f8b0dc4de82f8df49 - - default default] 10.0.0.195 "GET /v2.0/extensions/pagination HTTP/1.1" status: 200 len: 386 time: 0.0085742
2026-07-24 18:42:34.924 9 INFO neutron.wsgi [None req-0fee6a49-6f2b-44cd-8668-41df4cd79234 3a8887a4b1b84f3d82d49650b11cfb92 eaa93d1fc5c64b15a3082aac97c302ea - - - -] 10.0.0.195 "DELETE /v2.0/networks/cb24897f-54fd-4717-bebe-5932908741a5 HTTP/1.1" status: 204 len: 168 time: 0.5651860
2026-07-24 18:42:34.927 10 INFO neutron.wsgi [None req-8f61e0f4-33e2-44f8-9bb5-dd47f77275e3 1574cee689a54d87bba1f458fe170cd4 7a0a60366ac7469f8b0dc4de82f8df49 - - default default] 10.0.0.195 "GET /v2.0/extensions/port-device-profile HTTP/1.1" status: 200 len: 383 time: 0.0070925
2026-07-24 18:42:34.937 10 INFO neutron.wsgi [None req-a25adad3-a98e-4dd8-bd5f-7200e2a82d32 1574cee689a54d87bba1f458fe170cd4 7a0a60366ac7469f8b0dc4de82f8df49 - - default default] 10.0.0.195 "GET /v2.0/extensions/port-mac-address-regenerate HTTP/1.1" status: 200 len: 403 time: 0.0044944
2026-07-24 18:42:34.948 10 INFO neutron.wsgi [None req-2b2cabdf-f012-45cf-847b-49e2f89749ad 1574cee689a54d87bba1f458fe170cd4 7a0a60366ac7469f8b0dc4de82f8df49 - - default default] 10.0.0.195 "GET /v2.0/extensions/port-numa-affinity-policy HTTP/1.1" status: 200 len: 392 time: 0.0050344
2026-07-24 18:42:34.957 10 INFO neutron.wsgi [None req-c30b44c8-abf9-4423-ac45-e61c396e89ad 1574cee689a54d87bba1f458fe170cd4 7a0a60366ac7469f8b0dc4de82f8df49 - - default default] 10.0.0.195 "GET /v2.0/extensions/port-resource-request HTTP/1.1" status: 200 len: 379 time: 0.0052989
2026-07-24 18:42:34.966 10 INFO neutron.wsgi [None req-844f0e19-b840-49f0-8fcf-b811aeee85e9 1574cee689a54d87bba1f458fe170cd4 7a0a60366ac7469f8b0dc4de82f8df49 - - default default] 10.0.0.195 "GET /v2.0/extensions/port-resource-request-groups HTTP/1.1" status: 200 len: 465 time: 0.0052702
2026-07-24 18:42:34.977 10 INFO neutron.wsgi [None req-175298cc-2f97-41f1-ab86-dfc965bc8c3b 1574cee689a54d87bba1f458fe170cd4 7a0a60366ac7469f8b0dc4de82f8df49 - - default default] 10.0.0.195 "GET /v2.0/extensions/binding HTTP/1.1" status: 200 len: 387 time: 0.0051770
2026-07-24 18:42:34.989 10 INFO neutron.wsgi [None req-004a1f69-14ad-400e-b559-ed49a85bc4ea 1574cee689a54d87bba1f458fe170cd4 7a0a60366ac7469f8b0dc4de82f8df49 - - default default] 10.0.0.195 "GET /v2.0/extensions/binding-extended HTTP/1.1" status: 200 len: 406 time: 0.0063479
2026-07-24 18:42:35.001 10 INFO neutron.wsgi [None req-112fffb5-cab9-4cc3-a795-9eb268461bf0 1574cee689a54d87bba1f458fe170cd4 7a0a60366ac7469f8b0dc4de82f8df49 - - default default] 10.0.0.195 "GET /v2.0/extensions/port-security HTTP/1.1" status: 200 len: 354 time: 0.0074990
2026-07-24 18:42:35.012 10 INFO neutron.wsgi [None req-280bb9f9-a790-4179-a053-8cd8cbbb8562 1574cee689a54d87bba1f458fe170cd4 7a0a60366ac7469f8b0dc4de82f8df49 - - default default] 10.0.0.195 "GET /v2.0/extensions/project-id HTTP/1.1" status: 200 len: 398 time: 0.0045831
2026-07-24 18:42:35.026 9 INFO neutron.wsgi [None req-669d2431-b8fa-4bc4-a37b-6d37b2d8908d 1574cee689a54d87bba1f458fe170cd4 7a0a60366ac7469f8b0dc4de82f8df49 - - default default] 10.0.0.195 "GET /v2.0/extensions/provider HTTP/1.1" status: 200 len: 385 time: 0.0089142
2026-07-24 18:42:35.038 9 INFO neutron.wsgi [None req-54da4937-466e-4e76-8054-f59b980af3b2 1574cee689a54d87bba1f458fe170cd4 7a0a60366ac7469f8b0dc4de82f8df49 - - default default] 10.0.0.195 "GET /v2.0/extensions/qos HTTP/1.1" status: 200 len: 360 time: 0.0053039
2026-07-24 18:42:35.052 9 INFO neutron.wsgi [None req-d1dc05a8-789e-48fe-b0dd-ea54d1c9541f 1574cee689a54d87bba1f458fe170cd4 7a0a60366ac7469f8b0dc4de82f8df49 - - default default] 10.0.0.195 "GET /v2.0/extensions/qos-bw-limit-direction HTTP/1.1" status: 200 len: 452 time: 0.0055809
2026-07-24 18:42:35.067 9 INFO neutron.wsgi [None req-b1e66e5d-1f63-43dc-b82e-366b809a8417 1574cee689a54d87bba1f458fe170cd4 7a0a60366ac7469f8b0dc4de82f8df49 - - default default] 10.0.0.195 "GET /v2.0/extensions/qos-bw-minimum-ingress HTTP/1.1" status: 200 len: 445 time: 0.0071561
2026-07-24 18:42:35.077 9 INFO neutron.wsgi [None req-864fcb04-b369-44f6-851b-5efe60071176 1574cee689a54d87bba1f458fe170cd4 7a0a60366ac7469f8b0dc4de82f8df49 - - default default] 10.0.0.195 "GET /v2.0/extensions/qos-default HTTP/1.1" status: 200 len: 377 time: 0.0055299
2026-07-24 18:42:35.087 9 INFO neutron.wsgi [None req-7eb50d46-7da1-42e2-9076-70107a3bc9a0 1574cee689a54d87bba1f458fe170cd4 7a0a60366ac7469f8b0dc4de82f8df49 - - default default] 10.0.0.195 "GET /v2.0/extensions/qos-fip HTTP/1.1" status: 200 len: 372 time: 0.0057847
2026-07-24 18:42:35.097 9 INFO neutron.wsgi [None req-0b89c332-e90c-4afa-96a0-a46fbce13066 1574cee689a54d87bba1f458fe170cd4 7a0a60366ac7469f8b0dc4de82f8df49 - - default default] 10.0.0.195 "GET /v2.0/extensions/qos-gateway-ip HTTP/1.1" status: 200 len: 391 time: 0.0057056
2026-07-24 18:42:35.111 9 INFO neutron.wsgi [None req-7089ee29-abab-4311-b7b8-a02c1e8948a3 1574cee689a54d87bba1f458fe170cd4 7a0a60366ac7469f8b0dc4de82f8df49 - - default default] 10.0.0.195 "GET /v2.0/extensions/qos-port-network-policy HTTP/1.1" status: 200 len: 403 time: 0.0094926
2026-07-24 18:42:35.121 9 INFO neutron.wsgi [None req-8f33f622-7a88-4436-876c-448ee183d720 1574cee689a54d87bba1f458fe170cd4 7a0a60366ac7469f8b0dc4de82f8df49 - - default default] 10.0.0.195 "GET /v2.0/extensions/qos-pps-minimum HTTP/1.1" status: 200 len: 397 time: 0.0054274
2026-07-24 18:42:35.130 9 INFO neutron.wsgi [None req-b262c250-491d-4a91-9f71-bc9ba43ce456 1574cee689a54d87bba1f458fe170cd4 7a0a60366ac7469f8b0dc4de82f8df49 - - default default] 10.0.0.195 "GET /v2.0/extensions/qos-pps-minimum-rule-alias HTTP/1.1" status: 200 len: 471 time: 0.0041156
2026-07-24 18:42:35.140 9 INFO neutron.wsgi [None req-05b0ae55-5c28-4f0b-a713-a9ec6c4816c6 1574cee689a54d87bba1f458fe170cd4 7a0a60366ac7469f8b0dc4de82f8df49 - - default default] 10.0.0.195 "GET /v2.0/extensions/qos-pps HTTP/1.1" status: 200 len: 389 time: 0.0046852
2026-07-24 18:42:35.148 9 INFO neutron.wsgi [None req-28d92005-5e9e-410d-97dd-2afc7cfdeab4 1574cee689a54d87bba1f458fe170cd4 7a0a60366ac7469f8b0dc4de82f8df49 - - default default] 10.0.0.195 "GET /v2.0/extensions/qos-rule-type-details HTTP/1.1" status: 200 len: 423 time: 0.0047286
2026-07-24 18:42:35.157 9 INFO neutron.wsgi [None req-172be6c2-907b-4e01-bd43-8a351b8c62f4 1574cee689a54d87bba1f458fe170cd4 7a0a60366ac7469f8b0dc4de82f8df49 - - default default] 10.0.0.195 "GET /v2.0/extensions/qos-rule-type-filter HTTP/1.1" status: 200 len: 567 time: 0.0051205
2026-07-24 18:42:35.169 9 INFO neutron.wsgi [None req-0496a3b5-b34f-4e3d-a210-0ebcbbf777dc 1574cee689a54d87bba1f458fe170cd4 7a0a60366ac7469f8b0dc4de82f8df49 - - default default] 10.0.0.195 "GET /v2.0/extensions/qos-rules-alias HTTP/1.1" status: 200 len: 448 time: 0.0047348
2026-07-24 18:42:35.179 9 INFO neutron.wsgi [None req-c7ad584a-7a54-4e53-8321-504dc6543d06 1574cee689a54d87bba1f458fe170cd4 7a0a60366ac7469f8b0dc4de82f8df49 - - default default] 10.0.0.195 "GET /v2.0/extensions/quota-check-limit HTTP/1.1" status: 200 len: 420 time: 0.0042999
2026-07-24 18:42:35.196 9 INFO neutron.wsgi [None req-594022db-19da-4527-962d-904ecede52f6 1574cee689a54d87bba1f458fe170cd4 7a0a60366ac7469f8b0dc4de82f8df49 - - default default] 10.0.0.195 "GET /v2.0/extensions/quotas HTTP/1.1" status: 200 len: 386 time: 0.0069382
2026-07-24 18:42:35.203 9 INFO neutron.wsgi [None req-fdc11fbb-6492-4410-8cb0-0c35e7bbd697 1574cee689a54d87bba1f458fe170cd4 7a0a60366ac7469f8b0dc4de82f8df49 - - default default] 10.0.0.195 "GET /v2.0/extensions/quota_details HTTP/1.1" status: 200 len: 407 time: 0.0032189
2026-07-24 18:42:35.216 10 INFO neutron.wsgi [None req-7823bcd9-2328-4a85-9225-7d0a6cff288c 1574cee689a54d87bba1f458fe170cd4 7a0a60366ac7469f8b0dc4de82f8df49 - - default default] 10.0.0.195 "GET /v2.0/extensions/rbac-policies HTTP/1.1" status: 200 len: 417 time: 0.0082378
2026-07-24 18:42:35.235 9 INFO neutron.wsgi [None req-38bd7d83-96e6-44ab-be0e-91195bb10a81 1574cee689a54d87bba1f458fe170cd4 7a0a60366ac7469f8b0dc4de82f8df49 - - default default] 10.0.0.195 "GET /v2.0/extensions/rbac-address-scope HTTP/1.1" status: 200 len: 384 time: 0.0081060
2026-07-24 18:42:35.249 9 INFO neutron.wsgi [None req-85e9e445-96b3-4bf8-bc5d-28600fab59e4 1574cee689a54d87bba1f458fe170cd4 7a0a60366ac7469f8b0dc4de82f8df49 - - default default] 10.0.0.195 "GET /v2.0/extensions/rbac-security-groups HTTP/1.1" status: 200 len: 404 time: 0.0089762
2026-07-24 18:42:35.262 10 INFO neutron.wsgi [None req-2954ca37-889e-4435-9482-d3049fec1992 1574cee689a54d87bba1f458fe170cd4 7a0a60366ac7469f8b0dc4de82f8df49 - - default default] 10.0.0.195 "GET /v2.0/extensions/revision-if-match HTTP/1.1" status: 200 len: 441 time: 0.0073271
2026-07-24 18:42:35.286 10 INFO neutron.wsgi [None req-1f149cb4-2aae-4114-8067-b9c0c302e6ea 1574cee689a54d87bba1f458fe170cd4 7a0a60366ac7469f8b0dc4de82f8df49 - - default default] 10.0.0.195 "GET /v2.0/extensions/standard-attr-revisions HTTP/1.1" status: 200 len: 423 time: 0.0191655
2026-07-24 18:42:35.297 10 INFO neutron.wsgi [None req-ec85b900-c19a-4fd3-bb65-2cd9d0682b58 1574cee689a54d87bba1f458fe170cd4 7a0a60366ac7469f8b0dc4de82f8df49 - - default default] 10.0.0.195 "GET /v2.0/extensions/router_availability_zone HTTP/1.1" status: 200 len: 391 time: 0.0052378
2026-07-24 18:42:35.308 10 INFO neutron.wsgi [None req-1fec68d1-fdc1-4609-b321-a13d8fea76f6 1574cee689a54d87bba1f458fe170cd4 7a0a60366ac7469f8b0dc4de82f8df49 - - default default] 10.0.0.195 "GET /v2.0/extensions/security-groups-normalized-cidr HTTP/1.1" status: 200 len: 445 time: 0.0056448
2026-07-24 18:42:35.322 9 INFO neutron.wsgi [None req-f77a1ab4-33b5-4a43-ba54-397200850985 1574cee689a54d87bba1f458fe170cd4 7a0a60366ac7469f8b0dc4de82f8df49 - - default default] 10.0.0.195 "GET /v2.0/extensions/security-groups-remote-address-group HTTP/1.1" status: 200 len: 448 time: 0.0096374
2026-07-24 18:42:35.335 9 INFO neutron.wsgi [None req-0fefd536-6d77-47c2-a4d7-57e31c7083a8 1574cee689a54d87bba1f458fe170cd4 7a0a60366ac7469f8b0dc4de82f8df49 - - default default] 10.0.0.195 "GET /v2.0/extensions/security-groups-shared-filtering HTTP/1.1" status: 200 len: 435 time: 0.0058339
2026-07-24 18:42:35.346 10 INFO neutron.wsgi [None req-99faa7c2-ee98-40a8-977b-bcd341a86c60 1574cee689a54d87bba1f458fe170cd4 7a0a60366ac7469f8b0dc4de82f8df49 - - default default] 10.0.0.195 "GET /v2.0/extensions/security-group HTTP/1.1" status: 200 len: 364 time: 0.0066404
2026-07-24 18:42:35.361 10 INFO neutron.wsgi [None req-f8094aa2-a472-4f4d-98c4-52cf22d14a07 1574cee689a54d87bba1f458fe170cd4 7a0a60366ac7469f8b0dc4de82f8df49 - - default default] 10.0.0.195 "GET /v2.0/extensions/segment HTTP/1.1" status: 200 len: 339 time: 0.0064564
2026-07-24 18:42:35.370 10 INFO neutron.wsgi [None req-0860e052-705c-4992-9896-1195aa6fe853 1574cee689a54d87bba1f458fe170cd4 7a0a60366ac7469f8b0dc4de82f8df49 - - default default] 10.0.0.195 "GET /v2.0/extensions/segments-peer-subnet-host-routes HTTP/1.1" status: 200 len: 427 time: 0.0050037
2026-07-24 18:42:35.380 10 INFO neutron.wsgi [None req-8a9407b2-c129-4045-9dda-84bbcb745ebb 1574cee689a54d87bba1f458fe170cd4 7a0a60366ac7469f8b0dc4de82f8df49 - - default default] 10.0.0.195 "GET /v2.0/extensions/service-type HTTP/1.1" status: 200 len: 415 time: 0.0059967
2026-07-24 18:42:35.392 9 INFO neutron.wsgi [None req-49925228-bf0b-4308-b62e-030d2e892464 1574cee689a54d87bba1f458fe170cd4 7a0a60366ac7469f8b0dc4de82f8df49 - - default default] 10.0.0.195 "GET /v2.0/extensions/sorting HTTP/1.1" status: 200 len: 377 time: 0.0082033
2026-07-24 18:42:35.401 9 INFO neutron.wsgi [None req-56c5ab76-d4b7-4d42-92c6-282437cbaac9 1574cee689a54d87bba1f458fe170cd4 7a0a60366ac7469f8b0dc4de82f8df49 - - default default] 10.0.0.195 "GET /v2.0/extensions/standard-attr-segment HTTP/1.1" status: 200 len: 406 time: 0.0050237
2026-07-24 18:42:35.410 9 INFO neutron.wsgi [None req-ace5faf3-5661-4043-b00b-0c8fdb139ee9 1574cee689a54d87bba1f458fe170cd4 7a0a60366ac7469f8b0dc4de82f8df49 - - default default] 10.0.0.195 "GET /v2.0/extensions/standard-attr-description HTTP/1.1" status: 200 len: 408 time: 0.0051250
2026-07-24 18:42:35.423 9 INFO neutron.wsgi [None req-5da1a21f-4577-463e-aa96-00d96d83bf9d 1574cee689a54d87bba1f458fe170cd4 7a0a60366ac7469f8b0dc4de82f8df49 - - default default] 10.0.0.195 "GET /v2.0/extensions/stateful-security-group HTTP/1.1" status: 200 len: 402 time: 0.0071826
2026-07-24 18:42:35.434 9 INFO neutron.wsgi [None req-842eaf32-6f80-4558-8e23-501441c609f7 1574cee689a54d87bba1f458fe170cd4 7a0a60366ac7469f8b0dc4de82f8df49 - - default default] 10.0.0.195 "GET /v2.0/extensions/subnet-dns-publish-fixed-ip HTTP/1.1" status: 200 len: 421 time: 0.0049956
2026-07-24 18:42:35.445 9 INFO neutron.wsgi [None req-b68b59c7-2319-4f6e-9567-c0d7416c3584 1574cee689a54d87bba1f458fe170cd4 7a0a60366ac7469f8b0dc4de82f8df49 - - default default] 10.0.0.195 "GET /v2.0/extensions/subnet-segmentid-writable HTTP/1.1" status: 200 len: 421 time: 0.0062168
2026-07-24 18:42:35.457 9 INFO neutron.wsgi [None req-a44c711a-1327-408c-8229-7f253f95ec7d 1574cee689a54d87bba1f458fe170cd4 7a0a60366ac7469f8b0dc4de82f8df49 - - default default] 10.0.0.195 "GET /v2.0/extensions/subnet-service-types HTTP/1.1" status: 200 len: 400 time: 0.0065718
2026-07-24 18:42:35.463 10 INFO neutron.wsgi [req-57c84e8d-a4dd-46a8-a8d9-15ad243f4396 req-340e28ed-0a77-403d-9980-9a5a31e312a9 508f243b6e06488daef66d5a2fde78e0 56f58f75171d4a1c8d61942a6599c376 - - default default] 10.0.0.3 "GET /v2.0/ports?device_id=efa90a74-8539-4031-97b8-5f1c47e4306c HTTP/1.1" status: 200 len: 1174 time: 0.0550215
2026-07-24 18:42:35.467 9 INFO neutron.wsgi [None req-1e9b3621-2bc6-45a9-9def-bc7cf6c4a3b0 1574cee689a54d87bba1f458fe170cd4 7a0a60366ac7469f8b0dc4de82f8df49 - - default default] 10.0.0.195 "GET /v2.0/extensions/subnet_allocation HTTP/1.1" status: 200 len: 388 time: 0.0055077
2026-07-24 18:42:35.475 9 INFO neutron.wsgi [None req-e0d67b07-2ff8-4370-af63-00ab481580ae 1574cee689a54d87bba1f458fe170cd4 7a0a60366ac7469f8b0dc4de82f8df49 - - default default] 10.0.0.195 "GET /v2.0/extensions/subnetpool-prefix-ops HTTP/1.1" status: 200 len: 418 time: 0.0038884
2026-07-24 18:42:35.484 9 INFO neutron.wsgi [None req-09b1c842-87ec-4197-a175-f93fa91781e2 1574cee689a54d87bba1f458fe170cd4 7a0a60366ac7469f8b0dc4de82f8df49 - - default default] 10.0.0.195 "GET /v2.0/extensions/standard-attr-tag HTTP/1.1" status: 200 len: 537 time: 0.0047460
2026-07-24 18:42:35.497 10 INFO neutron.wsgi [None req-e5284b56-fbb4-404a-aeea-838c5d5eb8c9 1574cee689a54d87bba1f458fe170cd4 7a0a60366ac7469f8b0dc4de82f8df49 - - default default] 10.0.0.195 "GET /v2.0/extensions/standard-attr-timestamp HTTP/1.1" status: 200 len: 449 time: 0.0073466
2026-07-24 18:42:35.514 9 INFO neutron.wsgi [None req-46376c13-bb5f-44a4-acfa-21a9a0528e58 1574cee689a54d87bba1f458fe170cd4 7a0a60366ac7469f8b0dc4de82f8df49 - - default default] 10.0.0.195 "GET /v2.0/extensions/trunk HTTP/1.1" status: 200 len: 358 time: 0.0117767
2026-07-24 18:42:35.525 9 INFO neutron.wsgi [None req-8eae254d-98b9-4946-b680-e74619d55551 1574cee689a54d87bba1f458fe170cd4 7a0a60366ac7469f8b0dc4de82f8df49 - - default default] 10.0.0.195 "GET /v2.0/extensions/trunk-details HTTP/1.1" status: 200 len: 362 time: 0.0047834
2026-07-24 18:42:35.534 10 INFO neutron.wsgi [req-57c84e8d-a4dd-46a8-a8d9-15ad243f4396 req-ca4c2841-dd1a-4cd7-b9fa-252ee3b1e429 508f243b6e06488daef66d5a2fde78e0 56f58f75171d4a1c8d61942a6599c376 - - default default] 10.0.0.3 "GET /v2.0/security-groups?id=fb72e911-3582-4930-9863-00418e2bc8e6&fields=id&fields=name HTTP/1.1" status: 200 len: 313 time: 0.0610905
2026-07-24 18:42:35.661 10 INFO neutron.wsgi [req-a22a881a-f9aa-4c1e-b04a-d18203a27f50 req-78207f79-904c-4d28-b880-2b3d536d9051 508f243b6e06488daef66d5a2fde78e0 56f58f75171d4a1c8d61942a6599c376 - - default default] 10.0.0.3 "GET /v2.0/ports?device_id=efa90a74-8539-4031-97b8-5f1c47e4306c HTTP/1.1" status: 200 len: 1174 time: 0.0461178
2026-07-24 18:42:35.981 10 INFO neutron.wsgi [None req-d57f4739-8a01-4314-860e-acee19094dc7 af6cf6b7229b4c9eace48dd4220164e4 8498dd98b53f466e81ae586547e94771 - - default default] 10.0.0.195 "GET /v2.0/security-groups?tenant_id=eaa93d1fc5c64b15a3082aac97c302ea&name=default HTTP/1.1" status: 200 len: 2996 time: 0.2797101
2026-07-24 18:42:36.198 10 INFO neutron.wsgi [None req-e5e95d0e-fa49-445e-a46b-f0a6d9ffcc47 af6cf6b7229b4c9eace48dd4220164e4 8498dd98b53f466e81ae586547e94771 - - - -] 10.0.0.195 "DELETE /v2.0/security-groups/033b4093-f39d-41c2-bd51-42e468e9596d HTTP/1.1" status: 204 len: 168 time: 0.2110598
2026-07-24 18:42:36.287 9 INFO neutron.db.l3_db [None req-7a4cedc5-2050-49bd-84fe-c4aead13108b 508f243b6e06488daef66d5a2fde78e0 56f58f75171d4a1c8d61942a6599c376 - - - -] Floating IP aef6dc77-8c74-4ae3-9f5c-b0a96632dc02 associated. External IP: 10.96.250.216, port: 180aa472-2341-4d4f-b2c1-1f51c39fb29d.
2026-07-24 18:42:36.293 10 INFO neutron.db.ovn_revision_numbers_db [None req-a3fb20f4-c06e-4ed9-a50f-0639be82adfd af6cf6b7229b4c9eace48dd4220164e4 8498dd98b53f466e81ae586547e94771 - - default default] Successfully bumped revision number for resource 03a1d0bd-9f23-4fe1-9339-cacf24b1e1f7 (type: security_groups) to 1
2026-07-24 18:42:36.322 10 INFO neutron.wsgi [None req-a3fb20f4-c06e-4ed9-a50f-0639be82adfd af6cf6b7229b4c9eace48dd4220164e4 8498dd98b53f466e81ae586547e94771 - - default default] 10.0.0.195 "GET /v2.0/security-groups?tenant_id=7a0a60366ac7469f8b0dc4de82f8df49&name=default HTTP/1.1" status: 200 len: 2996 time: 0.2436314
2026-07-24 18:42:36.483 9 INFO neutron.db.ovn_revision_numbers_db [None req-7a4cedc5-2050-49bd-84fe-c4aead13108b 508f243b6e06488daef66d5a2fde78e0 56f58f75171d4a1c8d61942a6599c376 - - - -] Successfully bumped revision number for resource aef6dc77-8c74-4ae3-9f5c-b0a96632dc02 (type: floatingips) to 1
2026-07-24 18:42:36.485 9 INFO neutron.db.ovn_revision_numbers_db [None req-5df12475-d4f7-45e6-bbfb-2cdf0eb00ad0 af6cf6b7229b4c9eace48dd4220164e4 8498dd98b53f466e81ae586547e94771 - - default default] Successfully bumped revision number for resource 35b0fef4-daee-4453-ba76-0200c74914a0 (type: security_groups) to 1
2026-07-24 18:42:36.526 9 INFO neutron.wsgi [None req-5df12475-d4f7-45e6-bbfb-2cdf0eb00ad0 af6cf6b7229b4c9eace48dd4220164e4 8498dd98b53f466e81ae586547e94771 - - default default] 10.0.0.195 "GET /v2.0/security-groups?tenant_id=4ac149b4f3464c069293d16e7fedf2a7&name=default HTTP/1.1" status: 200 len: 2996 time: 0.1885238 /var/lib/openstack/lib/python3.10/site-packages/pycadf/identifier.py:71: UserWarning: Invalid uuid: neutron. To ensure interoperability, identifiers should be a valid uuid. warnings.warn(('Invalid uuid: %s. To ensure interoperability, '
2026-07-24 18:42:36.611 9 INFO neutron.db.ovn_revision_numbers_db [None req-7a4cedc5-2050-49bd-84fe-c4aead13108b 508f243b6e06488daef66d5a2fde78e0 56f58f75171d4a1c8d61942a6599c376 - - - -] Successfully bumped revision number for resource aef6dc77-8c74-4ae3-9f5c-b0a96632dc02 (type: floatingips) to 2
2026-07-24 18:42:36.639 9 INFO neutron.wsgi [None req-7a4cedc5-2050-49bd-84fe-c4aead13108b 508f243b6e06488daef66d5a2fde78e0 56f58f75171d4a1c8d61942a6599c376 - - - -] 10.0.0.195 "PUT /v2.0/floatingips/aef6dc77-8c74-4ae3-9f5c-b0a96632dc02 HTTP/1.1" status: 200 len: 1050 time: 0.9639182
2026-07-24 18:42:36.669 10 INFO neutron.wsgi [None req-9039c1de-7bef-438c-8031-2d963b9dcb29 af6cf6b7229b4c9eace48dd4220164e4 8498dd98b53f466e81ae586547e94771 - - - -] 10.0.0.195 "DELETE /v2.0/security-groups/03a1d0bd-9f23-4fe1-9339-cacf24b1e1f7 HTTP/1.1" status: 204 len: 168 time: 0.3416972
2026-07-24 18:42:36.717 9 INFO neutron.notifiers.nova [-] Nova event matching ['req-795ea89c-5159-43de-b3e0-0f82c67bc39b'] response: {'name': 'network-changed', 'server_uuid': 'efa90a74-8539-4031-97b8-5f1c47e4306c', 'tag': '180aa472-2341-4d4f-b2c1-1f51c39fb29d', 'status': 'completed', 'code': 200}
2026-07-24 18:42:36.750 10 INFO neutron.wsgi [req-cb829945-e40c-4182-9f6d-98155152f9b6 req-332e5d17-262f-4617-a931-2a239a7d9fee 508f243b6e06488daef66d5a2fde78e0 56f58f75171d4a1c8d61942a6599c376 - - default default] 10.0.0.3 "GET /v2.0/ports?device_id=efa90a74-8539-4031-97b8-5f1c47e4306c HTTP/1.1" status: 200 len: 1174 time: 0.0615199
2026-07-24 18:42:36.786 9 INFO neutron.wsgi [req-5f508355-f3b0-404c-bdae-747cc586027b req-4a9d550b-1f5f-4673-bb36-2bc02458a82d de74f2d4048c4ef78082d00e49736666 e2f20cd3df98453099bf504f9832b7c6 - - 6674caebc00f4e4b9a9fcb8cf9107f20 6674caebc00f4e4b9a9fcb8cf9107f20] 199.19.213.152 "GET /v2.0/ports?tenant_id=56f58f75171d4a1c8d61942a6599c376&device_id=efa90a74-8539-4031-97b8-5f1c47e4306c HTTP/1.1" status: 200 len: 1365 time: 0.0404749
2026-07-24 18:42:36.797 10 INFO neutron.wsgi [req-cb829945-e40c-4182-9f6d-98155152f9b6 req-afc6b251-6f07-4d01-8cd8-3e255fcd55db 508f243b6e06488daef66d5a2fde78e0 56f58f75171d4a1c8d61942a6599c376 - - default default] 10.0.0.3 "GET /v2.0/security-groups?id=fb72e911-3582-4930-9863-00418e2bc8e6&fields=id&fields=name HTTP/1.1" status: 200 len: 313 time: 0.0428457
2026-07-24 18:42:36.880 9 INFO neutron.wsgi [req-5f508355-f3b0-404c-bdae-747cc586027b req-ff235b24-62c5-4ce2-b0a3-a59d3e063e99 de74f2d4048c4ef78082d00e49736666 e2f20cd3df98453099bf504f9832b7c6 - - 6674caebc00f4e4b9a9fcb8cf9107f20 6674caebc00f4e4b9a9fcb8cf9107f20] 199.19.213.152 "GET /v2.0/networks?id=a68930ff-388b-4bf6-bbb1-32f777ba5c0b HTTP/1.1" status: 200 len: 973 time: 0.0862756
2026-07-24 18:42:36.881 10 INFO neutron.wsgi [None req-dae27062-b07e-4b66-8aac-79223f1c78a5 af6cf6b7229b4c9eace48dd4220164e4 8498dd98b53f466e81ae586547e94771 - - - -] 10.0.0.195 "DELETE /v2.0/security-groups/35b0fef4-daee-4453-ba76-0200c74914a0 HTTP/1.1" status: 204 len: 168 time: 0.3487785
2026-07-24 18:42:36.942 9 INFO neutron.wsgi [req-5f508355-f3b0-404c-bdae-747cc586027b req-7314d515-4e79-4943-b0c2-a00d19238394 de74f2d4048c4ef78082d00e49736666 e2f20cd3df98453099bf504f9832b7c6 - - 6674caebc00f4e4b9a9fcb8cf9107f20 6674caebc00f4e4b9a9fcb8cf9107f20] 199.19.213.152 "GET /v2.0/floatingips?fixed_ip_address=10.100.0.11&port_id=180aa472-2341-4d4f-b2c1-1f51c39fb29d HTTP/1.1" status: 200 len: 1060 time: 0.0536420
2026-07-24 18:42:36.995 9 INFO neutron.wsgi [req-5f508355-f3b0-404c-bdae-747cc586027b req-aa5d16a6-9379-45f2-ac7f-191ee38d7d45 de74f2d4048c4ef78082d00e49736666 e2f20cd3df98453099bf504f9832b7c6 - - 6674caebc00f4e4b9a9fcb8cf9107f20 6674caebc00f4e4b9a9fcb8cf9107f20] 199.19.213.152 "GET /v2.0/subnets?id=27c4ec40-a161-4291-9f71-2e268f390000 HTTP/1.1" status: 200 len: 868 time: 0.0469625
2026-07-24 18:42:37.030 9 INFO neutron.wsgi [req-5f508355-f3b0-404c-bdae-747cc586027b req-8264146d-65a4-4d22-856b-d6f7279dbcdc de74f2d4048c4ef78082d00e49736666 e2f20cd3df98453099bf504f9832b7c6 - - 6674caebc00f4e4b9a9fcb8cf9107f20 6674caebc00f4e4b9a9fcb8cf9107f20] 199.19.213.152 "GET /v2.0/ports?network_id=a68930ff-388b-4bf6-bbb1-32f777ba5c0b&device_owner=network%3Adhcp HTTP/1.1" status: 200 len: 210 time: 0.0288677
2026-07-24 18:42:37.100 9 INFO neutron.plugins.ml2.drivers.ovn.mech_driver.mech_driver [None req-446a6c98-7e52-4e02-ad18-1bd5f30e1b9e - - - - - -] OVN reports status down for port: 180aa472-2341-4d4f-b2c1-1f51c39fb29d
2026-07-24 18:42:37.120 10 INFO neutron.wsgi [req-80828574-629c-4d90-bc3b-a856866d41de req-7b8b9e91-2554-4b69-be0f-f10825bb2e86 508f243b6e06488daef66d5a2fde78e0 56f58f75171d4a1c8d61942a6599c376 - - default default] 10.0.0.3 "GET /v2.0/ports?device_id=efa90a74-8539-4031-97b8-5f1c47e4306c HTTP/1.1" status: 200 len: 1174 time: 0.0527792
2026-07-24 18:42:37.155 9 INFO neutron.wsgi [req-5f508355-f3b0-404c-bdae-747cc586027b req-3172fa0e-c2b8-48d1-bc91-8b68677dda8e de74f2d4048c4ef78082d00e49736666 e2f20cd3df98453099bf504f9832b7c6 - - 6674caebc00f4e4b9a9fcb8cf9107f20 6674caebc00f4e4b9a9fcb8cf9107f20] 199.19.213.152 "GET /v2.0/networks/a68930ff-388b-4bf6-bbb1-32f777ba5c0b?fields=segments HTTP/1.1" status: 200 len: 212 time: 0.1182926
2026-07-24 18:42:37.174 10 INFO neutron.wsgi [req-80828574-629c-4d90-bc3b-a856866d41de req-63171457-d9d6-42b5-afdf-629a052ff488 508f243b6e06488daef66d5a2fde78e0 56f58f75171d4a1c8d61942a6599c376 - - default default] 10.0.0.3 "GET /v2.0/security-groups?id=fb72e911-3582-4930-9863-00418e2bc8e6&fields=id&fields=name HTTP/1.1" status: 200 len: 313 time: 0.0451617
2026-07-24 18:42:37.276 9 INFO neutron.wsgi [req-5f508355-f3b0-404c-bdae-747cc586027b req-6bb2784e-769d-4078-be4d-b679708b1b33 de74f2d4048c4ef78082d00e49736666 e2f20cd3df98453099bf504f9832b7c6 - - 6674caebc00f4e4b9a9fcb8cf9107f20 6674caebc00f4e4b9a9fcb8cf9107f20] 199.19.213.152 "GET /v2.0/networks/a68930ff-388b-4bf6-bbb1-32f777ba5c0b?fields=provider%3Aphysical_network&fields=provider%3Anetwork_type HTTP/1.1" status: 200 len: 277 time: 0.1152880
2026-07-24 18:42:37.525 9 INFO neutron.wsgi [req-daaf6802-a234-44f6-bb62-d7fdcbe6a6b0 req-92bdc6ff-d9c4-4a46-956a-fbf34d012738 508f243b6e06488daef66d5a2fde78e0 56f58f75171d4a1c8d61942a6599c376 - - default default] 199.19.213.152 "GET /v2.0/ports?device_id=efa90a74-8539-4031-97b8-5f1c47e4306c HTTP/1.1" status: 200 len: 1172 time: 0.1331875
2026-07-24 18:42:37.528 9 INFO neutron.db.ovn_revision_numbers_db [None req-446a6c98-7e52-4e02-ad18-1bd5f30e1b9e - - - - - -] Successfully bumped revision number for resource 180aa472-2341-4d4f-b2c1-1f51c39fb29d (type: ports) to 5
2026-07-24 18:42:37.951 9 INFO neutron.db.l3_db [None req-5e096737-e8cd-4fac-951f-31b2eb8b4aa4 508f243b6e06488daef66d5a2fde78e0 56f58f75171d4a1c8d61942a6599c376 - - - -] Floating IP aef6dc77-8c74-4ae3-9f5c-b0a96632dc02 disassociated. External IP: 10.96.250.216, port: 180aa472-2341-4d4f-b2c1-1f51c39fb29d.
2026-07-24 18:42:38.156 9 INFO neutron.wsgi [None req-5e096737-e8cd-4fac-951f-31b2eb8b4aa4 508f243b6e06488daef66d5a2fde78e0 56f58f75171d4a1c8d61942a6599c376 - - - -] 199.19.213.152 "DELETE /v2.0/ports/180aa472-2341-4d4f-b2c1-1f51c39fb29d HTTP/1.1" status: 204 len: 173 time: 0.6257753 /var/lib/openstack/lib/python3.10/site-packages/pycadf/identifier.py:71: UserWarning: Invalid uuid: neutron. To ensure interoperability, identifiers should be a valid uuid. warnings.warn(('Invalid uuid: %s. To ensure interoperability, '
2026-07-24 18:42:38.305 10 INFO neutron.wsgi [req-8222a268-c033-4126-95fd-7ef89cd12340 req-03d4a840-59a4-4876-ba37-4de5f5dc8b39 508f243b6e06488daef66d5a2fde78e0 56f58f75171d4a1c8d61942a6599c376 - - default default] 10.0.0.3 "GET /v2.0/ports?device_id=efa90a74-8539-4031-97b8-5f1c47e4306c HTTP/1.1" status: 200 len: 210 time: 0.0311978
2026-07-24 18:42:38.784 9 INFO neutron.notifiers.nova [-] Nova event matching ['req-5f7bd529-92d8-4949-9c88-5ab004eb228a'] response: {'server_uuid': 'efa90a74-8539-4031-97b8-5f1c47e4306c', 'name': 'network-vif-unplugged', 'status': 'completed', 'tag': '180aa472-2341-4d4f-b2c1-1f51c39fb29d', 'code': 200}
