2026-07-24 18:40:51.063 9 WARNING neutron.api.rpc.agentnotifiers.dhcp_rpc_agent_api [None req-b28a91c2-c8ce-4518-bf7b-6e0e3d63222a f266be4d90e84fc9aa9cc3a1343770c9 243d1e7731c34ac798a49ec5648882c2 - - - -] Unable to schedule network af93b7e2-93b6-42d3-b182-f045c584d0ac: no agents available; will retry on subsequent port and subnet creation events.
2026-07-24 18:40:51.115 9 INFO neutron.wsgi [None req-2169a64e-d957-46fe-9a08-e6a662b415c5 2511d1fac6b346dc91e2691ff4455dd1 44fbd5fb89c34c3183890f71dae4c255 - - - -] 10.0.0.195 "DELETE /v2.0/routers/83ecd856-589d-4c4c-92a7-ced576043ba1 HTTP/1.1" status: 204 len: 168 time: 1.3665988 /var/lib/openstack/lib/python3.10/site-packages/pycadf/identifier.py:71: UserWarning: Invalid uuid: neutron. To ensure interoperability, identifiers should be a valid uuid. warnings.warn(('Invalid uuid: %s. To ensure interoperability, '
2026-07-24 18:40:51.241 9 INFO neutron.wsgi [None req-98e1884e-a139-4580-9072-a4ec5d8e4ac7 af6cf6b7229b4c9eace48dd4220164e4 8498dd98b53f466e81ae586547e94771 - - default default] 10.0.0.108 "GET /v2.0/routers HTTP/1.1" status: 200 len: 1365 time: 0.1884446
2026-07-24 18:40:51.249 9 INFO neutron.db.ovn_revision_numbers_db [None req-b28a91c2-c8ce-4518-bf7b-6e0e3d63222a f266be4d90e84fc9aa9cc3a1343770c9 243d1e7731c34ac798a49ec5648882c2 - - - -] Successfully bumped revision number for resource e78b3607-384c-4008-8c44-e08bf8c611d5 (type: ports) to 1
2026-07-24 18:40:51.263 9 INFO neutron.wsgi [None req-821e06c2-0350-4f15-8acc-5039df833835 af6cf6b7229b4c9eace48dd4220164e4 8498dd98b53f466e81ae586547e94771 - - default default] 10.0.0.108 "GET /v2.0/agents?binary=ovn-controller HTTP/1.1" status: 200 len: 591 time: 0.0202606
2026-07-24 18:40:51.288 9 INFO neutron.wsgi [None req-eefb6338-d52d-41ae-b58d-6f06ea5ed972 af6cf6b7229b4c9eace48dd4220164e4 8498dd98b53f466e81ae586547e94771 - - default default] 10.0.0.108 "GET /v2.0/network-ip-availabilities HTTP/1.1" status: 200 len: 3831 time: 0.0238581
2026-07-24 18:40:51.299 9 INFO neutron.wsgi [None req-b28a91c2-c8ce-4518-bf7b-6e0e3d63222a f266be4d90e84fc9aa9cc3a1343770c9 243d1e7731c34ac798a49ec5648882c2 - - - -] 10.0.0.195 "POST /v2.0/networks HTTP/1.1" status: 201 len: 849 time: 1.2388518
2026-07-24 18:40:51.393 9 INFO neutron.wsgi [None req-06e329e7-f109-4b29-a8a1-fb0865a7d74a af6cf6b7229b4c9eace48dd4220164e4 8498dd98b53f466e81ae586547e94771 - - default default] 10.0.0.108 "GET /v2.0/networks HTTP/1.1" status: 200 len: 7541 time: 0.1036856
2026-07-24 18:40:51.432 9 INFO neutron.wsgi [None req-cffc731d-67d6-4328-ac00-a4db408b05eb af6cf6b7229b4c9eace48dd4220164e4 8498dd98b53f466e81ae586547e94771 - - default default] 10.0.0.108 "GET /v2.0/agents HTTP/1.1" status: 200 len: 997 time: 0.0293791
2026-07-24 18:40:51.468 9 INFO neutron.wsgi [None req-26b1e046-3b9b-4389-b7a6-427acaf6a404 af6cf6b7229b4c9eace48dd4220164e4 8498dd98b53f466e81ae586547e94771 - - default default] 10.0.0.108 "GET /v2.0/floatingips HTTP/1.1" status: 200 len: 730 time: 0.0327816
2026-07-24 18:40:51.626 9 INFO neutron.wsgi [None req-ab4de88e-4a02-49f0-9185-d03ea55281f4 af6cf6b7229b4c9eace48dd4220164e4 8498dd98b53f466e81ae586547e94771 - - default default] 10.0.0.108 "GET /v2.0/security-groups HTTP/1.1" status: 200 len: 30661 time: 0.1555996
2026-07-24 18:40:51.703 9 INFO neutron.wsgi [None req-6bca1b21-1950-4f8b-9403-ca8f32090373 af6cf6b7229b4c9eace48dd4220164e4 8498dd98b53f466e81ae586547e94771 - - default default] 10.0.0.108 "GET /v2.0/subnets HTTP/1.1" status: 200 len: 3371 time: 0.0669699
2026-07-24 18:40:51.729 10 INFO neutron.wsgi [None req-83f6a02d-3ff1-4eea-a865-db619ccaab07 2511d1fac6b346dc91e2691ff4455dd1 44fbd5fb89c34c3183890f71dae4c255 - - - -] 10.0.0.195 "DELETE /v2.0/subnets/a4a2ccce-0fee-4a27-be75-61604b34ad3d HTTP/1.1" status: 204 len: 168 time: 0.5981297
2026-07-24 18:40:51.764 9 INFO neutron.wsgi [None req-f74443aa-77b2-4f6a-8ad2-418f73fcd5ea af6cf6b7229b4c9eace48dd4220164e4 8498dd98b53f466e81ae586547e94771 - - default default] 10.0.0.108 "GET /v2.0/ports HTTP/1.1" status: 200 len: 17011 time: 0.0577161
2026-07-24 18:40:52.015 9 WARNING neutron.scheduler.dhcp_agent_scheduler [None req-c38147fd-1740-4410-8fbe-038bd41252e4 f266be4d90e84fc9aa9cc3a1343770c9 243d1e7731c34ac798a49ec5648882c2 - - - -] No more DHCP agents
2026-07-24 18:40:52.018 9 WARNING neutron.api.rpc.agentnotifiers.dhcp_rpc_agent_api [None req-c38147fd-1740-4410-8fbe-038bd41252e4 f266be4d90e84fc9aa9cc3a1343770c9 243d1e7731c34ac798a49ec5648882c2 - - - -] Unable to schedule network d024453f-9c3b-463f-b67d-46e256be8bf8: no agents available; will retry on subsequent port and subnet creation events.
2026-07-24 18:40:52.066 10 INFO neutron.wsgi [req-a490b5d6-9638-4203-b565-02eb485755e8 req-b3bd228b-d064-447d-ba14-80755512b84c fe20d2c800aa406dafa789a51a3e897f bf9aef7524834cf98928967a9ddeac3b - - default default] 10.0.0.3 "GET /v2.0/ports?device_id=b793e446-ce12-4b63-937c-25862543f84a HTTP/1.1" status: 200 len: 1174 time: 0.1365395
2026-07-24 18:40:52.144 10 INFO neutron.wsgi [req-a490b5d6-9638-4203-b565-02eb485755e8 req-f982e950-7299-4ed0-8ae4-663e486488fb fe20d2c800aa406dafa789a51a3e897f bf9aef7524834cf98928967a9ddeac3b - - default default] 10.0.0.3 "GET /v2.0/security-groups?id=272b809d-f6da-4a71-baf4-3f303412ff3f&fields=id&fields=name HTTP/1.1" status: 200 len: 313 time: 0.0686312
2026-07-24 18:40:52.159 10 INFO neutron.wsgi [None req-af215953-515b-4e69-b2e1-4362cb069c93 af6cf6b7229b4c9eace48dd4220164e4 8498dd98b53f466e81ae586547e94771 - - - -] 10.0.0.195 "DELETE /v2.0/routers/1781bc85-ac84-4d1f-9ef1-9c53a2b65638 HTTP/1.1" status: 204 len: 168 time: 1.6202230
2026-07-24 18:40:52.460 10 INFO neutron.services.segments.plugin [-] Segment c57dd1e1-891e-4624-bb4e-35fae283b084 resource provider aggregate not found
2026-07-24 18:40:52.470 10 INFO neutron.services.segments.plugin [-] Segment c57dd1e1-891e-4624-bb4e-35fae283b084 resource provider aggregate not found
2026-07-24 18:40:52.486 10 INFO neutron.services.segments.plugin [-] Segment c57dd1e1-891e-4624-bb4e-35fae283b084 resource provider not found; error: Placement Client Error (4xx): {"errors": [{"status": 404, "title": "Not Found", "detail": "The resource could not be found.\n\n No resource provider with uuid c57dd1e1-891e-4624-bb4e-35fae283b084 found for delete ", "request_id": "req-9d8ab7fe-6d61-489e-a2b0-f13078c1eec2"}]}
2026-07-24 18:40:52.498 10 INFO neutron.services.segments.plugin [-] Segment c57dd1e1-891e-4624-bb4e-35fae283b084 resource provider not found; error: Placement Client Error (4xx): {"errors": [{"status": 404, "title": "Not Found", "detail": "The resource could not be found.\n\n No resource provider with uuid c57dd1e1-891e-4624-bb4e-35fae283b084 found for delete ", "request_id": "req-98f571fb-adce-4c01-afae-66fa96391d77"}]}
2026-07-24 18:40:52.505 10 INFO neutron.wsgi [req-97e1562e-454c-4c3b-a815-5a7cbee92568 req-e9890794-2b36-4dec-a812-0c903f9862d5 fe20d2c800aa406dafa789a51a3e897f bf9aef7524834cf98928967a9ddeac3b - - default default] 10.0.0.3 "GET /v2.0/ports?device_id=b793e446-ce12-4b63-937c-25862543f84a HTTP/1.1" status: 200 len: 1174 time: 0.2475741
2026-07-24 18:40:52.540 10 INFO neutron.wsgi [None req-9bb77621-199d-4d57-b4cd-2648c6c2ab6a 2511d1fac6b346dc91e2691ff4455dd1 44fbd5fb89c34c3183890f71dae4c255 - - - -] 10.0.0.195 "DELETE /v2.0/networks/3a9b8002-2af0-4eb9-8800-48975f20212b HTTP/1.1" status: 204 len: 168 time: 0.7891777
2026-07-24 18:40:52.544 9 INFO neutron.db.ovn_revision_numbers_db [None req-c38147fd-1740-4410-8fbe-038bd41252e4 f266be4d90e84fc9aa9cc3a1343770c9 243d1e7731c34ac798a49ec5648882c2 - - - -] Successfully bumped revision number for resource 6b307857-f9d5-4983-8005-bf8755921157 (type: ports) to 2
2026-07-24 18:40:52.584 10 INFO neutron.wsgi [None req-4637c0e5-e999-4ab9-b977-b5e410f21768 af6cf6b7229b4c9eace48dd4220164e4 8498dd98b53f466e81ae586547e94771 - - - -] 10.0.0.195 "DELETE /v2.0/subnets/697e5918-44a6-402a-ba91-260f328dc5e6 HTTP/1.1" status: 204 len: 168 time: 0.4156172
2026-07-24 18:40:52.595 9 INFO neutron.db.ovn_revision_numbers_db [None req-c38147fd-1740-4410-8fbe-038bd41252e4 f266be4d90e84fc9aa9cc3a1343770c9 243d1e7731c34ac798a49ec5648882c2 - - - -] Successfully bumped revision number for resource bc26f8f8-94a6-496a-8fbb-0ff87c0da2f4 (type: subnets) to 0
2026-07-24 18:40:52.630 9 WARNING neutron.scheduler.dhcp_agent_scheduler [None req-c38147fd-1740-4410-8fbe-038bd41252e4 f266be4d90e84fc9aa9cc3a1343770c9 243d1e7731c34ac798a49ec5648882c2 - - - -] No more DHCP agents
2026-07-24 18:40:52.634 9 WARNING neutron.api.rpc.agentnotifiers.dhcp_rpc_agent_api [None req-c38147fd-1740-4410-8fbe-038bd41252e4 f266be4d90e84fc9aa9cc3a1343770c9 243d1e7731c34ac798a49ec5648882c2 - - - -] Unable to schedule network af93b7e2-93b6-42d3-b182-f045c584d0ac: no agents available; will retry on subsequent port and subnet creation events.
2026-07-24 18:40:52.830 9 INFO neutron.db.l3_db [None req-96dd6c0d-4b81-4c30-bb9d-ba5ac71c428b fe20d2c800aa406dafa789a51a3e897f bf9aef7524834cf98928967a9ddeac3b - - - -] Floating IP fb39b4cd-d737-43b1-a474-5448c5155a0a associated. External IP: 10.96.250.219, port: 1240bb52-a9f1-4395-975f-1b158d44e012.
2026-07-24 18:40:52.944 10 INFO neutron.notifiers.nova [-] Nova event matching ['req-90152c53-93d7-4518-8342-9a2a69c11f20'] response: {'server_uuid': 'b793e446-ce12-4b63-937c-25862543f84a', 'name': 'network-vif-plugged', 'status': 'completed', 'tag': '1240bb52-a9f1-4395-975f-1b158d44e012', 'code': 200}
2026-07-24 18:40:53.048 10 INFO neutron.wsgi [None req-1b6b9885-17eb-4b66-893c-0427fcf5a5c7 af6cf6b7229b4c9eace48dd4220164e4 8498dd98b53f466e81ae586547e94771 - - - -] 10.0.0.195 "DELETE /v2.0/networks/a4b10a72-f102-4436-8b0c-62c0e83b0e38 HTTP/1.1" status: 204 len: 168 time: 0.4554856
2026-07-24 18:40:53.247 10 INFO neutron.wsgi [None req-9b0cbc65-4855-4e66-9a29-5d6756f4e6d7 af6cf6b7229b4c9eace48dd4220164e4 8498dd98b53f466e81ae586547e94771 - - default default] 10.0.0.195 "GET /v2.0/security-groups?tenant_id=c30a09c526c541b1a2d8ca4dc4287640&name=default HTTP/1.1" status: 200 len: 2996 time: 0.0356188
2026-07-24 18:40:53.304 10 INFO neutron.wsgi [None req-9dba59af-e0b9-49a3-9d15-4006851cb335 af6cf6b7229b4c9eace48dd4220164e4 8498dd98b53f466e81ae586547e94771 - - default default] 10.0.0.195 "GET /v2.0/security-groups?tenant_id=44fbd5fb89c34c3183890f71dae4c255&name=default HTTP/1.1" status: 200 len: 2996 time: 0.1880219
2026-07-24 18:40:53.382 9 INFO neutron.db.ovn_revision_numbers_db [None req-96dd6c0d-4b81-4c30-bb9d-ba5ac71c428b fe20d2c800aa406dafa789a51a3e897f bf9aef7524834cf98928967a9ddeac3b - - - -] Successfully bumped revision number for resource fb39b4cd-d737-43b1-a474-5448c5155a0a (type: floatingips) to 1
2026-07-24 18:40:53.508 9 INFO neutron.db.ovn_revision_numbers_db [None req-96dd6c0d-4b81-4c30-bb9d-ba5ac71c428b fe20d2c800aa406dafa789a51a3e897f bf9aef7524834cf98928967a9ddeac3b - - - -] Successfully bumped revision number for resource fb39b4cd-d737-43b1-a474-5448c5155a0a (type: floatingips) to 2
2026-07-24 18:40:53.544 9 INFO neutron.wsgi [None req-96dd6c0d-4b81-4c30-bb9d-ba5ac71c428b fe20d2c800aa406dafa789a51a3e897f bf9aef7524834cf98928967a9ddeac3b - - - -] 10.0.0.195 "PUT /v2.0/floatingips/fb39b4cd-d737-43b1-a474-5448c5155a0a HTTP/1.1" status: 200 len: 1050 time: 1.0251095
2026-07-24 18:40:53.560 10 INFO neutron.wsgi [None req-587e5ded-0e9d-4615-981c-1a39235c49ea af6cf6b7229b4c9eace48dd4220164e4 8498dd98b53f466e81ae586547e94771 - - - -] 10.0.0.195 "DELETE /v2.0/security-groups/fda99364-f347-4c56-adf7-6760231a17e0 HTTP/1.1" status: 204 len: 168 time: 0.3063805
2026-07-24 18:40:53.590 9 INFO neutron.notifiers.nova [-] Nova event matching ['req-6504d8f2-8760-4efc-a7d2-644853941da7'] response: {'name': 'network-changed', 'server_uuid': 'b793e446-ce12-4b63-937c-25862543f84a', 'tag': '1240bb52-a9f1-4395-975f-1b158d44e012', 'status': 'completed', 'code': 200} /var/lib/openstack/lib/python3.10/site-packages/pycadf/identifier.py:71: UserWarning: Invalid uuid: neutron. To ensure interoperability, identifiers should be a valid uuid. warnings.warn(('Invalid uuid: %s. To ensure interoperability, '
2026-07-24 18:40:53.662 9 INFO neutron.wsgi [req-41a52e32-bacf-456a-9e42-8076a9082d3a req-a3d99de3-fe79-4df5-8f65-f4a375966136 de74f2d4048c4ef78082d00e49736666 e2f20cd3df98453099bf504f9832b7c6 - - 6674caebc00f4e4b9a9fcb8cf9107f20 6674caebc00f4e4b9a9fcb8cf9107f20] 199.19.213.152 "GET /v2.0/ports?tenant_id=bf9aef7524834cf98928967a9ddeac3b&device_id=b793e446-ce12-4b63-937c-25862543f84a HTTP/1.1" status: 200 len: 1365 time: 0.0419092
2026-07-24 18:40:53.662 10 INFO neutron.wsgi [None req-c5637629-be39-4cc7-bc6e-9486ee6356d6 af6cf6b7229b4c9eace48dd4220164e4 8498dd98b53f466e81ae586547e94771 - - - -] 10.0.0.195 "DELETE /v2.0/security-groups/bdf20656-afe6-4253-bf1e-441eff8ceb32 HTTP/1.1" status: 204 len: 168 time: 0.3516963
2026-07-24 18:40:53.675 10 INFO neutron.wsgi [req-6efd6adb-3592-486f-86b5-fb23e0afee00 req-7367dc0e-24fc-46f8-8cc8-12a9c06a83bb fe20d2c800aa406dafa789a51a3e897f bf9aef7524834cf98928967a9ddeac3b - - default default] 10.0.0.3 "GET /v2.0/ports?device_id=b793e446-ce12-4b63-937c-25862543f84a HTTP/1.1" status: 200 len: 1174 time: 0.0716250
2026-07-24 18:40:53.677 9 INFO neutron.db.ovn_revision_numbers_db [None req-c38147fd-1740-4410-8fbe-038bd41252e4 f266be4d90e84fc9aa9cc3a1343770c9 243d1e7731c34ac798a49ec5648882c2 - - - -] Successfully bumped revision number for resource e78b3607-384c-4008-8c44-e08bf8c611d5 (type: ports) to 2
2026-07-24 18:40:53.727 9 INFO neutron.db.ovn_revision_numbers_db [None req-c38147fd-1740-4410-8fbe-038bd41252e4 f266be4d90e84fc9aa9cc3a1343770c9 243d1e7731c34ac798a49ec5648882c2 - - - -] Successfully bumped revision number for resource 8a8fc8fb-4753-49ef-98b6-29c94e42de4a (type: subnets) to 0
2026-07-24 18:40:53.746 10 INFO neutron.wsgi [req-6efd6adb-3592-486f-86b5-fb23e0afee00 req-20c7194f-a64c-4114-8005-825719972f3d fe20d2c800aa406dafa789a51a3e897f bf9aef7524834cf98928967a9ddeac3b - - default default] 10.0.0.3 "GET /v2.0/security-groups?id=272b809d-f6da-4a71-baf4-3f303412ff3f&fields=id&fields=name HTTP/1.1" status: 200 len: 313 time: 0.0589099
2026-07-24 18:40:53.770 9 INFO neutron.wsgi [None req-c38147fd-1740-4410-8fbe-038bd41252e4 f266be4d90e84fc9aa9cc3a1343770c9 243d1e7731c34ac798a49ec5648882c2 - - - -] 10.0.0.195 "POST /v2.0/subnets HTTP/1.1" status: 201 len: 1426 time: 2.4364507
2026-07-24 18:40:53.775 9 INFO neutron.wsgi [req-41a52e32-bacf-456a-9e42-8076a9082d3a req-5e74f8a9-1d9f-4c94-b68d-ffd28ba5e9e4 de74f2d4048c4ef78082d00e49736666 e2f20cd3df98453099bf504f9832b7c6 - - 6674caebc00f4e4b9a9fcb8cf9107f20 6674caebc00f4e4b9a9fcb8cf9107f20] 199.19.213.152 "GET /v2.0/networks?id=58109e48-576d-4a0a-8641-50c5701d4985 HTTP/1.1" status: 200 len: 982 time: 0.1068568
2026-07-24 18:40:53.896 9 INFO neutron.wsgi [None req-3f6113ed-99ed-4eb1-93e2-39d3d560226d f266be4d90e84fc9aa9cc3a1343770c9 243d1e7731c34ac798a49ec5648882c2 - - default default] 10.0.0.195 "GET /v2.0/subnets HTTP/1.1" status: 200 len: 2034 time: 0.1206441
2026-07-24 18:40:53.901 9 INFO neutron.wsgi [req-41a52e32-bacf-456a-9e42-8076a9082d3a req-1505e622-4047-4910-a23d-98f930414171 de74f2d4048c4ef78082d00e49736666 e2f20cd3df98453099bf504f9832b7c6 - - 6674caebc00f4e4b9a9fcb8cf9107f20 6674caebc00f4e4b9a9fcb8cf9107f20] 199.19.213.152 "GET /v2.0/floatingips?fixed_ip_address=10.100.0.12&port_id=1240bb52-a9f1-4395-975f-1b158d44e012 HTTP/1.1" status: 200 len: 1060 time: 0.1079521
2026-07-24 18:40:53.966 9 INFO neutron.wsgi [req-41a52e32-bacf-456a-9e42-8076a9082d3a req-35790f0c-4357-4e89-b06d-ffa2cc274527 de74f2d4048c4ef78082d00e49736666 e2f20cd3df98453099bf504f9832b7c6 - - 6674caebc00f4e4b9a9fcb8cf9107f20 6674caebc00f4e4b9a9fcb8cf9107f20] 199.19.213.152 "GET /v2.0/subnets?id=bdc75a21-afbe-4bd9-b63a-0174a46dbf58 HTTP/1.1" status: 200 len: 877 time: 0.0582638
2026-07-24 18:40:54.009 9 INFO neutron.wsgi [req-41a52e32-bacf-456a-9e42-8076a9082d3a req-8813c6bc-002c-4a00-aa08-ad585c0dc7be de74f2d4048c4ef78082d00e49736666 e2f20cd3df98453099bf504f9832b7c6 - - 6674caebc00f4e4b9a9fcb8cf9107f20 6674caebc00f4e4b9a9fcb8cf9107f20] 199.19.213.152 "GET /v2.0/ports?network_id=58109e48-576d-4a0a-8641-50c5701d4985&device_owner=network%3Adhcp HTTP/1.1" status: 200 len: 210 time: 0.0355582
2026-07-24 18:40:54.109 9 INFO neutron.wsgi [req-41a52e32-bacf-456a-9e42-8076a9082d3a req-3bece4e8-534c-40bd-8b4a-b589fbdf148e de74f2d4048c4ef78082d00e49736666 e2f20cd3df98453099bf504f9832b7c6 - - 6674caebc00f4e4b9a9fcb8cf9107f20 6674caebc00f4e4b9a9fcb8cf9107f20] 199.19.213.152 "GET /v2.0/networks/58109e48-576d-4a0a-8641-50c5701d4985?fields=segments HTTP/1.1" status: 200 len: 212 time: 0.0932941
2026-07-24 18:40:54.174 10 INFO neutron.wsgi [-] 10.0.0.75 "GET / HTTP/1.1" status: 200 len: 246 time: 0.0024269
2026-07-24 18:40:54.176 10 INFO neutron.wsgi [-] 10.0.0.75 "GET / HTTP/1.1" status: 200 len: 246 time: 0.0013988
2026-07-24 18:40:54.200 9 INFO neutron.wsgi [req-41a52e32-bacf-456a-9e42-8076a9082d3a req-893b8aba-2dcf-4cef-9100-a9a214e9c143 de74f2d4048c4ef78082d00e49736666 e2f20cd3df98453099bf504f9832b7c6 - - 6674caebc00f4e4b9a9fcb8cf9107f20 6674caebc00f4e4b9a9fcb8cf9107f20] 199.19.213.152 "GET /v2.0/networks/58109e48-576d-4a0a-8641-50c5701d4985?fields=provider%3Aphysical_network&fields=provider%3Anetwork_type HTTP/1.1" status: 200 len: 277 time: 0.0834239
2026-07-24 18:40:54.247 9 INFO neutron.wsgi [None req-99327f67-ccd8-4fa6-80b0-0c94189a605a f266be4d90e84fc9aa9cc3a1343770c9 243d1e7731c34ac798a49ec5648882c2 - - - -] 10.0.0.195 "DELETE /v2.0/subnets/bc26f8f8-94a6-496a-8fbb-0ff87c0da2f4 HTTP/1.1" status: 204 len: 168 time: 0.3440871
2026-07-24 18:40:54.513 10 INFO neutron.services.segments.plugin [-] Segment bd5b5b49-b06d-4b97-ac54-5cb3633efc94 resource provider aggregate not found
2026-07-24 18:40:54.520 10 INFO neutron.services.segments.plugin [-] Segment bd5b5b49-b06d-4b97-ac54-5cb3633efc94 resource provider aggregate not found
2026-07-24 18:40:54.536 10 INFO neutron.services.segments.plugin [-] Segment bd5b5b49-b06d-4b97-ac54-5cb3633efc94 resource provider not found; error: Placement Client Error (4xx): {"errors": [{"status": 404, "title": "Not Found", "detail": "The resource could not be found.\n\n No resource provider with uuid bd5b5b49-b06d-4b97-ac54-5cb3633efc94 found for delete ", "request_id": "req-05e08d1f-c44e-44ba-af76-7f4d78d11e3f"}]}
2026-07-24 18:40:54.538 10 INFO neutron.services.segments.plugin [-] Segment bd5b5b49-b06d-4b97-ac54-5cb3633efc94 resource provider not found; error: Placement Client Error (4xx): {"errors": [{"status": 404, "title": "Not Found", "detail": "The resource could not be found.\n\n No resource provider with uuid bd5b5b49-b06d-4b97-ac54-5cb3633efc94 found for delete ", "request_id": "req-de4670f1-6428-4b52-82dc-64a625e89a54"}]}
2026-07-24 18:40:54.549 9 INFO neutron.wsgi [None req-7c78faaf-4088-4295-9571-3748f2abf054 f266be4d90e84fc9aa9cc3a1343770c9 243d1e7731c34ac798a49ec5648882c2 - - - -] 10.0.0.195 "DELETE /v2.0/subnets/8a8fc8fb-4753-49ef-98b6-29c94e42de4a HTTP/1.1" status: 204 len: 168 time: 0.2965777
2026-07-24 18:40:54.590 9 INFO neutron.wsgi [None req-a2a7d793-c396-4cd1-b3f8-4ef0d9e3813d f266be4d90e84fc9aa9cc3a1343770c9 243d1e7731c34ac798a49ec5648882c2 - - default default] 10.0.0.195 "GET /v2.0/subnets HTTP/1.1" status: 200 len: 820 time: 0.0359788
2026-07-24 18:40:54.983 9 INFO neutron.services.segments.plugin [-] Segment b25c5469-4eab-4cb5-8a76-0d1d8a1bc5cf resource provider aggregate not found
2026-07-24 18:40:54.988 9 INFO neutron.services.segments.plugin [-] Segment b25c5469-4eab-4cb5-8a76-0d1d8a1bc5cf resource provider aggregate not found
2026-07-24 18:40:55.011 9 INFO neutron.services.segments.plugin [-] Segment b25c5469-4eab-4cb5-8a76-0d1d8a1bc5cf resource provider not found; error: Placement Client Error (4xx): {"errors": [{"status": 404, "title": "Not Found", "detail": "The resource could not be found.\n\n No resource provider with uuid b25c5469-4eab-4cb5-8a76-0d1d8a1bc5cf found for delete ", "request_id": "req-d8dbae66-9915-4f9b-b4e6-275fc0fefbaf"}]}
2026-07-24 18:40:55.012 9 INFO neutron.services.segments.plugin [-] Segment b25c5469-4eab-4cb5-8a76-0d1d8a1bc5cf resource provider not found; error: Placement Client Error (4xx): {"errors": [{"status": 404, "title": "Not Found", "detail": "The resource could not be found.\n\n No resource provider with uuid b25c5469-4eab-4cb5-8a76-0d1d8a1bc5cf found for delete ", "request_id": "req-06715c3b-a3b7-48f7-8c52-c037c179510c"}]}
2026-07-24 18:40:55.039 9 INFO neutron.wsgi [None req-965edb82-662b-46a6-9d7a-91fa090aad0e f266be4d90e84fc9aa9cc3a1343770c9 243d1e7731c34ac798a49ec5648882c2 - - - -] 10.0.0.195 "DELETE /v2.0/networks/af93b7e2-93b6-42d3-b182-f045c584d0ac HTTP/1.1" status: 204 len: 168 time: 0.4406350
2026-07-24 18:40:55.524 10 INFO neutron.wsgi [None req-ee038a1a-68fc-4ebe-b0a8-8217922fcfb1 f266be4d90e84fc9aa9cc3a1343770c9 243d1e7731c34ac798a49ec5648882c2 - - - -] 10.0.0.195 "DELETE /v2.0/networks/d024453f-9c3b-463f-b67d-46e256be8bf8 HTTP/1.1" status: 204 len: 168 time: 0.4789653
2026-07-24 18:40:55.858 10 INFO neutron.db.ovn_revision_numbers_db [None req-e59f87ff-9d44-4c02-8c3e-24bbeb84b50f af6cf6b7229b4c9eace48dd4220164e4 8498dd98b53f466e81ae586547e94771 - - - -] Successfully bumped revision number for resource 295f4ff7-5b8c-4cf9-b6f5-15584a32e134 (type: security_groups) to 1
2026-07-24 18:40:55.887 10 INFO neutron.db.ovn_revision_numbers_db [None req-e20b8f01-66a7-419e-9a8b-ad630bf82ba5 eaaeccb8f689446daa83a60f680fd2a0 86c95d60a16e40d1807c8e0a816ceb57 - - - -] Successfully bumped revision number for resource e5e4dec3-6337-4ea4-b97c-3043df751b2f (type: security_groups) to 1
2026-07-24 18:40:55.909 10 INFO neutron.db.segments_db [None req-e59f87ff-9d44-4c02-8c3e-24bbeb84b50f af6cf6b7229b4c9eace48dd4220164e4 8498dd98b53f466e81ae586547e94771 - - - -] Added segment 2fc883b6-7e9c-4019-8855-8eb358a9f2d3 of type geneve for network ee794dbf-bfe6-4087-870f-a49107e147c8
2026-07-24 18:40:55.944 10 INFO neutron.db.segments_db [None req-e20b8f01-66a7-419e-9a8b-ad630bf82ba5 eaaeccb8f689446daa83a60f680fd2a0 86c95d60a16e40d1807c8e0a816ceb57 - - - -] Added segment 2ac4653f-3fde-4a7f-af73-ae633a541c1d of type geneve for network cef6b4e5-d6da-420d-82f3-91a5f7b90671
2026-07-24 18:40:55.995 9 INFO neutron.wsgi [None req-137ac8a3-9082-4e10-adbf-2e073dc94c08 f266be4d90e84fc9aa9cc3a1343770c9 243d1e7731c34ac798a49ec5648882c2 - - - -] 10.0.0.195 "DELETE /v2.0/networks/82fa37dd-d8d1-4b4e-ae4b-649c22e94d63 HTTP/1.1" status: 204 len: 168 time: 0.4658439
2026-07-24 18:40:56.103 10 INFO neutron.db.ovn_revision_numbers_db [None req-e59f87ff-9d44-4c02-8c3e-24bbeb84b50f af6cf6b7229b4c9eace48dd4220164e4 8498dd98b53f466e81ae586547e94771 - - - -] Successfully bumped revision number for resource ee794dbf-bfe6-4087-870f-a49107e147c8 (type: networks) to 1
2026-07-24 18:40:56.174 10 INFO neutron.db.ovn_revision_numbers_db [None req-e20b8f01-66a7-419e-9a8b-ad630bf82ba5 eaaeccb8f689446daa83a60f680fd2a0 86c95d60a16e40d1807c8e0a816ceb57 - - - -] Successfully bumped revision number for resource cef6b4e5-d6da-420d-82f3-91a5f7b90671 (type: networks) to 1
2026-07-24 18:40:56.623 10 INFO neutron.services.segments.plugin [-] Segment d2bbde64-fa1f-4902-8fa6-960a28435044 resource provider aggregate not found
2026-07-24 18:40:56.638 10 INFO neutron.services.segments.plugin [-] Segment d2bbde64-fa1f-4902-8fa6-960a28435044 resource provider aggregate not found
2026-07-24 18:40:56.660 10 INFO neutron.services.segments.plugin [-] Segment d2bbde64-fa1f-4902-8fa6-960a28435044 resource provider not found; error: Placement Client Error (4xx): {"errors": [{"status": 404, "title": "Not Found", "detail": "The resource could not be found.\n\n No resource provider with uuid d2bbde64-fa1f-4902-8fa6-960a28435044 found for delete ", "request_id": "req-447dd107-cd5d-4d9c-b706-da5feb96ac4f"}]}
2026-07-24 18:40:56.671 10 INFO neutron.services.segments.plugin [-] Segment d2bbde64-fa1f-4902-8fa6-960a28435044 resource provider not found; error: Placement Client Error (4xx): {"errors": [{"status": 404, "title": "Not Found", "detail": "The resource could not be found.\n\n No resource provider with uuid d2bbde64-fa1f-4902-8fa6-960a28435044 found for delete ", "request_id": "req-8ce3f0a7-c57e-4270-9e8c-cfc1ddb0ad34"}]}
2026-07-24 18:40:56.838 10 WARNING neutron.scheduler.dhcp_agent_scheduler [None req-e59f87ff-9d44-4c02-8c3e-24bbeb84b50f af6cf6b7229b4c9eace48dd4220164e4 8498dd98b53f466e81ae586547e94771 - - - -] No more DHCP agents
2026-07-24 18:40:56.841 10 WARNING neutron.api.rpc.agentnotifiers.dhcp_rpc_agent_api [None req-e59f87ff-9d44-4c02-8c3e-24bbeb84b50f af6cf6b7229b4c9eace48dd4220164e4 8498dd98b53f466e81ae586547e94771 - - - -] Unable to schedule network ee794dbf-bfe6-4087-870f-a49107e147c8: no agents available; will retry on subsequent port and subnet creation events.
2026-07-24 18:40:56.890 10 WARNING neutron.scheduler.dhcp_agent_scheduler [None req-e20b8f01-66a7-419e-9a8b-ad630bf82ba5 eaaeccb8f689446daa83a60f680fd2a0 86c95d60a16e40d1807c8e0a816ceb57 - - - -] No more DHCP agents
2026-07-24 18:40:56.913 10 WARNING neutron.api.rpc.agentnotifiers.dhcp_rpc_agent_api [None req-e20b8f01-66a7-419e-9a8b-ad630bf82ba5 eaaeccb8f689446daa83a60f680fd2a0 86c95d60a16e40d1807c8e0a816ceb57 - - - -] Unable to schedule network cef6b4e5-d6da-420d-82f3-91a5f7b90671: no agents available; will retry on subsequent port and subnet creation events.
2026-07-24 18:40:56.986 10 INFO neutron.db.ovn_revision_numbers_db [None req-e59f87ff-9d44-4c02-8c3e-24bbeb84b50f af6cf6b7229b4c9eace48dd4220164e4 8498dd98b53f466e81ae586547e94771 - - - -] Successfully bumped revision number for resource a6153314-91eb-450a-bb9e-a43af529a414 (type: ports) to 1
2026-07-24 18:40:57.032 10 INFO neutron.db.ovn_revision_numbers_db [None req-e20b8f01-66a7-419e-9a8b-ad630bf82ba5 eaaeccb8f689446daa83a60f680fd2a0 86c95d60a16e40d1807c8e0a816ceb57 - - - -] Successfully bumped revision number for resource 6fd10a9b-17fd-4341-96f6-3aa29aa60b98 (type: ports) to 1
2026-07-24 18:40:57.043 9 INFO neutron.services.segments.plugin [-] Segment 78ebdca0-b59d-4c2b-ab18-6844a990639e resource provider aggregate not found
2026-07-24 18:40:57.044 10 INFO neutron.wsgi [None req-e59f87ff-9d44-4c02-8c3e-24bbeb84b50f af6cf6b7229b4c9eace48dd4220164e4 8498dd98b53f466e81ae586547e94771 - - - -] 10.0.0.195 "POST /v2.0/networks HTTP/1.1" status: 201 len: 945 time: 1.6165302
2026-07-24 18:40:57.051 9 INFO neutron.services.segments.plugin [-] Segment 78ebdca0-b59d-4c2b-ab18-6844a990639e resource provider aggregate not found
2026-07-24 18:40:57.068 9 INFO neutron.services.segments.plugin [-] Segment 78ebdca0-b59d-4c2b-ab18-6844a990639e resource provider not found; error: Placement Client Error (4xx): {"errors": [{"status": 404, "title": "Not Found", "detail": "The resource could not be found.\n\n No resource provider with uuid 78ebdca0-b59d-4c2b-ab18-6844a990639e found for delete ", "request_id": "req-6e41e018-7491-4ae8-8f2f-fb5eceb74408"}]}
2026-07-24 18:40:57.070 9 INFO neutron.services.segments.plugin [-] Segment 78ebdca0-b59d-4c2b-ab18-6844a990639e resource provider not found; error: Placement Client Error (4xx): {"errors": [{"status": 404, "title": "Not Found", "detail": "The resource could not be found.\n\n No resource provider with uuid 78ebdca0-b59d-4c2b-ab18-6844a990639e found for delete ", "request_id": "req-b758395d-38fe-4fde-9f42-de9af1e47dc3"}]}
2026-07-24 18:40:57.074 10 INFO neutron.wsgi [None req-e20b8f01-66a7-419e-9a8b-ad630bf82ba5 eaaeccb8f689446daa83a60f680fd2a0 86c95d60a16e40d1807c8e0a816ceb57 - - - -] 10.0.0.195 "POST /v2.0/networks HTTP/1.1" status: 201 len: 846 time: 1.5068309
2026-07-24 18:40:57.165 10 INFO neutron.wsgi [None req-793a727f-f91c-4792-9974-acd78f4dcae4 f266be4d90e84fc9aa9cc3a1343770c9 243d1e7731c34ac798a49ec5648882c2 - - - -] 10.0.0.195 "DELETE /v2.0/networks/f33bb724-2473-4b65-b468-575d9cdd19ff HTTP/1.1" status: 204 len: 168 time: 1.1587725
2026-07-24 18:40:57.240 10 WARNING neutron.scheduler.dhcp_agent_scheduler [None req-c8d21995-82ff-4291-9119-9bf502367b0d af6cf6b7229b4c9eace48dd4220164e4 8498dd98b53f466e81ae586547e94771 - - - -] No more DHCP agents
2026-07-24 18:40:57.241 10 WARNING neutron.api.rpc.agentnotifiers.dhcp_rpc_agent_api [None req-c8d21995-82ff-4291-9119-9bf502367b0d af6cf6b7229b4c9eace48dd4220164e4 8498dd98b53f466e81ae586547e94771 - - - -] Unable to schedule network ee794dbf-bfe6-4087-870f-a49107e147c8: no agents available; will retry on subsequent port and subnet creation events.
2026-07-24 18:40:57.687 10 INFO neutron.db.ovn_revision_numbers_db [None req-c8d21995-82ff-4291-9119-9bf502367b0d af6cf6b7229b4c9eace48dd4220164e4 8498dd98b53f466e81ae586547e94771 - - - -] Successfully bumped revision number for resource a6153314-91eb-450a-bb9e-a43af529a414 (type: ports) to 2
2026-07-24 18:40:57.702 10 INFO neutron.db.ovn_revision_numbers_db [None req-c8d21995-82ff-4291-9119-9bf502367b0d af6cf6b7229b4c9eace48dd4220164e4 8498dd98b53f466e81ae586547e94771 - - - -] Successfully bumped revision number for resource 161efb0a-a774-4736-a98a-7014df577932 (type: subnets) to 0
2026-07-24 18:40:57.718 10 INFO neutron.wsgi [None req-c8d21995-82ff-4291-9119-9bf502367b0d af6cf6b7229b4c9eace48dd4220164e4 8498dd98b53f466e81ae586547e94771 - - - -] 10.0.0.195 "POST /v2.0/subnets HTTP/1.1" status: 201 len: 865 time: 0.6646206
2026-07-24 18:40:57.854 10 INFO neutron.wsgi [None req-53fb7ff8-fa07-4bbf-bb7e-5a5319416de8 af6cf6b7229b4c9eace48dd4220164e4 8498dd98b53f466e81ae586547e94771 - - default default] 10.0.0.195 "GET /v2.0/security-groups?tenant_id=243d1e7731c34ac798a49ec5648882c2&name=default HTTP/1.1" status: 200 len: 2996 time: 0.1781638
2026-07-24 18:40:57.959 9 WARNING neutron.scheduler.dhcp_agent_scheduler [None req-7abab4e4-5be3-4242-8dad-d07ba34ab078 eaaeccb8f689446daa83a60f680fd2a0 86c95d60a16e40d1807c8e0a816ceb57 - - - -] No more DHCP agents
2026-07-24 18:40:57.964 9 WARNING neutron.api.rpc.agentnotifiers.dhcp_rpc_agent_api [None req-7abab4e4-5be3-4242-8dad-d07ba34ab078 eaaeccb8f689446daa83a60f680fd2a0 86c95d60a16e40d1807c8e0a816ceb57 - - - -] Unable to schedule network cef6b4e5-d6da-420d-82f3-91a5f7b90671: no agents available; will retry on subsequent port and subnet creation events.
2026-07-24 18:40:57.990 9 INFO neutron.db.ovn_revision_numbers_db [None req-7abab4e4-5be3-4242-8dad-d07ba34ab078 eaaeccb8f689446daa83a60f680fd2a0 86c95d60a16e40d1807c8e0a816ceb57 - - - -] Successfully bumped revision number for resource e556fcf8-fd63-49db-89b4-373623109785 (type: subnets) to 0
2026-07-24 18:40:58.013 9 INFO neutron.wsgi [None req-7abab4e4-5be3-4242-8dad-d07ba34ab078 eaaeccb8f689446daa83a60f680fd2a0 86c95d60a16e40d1807c8e0a816ceb57 - - - -] 10.0.0.195 "POST /v2.0/subnets HTTP/1.1" status: 201 len: 848 time: 0.4322953
2026-07-24 18:40:58.109 9 INFO neutron.db.segments_db [None req-45c06e3a-23e7-49d5-8fdc-b373bdb18aa8 eaaeccb8f689446daa83a60f680fd2a0 86c95d60a16e40d1807c8e0a816ceb57 - - - -] Added segment ddbbb7c4-daca-4b52-a2e2-7bad0459d652 of type geneve for network 94ed1334-6f1a-4e28-bdaa-231d6663a81e
2026-07-24 18:40:58.131 9 INFO neutron.wsgi [None req-8b420ec0-c7aa-45dd-9d19-0e3dfa7c50b8 af6cf6b7229b4c9eace48dd4220164e4 8498dd98b53f466e81ae586547e94771 - - - -] 10.0.0.195 "DELETE /v2.0/security-groups/237b859c-69f1-4717-b63c-d60009d55f43 HTTP/1.1" status: 204 len: 168 time: 0.2707658
2026-07-24 18:40:58.231 9 INFO neutron.db.ovn_revision_numbers_db [None req-45c06e3a-23e7-49d5-8fdc-b373bdb18aa8 eaaeccb8f689446daa83a60f680fd2a0 86c95d60a16e40d1807c8e0a816ceb57 - - - -] Successfully bumped revision number for resource 94ed1334-6f1a-4e28-bdaa-231d6663a81e (type: networks) to 1
2026-07-24 18:40:58.291 10 WARNING neutron.scheduler.dhcp_agent_scheduler [None req-a3e70ce7-e203-42dc-90f6-4fde161cb9f4 af6cf6b7229b4c9eace48dd4220164e4 8498dd98b53f466e81ae586547e94771 - - - -] No more DHCP agents
2026-07-24 18:40:58.292 10 WARNING neutron.api.rpc.agentnotifiers.dhcp_rpc_agent_api [None req-a3e70ce7-e203-42dc-90f6-4fde161cb9f4 af6cf6b7229b4c9eace48dd4220164e4 8498dd98b53f466e81ae586547e94771 - - - -] Unable to schedule network 9edd62f8-6081-4780-bbb7-f7b6619461a6: no agents available; will retry on subsequent port and subnet creation events.
2026-07-24 18:40:58.409 9 WARNING neutron.scheduler.dhcp_agent_scheduler [None req-45c06e3a-23e7-49d5-8fdc-b373bdb18aa8 eaaeccb8f689446daa83a60f680fd2a0 86c95d60a16e40d1807c8e0a816ceb57 - - - -] No more DHCP agents
2026-07-24 18:40:58.412 9 WARNING neutron.api.rpc.agentnotifiers.dhcp_rpc_agent_api [None req-45c06e3a-23e7-49d5-8fdc-b373bdb18aa8 eaaeccb8f689446daa83a60f680fd2a0 86c95d60a16e40d1807c8e0a816ceb57 - - - -] Unable to schedule network 94ed1334-6f1a-4e28-bdaa-231d6663a81e: no agents available; will retry on subsequent port and subnet creation events.
2026-07-24 18:40:58.478 10 INFO neutron.db.ovn_revision_numbers_db [None req-a3e70ce7-e203-42dc-90f6-4fde161cb9f4 af6cf6b7229b4c9eace48dd4220164e4 8498dd98b53f466e81ae586547e94771 - - - -] Successfully bumped revision number for resource cd36ea8f-3ab5-4454-8448-3346adf0f3df (type: ports) to 1
2026-07-24 18:40:58.480 9 INFO neutron.db.ovn_revision_numbers_db [None req-45c06e3a-23e7-49d5-8fdc-b373bdb18aa8 eaaeccb8f689446daa83a60f680fd2a0 86c95d60a16e40d1807c8e0a816ceb57 - - - -] Successfully bumped revision number for resource d3cb0338-e731-4893-a0cb-29435adf894b (type: ports) to 1
2026-07-24 18:40:58.501 9 INFO neutron.wsgi [None req-45c06e3a-23e7-49d5-8fdc-b373bdb18aa8 eaaeccb8f689446daa83a60f680fd2a0 86c95d60a16e40d1807c8e0a816ceb57 - - - -] 10.0.0.195 "POST /v2.0/networks HTTP/1.1" status: 201 len: 846 time: 0.4798505
2026-07-24 18:40:58.703 10 INFO neutron.services.segments.plugin [-] Segment e60cdd1c-2a67-43e1-8e2f-a53b0d1bb756 resource provider aggregate not found
2026-07-24 18:40:58.703 9 INFO neutron.db.ovn_revision_numbers_db [None req-deaf0a4b-73e0-44be-a5e6-46f517914299 eaaeccb8f689446daa83a60f680fd2a0 86c95d60a16e40d1807c8e0a816ceb57 - - - -] Successfully bumped revision number for resource 94ed1334-6f1a-4e28-bdaa-231d6663a81e (type: networks) to 2
2026-07-24 18:40:58.710 9 INFO neutron.wsgi [None req-deaf0a4b-73e0-44be-a5e6-46f517914299 eaaeccb8f689446daa83a60f680fd2a0 86c95d60a16e40d1807c8e0a816ceb57 - - - -] 10.0.0.195 "PUT /v2.0/networks/94ed1334-6f1a-4e28-bdaa-231d6663a81e HTTP/1.1" status: 200 len: 792 time: 0.2007976
2026-07-24 18:40:58.719 10 INFO neutron.services.segments.plugin [-] Segment e60cdd1c-2a67-43e1-8e2f-a53b0d1bb756 resource provider aggregate not found
2026-07-24 18:40:58.726 10 INFO neutron.services.segments.plugin [-] Segment e60cdd1c-2a67-43e1-8e2f-a53b0d1bb756 resource provider not found; error: Placement Client Error (4xx): {"errors": [{"status": 404, "title": "Not Found", "detail": "The resource could not be found.\n\n No resource provider with uuid e60cdd1c-2a67-43e1-8e2f-a53b0d1bb756 found for delete ", "request_id": "req-e7409db9-4d6e-42a5-aeea-68d00fd6a54b"}]}
2026-07-24 18:40:58.746 10 INFO neutron.services.segments.plugin [-] Segment e60cdd1c-2a67-43e1-8e2f-a53b0d1bb756 resource provider not found; error: Placement Client Error (4xx): {"errors": [{"status": 404, "title": "Not Found", "detail": "The resource could not be found.\n\n No resource provider with uuid e60cdd1c-2a67-43e1-8e2f-a53b0d1bb756 found for delete ", "request_id": "req-17a70a20-c84b-4391-977e-5df2fe55afed"}]}
2026-07-24 18:40:58.987 9 WARNING neutron.scheduler.dhcp_agent_scheduler [None req-101f297e-331b-4588-9cea-e2595a974c2d eaaeccb8f689446daa83a60f680fd2a0 86c95d60a16e40d1807c8e0a816ceb57 - - - -] No more DHCP agents
2026-07-24 18:40:58.990 9 WARNING neutron.api.rpc.agentnotifiers.dhcp_rpc_agent_api [None req-101f297e-331b-4588-9cea-e2595a974c2d eaaeccb8f689446daa83a60f680fd2a0 86c95d60a16e40d1807c8e0a816ceb57 - - - -] Unable to schedule network 94ed1334-6f1a-4e28-bdaa-231d6663a81e: no agents available; will retry on subsequent port and subnet creation events.
2026-07-24 18:40:59.003 9 INFO neutron.db.ovn_revision_numbers_db [None req-101f297e-331b-4588-9cea-e2595a974c2d eaaeccb8f689446daa83a60f680fd2a0 86c95d60a16e40d1807c8e0a816ceb57 - - - -] Successfully bumped revision number for resource c7e392fa-b039-49cb-9aaf-c01f94e1990c (type: subnets) to 0
2026-07-24 18:40:59.021 9 INFO neutron.wsgi [None req-101f297e-331b-4588-9cea-e2595a974c2d eaaeccb8f689446daa83a60f680fd2a0 86c95d60a16e40d1807c8e0a816ceb57 - - - -] 10.0.0.195 "POST /v2.0/subnets HTTP/1.1" status: 201 len: 821 time: 0.3035359
2026-07-24 18:40:59.207 10 INFO neutron.plugins.ml2.drivers.ovn.mech_driver.mech_driver [None req-7df97af8-123e-4e21-8433-8871f533c43c - - - - - -] OVN reports status up for port: cd36ea8f-3ab5-4454-8448-3346adf0f3df
2026-07-24 18:40:59.215 10 INFO neutron.plugins.ml2.plugin [None req-7df97af8-123e-4e21-8433-8871f533c43c - - - - - -] Attempt 1 to provision port cd36ea8f-3ab5-4454-8448-3346adf0f3df
2026-07-24 18:40:59.224 10 INFO neutron.db.ovn_revision_numbers_db [None req-a3e70ce7-e203-42dc-90f6-4fde161cb9f4 af6cf6b7229b4c9eace48dd4220164e4 8498dd98b53f466e81ae586547e94771 - - - -] Successfully bumped revision number for resource cd36ea8f-3ab5-4454-8448-3346adf0f3df (type: router_ports) to 1
2026-07-24 18:40:59.229 9 INFO neutron.plugins.ml2.drivers.ovn.mech_driver.ovsdb.ovsdb_monitor [-] Router 66d02441-cc6e-45f9-a2f7-02bb05a54b50 is bound to host instance
2026-07-24 18:40:59.326 10 INFO neutron.db.ovn_revision_numbers_db [None req-a3e70ce7-e203-42dc-90f6-4fde161cb9f4 af6cf6b7229b4c9eace48dd4220164e4 8498dd98b53f466e81ae586547e94771 - - - -] Successfully bumped revision number for resource 66d02441-cc6e-45f9-a2f7-02bb05a54b50 (type: routers) to 3
2026-07-24 18:40:59.343 10 INFO neutron.wsgi [None req-a3e70ce7-e203-42dc-90f6-4fde161cb9f4 af6cf6b7229b4c9eace48dd4220164e4 8498dd98b53f466e81ae586547e94771 - - - -] 10.0.0.195 "POST /v2.0/routers HTTP/1.1" status: 201 len: 876 time: 1.6184955
2026-07-24 18:41:00.156 10 WARNING neutron.scheduler.dhcp_agent_scheduler [None req-20ce62b3-e388-4487-9210-0fc59c8ec098 af6cf6b7229b4c9eace48dd4220164e4 8498dd98b53f466e81ae586547e94771 - - default default] No more DHCP agents
2026-07-24 18:41:00.161 10 WARNING neutron.api.rpc.agentnotifiers.dhcp_rpc_agent_api [None req-20ce62b3-e388-4487-9210-0fc59c8ec098 af6cf6b7229b4c9eace48dd4220164e4 8498dd98b53f466e81ae586547e94771 - - default default] Unable to schedule network ee794dbf-bfe6-4087-870f-a49107e147c8: no agents available; will retry on subsequent port and subnet creation events.
2026-07-24 18:41:00.248 10 INFO neutron.db.ovn_revision_numbers_db [None req-5ca4f257-4dfa-4ace-973d-8b9424b79691 8343f55df6554dc3ba773080db0be8e8 56fc5372ffa34ab69fc24274d38e067d - - - -] Successfully bumped revision number for resource 46001f84-afef-4b5f-9366-d46546f62531 (type: security_groups) to 1
2026-07-24 18:41:00.320 10 INFO neutron.db.segments_db [None req-5ca4f257-4dfa-4ace-973d-8b9424b79691 8343f55df6554dc3ba773080db0be8e8 56fc5372ffa34ab69fc24274d38e067d - - - -] Added segment 315f692f-69fe-42be-8acb-31ad85dcd7c7 of type geneve for network b906d431-cdb3-4b69-8bbf-15b85c3f77ed
2026-07-24 18:41:00.322 10 INFO neutron.db.ovn_revision_numbers_db [None req-20ce62b3-e388-4487-9210-0fc59c8ec098 af6cf6b7229b4c9eace48dd4220164e4 8498dd98b53f466e81ae586547e94771 - - default default] Successfully bumped revision number for resource 45285d8e-6b04-409d-97d8-364cf2a48701 (type: ports) to 1
2026-07-24 18:41:00.335 9 INFO neutron.db.ovn_revision_numbers_db [None req-7083deb7-470e-4326-8686-049298363f73 eaaeccb8f689446daa83a60f680fd2a0 86c95d60a16e40d1807c8e0a816ceb57 - - - -] Successfully bumped revision number for resource d3cb0338-e731-4893-a0cb-29435adf894b (type: ports) to 2
2026-07-24 18:41:00.337 9 INFO neutron.db.ovn_revision_numbers_db [None req-a9d90697-cd75-43f2-ac10-7e597e44e17a - - - - - -] Successfully bumped revision number for resource cd36ea8f-3ab5-4454-8448-3346adf0f3df (type: ports) to 1
2026-07-24 18:41:00.359 9 INFO neutron.db.ovn_revision_numbers_db [None req-7083deb7-470e-4326-8686-049298363f73 eaaeccb8f689446daa83a60f680fd2a0 86c95d60a16e40d1807c8e0a816ceb57 - - - -] Successfully bumped revision number for resource c7e392fa-b039-49cb-9aaf-c01f94e1990c (type: subnets) to 1
2026-07-24 18:41:00.362 9 INFO neutron.wsgi [None req-7083deb7-470e-4326-8686-049298363f73 eaaeccb8f689446daa83a60f680fd2a0 86c95d60a16e40d1807c8e0a816ceb57 - - - -] 10.0.0.195 "PUT /v2.0/subnets/c7e392fa-b039-49cb-9aaf-c01f94e1990c HTTP/1.1" status: 200 len: 826 time: 1.3361349
2026-07-24 18:41:00.594 10 INFO neutron.db.ovn_revision_numbers_db [None req-5ca4f257-4dfa-4ace-973d-8b9424b79691 8343f55df6554dc3ba773080db0be8e8 56fc5372ffa34ab69fc24274d38e067d - - - -] Successfully bumped revision number for resource b906d431-cdb3-4b69-8bbf-15b85c3f77ed (type: networks) to 1
2026-07-24 18:41:00.674 9 INFO neutron.db.ovn_revision_numbers_db [None req-a9d90697-cd75-43f2-ac10-7e597e44e17a - - - - - -] Successfully bumped revision number for resource cd36ea8f-3ab5-4454-8448-3346adf0f3df (type: router_ports) to 3
2026-07-24 18:41:00.840 9 INFO neutron.db.ovn_revision_numbers_db [None req-a9d90697-cd75-43f2-ac10-7e597e44e17a - - - - - -] Successfully bumped revision number for resource cd36ea8f-3ab5-4454-8448-3346adf0f3df (type: ports) to 2
2026-07-24 18:41:00.993 10 WARNING neutron.scheduler.dhcp_agent_scheduler [None req-5ca4f257-4dfa-4ace-973d-8b9424b79691 8343f55df6554dc3ba773080db0be8e8 56fc5372ffa34ab69fc24274d38e067d - - - -] No more DHCP agents
2026-07-24 18:41:01.000 10 WARNING neutron.api.rpc.agentnotifiers.dhcp_rpc_agent_api [None req-5ca4f257-4dfa-4ace-973d-8b9424b79691 8343f55df6554dc3ba773080db0be8e8 56fc5372ffa34ab69fc24274d38e067d - - - -] Unable to schedule network b906d431-cdb3-4b69-8bbf-15b85c3f77ed: no agents available; will retry on subsequent port and subnet creation events.
2026-07-24 18:41:01.130 9 INFO neutron.db.ovn_revision_numbers_db [None req-a9d90697-cd75-43f2-ac10-7e597e44e17a - - - - - -] Successfully bumped revision number for resource cd36ea8f-3ab5-4454-8448-3346adf0f3df (type: ports) to 4
2026-07-24 18:41:01.149 10 INFO neutron.db.ovn_revision_numbers_db [None req-5ca4f257-4dfa-4ace-973d-8b9424b79691 8343f55df6554dc3ba773080db0be8e8 56fc5372ffa34ab69fc24274d38e067d - - - -] Successfully bumped revision number for resource e8f231ee-14e3-4ff3-ac4a-7ae5b87634c1 (type: ports) to 1
2026-07-24 18:41:01.211 10 INFO neutron.wsgi [None req-5ca4f257-4dfa-4ace-973d-8b9424b79691 8343f55df6554dc3ba773080db0be8e8 56fc5372ffa34ab69fc24274d38e067d - - - -] 10.0.0.195 "POST /v2.0/networks HTTP/1.1" status: 201 len: 841 time: 1.3525805
2026-07-24 18:41:01.281 10 INFO neutron.db.ovn_revision_numbers_db [None req-20ce62b3-e388-4487-9210-0fc59c8ec098 af6cf6b7229b4c9eace48dd4220164e4 8498dd98b53f466e81ae586547e94771 - - default default] Successfully bumped revision number for resource 45285d8e-6b04-409d-97d8-364cf2a48701 (type: router_ports) to 2
2026-07-24 18:41:01.430 10 INFO neutron.services.segments.plugin [-] Segment ddbbb7c4-daca-4b52-a2e2-7bad0459d652 resource provider aggregate not found
2026-07-24 18:41:01.435 10 INFO neutron.services.segments.plugin [-] Segment ddbbb7c4-daca-4b52-a2e2-7bad0459d652 resource provider aggregate not found
2026-07-24 18:41:01.461 10 INFO neutron.services.segments.plugin [-] Segment ddbbb7c4-daca-4b52-a2e2-7bad0459d652 resource provider not found; error: Placement Client Error (4xx): {"errors": [{"status": 404, "title": "Not Found", "detail": "The resource could not be found.\n\n No resource provider with uuid ddbbb7c4-daca-4b52-a2e2-7bad0459d652 found for delete ", "request_id": "req-9634a154-f065-4e1f-998b-7885d00c5bd0"}]}
2026-07-24 18:41:01.462 10 INFO neutron.services.segments.plugin [-] Segment ddbbb7c4-daca-4b52-a2e2-7bad0459d652 resource provider not found; error: Placement Client Error (4xx): {"errors": [{"status": 404, "title": "Not Found", "detail": "The resource could not be found.\n\n No resource provider with uuid ddbbb7c4-daca-4b52-a2e2-7bad0459d652 found for delete ", "request_id": "req-843ce074-eb5c-4345-8816-62c7423a4d1f"}]}
2026-07-24 18:41:01.505 9 INFO neutron.db.ovn_revision_numbers_db [None req-a9d90697-cd75-43f2-ac10-7e597e44e17a - - - - - -] Successfully bumped revision number for resource cd36ea8f-3ab5-4454-8448-3346adf0f3df (type: router_ports) to 4
2026-07-24 18:41:01.514 10 INFO neutron.wsgi [None req-eda7406f-9f84-483a-ba0e-bf1c649fb03f eaaeccb8f689446daa83a60f680fd2a0 86c95d60a16e40d1807c8e0a816ceb57 - - - -] 10.0.0.195 "DELETE /v2.0/networks/94ed1334-6f1a-4e28-bdaa-231d6663a81e HTTP/1.1" status: 204 len: 168 time: 1.1417842
2026-07-24 18:41:01.533 10 INFO neutron.db.ovn_revision_numbers_db [None req-20ce62b3-e388-4487-9210-0fc59c8ec098 af6cf6b7229b4c9eace48dd4220164e4 8498dd98b53f466e81ae586547e94771 - - default default] Successfully bumped revision number for resource 45285d8e-6b04-409d-97d8-364cf2a48701 (type: ports) to 2
2026-07-24 18:41:01.549 10 INFO neutron.pecan_wsgi.hooks.translation [None req-e1d2ade8-9d5a-4ee7-a68a-46d6ed896b0d eaaeccb8f689446daa83a60f680fd2a0 86c95d60a16e40d1807c8e0a816ceb57 - - - -] DELETE failed (client error): The resource could not be found.
2026-07-24 18:41:01.554 10 INFO neutron.wsgi [None req-e1d2ade8-9d5a-4ee7-a68a-46d6ed896b0d eaaeccb8f689446daa83a60f680fd2a0 86c95d60a16e40d1807c8e0a816ceb57 - - - -] 10.0.0.195 "DELETE /v2.0/networks/94ed1334-6f1a-4e28-bdaa-231d6663a81e HTTP/1.1" status: 404 len: 339 time: 0.0299218
2026-07-24 18:41:01.633 9 WARNING neutron.scheduler.dhcp_agent_scheduler [None req-3e16ff93-25c1-4681-bb7f-0a6890f4c9fa 8343f55df6554dc3ba773080db0be8e8 56fc5372ffa34ab69fc24274d38e067d - - - -] No more DHCP agents
2026-07-24 18:41:01.635 9 WARNING neutron.api.rpc.agentnotifiers.dhcp_rpc_agent_api [None req-3e16ff93-25c1-4681-bb7f-0a6890f4c9fa 8343f55df6554dc3ba773080db0be8e8 56fc5372ffa34ab69fc24274d38e067d - - - -] Unable to schedule network b906d431-cdb3-4b69-8bbf-15b85c3f77ed: no agents available; will retry on subsequent port and subnet creation events.
2026-07-24 18:41:01.702 10 INFO neutron.wsgi [None req-ce3c6fdc-4d05-470c-ba68-9b4d636bec79 eaaeccb8f689446daa83a60f680fd2a0 86c95d60a16e40d1807c8e0a816ceb57 - - default default] 10.0.0.195 "GET /v2.0/networks?router%3Aexternal=True HTTP/1.1" status: 200 len: 845 time: 0.1391392
2026-07-24 18:41:01.723 10 WARNING neutron.scheduler.dhcp_agent_scheduler [None req-20ce62b3-e388-4487-9210-0fc59c8ec098 af6cf6b7229b4c9eace48dd4220164e4 8498dd98b53f466e81ae586547e94771 - - default default] No more DHCP agents
2026-07-24 18:41:02.013 9 INFO neutron.wsgi [req-00cdeded-81bd-4e8e-b216-3e9f99038f51 req-67c84f4c-b342-4eb6-9f24-b798b0ae89b3 de74f2d4048c4ef78082d00e49736666 e2f20cd3df98453099bf504f9832b7c6 - - 6674caebc00f4e4b9a9fcb8cf9107f20 6674caebc00f4e4b9a9fcb8cf9107f20] 10.0.0.225 "GET /v2.0/ports?device_id=b793e446-ce12-4b63-937c-25862543f84a HTTP/1.1" status: 200 len: 1365 time: 0.1617215
2026-07-24 18:41:02.040 10 WARNING neutron.api.rpc.agentnotifiers.dhcp_rpc_agent_api [None req-20ce62b3-e388-4487-9210-0fc59c8ec098 af6cf6b7229b4c9eace48dd4220164e4 8498dd98b53f466e81ae586547e94771 - - default default] Unable to schedule network ee794dbf-bfe6-4087-870f-a49107e147c8: no agents available; will retry on subsequent port and subnet creation events.
2026-07-24 18:41:02.074 9 INFO neutron.wsgi [req-00cdeded-81bd-4e8e-b216-3e9f99038f51 req-04373fc5-a162-4352-b3db-f47b6b2790b8 de74f2d4048c4ef78082d00e49736666 e2f20cd3df98453099bf504f9832b7c6 - - 6674caebc00f4e4b9a9fcb8cf9107f20 6674caebc00f4e4b9a9fcb8cf9107f20] 10.0.0.225 "GET /v2.0/security-groups?id=272b809d-f6da-4a71-baf4-3f303412ff3f&fields=id&fields=name HTTP/1.1" status: 200 len: 313 time: 0.0553715
2026-07-24 18:41:02.082 10 INFO neutron.wsgi [None req-ae331d4c-fde5-455b-a5c1-252714bf9d31 eaaeccb8f689446daa83a60f680fd2a0 86c95d60a16e40d1807c8e0a816ceb57 - - default default] 10.0.0.195 "GET /v2.0/subnets?network_id=9edd62f8-6081-4780-bbb7-f7b6619461a6 HTTP/1.1" status: 200 len: 820 time: 0.3733549
2026-07-24 18:41:02.084 10 INFO neutron.plugins.ml2.drivers.ovn.mech_driver.mech_driver [None req-7df97af8-123e-4e21-8433-8871f533c43c - - - - - -] OVN reports status up for port: 45285d8e-6b04-409d-97d8-364cf2a48701
2026-07-24 18:41:02.100 10 INFO neutron.wsgi [None req-c45b96eb-a578-45fa-8a4a-4c92406f0e5d eaaeccb8f689446daa83a60f680fd2a0 86c95d60a16e40d1807c8e0a816ceb57 - - default default] 10.0.0.195 "GET /v2.0/extensions HTTP/1.1" status: 200 len: 16520 time: 0.0098367
2026-07-24 18:41:02.103 10 INFO neutron.plugins.ml2.plugin [None req-7df97af8-123e-4e21-8433-8871f533c43c - - - - - -] Attempt 1 to provision port 45285d8e-6b04-409d-97d8-364cf2a48701
2026-07-24 18:41:02.499 9 INFO neutron.wsgi [None req-d5aa7203-d6bc-4397-b372-d4a4fc5052ec eaaeccb8f689446daa83a60f680fd2a0 86c95d60a16e40d1807c8e0a816ceb57 - - default default] 10.0.0.195 "GET /v2.0/networks HTTP/1.1" status: 200 len: 1507 time: 0.3905854
2026-07-24 18:41:02.504 10 INFO neutron.db.ovn_revision_numbers_db [None req-7df97af8-123e-4e21-8433-8871f533c43c - - - - - -] Successfully bumped revision number for resource 45285d8e-6b04-409d-97d8-364cf2a48701 (type: ports) to 3
2026-07-24 18:41:02.554 9 INFO neutron.wsgi [None req-a7ef786d-46fd-4ee3-9b20-e80c78fbc387 eaaeccb8f689446daa83a60f680fd2a0 86c95d60a16e40d1807c8e0a816ceb57 - - default default] 10.0.0.195 "GET /v2.0/subnets HTTP/1.1" status: 200 len: 1460 time: 0.0468915
2026-07-24 18:41:02.650 9 INFO neutron.wsgi [None req-83148d8c-990c-473b-82cb-9d9b9064c1f6 eaaeccb8f689446daa83a60f680fd2a0 86c95d60a16e40d1807c8e0a816ceb57 - - default default] 10.0.0.195 "GET /v2.0/networks/cef6b4e5-d6da-420d-82f3-91a5f7b90671 HTTP/1.1" status: 200 len: 866 time: 0.0882308
2026-07-24 18:41:02.672 9 INFO neutron.db.ovn_revision_numbers_db [None req-3e16ff93-25c1-4681-bb7f-0a6890f4c9fa 8343f55df6554dc3ba773080db0be8e8 56fc5372ffa34ab69fc24274d38e067d - - - -] Successfully bumped revision number for resource e8f231ee-14e3-4ff3-ac4a-7ae5b87634c1 (type: ports) to 2
