2026-07-24 18:43:26.029 9 INFO neutron.db.ovn_revision_numbers_db [None req-115b51c2-ded6-4ee8-9f8e-b4223ecf64ab 538321cac898429bb2539ce7fed99b47 364c89a0ef894eefa7704d8a55391be7 - - - -] Successfully bumped revision number for resource a98f4188-7960-4911-bb1a-54a3bb13435c (type: security_groups) to 1
2026-07-24 18:43:26.115 9 INFO neutron.db.ovn_revision_numbers_db [None req-115b51c2-ded6-4ee8-9f8e-b4223ecf64ab 538321cac898429bb2539ce7fed99b47 364c89a0ef894eefa7704d8a55391be7 - - - -] Successfully bumped revision number for resource 3a7c19d1-26f7-40b3-bec7-49d98e79d072 (type: security_groups) to 1
2026-07-24 18:43:26.141 9 INFO neutron.wsgi [None req-115b51c2-ded6-4ee8-9f8e-b4223ecf64ab 538321cac898429bb2539ce7fed99b47 364c89a0ef894eefa7704d8a55391be7 - - - -] 10.0.0.195 "POST /v2.0/security-groups HTTP/1.1" status: 201 len: 1737 time: 0.4493411
2026-07-24 18:43:26.264 10 INFO neutron.db.ovn_revision_numbers_db [None req-3cc239e1-e734-44fc-8a60-0d5f12c0473b 538321cac898429bb2539ce7fed99b47 364c89a0ef894eefa7704d8a55391be7 - - - -] Successfully bumped revision number for resource f68da12d-03a0-406f-b78f-e9d27bab3fa5 (type: security_groups) to 1
2026-07-24 18:43:26.295 10 INFO neutron.wsgi [None req-3cc239e1-e734-44fc-8a60-0d5f12c0473b 538321cac898429bb2539ce7fed99b47 364c89a0ef894eefa7704d8a55391be7 - - - -] 10.0.0.195 "POST /v2.0/security-groups HTTP/1.1" status: 201 len: 1737 time: 0.1475899
2026-07-24 18:43:26.405 10 INFO neutron.db.ovn_revision_numbers_db [None req-c6349eed-f69d-42dc-bf93-537b77f69c78 af6cf6b7229b4c9eace48dd4220164e4 8498dd98b53f466e81ae586547e94771 - - default default] Successfully bumped revision number for resource 62853a17-cb81-4e79-b34d-f0fa24d50bed (type: security_groups) to 1
2026-07-24 18:43:26.421 9 INFO neutron.db.ovn_revision_numbers_db [None req-0722116d-6701-4868-995b-15e8b63ed4c6 538321cac898429bb2539ce7fed99b47 364c89a0ef894eefa7704d8a55391be7 - - - -] Successfully bumped revision number for resource e6cf13bb-ea2e-4d23-a34f-2857a95e6d1b (type: security_groups) to 1
2026-07-24 18:43:26.427 10 INFO neutron.wsgi [None req-c6349eed-f69d-42dc-bf93-537b77f69c78 af6cf6b7229b4c9eace48dd4220164e4 8498dd98b53f466e81ae586547e94771 - - default default] 10.0.0.195 "GET /v2.0/security-groups?tenant_id=6d619462b34e41cfbe95a861e82b97fe&name=default HTTP/1.1" status: 200 len: 2996 time: 0.2945049
2026-07-24 18:43:26.443 9 INFO neutron.wsgi [None req-0722116d-6701-4868-995b-15e8b63ed4c6 538321cac898429bb2539ce7fed99b47 364c89a0ef894eefa7704d8a55391be7 - - - -] 10.0.0.195 "POST /v2.0/security-groups HTTP/1.1" status: 201 len: 1737 time: 0.1417813
2026-07-24 18:43:26.584 10 INFO neutron.db.ovn_revision_numbers_db [None req-a32c35dc-2085-46a7-a33f-488959d51f3a 538321cac898429bb2539ce7fed99b47 364c89a0ef894eefa7704d8a55391be7 - - - -] Successfully bumped revision number for resource bc66a447-8bdf-44bc-8600-adf7cfe87792 (type: security_groups) to 1
2026-07-24 18:43:26.614 10 INFO neutron.wsgi [None req-a32c35dc-2085-46a7-a33f-488959d51f3a 538321cac898429bb2539ce7fed99b47 364c89a0ef894eefa7704d8a55391be7 - - - -] 10.0.0.195 "POST /v2.0/security-groups HTTP/1.1" status: 201 len: 1737 time: 0.1642542
2026-07-24 18:43:26.683 10 INFO neutron.wsgi [None req-d88d9302-203c-45d7-aad3-3631b7e0133e af6cf6b7229b4c9eace48dd4220164e4 8498dd98b53f466e81ae586547e94771 - - - -] 10.0.0.195 "DELETE /v2.0/security-groups/62853a17-cb81-4e79-b34d-f0fa24d50bed HTTP/1.1" status: 204 len: 168 time: 0.2512956
2026-07-24 18:43:26.734 10 INFO neutron.db.ovn_revision_numbers_db [None req-5e413f6b-14b5-4d97-9b7d-8e32d1487cef 538321cac898429bb2539ce7fed99b47 364c89a0ef894eefa7704d8a55391be7 - - - -] Successfully bumped revision number for resource c03f23cb-5c23-4ca6-93cd-8ee87a9876e6 (type: security_groups) to 1
2026-07-24 18:43:26.764 10 INFO neutron.wsgi [None req-5e413f6b-14b5-4d97-9b7d-8e32d1487cef 538321cac898429bb2539ce7fed99b47 364c89a0ef894eefa7704d8a55391be7 - - - -] 10.0.0.195 "POST /v2.0/security-groups HTTP/1.1" status: 201 len: 1737 time: 0.1453061
2026-07-24 18:43:26.805 10 INFO neutron.wsgi [None req-4387105f-ef86-4b8b-9a1b-ebc53a9bf528 538321cac898429bb2539ce7fed99b47 364c89a0ef894eefa7704d8a55391be7 - - - -] 10.0.0.195 "PUT /v2.0/security-groups/3a7c19d1-26f7-40b3-bec7-49d98e79d072/tags HTTP/1.1" status: 200 len: 210 time: 0.0357931
2026-07-24 18:43:26.843 10 INFO neutron.wsgi [None req-5bbd7d0c-6df0-4eeb-a8f5-42cb753b8628 538321cac898429bb2539ce7fed99b47 364c89a0ef894eefa7704d8a55391be7 - - - -] 10.0.0.195 "PUT /v2.0/security-groups/f68da12d-03a0-406f-b78f-e9d27bab3fa5/tags HTTP/1.1" status: 200 len: 218 time: 0.0318274
2026-07-24 18:43:26.879 9 INFO neutron.wsgi [None req-f6a29ac9-fe6e-492b-9e82-2cafd8ea70cf 538321cac898429bb2539ce7fed99b47 364c89a0ef894eefa7704d8a55391be7 - - - -] 10.0.0.195 "PUT /v2.0/security-groups/e6cf13bb-ea2e-4d23-a34f-2857a95e6d1b/tags HTTP/1.1" status: 200 len: 227 time: 0.0320461
2026-07-24 18:43:26.908 9 INFO neutron.wsgi [None req-82916d68-c99c-4ca3-8046-c1af53b6f406 538321cac898429bb2539ce7fed99b47 364c89a0ef894eefa7704d8a55391be7 - - - -] 10.0.0.195 "PUT /v2.0/security-groups/bc66a447-8bdf-44bc-8600-adf7cfe87792/tags HTTP/1.1" status: 200 len: 212 time: 0.0238481
2026-07-24 18:43:26.956 9 INFO neutron.db.ovn_revision_numbers_db [None req-3acd8053-b633-4536-bb51-23f190dd9013 af6cf6b7229b4c9eace48dd4220164e4 8498dd98b53f466e81ae586547e94771 - - default default] Successfully bumped revision number for resource 2f3796f2-b646-431d-ac7d-d885aadce83e (type: security_groups) to 1
2026-07-24 18:43:26.982 9 INFO neutron.wsgi [None req-25a9b835-758e-40f7-a01d-b79a2a1bc55b 538321cac898429bb2539ce7fed99b47 364c89a0ef894eefa7704d8a55391be7 - - default default] 10.0.0.195 "GET /v2.0/security-groups?tags=red HTTP/1.1" status: 200 len: 4813 time: 0.0678079
2026-07-24 18:43:26.986 9 INFO neutron.wsgi [None req-3acd8053-b633-4536-bb51-23f190dd9013 af6cf6b7229b4c9eace48dd4220164e4 8498dd98b53f466e81ae586547e94771 - - default default] 10.0.0.195 "GET /v2.0/security-groups?tenant_id=faa9492e20e348feaaed5e774ac4a2b8&name=default HTTP/1.1" status: 200 len: 2996 time: 0.1527457
2026-07-24 18:43:27.026 9 INFO neutron.wsgi [None req-5cc3ab99-d759-4599-9714-b6c187cd8be8 538321cac898429bb2539ce7fed99b47 364c89a0ef894eefa7704d8a55391be7 - - default default] 10.0.0.195 "GET /v2.0/security-groups?tags=red%2Cblue HTTP/1.1" status: 200 len: 3289 time: 0.0372183
2026-07-24 18:43:27.066 9 INFO neutron.wsgi [None req-78f953c6-e370-4ba1-8bcf-d8b572d2b645 538321cac898429bb2539ce7fed99b47 364c89a0ef894eefa7704d8a55391be7 - - default default] 10.0.0.195 "GET /v2.0/security-groups?tags-any=blue HTTP/1.1" status: 200 len: 3289 time: 0.0349829
2026-07-24 18:43:27.108 9 INFO neutron.wsgi [None req-574bdcb0-fb90-4220-95b7-0e6d8ed32d14 538321cac898429bb2539ce7fed99b47 364c89a0ef894eefa7704d8a55391be7 - - default default] 10.0.0.195 "GET /v2.0/security-groups?tags-any=red%2Cblue HTTP/1.1" status: 200 len: 4813 time: 0.0373709
2026-07-24 18:43:27.156 9 INFO neutron.wsgi [None req-5dd82fc4-e4da-4d1b-8837-8289a8c1d550 538321cac898429bb2539ce7fed99b47 364c89a0ef894eefa7704d8a55391be7 - - default default] 10.0.0.195 "GET /v2.0/security-groups?not-tags=red HTTP/1.1" status: 200 len: 6041 time: 0.0414405
2026-07-24 18:43:27.198 10 INFO neutron.wsgi [None req-2f1e8cc3-c80e-4821-96d1-471687fc04a8 af6cf6b7229b4c9eace48dd4220164e4 8498dd98b53f466e81ae586547e94771 - - - -] 10.0.0.195 "DELETE /v2.0/security-groups/2f3796f2-b646-431d-ac7d-d885aadce83e HTTP/1.1" status: 204 len: 168 time: 0.2064762
2026-07-24 18:43:27.226 9 INFO neutron.wsgi [None req-29b78d0c-1bd3-47c4-827d-e4e22ff15de6 538321cac898429bb2539ce7fed99b47 364c89a0ef894eefa7704d8a55391be7 - - default default] 10.0.0.195 "GET /v2.0/security-groups?not-tags=red%2Cblue HTTP/1.1" status: 200 len: 7565 time: 0.0630093
2026-07-24 18:43:27.303 9 INFO neutron.wsgi [None req-90bb1c81-8ae2-4408-8941-f7079bef90d6 538321cac898429bb2539ce7fed99b47 364c89a0ef894eefa7704d8a55391be7 - - default default] 10.0.0.195 "GET /v2.0/security-groups?not-tags-any=blue HTTP/1.1" status: 200 len: 7565 time: 0.0662248
2026-07-24 18:43:27.361 9 INFO neutron.wsgi [None req-c2a1bd5f-4507-46cd-b540-7df75564ddb1 538321cac898429bb2539ce7fed99b47 364c89a0ef894eefa7704d8a55391be7 - - default default] 10.0.0.195 "GET /v2.0/security-groups?not-tags-any=red%2Cblue HTTP/1.1" status: 200 len: 6041 time: 0.0534034
2026-07-24 18:43:27.510 9 INFO neutron.wsgi [None req-a564c1b2-2fa0-4fd7-b9b6-59b81543b3e6 538321cac898429bb2539ce7fed99b47 364c89a0ef894eefa7704d8a55391be7 - - - -] 10.0.0.195 "DELETE /v2.0/security-groups/3a7c19d1-26f7-40b3-bec7-49d98e79d072 HTTP/1.1" status: 204 len: 168 time: 0.1422818
2026-07-24 18:43:27.640 9 INFO neutron.wsgi [None req-a497a552-e56b-4b75-b041-8a808b63d164 538321cac898429bb2539ce7fed99b47 364c89a0ef894eefa7704d8a55391be7 - - - -] 10.0.0.195 "DELETE /v2.0/security-groups/f68da12d-03a0-406f-b78f-e9d27bab3fa5 HTTP/1.1" status: 204 len: 168 time: 0.1236789
2026-07-24 18:43:27.810 9 INFO neutron.wsgi [None req-2466629d-a75e-40bd-9cc2-c8aecb1ba61e 538321cac898429bb2539ce7fed99b47 364c89a0ef894eefa7704d8a55391be7 - - - -] 10.0.0.195 "DELETE /v2.0/security-groups/e6cf13bb-ea2e-4d23-a34f-2857a95e6d1b HTTP/1.1" status: 204 len: 168 time: 0.1625822
2026-07-24 18:43:27.930 9 INFO neutron.wsgi [None req-4b60d3db-ccb7-4a2b-8a64-ff953088a4eb 538321cac898429bb2539ce7fed99b47 364c89a0ef894eefa7704d8a55391be7 - - - -] 10.0.0.195 "DELETE /v2.0/security-groups/bc66a447-8bdf-44bc-8600-adf7cfe87792 HTTP/1.1" status: 204 len: 168 time: 0.1128929
2026-07-24 18:43:28.055 10 INFO neutron.wsgi [None req-6bca2680-e935-47bb-8def-b024b50f9134 538321cac898429bb2539ce7fed99b47 364c89a0ef894eefa7704d8a55391be7 - - - -] 10.0.0.195 "DELETE /v2.0/security-groups/c03f23cb-5c23-4ca6-93cd-8ee87a9876e6 HTTP/1.1" status: 204 len: 168 time: 0.1177728
2026-07-24 18:43:29.262 9 INFO neutron.db.ovn_revision_numbers_db [None req-d84a2e9d-6143-4bd3-9461-bed75b7fed34 af6cf6b7229b4c9eace48dd4220164e4 8498dd98b53f466e81ae586547e94771 - - default default] Successfully bumped revision number for resource e8a851dd-5fda-4763-95ad-82461ce1dd9d (type: security_groups) to 1
2026-07-24 18:43:29.285 9 INFO neutron.wsgi [None req-d84a2e9d-6143-4bd3-9461-bed75b7fed34 af6cf6b7229b4c9eace48dd4220164e4 8498dd98b53f466e81ae586547e94771 - - default default] 10.0.0.195 "GET /v2.0/security-groups?tenant_id=4ff3956c21fc49bdb53d29260e4a0149&name=default HTTP/1.1" status: 200 len: 2996 time: 0.2822230
2026-07-24 18:43:29.452 9 INFO neutron.wsgi [None req-d5aa6780-ab4d-4d34-960d-926c5e2c6634 af6cf6b7229b4c9eace48dd4220164e4 8498dd98b53f466e81ae586547e94771 - - - -] 10.0.0.195 "DELETE /v2.0/security-groups/e8a851dd-5fda-4763-95ad-82461ce1dd9d HTTP/1.1" status: 204 len: 168 time: 0.1601574
2026-07-24 18:43:29.709 9 INFO neutron.db.ovn_revision_numbers_db [None req-3b71bf73-bd63-443a-8b4d-16f854559000 af6cf6b7229b4c9eace48dd4220164e4 8498dd98b53f466e81ae586547e94771 - - default default] Successfully bumped revision number for resource e71d67c4-f419-4983-bcf8-c2ac0ecb103b (type: security_groups) to 1
2026-07-24 18:43:29.747 9 INFO neutron.wsgi [None req-3b71bf73-bd63-443a-8b4d-16f854559000 af6cf6b7229b4c9eace48dd4220164e4 8498dd98b53f466e81ae586547e94771 - - default default] 10.0.0.195 "GET /v2.0/security-groups?tenant_id=14d893bec4a940a4b967bc8c0dc27aa5&name=default HTTP/1.1" status: 200 len: 2996 time: 0.1685090
2026-07-24 18:43:29.979 10 INFO neutron.wsgi [None req-98571c06-c460-44f1-b275-a732481f425a af6cf6b7229b4c9eace48dd4220164e4 8498dd98b53f466e81ae586547e94771 - - - -] 10.0.0.195 "DELETE /v2.0/security-groups/e71d67c4-f419-4983-bcf8-c2ac0ecb103b HTTP/1.1" status: 204 len: 168 time: 0.2250776
2026-07-24 18:43:29.987 10 INFO neutron.db.ovn_revision_numbers_db [None req-4c3bf7d1-804d-4243-a756-dcc897e562b1 af6cf6b7229b4c9eace48dd4220164e4 8498dd98b53f466e81ae586547e94771 - - default default] Successfully bumped revision number for resource 2c01c256-c20f-4b0d-9ef6-66a9c3d69c23 (type: security_groups) to 1
2026-07-24 18:43:30.007 10 INFO neutron.wsgi [None req-4c3bf7d1-804d-4243-a756-dcc897e562b1 af6cf6b7229b4c9eace48dd4220164e4 8498dd98b53f466e81ae586547e94771 - - default default] 10.0.0.195 "GET /v2.0/security-groups?tenant_id=f38cd52c7ea34ecf962fb7ce4e47e189&name=default HTTP/1.1" status: 200 len: 2996 time: 0.2624824
2026-07-24 18:43:30.123 10 INFO neutron.wsgi [None req-f3f9fa5f-2f4b-4fda-823e-e749f336e32a af6cf6b7229b4c9eace48dd4220164e4 8498dd98b53f466e81ae586547e94771 - - default default] 10.0.0.195 "GET /v2.0/security-groups?tenant_id=364c89a0ef894eefa7704d8a55391be7&name=default HTTP/1.1" status: 200 len: 2996 time: 0.0340233
2026-07-24 18:43:30.248 9 INFO neutron.wsgi [None req-0bff418f-5194-46ec-8b8d-fa3335937677 af6cf6b7229b4c9eace48dd4220164e4 8498dd98b53f466e81ae586547e94771 - - - -] 10.0.0.195 "DELETE /v2.0/security-groups/2c01c256-c20f-4b0d-9ef6-66a9c3d69c23 HTTP/1.1" status: 204 len: 168 time: 0.2301683
2026-07-24 18:43:30.364 10 INFO neutron.wsgi [None req-6b1ccb9f-e4b4-4d34-84de-b0f52f53d7d0 af6cf6b7229b4c9eace48dd4220164e4 8498dd98b53f466e81ae586547e94771 - - - -] 10.0.0.195 "DELETE /v2.0/security-groups/a98f4188-7960-4911-bb1a-54a3bb13435c HTTP/1.1" status: 204 len: 168 time: 0.2285099
2026-07-24 18:43:30.558 10 INFO neutron.db.ovn_revision_numbers_db [None req-c3504ddd-2786-45b1-8fa2-3b3a3d540bf7 af6cf6b7229b4c9eace48dd4220164e4 8498dd98b53f466e81ae586547e94771 - - default default] Successfully bumped revision number for resource d1dbf33d-5b38-40e1-b987-93f85b2ac5da (type: security_groups) to 1
2026-07-24 18:43:30.586 10 INFO neutron.wsgi [None req-c3504ddd-2786-45b1-8fa2-3b3a3d540bf7 af6cf6b7229b4c9eace48dd4220164e4 8498dd98b53f466e81ae586547e94771 - - default default] 10.0.0.195 "GET /v2.0/security-groups?tenant_id=de4c8fc7470c4dbaa013eea2488aa958&name=default HTTP/1.1" status: 200 len: 2996 time: 0.1287963
2026-07-24 18:43:30.849 10 INFO neutron.wsgi [None req-b9ea14c3-9dc6-4c53-a70d-b9ed937e4469 af6cf6b7229b4c9eace48dd4220164e4 8498dd98b53f466e81ae586547e94771 - - - -] 10.0.0.195 "DELETE /v2.0/security-groups/d1dbf33d-5b38-40e1-b987-93f85b2ac5da HTTP/1.1" status: 204 len: 168 time: 0.2561944
2026-07-24 18:43:30.970 10 INFO neutron.wsgi [req-991abd16-3c89-411b-a8a4-f60ba1648ef9 req-f8396e70-dccb-4a42-a45d-01b9e61c35fc c8e9c6876d214fc4a78e1a26c0aa3db1 4c63e8f5982148a8892ff11c7f90d26c - - default default] 10.0.0.3 "GET /v2.0/ports?device_id=9e1cfca4-e41b-4762-8413-c7c4dbbf1138 HTTP/1.1" status: 200 len: 1210 time: 0.0920572
2026-07-24 18:43:31.029 10 INFO neutron.wsgi [req-991abd16-3c89-411b-a8a4-f60ba1648ef9 req-748b24cc-0a70-4b77-83ed-47a0f96a89ec c8e9c6876d214fc4a78e1a26c0aa3db1 4c63e8f5982148a8892ff11c7f90d26c - - default default] 10.0.0.3 "GET /v2.0/security-groups?id=4d4cf0e5-0458-4c82-89d0-187697c2f702&id=45decb29-5f4d-4551-b281-e766d9501beb&fields=id&fields=name HTTP/1.1" status: 200 len: 406 time: 0.0495894
2026-07-24 18:43:31.280 10 INFO neutron.wsgi [None req-6a5b17bb-6db6-478e-9db1-bda91d118eb5 4910e2ba0a8c44d4aa8bfb120d55137a e6a6d8cafc8743cc8d2835e904abe399 - - default default] 10.0.0.195 "GET /v2.0/ports?device_id=9e1cfca4-e41b-4762-8413-c7c4dbbf1138 HTTP/1.1" status: 200 len: 1395 time: 0.2239342
2026-07-24 18:43:31.375 10 INFO neutron.wsgi [None req-b0b8e5ec-558f-4866-a3c4-e6c597f4ae32 c8e9c6876d214fc4a78e1a26c0aa3db1 4c63e8f5982148a8892ff11c7f90d26c - - default default] 10.0.0.195 "GET /v2.0/floatingips?floating_network_id=9edd62f8-6081-4780-bbb7-f7b6619461a6&port_id=3d37e205-0d6a-482c-b925-3fb15e024925 HTTP/1.1" status: 200 len: 1054 time: 0.0891325
2026-07-24 18:43:31.490 9 INFO neutron.db.ovn_revision_numbers_db [None req-13e0c27e-ef54-41c9-9709-c30fe914d582 af6cf6b7229b4c9eace48dd4220164e4 8498dd98b53f466e81ae586547e94771 - - default default] Successfully bumped revision number for resource 1091c7ce-dfba-46ec-b119-529194dedcd9 (type: security_groups) to 1
2026-07-24 18:43:31.517 9 INFO neutron.wsgi [None req-13e0c27e-ef54-41c9-9709-c30fe914d582 af6cf6b7229b4c9eace48dd4220164e4 8498dd98b53f466e81ae586547e94771 - - default default] 10.0.0.195 "GET /v2.0/security-groups?tenant_id=06354a8ca9f44f6ea2bae4ad551decfd&name=default HTTP/1.1" status: 200 len: 2996 time: 0.1872485
2026-07-24 18:43:31.658 9 INFO neutron.wsgi [req-c9351e6e-641a-45fd-aa87-6c665e312c52 req-ca4cd731-b2e2-4854-8372-654b19f4a89e de74f2d4048c4ef78082d00e49736666 e2f20cd3df98453099bf504f9832b7c6 - - 6674caebc00f4e4b9a9fcb8cf9107f20 6674caebc00f4e4b9a9fcb8cf9107f20] 10.0.0.225 "GET /v2.0/ports?device_id=9e1cfca4-e41b-4762-8413-c7c4dbbf1138 HTTP/1.1" status: 200 len: 1400 time: 0.0609229
2026-07-24 18:43:31.733 9 INFO neutron.wsgi [req-c9351e6e-641a-45fd-aa87-6c665e312c52 req-7065547b-a5cf-4848-bdd4-c3f1f1403501 de74f2d4048c4ef78082d00e49736666 e2f20cd3df98453099bf504f9832b7c6 - - 6674caebc00f4e4b9a9fcb8cf9107f20 6674caebc00f4e4b9a9fcb8cf9107f20] 10.0.0.225 "GET /v2.0/security-groups?id=4d4cf0e5-0458-4c82-89d0-187697c2f702&id=45decb29-5f4d-4551-b281-e766d9501beb&fields=id&fields=name HTTP/1.1" status: 200 len: 406 time: 0.0671585
2026-07-24 18:43:31.807 9 INFO neutron.wsgi [None req-4862afe0-6418-4df1-a8e6-ea74a922b91f af6cf6b7229b4c9eace48dd4220164e4 8498dd98b53f466e81ae586547e94771 - - - -] 10.0.0.195 "DELETE /v2.0/security-groups/1091c7ce-dfba-46ec-b119-529194dedcd9 HTTP/1.1" status: 204 len: 168 time: 0.2834959
2026-07-24 18:43:33.851 10 INFO neutron.wsgi [req-d5e0c380-0413-4b19-8c3f-1afe71acb4a6 req-a20f4f27-f19f-4a31-9e58-4d7ec0161e21 c8e9c6876d214fc4a78e1a26c0aa3db1 4c63e8f5982148a8892ff11c7f90d26c - - default default] 10.0.0.3 "GET /v2.0/ports?device_id=9e1cfca4-e41b-4762-8413-c7c4dbbf1138 HTTP/1.1" status: 200 len: 1210 time: 0.0367990
2026-07-24 18:43:33.871 10 INFO neutron.plugins.ml2.drivers.ovn.mech_driver.mech_driver [None req-7df97af8-123e-4e21-8433-8871f533c43c - - - - - -] OVN reports status down for port: 3d37e205-0d6a-482c-b925-3fb15e024925
2026-07-24 18:43:33.914 10 INFO neutron.wsgi [req-d5e0c380-0413-4b19-8c3f-1afe71acb4a6 req-7452e0d6-5ede-427d-b7a2-e8c84853a2a9 c8e9c6876d214fc4a78e1a26c0aa3db1 4c63e8f5982148a8892ff11c7f90d26c - - default default] 10.0.0.3 "GET /v2.0/security-groups?id=4d4cf0e5-0458-4c82-89d0-187697c2f702&id=45decb29-5f4d-4551-b281-e766d9501beb&fields=id&fields=name HTTP/1.1" status: 200 len: 406 time: 0.0583050
2026-07-24 18:43:34.016 10 INFO neutron.notifiers.nova [-] Nova event matching ['req-9dd60446-1b49-40b8-a97d-d31bf6cae6b1'] response: {'server_uuid': '9e1cfca4-e41b-4762-8413-c7c4dbbf1138', 'name': 'network-vif-unplugged', 'status': 'completed', 'tag': '3d37e205-0d6a-482c-b925-3fb15e024925', 'code': 200}
2026-07-24 18:43:34.157 10 INFO neutron.db.ovn_revision_numbers_db [None req-7df97af8-123e-4e21-8433-8871f533c43c - - - - - -] Successfully bumped revision number for resource 3d37e205-0d6a-482c-b925-3fb15e024925 (type: ports) to 5
2026-07-24 18:43:34.282 9 INFO neutron.wsgi [req-f35d22a5-a8ac-41c8-bb46-c6665b0bee22 req-7741bafe-e9dd-461e-acbd-031a6edf0db9 c8e9c6876d214fc4a78e1a26c0aa3db1 4c63e8f5982148a8892ff11c7f90d26c - - default default] 199.19.213.152 "GET /v2.0/ports?device_id=9e1cfca4-e41b-4762-8413-c7c4dbbf1138 HTTP/1.1" status: 200 len: 1208 time: 0.1200874
2026-07-24 18:43:34.693 9 INFO neutron.db.l3_db [None req-5956ec0c-33ca-4a5f-847a-7119c7096576 c8e9c6876d214fc4a78e1a26c0aa3db1 4c63e8f5982148a8892ff11c7f90d26c - - - -] Floating IP b166ab4d-13d7-40e1-a003-786d9ab60555 disassociated. External IP: 10.96.250.208, port: 3d37e205-0d6a-482c-b925-3fb15e024925.
2026-07-24 18:43:34.918 9 INFO neutron.wsgi [None req-5956ec0c-33ca-4a5f-847a-7119c7096576 c8e9c6876d214fc4a78e1a26c0aa3db1 4c63e8f5982148a8892ff11c7f90d26c - - - -] 199.19.213.152 "DELETE /v2.0/ports/3d37e205-0d6a-482c-b925-3fb15e024925 HTTP/1.1" status: 204 len: 173 time: 0.6290302
2026-07-24 18:43:34.988 9 INFO neutron.notifiers.nova [-] Nova event matching ['req-96aea3df-2a2c-4232-9660-c0a03cdbc76d'] response: {'server_uuid': '9e1cfca4-e41b-4762-8413-c7c4dbbf1138', 'name': 'network-vif-deleted', 'tag': '3d37e205-0d6a-482c-b925-3fb15e024925', 'status': 'completed', 'code': 200} /var/lib/openstack/lib/python3.10/site-packages/pycadf/identifier.py:71: UserWarning: Invalid uuid: neutron. To ensure interoperability, identifiers should be a valid uuid. warnings.warn(('Invalid uuid: %s. To ensure interoperability, '
2026-07-24 18:43:35.045 10 INFO neutron.wsgi [req-480dde41-0978-43f4-a852-7a2000578c83 req-a7b04087-9d99-43c3-b4c0-157c1afa3bad c8e9c6876d214fc4a78e1a26c0aa3db1 4c63e8f5982148a8892ff11c7f90d26c - - default default] 10.0.0.3 "GET /v2.0/ports?device_id=9e1cfca4-e41b-4762-8413-c7c4dbbf1138 HTTP/1.1" status: 200 len: 210 time: 0.0445015
2026-07-24 18:43:35.184 10 INFO neutron.db.ovn_revision_numbers_db [None req-8761ba63-3ea2-4db6-9681-3c1899ddc572 7a83ed4a592d4d49ae30d75ced420a1e e9eb162d4cd547eebfdef7b619fac982 - - - -] Successfully bumped revision number for resource 46ae08f5-3975-453f-90d5-b22ae6dc7cba (type: security_groups) to 1
2026-07-24 18:43:35.252 10 INFO neutron.db.segments_db [None req-8761ba63-3ea2-4db6-9681-3c1899ddc572 7a83ed4a592d4d49ae30d75ced420a1e e9eb162d4cd547eebfdef7b619fac982 - - - -] Added segment d017116b-d4f8-438f-b77d-31e7345ae3b4 of type geneve for network 71d1eab9-8c40-40ab-b279-fc432bb40632
2026-07-24 18:43:35.432 10 INFO neutron.db.ovn_revision_numbers_db [None req-8761ba63-3ea2-4db6-9681-3c1899ddc572 7a83ed4a592d4d49ae30d75ced420a1e e9eb162d4cd547eebfdef7b619fac982 - - - -] Successfully bumped revision number for resource 71d1eab9-8c40-40ab-b279-fc432bb40632 (type: networks) to 1
2026-07-24 18:43:35.680 10 WARNING neutron.scheduler.dhcp_agent_scheduler [None req-8761ba63-3ea2-4db6-9681-3c1899ddc572 7a83ed4a592d4d49ae30d75ced420a1e e9eb162d4cd547eebfdef7b619fac982 - - - -] No more DHCP agents
2026-07-24 18:43:35.683 10 WARNING neutron.api.rpc.agentnotifiers.dhcp_rpc_agent_api [None req-8761ba63-3ea2-4db6-9681-3c1899ddc572 7a83ed4a592d4d49ae30d75ced420a1e e9eb162d4cd547eebfdef7b619fac982 - - - -] Unable to schedule network 71d1eab9-8c40-40ab-b279-fc432bb40632: no agents available; will retry on subsequent port and subnet creation events.
2026-07-24 18:43:35.775 10 INFO neutron.db.ovn_revision_numbers_db [None req-8761ba63-3ea2-4db6-9681-3c1899ddc572 7a83ed4a592d4d49ae30d75ced420a1e e9eb162d4cd547eebfdef7b619fac982 - - - -] Successfully bumped revision number for resource 6c6b6b32-d5e1-4eae-bf03-23737aa7cfbb (type: ports) to 1
2026-07-24 18:43:35.803 10 INFO neutron.wsgi [None req-8761ba63-3ea2-4db6-9681-3c1899ddc572 7a83ed4a592d4d49ae30d75ced420a1e e9eb162d4cd547eebfdef7b619fac982 - - - -] 10.0.0.195 "POST /v2.0/networks HTTP/1.1" status: 201 len: 831 time: 0.9203305
2026-07-24 18:43:36.064 10 INFO neutron.notifiers.nova [-] Nova event matching ['req-d29628d5-339a-49c4-84c7-4ae602f555f8'] response: {'server_uuid': '9e1cfca4-e41b-4762-8413-c7c4dbbf1138', 'name': 'network-vif-plugged', 'status': 'completed', 'tag': '3d37e205-0d6a-482c-b925-3fb15e024925', 'code': 200}
2026-07-24 18:43:36.066 10 INFO neutron.db.ovn_revision_numbers_db [None req-fb072ae0-19db-4254-a4da-f2de5afc984e af6cf6b7229b4c9eace48dd4220164e4 8498dd98b53f466e81ae586547e94771 - - default default] Successfully bumped revision number for resource 4a78f08b-aa0a-48db-a1f0-562c320ff59b (type: security_groups) to 1
2026-07-24 18:43:36.104 10 INFO neutron.wsgi [None req-fb072ae0-19db-4254-a4da-f2de5afc984e af6cf6b7229b4c9eace48dd4220164e4 8498dd98b53f466e81ae586547e94771 - - default default] 10.0.0.195 "GET /v2.0/security-groups?tenant_id=bdfbd2df72094650890eb2ccf8df9619&name=default HTTP/1.1" status: 200 len: 2996 time: 0.3248541
2026-07-24 18:43:36.124 10 WARNING neutron.scheduler.dhcp_agent_scheduler [None req-b495d5f3-c589-42ea-b561-0fe6b8575767 7a83ed4a592d4d49ae30d75ced420a1e e9eb162d4cd547eebfdef7b619fac982 - - - -] No more DHCP agents
2026-07-24 18:43:36.126 10 WARNING neutron.api.rpc.agentnotifiers.dhcp_rpc_agent_api [None req-b495d5f3-c589-42ea-b561-0fe6b8575767 7a83ed4a592d4d49ae30d75ced420a1e e9eb162d4cd547eebfdef7b619fac982 - - - -] Unable to schedule network 71d1eab9-8c40-40ab-b279-fc432bb40632: no agents available; will retry on subsequent port and subnet creation events.
2026-07-24 18:43:36.385 9 INFO neutron.wsgi [None req-fa09c2c0-30ba-40e9-9e39-df7851a204bf af6cf6b7229b4c9eace48dd4220164e4 8498dd98b53f466e81ae586547e94771 - - - -] 10.0.0.195 "DELETE /v2.0/security-groups/4a78f08b-aa0a-48db-a1f0-562c320ff59b HTTP/1.1" status: 204 len: 168 time: 0.2740796
2026-07-24 18:43:36.395 9 INFO neutron.wsgi [None req-a5b209b3-4932-4078-a2ad-d69f66ec8564 c8e9c6876d214fc4a78e1a26c0aa3db1 4c63e8f5982148a8892ff11c7f90d26c - - - -] 10.0.0.195 "DELETE /v2.0/security-groups/45decb29-5f4d-4551-b281-e766d9501beb HTTP/1.1" status: 204 len: 168 time: 0.1834202
2026-07-24 18:43:36.428 10 INFO neutron.api.v2.resource [None req-c15e0d8d-b2a0-4f68-a94b-e0e1f93a8239 c8e9c6876d214fc4a78e1a26c0aa3db1 4c63e8f5982148a8892ff11c7f90d26c - - default default] show failed (client error): The resource could not be found.
2026-07-24 18:43:36.431 10 INFO neutron.wsgi [None req-c15e0d8d-b2a0-4f68-a94b-e0e1f93a8239 c8e9c6876d214fc4a78e1a26c0aa3db1 4c63e8f5982148a8892ff11c7f90d26c - - default default] 10.0.0.195 "GET /v2.0/security-groups/45decb29-5f4d-4551-b281-e766d9501beb HTTP/1.1" status: 404 len: 347 time: 0.0307095
2026-07-24 18:43:36.612 9 INFO neutron.db.ovn_revision_numbers_db [None req-62a4cd5e-62d6-496f-91f4-009bfc09f651 af6cf6b7229b4c9eace48dd4220164e4 8498dd98b53f466e81ae586547e94771 - - default default] Successfully bumped revision number for resource d8858070-58ae-4a36-9bfb-0825bfa4232f (type: security_groups) to 1
2026-07-24 18:43:36.671 9 INFO neutron.wsgi [None req-62a4cd5e-62d6-496f-91f4-009bfc09f651 af6cf6b7229b4c9eace48dd4220164e4 8498dd98b53f466e81ae586547e94771 - - default default] 10.0.0.195 "GET /v2.0/security-groups?tenant_id=e20becefb0994560acc986c83776467b&name=default HTTP/1.1" status: 200 len: 2996 time: 0.3885252
2026-07-24 18:43:36.952 9 INFO neutron.wsgi [None req-7ac46ca2-a1de-44d6-80c6-8293e97a93db af6cf6b7229b4c9eace48dd4220164e4 8498dd98b53f466e81ae586547e94771 - - - -] 10.0.0.195 "DELETE /v2.0/security-groups/d8858070-58ae-4a36-9bfb-0825bfa4232f HTTP/1.1" status: 204 len: 168 time: 0.2705476
2026-07-24 18:43:36.957 9 INFO neutron.wsgi [None req-323edefa-0cdf-4563-8fb9-3583c6335c45 c8e9c6876d214fc4a78e1a26c0aa3db1 4c63e8f5982148a8892ff11c7f90d26c - - - -] 10.0.0.195 "DELETE /v2.0/floatingips/b166ab4d-13d7-40e1-a003-786d9ab60555 HTTP/1.1" status: 204 len: 168 time: 0.5128531
2026-07-24 18:43:37.074 10 INFO neutron.db.ovn_revision_numbers_db [None req-b495d5f3-c589-42ea-b561-0fe6b8575767 7a83ed4a592d4d49ae30d75ced420a1e e9eb162d4cd547eebfdef7b619fac982 - - - -] Successfully bumped revision number for resource 6c6b6b32-d5e1-4eae-bf03-23737aa7cfbb (type: ports) to 2
2026-07-24 18:43:37.092 10 INFO neutron.db.ovn_revision_numbers_db [None req-b495d5f3-c589-42ea-b561-0fe6b8575767 7a83ed4a592d4d49ae30d75ced420a1e e9eb162d4cd547eebfdef7b619fac982 - - - -] Successfully bumped revision number for resource 8c4e3db5-99f6-4ba9-a210-de598d9c8713 (type: subnets) to 0
2026-07-24 18:43:37.111 10 INFO neutron.wsgi [None req-b495d5f3-c589-42ea-b561-0fe6b8575767 7a83ed4a592d4d49ae30d75ced420a1e e9eb162d4cd547eebfdef7b619fac982 - - - -] 10.0.0.195 "POST /v2.0/subnets HTTP/1.1" status: 201 len: 801 time: 1.3033826
2026-07-24 18:43:37.119 9 INFO neutron.wsgi [None req-02c316fa-b9ea-4439-b2ae-f5624d255840 c8e9c6876d214fc4a78e1a26c0aa3db1 4c63e8f5982148a8892ff11c7f90d26c - - - -] 10.0.0.195 "DELETE /v2.0/security-groups/4d4cf0e5-0458-4c82-89d0-187697c2f702 HTTP/1.1" status: 204 len: 168 time: 0.1583543
2026-07-24 18:43:37.203 10 INFO neutron.db.segments_db [None req-93064b56-b6cd-42f4-8c8d-df34bb1698b8 7a83ed4a592d4d49ae30d75ced420a1e e9eb162d4cd547eebfdef7b619fac982 - - - -] Added segment 98c86e6f-fc3e-48e7-99e4-e5d6ab19f934 of type geneve for network 175724e6-76f3-49e2-a8a4-b89d944e2713
2026-07-24 18:43:37.347 10 INFO neutron.db.ovn_revision_numbers_db [None req-93064b56-b6cd-42f4-8c8d-df34bb1698b8 7a83ed4a592d4d49ae30d75ced420a1e e9eb162d4cd547eebfdef7b619fac982 - - - -] Successfully bumped revision number for resource 175724e6-76f3-49e2-a8a4-b89d944e2713 (type: networks) to 1
2026-07-24 18:43:37.509 10 WARNING neutron.scheduler.dhcp_agent_scheduler [None req-93064b56-b6cd-42f4-8c8d-df34bb1698b8 7a83ed4a592d4d49ae30d75ced420a1e e9eb162d4cd547eebfdef7b619fac982 - - - -] No more DHCP agents
2026-07-24 18:43:37.510 10 WARNING neutron.api.rpc.agentnotifiers.dhcp_rpc_agent_api [None req-93064b56-b6cd-42f4-8c8d-df34bb1698b8 7a83ed4a592d4d49ae30d75ced420a1e e9eb162d4cd547eebfdef7b619fac982 - - - -] Unable to schedule network 175724e6-76f3-49e2-a8a4-b89d944e2713: no agents available; will retry on subsequent port and subnet creation events.
2026-07-24 18:43:37.567 10 INFO neutron.db.ovn_revision_numbers_db [None req-93064b56-b6cd-42f4-8c8d-df34bb1698b8 7a83ed4a592d4d49ae30d75ced420a1e e9eb162d4cd547eebfdef7b619fac982 - - - -] Successfully bumped revision number for resource 3a446856-66b8-4ff1-8c70-51b27852e0c5 (type: ports) to 1
2026-07-24 18:43:37.590 10 INFO neutron.wsgi [None req-93064b56-b6cd-42f4-8c8d-df34bb1698b8 7a83ed4a592d4d49ae30d75ced420a1e e9eb162d4cd547eebfdef7b619fac982 - - - -] 10.0.0.195 "POST /v2.0/networks HTTP/1.1" status: 201 len: 830 time: 0.4734840
2026-07-24 18:43:38.301 9 WARNING neutron.scheduler.dhcp_agent_scheduler [None req-439f566e-269b-4db9-ac57-056aede2ebef 7a83ed4a592d4d49ae30d75ced420a1e e9eb162d4cd547eebfdef7b619fac982 - - - -] No more DHCP agents
2026-07-24 18:43:38.308 9 WARNING neutron.api.rpc.agentnotifiers.dhcp_rpc_agent_api [None req-439f566e-269b-4db9-ac57-056aede2ebef 7a83ed4a592d4d49ae30d75ced420a1e e9eb162d4cd547eebfdef7b619fac982 - - - -] Unable to schedule network 175724e6-76f3-49e2-a8a4-b89d944e2713: no agents available; will retry on subsequent port and subnet creation events.
2026-07-24 18:43:38.739 9 INFO neutron.wsgi [None req-d5ac0bcb-0090-499d-bc84-be4933cffb84 af6cf6b7229b4c9eace48dd4220164e4 8498dd98b53f466e81ae586547e94771 - - - -] 10.0.0.195 "PUT /v2.0/routers/ba6ba695-58da-4178-988f-8d5927549ba2/remove_router_interface HTTP/1.1" status: 200 len: 503 time: 1.5858424
2026-07-24 18:43:38.933 9 INFO neutron.db.ovn_revision_numbers_db [None req-439f566e-269b-4db9-ac57-056aede2ebef 7a83ed4a592d4d49ae30d75ced420a1e e9eb162d4cd547eebfdef7b619fac982 - - - -] Successfully bumped revision number for resource 3a446856-66b8-4ff1-8c70-51b27852e0c5 (type: ports) to 2
2026-07-24 18:43:38.949 9 INFO neutron.db.ovn_revision_numbers_db [None req-439f566e-269b-4db9-ac57-056aede2ebef 7a83ed4a592d4d49ae30d75ced420a1e e9eb162d4cd547eebfdef7b619fac982 - - - -] Successfully bumped revision number for resource 94660fa8-abd4-4384-93dd-a540bb1f3848 (type: subnets) to 0
2026-07-24 18:43:38.979 9 INFO neutron.wsgi [None req-439f566e-269b-4db9-ac57-056aede2ebef 7a83ed4a592d4d49ae30d75ced420a1e e9eb162d4cd547eebfdef7b619fac982 - - - -] 10.0.0.195 "POST /v2.0/subnets HTTP/1.1" status: 201 len: 804 time: 1.3842328 /var/lib/openstack/lib/python3.10/site-packages/pycadf/identifier.py:71: UserWarning: Invalid uuid: neutron. To ensure interoperability, identifiers should be a valid uuid. warnings.warn(('Invalid uuid: %s. To ensure interoperability, '
2026-07-24 18:43:39.104 10 INFO neutron.db.segments_db [None req-6e8b634f-6ec4-4942-b94f-452db80c786d 7a83ed4a592d4d49ae30d75ced420a1e e9eb162d4cd547eebfdef7b619fac982 - - - -] Added segment 83944ae0-c60f-4bec-b043-fd92f4ebcecf of type geneve for network bb20e1f1-5443-4869-ad17-4be2adb53d2d
2026-07-24 18:43:39.134 9 INFO neutron.db.ovn_revision_numbers_db [None req-c349f120-20b8-4a91-be93-0cf24aa5329e 6a2f9e3019a6484882ede31b7ffce5fa b8cfec76d0dd4ca4bf50c775dfbfb8da - - - -] Successfully bumped revision number for resource 1d093fa3-78bb-4a52-8614-0674ac965c6f (type: security_groups) to 1
2026-07-24 18:43:39.172 10 INFO neutron.wsgi [-] 10.0.0.75 "GET / HTTP/1.1" status: 200 len: 246 time: 0.0016971
2026-07-24 18:43:39.174 9 INFO neutron.wsgi [-] 10.0.0.75 "GET / HTTP/1.1" status: 200 len: 246 time: 0.0028665
2026-07-24 18:43:39.202 9 INFO neutron.db.segments_db [None req-c349f120-20b8-4a91-be93-0cf24aa5329e 6a2f9e3019a6484882ede31b7ffce5fa b8cfec76d0dd4ca4bf50c775dfbfb8da - - - -] Added segment ad970926-3252-4ead-9d41-13f1b3a4de69 of type geneve for network 85e118f3-8ba4-49f1-936d-b1c9d08e86f1
2026-07-24 18:43:39.286 10 INFO neutron.db.ovn_revision_numbers_db [None req-6e8b634f-6ec4-4942-b94f-452db80c786d 7a83ed4a592d4d49ae30d75ced420a1e e9eb162d4cd547eebfdef7b619fac982 - - - -] Successfully bumped revision number for resource bb20e1f1-5443-4869-ad17-4be2adb53d2d (type: networks) to 1
2026-07-24 18:43:39.330 9 INFO neutron.db.segments_db [None req-c349f120-20b8-4a91-be93-0cf24aa5329e 6a2f9e3019a6484882ede31b7ffce5fa b8cfec76d0dd4ca4bf50c775dfbfb8da - - - -] Added segment 364419ec-9669-4424-b3c6-0b9900ff33ae of type geneve for network 3b1d32ff-3510-4a51-a671-fadc5c0a8226
2026-07-24 18:43:39.474 9 INFO neutron.db.ovn_revision_numbers_db [None req-c349f120-20b8-4a91-be93-0cf24aa5329e 6a2f9e3019a6484882ede31b7ffce5fa b8cfec76d0dd4ca4bf50c775dfbfb8da - - - -] Successfully bumped revision number for resource 85e118f3-8ba4-49f1-936d-b1c9d08e86f1 (type: networks) to 1
2026-07-24 18:43:39.521 10 INFO neutron.wsgi [None req-3325fbb2-5168-4c21-8bb3-cac784b90854 af6cf6b7229b4c9eace48dd4220164e4 8498dd98b53f466e81ae586547e94771 - - - -] 10.0.0.195 "DELETE /v2.0/routers/ba6ba695-58da-4178-988f-8d5927549ba2 HTTP/1.1" status: 204 len: 168 time: 0.7765985
2026-07-24 18:43:39.546 10 WARNING neutron.scheduler.dhcp_agent_scheduler [None req-6e8b634f-6ec4-4942-b94f-452db80c786d 7a83ed4a592d4d49ae30d75ced420a1e e9eb162d4cd547eebfdef7b619fac982 - - - -] No more DHCP agents
2026-07-24 18:43:39.551 10 WARNING neutron.api.rpc.agentnotifiers.dhcp_rpc_agent_api [None req-6e8b634f-6ec4-4942-b94f-452db80c786d 7a83ed4a592d4d49ae30d75ced420a1e e9eb162d4cd547eebfdef7b619fac982 - - - -] Unable to schedule network bb20e1f1-5443-4869-ad17-4be2adb53d2d: no agents available; will retry on subsequent port and subnet creation events.
2026-07-24 18:43:39.627 10 INFO neutron.db.ovn_revision_numbers_db [None req-6e8b634f-6ec4-4942-b94f-452db80c786d 7a83ed4a592d4d49ae30d75ced420a1e e9eb162d4cd547eebfdef7b619fac982 - - - -] Successfully bumped revision number for resource 48634656-bc0d-462d-a567-21df3f697599 (type: ports) to 1
2026-07-24 18:43:39.658 10 INFO neutron.wsgi [None req-6e8b634f-6ec4-4942-b94f-452db80c786d 7a83ed4a592d4d49ae30d75ced420a1e e9eb162d4cd547eebfdef7b619fac982 - - - -] 10.0.0.195 "POST /v2.0/networks HTTP/1.1" status: 201 len: 831 time: 0.6734521
2026-07-24 18:43:39.744 9 WARNING neutron.scheduler.dhcp_agent_scheduler [None req-c349f120-20b8-4a91-be93-0cf24aa5329e 6a2f9e3019a6484882ede31b7ffce5fa b8cfec76d0dd4ca4bf50c775dfbfb8da - - - -] No more DHCP agents
2026-07-24 18:43:39.748 9 WARNING neutron.api.rpc.agentnotifiers.dhcp_rpc_agent_api [None req-c349f120-20b8-4a91-be93-0cf24aa5329e 6a2f9e3019a6484882ede31b7ffce5fa b8cfec76d0dd4ca4bf50c775dfbfb8da - - - -] Unable to schedule network 85e118f3-8ba4-49f1-936d-b1c9d08e86f1: no agents available; will retry on subsequent port and subnet creation events.
2026-07-24 18:43:39.829 9 INFO neutron.db.ovn_revision_numbers_db [None req-c349f120-20b8-4a91-be93-0cf24aa5329e 6a2f9e3019a6484882ede31b7ffce5fa b8cfec76d0dd4ca4bf50c775dfbfb8da - - - -] Successfully bumped revision number for resource c93389b7-5777-46ea-ae1f-6152cc873eea (type: ports) to 1
2026-07-24 18:43:39.851 9 INFO neutron.wsgi [None req-c29b9562-971e-47b5-a8a9-4f64ad324dc8 af6cf6b7229b4c9eace48dd4220164e4 8498dd98b53f466e81ae586547e94771 - - - -] 10.0.0.195 "DELETE /v2.0/subnets/f88953e8-b054-4a15-9d11-38ebf2083298 HTTP/1.1" status: 204 len: 168 time: 0.3243763
2026-07-24 18:43:39.925 9 INFO neutron.db.ovn_revision_numbers_db [None req-c349f120-20b8-4a91-be93-0cf24aa5329e 6a2f9e3019a6484882ede31b7ffce5fa b8cfec76d0dd4ca4bf50c775dfbfb8da - - - -] Successfully bumped revision number for resource 3b1d32ff-3510-4a51-a671-fadc5c0a8226 (type: networks) to 1
2026-07-24 18:43:39.989 10 WARNING neutron.scheduler.dhcp_agent_scheduler [None req-66d11227-f347-42ab-9f29-fe18f7d8e635 7a83ed4a592d4d49ae30d75ced420a1e e9eb162d4cd547eebfdef7b619fac982 - - - -] No more DHCP agents
2026-07-24 18:43:39.992 10 WARNING neutron.api.rpc.agentnotifiers.dhcp_rpc_agent_api [None req-66d11227-f347-42ab-9f29-fe18f7d8e635 7a83ed4a592d4d49ae30d75ced420a1e e9eb162d4cd547eebfdef7b619fac982 - - - -] Unable to schedule network bb20e1f1-5443-4869-ad17-4be2adb53d2d: no agents available; will retry on subsequent port and subnet creation events.
2026-07-24 18:43:40.181 9 WARNING neutron.scheduler.dhcp_agent_scheduler [None req-c349f120-20b8-4a91-be93-0cf24aa5329e 6a2f9e3019a6484882ede31b7ffce5fa b8cfec76d0dd4ca4bf50c775dfbfb8da - - - -] No more DHCP agents
2026-07-24 18:43:40.184 9 WARNING neutron.api.rpc.agentnotifiers.dhcp_rpc_agent_api [None req-c349f120-20b8-4a91-be93-0cf24aa5329e 6a2f9e3019a6484882ede31b7ffce5fa b8cfec76d0dd4ca4bf50c775dfbfb8da - - - -] Unable to schedule network 3b1d32ff-3510-4a51-a671-fadc5c0a8226: no agents available; will retry on subsequent port and subnet creation events.
2026-07-24 18:43:40.278 9 INFO neutron.db.ovn_revision_numbers_db [None req-c349f120-20b8-4a91-be93-0cf24aa5329e 6a2f9e3019a6484882ede31b7ffce5fa b8cfec76d0dd4ca4bf50c775dfbfb8da - - - -] Successfully bumped revision number for resource d3604807-c234-413b-b590-b8e97632ebf7 (type: ports) to 1
2026-07-24 18:43:40.318 9 INFO neutron.wsgi [None req-c349f120-20b8-4a91-be93-0cf24aa5329e 6a2f9e3019a6484882ede31b7ffce5fa b8cfec76d0dd4ca4bf50c775dfbfb8da - - - -] 10.0.0.195 "POST /v2.0/networks HTTP/1.1" status: 201 len: 1446 time: 1.5449412
2026-07-24 18:43:40.390 9 INFO neutron.services.segments.plugin [-] Segment f29c453f-932c-4094-9737-e318b19c6324 resource provider aggregate not found
2026-07-24 18:43:40.396 9 INFO neutron.services.segments.plugin [-] Segment f29c453f-932c-4094-9737-e318b19c6324 resource provider aggregate not found
2026-07-24 18:43:40.408 10 INFO neutron.wsgi [None req-9efaea0d-1d6d-401c-86cc-6dbb90f95478 6a2f9e3019a6484882ede31b7ffce5fa b8cfec76d0dd4ca4bf50c775dfbfb8da - - default default] 10.0.0.195 "GET /v2.0/networks HTTP/1.1" status: 200 len: 2052 time: 0.0831070
2026-07-24 18:43:40.418 9 INFO neutron.services.segments.plugin [-] Segment f29c453f-932c-4094-9737-e318b19c6324 resource provider not found; error: Placement Client Error (4xx): {"errors": [{"status": 404, "title": "Not Found", "detail": "The resource could not be found.\n\n No resource provider with uuid f29c453f-932c-4094-9737-e318b19c6324 found for delete ", "request_id": "req-709ba7e3-4037-41c9-bec5-3521ecdc43a0"}]}
2026-07-24 18:43:40.419 9 INFO neutron.services.segments.plugin [-] Segment f29c453f-932c-4094-9737-e318b19c6324 resource provider not found; error: Placement Client Error (4xx): {"errors": [{"status": 404, "title": "Not Found", "detail": "The resource could not be found.\n\n No resource provider with uuid f29c453f-932c-4094-9737-e318b19c6324 found for delete ", "request_id": "req-165c1478-d076-4d23-b0f2-937aa76435b8"}]}
2026-07-24 18:43:40.482 9 INFO neutron.wsgi [None req-444177f4-7c30-4fbe-916d-b631861acb30 af6cf6b7229b4c9eace48dd4220164e4 8498dd98b53f466e81ae586547e94771 - - - -] 10.0.0.195 "DELETE /v2.0/networks/019b5db0-7a14-4b8a-a9f8-597e09bb9f4e HTTP/1.1" status: 204 len: 168 time: 0.6187534
2026-07-24 18:43:40.563 10 INFO neutron.db.ovn_revision_numbers_db [None req-66d11227-f347-42ab-9f29-fe18f7d8e635 7a83ed4a592d4d49ae30d75ced420a1e e9eb162d4cd547eebfdef7b619fac982 - - - -] Successfully bumped revision number for resource 48634656-bc0d-462d-a567-21df3f697599 (type: ports) to 2
2026-07-24 18:43:40.585 10 INFO neutron.db.ovn_revision_numbers_db [None req-66d11227-f347-42ab-9f29-fe18f7d8e635 7a83ed4a592d4d49ae30d75ced420a1e e9eb162d4cd547eebfdef7b619fac982 - - - -] Successfully bumped revision number for resource bf1c4955-e684-4a27-b121-71a9af5a1511 (type: subnets) to 0
2026-07-24 18:43:40.613 10 INFO neutron.wsgi [None req-66d11227-f347-42ab-9f29-fe18f7d8e635 7a83ed4a592d4d49ae30d75ced420a1e e9eb162d4cd547eebfdef7b619fac982 - - - -] 10.0.0.195 "POST /v2.0/subnets HTTP/1.1" status: 201 len: 804 time: 0.9484546
2026-07-24 18:43:40.762 9 INFO neutron.db.segments_db [None req-ded69907-c1d7-4b6f-b7c1-9aeef77ecff7 7a83ed4a592d4d49ae30d75ced420a1e e9eb162d4cd547eebfdef7b619fac982 - - - -] Added segment 99e98e43-9977-444a-be7e-7d49379f27d0 of type geneve for network d344f3ca-15e2-42cb-ae5d-7047c5046c85
2026-07-24 18:43:40.991 9 INFO neutron.db.ovn_revision_numbers_db [None req-ded69907-c1d7-4b6f-b7c1-9aeef77ecff7 7a83ed4a592d4d49ae30d75ced420a1e e9eb162d4cd547eebfdef7b619fac982 - - - -] Successfully bumped revision number for resource d344f3ca-15e2-42cb-ae5d-7047c5046c85 (type: networks) to 1
2026-07-24 18:43:41.047 9 INFO neutron.wsgi [None req-9f7b0883-31e1-4b46-ba49-709526054a0e 6a2f9e3019a6484882ede31b7ffce5fa b8cfec76d0dd4ca4bf50c775dfbfb8da - - - -] 10.0.0.195 "DELETE /v2.0/networks/85e118f3-8ba4-49f1-936d-b1c9d08e86f1 HTTP/1.1" status: 204 len: 168 time: 0.6271052
2026-07-24 18:43:41.176 9 INFO neutron.db.ovn_revision_numbers_db [None req-2cb16a44-4f44-40df-86e2-f04c0004b249 08cacf86fcb94082bbe5121c9ce699eb 22f482b97f2d4ff08d495cbef35c4e9e - - - -] Successfully bumped revision number for resource eaba4aec-2777-4375-a53d-5ce9be143967 (type: security_groups) to 1
2026-07-24 18:43:41.725 9 INFO neutron.db.segments_db [None req-2cb16a44-4f44-40df-86e2-f04c0004b249 08cacf86fcb94082bbe5121c9ce699eb 22f482b97f2d4ff08d495cbef35c4e9e - - - -] Added segment f8df493d-0a8d-4080-a1bd-a91843787fb5 of type geneve for network fc2607c6-30f8-40b9-9c52-10c67e0815b0
2026-07-24 18:43:41.734 9 WARNING neutron.scheduler.dhcp_agent_scheduler [None req-ded69907-c1d7-4b6f-b7c1-9aeef77ecff7 7a83ed4a592d4d49ae30d75ced420a1e e9eb162d4cd547eebfdef7b619fac982 - - - -] No more DHCP agents
2026-07-24 18:43:41.745 9 WARNING neutron.api.rpc.agentnotifiers.dhcp_rpc_agent_api [None req-ded69907-c1d7-4b6f-b7c1-9aeef77ecff7 7a83ed4a592d4d49ae30d75ced420a1e e9eb162d4cd547eebfdef7b619fac982 - - - -] Unable to schedule network d344f3ca-15e2-42cb-ae5d-7047c5046c85: no agents available; will retry on subsequent port and subnet creation events.
2026-07-24 18:43:41.855 9 INFO neutron.db.ovn_revision_numbers_db [None req-ded69907-c1d7-4b6f-b7c1-9aeef77ecff7 7a83ed4a592d4d49ae30d75ced420a1e e9eb162d4cd547eebfdef7b619fac982 - - - -] Successfully bumped revision number for resource 17a19311-a509-4b63-a915-490916209381 (type: ports) to 1
2026-07-24 18:43:41.909 9 INFO neutron.wsgi [None req-ded69907-c1d7-4b6f-b7c1-9aeef77ecff7 7a83ed4a592d4d49ae30d75ced420a1e e9eb162d4cd547eebfdef7b619fac982 - - - -] 10.0.0.195 "POST /v2.0/networks HTTP/1.1" status: 201 len: 831 time: 1.2757440
2026-07-24 18:43:41.909 9 INFO neutron.db.ovn_revision_numbers_db [None req-2cb16a44-4f44-40df-86e2-f04c0004b249 08cacf86fcb94082bbe5121c9ce699eb 22f482b97f2d4ff08d495cbef35c4e9e - - - -] Successfully bumped revision number for resource fc2607c6-30f8-40b9-9c52-10c67e0815b0 (type: networks) to 1
2026-07-24 18:43:42.064 10 INFO neutron.services.segments.plugin [-] Segment 364419ec-9669-4424-b3c6-0b9900ff33ae resource provider aggregate not found
2026-07-24 18:43:42.084 10 INFO neutron.services.segments.plugin [-] Segment 364419ec-9669-4424-b3c6-0b9900ff33ae resource provider aggregate not found
2026-07-24 18:43:42.120 9 WARNING neutron.scheduler.dhcp_agent_scheduler [None req-2cb16a44-4f44-40df-86e2-f04c0004b249 08cacf86fcb94082bbe5121c9ce699eb 22f482b97f2d4ff08d495cbef35c4e9e - - - -] No more DHCP agents
2026-07-24 18:43:42.123 9 WARNING neutron.api.rpc.agentnotifiers.dhcp_rpc_agent_api [None req-2cb16a44-4f44-40df-86e2-f04c0004b249 08cacf86fcb94082bbe5121c9ce699eb 22f482b97f2d4ff08d495cbef35c4e9e - - - -] Unable to schedule network fc2607c6-30f8-40b9-9c52-10c67e0815b0: no agents available; will retry on subsequent port and subnet creation events.
2026-07-24 18:43:42.125 10 INFO neutron.services.segments.plugin [-] Segment 364419ec-9669-4424-b3c6-0b9900ff33ae resource provider not found; error: Placement Client Error (4xx): {"errors": [{"status": 404, "title": "Not Found", "detail": "The resource could not be found.\n\n No resource provider with uuid 364419ec-9669-4424-b3c6-0b9900ff33ae found for delete ", "request_id": "req-e23b12c5-27bf-4e21-9f38-17efeb6c5c62"}]}
2026-07-24 18:43:42.126 10 INFO neutron.services.segments.plugin [-] Segment 364419ec-9669-4424-b3c6-0b9900ff33ae resource provider not found; error: Placement Client Error (4xx): {"errors": [{"status": 404, "title": "Not Found", "detail": "The resource could not be found.\n\n No resource provider with uuid 364419ec-9669-4424-b3c6-0b9900ff33ae found for delete ", "request_id": "req-6018a371-6787-473a-ac1c-ccbcb4f7c329"}]}
2026-07-24 18:43:42.193 10 INFO neutron.wsgi [None req-83c19edc-d23c-46f8-898f-37a08951404e 6a2f9e3019a6484882ede31b7ffce5fa b8cfec76d0dd4ca4bf50c775dfbfb8da - - - -] 10.0.0.195 "DELETE /v2.0/networks/3b1d32ff-3510-4a51-a671-fadc5c0a8226 HTTP/1.1" status: 204 len: 168 time: 1.1379273
2026-07-24 18:43:42.239 9 INFO neutron.db.ovn_revision_numbers_db [None req-2cb16a44-4f44-40df-86e2-f04c0004b249 08cacf86fcb94082bbe5121c9ce699eb 22f482b97f2d4ff08d495cbef35c4e9e - - - -] Successfully bumped revision number for resource 2e0b3196-b780-49ab-bc5e-8baece0a62dc (type: ports) to 1
2026-07-24 18:43:42.301 9 INFO neutron.wsgi [None req-2cb16a44-4f44-40df-86e2-f04c0004b249 08cacf86fcb94082bbe5121c9ce699eb 22f482b97f2d4ff08d495cbef35c4e9e - - - -] 10.0.0.195 "POST /v2.0/networks HTTP/1.1" status: 201 len: 929 time: 1.6189754
2026-07-24 18:43:42.336 9 INFO neutron.wsgi [None req-c6c63b37-c22c-42db-ba3d-a69b6192e216 6a2f9e3019a6484882ede31b7ffce5fa b8cfec76d0dd4ca4bf50c775dfbfb8da - - default default] 10.0.0.195 "GET /v2.0/networks HTTP/1.1" status: 200 len: 845 time: 0.1311018
2026-07-24 18:43:42.365 10 INFO neutron.wsgi [None req-ed4dfcc9-32db-4112-addb-b6a288bcb694 af6cf6b7229b4c9eace48dd4220164e4 8498dd98b53f466e81ae586547e94771 - - - -] 10.0.0.195 "PUT /v2.0/routers/140f2271-2b1a-4249-9f15-4b44137b152a/remove_router_interface HTTP/1.1" status: 200 len: 503 time: 1.8747823
2026-07-24 18:43:42.375 10 WARNING neutron.scheduler.dhcp_agent_scheduler [None req-d2a7a316-c5af-489b-a904-7119fed45513 7a83ed4a592d4d49ae30d75ced420a1e e9eb162d4cd547eebfdef7b619fac982 - - - -] No more DHCP agents
2026-07-24 18:43:42.378 10 WARNING neutron.api.rpc.agentnotifiers.dhcp_rpc_agent_api [None req-d2a7a316-c5af-489b-a904-7119fed45513 7a83ed4a592d4d49ae30d75ced420a1e e9eb162d4cd547eebfdef7b619fac982 - - - -] Unable to schedule network d344f3ca-15e2-42cb-ae5d-7047c5046c85: no agents available; will retry on subsequent port and subnet creation events.
2026-07-24 18:43:42.458 9 INFO neutron.services.segments.plugin [-] Segment ad970926-3252-4ead-9d41-13f1b3a4de69 resource provider aggregate not found
2026-07-24 18:43:42.466 9 INFO neutron.services.segments.plugin [-] Segment ad970926-3252-4ead-9d41-13f1b3a4de69 resource provider aggregate not found
2026-07-24 18:43:42.490 9 INFO neutron.services.segments.plugin [-] Segment ad970926-3252-4ead-9d41-13f1b3a4de69 resource provider not found; error: Placement Client Error (4xx): {"errors": [{"status": 404, "title": "Not Found", "detail": "The resource could not be found.\n\n No resource provider with uuid ad970926-3252-4ead-9d41-13f1b3a4de69 found for delete ", "request_id": "req-6be7a3c4-ca1f-482e-b6ea-01c63d1bc5e1"}]}
2026-07-24 18:43:42.491 9 INFO neutron.services.segments.plugin [-] Segment ad970926-3252-4ead-9d41-13f1b3a4de69 resource provider not found; error: Placement Client Error (4xx): {"errors": [{"status": 404, "title": "Not Found", "detail": "The resource could not be found.\n\n No resource provider with uuid ad970926-3252-4ead-9d41-13f1b3a4de69 found for delete ", "request_id": "req-0d2d980e-55b2-4f1a-a2b3-b5da33b8c4f2"}]}
2026-07-24 18:43:42.569 9 INFO neutron.db.segments_db [None req-cd433fcd-665f-41e8-bec5-c8995ea0b032 6a2f9e3019a6484882ede31b7ffce5fa b8cfec76d0dd4ca4bf50c775dfbfb8da - - - -] Added segment cd8bb18a-d007-49f9-9529-603ccc73ece2 of type geneve for network 043041d7-dc35-4776-b747-51153d045493
2026-07-24 18:43:42.750 9 WARNING neutron.scheduler.dhcp_agent_scheduler [None req-0629ad2b-aa11-4738-a9e5-801c88192091 08cacf86fcb94082bbe5121c9ce699eb 22f482b97f2d4ff08d495cbef35c4e9e - - - -] No more DHCP agents
2026-07-24 18:43:42.759 9 WARNING neutron.api.rpc.agentnotifiers.dhcp_rpc_agent_api [None req-0629ad2b-aa11-4738-a9e5-801c88192091 08cacf86fcb94082bbe5121c9ce699eb 22f482b97f2d4ff08d495cbef35c4e9e - - - -] Unable to schedule network fc2607c6-30f8-40b9-9c52-10c67e0815b0: no agents available; will retry on subsequent port and subnet creation events.
2026-07-24 18:43:42.840 10 INFO neutron.db.ovn_revision_numbers_db [None req-d2a7a316-c5af-489b-a904-7119fed45513 7a83ed4a592d4d49ae30d75ced420a1e e9eb162d4cd547eebfdef7b619fac982 - - - -] Successfully bumped revision number for resource 17a19311-a509-4b63-a915-490916209381 (type: ports) to 2
2026-07-24 18:43:42.854 10 INFO neutron.db.ovn_revision_numbers_db [None req-d2a7a316-c5af-489b-a904-7119fed45513 7a83ed4a592d4d49ae30d75ced420a1e e9eb162d4cd547eebfdef7b619fac982 - - - -] Successfully bumped revision number for resource 4402a61f-5580-4da6-9239-ad55c3181e08 (type: subnets) to 0
2026-07-24 18:43:42.859 9 INFO neutron.db.ovn_revision_numbers_db [None req-cd433fcd-665f-41e8-bec5-c8995ea0b032 6a2f9e3019a6484882ede31b7ffce5fa b8cfec76d0dd4ca4bf50c775dfbfb8da - - - -] Successfully bumped revision number for resource 043041d7-dc35-4776-b747-51153d045493 (type: networks) to 1
