2026-07-24 18:35:51.187 9 INFO neutron.wsgi [None req-52f4c062-5107-4894-8da4-a2aa3f43bbac af6cf6b7229b4c9eace48dd4220164e4 8498dd98b53f466e81ae586547e94771 - - default default] 10.0.0.108 "GET /v2.0/ports HTTP/1.1" status: 200 len: 5255 time: 0.0313902
2026-07-24 18:35:51.260 9 INFO neutron.wsgi [None req-92affbab-a6c3-44e3-8e9a-b21b7f591940 af6cf6b7229b4c9eace48dd4220164e4 8498dd98b53f466e81ae586547e94771 - - default default] 10.0.0.108 "GET /v2.0/networks HTTP/1.1" status: 200 len: 2350 time: 0.0658581
2026-07-24 18:35:54.180 9 INFO neutron.wsgi [-] 10.0.0.75 "GET / HTTP/1.1" status: 200 len: 246 time: 0.0021236
2026-07-24 18:35:54.182 9 INFO neutron.wsgi [-] 10.0.0.75 "GET / HTTP/1.1" status: 200 len: 246 time: 0.0013733
2026-07-24 18:35:59.916 10 INFO neutron.wsgi [None req-cb6ab4b2-19c0-4b2f-a67f-30c434694311 af6cf6b7229b4c9eace48dd4220164e4 8498dd98b53f466e81ae586547e94771 - - default default] 199.19.213.152,10.0.0.75 "GET /v2.0/networks HTTP/1.1" status: 200 len: 2350 time: 0.1385868
2026-07-24 18:36:00.979 10 INFO neutron.wsgi [None req-9d73e3cf-33fe-409c-902b-7e3f17156a47 af6cf6b7229b4c9eace48dd4220164e4 8498dd98b53f466e81ae586547e94771 - - default default] 199.19.213.152,10.0.0.75 "GET /v2.0/subnets HTTP/1.1" status: 200 len: 1437 time: 0.0904176
2026-07-24 18:36:01.049 10 INFO neutron.wsgi [None req-c75101b9-46b6-4aa4-ad8a-37f0f2af488f af6cf6b7229b4c9eace48dd4220164e4 8498dd98b53f466e81ae586547e94771 - - default default] 199.19.213.152,10.0.0.75 "GET /v2.0/networks HTTP/1.1" status: 200 len: 2350 time: 0.0608170
2026-07-24 18:36:09.174 9 INFO neutron.wsgi [-] 10.0.0.75 "GET / HTTP/1.1" status: 200 len: 246 time: 0.0032647
2026-07-24 18:36:09.174 10 INFO neutron.wsgi [-] 10.0.0.75 "GET / HTTP/1.1" status: 200 len: 246 time: 0.0029685
2026-07-24 18:36:24.175 10 INFO neutron.wsgi [-] 10.0.0.75 "GET / HTTP/1.1" status: 200 len: 246 time: 0.0029211
2026-07-24 18:36:24.177 9 INFO neutron.wsgi [-] 10.0.0.75 "GET / HTTP/1.1" status: 200 len: 246 time: 0.0052772
2026-07-24 18:36:39.174 9 INFO neutron.wsgi [-] 10.0.0.75 "GET / HTTP/1.1" status: 200 len: 246 time: 0.0028100
2026-07-24 18:36:39.177 9 INFO neutron.wsgi [-] 10.0.0.75 "GET / HTTP/1.1" status: 200 len: 246 time: 0.0022438
2026-07-24 18:36:45.837 9 INFO neutron.wsgi [None req-97d40ef3-3799-488e-80c7-54bff11db301 af6cf6b7229b4c9eace48dd4220164e4 8498dd98b53f466e81ae586547e94771 - - default default] 199.19.213.152,10.0.0.75 "GET /v2.0/networks HTTP/1.1" status: 200 len: 2350 time: 0.1316085
2026-07-24 18:36:46.759 9 INFO neutron.wsgi [None req-785ff361-68be-45aa-b3c4-875ddf9c0880 af6cf6b7229b4c9eace48dd4220164e4 8498dd98b53f466e81ae586547e94771 - - default default] 199.19.213.152,10.0.0.75 "GET /v2.0/subnets HTTP/1.1" status: 200 len: 1437 time: 0.0799401
2026-07-24 18:36:46.826 9 INFO neutron.wsgi [None req-c267e3cd-e649-4161-892c-0c6f71b29baa af6cf6b7229b4c9eace48dd4220164e4 8498dd98b53f466e81ae586547e94771 - - default default] 199.19.213.152,10.0.0.75 "GET /v2.0/networks HTTP/1.1" status: 200 len: 2350 time: 0.0619333
2026-07-24 18:36:48.133 9 INFO neutron.wsgi [None req-f267bb3d-b7dd-40bf-9f02-5bb3eb162768 af6cf6b7229b4c9eace48dd4220164e4 8498dd98b53f466e81ae586547e94771 - - default default] 199.19.213.152,10.0.0.75 "GET /v2.0/security-groups?tenant_id=8498dd98b53f466e81ae586547e94771 HTTP/1.1" status: 200 len: 10161 time: 0.0810118
2026-07-24 18:36:49.372 9 INFO neutron.wsgi [None req-67165b44-989a-4805-b414-12f33f6e66a0 af6cf6b7229b4c9eace48dd4220164e4 8498dd98b53f466e81ae586547e94771 - - default default] 199.19.213.152,10.0.0.75 "GET /v2.0/security-groups?tenant_id=8498dd98b53f466e81ae586547e94771 HTTP/1.1" status: 200 len: 10161 time: 0.0890851
2026-07-24 18:36:50.279 9 INFO neutron.wsgi [None req-5dff7a15-8d0a-4558-949a-6eb5f6ceb8e0 af6cf6b7229b4c9eace48dd4220164e4 8498dd98b53f466e81ae586547e94771 - - default default] 199.19.213.152,10.0.0.75 "GET /v2.0/security-groups?tenant_id=8498dd98b53f466e81ae586547e94771 HTTP/1.1" status: 200 len: 10161 time: 0.1275647
2026-07-24 18:36:50.866 9 INFO neutron.wsgi [None req-474e78f9-820f-4062-b7da-50a0cfad0629 af6cf6b7229b4c9eace48dd4220164e4 8498dd98b53f466e81ae586547e94771 - - default default] 10.0.0.108 "GET /v2.0/ports HTTP/1.1" status: 200 len: 5255 time: 0.1239300
2026-07-24 18:36:50.923 9 INFO neutron.wsgi [None req-65bc74c9-f652-47f7-b741-d51cc5c8d811 af6cf6b7229b4c9eace48dd4220164e4 8498dd98b53f466e81ae586547e94771 - - default default] 10.0.0.108 "GET /v2.0/agents HTTP/1.1" status: 200 len: 997 time: 0.0531931
2026-07-24 18:36:50.958 9 INFO neutron.wsgi [None req-e79228fc-e71f-4c00-9a1c-68d156c47b1a af6cf6b7229b4c9eace48dd4220164e4 8498dd98b53f466e81ae586547e94771 - - default default] 10.0.0.108 "GET /v2.0/subnets HTTP/1.1" status: 200 len: 1437 time: 0.0332363
2026-07-24 18:36:50.969 9 INFO neutron.wsgi [None req-a7999ec0-f436-4892-80fb-3a1d2776e934 af6cf6b7229b4c9eace48dd4220164e4 8498dd98b53f466e81ae586547e94771 - - default default] 10.0.0.108 "GET /v2.0/subnetpools HTTP/1.1" status: 200 len: 193 time: 0.0104978
2026-07-24 18:36:51.050 9 INFO neutron.wsgi [None req-ef8d07fe-c1ab-45ea-bd7f-13f671e76b44 af6cf6b7229b4c9eace48dd4220164e4 8498dd98b53f466e81ae586547e94771 - - default default] 10.0.0.108 "GET /v2.0/security-groups HTTP/1.1" status: 200 len: 16803 time: 0.0796416
2026-07-24 18:36:51.103 9 INFO neutron.wsgi [None req-4bed3ef0-152b-4a13-9e20-03249d118101 af6cf6b7229b4c9eace48dd4220164e4 8498dd98b53f466e81ae586547e94771 - - default default] 10.0.0.108 "GET /v2.0/subnets HTTP/1.1" status: 200 len: 1437 time: 0.0443013
2026-07-24 18:36:51.147 9 INFO neutron.wsgi [None req-4ac46a3a-be5b-4276-ac02-6f7b320e407e af6cf6b7229b4c9eace48dd4220164e4 8498dd98b53f466e81ae586547e94771 - - default default] 10.0.0.108 "GET /v2.0/routers HTTP/1.1" status: 200 len: 189 time: 0.0427780
2026-07-24 18:36:51.160 9 INFO neutron.wsgi [None req-d30dbbba-d57e-4d21-9b25-01c15834fa23 af6cf6b7229b4c9eace48dd4220164e4 8498dd98b53f466e81ae586547e94771 - - default default] 10.0.0.108 "GET /v2.0/agents?binary=ovn-controller HTTP/1.1" status: 200 len: 591 time: 0.0121613
2026-07-24 18:36:51.195 9 INFO neutron.wsgi [None req-44fc65e8-74e9-4a1a-8636-ec0db8ad6dee af6cf6b7229b4c9eace48dd4220164e4 8498dd98b53f466e81ae586547e94771 - - default default] 10.0.0.108 "GET /v2.0/floatingips HTTP/1.1" status: 200 len: 193 time: 0.0341442
2026-07-24 18:36:51.229 9 INFO neutron.wsgi [None req-8ea1317a-4db6-4712-a938-cd1776ce3b7d af6cf6b7229b4c9eace48dd4220164e4 8498dd98b53f466e81ae586547e94771 - - default default] 199.19.213.152,10.0.0.75 "GET /v2.0/security-groups?tenant_id=8498dd98b53f466e81ae586547e94771 HTTP/1.1" status: 200 len: 10161 time: 0.1573794
2026-07-24 18:36:51.267 9 INFO neutron.wsgi [None req-e499c5ce-4c3b-4a8f-bd66-d04abac67b18 af6cf6b7229b4c9eace48dd4220164e4 8498dd98b53f466e81ae586547e94771 - - default default] 10.0.0.108 "GET /v2.0/networks HTTP/1.1" status: 200 len: 2350 time: 0.0711591
2026-07-24 18:36:51.297 9 INFO neutron.wsgi [None req-9075a398-f017-40b1-a70f-afea58a0dd4f af6cf6b7229b4c9eace48dd4220164e4 8498dd98b53f466e81ae586547e94771 - - default default] 10.0.0.108 "GET /v2.0/network-ip-availabilities HTTP/1.1" status: 200 len: 1280 time: 0.0284510
2026-07-24 18:36:52.165 10 INFO neutron.wsgi [None req-1a6df686-be1e-45c2-a1f3-88273978b53b af6cf6b7229b4c9eace48dd4220164e4 8498dd98b53f466e81ae586547e94771 - - default default] 199.19.213.152,10.0.0.75 "GET /v2.0/security-groups?tenant_id=8498dd98b53f466e81ae586547e94771 HTTP/1.1" status: 200 len: 10161 time: 0.1199811
2026-07-24 18:36:53.029 10 INFO neutron.wsgi [None req-1cb87914-9c8a-4762-81fa-95766ba18c06 af6cf6b7229b4c9eace48dd4220164e4 8498dd98b53f466e81ae586547e94771 - - default default] 199.19.213.152,10.0.0.75 "GET /v2.0/security-groups?tenant_id=8498dd98b53f466e81ae586547e94771 HTTP/1.1" status: 200 len: 10161 time: 0.0952101
2026-07-24 18:36:54.176 9 INFO neutron.wsgi [-] 10.0.0.75 "GET / HTTP/1.1" status: 200 len: 246 time: 0.0030618
2026-07-24 18:36:54.179 9 INFO neutron.wsgi [-] 10.0.0.75 "GET / HTTP/1.1" status: 200 len: 246 time: 0.0011907
2026-07-24 18:36:54.363 9 INFO neutron.wsgi [None req-9b8a74a0-fb99-4ced-9bfd-42999899f14d af6cf6b7229b4c9eace48dd4220164e4 8498dd98b53f466e81ae586547e94771 - - default default] 199.19.213.152,10.0.0.75 "GET /v2.0/security-groups HTTP/1.1" status: 200 len: 16803 time: 0.1066625
2026-07-24 18:36:54.416 9 INFO neutron.wsgi [None req-b20c2473-ff13-4bf7-b276-76d0b3e05bc1 af6cf6b7229b4c9eace48dd4220164e4 8498dd98b53f466e81ae586547e94771 - - default default] 199.19.213.152,10.0.0.75 "GET /v2.0/ports HTTP/1.1" status: 200 len: 5255 time: 0.0443625
2026-07-24 18:37:02.036 9 INFO neutron.pecan_wsgi.hooks.translation [None req-3915040a-34ee-414b-b4cb-8c15b90e70a6 af6cf6b7229b4c9eace48dd4220164e4 8498dd98b53f466e81ae586547e94771 - - default default] GET failed (client error): The resource could not be found.
2026-07-24 18:37:02.038 9 INFO neutron.wsgi [None req-3915040a-34ee-414b-b4cb-8c15b90e70a6 af6cf6b7229b4c9eace48dd4220164e4 8498dd98b53f466e81ae586547e94771 - - default default] 199.19.213.152,10.0.0.75 "GET /v2.0/ports/octavia-health-manager-port-instance HTTP/1.1" status: 404 len: 314 time: 0.0663056
2026-07-24 18:37:02.081 9 INFO neutron.wsgi [None req-502d1881-ce2f-4074-96aa-7b08ede509e2 af6cf6b7229b4c9eace48dd4220164e4 8498dd98b53f466e81ae586547e94771 - - default default] 199.19.213.152,10.0.0.75 "GET /v2.0/ports?name=octavia-health-manager-port-instance HTTP/1.1" status: 200 len: 1351 time: 0.0385189
2026-07-24 18:37:03.738 9 INFO neutron.wsgi [None req-f420d4e1-9be5-44a2-b17a-732e206a0e29 af6cf6b7229b4c9eace48dd4220164e4 8498dd98b53f466e81ae586547e94771 - - default default] 199.19.213.152,10.0.0.75 "GET /v2.0/ports HTTP/1.1" status: 200 len: 5255 time: 0.1121449
2026-07-24 18:37:04.799 9 INFO neutron.wsgi [None req-33d217b1-807e-4bfb-998e-d14749eed2f8 af6cf6b7229b4c9eace48dd4220164e4 8498dd98b53f466e81ae586547e94771 - - default default] 199.19.213.152,10.0.0.75 "GET /v2.0/security-groups?tenant_id=8498dd98b53f466e81ae586547e94771 HTTP/1.1" status: 200 len: 10161 time: 0.0955336
2026-07-24 18:37:05.781 9 INFO neutron.wsgi [None req-6562a35e-f2c8-4a8f-95a6-a803beef4395 af6cf6b7229b4c9eace48dd4220164e4 8498dd98b53f466e81ae586547e94771 - - default default] 199.19.213.152,10.0.0.75 "GET /v2.0/security-groups?tenant_id=8498dd98b53f466e81ae586547e94771 HTTP/1.1" status: 200 len: 10161 time: 0.1164746
2026-07-24 18:37:06.712 9 INFO neutron.wsgi [None req-3510b5bb-89a7-445e-be48-90a5a609147a af6cf6b7229b4c9eace48dd4220164e4 8498dd98b53f466e81ae586547e94771 - - default default] 199.19.213.152,10.0.0.75 "GET /v2.0/security-groups?tenant_id=8498dd98b53f466e81ae586547e94771 HTTP/1.1" status: 200 len: 10161 time: 0.1279945
2026-07-24 18:37:09.174 10 INFO neutron.wsgi [-] 10.0.0.75 "GET / HTTP/1.1" status: 200 len: 246 time: 0.0032485
2026-07-24 18:37:09.175 10 INFO neutron.wsgi [-] 10.0.0.75 "GET / HTTP/1.1" status: 200 len: 246 time: 0.0009260
2026-07-24 18:37:18.743 9 INFO neutron.wsgi [None req-3c7f1cb9-1431-4266-a947-13385b689bfc af6cf6b7229b4c9eace48dd4220164e4 8498dd98b53f466e81ae586547e94771 - - default default] 199.19.213.152,10.0.0.75 "GET /v2.0/quotas/8498dd98b53f466e81ae586547e94771 HTTP/1.1" status: 200 len: 361 time: 0.0145447
2026-07-24 18:37:24.175 10 INFO neutron.wsgi [-] 10.0.0.75 "GET / HTTP/1.1" status: 200 len: 246 time: 0.0035167
2026-07-24 18:37:24.179 9 INFO neutron.wsgi [-] 10.0.0.75 "GET / HTTP/1.1" status: 200 len: 246 time: 0.0031333
2026-07-24 18:37:39.173 10 INFO neutron.wsgi [-] 10.0.0.75 "GET / HTTP/1.1" status: 200 len: 246 time: 0.0017908
2026-07-24 18:37:39.175 9 INFO neutron.wsgi [-] 10.0.0.75 "GET / HTTP/1.1" status: 200 len: 246 time: 0.0039740
2026-07-24 18:37:50.820 9 INFO neutron.wsgi [None req-0428238f-fcdb-46c8-9bfa-df4b0b288a01 af6cf6b7229b4c9eace48dd4220164e4 8498dd98b53f466e81ae586547e94771 - - default default] 10.0.0.108 "GET /v2.0/routers HTTP/1.1" status: 200 len: 189 time: 0.0866983
2026-07-24 18:37:50.872 9 INFO neutron.wsgi [None req-32b9e755-73d2-4692-a99b-fb5a8b3955b8 af6cf6b7229b4c9eace48dd4220164e4 8498dd98b53f466e81ae586547e94771 - - default default] 10.0.0.108 "GET /v2.0/agents?binary=ovn-controller HTTP/1.1" status: 200 len: 591 time: 0.0512674
2026-07-24 18:37:50.901 9 INFO neutron.wsgi [None req-7caeefb5-e32b-4fb3-82bd-dfa448437b7e af6cf6b7229b4c9eace48dd4220164e4 8498dd98b53f466e81ae586547e94771 - - default default] 10.0.0.108 "GET /v2.0/floatingips HTTP/1.1" status: 200 len: 193 time: 0.0281351
2026-07-24 18:37:50.947 9 INFO neutron.wsgi [None req-aedcad72-cbff-4d50-8212-1ee8a7e87685 af6cf6b7229b4c9eace48dd4220164e4 8498dd98b53f466e81ae586547e94771 - - default default] 10.0.0.108 "GET /v2.0/subnets HTTP/1.1" status: 200 len: 1437 time: 0.0443811
2026-07-24 18:37:50.961 9 INFO neutron.wsgi [None req-b2154e1c-131d-4fab-b3e3-65fdcbe1e5bd af6cf6b7229b4c9eace48dd4220164e4 8498dd98b53f466e81ae586547e94771 - - default default] 10.0.0.108 "GET /v2.0/agents HTTP/1.1" status: 200 len: 997 time: 0.0123508
2026-07-24 18:37:51.017 9 INFO neutron.wsgi [None req-b145cf45-f4df-4e3f-a626-07694d10330d af6cf6b7229b4c9eace48dd4220164e4 8498dd98b53f466e81ae586547e94771 - - default default] 10.0.0.108 "GET /v2.0/networks HTTP/1.1" status: 200 len: 2350 time: 0.0556638
2026-07-24 18:37:51.034 9 INFO neutron.wsgi [None req-51ae28e3-03c3-4674-888f-ff4b78963075 af6cf6b7229b4c9eace48dd4220164e4 8498dd98b53f466e81ae586547e94771 - - default default] 10.0.0.108 "GET /v2.0/network-ip-availabilities HTTP/1.1" status: 200 len: 1280 time: 0.0128565
2026-07-24 18:37:51.069 9 INFO neutron.wsgi [None req-036d7484-ee50-4014-aecc-27e403a00d73 af6cf6b7229b4c9eace48dd4220164e4 8498dd98b53f466e81ae586547e94771 - - default default] 10.0.0.108 "GET /v2.0/ports HTTP/1.1" status: 200 len: 5255 time: 0.0335977
2026-07-24 18:37:51.128 9 INFO neutron.wsgi [None req-21ff5ce9-b7c7-47be-869d-161702323d56 af6cf6b7229b4c9eace48dd4220164e4 8498dd98b53f466e81ae586547e94771 - - default default] 10.0.0.108 "GET /v2.0/security-groups HTTP/1.1" status: 200 len: 16803 time: 0.0546024
2026-07-24 18:37:51.164 9 INFO neutron.wsgi [None req-69c9a9fd-226d-4c10-9d71-913274e7a1d7 af6cf6b7229b4c9eace48dd4220164e4 8498dd98b53f466e81ae586547e94771 - - default default] 10.0.0.108 "GET /v2.0/subnets HTTP/1.1" status: 200 len: 1437 time: 0.0327158
2026-07-24 18:37:51.177 9 INFO neutron.wsgi [None req-bb21c460-0ff5-4baf-90d7-b891394191bf af6cf6b7229b4c9eace48dd4220164e4 8498dd98b53f466e81ae586547e94771 - - default default] 10.0.0.108 "GET /v2.0/subnetpools HTTP/1.1" status: 200 len: 193 time: 0.0128171
2026-07-24 18:37:54.173 10 INFO neutron.wsgi [-] 10.0.0.75 "GET / HTTP/1.1" status: 200 len: 246 time: 0.0020916
2026-07-24 18:37:54.174 9 INFO neutron.wsgi [-] 10.0.0.75 "GET / HTTP/1.1" status: 200 len: 246 time: 0.0029857
2026-07-24 18:38:09.173 10 INFO neutron.wsgi [-] 10.0.0.75 "GET / HTTP/1.1" status: 200 len: 246 time: 0.0028284
2026-07-24 18:38:09.180 10 INFO neutron.wsgi [-] 10.0.0.75 "GET / HTTP/1.1" status: 200 len: 246 time: 0.0025325
2026-07-24 18:38:17.090 10 INFO neutron.wsgi [None req-989cda4c-eb94-4b63-9fb1-c30b3329f05b af6cf6b7229b4c9eace48dd4220164e4 8498dd98b53f466e81ae586547e94771 - - default default] 199.19.213.152,10.0.0.75 "GET /v2.0/security-groups?tenant_id=e2f20cd3df98453099bf504f9832b7c6 HTTP/1.1" status: 200 len: 6838 time: 0.0952861
2026-07-24 18:38:18.081 10 INFO neutron.wsgi [None req-260d2e15-9ec5-409f-8ef0-f4f806f75b14 af6cf6b7229b4c9eace48dd4220164e4 8498dd98b53f466e81ae586547e94771 - - default default] 199.19.213.152,10.0.0.75 "GET /v2.0/security-groups?tenant_id=e2f20cd3df98453099bf504f9832b7c6 HTTP/1.1" status: 200 len: 6838 time: 0.0808759
2026-07-24 18:38:19.072 10 INFO neutron.wsgi [None req-4185de4e-9e25-43fa-a987-45d6615c534f af6cf6b7229b4c9eace48dd4220164e4 8498dd98b53f466e81ae586547e94771 - - default default] 199.19.213.152,10.0.0.75 "GET /v2.0/security-groups?tenant_id=e2f20cd3df98453099bf504f9832b7c6 HTTP/1.1" status: 200 len: 6838 time: 0.1449063
2026-07-24 18:38:19.970 10 INFO neutron.wsgi [None req-21a1deff-caa3-4a03-9a65-eb7cfd88650c af6cf6b7229b4c9eace48dd4220164e4 8498dd98b53f466e81ae586547e94771 - - default default] 199.19.213.152,10.0.0.75 "GET /v2.0/security-groups?tenant_id=e2f20cd3df98453099bf504f9832b7c6 HTTP/1.1" status: 200 len: 6838 time: 0.0902386
2026-07-24 18:38:20.949 10 INFO neutron.wsgi [None req-c0cf2462-a420-4a86-ae4f-e3e9932e8178 af6cf6b7229b4c9eace48dd4220164e4 8498dd98b53f466e81ae586547e94771 - - default default] 199.19.213.152,10.0.0.75 "GET /v2.0/security-groups?tenant_id=e2f20cd3df98453099bf504f9832b7c6 HTTP/1.1" status: 200 len: 6838 time: 0.0829232
2026-07-24 18:38:24.174 9 INFO neutron.wsgi [-] 10.0.0.75 "GET / HTTP/1.1" status: 200 len: 246 time: 0.0028772
2026-07-24 18:38:24.174 10 INFO neutron.wsgi [-] 10.0.0.75 "GET / HTTP/1.1" status: 200 len: 246 time: 0.0029771
2026-07-24 18:38:28.958 10 INFO neutron.wsgi [None req-11a571a8-ae4f-438c-9f78-9d5837170439 af6cf6b7229b4c9eace48dd4220164e4 8498dd98b53f466e81ae586547e94771 - - default default] 199.19.213.152,10.0.0.75 "GET /v2.0/quotas/e2f20cd3df98453099bf504f9832b7c6 HTTP/1.1" status: 200 len: 361 time: 0.0141563
2026-07-24 18:38:39.174 10 INFO neutron.wsgi [-] 10.0.0.75 "GET / HTTP/1.1" status: 200 len: 246 time: 0.0029690
2026-07-24 18:38:39.181 9 INFO neutron.wsgi [-] 10.0.0.75 "GET / HTTP/1.1" status: 200 len: 246 time: 0.0099175
2026-07-24 18:38:50.841 9 INFO neutron.wsgi [None req-d0e30617-daa1-477e-b90d-f7a4cc3a6559 af6cf6b7229b4c9eace48dd4220164e4 8498dd98b53f466e81ae586547e94771 - - default default] 10.0.0.108 "GET /v2.0/floatingips HTTP/1.1" status: 200 len: 193 time: 0.0676255
2026-07-24 18:38:50.929 9 INFO neutron.wsgi [None req-5dd54934-c79c-4d90-9ba8-deebe4a24d75 af6cf6b7229b4c9eace48dd4220164e4 8498dd98b53f466e81ae586547e94771 - - default default] 10.0.0.108 "GET /v2.0/networks HTTP/1.1" status: 200 len: 2350 time: 0.0872862
2026-07-24 18:38:50.969 9 INFO neutron.wsgi [None req-b383c5ee-5f91-4511-b18c-9ee925610614 af6cf6b7229b4c9eace48dd4220164e4 8498dd98b53f466e81ae586547e94771 - - default default] 10.0.0.108 "GET /v2.0/ports HTTP/1.1" status: 200 len: 5255 time: 0.0363429
2026-07-24 18:38:51.008 9 INFO neutron.wsgi [None req-46e893b6-12bb-4d65-9c39-6d4f8d5dc786 af6cf6b7229b4c9eace48dd4220164e4 8498dd98b53f466e81ae586547e94771 - - default default] 10.0.0.108 "GET /v2.0/routers HTTP/1.1" status: 200 len: 189 time: 0.0358779
2026-07-24 18:38:51.054 9 INFO neutron.wsgi [None req-b30d2df8-352a-48d4-94d4-b449f69b0568 af6cf6b7229b4c9eace48dd4220164e4 8498dd98b53f466e81ae586547e94771 - - default default] 10.0.0.108 "GET /v2.0/agents?binary=ovn-controller HTTP/1.1" status: 200 len: 591 time: 0.0445266
2026-07-24 18:38:51.069 9 INFO neutron.wsgi [None req-f7597714-7c91-4f39-8c6e-4cd247b4fb9d af6cf6b7229b4c9eace48dd4220164e4 8498dd98b53f466e81ae586547e94771 - - default default] 10.0.0.108 "GET /v2.0/agents HTTP/1.1" status: 200 len: 997 time: 0.0114224
2026-07-24 18:38:51.079 9 INFO neutron.wsgi [None req-602ba5f2-7d1c-430b-9beb-e99ec9d0cdd2 af6cf6b7229b4c9eace48dd4220164e4 8498dd98b53f466e81ae586547e94771 - - default default] 10.0.0.108 "GET /v2.0/network-ip-availabilities HTTP/1.1" status: 200 len: 1280 time: 0.0086646
2026-07-24 18:38:51.140 9 INFO neutron.wsgi [None req-a5dcec82-ad5a-4331-af43-e134f2f0e96d af6cf6b7229b4c9eace48dd4220164e4 8498dd98b53f466e81ae586547e94771 - - default default] 10.0.0.108 "GET /v2.0/security-groups HTTP/1.1" status: 200 len: 16803 time: 0.0599461
2026-07-24 18:38:51.180 9 INFO neutron.wsgi [None req-e96f9547-8ec8-4126-a6ce-1b8111e03f2f af6cf6b7229b4c9eace48dd4220164e4 8498dd98b53f466e81ae586547e94771 - - default default] 10.0.0.108 "GET /v2.0/subnets HTTP/1.1" status: 200 len: 1437 time: 0.0339923
2026-07-24 18:38:51.208 9 INFO neutron.wsgi [None req-009dfb20-1479-4203-a304-b34da846d5a0 af6cf6b7229b4c9eace48dd4220164e4 8498dd98b53f466e81ae586547e94771 - - default default] 10.0.0.108 "GET /v2.0/subnets HTTP/1.1" status: 200 len: 1437 time: 0.0270252
2026-07-24 18:38:51.221 9 INFO neutron.wsgi [None req-42d95b5a-dc70-426d-852f-487a9fba29ca af6cf6b7229b4c9eace48dd4220164e4 8498dd98b53f466e81ae586547e94771 - - default default] 10.0.0.108 "GET /v2.0/subnetpools HTTP/1.1" status: 200 len: 193 time: 0.0108230
2026-07-24 18:38:54.172 10 INFO neutron.wsgi [-] 10.0.0.75 "GET / HTTP/1.1" status: 200 len: 246 time: 0.0020118
2026-07-24 18:38:54.173 9 INFO neutron.wsgi [-] 10.0.0.75 "GET / HTTP/1.1" status: 200 len: 246 time: 0.0024188
2026-07-24 18:39:09.172 9 INFO neutron.wsgi [-] 10.0.0.75 "GET / HTTP/1.1" status: 200 len: 246 time: 0.0015492
2026-07-24 18:39:09.174 9 INFO neutron.wsgi [-] 10.0.0.75 "GET / HTTP/1.1" status: 200 len: 246 time: 0.0011978
2026-07-24 18:39:24.174 10 INFO neutron.wsgi [-] 10.0.0.75 "GET / HTTP/1.1" status: 200 len: 246 time: 0.0034082
2026-07-24 18:39:24.175 9 INFO neutron.wsgi [-] 10.0.0.75 "GET / HTTP/1.1" status: 200 len: 246 time: 0.0026381
2026-07-24 18:39:26.706 10 INFO neutron.wsgi [None req-7d337a36-57fa-4782-ac49-00d3ea469329 af6cf6b7229b4c9eace48dd4220164e4 8498dd98b53f466e81ae586547e94771 - - default default] 199.19.213.152,10.0.0.75 "GET /v2.0/networks HTTP/1.1" status: 200 len: 2350 time: 0.1345878
2026-07-24 18:39:39.172 9 INFO neutron.wsgi [-] 10.0.0.75 "GET / HTTP/1.1" status: 200 len: 246 time: 0.0014122
2026-07-24 18:39:39.173 10 INFO neutron.wsgi [-] 10.0.0.75 "GET / HTTP/1.1" status: 200 len: 246 time: 0.0022013
2026-07-24 18:39:50.943 9 INFO neutron.wsgi [None req-839997fc-b76b-4053-bede-368c6cd6d6cc af6cf6b7229b4c9eace48dd4220164e4 8498dd98b53f466e81ae586547e94771 - - default default] 10.0.0.108 "GET /v2.0/floatingips HTTP/1.1" status: 200 len: 193 time: 0.1424778
2026-07-24 18:39:50.979 9 INFO neutron.wsgi [None req-11d8bed6-2603-467d-8e43-169585e0d1cf af6cf6b7229b4c9eace48dd4220164e4 8498dd98b53f466e81ae586547e94771 - - default default] 10.0.0.108 "GET /v2.0/subnets HTTP/1.1" status: 200 len: 1437 time: 0.0350444
2026-07-24 18:39:50.995 9 INFO neutron.wsgi [None req-e36db830-21c1-4fd6-b83a-bee167bc1f38 af6cf6b7229b4c9eace48dd4220164e4 8498dd98b53f466e81ae586547e94771 - - default default] 10.0.0.108 "GET /v2.0/subnetpools HTTP/1.1" status: 200 len: 193 time: 0.0126920
2026-07-24 18:39:51.062 9 INFO neutron.wsgi [None req-5754b8aa-823d-4e0f-a8bf-b1f2ce7f6542 af6cf6b7229b4c9eace48dd4220164e4 8498dd98b53f466e81ae586547e94771 - - default default] 10.0.0.108 "GET /v2.0/security-groups HTTP/1.1" status: 200 len: 16803 time: 0.0659623
2026-07-24 18:39:51.118 9 INFO neutron.wsgi [None req-21b5e940-7f5d-4438-93cb-ca31859c8fdb af6cf6b7229b4c9eace48dd4220164e4 8498dd98b53f466e81ae586547e94771 - - default default] 10.0.0.108 "GET /v2.0/ports HTTP/1.1" status: 200 len: 5255 time: 0.0487289
2026-07-24 18:39:51.132 9 INFO neutron.wsgi [None req-e5ca9b28-4b2a-4df7-a195-35a15962f31f af6cf6b7229b4c9eace48dd4220164e4 8498dd98b53f466e81ae586547e94771 - - default default] 10.0.0.108 "GET /v2.0/network-ip-availabilities HTTP/1.1" status: 200 len: 1280 time: 0.0110466
2026-07-24 18:39:51.161 9 INFO neutron.wsgi [None req-438e61ef-65c5-4436-a518-70d6f7aa5853 af6cf6b7229b4c9eace48dd4220164e4 8498dd98b53f466e81ae586547e94771 - - default default] 10.0.0.108 "GET /v2.0/routers HTTP/1.1" status: 200 len: 189 time: 0.0284376
2026-07-24 18:39:51.197 9 INFO neutron.wsgi [None req-4139aaaa-a751-48b6-90ea-6d172688e92f af6cf6b7229b4c9eace48dd4220164e4 8498dd98b53f466e81ae586547e94771 - - default default] 10.0.0.108 "GET /v2.0/agents?binary=ovn-controller HTTP/1.1" status: 200 len: 591 time: 0.0354989
2026-07-24 18:39:51.259 9 INFO neutron.wsgi [None req-827fd5c9-f625-477a-a40a-80bc038a3949 af6cf6b7229b4c9eace48dd4220164e4 8498dd98b53f466e81ae586547e94771 - - default default] 10.0.0.108 "GET /v2.0/networks HTTP/1.1" status: 200 len: 2350 time: 0.0607712
2026-07-24 18:39:51.290 9 INFO neutron.wsgi [None req-0a561318-6875-4836-ab38-29ca0839c7f8 af6cf6b7229b4c9eace48dd4220164e4 8498dd98b53f466e81ae586547e94771 - - default default] 10.0.0.108 "GET /v2.0/subnets HTTP/1.1" status: 200 len: 1437 time: 0.0298073
2026-07-24 18:39:51.303 9 INFO neutron.wsgi [None req-46939254-6044-445c-8482-1e4771f0e1d4 af6cf6b7229b4c9eace48dd4220164e4 8498dd98b53f466e81ae586547e94771 - - default default] 10.0.0.108 "GET /v2.0/agents HTTP/1.1" status: 200 len: 997 time: 0.0109119
2026-07-24 18:39:54.174 9 INFO neutron.wsgi [-] 10.0.0.75 "GET / HTTP/1.1" status: 200 len: 246 time: 0.0027938
2026-07-24 18:39:54.174 10 INFO neutron.wsgi [-] 10.0.0.75 "GET / HTTP/1.1" status: 200 len: 246 time: 0.0027580
2026-07-24 18:40:08.174 9 INFO neutron.wsgi [None req-29ba1839-786a-43f5-b46f-a3d3d340501e af6cf6b7229b4c9eace48dd4220164e4 8498dd98b53f466e81ae586547e94771 - - default default] 10.0.0.195 "GET /v2.0/networks HTTP/1.1" status: 200 len: 2369 time: 0.2122984
2026-07-24 18:40:09.173 10 INFO neutron.wsgi [-] 10.0.0.75 "GET / HTTP/1.1" status: 200 len: 246 time: 0.0018911
2026-07-24 18:40:09.175 10 INFO neutron.wsgi [-] 10.0.0.75 "GET / HTTP/1.1" status: 200 len: 246 time: 0.0018260 /var/lib/openstack/lib/python3.10/site-packages/pycadf/identifier.py:71: UserWarning: Invalid uuid: neutron. To ensure interoperability, identifiers should be a valid uuid. warnings.warn(('Invalid uuid: %s. To ensure interoperability, '
2026-07-24 18:40:09.460 10 INFO neutron.wsgi [None req-0fa1e471-5722-45ea-bae7-645088b6464f af6cf6b7229b4c9eace48dd4220164e4 8498dd98b53f466e81ae586547e94771 - - default default] 10.0.0.195 "GET /v2.0/floatingips HTTP/1.1" status: 200 len: 212 time: 0.0532343
2026-07-24 18:40:09.522 10 INFO neutron.wsgi [None req-a11cec72-3e24-471a-b0aa-0aa1ff3636a7 af6cf6b7229b4c9eace48dd4220164e4 8498dd98b53f466e81ae586547e94771 - - default default] 10.0.0.195 "GET /v2.0/routers HTTP/1.1" status: 200 len: 208 time: 0.0543969
2026-07-24 18:40:09.581 10 INFO neutron.wsgi [None req-49bbf0cf-6959-49fa-bbbc-0ce3b4b234ca af6cf6b7229b4c9eace48dd4220164e4 8498dd98b53f466e81ae586547e94771 - - default default] 10.0.0.195 "GET /v2.0/ports HTTP/1.1" status: 200 len: 5274 time: 0.0509732
2026-07-24 18:40:09.645 10 INFO neutron.wsgi [None req-c4054628-8f8c-4000-ae2d-b189ac47d23d af6cf6b7229b4c9eace48dd4220164e4 8498dd98b53f466e81ae586547e94771 - - default default] 10.0.0.195 "GET /v2.0/subnets HTTP/1.1" status: 200 len: 1456 time: 0.0463767
2026-07-24 18:40:09.729 10 INFO neutron.wsgi [None req-67334f4d-c137-4098-b7b7-3a348d5542cf af6cf6b7229b4c9eace48dd4220164e4 8498dd98b53f466e81ae586547e94771 - - default default] 10.0.0.195 "GET /v2.0/networks HTTP/1.1" status: 200 len: 2369 time: 0.0766604
2026-07-24 18:40:09.826 9 INFO neutron.wsgi [None req-f2f12e44-d479-4632-9173-0b8027db08b2 af6cf6b7229b4c9eace48dd4220164e4 8498dd98b53f466e81ae586547e94771 - - default default] 10.0.0.195 "GET /v2.0/security-groups HTTP/1.1" status: 200 len: 16822 time: 0.0899422
2026-07-24 18:40:09.849 9 INFO neutron.wsgi [None req-1e682f7d-de79-4566-8478-ef10d05a8d85 af6cf6b7229b4c9eace48dd4220164e4 8498dd98b53f466e81ae586547e94771 - - default default] 10.0.0.195 "GET /v2.0/subnetpools HTTP/1.1" status: 200 len: 212 time: 0.0149930
2026-07-24 18:40:22.005 9 INFO neutron.db.ovn_revision_numbers_db [None req-48ef5431-4d66-44bb-ad40-841c1577f41a af6cf6b7229b4c9eace48dd4220164e4 8498dd98b53f466e81ae586547e94771 - - - -] Successfully bumped revision number for resource 8e3c5257-032b-4f77-949d-941ead5f26f1 (type: security_groups) to 1
2026-07-24 18:40:22.084 9 INFO neutron.db.segments_db [None req-48ef5431-4d66-44bb-ad40-841c1577f41a af6cf6b7229b4c9eace48dd4220164e4 8498dd98b53f466e81ae586547e94771 - - - -] Added segment 29686c5d-41f8-4229-9e92-0bf2e7364310 of type geneve for network 5e2be9c6-436a-41ce-ae3c-5484a3167c70
2026-07-24 18:40:22.227 9 INFO neutron.db.ovn_revision_numbers_db [None req-48ef5431-4d66-44bb-ad40-841c1577f41a af6cf6b7229b4c9eace48dd4220164e4 8498dd98b53f466e81ae586547e94771 - - - -] Successfully bumped revision number for resource 5e2be9c6-436a-41ce-ae3c-5484a3167c70 (type: networks) to 1
2026-07-24 18:40:22.417 9 WARNING neutron.scheduler.dhcp_agent_scheduler [None req-48ef5431-4d66-44bb-ad40-841c1577f41a af6cf6b7229b4c9eace48dd4220164e4 8498dd98b53f466e81ae586547e94771 - - - -] No more DHCP agents
2026-07-24 18:40:22.422 9 WARNING neutron.api.rpc.agentnotifiers.dhcp_rpc_agent_api [None req-48ef5431-4d66-44bb-ad40-841c1577f41a af6cf6b7229b4c9eace48dd4220164e4 8498dd98b53f466e81ae586547e94771 - - - -] Unable to schedule network 5e2be9c6-436a-41ce-ae3c-5484a3167c70: no agents available; will retry on subsequent port and subnet creation events.
2026-07-24 18:40:22.490 9 INFO neutron.db.ovn_revision_numbers_db [None req-48ef5431-4d66-44bb-ad40-841c1577f41a af6cf6b7229b4c9eace48dd4220164e4 8498dd98b53f466e81ae586547e94771 - - - -] Successfully bumped revision number for resource 7141112e-6688-43e6-907f-cea1f896d99c (type: ports) to 1
2026-07-24 18:40:22.509 9 INFO neutron.wsgi [None req-48ef5431-4d66-44bb-ad40-841c1577f41a af6cf6b7229b4c9eace48dd4220164e4 8498dd98b53f466e81ae586547e94771 - - - -] 10.0.0.195 "POST /v2.0/networks HTTP/1.1" status: 201 len: 949 time: 0.9385624
2026-07-24 18:40:22.702 10 WARNING neutron.scheduler.dhcp_agent_scheduler [None req-92b03594-6845-423b-8a92-4afa260416e5 af6cf6b7229b4c9eace48dd4220164e4 8498dd98b53f466e81ae586547e94771 - - - -] No more DHCP agents
2026-07-24 18:40:22.707 10 WARNING neutron.api.rpc.agentnotifiers.dhcp_rpc_agent_api [None req-92b03594-6845-423b-8a92-4afa260416e5 af6cf6b7229b4c9eace48dd4220164e4 8498dd98b53f466e81ae586547e94771 - - - -] Unable to schedule network 5e2be9c6-436a-41ce-ae3c-5484a3167c70: no agents available; will retry on subsequent port and subnet creation events.
2026-07-24 18:40:23.224 10 INFO neutron.db.ovn_revision_numbers_db [None req-92b03594-6845-423b-8a92-4afa260416e5 af6cf6b7229b4c9eace48dd4220164e4 8498dd98b53f466e81ae586547e94771 - - - -] Successfully bumped revision number for resource 7141112e-6688-43e6-907f-cea1f896d99c (type: ports) to 2
2026-07-24 18:40:23.250 10 INFO neutron.db.ovn_revision_numbers_db [None req-92b03594-6845-423b-8a92-4afa260416e5 af6cf6b7229b4c9eace48dd4220164e4 8498dd98b53f466e81ae586547e94771 - - - -] Successfully bumped revision number for resource 219abd1b-b927-4f0c-991e-e8142db7205a (type: subnets) to 0
2026-07-24 18:40:23.273 10 INFO neutron.wsgi [None req-92b03594-6845-423b-8a92-4afa260416e5 af6cf6b7229b4c9eace48dd4220164e4 8498dd98b53f466e81ae586547e94771 - - - -] 10.0.0.195 "POST /v2.0/subnets HTTP/1.1" status: 201 len: 869 time: 0.7570341
2026-07-24 18:40:23.422 9 INFO neutron.db.ovn_revision_numbers_db [None req-c98dec2a-46c7-40de-8ccb-288f6bbfc31c af6cf6b7229b4c9eace48dd4220164e4 8498dd98b53f466e81ae586547e94771 - - default default] Successfully bumped revision number for resource 29a62c79-6058-4bf0-af48-aaa79e68dfbe (type: security_groups) to 1
2026-07-24 18:40:23.459 9 INFO neutron.wsgi [None req-c98dec2a-46c7-40de-8ccb-288f6bbfc31c af6cf6b7229b4c9eace48dd4220164e4 8498dd98b53f466e81ae586547e94771 - - default default] 10.0.0.195 "GET /v2.0/security-groups?tenant_id=791f864006374e56ae793607e9a6438f&name=default HTTP/1.1" status: 200 len: 2992 time: 0.2659819
2026-07-24 18:40:23.649 10 INFO neutron.db.ovn_revision_numbers_db [None req-6a7749e7-772e-4a72-9315-96e766ef55c1 af6cf6b7229b4c9eace48dd4220164e4 8498dd98b53f466e81ae586547e94771 - - default default] Successfully bumped revision number for resource e153d77b-2f19-44ef-961c-899ac2991a0a (type: security_groups) to 1
2026-07-24 18:40:23.688 10 INFO neutron.wsgi [None req-6a7749e7-772e-4a72-9315-96e766ef55c1 af6cf6b7229b4c9eace48dd4220164e4 8498dd98b53f466e81ae586547e94771 - - default default] 10.0.0.195 "GET /v2.0/security-groups?tenant_id=8c176c3ca6c64c628160436645acb655&name=default HTTP/1.1" status: 200 len: 2992 time: 0.5560460
2026-07-24 18:40:23.753 9 INFO neutron.wsgi [None req-a71daea8-910d-4e0a-9ec0-507b4618f3ba af6cf6b7229b4c9eace48dd4220164e4 8498dd98b53f466e81ae586547e94771 - - - -] 10.0.0.195 "DELETE /v2.0/security-groups/29a62c79-6058-4bf0-af48-aaa79e68dfbe HTTP/1.1" status: 204 len: 168 time: 0.2788680
2026-07-24 18:40:23.912 9 INFO neutron.wsgi [None req-9e3bd5ea-08c8-4498-9e3c-dac37c3d6aaf af6cf6b7229b4c9eace48dd4220164e4 8498dd98b53f466e81ae586547e94771 - - - -] 10.0.0.195 "DELETE /v2.0/security-groups/e153d77b-2f19-44ef-961c-899ac2991a0a HTTP/1.1" status: 204 len: 168 time: 0.2186015
2026-07-24 18:40:24.116 10 WARNING neutron.scheduler.dhcp_agent_scheduler [None req-866f523c-4665-49f9-a4dd-fa7e4a1b8130 af6cf6b7229b4c9eace48dd4220164e4 8498dd98b53f466e81ae586547e94771 - - - -] No more DHCP agents
2026-07-24 18:40:24.122 10 WARNING neutron.api.rpc.agentnotifiers.dhcp_rpc_agent_api [None req-866f523c-4665-49f9-a4dd-fa7e4a1b8130 af6cf6b7229b4c9eace48dd4220164e4 8498dd98b53f466e81ae586547e94771 - - - -] Unable to schedule network 9edd62f8-6081-4780-bbb7-f7b6619461a6: no agents available; will retry on subsequent port and subnet creation events.
2026-07-24 18:40:24.174 9 INFO neutron.wsgi [-] 10.0.0.75 "GET / HTTP/1.1" status: 200 len: 246 time: 0.0025663
2026-07-24 18:40:24.177 9 INFO neutron.wsgi [-] 10.0.0.75 "GET / HTTP/1.1" status: 200 len: 246 time: 0.0017073
2026-07-24 18:40:24.214 10 INFO neutron.db.ovn_revision_numbers_db [None req-77f7ea04-f8c5-4d6d-80f4-190f021a3d40 af6cf6b7229b4c9eace48dd4220164e4 8498dd98b53f466e81ae586547e94771 - - default default] Successfully bumped revision number for resource 1578d8fb-ddf2-4a6f-bca6-c6b0aa36e3e6 (type: security_groups) to 1
2026-07-24 18:40:24.268 10 INFO neutron.wsgi [None req-77f7ea04-f8c5-4d6d-80f4-190f021a3d40 af6cf6b7229b4c9eace48dd4220164e4 8498dd98b53f466e81ae586547e94771 - - default default] 10.0.0.195 "GET /v2.0/security-groups?tenant_id=a5d640755dca4704a555c9ab6ecac94e&name=default HTTP/1.1" status: 200 len: 2992 time: 0.4129782
2026-07-24 18:40:24.291 10 INFO neutron.db.ovn_revision_numbers_db [None req-866f523c-4665-49f9-a4dd-fa7e4a1b8130 af6cf6b7229b4c9eace48dd4220164e4 8498dd98b53f466e81ae586547e94771 - - - -] Successfully bumped revision number for resource d3dcfca3-6909-4128-800f-4d57177246c7 (type: ports) to 1
2026-07-24 18:40:24.458 9 INFO neutron.wsgi [None req-8c490e9b-af74-4bfd-a450-6f85717819e4 af6cf6b7229b4c9eace48dd4220164e4 8498dd98b53f466e81ae586547e94771 - - - -] 10.0.0.195 "DELETE /v2.0/security-groups/1578d8fb-ddf2-4a6f-bca6-c6b0aa36e3e6 HTTP/1.1" status: 204 len: 168 time: 0.1839588
2026-07-24 18:40:24.694 9 INFO neutron.db.ovn_revision_numbers_db [None req-a95a4617-2da5-4a66-8091-f5c2f82c6574 af6cf6b7229b4c9eace48dd4220164e4 8498dd98b53f466e81ae586547e94771 - - default default] Successfully bumped revision number for resource ce5c14a9-4b2e-4a05-9abd-5d1f64c05465 (type: security_groups) to 1
2026-07-24 18:40:24.716 9 INFO neutron.wsgi [None req-a95a4617-2da5-4a66-8091-f5c2f82c6574 af6cf6b7229b4c9eace48dd4220164e4 8498dd98b53f466e81ae586547e94771 - - default default] 10.0.0.195 "GET /v2.0/security-groups?tenant_id=74d0a24fda2148fdb77c0a5bf509f148&name=default HTTP/1.1" status: 200 len: 2992 time: 0.1296694
2026-07-24 18:40:24.762 10 INFO neutron.plugins.ml2.drivers.ovn.mech_driver.ovsdb.extensions.qos [None req-866f523c-4665-49f9-a4dd-fa7e4a1b8130 af6cf6b7229b4c9eace48dd4220164e4 8498dd98b53f466e81ae586547e94771 - - - -] Starting OVNClientQosExtension
2026-07-24 18:40:24.930 9 INFO neutron.wsgi [None req-3c18e8b7-a51f-4e5a-8495-ea947114b508 af6cf6b7229b4c9eace48dd4220164e4 8498dd98b53f466e81ae586547e94771 - - - -] 10.0.0.195 "DELETE /v2.0/security-groups/ce5c14a9-4b2e-4a05-9abd-5d1f64c05465 HTTP/1.1" status: 204 len: 168 time: 0.2033541
2026-07-24 18:40:25.144 10 INFO neutron.plugins.ml2.drivers.ovn.mech_driver.mech_driver [None req-7df97af8-123e-4e21-8433-8871f533c43c - - - - - -] OVN reports status up for port: d3dcfca3-6909-4128-800f-4d57177246c7
2026-07-24 18:40:25.171 10 INFO neutron.plugins.ml2.drivers.ovn.mech_driver.ovsdb.ovsdb_monitor [-] Router 79f47f8c-2f90-4177-aea4-2e874752bda1 is bound to host instance
2026-07-24 18:40:25.184 10 INFO neutron.db.ovn_revision_numbers_db [None req-866f523c-4665-49f9-a4dd-fa7e4a1b8130 af6cf6b7229b4c9eace48dd4220164e4 8498dd98b53f466e81ae586547e94771 - - - -] Successfully bumped revision number for resource d3dcfca3-6909-4128-800f-4d57177246c7 (type: router_ports) to 1
2026-07-24 18:40:25.186 10 INFO neutron.plugins.ml2.plugin [None req-7df97af8-123e-4e21-8433-8871f533c43c - - - - - -] Attempt 1 to provision port d3dcfca3-6909-4128-800f-4d57177246c7
2026-07-24 18:40:25.307 10 INFO neutron.db.ovn_revision_numbers_db [None req-866f523c-4665-49f9-a4dd-fa7e4a1b8130 af6cf6b7229b4c9eace48dd4220164e4 8498dd98b53f466e81ae586547e94771 - - - -] Successfully bumped revision number for resource 79f47f8c-2f90-4177-aea4-2e874752bda1 (type: routers) to 3
2026-07-24 18:40:25.350 10 INFO neutron.wsgi [None req-866f523c-4665-49f9-a4dd-fa7e4a1b8130 af6cf6b7229b4c9eace48dd4220164e4 8498dd98b53f466e81ae586547e94771 - - - -] 10.0.0.195 "POST /v2.0/routers HTTP/1.1" status: 201 len: 880 time: 2.0690579
2026-07-24 18:40:25.989 9 INFO neutron.db.ovn_revision_numbers_db [None req-a8e5dcac-90cc-4f85-9b84-2330ea68c77c af6cf6b7229b4c9eace48dd4220164e4 8498dd98b53f466e81ae586547e94771 - - - -] Successfully bumped revision number for resource 15bc1127-8385-4059-9098-d6ef6bdbe12e (type: security_groups) to 1
2026-07-24 18:40:25.994 10 INFO neutron.db.ovn_revision_numbers_db [None req-0224debb-b298-400b-8cb4-99dbdd7e202a - - - - - -] Successfully bumped revision number for resource d3dcfca3-6909-4128-800f-4d57177246c7 (type: ports) to 1
2026-07-24 18:40:26.059 9 INFO neutron.db.segments_db [None req-a8e5dcac-90cc-4f85-9b84-2330ea68c77c af6cf6b7229b4c9eace48dd4220164e4 8498dd98b53f466e81ae586547e94771 - - - -] Added segment c23347ed-f308-486a-bd8e-0febcba0acab of type geneve for network 58109e48-576d-4a0a-8641-50c5701d4985
2026-07-24 18:40:26.140 9 WARNING neutron.scheduler.dhcp_agent_scheduler [None req-1cac75aa-997b-4d51-b61d-05377dbfc179 af6cf6b7229b4c9eace48dd4220164e4 8498dd98b53f466e81ae586547e94771 - - default default] No more DHCP agents
2026-07-24 18:40:26.145 9 WARNING neutron.api.rpc.agentnotifiers.dhcp_rpc_agent_api [None req-1cac75aa-997b-4d51-b61d-05377dbfc179 af6cf6b7229b4c9eace48dd4220164e4 8498dd98b53f466e81ae586547e94771 - - default default] Unable to schedule network 5e2be9c6-436a-41ce-ae3c-5484a3167c70: no agents available; will retry on subsequent port and subnet creation events.
2026-07-24 18:40:26.214 9 INFO neutron.db.ovn_revision_numbers_db [None req-a8e5dcac-90cc-4f85-9b84-2330ea68c77c af6cf6b7229b4c9eace48dd4220164e4 8498dd98b53f466e81ae586547e94771 - - - -] Successfully bumped revision number for resource 58109e48-576d-4a0a-8641-50c5701d4985 (type: networks) to 1
2026-07-24 18:40:26.262 10 INFO neutron.db.ovn_revision_numbers_db [None req-0224debb-b298-400b-8cb4-99dbdd7e202a - - - - - -] Successfully bumped revision number for resource d3dcfca3-6909-4128-800f-4d57177246c7 (type: router_ports) to 3
2026-07-24 18:40:26.323 9 INFO neutron.db.ovn_revision_numbers_db [None req-1cac75aa-997b-4d51-b61d-05377dbfc179 af6cf6b7229b4c9eace48dd4220164e4 8498dd98b53f466e81ae586547e94771 - - default default] Successfully bumped revision number for resource b9f4a260-f7b4-4154-b806-3c3788331f93 (type: ports) to 1
2026-07-24 18:40:26.386 10 INFO neutron.db.ovn_revision_numbers_db [None req-0224debb-b298-400b-8cb4-99dbdd7e202a - - - - - -] Successfully bumped revision number for resource d3dcfca3-6909-4128-800f-4d57177246c7 (type: ports) to 2
2026-07-24 18:40:26.525 9 WARNING neutron.scheduler.dhcp_agent_scheduler [None req-a8e5dcac-90cc-4f85-9b84-2330ea68c77c af6cf6b7229b4c9eace48dd4220164e4 8498dd98b53f466e81ae586547e94771 - - - -] No more DHCP agents
2026-07-24 18:40:26.528 9 WARNING neutron.api.rpc.agentnotifiers.dhcp_rpc_agent_api [None req-a8e5dcac-90cc-4f85-9b84-2330ea68c77c af6cf6b7229b4c9eace48dd4220164e4 8498dd98b53f466e81ae586547e94771 - - - -] Unable to schedule network 58109e48-576d-4a0a-8641-50c5701d4985: no agents available; will retry on subsequent port and subnet creation events.
2026-07-24 18:40:26.660 10 INFO neutron.db.ovn_revision_numbers_db [None req-0224debb-b298-400b-8cb4-99dbdd7e202a - - - - - -] Successfully bumped revision number for resource d3dcfca3-6909-4128-800f-4d57177246c7 (type: ports) to 4
2026-07-24 18:40:26.765 9 INFO neutron.db.ovn_revision_numbers_db [None req-a8e5dcac-90cc-4f85-9b84-2330ea68c77c af6cf6b7229b4c9eace48dd4220164e4 8498dd98b53f466e81ae586547e94771 - - - -] Successfully bumped revision number for resource 8f4d3102-d33c-4b4c-b6d8-0796611f793a (type: ports) to 1
2026-07-24 18:40:26.792 9 INFO neutron.wsgi [None req-a8e5dcac-90cc-4f85-9b84-2330ea68c77c af6cf6b7229b4c9eace48dd4220164e4 8498dd98b53f466e81ae586547e94771 - - - -] 10.0.0.195 "POST /v2.0/networks HTTP/1.1" status: 201 len: 954 time: 1.1347008
2026-07-24 18:40:26.913 9 INFO neutron.plugins.ml2.drivers.ovn.mech_driver.ovsdb.extensions.qos [None req-1cac75aa-997b-4d51-b61d-05377dbfc179 af6cf6b7229b4c9eace48dd4220164e4 8498dd98b53f466e81ae586547e94771 - - default default] Starting OVNClientQosExtension
2026-07-24 18:40:26.973 10 INFO neutron.db.ovn_revision_numbers_db [None req-0224debb-b298-400b-8cb4-99dbdd7e202a - - - - - -] Successfully bumped revision number for resource d3dcfca3-6909-4128-800f-4d57177246c7 (type: router_ports) to 4
2026-07-24 18:40:27.022 9 INFO neutron.db.ovn_revision_numbers_db [None req-1cac75aa-997b-4d51-b61d-05377dbfc179 af6cf6b7229b4c9eace48dd4220164e4 8498dd98b53f466e81ae586547e94771 - - default default] Successfully bumped revision number for resource b9f4a260-f7b4-4154-b806-3c3788331f93 (type: router_ports) to 2
2026-07-24 18:40:27.060 10 WARNING neutron.scheduler.dhcp_agent_scheduler [None req-65a8e050-bb47-4e4c-94d2-0d77e84f2e5f af6cf6b7229b4c9eace48dd4220164e4 8498dd98b53f466e81ae586547e94771 - - - -] No more DHCP agents
2026-07-24 18:40:27.061 10 WARNING neutron.api.rpc.agentnotifiers.dhcp_rpc_agent_api [None req-65a8e050-bb47-4e4c-94d2-0d77e84f2e5f af6cf6b7229b4c9eace48dd4220164e4 8498dd98b53f466e81ae586547e94771 - - - -] Unable to schedule network 58109e48-576d-4a0a-8641-50c5701d4985: no agents available; will retry on subsequent port and subnet creation events.
2026-07-24 18:40:27.138 9 INFO neutron.db.ovn_revision_numbers_db [None req-1cac75aa-997b-4d51-b61d-05377dbfc179 af6cf6b7229b4c9eace48dd4220164e4 8498dd98b53f466e81ae586547e94771 - - default default] Successfully bumped revision number for resource b9f4a260-f7b4-4154-b806-3c3788331f93 (type: ports) to 2
2026-07-24 18:40:27.209 9 WARNING neutron.scheduler.dhcp_agent_scheduler [None req-1cac75aa-997b-4d51-b61d-05377dbfc179 af6cf6b7229b4c9eace48dd4220164e4 8498dd98b53f466e81ae586547e94771 - - default default] No more DHCP agents
2026-07-24 18:40:27.210 9 WARNING neutron.api.rpc.agentnotifiers.dhcp_rpc_agent_api [None req-1cac75aa-997b-4d51-b61d-05377dbfc179 af6cf6b7229b4c9eace48dd4220164e4 8498dd98b53f466e81ae586547e94771 - - default default] Unable to schedule network 5e2be9c6-436a-41ce-ae3c-5484a3167c70: no agents available; will retry on subsequent port and subnet creation events.
2026-07-24 18:40:27.450 10 INFO neutron.plugins.ml2.drivers.ovn.mech_driver.mech_driver [None req-7df97af8-123e-4e21-8433-8871f533c43c - - - - - -] OVN reports status up for port: b9f4a260-f7b4-4154-b806-3c3788331f93
2026-07-24 18:40:27.576 10 INFO neutron.plugins.ml2.plugin [None req-7df97af8-123e-4e21-8433-8871f533c43c - - - - - -] Attempt 1 to provision port b9f4a260-f7b4-4154-b806-3c3788331f93
2026-07-24 18:40:27.682 9 INFO neutron.db.ovn_revision_numbers_db [None req-1cac75aa-997b-4d51-b61d-05377dbfc179 af6cf6b7229b4c9eace48dd4220164e4 8498dd98b53f466e81ae586547e94771 - - - -] Successfully bumped revision number for resource b9f4a260-f7b4-4154-b806-3c3788331f93 (type: router_ports) to 2
2026-07-24 18:40:27.687 9 INFO neutron.wsgi [None req-1cac75aa-997b-4d51-b61d-05377dbfc179 af6cf6b7229b4c9eace48dd4220164e4 8498dd98b53f466e81ae586547e94771 - - - -] 10.0.0.195 "PUT /v2.0/routers/79f47f8c-2f90-4177-aea4-2e874752bda1/add_router_interface HTTP/1.1" status: 200 len: 503 time: 2.3300700
2026-07-24 18:40:27.737 10 INFO neutron.db.ovn_revision_numbers_db [None req-65a8e050-bb47-4e4c-94d2-0d77e84f2e5f af6cf6b7229b4c9eace48dd4220164e4 8498dd98b53f466e81ae586547e94771 - - - -] Successfully bumped revision number for resource 8f4d3102-d33c-4b4c-b6d8-0796611f793a (type: ports) to 2
2026-07-24 18:40:27.757 10 INFO neutron.db.ovn_revision_numbers_db [None req-65a8e050-bb47-4e4c-94d2-0d77e84f2e5f af6cf6b7229b4c9eace48dd4220164e4 8498dd98b53f466e81ae586547e94771 - - - -] Successfully bumped revision number for resource bdc75a21-afbe-4bd9-b63a-0174a46dbf58 (type: subnets) to 0
2026-07-24 18:40:27.780 10 INFO neutron.wsgi [None req-65a8e050-bb47-4e4c-94d2-0d77e84f2e5f af6cf6b7229b4c9eace48dd4220164e4 8498dd98b53f466e81ae586547e94771 - - - -] 10.0.0.195 "POST /v2.0/subnets HTTP/1.1" status: 201 len: 874 time: 0.9821448
2026-07-24 18:40:27.855 10 INFO neutron.db.ovn_revision_numbers_db [None req-7df97af8-123e-4e21-8433-8871f533c43c - - - - - -] Successfully bumped revision number for resource b9f4a260-f7b4-4154-b806-3c3788331f93 (type: ports) to 3
2026-07-24 18:40:27.954 10 INFO neutron.db.ovn_revision_numbers_db [None req-7df97af8-123e-4e21-8433-8871f533c43c - - - - - -] Successfully bumped revision number for resource b9f4a260-f7b4-4154-b806-3c3788331f93 (type: router_ports) to 3
2026-07-24 18:40:28.292 9 INFO neutron.db.ovn_revision_numbers_db [None req-0fac5568-0efb-4cc4-a8b5-1704fb233249 af6cf6b7229b4c9eace48dd4220164e4 8498dd98b53f466e81ae586547e94771 - - default default] Successfully bumped revision number for resource 511ae3de-5140-48d0-af9a-c17718ef16b0 (type: security_groups) to 1
2026-07-24 18:40:28.331 9 INFO neutron.wsgi [None req-0fac5568-0efb-4cc4-a8b5-1704fb233249 af6cf6b7229b4c9eace48dd4220164e4 8498dd98b53f466e81ae586547e94771 - - default default] 10.0.0.195 "GET /v2.0/security-groups?tenant_id=c2cd41f9bc5849ccbd186539ad22cc24&name=default HTTP/1.1" status: 200 len: 2992 time: 0.6083934
2026-07-24 18:40:28.527 9 WARNING neutron.scheduler.dhcp_agent_scheduler [None req-6fb6d479-f7c3-4059-ac6d-8dc89f21fc03 af6cf6b7229b4c9eace48dd4220164e4 8498dd98b53f466e81ae586547e94771 - - - -] No more DHCP agents
2026-07-24 18:40:28.531 9 WARNING neutron.api.rpc.agentnotifiers.dhcp_rpc_agent_api [None req-6fb6d479-f7c3-4059-ac6d-8dc89f21fc03 af6cf6b7229b4c9eace48dd4220164e4 8498dd98b53f466e81ae586547e94771 - - - -] Unable to schedule network 9edd62f8-6081-4780-bbb7-f7b6619461a6: no agents available; will retry on subsequent port and subnet creation events.
2026-07-24 18:40:28.583 10 INFO neutron.wsgi [None req-0ef93d75-e38d-4c04-ab5b-9d2a8607857f af6cf6b7229b4c9eace48dd4220164e4 8498dd98b53f466e81ae586547e94771 - - - -] 10.0.0.195 "DELETE /v2.0/security-groups/511ae3de-5140-48d0-af9a-c17718ef16b0 HTTP/1.1" status: 204 len: 168 time: 0.2452693
2026-07-24 18:40:28.657 9 INFO neutron.db.ovn_revision_numbers_db [None req-6fb6d479-f7c3-4059-ac6d-8dc89f21fc03 af6cf6b7229b4c9eace48dd4220164e4 8498dd98b53f466e81ae586547e94771 - - - -] Successfully bumped revision number for resource 9f13650e-f47f-4a9d-b8f6-4dd93c59d0a5 (type: ports) to 1
2026-07-24 18:40:28.887 10 INFO neutron.db.ovn_revision_numbers_db [None req-ae849aed-4187-44fb-ad56-9321ee6d6a2d af6cf6b7229b4c9eace48dd4220164e4 8498dd98b53f466e81ae586547e94771 - - default default] Successfully bumped revision number for resource ebb88324-dab0-4cc1-bbae-51dfedc153a8 (type: security_groups) to 1
2026-07-24 18:40:28.914 10 INFO neutron.wsgi [None req-ae849aed-4187-44fb-ad56-9321ee6d6a2d af6cf6b7229b4c9eace48dd4220164e4 8498dd98b53f466e81ae586547e94771 - - default default] 10.0.0.195 "GET /v2.0/security-groups?tenant_id=c8a1747ed6ac42ce9a3478a2a1443742&name=default HTTP/1.1" status: 200 len: 2992 time: 0.1277103
2026-07-24 18:40:29.062 10 INFO neutron.db.ovn_revision_numbers_db [None req-47c7360d-4671-4f1d-92e4-64f205a879ad 884435c2c9dc470ca993f18eedd866ab 3f11afba225e468b99c9ee1d43603b80 - - - -] Successfully bumped revision number for resource 01a0396a-1521-4977-9997-001b4cb43f38 (type: security_groups) to 1
2026-07-24 18:40:29.088 10 INFO neutron.wsgi [None req-47c7360d-4671-4f1d-92e4-64f205a879ad 884435c2c9dc470ca993f18eedd866ab 3f11afba225e468b99c9ee1d43603b80 - - - -] 10.0.0.3 "POST /v2.0/security-groups HTTP/1.1" status: 201 len: 1823 time: 0.4258654
2026-07-24 18:40:29.160 10 INFO neutron.wsgi [None req-7572af0e-9000-4add-a34e-8fada1f6e63d af6cf6b7229b4c9eace48dd4220164e4 8498dd98b53f466e81ae586547e94771 - - - -] 10.0.0.195 "DELETE /v2.0/security-groups/ebb88324-dab0-4cc1-bbae-51dfedc153a8 HTTP/1.1" status: 204 len: 168 time: 0.2395990
2026-07-24 18:40:29.353 9 INFO neutron.db.ovn_revision_numbers_db [None req-6fb6d479-f7c3-4059-ac6d-8dc89f21fc03 af6cf6b7229b4c9eace48dd4220164e4 8498dd98b53f466e81ae586547e94771 - - - -] Successfully bumped revision number for resource 9f13650e-f47f-4a9d-b8f6-4dd93c59d0a5 (type: router_ports) to 1
2026-07-24 18:40:29.451 9 INFO neutron.db.ovn_revision_numbers_db [None req-6fb6d479-f7c3-4059-ac6d-8dc89f21fc03 af6cf6b7229b4c9eace48dd4220164e4 8498dd98b53f466e81ae586547e94771 - - - -] Successfully bumped revision number for resource 5a080aa0-3f30-4f8d-92e3-6361de5d9608 (type: routers) to 3
2026-07-24 18:40:29.470 9 INFO neutron.wsgi [None req-6fb6d479-f7c3-4059-ac6d-8dc89f21fc03 af6cf6b7229b4c9eace48dd4220164e4 8498dd98b53f466e81ae586547e94771 - - - -] 10.0.0.195 "POST /v2.0/routers HTTP/1.1" status: 201 len: 885 time: 1.6833775
2026-07-24 18:40:29.646 10 INFO neutron.wsgi [req-e8530514-46db-4d62-a139-eaa3b7403501 req-37cee1be-d9ff-413b-b6ad-0558787010e0 884435c2c9dc470ca993f18eedd866ab 3f11afba225e468b99c9ee1d43603b80 - - default default] 10.0.0.3 "GET /v2.0/security-groups/01a0396a-1521-4977-9997-001b4cb43f38 HTTP/1.1" status: 200 len: 1818 time: 0.1448908
