2026-07-24 18:41:35.043 10 INFO neutron.wsgi [None req-04ea6c19-62e1-41c8-8382-2be97089dfab c677090bc79d46719d1e4600b36470e1 0639c12be71e4c88961651950096b4a8 - - default default] 10.0.0.195 "GET /v2.0/ports/c03133ec-0af0-435a-8c6c-94a692f8cb49 HTTP/1.1" status: 200 len: 1135 time: 0.0975416
2026-07-24 18:41:35.080 10 INFO neutron.wsgi [None req-01b44e1d-24e0-4f55-aa13-91c02fb7dd81 c677090bc79d46719d1e4600b36470e1 0639c12be71e4c88961651950096b4a8 - - default default] 10.0.0.195 "GET /v2.0/ports/c03133ec-0af0-435a-8c6c-94a692f8cb49 HTTP/1.1" status: 200 len: 1135 time: 0.0306110
2026-07-24 18:41:35.092 9 WARNING neutron.scheduler.dhcp_agent_scheduler [None req-54c01d35-4111-4f34-b87b-8f2e675471de 3a8887a4b1b84f3d82d49650b11cfb92 eaa93d1fc5c64b15a3082aac97c302ea - - - -] No more DHCP agents
2026-07-24 18:41:35.095 9 WARNING neutron.api.rpc.agentnotifiers.dhcp_rpc_agent_api [None req-54c01d35-4111-4f34-b87b-8f2e675471de 3a8887a4b1b84f3d82d49650b11cfb92 eaa93d1fc5c64b15a3082aac97c302ea - - - -] Unable to schedule network cb24897f-54fd-4717-bebe-5932908741a5: no agents available; will retry on subsequent port and subnet creation events.
2026-07-24 18:41:35.161 9 INFO neutron.db.ovn_revision_numbers_db [None req-54c01d35-4111-4f34-b87b-8f2e675471de 3a8887a4b1b84f3d82d49650b11cfb92 eaa93d1fc5c64b15a3082aac97c302ea - - - -] Successfully bumped revision number for resource 7ecd21dc-a662-4dc5-bdce-a823d0c0e329 (type: ports) to 1
2026-07-24 18:41:35.183 9 INFO neutron.wsgi [None req-54c01d35-4111-4f34-b87b-8f2e675471de 3a8887a4b1b84f3d82d49650b11cfb92 eaa93d1fc5c64b15a3082aac97c302ea - - - -] 10.0.0.195 "POST /v2.0/networks HTTP/1.1" status: 201 len: 832 time: 0.8813584
2026-07-24 18:41:35.772 9 WARNING neutron.scheduler.dhcp_agent_scheduler [None req-4981d329-12bb-4f20-9f4d-4239163e88c1 3a8887a4b1b84f3d82d49650b11cfb92 eaa93d1fc5c64b15a3082aac97c302ea - - - -] No more DHCP agents
2026-07-24 18:41:35.777 9 WARNING neutron.api.rpc.agentnotifiers.dhcp_rpc_agent_api [None req-4981d329-12bb-4f20-9f4d-4239163e88c1 3a8887a4b1b84f3d82d49650b11cfb92 eaa93d1fc5c64b15a3082aac97c302ea - - - -] Unable to schedule network 9edd62f8-6081-4780-bbb7-f7b6619461a6: no agents available; will retry on subsequent port and subnet creation events.
2026-07-24 18:41:35.938 9 INFO neutron.db.ovn_revision_numbers_db [None req-4981d329-12bb-4f20-9f4d-4239163e88c1 3a8887a4b1b84f3d82d49650b11cfb92 eaa93d1fc5c64b15a3082aac97c302ea - - - -] Successfully bumped revision number for resource 05e00800-4c54-46d3-bdd9-52f2f7867c48 (type: ports) to 1
2026-07-24 18:41:36.082 10 INFO neutron.wsgi [req-658a5676-0f23-4808-b404-dd87e83a2009 req-40336497-6f9f-4936-900c-ffda0a4e4e9a f700292eaa164233bc4162f5be9a4f9f 57ae9dd40cf54dee9701597637dae482 - - default default] 10.0.0.3 "GET /v2.0/ports?device_id=166efa56-4b49-425d-93fa-e6035254e386 HTTP/1.1" status: 200 len: 1170 time: 0.0515974
2026-07-24 18:41:36.120 10 INFO neutron.notifiers.nova [-] Nova event matching ['req-6e4e2095-5744-448a-9ec0-371ae535ed99'] response: {'server_uuid': '166efa56-4b49-425d-93fa-e6035254e386', 'name': 'network-vif-plugged', 'status': 'completed', 'tag': '120772ff-acef-4fcc-88a1-78031ddb2665', 'code': 200}
2026-07-24 18:41:36.128 10 INFO neutron.wsgi [None req-66e7b430-348b-4d0f-aa2f-8d4bf1615423 c677090bc79d46719d1e4600b36470e1 0639c12be71e4c88961651950096b4a8 - - default default] 10.0.0.195 "GET /v2.0/ports/c03133ec-0af0-435a-8c6c-94a692f8cb49 HTTP/1.1" status: 200 len: 1135 time: 0.0414753
2026-07-24 18:41:36.147 10 INFO neutron.wsgi [req-658a5676-0f23-4808-b404-dd87e83a2009 req-2ee881d6-661b-4b19-a370-9cd5afa2dd55 f700292eaa164233bc4162f5be9a4f9f 57ae9dd40cf54dee9701597637dae482 - - default default] 10.0.0.3 "GET /v2.0/security-groups?id=81799951-53ee-4b13-8d73-ad4148ea60c7&fields=id&fields=name HTTP/1.1" status: 200 len: 312 time: 0.0526948
2026-07-24 18:41:36.264 10 INFO neutron.wsgi [req-936cb8f3-ccef-42f4-a39d-ef8d16cf2ed0 req-ced273e6-5b04-4cf5-a747-a112864d91c6 f700292eaa164233bc4162f5be9a4f9f 57ae9dd40cf54dee9701597637dae482 - - default default] 10.0.0.3 "GET /v2.0/ports?device_id=166efa56-4b49-425d-93fa-e6035254e386 HTTP/1.1" status: 200 len: 1170 time: 0.0458484
2026-07-24 18:41:36.582 9 INFO neutron.db.l3_db [None req-f529dd09-9c69-4ecb-abdd-ef190bf11408 f700292eaa164233bc4162f5be9a4f9f 57ae9dd40cf54dee9701597637dae482 - - - -] Floating IP 0b4f731c-520b-41e8-a88c-45a30777c495 associated. External IP: 10.96.250.209, port: 120772ff-acef-4fcc-88a1-78031ddb2665.
2026-07-24 18:41:36.680 10 INFO neutron.plugins.ml2.drivers.ovn.mech_driver.mech_driver [None req-7df97af8-123e-4e21-8433-8871f533c43c - - - - - -] OVN reports status up for port: 05e00800-4c54-46d3-bdd9-52f2f7867c48
2026-07-24 18:41:36.694 10 INFO neutron.plugins.ml2.plugin [None req-7df97af8-123e-4e21-8433-8871f533c43c - - - - - -] Attempt 1 to provision port 05e00800-4c54-46d3-bdd9-52f2f7867c48
2026-07-24 18:41:36.696 9 INFO neutron.plugins.ml2.drivers.ovn.mech_driver.ovsdb.ovsdb_monitor [None req-a9d90697-cd75-43f2-ac10-7e597e44e17a - - - - - -] Router 6edcad8f-1e95-4162-a793-3d899dd0bda9 is bound to host instance
2026-07-24 18:41:36.745 9 INFO neutron.db.ovn_revision_numbers_db [None req-4981d329-12bb-4f20-9f4d-4239163e88c1 3a8887a4b1b84f3d82d49650b11cfb92 eaa93d1fc5c64b15a3082aac97c302ea - - - -] Successfully bumped revision number for resource 05e00800-4c54-46d3-bdd9-52f2f7867c48 (type: router_ports) to 1
2026-07-24 18:41:37.170 10 INFO neutron.wsgi [None req-0839d361-47c0-4433-a4fc-17e76dc596f8 c677090bc79d46719d1e4600b36470e1 0639c12be71e4c88961651950096b4a8 - - default default] 10.0.0.195 "GET /v2.0/ports/c03133ec-0af0-435a-8c6c-94a692f8cb49 HTTP/1.1" status: 200 len: 1135 time: 0.0351338
2026-07-24 18:41:37.278 9 INFO neutron.db.ovn_revision_numbers_db [None req-4981d329-12bb-4f20-9f4d-4239163e88c1 3a8887a4b1b84f3d82d49650b11cfb92 eaa93d1fc5c64b15a3082aac97c302ea - - - -] Successfully bumped revision number for resource 6edcad8f-1e95-4162-a793-3d899dd0bda9 (type: routers) to 3
2026-07-24 18:41:37.301 9 INFO neutron.wsgi [None req-4981d329-12bb-4f20-9f4d-4239163e88c1 3a8887a4b1b84f3d82d49650b11cfb92 eaa93d1fc5c64b15a3082aac97c302ea - - - -] 10.0.0.195 "POST /v2.0/routers HTTP/1.1" status: 201 len: 875 time: 2.1090016
2026-07-24 18:41:37.302 9 INFO neutron.db.ovn_revision_numbers_db [None req-f529dd09-9c69-4ecb-abdd-ef190bf11408 f700292eaa164233bc4162f5be9a4f9f 57ae9dd40cf54dee9701597637dae482 - - - -] Successfully bumped revision number for resource 0b4f731c-520b-41e8-a88c-45a30777c495 (type: floatingips) to 1
2026-07-24 18:41:37.404 10 INFO neutron.wsgi [None req-56acf894-e36a-4d25-8477-6663532d888d ec1e71db807e444f8f821511bf569840 4ac149b4f3464c069293d16e7fedf2a7 - - default default] 10.0.0.195 "GET /v2.0/subnets?project_id=eaa93d1fc5c64b15a3082aac97c302ea&cidr=10.100.0.0%2F28 HTTP/1.1" status: 200 len: 207 time: 0.0971739
2026-07-24 18:41:37.427 9 INFO neutron.db.ovn_revision_numbers_db [None req-f529dd09-9c69-4ecb-abdd-ef190bf11408 f700292eaa164233bc4162f5be9a4f9f 57ae9dd40cf54dee9701597637dae482 - - - -] Successfully bumped revision number for resource 0b4f731c-520b-41e8-a88c-45a30777c495 (type: floatingips) to 2
2026-07-24 18:41:37.476 9 INFO neutron.wsgi [None req-f529dd09-9c69-4ecb-abdd-ef190bf11408 f700292eaa164233bc4162f5be9a4f9f 57ae9dd40cf54dee9701597637dae482 - - - -] 10.0.0.195 "PUT /v2.0/floatingips/0b4f731c-520b-41e8-a88c-45a30777c495 HTTP/1.1" status: 200 len: 1049 time: 1.1957581
2026-07-24 18:41:37.534 9 INFO neutron.notifiers.nova [-] Nova event matching ['req-dcbc2cd8-70c3-459c-bd5f-ba2ddd8cb35b'] response: {'name': 'network-changed', 'server_uuid': '166efa56-4b49-425d-93fa-e6035254e386', 'tag': '120772ff-acef-4fcc-88a1-78031ddb2665', 'status': 'completed', 'code': 200}
2026-07-24 18:41:37.562 10 INFO neutron.wsgi [None req-71412679-0923-4196-9afc-7b2238d6cc94 ec1e71db807e444f8f821511bf569840 4ac149b4f3464c069293d16e7fedf2a7 - - default default] 10.0.0.195 "GET /v2.0/networks?router%3Aexternal=True HTTP/1.1" status: 200 len: 947 time: 0.1502235
2026-07-24 18:41:37.568 10 INFO neutron.wsgi [req-bf976e1a-441d-4c3e-a7b2-4cf78f6ff362 req-8f60ad56-7f75-4295-a218-26c6886bff7e f700292eaa164233bc4162f5be9a4f9f 57ae9dd40cf54dee9701597637dae482 - - default default] 10.0.0.3 "GET /v2.0/ports?device_id=166efa56-4b49-425d-93fa-e6035254e386 HTTP/1.1" status: 200 len: 1170 time: 0.0458128
2026-07-24 18:41:37.618 10 INFO neutron.wsgi [req-bf976e1a-441d-4c3e-a7b2-4cf78f6ff362 req-ceec44dd-a18e-4465-833e-0a9ff134cbbb f700292eaa164233bc4162f5be9a4f9f 57ae9dd40cf54dee9701597637dae482 - - default default] 10.0.0.3 "GET /v2.0/security-groups?id=81799951-53ee-4b13-8d73-ad4148ea60c7&fields=id&fields=name HTTP/1.1" status: 200 len: 312 time: 0.0396979
2026-07-24 18:41:37.625 9 INFO neutron.wsgi [None req-0de6103b-3d8f-4b18-86d7-d5bb4f52a0bc ec1e71db807e444f8f821511bf569840 4ac149b4f3464c069293d16e7fedf2a7 - - default default] 10.0.0.195 "GET /v2.0/subnets?network_id=9edd62f8-6081-4780-bbb7-f7b6619461a6&cidr=10.100.0.0%2F28 HTTP/1.1" status: 200 len: 207 time: 0.0504649
2026-07-24 18:41:37.636 9 INFO neutron.wsgi [req-5fc99d4d-392c-4d6a-86a7-2a641ee63be9 req-b835bb84-45a5-4702-a27c-cdfa913e9bf5 de74f2d4048c4ef78082d00e49736666 e2f20cd3df98453099bf504f9832b7c6 - - 6674caebc00f4e4b9a9fcb8cf9107f20 6674caebc00f4e4b9a9fcb8cf9107f20] 199.19.213.152 "GET /v2.0/ports?tenant_id=57ae9dd40cf54dee9701597637dae482&device_id=166efa56-4b49-425d-93fa-e6035254e386 HTTP/1.1" status: 200 len: 1361 time: 0.0721776
2026-07-24 18:41:37.763 9 WARNING neutron.plugins.ml2.drivers.ovn.mech_driver.ovsdb.ovn_client [None req-446a6c98-7e52-4e02-ad18-1bd5f30e1b9e - - - - - -] No hosting information found for port 2081b861-3da5-4bed-8922-48ce77c362f8: RuntimeError: No hosting information found for port 2081b861-3da5-4bed-8922-48ce77c362f8
2026-07-24 18:41:37.763 9 INFO neutron.plugins.ml2.drivers.ovn.mech_driver.mech_driver [None req-446a6c98-7e52-4e02-ad18-1bd5f30e1b9e - - - - - -] OVN reports status down for port: 4eacf3ad-3c97-4532-8e38-d4eddb68e938
2026-07-24 18:41:37.800 9 INFO neutron.wsgi [req-5fc99d4d-392c-4d6a-86a7-2a641ee63be9 req-6e94ba75-793d-4ce8-baab-09bb1ee462a3 de74f2d4048c4ef78082d00e49736666 e2f20cd3df98453099bf504f9832b7c6 - - 6674caebc00f4e4b9a9fcb8cf9107f20 6674caebc00f4e4b9a9fcb8cf9107f20] 199.19.213.152 "GET /v2.0/networks?id=b4f6fbda-8c8d-49c9-973c-16374408342e HTTP/1.1" status: 200 len: 978 time: 0.1545537
2026-07-24 18:41:37.908 9 INFO neutron.wsgi [req-5fc99d4d-392c-4d6a-86a7-2a641ee63be9 req-65e1c39c-524d-4199-8e6c-66104251a472 de74f2d4048c4ef78082d00e49736666 e2f20cd3df98453099bf504f9832b7c6 - - 6674caebc00f4e4b9a9fcb8cf9107f20 6674caebc00f4e4b9a9fcb8cf9107f20] 199.19.213.152 "GET /v2.0/floatingips?fixed_ip_address=10.100.0.5&port_id=120772ff-acef-4fcc-88a1-78031ddb2665 HTTP/1.1" status: 200 len: 1059 time: 0.0938621
2026-07-24 18:41:37.995 9 INFO neutron.wsgi [req-5fc99d4d-392c-4d6a-86a7-2a641ee63be9 req-343f9951-e4b4-424d-a90e-6e3fb29ff1c5 de74f2d4048c4ef78082d00e49736666 e2f20cd3df98453099bf504f9832b7c6 - - 6674caebc00f4e4b9a9fcb8cf9107f20 6674caebc00f4e4b9a9fcb8cf9107f20] 199.19.213.152 "GET /v2.0/subnets?id=3841e7a8-7ef4-433e-be54-d2205d32dca5 HTTP/1.1" status: 200 len: 873 time: 0.0767982
2026-07-24 18:41:38.015 10 INFO neutron.wsgi [req-4129b7cd-93ff-43aa-ae7a-ccf6a3dab69f req-1f2847ac-30ab-49ec-b389-38fb3510c311 f700292eaa164233bc4162f5be9a4f9f 57ae9dd40cf54dee9701597637dae482 - - default default] 10.0.0.3 "GET /v2.0/ports?device_id=166efa56-4b49-425d-93fa-e6035254e386 HTTP/1.1" status: 200 len: 1170 time: 0.0799482
2026-07-24 18:41:38.040 9 INFO neutron.wsgi [req-5fc99d4d-392c-4d6a-86a7-2a641ee63be9 req-2c16c2a9-c953-44e4-81cc-95499bc8f05d de74f2d4048c4ef78082d00e49736666 e2f20cd3df98453099bf504f9832b7c6 - - 6674caebc00f4e4b9a9fcb8cf9107f20 6674caebc00f4e4b9a9fcb8cf9107f20] 199.19.213.152 "GET /v2.0/ports?network_id=b4f6fbda-8c8d-49c9-973c-16374408342e&device_owner=network%3Adhcp HTTP/1.1" status: 200 len: 210 time: 0.0381474
2026-07-24 18:41:38.068 10 INFO neutron.wsgi [req-4129b7cd-93ff-43aa-ae7a-ccf6a3dab69f req-32d2dc85-566c-4b52-9b83-1417efdc82c1 f700292eaa164233bc4162f5be9a4f9f 57ae9dd40cf54dee9701597637dae482 - - default default] 10.0.0.3 "GET /v2.0/security-groups?id=81799951-53ee-4b13-8d73-ad4148ea60c7&fields=id&fields=name HTTP/1.1" status: 200 len: 312 time: 0.0445080
2026-07-24 18:41:38.182 9 INFO neutron.db.ovn_revision_numbers_db [None req-a9d90697-cd75-43f2-ac10-7e597e44e17a - - - - - -] Successfully bumped revision number for resource 05e00800-4c54-46d3-bdd9-52f2f7867c48 (type: ports) to 1
2026-07-24 18:41:38.215 10 INFO neutron.wsgi [None req-f0216660-f79f-4206-a7f7-040fa487d440 c677090bc79d46719d1e4600b36470e1 0639c12be71e4c88961651950096b4a8 - - default default] 10.0.0.195 "GET /v2.0/ports/c03133ec-0af0-435a-8c6c-94a692f8cb49 HTTP/1.1" status: 200 len: 1135 time: 0.0367362
2026-07-24 18:41:38.243 9 INFO neutron.wsgi [req-5fc99d4d-392c-4d6a-86a7-2a641ee63be9 req-5952ad0f-e17f-42b0-b23c-cefd94c0f312 de74f2d4048c4ef78082d00e49736666 e2f20cd3df98453099bf504f9832b7c6 - - 6674caebc00f4e4b9a9fcb8cf9107f20 6674caebc00f4e4b9a9fcb8cf9107f20] 199.19.213.152 "GET /v2.0/networks/b4f6fbda-8c8d-49c9-973c-16374408342e?fields=segments HTTP/1.1" status: 200 len: 212 time: 0.1767535
2026-07-24 18:41:38.332 9 WARNING neutron.scheduler.dhcp_agent_scheduler [None req-477655b9-3cdd-46ae-8af4-afb5b1b23fdb 3a8887a4b1b84f3d82d49650b11cfb92 eaa93d1fc5c64b15a3082aac97c302ea - - - -] No more DHCP agents
2026-07-24 18:41:38.351 9 WARNING neutron.api.rpc.agentnotifiers.dhcp_rpc_agent_api [None req-477655b9-3cdd-46ae-8af4-afb5b1b23fdb 3a8887a4b1b84f3d82d49650b11cfb92 eaa93d1fc5c64b15a3082aac97c302ea - - - -] Unable to schedule network cb24897f-54fd-4717-bebe-5932908741a5: no agents available; will retry on subsequent port and subnet creation events.
2026-07-24 18:41:38.418 9 INFO neutron.db.ovn_revision_numbers_db [None req-446a6c98-7e52-4e02-ad18-1bd5f30e1b9e - - - - - -] Successfully bumped revision number for resource 4eacf3ad-3c97-4532-8e38-d4eddb68e938 (type: ports) to 5
2026-07-24 18:41:38.421 9 INFO neutron.wsgi [req-5fc99d4d-392c-4d6a-86a7-2a641ee63be9 req-d781a5b3-2e61-450d-8bcb-31239fb7790b de74f2d4048c4ef78082d00e49736666 e2f20cd3df98453099bf504f9832b7c6 - - 6674caebc00f4e4b9a9fcb8cf9107f20 6674caebc00f4e4b9a9fcb8cf9107f20] 199.19.213.152 "GET /v2.0/networks/b4f6fbda-8c8d-49c9-973c-16374408342e?fields=provider%3Aphysical_network&fields=provider%3Anetwork_type HTTP/1.1" status: 200 len: 277 time: 0.1673193
2026-07-24 18:41:38.502 9 INFO neutron.plugins.ml2.drivers.ovn.mech_driver.mech_driver [None req-446a6c98-7e52-4e02-ad18-1bd5f30e1b9e - - - - - -] OVN reports status up for port: 4eacf3ad-3c97-4532-8e38-d4eddb68e938
2026-07-24 18:41:38.547 9 INFO neutron.wsgi [req-e345eef5-d94d-4749-b26b-52e4fe867ef3 req-19ea71df-abd3-4db4-bafc-d44de1fc0241 f700292eaa164233bc4162f5be9a4f9f 57ae9dd40cf54dee9701597637dae482 - - default default] 199.19.213.152 "GET /v2.0/ports?device_id=166efa56-4b49-425d-93fa-e6035254e386 HTTP/1.1" status: 200 len: 1170 time: 0.2774045
2026-07-24 18:41:38.550 9 INFO neutron.plugins.ml2.plugin [None req-446a6c98-7e52-4e02-ad18-1bd5f30e1b9e - - - - - -] Attempt 1 to provision port 4eacf3ad-3c97-4532-8e38-d4eddb68e938
2026-07-24 18:41:39.013 10 INFO neutron.plugins.ml2.drivers.ovn.mech_driver.mech_driver [None req-7df97af8-123e-4e21-8433-8871f533c43c - - - - - -] OVN reports status down for port: 120772ff-acef-4fcc-88a1-78031ddb2665 /var/lib/openstack/lib/python3.10/site-packages/pycadf/identifier.py:71: UserWarning: Invalid uuid: neutron. To ensure interoperability, identifiers should be a valid uuid. warnings.warn(('Invalid uuid: %s. To ensure interoperability, '
2026-07-24 18:41:39.173 10 INFO neutron.wsgi [-] 10.0.0.75 "GET / HTTP/1.1" status: 200 len: 246 time: 0.0014079
2026-07-24 18:41:39.177 10 INFO neutron.wsgi [-] 10.0.0.75 "GET / HTTP/1.1" status: 200 len: 246 time: 0.0037816
2026-07-24 18:41:39.180 10 INFO neutron.notifiers.nova [-] Nova event matching ['req-f5941050-b04e-4302-af86-880bdf06ae72'] response: {'server_uuid': '166efa56-4b49-425d-93fa-e6035254e386', 'name': 'network-vif-unplugged', 'status': 'completed', 'tag': '120772ff-acef-4fcc-88a1-78031ddb2665', 'code': 200}
2026-07-24 18:41:39.267 10 INFO neutron.wsgi [None req-f1cacc1c-8fb5-4afa-9ebc-99a4cd285dfb c677090bc79d46719d1e4600b36470e1 0639c12be71e4c88961651950096b4a8 - - default default] 10.0.0.195 "GET /v2.0/ports/c03133ec-0af0-435a-8c6c-94a692f8cb49 HTTP/1.1" status: 200 len: 1135 time: 0.0424280
2026-07-24 18:41:39.276 10 INFO neutron.wsgi [req-a9559757-52ef-44f7-8f4f-710d8894ffe3 req-4a69f999-57c3-4c8e-93b2-335cd5d4d06c f700292eaa164233bc4162f5be9a4f9f 57ae9dd40cf54dee9701597637dae482 - - default default] 10.0.0.3 "GET /v2.0/ports?device_id=166efa56-4b49-425d-93fa-e6035254e386 HTTP/1.1" status: 200 len: 1168 time: 0.1415195
2026-07-24 18:41:39.316 9 INFO neutron.db.ovn_revision_numbers_db [None req-a9d90697-cd75-43f2-ac10-7e597e44e17a - - - - - -] Successfully bumped revision number for resource 05e00800-4c54-46d3-bdd9-52f2f7867c48 (type: router_ports) to 3
2026-07-24 18:41:39.340 10 INFO neutron.wsgi [req-a9559757-52ef-44f7-8f4f-710d8894ffe3 req-74397bd6-48b7-445c-8f9e-cf78bed1e2ac f700292eaa164233bc4162f5be9a4f9f 57ae9dd40cf54dee9701597637dae482 - - default default] 10.0.0.3 "GET /v2.0/security-groups?id=81799951-53ee-4b13-8d73-ad4148ea60c7&fields=id&fields=name HTTP/1.1" status: 200 len: 312 time: 0.0532393
2026-07-24 18:41:39.379 10 INFO neutron.db.ovn_revision_numbers_db [None req-7df97af8-123e-4e21-8433-8871f533c43c - - - - - -] Successfully bumped revision number for resource 120772ff-acef-4fcc-88a1-78031ddb2665 (type: ports) to 5
2026-07-24 18:41:39.626 9 INFO neutron.notifiers.nova [-] Nova event matching ['req-7e6575b8-e9c5-47c0-98c3-542231f880e2'] response: {'server_uuid': 'bb866ffb-0f54-4562-b4c5-04f5affe2cd8', 'name': 'network-vif-unplugged', 'status': 'completed', 'tag': '4eacf3ad-3c97-4532-8e38-d4eddb68e938', 'code': 200}
2026-07-24 18:41:39.626 9 INFO neutron.notifiers.nova [-] Nova event matching ['req-7e6575b8-e9c5-47c0-98c3-542231f880e2'] response: {'server_uuid': 'bb866ffb-0f54-4562-b4c5-04f5affe2cd8', 'name': 'network-vif-plugged', 'status': 'completed', 'tag': '4eacf3ad-3c97-4532-8e38-d4eddb68e938', 'code': 200}
2026-07-24 18:41:39.626 9 INFO neutron.notifiers.nova [-] Nova event matching ['req-7e6575b8-e9c5-47c0-98c3-542231f880e2'] response: {'server_uuid': 'bb866ffb-0f54-4562-b4c5-04f5affe2cd8', 'name': 'network-vif-plugged', 'status': 'completed', 'tag': '4eacf3ad-3c97-4532-8e38-d4eddb68e938', 'code': 200}
2026-07-24 18:41:39.746 9 INFO neutron.db.l3_db [None req-66bddd48-c68e-4552-bbec-763b5c6a8979 f700292eaa164233bc4162f5be9a4f9f 57ae9dd40cf54dee9701597637dae482 - - - -] Floating IP 0b4f731c-520b-41e8-a88c-45a30777c495 disassociated. External IP: 10.96.250.209, port: 120772ff-acef-4fcc-88a1-78031ddb2665.
2026-07-24 18:41:39.751 9 INFO neutron.db.ovn_revision_numbers_db [None req-446a6c98-7e52-4e02-ad18-1bd5f30e1b9e - - - - - -] Successfully bumped revision number for resource 4eacf3ad-3c97-4532-8e38-d4eddb68e938 (type: ports) to 6
2026-07-24 18:41:39.828 9 INFO neutron.db.ovn_revision_numbers_db [None req-a9d90697-cd75-43f2-ac10-7e597e44e17a - - - - - -] Successfully bumped revision number for resource 05e00800-4c54-46d3-bdd9-52f2f7867c48 (type: ports) to 2
2026-07-24 18:41:39.858 9 INFO neutron.plugins.ml2.drivers.ovn.mech_driver.mech_driver [None req-446a6c98-7e52-4e02-ad18-1bd5f30e1b9e - - - - - -] OVN reports status up for port: c03133ec-0af0-435a-8c6c-94a692f8cb49
2026-07-24 18:41:39.887 9 INFO neutron.plugins.ml2.plugin [None req-446a6c98-7e52-4e02-ad18-1bd5f30e1b9e - - - - - -] Attempt 1 to provision port c03133ec-0af0-435a-8c6c-94a692f8cb49
2026-07-24 18:41:39.970 9 INFO neutron.db.ovn_revision_numbers_db [None req-477655b9-3cdd-46ae-8af4-afb5b1b23fdb 3a8887a4b1b84f3d82d49650b11cfb92 eaa93d1fc5c64b15a3082aac97c302ea - - - -] Successfully bumped revision number for resource 7ecd21dc-a662-4dc5-bdce-a823d0c0e329 (type: ports) to 2
2026-07-24 18:41:40.010 9 INFO neutron.db.ovn_revision_numbers_db [None req-477655b9-3cdd-46ae-8af4-afb5b1b23fdb 3a8887a4b1b84f3d82d49650b11cfb92 eaa93d1fc5c64b15a3082aac97c302ea - - - -] Successfully bumped revision number for resource 95d5d36c-d3ae-4049-b508-cb04c59b8f7f (type: subnets) to 0
2026-07-24 18:41:40.059 9 INFO neutron.wsgi [None req-477655b9-3cdd-46ae-8af4-afb5b1b23fdb 3a8887a4b1b84f3d82d49650b11cfb92 eaa93d1fc5c64b15a3082aac97c302ea - - - -] 10.0.0.195 "POST /v2.0/subnets HTTP/1.1" status: 201 len: 831 time: 2.4297690 /var/lib/openstack/lib/python3.10/site-packages/pycadf/identifier.py:71: UserWarning: Invalid uuid: neutron. To ensure interoperability, identifiers should be a valid uuid. warnings.warn(('Invalid uuid: %s. To ensure interoperability, '
2026-07-24 18:41:40.119 9 INFO neutron.wsgi [None req-66bddd48-c68e-4552-bbec-763b5c6a8979 f700292eaa164233bc4162f5be9a4f9f 57ae9dd40cf54dee9701597637dae482 - - - -] 199.19.213.152 "DELETE /v2.0/ports/120772ff-acef-4fcc-88a1-78031ddb2665 HTTP/1.1" status: 204 len: 173 time: 1.5589020
2026-07-24 18:41:40.239 9 INFO neutron.db.ovn_revision_numbers_db [None req-a9d90697-cd75-43f2-ac10-7e597e44e17a - - - - - -] Successfully bumped revision number for resource 05e00800-4c54-46d3-bdd9-52f2f7867c48 (type: ports) to 4 /var/lib/openstack/lib/python3.10/site-packages/pycadf/identifier.py:71: UserWarning: Invalid uuid: neutron. To ensure interoperability, identifiers should be a valid uuid. warnings.warn(('Invalid uuid: %s. To ensure interoperability, '
2026-07-24 18:41:40.371 9 INFO neutron.db.ovn_revision_numbers_db [None req-446a6c98-7e52-4e02-ad18-1bd5f30e1b9e - - - - - -] Successfully bumped revision number for resource c03133ec-0af0-435a-8c6c-94a692f8cb49 (type: ports) to 3
2026-07-24 18:41:40.446 9 INFO neutron.wsgi [None req-eb95f285-20d0-4879-8cda-f57a3a16226d c677090bc79d46719d1e4600b36470e1 0639c12be71e4c88961651950096b4a8 - - default default] 10.0.0.195 "GET /v2.0/ports/c03133ec-0af0-435a-8c6c-94a692f8cb49 HTTP/1.1" status: 200 len: 1137 time: 0.1676834
2026-07-24 18:41:40.524 10 INFO neutron.wsgi [req-a63ee573-9cf5-4f33-81c0-96140eb13866 req-f1b6e410-8f78-4fd2-9e9d-daee46340cf6 f700292eaa164233bc4162f5be9a4f9f 57ae9dd40cf54dee9701597637dae482 - - default default] 10.0.0.3 "GET /v2.0/ports?device_id=166efa56-4b49-425d-93fa-e6035254e386 HTTP/1.1" status: 200 len: 210 time: 0.0278552
2026-07-24 18:41:40.914 9 INFO neutron.db.ovn_revision_numbers_db [None req-a9d90697-cd75-43f2-ac10-7e597e44e17a - - - - - -] Successfully bumped revision number for resource 05e00800-4c54-46d3-bdd9-52f2f7867c48 (type: router_ports) to 4
2026-07-24 18:41:40.940 9 INFO neutron.db.ovn_revision_numbers_db [None req-446a6c98-7e52-4e02-ad18-1bd5f30e1b9e - - - - - -] Successfully bumped revision number for resource c03133ec-0af0-435a-8c6c-94a692f8cb49 (type: router_ports) to 3
2026-07-24 18:41:41.203 10 WARNING neutron.scheduler.dhcp_agent_scheduler [None req-c55592ae-a2d1-4d0f-a8bf-8a404ed8994b 3a8887a4b1b84f3d82d49650b11cfb92 eaa93d1fc5c64b15a3082aac97c302ea - - default default] No more DHCP agents
2026-07-24 18:41:41.208 10 WARNING neutron.api.rpc.agentnotifiers.dhcp_rpc_agent_api [None req-c55592ae-a2d1-4d0f-a8bf-8a404ed8994b 3a8887a4b1b84f3d82d49650b11cfb92 eaa93d1fc5c64b15a3082aac97c302ea - - default default] Unable to schedule network cb24897f-54fd-4717-bebe-5932908741a5: no agents available; will retry on subsequent port and subnet creation events.
2026-07-24 18:41:41.225 10 INFO neutron.notifiers.nova [-] Nova event matching ['req-4d72ba00-ddc7-4db1-857f-f08df15f2adf'] response: {'server_uuid': '166efa56-4b49-425d-93fa-e6035254e386', 'name': 'network-vif-plugged', 'status': 'completed', 'tag': '120772ff-acef-4fcc-88a1-78031ddb2665', 'code': 200}
2026-07-24 18:41:41.396 10 INFO neutron.db.ovn_revision_numbers_db [None req-c55592ae-a2d1-4d0f-a8bf-8a404ed8994b 3a8887a4b1b84f3d82d49650b11cfb92 eaa93d1fc5c64b15a3082aac97c302ea - - default default] Successfully bumped revision number for resource fcafbe12-ffb9-4344-a287-869409f71564 (type: ports) to 1
2026-07-24 18:41:41.618 9 INFO neutron.wsgi [None req-06e16706-9407-4832-9cc6-9a7f8c2bfc7a c677090bc79d46719d1e4600b36470e1 0639c12be71e4c88961651950096b4a8 - - - -] 10.0.0.195 "PUT /v2.0/routers/02e0569b-1900-430a-b75d-9d6603849062/remove_router_interface HTTP/1.1" status: 200 len: 503 time: 1.1529677
2026-07-24 18:41:41.697 9 INFO neutron.notifiers.nova [-] Nova event matching ['req-1212b89c-1a97-451b-9756-b65ab5c70fcf'] response: {'server_uuid': 'bb866ffb-0f54-4562-b4c5-04f5affe2cd8', 'name': 'network-vif-plugged', 'status': 'completed', 'tag': '4eacf3ad-3c97-4532-8e38-d4eddb68e938', 'code': 200}
2026-07-24 18:41:41.698 9 INFO neutron.notifiers.nova [-] Nova event matching ['req-1212b89c-1a97-451b-9756-b65ab5c70fcf'] response: {'server_uuid': '166efa56-4b49-425d-93fa-e6035254e386', 'name': 'network-vif-deleted', 'tag': '120772ff-acef-4fcc-88a1-78031ddb2665', 'status': 'completed', 'code': 200}
2026-07-24 18:41:41.831 10 INFO neutron.wsgi [None req-cf420cd8-f319-4b4d-ac91-8ceec2965c9d c677090bc79d46719d1e4600b36470e1 0639c12be71e4c88961651950096b4a8 - - default default] 10.0.0.195 "GET /v2.0/ports/2081b861-3da5-4bed-8922-48ce77c362f8 HTTP/1.1" status: 200 len: 1137 time: 0.2032266 /var/lib/openstack/lib/python3.10/site-packages/pycadf/identifier.py:71: UserWarning: Invalid uuid: neutron. To ensure interoperability, identifiers should be a valid uuid. warnings.warn(('Invalid uuid: %s. To ensure interoperability, '
2026-07-24 18:41:41.920 10 INFO neutron.wsgi [None req-52bd7b7d-8a36-4082-8744-ff1ccf58c508 f700292eaa164233bc4162f5be9a4f9f 57ae9dd40cf54dee9701597637dae482 - - - -] 10.0.0.195 "DELETE /v2.0/security-groups/81799951-53ee-4b13-8d73-ad4148ea60c7 HTTP/1.1" status: 204 len: 168 time: 0.2738841
2026-07-24 18:41:41.948 9 INFO neutron.api.v2.resource [None req-8168be56-7811-4ad4-953a-917bd655ae94 f700292eaa164233bc4162f5be9a4f9f 57ae9dd40cf54dee9701597637dae482 - - default default] show failed (client error): The resource could not be found.
2026-07-24 18:41:41.949 9 INFO neutron.wsgi [None req-8168be56-7811-4ad4-953a-917bd655ae94 f700292eaa164233bc4162f5be9a4f9f 57ae9dd40cf54dee9701597637dae482 - - default default] 10.0.0.195 "GET /v2.0/security-groups/81799951-53ee-4b13-8d73-ad4148ea60c7 HTTP/1.1" status: 404 len: 347 time: 0.0186489
2026-07-24 18:41:42.094 10 INFO neutron.plugins.ml2.drivers.ovn.mech_driver.mech_driver [None req-7df97af8-123e-4e21-8433-8871f533c43c - - - - - -] OVN reports status up for port: fcafbe12-ffb9-4344-a287-869409f71564
2026-07-24 18:41:42.101 10 INFO neutron.plugins.ml2.plugin [None req-7df97af8-123e-4e21-8433-8871f533c43c - - - - - -] Attempt 1 to provision port fcafbe12-ffb9-4344-a287-869409f71564
2026-07-24 18:41:42.103 10 INFO neutron.db.ovn_revision_numbers_db [None req-c55592ae-a2d1-4d0f-a8bf-8a404ed8994b 3a8887a4b1b84f3d82d49650b11cfb92 eaa93d1fc5c64b15a3082aac97c302ea - - default default] Successfully bumped revision number for resource fcafbe12-ffb9-4344-a287-869409f71564 (type: router_ports) to 2
2026-07-24 18:41:42.320 10 INFO neutron.db.ovn_revision_numbers_db [None req-c55592ae-a2d1-4d0f-a8bf-8a404ed8994b 3a8887a4b1b84f3d82d49650b11cfb92 eaa93d1fc5c64b15a3082aac97c302ea - - default default] Successfully bumped revision number for resource fcafbe12-ffb9-4344-a287-869409f71564 (type: ports) to 2
2026-07-24 18:41:42.422 10 WARNING neutron.scheduler.dhcp_agent_scheduler [None req-c55592ae-a2d1-4d0f-a8bf-8a404ed8994b 3a8887a4b1b84f3d82d49650b11cfb92 eaa93d1fc5c64b15a3082aac97c302ea - - default default] No more DHCP agents
2026-07-24 18:41:42.424 10 WARNING neutron.api.rpc.agentnotifiers.dhcp_rpc_agent_api [None req-c55592ae-a2d1-4d0f-a8bf-8a404ed8994b 3a8887a4b1b84f3d82d49650b11cfb92 eaa93d1fc5c64b15a3082aac97c302ea - - default default] Unable to schedule network cb24897f-54fd-4717-bebe-5932908741a5: no agents available; will retry on subsequent port and subnet creation events.
2026-07-24 18:41:42.452 10 INFO neutron.db.ovn_revision_numbers_db [None req-7df97af8-123e-4e21-8433-8871f533c43c - - - - - -] Successfully bumped revision number for resource fcafbe12-ffb9-4344-a287-869409f71564 (type: ports) to 3
2026-07-24 18:41:42.497 9 INFO neutron.wsgi [None req-faf9b7a1-4a50-40e7-b458-402229ff560f f700292eaa164233bc4162f5be9a4f9f 57ae9dd40cf54dee9701597637dae482 - - - -] 10.0.0.195 "DELETE /v2.0/floatingips/0b4f731c-520b-41e8-a88c-45a30777c495 HTTP/1.1" status: 204 len: 168 time: 0.5379126
2026-07-24 18:41:42.613 10 INFO neutron.db.ovn_revision_numbers_db [None req-7df97af8-123e-4e21-8433-8871f533c43c - - - - - -] Successfully bumped revision number for resource fcafbe12-ffb9-4344-a287-869409f71564 (type: router_ports) to 3
2026-07-24 18:41:42.819 9 INFO neutron.wsgi [None req-4467baa5-b6f6-4f05-94f8-b6c9c862a711 c677090bc79d46719d1e4600b36470e1 0639c12be71e4c88961651950096b4a8 - - - -] 10.0.0.195 "PUT /v2.0/routers/02e0569b-1900-430a-b75d-9d6603849062/remove_router_interface HTTP/1.1" status: 200 len: 503 time: 0.9761269 /var/lib/openstack/lib/python3.10/site-packages/pycadf/identifier.py:71: UserWarning: Invalid uuid: neutron. To ensure interoperability, identifiers should be a valid uuid. warnings.warn(('Invalid uuid: %s. To ensure interoperability, '
2026-07-24 18:41:42.849 9 INFO neutron.wsgi [None req-36014413-3898-4ee0-9ee4-9d4cff5c3845 c677090bc79d46719d1e4600b36470e1 0639c12be71e4c88961651950096b4a8 - - default default] 10.0.0.195 "GET /v2.0/ports?device_id=02e0569b-1900-430a-b75d-9d6603849062 HTTP/1.1" status: 200 len: 205 time: 0.0252671
2026-07-24 18:41:42.850 10 INFO neutron.db.ovn_revision_numbers_db [None req-c55592ae-a2d1-4d0f-a8bf-8a404ed8994b 3a8887a4b1b84f3d82d49650b11cfb92 eaa93d1fc5c64b15a3082aac97c302ea - - - -] Successfully bumped revision number for resource fcafbe12-ffb9-4344-a287-869409f71564 (type: router_ports) to 3
2026-07-24 18:41:42.853 10 INFO neutron.wsgi [None req-c55592ae-a2d1-4d0f-a8bf-8a404ed8994b 3a8887a4b1b84f3d82d49650b11cfb92 eaa93d1fc5c64b15a3082aac97c302ea - - - -] 10.0.0.195 "PUT /v2.0/routers/6edcad8f-1e95-4162-a793-3d899dd0bda9/add_router_interface HTTP/1.1" status: 200 len: 503 time: 2.7863324
2026-07-24 18:41:42.936 10 INFO neutron.wsgi [None req-6ba35d31-df1b-4111-9d88-79be11a1d3f4 ec1e71db807e444f8f821511bf569840 4ac149b4f3464c069293d16e7fedf2a7 - - default default] 10.0.0.195 "GET /v2.0/networks HTTP/1.1" status: 200 len: 6124 time: 0.0721207
2026-07-24 18:41:43.041 9 INFO neutron.wsgi [None req-229f97a6-bda6-41b4-8db4-c8dcf6da2d46 ec1e71db807e444f8f821511bf569840 4ac149b4f3464c069293d16e7fedf2a7 - - default default] 10.0.0.195 "GET /v2.0/subnets HTTP/1.1" status: 200 len: 4633 time: 0.0876110
2026-07-24 18:41:43.176 9 INFO neutron.wsgi [None req-d6b8e25f-c449-4cb0-9b8a-c662b9117926 c677090bc79d46719d1e4600b36470e1 0639c12be71e4c88961651950096b4a8 - - - -] 10.0.0.195 "DELETE /v2.0/routers/02e0569b-1900-430a-b75d-9d6603849062 HTTP/1.1" status: 204 len: 168 time: 0.3140695
2026-07-24 18:41:43.192 10 INFO neutron.wsgi [None req-25f49b0f-cfbc-41c5-b4a2-6a5679dc1b8f ec1e71db807e444f8f821511bf569840 4ac149b4f3464c069293d16e7fedf2a7 - - default default] 10.0.0.195 "GET /v2.0/routers HTTP/1.1" status: 200 len: 2708 time: 0.1449499
2026-07-24 18:41:43.450 9 INFO neutron.db.ovn_revision_numbers_db [None req-13806992-ebb8-4154-925b-f361f604945e 3a8887a4b1b84f3d82d49650b11cfb92 eaa93d1fc5c64b15a3082aac97c302ea - - - -] Successfully bumped revision number for resource cc008f9d-f407-46cc-ac44-90b8cbdf55e2 (type: security_groups) to 1
2026-07-24 18:41:43.489 9 INFO neutron.wsgi [None req-13806992-ebb8-4154-925b-f361f604945e 3a8887a4b1b84f3d82d49650b11cfb92 eaa93d1fc5c64b15a3082aac97c302ea - - - -] 10.0.0.195 "POST /v2.0/security-groups HTTP/1.1" status: 201 len: 1811 time: 0.2280312
2026-07-24 18:41:43.617 10 INFO neutron.db.ovn_revision_numbers_db [None req-0a0a5695-b896-4c02-881b-dc68de354974 3a8887a4b1b84f3d82d49650b11cfb92 eaa93d1fc5c64b15a3082aac97c302ea - - - -] Successfully bumped revision number for resource 5e594ae1-412f-48d6-bd0c-645306278c38 (type: security_group_rules) to 0
2026-07-24 18:41:43.651 10 INFO neutron.wsgi [None req-0a0a5695-b896-4c02-881b-dc68de354974 3a8887a4b1b84f3d82d49650b11cfb92 eaa93d1fc5c64b15a3082aac97c302ea - - - -] 10.0.0.195 "POST /v2.0/security-group-rules HTTP/1.1" status: 201 len: 764 time: 0.1535759
2026-07-24 18:41:43.784 10 INFO neutron.db.ovn_revision_numbers_db [None req-dfc48da5-fa4a-4f0e-a514-065764378c96 3a8887a4b1b84f3d82d49650b11cfb92 eaa93d1fc5c64b15a3082aac97c302ea - - - -] Successfully bumped revision number for resource 91392eaa-7eec-49a4-885d-6a35f8d9b83e (type: security_group_rules) to 0
2026-07-24 18:41:43.813 10 INFO neutron.wsgi [None req-dfc48da5-fa4a-4f0e-a514-065764378c96 3a8887a4b1b84f3d82d49650b11cfb92 eaa93d1fc5c64b15a3082aac97c302ea - - - -] 10.0.0.195 "POST /v2.0/security-group-rules HTTP/1.1" status: 201 len: 763 time: 0.1534462
2026-07-24 18:41:43.934 10 INFO neutron.db.ovn_revision_numbers_db [None req-e816b546-6f1b-4c57-9482-494672ab5cce 3a8887a4b1b84f3d82d49650b11cfb92 eaa93d1fc5c64b15a3082aac97c302ea - - - -] Successfully bumped revision number for resource af4a65d5-cd94-48f9-908b-dc8be7c661dc (type: security_group_rules) to 0
2026-07-24 18:41:43.969 10 INFO neutron.wsgi [None req-e816b546-6f1b-4c57-9482-494672ab5cce 3a8887a4b1b84f3d82d49650b11cfb92 eaa93d1fc5c64b15a3082aac97c302ea - - - -] 10.0.0.195 "POST /v2.0/security-group-rules HTTP/1.1" status: 201 len: 769 time: 0.1475663
2026-07-24 18:41:43.975 9 INFO neutron.wsgi [None req-1f25aa9a-9fde-4f8a-bbe3-f9259d3c6e44 c677090bc79d46719d1e4600b36470e1 0639c12be71e4c88961651950096b4a8 - - - -] 10.0.0.195 "DELETE /v2.0/subnets/83a6e9bd-f52c-43c7-bf66-41f28330970e HTTP/1.1" status: 204 len: 168 time: 0.7921021
2026-07-24 18:41:44.040 9 INFO neutron.wsgi [req-73db487b-f870-4320-a2bf-532cd695a71f req-536e1668-5de5-42a0-a31e-da2fbe9d2b37 de74f2d4048c4ef78082d00e49736666 e2f20cd3df98453099bf504f9832b7c6 - - 6674caebc00f4e4b9a9fcb8cf9107f20 6674caebc00f4e4b9a9fcb8cf9107f20] 10.0.0.225 "GET /v2.0/ports?device_id=bb866ffb-0f54-4562-b4c5-04f5affe2cd8 HTTP/1.1" status: 200 len: 1361 time: 0.0731039
2026-07-24 18:41:44.107 10 INFO neutron.db.ovn_revision_numbers_db [None req-d10cee57-2716-44f7-ab5f-9482787c96b6 3a8887a4b1b84f3d82d49650b11cfb92 eaa93d1fc5c64b15a3082aac97c302ea - - - -] Successfully bumped revision number for resource cc07f519-d4ff-4b48-9e6e-f68762276c2e (type: security_group_rules) to 0
2026-07-24 18:41:44.122 9 INFO neutron.wsgi [req-73db487b-f870-4320-a2bf-532cd695a71f req-b3f766d0-e4c3-4eb0-b115-b4b62f1a9aef de74f2d4048c4ef78082d00e49736666 e2f20cd3df98453099bf504f9832b7c6 - - 6674caebc00f4e4b9a9fcb8cf9107f20 6674caebc00f4e4b9a9fcb8cf9107f20] 10.0.0.225 "GET /v2.0/security-groups?id=98a92935-db04-4785-b156-835448be6c11&fields=id&fields=name HTTP/1.1" status: 200 len: 312 time: 0.0710235
2026-07-24 18:41:44.134 10 INFO neutron.wsgi [None req-d10cee57-2716-44f7-ab5f-9482787c96b6 3a8887a4b1b84f3d82d49650b11cfb92 eaa93d1fc5c64b15a3082aac97c302ea - - - -] 10.0.0.195 "POST /v2.0/security-group-rules HTTP/1.1" status: 201 len: 768 time: 0.1566031
2026-07-24 18:41:44.162 10 INFO neutron.db.securitygroups_db [None req-a7aee895-8e2a-4238-9f34-180edcde34f8 3a8887a4b1b84f3d82d49650b11cfb92 eaa93d1fc5c64b15a3082aac97c302ea - - - -] Project eaa93d1fc5c64b15a3082aac97c302ea added a security group rule with legacy IPv6 ICMP protocol name icmp, ipv6-icmp should be used instead. It was automatically converted.
2026-07-24 18:41:44.265 10 INFO neutron.db.ovn_revision_numbers_db [None req-a7aee895-8e2a-4238-9f34-180edcde34f8 3a8887a4b1b84f3d82d49650b11cfb92 eaa93d1fc5c64b15a3082aac97c302ea - - - -] Successfully bumped revision number for resource 615b4cd8-f708-43e5-9683-032f122bae07 (type: security_group_rules) to 0
2026-07-24 18:41:44.289 10 INFO neutron.wsgi [None req-a7aee895-8e2a-4238-9f34-180edcde34f8 3a8887a4b1b84f3d82d49650b11cfb92 eaa93d1fc5c64b15a3082aac97c302ea - - - -] 10.0.0.195 "POST /v2.0/security-group-rules HTTP/1.1" status: 201 len: 774 time: 0.1492217
2026-07-24 18:41:44.313 9 INFO neutron.wsgi [None req-a3476713-9411-452d-a0e3-81d38475135f c677090bc79d46719d1e4600b36470e1 0639c12be71e4c88961651950096b4a8 - - - -] 10.0.0.195 "DELETE /v2.0/subnets/e39ff930-6898-4960-a7d1-3e9e23ac494b HTTP/1.1" status: 204 len: 168 time: 0.3280342
2026-07-24 18:41:44.315 10 INFO neutron.db.securitygroups_db [None req-3ee6b012-139a-4ddd-b711-7fdf908a6fa0 3a8887a4b1b84f3d82d49650b11cfb92 eaa93d1fc5c64b15a3082aac97c302ea - - - -] Project eaa93d1fc5c64b15a3082aac97c302ea added a security group rule with legacy IPv6 ICMP protocol name icmp, ipv6-icmp should be used instead. It was automatically converted.
2026-07-24 18:41:44.687 9 INFO neutron.wsgi [None req-d43d367c-545b-462c-97d4-f5891aee7ae9 af6cf6b7229b4c9eace48dd4220164e4 8498dd98b53f466e81ae586547e94771 - - - -] 10.0.0.195 "PUT /v2.0/routers/a370df90-6af0-4508-bf45-409b414e7581/remove_router_interface HTTP/1.1" status: 200 len: 503 time: 2.1821017 /var/lib/openstack/lib/python3.10/site-packages/pycadf/identifier.py:71: UserWarning: Invalid uuid: neutron. To ensure interoperability, identifiers should be a valid uuid. warnings.warn(('Invalid uuid: %s. To ensure interoperability, '
2026-07-24 18:41:44.820 10 INFO neutron.db.ovn_revision_numbers_db [None req-3ee6b012-139a-4ddd-b711-7fdf908a6fa0 3a8887a4b1b84f3d82d49650b11cfb92 eaa93d1fc5c64b15a3082aac97c302ea - - - -] Successfully bumped revision number for resource 1a54e877-1eb3-4018-90bb-f284fc35d742 (type: security_group_rules) to 0
2026-07-24 18:41:44.880 10 INFO neutron.wsgi [None req-3ee6b012-139a-4ddd-b711-7fdf908a6fa0 3a8887a4b1b84f3d82d49650b11cfb92 eaa93d1fc5c64b15a3082aac97c302ea - - - -] 10.0.0.195 "POST /v2.0/security-group-rules HTTP/1.1" status: 201 len: 773 time: 0.5868008
2026-07-24 18:41:45.112 10 INFO neutron.services.segments.plugin [-] Segment bc497566-d425-4c8c-8dbb-be5b0023bb6b resource provider aggregate not found
2026-07-24 18:41:45.118 10 INFO neutron.services.segments.plugin [-] Segment bc497566-d425-4c8c-8dbb-be5b0023bb6b resource provider aggregate not found
2026-07-24 18:41:45.147 10 INFO neutron.services.segments.plugin [-] Segment bc497566-d425-4c8c-8dbb-be5b0023bb6b resource provider not found; error: Placement Client Error (4xx): {"errors": [{"status": 404, "title": "Not Found", "detail": "The resource could not be found.\n\n No resource provider with uuid bc497566-d425-4c8c-8dbb-be5b0023bb6b found for delete ", "request_id": "req-b18b1d5d-6b14-482d-95ba-2da65d95e239"}]}
2026-07-24 18:41:45.148 10 INFO neutron.services.segments.plugin [-] Segment bc497566-d425-4c8c-8dbb-be5b0023bb6b resource provider not found; error: Placement Client Error (4xx): {"errors": [{"status": 404, "title": "Not Found", "detail": "The resource could not be found.\n\n No resource provider with uuid bc497566-d425-4c8c-8dbb-be5b0023bb6b found for delete ", "request_id": "req-b36fdf7b-279d-42d3-83ab-4658568f659b"}]}
2026-07-24 18:41:45.177 10 INFO neutron.wsgi [None req-8b630404-844c-4f55-9410-fffe4cb8eb94 c677090bc79d46719d1e4600b36470e1 0639c12be71e4c88961651950096b4a8 - - - -] 10.0.0.195 "DELETE /v2.0/networks/1a4ddf83-a401-4954-8306-24fef61f0fc8 HTTP/1.1" status: 204 len: 168 time: 0.8583863
2026-07-24 18:41:45.323 10 INFO neutron.wsgi [None req-a7c30e9a-6e29-4a54-9a7f-e8262ef9f376 3a8887a4b1b84f3d82d49650b11cfb92 eaa93d1fc5c64b15a3082aac97c302ea - - default default] 10.0.0.195 "GET /v2.0/networks HTTP/1.1" status: 200 len: 1493 time: 0.1320450
2026-07-24 18:41:45.442 9 INFO neutron.wsgi [None req-36ebd5a5-48dc-4258-a9f9-da9a3c2dcde3 af6cf6b7229b4c9eace48dd4220164e4 8498dd98b53f466e81ae586547e94771 - - - -] 10.0.0.195 "DELETE /v2.0/routers/a370df90-6af0-4508-bf45-409b414e7581 HTTP/1.1" status: 204 len: 168 time: 0.7498233
2026-07-24 18:41:45.469 10 INFO neutron.wsgi [req-9d5e9141-3964-4314-805a-8b41b13f3868 req-94e3d398-d131-480d-aa4b-e5b82ff33222 3a8887a4b1b84f3d82d49650b11cfb92 eaa93d1fc5c64b15a3082aac97c302ea - - default default] 10.0.0.3 "GET /v2.0/security-groups?name=tempest-secgroup-smoke-2054552264&fields=id&tenant_id=eaa93d1fc5c64b15a3082aac97c302ea HTTP/1.1" status: 200 len: 267 time: 0.0380232
2026-07-24 18:41:45.562 10 INFO neutron.wsgi [req-9d5e9141-3964-4314-805a-8b41b13f3868 req-dbf1c786-c6b2-4c32-8c01-9c279009b04a 3a8887a4b1b84f3d82d49650b11cfb92 eaa93d1fc5c64b15a3082aac97c302ea - - default default] 10.0.0.3 "GET /v2.0/networks?id=cb24897f-54fd-4717-bebe-5932908741a5 HTTP/1.1" status: 200 len: 860 time: 0.0847421
2026-07-24 18:41:45.583 10 INFO neutron.wsgi [req-9d5e9141-3964-4314-805a-8b41b13f3868 req-d0c8e8aa-d245-4ac0-9246-c509c0b4423b 3a8887a4b1b84f3d82d49650b11cfb92 eaa93d1fc5c64b15a3082aac97c302ea - - default default] 10.0.0.3 "GET /v2.0/quotas/eaa93d1fc5c64b15a3082aac97c302ea HTTP/1.1" status: 200 len: 386 time: 0.0111651
2026-07-24 18:41:45.685 9 INFO neutron.wsgi [None req-fed23e07-146a-46a4-aaa8-eeabecb79a7f af6cf6b7229b4c9eace48dd4220164e4 8498dd98b53f466e81ae586547e94771 - - - -] 10.0.0.195 "DELETE /v2.0/subnets/3841e7a8-7ef4-433e-be54-d2205d32dca5 HTTP/1.1" status: 204 len: 168 time: 0.2369401
2026-07-24 18:41:45.732 10 INFO neutron.wsgi [req-9d5e9141-3964-4314-805a-8b41b13f3868 req-82622608-dfe0-4089-87d7-bff43bac2a49 3a8887a4b1b84f3d82d49650b11cfb92 eaa93d1fc5c64b15a3082aac97c302ea - - default default] 10.0.0.3 "GET /v2.0/ports?tenant_id=eaa93d1fc5c64b15a3082aac97c302ea&fields=id HTTP/1.1" status: 200 len: 302 time: 0.1437054
2026-07-24 18:41:45.790 10 INFO neutron.wsgi [None req-c7599f4c-cc53-4a54-b598-b9556adf752f c677090bc79d46719d1e4600b36470e1 0639c12be71e4c88961651950096b4a8 - - - -] 10.0.0.195 "DELETE /v2.0/networks/786bf8c5-c11e-427e-8e97-4f0f3f244bf1 HTTP/1.1" status: 204 len: 168 time: 0.6064758
2026-07-24 18:41:45.836 10 INFO neutron.wsgi [req-9d5e9141-3964-4314-805a-8b41b13f3868 req-e3659268-ce6d-4727-aa09-f255e85445f8 de74f2d4048c4ef78082d00e49736666 e2f20cd3df98453099bf504f9832b7c6 - - 6674caebc00f4e4b9a9fcb8cf9107f20 6674caebc00f4e4b9a9fcb8cf9107f20] 10.0.0.3 "GET /v2.0/networks/cb24897f-54fd-4717-bebe-5932908741a5?fields=segments HTTP/1.1" status: 200 len: 212 time: 0.0848041
2026-07-24 18:41:45.915 9 INFO neutron.db.segments_db [None req-cf6f18f1-4908-44e7-9f14-512323c37c88 c677090bc79d46719d1e4600b36470e1 0639c12be71e4c88961651950096b4a8 - - - -] Added segment 23a1d50d-5401-44e2-9be7-f7d51a5fae6b of type geneve for network 9562f81d-ac1e-41ee-ae64-e41d6c9dde3f
2026-07-24 18:41:45.918 10 INFO neutron.wsgi [req-9d5e9141-3964-4314-805a-8b41b13f3868 req-c83c5eb5-96a0-4406-aff0-75202b36a803 de74f2d4048c4ef78082d00e49736666 e2f20cd3df98453099bf504f9832b7c6 - - 6674caebc00f4e4b9a9fcb8cf9107f20 6674caebc00f4e4b9a9fcb8cf9107f20] 10.0.0.3 "GET /v2.0/networks/cb24897f-54fd-4717-bebe-5932908741a5?fields=provider%3Aphysical_network&fields=provider%3Anetwork_type HTTP/1.1" status: 200 len: 277 time: 0.0694742
2026-07-24 18:41:46.118 10 INFO neutron.wsgi [req-05a31050-0784-41c1-b043-d75099371143 req-c266d214-826b-4290-80e5-97a6175619ce 3a8887a4b1b84f3d82d49650b11cfb92 eaa93d1fc5c64b15a3082aac97c302ea - - default default] 10.0.0.3 "GET /v2.0/ports?device_id=cec11e46-4b89-40aa-a975-3e8281d281e2 HTTP/1.1" status: 200 len: 210 time: 0.0384800
2026-07-24 18:41:46.121 9 INFO neutron.db.ovn_revision_numbers_db [None req-cf6f18f1-4908-44e7-9f14-512323c37c88 c677090bc79d46719d1e4600b36470e1 0639c12be71e4c88961651950096b4a8 - - - -] Successfully bumped revision number for resource 9562f81d-ac1e-41ee-ae64-e41d6c9dde3f (type: networks) to 1
2026-07-24 18:41:46.303 9 INFO neutron.services.segments.plugin [-] Segment dba34199-b1a1-4884-85b4-0ef2a2078a85 resource provider aggregate not found
2026-07-24 18:41:46.326 9 INFO neutron.services.segments.plugin [-] Segment dba34199-b1a1-4884-85b4-0ef2a2078a85 resource provider aggregate not found
2026-07-24 18:41:46.361 9 INFO neutron.services.segments.plugin [-] Segment dba34199-b1a1-4884-85b4-0ef2a2078a85 resource provider not found; error: Placement Client Error (4xx): {"errors": [{"status": 404, "title": "Not Found", "detail": "The resource could not be found.\n\n No resource provider with uuid dba34199-b1a1-4884-85b4-0ef2a2078a85 found for delete ", "request_id": "req-167c6f41-b619-4878-bc49-d62558adbd85"}]}
2026-07-24 18:41:46.362 9 INFO neutron.services.segments.plugin [-] Segment dba34199-b1a1-4884-85b4-0ef2a2078a85 resource provider not found; error: Placement Client Error (4xx): {"errors": [{"status": 404, "title": "Not Found", "detail": "The resource could not be found.\n\n No resource provider with uuid dba34199-b1a1-4884-85b4-0ef2a2078a85 found for delete ", "request_id": "req-62f740f6-36cf-4d81-9224-c66cd21a44b2"}]}
2026-07-24 18:41:46.381 9 INFO neutron.wsgi [None req-605da98f-dd61-4c73-b049-4a5494185cfc af6cf6b7229b4c9eace48dd4220164e4 8498dd98b53f466e81ae586547e94771 - - - -] 10.0.0.195 "DELETE /v2.0/networks/b4f6fbda-8c8d-49c9-973c-16374408342e HTTP/1.1" status: 204 len: 168 time: 0.6915088
2026-07-24 18:41:46.416 9 WARNING neutron.scheduler.dhcp_agent_scheduler [None req-cf6f18f1-4908-44e7-9f14-512323c37c88 c677090bc79d46719d1e4600b36470e1 0639c12be71e4c88961651950096b4a8 - - - -] No more DHCP agents
2026-07-24 18:41:46.418 9 WARNING neutron.api.rpc.agentnotifiers.dhcp_rpc_agent_api [None req-cf6f18f1-4908-44e7-9f14-512323c37c88 c677090bc79d46719d1e4600b36470e1 0639c12be71e4c88961651950096b4a8 - - - -] Unable to schedule network 9562f81d-ac1e-41ee-ae64-e41d6c9dde3f: no agents available; will retry on subsequent port and subnet creation events.
2026-07-24 18:41:46.483 9 INFO neutron.db.ovn_revision_numbers_db [None req-cf6f18f1-4908-44e7-9f14-512323c37c88 c677090bc79d46719d1e4600b36470e1 0639c12be71e4c88961651950096b4a8 - - - -] Successfully bumped revision number for resource 395e882f-985d-4aa0-990e-7ae65af35897 (type: ports) to 1
2026-07-24 18:41:46.516 9 INFO neutron.wsgi [None req-cf6f18f1-4908-44e7-9f14-512323c37c88 c677090bc79d46719d1e4600b36470e1 0639c12be71e4c88961651950096b4a8 - - - -] 10.0.0.195 "POST /v2.0/networks HTTP/1.1" status: 201 len: 829 time: 0.7185960
2026-07-24 18:41:46.587 9 INFO neutron.wsgi [None req-a080cc5a-150d-4d4d-b90b-5544fb38dda6 af6cf6b7229b4c9eace48dd4220164e4 8498dd98b53f466e81ae586547e94771 - - default default] 10.0.0.195 "GET /v2.0/security-groups?tenant_id=57ae9dd40cf54dee9701597637dae482&name=default HTTP/1.1" status: 200 len: 2996 time: 0.0546796
2026-07-24 18:41:46.828 10 INFO neutron.wsgi [None req-cbc1b277-0046-47dd-8bbb-aec22f6b0aea af6cf6b7229b4c9eace48dd4220164e4 8498dd98b53f466e81ae586547e94771 - - - -] 10.0.0.195 "DELETE /v2.0/security-groups/df246786-70c7-40b9-9ff2-aedc178a1d5e HTTP/1.1" status: 204 len: 168 time: 0.2356896
2026-07-24 18:41:46.880 9 WARNING neutron.scheduler.dhcp_agent_scheduler [None req-44d9e60c-4399-483d-964c-28f6d49f4d5d c677090bc79d46719d1e4600b36470e1 0639c12be71e4c88961651950096b4a8 - - - -] No more DHCP agents
2026-07-24 18:41:46.884 9 WARNING neutron.api.rpc.agentnotifiers.dhcp_rpc_agent_api [None req-44d9e60c-4399-483d-964c-28f6d49f4d5d c677090bc79d46719d1e4600b36470e1 0639c12be71e4c88961651950096b4a8 - - - -] Unable to schedule network 9562f81d-ac1e-41ee-ae64-e41d6c9dde3f: no agents available; will retry on subsequent port and subnet creation events.
2026-07-24 18:41:46.921 9 WARNING neutron.plugins.ml2.drivers.ovn.mech_driver.ovsdb.ovn_client [None req-446a6c98-7e52-4e02-ad18-1bd5f30e1b9e - - - - - -] No port found with ID c03133ec-0af0-435a-8c6c-94a692f8cb49: RuntimeError: No port found with ID c03133ec-0af0-435a-8c6c-94a692f8cb49
2026-07-24 18:41:46.928 9 INFO neutron.wsgi [req-9d5e9141-3964-4314-805a-8b41b13f3868 req-b195356f-4341-4d01-a099-f7309a0b4e54 3a8887a4b1b84f3d82d49650b11cfb92 eaa93d1fc5c64b15a3082aac97c302ea - - default default] 199.19.213.152 "GET /v2.0/networks?id=cb24897f-54fd-4717-bebe-5932908741a5 HTTP/1.1" status: 200 len: 860 time: 0.1097512
2026-07-24 18:41:46.995 9 INFO neutron.wsgi [req-9d5e9141-3964-4314-805a-8b41b13f3868 req-6aaf6afd-d09f-44aa-961d-1bbf14568f0c 3a8887a4b1b84f3d82d49650b11cfb92 eaa93d1fc5c64b15a3082aac97c302ea - - default default] 199.19.213.152 "GET /v2.0/security-groups?fields=id&fields=name&tenant_id=eaa93d1fc5c64b15a3082aac97c302ea HTTP/1.1" status: 200 len: 380 time: 0.0626338
2026-07-24 18:41:47.177 10 INFO neutron.services.segments.plugin [-] Segment 86b4722e-2370-4857-a90a-29ea4f02a34d resource provider aggregate not found
2026-07-24 18:41:47.189 10 INFO neutron.services.segments.plugin [-] Segment 86b4722e-2370-4857-a90a-29ea4f02a34d resource provider aggregate not found
2026-07-24 18:41:47.197 10 INFO neutron.services.segments.plugin [-] Segment 86b4722e-2370-4857-a90a-29ea4f02a34d resource provider not found; error: Placement Client Error (4xx): {"errors": [{"status": 404, "title": "Not Found", "detail": "The resource could not be found.\n\n No resource provider with uuid 86b4722e-2370-4857-a90a-29ea4f02a34d found for delete ", "request_id": "req-6d684cdd-9865-4e3d-a7ca-4854460b8ad5"}]}
2026-07-24 18:41:47.207 10 INFO neutron.services.segments.plugin [-] Segment 86b4722e-2370-4857-a90a-29ea4f02a34d resource provider not found; error: Placement Client Error (4xx): {"errors": [{"status": 404, "title": "Not Found", "detail": "The resource could not be found.\n\n No resource provider with uuid 86b4722e-2370-4857-a90a-29ea4f02a34d found for delete ", "request_id": "req-51b7959c-91eb-4131-8708-24437dd05b55"}]}
2026-07-24 18:41:47.221 10 INFO neutron.wsgi [req-cfd1e96c-6e03-48ab-afd3-a8d4e7b59af2 req-2cc7a4ad-6f14-4c3c-bdb6-98850c327c4b 3a8887a4b1b84f3d82d49650b11cfb92 eaa93d1fc5c64b15a3082aac97c302ea - - default default] 10.0.0.3 "GET /v2.0/ports?device_id=cec11e46-4b89-40aa-a975-3e8281d281e2 HTTP/1.1" status: 200 len: 210 time: 0.0253429
2026-07-24 18:41:47.928 9 WARNING neutron.scheduler.dhcp_agent_scheduler [None req-398d4288-cc60-4ed3-b9a2-0b4b524a5804 3a8887a4b1b84f3d82d49650b11cfb92 eaa93d1fc5c64b15a3082aac97c302ea - - - -] No more DHCP agents
