2026-07-24 18:40:29.784 10 INFO neutron.db.ovn_revision_numbers_db [None req-242dd779-3bef-4f0e-a422-4ca52f1f3feb 884435c2c9dc470ca993f18eedd866ab 3f11afba225e468b99c9ee1d43603b80 - - - -] Successfully bumped revision number for resource 796a977d-0b21-4111-840a-139b2b08481b (type: security_group_rules) to 0
2026-07-24 18:40:29.811 10 INFO neutron.wsgi [None req-242dd779-3bef-4f0e-a422-4ca52f1f3feb 884435c2c9dc470ca993f18eedd866ab 3f11afba225e468b99c9ee1d43603b80 - - - -] 10.0.0.3 "POST /v2.0/security-group-rules HTTP/1.1" status: 201 len: 786 time: 0.1554356
2026-07-24 18:40:29.955 10 INFO neutron.db.ovn_revision_numbers_db [None req-8914fffe-76f3-48b7-b4f0-bd98366f5afa 884435c2c9dc470ca993f18eedd866ab 3f11afba225e468b99c9ee1d43603b80 - - - -] Successfully bumped revision number for resource 7a835de7-f8d1-4225-8dbe-a6f074062f5f (type: security_groups) to 1
2026-07-24 18:40:29.993 10 INFO neutron.wsgi [None req-8914fffe-76f3-48b7-b4f0-bd98366f5afa 884435c2c9dc470ca993f18eedd866ab 3f11afba225e468b99c9ee1d43603b80 - - - -] 10.0.0.3 "POST /v2.0/security-groups HTTP/1.1" status: 201 len: 1827 time: 0.1450112
2026-07-24 18:40:30.084 10 INFO neutron.wsgi [req-a20f21d3-09e4-4abd-b3c6-72ce327abc88 req-43d31549-b221-4b35-af77-3663fcf4f39d 884435c2c9dc470ca993f18eedd866ab 3f11afba225e468b99c9ee1d43603b80 - - default default] 10.0.0.3 "GET /v2.0/security-groups/7a835de7-f8d1-4225-8dbe-a6f074062f5f HTTP/1.1" status: 200 len: 1822 time: 0.0580499
2026-07-24 18:40:30.217 10 INFO neutron.db.ovn_revision_numbers_db [None req-e957190b-0846-469e-bf51-d61937ad8861 884435c2c9dc470ca993f18eedd866ab 3f11afba225e468b99c9ee1d43603b80 - - - -] Successfully bumped revision number for resource bd3a6b59-1083-468d-8973-6bd79095e32e (type: security_group_rules) to 0
2026-07-24 18:40:30.239 9 WARNING neutron.scheduler.dhcp_agent_scheduler [None req-dbc17e16-407d-473c-a38b-e264620537ae af6cf6b7229b4c9eace48dd4220164e4 8498dd98b53f466e81ae586547e94771 - - default default] No more DHCP agents
2026-07-24 18:40:30.243 9 WARNING neutron.api.rpc.agentnotifiers.dhcp_rpc_agent_api [None req-dbc17e16-407d-473c-a38b-e264620537ae af6cf6b7229b4c9eace48dd4220164e4 8498dd98b53f466e81ae586547e94771 - - default default] Unable to schedule network 58109e48-576d-4a0a-8641-50c5701d4985: no agents available; will retry on subsequent port and subnet creation events.
2026-07-24 18:40:30.249 10 INFO neutron.wsgi [None req-e957190b-0846-469e-bf51-d61937ad8861 884435c2c9dc470ca993f18eedd866ab 3f11afba225e468b99c9ee1d43603b80 - - - -] 10.0.0.3 "POST /v2.0/security-group-rules HTTP/1.1" status: 201 len: 786 time: 0.1581211
2026-07-24 18:40:30.307 10 INFO neutron.wsgi [req-e25bf4c7-aa67-407d-83d2-c974de56d1a3 req-85adc3db-b3e1-4326-a377-ec313b851a4e 884435c2c9dc470ca993f18eedd866ab 3f11afba225e468b99c9ee1d43603b80 - - default default] 10.0.0.3 "GET /v2.0/security-groups/7a835de7-f8d1-4225-8dbe-a6f074062f5f HTTP/1.1" status: 200 len: 2415 time: 0.0330396
2026-07-24 18:40:30.343 9 INFO neutron.db.ovn_revision_numbers_db [None req-dbc17e16-407d-473c-a38b-e264620537ae af6cf6b7229b4c9eace48dd4220164e4 8498dd98b53f466e81ae586547e94771 - - default default] Successfully bumped revision number for resource 9b90dc67-7381-440a-8073-a1c79cba7a6c (type: ports) to 1
2026-07-24 18:40:30.460 10 INFO neutron.db.ovn_revision_numbers_db [None req-8aa6f448-c63f-4396-b4ea-355047d7fd63 884435c2c9dc470ca993f18eedd866ab 3f11afba225e468b99c9ee1d43603b80 - - - -] Successfully bumped revision number for resource 1a76441d-c6ed-4fde-a9de-e6c70f5d826d (type: security_group_rules) to 0
2026-07-24 18:40:30.492 10 INFO neutron.wsgi [None req-8aa6f448-c63f-4396-b4ea-355047d7fd63 884435c2c9dc470ca993f18eedd866ab 3f11afba225e468b99c9ee1d43603b80 - - - -] 10.0.0.3 "POST /v2.0/security-group-rules HTTP/1.1" status: 201 len: 791 time: 0.1781461
2026-07-24 18:40:30.541 10 INFO neutron.wsgi [req-a9589925-f411-4ac8-9ce0-6516b4dd923e req-67a109b2-4b96-4523-b9fc-a5f96ee78666 884435c2c9dc470ca993f18eedd866ab 3f11afba225e468b99c9ee1d43603b80 - - default default] 10.0.0.3 "GET /v2.0/security-groups/7a835de7-f8d1-4225-8dbe-a6f074062f5f HTTP/1.1" status: 200 len: 3013 time: 0.0278237
2026-07-24 18:40:30.579 10 INFO neutron.wsgi [req-36c0ff3e-37c4-4d9c-9ed5-55083f8f9ac9 req-19ce2f04-e97d-4ef7-9289-36a933f337c3 884435c2c9dc470ca993f18eedd866ab 3f11afba225e468b99c9ee1d43603b80 - - default default] 10.0.0.3 "GET /v2.0/security-group-rules/1a76441d-c6ed-4fde-a9de-e6c70f5d826d HTTP/1.1" status: 200 len: 783 time: 0.0154617
2026-07-24 18:40:30.631 10 INFO neutron.wsgi [req-36c0ff3e-37c4-4d9c-9ed5-55083f8f9ac9 req-dd0e3dbf-a63c-46c5-bdd4-467a77d681da 884435c2c9dc470ca993f18eedd866ab 3f11afba225e468b99c9ee1d43603b80 - - default default] 10.0.0.3 "GET /v2.0/security-groups/7a835de7-f8d1-4225-8dbe-a6f074062f5f HTTP/1.1" status: 200 len: 3013 time: 0.0450118
2026-07-24 18:40:30.750 9 INFO neutron.db.ovn_revision_numbers_db [None req-dbc17e16-407d-473c-a38b-e264620537ae af6cf6b7229b4c9eace48dd4220164e4 8498dd98b53f466e81ae586547e94771 - - default default] Successfully bumped revision number for resource 9b90dc67-7381-440a-8073-a1c79cba7a6c (type: router_ports) to 2
2026-07-24 18:40:30.788 10 INFO neutron.wsgi [None req-2902276e-9d71-4d6c-ae3d-4b971da6993b 884435c2c9dc470ca993f18eedd866ab 3f11afba225e468b99c9ee1d43603b80 - - - -] 10.0.0.3 "DELETE /v2.0/security-group-rules/1a76441d-c6ed-4fde-a9de-e6c70f5d826d HTTP/1.1" status: 204 len: 173 time: 0.1484029
2026-07-24 18:40:30.846 10 INFO neutron.wsgi [req-f5a9bfdd-dd6b-46db-92c4-51a176d5b11a req-a80ec74a-9f55-4545-8ad5-eb0dd2d8d800 884435c2c9dc470ca993f18eedd866ab 3f11afba225e468b99c9ee1d43603b80 - - default default] 10.0.0.3 "GET /v2.0/security-groups/7a835de7-f8d1-4225-8dbe-a6f074062f5f HTTP/1.1" status: 200 len: 2415 time: 0.0375602
2026-07-24 18:40:30.859 9 INFO neutron.db.ovn_revision_numbers_db [None req-dbc17e16-407d-473c-a38b-e264620537ae af6cf6b7229b4c9eace48dd4220164e4 8498dd98b53f466e81ae586547e94771 - - default default] Successfully bumped revision number for resource 9b90dc67-7381-440a-8073-a1c79cba7a6c (type: ports) to 2
2026-07-24 18:40:30.933 9 WARNING neutron.scheduler.dhcp_agent_scheduler [None req-dbc17e16-407d-473c-a38b-e264620537ae af6cf6b7229b4c9eace48dd4220164e4 8498dd98b53f466e81ae586547e94771 - - default default] No more DHCP agents
2026-07-24 18:40:30.934 9 WARNING neutron.api.rpc.agentnotifiers.dhcp_rpc_agent_api [None req-dbc17e16-407d-473c-a38b-e264620537ae af6cf6b7229b4c9eace48dd4220164e4 8498dd98b53f466e81ae586547e94771 - - default default] Unable to schedule network 58109e48-576d-4a0a-8641-50c5701d4985: no agents available; will retry on subsequent port and subnet creation events.
2026-07-24 18:40:30.989 10 INFO neutron.wsgi [None req-e7d49534-a510-4625-80e5-1f0785ba5674 884435c2c9dc470ca993f18eedd866ab 3f11afba225e468b99c9ee1d43603b80 - - - -] 10.0.0.3 "DELETE /v2.0/security-groups/7a835de7-f8d1-4225-8dbe-a6f074062f5f HTTP/1.1" status: 204 len: 173 time: 0.1349382
2026-07-24 18:40:31.047 10 INFO neutron.wsgi [req-7302e289-1917-4ad8-a49c-0042d98c50f6 req-283fbe52-c166-44ff-821b-dc16c74cfe3b 884435c2c9dc470ca993f18eedd866ab 3f11afba225e468b99c9ee1d43603b80 - - default default] 10.0.0.3 "GET /v2.0/security-groups/01a0396a-1521-4977-9997-001b4cb43f38 HTTP/1.1" status: 200 len: 2411 time: 0.0335789
2026-07-24 18:40:31.184 10 INFO neutron.wsgi [None req-9fdb7133-bf12-4c61-ba19-19eede91b05e 884435c2c9dc470ca993f18eedd866ab 3f11afba225e468b99c9ee1d43603b80 - - - -] 10.0.0.3 "DELETE /v2.0/security-groups/01a0396a-1521-4977-9997-001b4cb43f38 HTTP/1.1" status: 204 len: 173 time: 0.1277871
2026-07-24 18:40:31.631 9 INFO neutron.db.ovn_revision_numbers_db [None req-dbc17e16-407d-473c-a38b-e264620537ae af6cf6b7229b4c9eace48dd4220164e4 8498dd98b53f466e81ae586547e94771 - - - -] Successfully bumped revision number for resource 9b90dc67-7381-440a-8073-a1c79cba7a6c (type: router_ports) to 2
2026-07-24 18:40:31.634 9 INFO neutron.wsgi [None req-dbc17e16-407d-473c-a38b-e264620537ae af6cf6b7229b4c9eace48dd4220164e4 8498dd98b53f466e81ae586547e94771 - - - -] 10.0.0.195 "PUT /v2.0/routers/5a080aa0-3f30-4f8d-92e3-6361de5d9608/add_router_interface HTTP/1.1" status: 200 len: 503 time: 2.1595886
2026-07-24 18:40:31.677 9 INFO neutron.db.ovn_revision_numbers_db [None req-ce0c8274-a7a8-48c3-9085-c291dadce81d af6cf6b7229b4c9eace48dd4220164e4 8498dd98b53f466e81ae586547e94771 - - default default] Successfully bumped revision number for resource 1ba534c6-5bd5-4e9a-a397-560326d51068 (type: security_groups) to 1
2026-07-24 18:40:31.705 9 INFO neutron.wsgi [None req-ce0c8274-a7a8-48c3-9085-c291dadce81d af6cf6b7229b4c9eace48dd4220164e4 8498dd98b53f466e81ae586547e94771 - - default default] 10.0.0.195 "GET /v2.0/security-groups?tenant_id=b2270f0173354ba8a7e8a43c4a20aa59&name=default HTTP/1.1" status: 200 len: 2996 time: 0.4547973
2026-07-24 18:40:31.771 10 INFO neutron.db.ovn_revision_numbers_db [None req-a9f9d648-5834-4832-a975-646593ef061a 2511d1fac6b346dc91e2691ff4455dd1 44fbd5fb89c34c3183890f71dae4c255 - - - -] Successfully bumped revision number for resource bdf20656-afe6-4253-bf1e-441eff8ceb32 (type: security_groups) to 1
2026-07-24 18:40:31.873 10 INFO neutron.db.segments_db [None req-a9f9d648-5834-4832-a975-646593ef061a 2511d1fac6b346dc91e2691ff4455dd1 44fbd5fb89c34c3183890f71dae4c255 - - - -] Added segment c57dd1e1-891e-4624-bb4e-35fae283b084 of type geneve for network 3a9b8002-2af0-4eb9-8800-48975f20212b
2026-07-24 18:40:31.883 9 INFO neutron.wsgi [None req-572025b7-0c22-4a24-8401-991dcdd4d057 af6cf6b7229b4c9eace48dd4220164e4 8498dd98b53f466e81ae586547e94771 - - - -] 10.0.0.195 "DELETE /v2.0/security-groups/1ba534c6-5bd5-4e9a-a397-560326d51068 HTTP/1.1" status: 204 len: 168 time: 0.1726427
2026-07-24 18:40:32.062 9 INFO neutron.db.ovn_revision_numbers_db [None req-9f718c04-cbf5-4e7b-ad12-5cf1cb7cff8e af6cf6b7229b4c9eace48dd4220164e4 8498dd98b53f466e81ae586547e94771 - - default default] Successfully bumped revision number for resource bdd67be8-c6ba-4f29-8f46-f0bbe8954e29 (type: security_groups) to 1
2026-07-24 18:40:32.088 9 INFO neutron.wsgi [None req-9f718c04-cbf5-4e7b-ad12-5cf1cb7cff8e af6cf6b7229b4c9eace48dd4220164e4 8498dd98b53f466e81ae586547e94771 - - default default] 10.0.0.195 "GET /v2.0/security-groups?tenant_id=3cb4138053074ac885565fd10818686c&name=default HTTP/1.1" status: 200 len: 2996 time: 0.1209860
2026-07-24 18:40:32.094 10 INFO neutron.db.ovn_revision_numbers_db [None req-a9f9d648-5834-4832-a975-646593ef061a 2511d1fac6b346dc91e2691ff4455dd1 44fbd5fb89c34c3183890f71dae4c255 - - - -] Successfully bumped revision number for resource 3a9b8002-2af0-4eb9-8800-48975f20212b (type: networks) to 1
2026-07-24 18:40:32.300 9 INFO neutron.wsgi [None req-c2673e3a-da0d-46d5-843b-33a6ffb8ad30 af6cf6b7229b4c9eace48dd4220164e4 8498dd98b53f466e81ae586547e94771 - - - -] 10.0.0.195 "DELETE /v2.0/security-groups/bdd67be8-c6ba-4f29-8f46-f0bbe8954e29 HTTP/1.1" status: 204 len: 168 time: 0.2074890
2026-07-24 18:40:32.389 9 INFO neutron.db.ovn_revision_numbers_db [None req-910470db-b942-42d0-aed8-43f8dbd8ace1 fe20d2c800aa406dafa789a51a3e897f bf9aef7524834cf98928967a9ddeac3b - - - -] Successfully bumped revision number for resource 272b809d-f6da-4a71-baf4-3f303412ff3f (type: security_groups) to 1
2026-07-24 18:40:32.410 9 INFO neutron.wsgi [None req-910470db-b942-42d0-aed8-43f8dbd8ace1 fe20d2c800aa406dafa789a51a3e897f bf9aef7524834cf98928967a9ddeac3b - - - -] 10.0.0.195 "POST /v2.0/security-groups HTTP/1.1" status: 201 len: 1797 time: 0.1090014
2026-07-24 18:40:32.536 9 INFO neutron.db.ovn_revision_numbers_db [None req-3e315cb4-8836-427d-baca-e14c04831def fe20d2c800aa406dafa789a51a3e897f bf9aef7524834cf98928967a9ddeac3b - - - -] Successfully bumped revision number for resource 763baea3-551e-4ed7-8cce-dcef796fd792 (type: security_group_rules) to 0
2026-07-24 18:40:32.561 9 INFO neutron.wsgi [None req-3e315cb4-8836-427d-baca-e14c04831def fe20d2c800aa406dafa789a51a3e897f bf9aef7524834cf98928967a9ddeac3b - - - -] 10.0.0.195 "POST /v2.0/security-group-rules HTTP/1.1" status: 201 len: 764 time: 0.1443307
2026-07-24 18:40:32.644 10 WARNING neutron.scheduler.dhcp_agent_scheduler [None req-a9f9d648-5834-4832-a975-646593ef061a 2511d1fac6b346dc91e2691ff4455dd1 44fbd5fb89c34c3183890f71dae4c255 - - - -] No more DHCP agents
2026-07-24 18:40:32.649 10 WARNING neutron.api.rpc.agentnotifiers.dhcp_rpc_agent_api [None req-a9f9d648-5834-4832-a975-646593ef061a 2511d1fac6b346dc91e2691ff4455dd1 44fbd5fb89c34c3183890f71dae4c255 - - - -] Unable to schedule network 3a9b8002-2af0-4eb9-8800-48975f20212b: no agents available; will retry on subsequent port and subnet creation events.
2026-07-24 18:40:32.691 9 INFO neutron.db.ovn_revision_numbers_db [None req-9b82430e-7a3a-4f03-bc12-bf02a2fdd827 fe20d2c800aa406dafa789a51a3e897f bf9aef7524834cf98928967a9ddeac3b - - - -] Successfully bumped revision number for resource 0c95047d-ed99-4c42-b9c7-d0d727f60519 (type: security_group_rules) to 0
2026-07-24 18:40:32.720 9 INFO neutron.wsgi [None req-9b82430e-7a3a-4f03-bc12-bf02a2fdd827 fe20d2c800aa406dafa789a51a3e897f bf9aef7524834cf98928967a9ddeac3b - - - -] 10.0.0.195 "POST /v2.0/security-group-rules HTTP/1.1" status: 201 len: 769 time: 0.1438887
2026-07-24 18:40:32.768 10 INFO neutron.db.ovn_revision_numbers_db [None req-a9f9d648-5834-4832-a975-646593ef061a 2511d1fac6b346dc91e2691ff4455dd1 44fbd5fb89c34c3183890f71dae4c255 - - - -] Successfully bumped revision number for resource 40d95a07-9cf5-475c-a94e-621ff14e25a4 (type: ports) to 1
2026-07-24 18:40:32.831 10 INFO neutron.wsgi [None req-a9f9d648-5834-4832-a975-646593ef061a 2511d1fac6b346dc91e2691ff4455dd1 44fbd5fb89c34c3183890f71dae4c255 - - - -] 10.0.0.195 "POST /v2.0/networks HTTP/1.1" status: 201 len: 849 time: 1.6112490
2026-07-24 18:40:33.056 9 WARNING neutron.scheduler.dhcp_agent_scheduler [None req-b9514575-f780-44c5-b65c-dcf4c420a3cd fe20d2c800aa406dafa789a51a3e897f bf9aef7524834cf98928967a9ddeac3b - - - -] No more DHCP agents
2026-07-24 18:40:33.060 9 WARNING neutron.api.rpc.agentnotifiers.dhcp_rpc_agent_api [None req-b9514575-f780-44c5-b65c-dcf4c420a3cd fe20d2c800aa406dafa789a51a3e897f bf9aef7524834cf98928967a9ddeac3b - - - -] Unable to schedule network 9edd62f8-6081-4780-bbb7-f7b6619461a6: no agents available; will retry on subsequent port and subnet creation events.
2026-07-24 18:40:33.272 10 WARNING neutron.scheduler.dhcp_agent_scheduler [None req-bf5edda1-7ea1-4ff4-8024-7fcf14274885 2511d1fac6b346dc91e2691ff4455dd1 44fbd5fb89c34c3183890f71dae4c255 - - - -] No more DHCP agents
2026-07-24 18:40:33.278 10 INFO neutron.wsgi [None req-0d5b06fc-1dde-4c7b-91d6-a5e89a011268 af6cf6b7229b4c9eace48dd4220164e4 8498dd98b53f466e81ae586547e94771 - - - -] 10.0.0.195 "PUT /v2.0/routers/79f47f8c-2f90-4177-aea4-2e874752bda1/remove_router_interface HTTP/1.1" status: 200 len: 503 time: 2.0837638
2026-07-24 18:40:33.279 10 WARNING neutron.api.rpc.agentnotifiers.dhcp_rpc_agent_api [None req-bf5edda1-7ea1-4ff4-8024-7fcf14274885 2511d1fac6b346dc91e2691ff4455dd1 44fbd5fb89c34c3183890f71dae4c255 - - - -] Unable to schedule network 3a9b8002-2af0-4eb9-8800-48975f20212b: no agents available; will retry on subsequent port and subnet creation events.
2026-07-24 18:40:33.296 10 INFO neutron.db.ovn_revision_numbers_db [None req-bf5edda1-7ea1-4ff4-8024-7fcf14274885 2511d1fac6b346dc91e2691ff4455dd1 44fbd5fb89c34c3183890f71dae4c255 - - - -] Successfully bumped revision number for resource a4a2ccce-0fee-4a27-be75-61604b34ad3d (type: subnets) to 0
2026-07-24 18:40:33.316 10 INFO neutron.wsgi [None req-bf5edda1-7ea1-4ff4-8024-7fcf14274885 2511d1fac6b346dc91e2691ff4455dd1 44fbd5fb89c34c3183890f71dae4c255 - - - -] 10.0.0.195 "POST /v2.0/subnets HTTP/1.1" status: 201 len: 802 time: 0.4800687
2026-07-24 18:40:33.332 10 WARNING neutron.plugins.ml2.drivers.ovn.mech_driver.ovsdb.ovn_client [None req-7df97af8-123e-4e21-8433-8871f533c43c - - - - - -] No port found with ID b9f4a260-f7b4-4154-b806-3c3788331f93: RuntimeError: No port found with ID b9f4a260-f7b4-4154-b806-3c3788331f93
2026-07-24 18:40:33.333 10 INFO neutron.plugins.ml2.drivers.ovn.mech_driver.mech_driver [None req-7df97af8-123e-4e21-8433-8871f533c43c - - - - - -] OVN reports status up for port: 9f13650e-f47f-4a9d-b8f6-4dd93c59d0a5 /var/lib/openstack/lib/python3.10/site-packages/pycadf/identifier.py:71: UserWarning: Invalid uuid: neutron. To ensure interoperability, identifiers should be a valid uuid. warnings.warn(('Invalid uuid: %s. To ensure interoperability, '
2026-07-24 18:40:33.355 10 INFO neutron.plugins.ml2.plugin [None req-7df97af8-123e-4e21-8433-8871f533c43c - - - - - -] Attempt 1 to provision port 9f13650e-f47f-4a9d-b8f6-4dd93c59d0a5
2026-07-24 18:40:33.568 9 INFO neutron.db.ovn_revision_numbers_db [None req-b9514575-f780-44c5-b65c-dcf4c420a3cd fe20d2c800aa406dafa789a51a3e897f bf9aef7524834cf98928967a9ddeac3b - - - -] Successfully bumped revision number for resource fb39b4cd-d737-43b1-a474-5448c5155a0a (type: floatingips) to 0
2026-07-24 18:40:33.596 9 INFO neutron.wsgi [None req-b9514575-f780-44c5-b65c-dcf4c420a3cd fe20d2c800aa406dafa789a51a3e897f bf9aef7524834cf98928967a9ddeac3b - - - -] 10.0.0.195 "POST /v2.0/floatingips HTTP/1.1" status: 201 len: 751 time: 0.8679993
2026-07-24 18:40:34.144 10 INFO neutron.wsgi [req-da84eaef-c345-48fe-a058-38dd4aa02c54 req-36ec1653-a57d-4881-b222-9b091a8f7d76 fe20d2c800aa406dafa789a51a3e897f bf9aef7524834cf98928967a9ddeac3b - - default default] 10.0.0.3 "GET /v2.0/security-groups?name=tempest-securitygroup--1152451874&fields=id&tenant_id=bf9aef7524834cf98928967a9ddeac3b HTTP/1.1" status: 200 len: 267 time: 0.0485353
2026-07-24 18:40:34.188 9 INFO neutron.wsgi [None req-69c70866-3037-44a8-b6aa-ebc40fcbea9a af6cf6b7229b4c9eace48dd4220164e4 8498dd98b53f466e81ae586547e94771 - - - -] 10.0.0.195 "DELETE /v2.0/routers/79f47f8c-2f90-4177-aea4-2e874752bda1 HTTP/1.1" status: 204 len: 168 time: 0.9041114
2026-07-24 18:40:34.229 10 WARNING neutron.scheduler.dhcp_agent_scheduler [None req-a54b02ba-e5a9-447f-a777-885eefb58ee2 2511d1fac6b346dc91e2691ff4455dd1 44fbd5fb89c34c3183890f71dae4c255 - - - -] No more DHCP agents
2026-07-24 18:40:34.238 10 WARNING neutron.api.rpc.agentnotifiers.dhcp_rpc_agent_api [None req-a54b02ba-e5a9-447f-a777-885eefb58ee2 2511d1fac6b346dc91e2691ff4455dd1 44fbd5fb89c34c3183890f71dae4c255 - - - -] Unable to schedule network 9edd62f8-6081-4780-bbb7-f7b6619461a6: no agents available; will retry on subsequent port and subnet creation events.
2026-07-24 18:40:34.278 10 INFO neutron.wsgi [req-da84eaef-c345-48fe-a058-38dd4aa02c54 req-a35e1d8e-d3e7-4684-8045-f9c75e35d471 fe20d2c800aa406dafa789a51a3e897f bf9aef7524834cf98928967a9ddeac3b - - default default] 10.0.0.3 "GET /v2.0/networks?id=58109e48-576d-4a0a-8641-50c5701d4985 HTTP/1.1" status: 200 len: 883 time: 0.1273358
2026-07-24 18:40:34.307 10 INFO neutron.wsgi [req-da84eaef-c345-48fe-a058-38dd4aa02c54 req-a8884650-f3f5-463f-8ac5-29e7d1b375d2 fe20d2c800aa406dafa789a51a3e897f bf9aef7524834cf98928967a9ddeac3b - - default default] 10.0.0.3 "GET /v2.0/quotas/bf9aef7524834cf98928967a9ddeac3b HTTP/1.1" status: 200 len: 386 time: 0.0172658
2026-07-24 18:40:34.401 9 INFO neutron.wsgi [None req-7816a113-b9d8-4700-a35f-d0c831db195c af6cf6b7229b4c9eace48dd4220164e4 8498dd98b53f466e81ae586547e94771 - - - -] 10.0.0.195 "DELETE /v2.0/subnets/219abd1b-b927-4f0c-991e-e8142db7205a HTTP/1.1" status: 204 len: 168 time: 0.1907678
2026-07-24 18:40:34.435 10 INFO neutron.db.ovn_revision_numbers_db [None req-a54b02ba-e5a9-447f-a777-885eefb58ee2 2511d1fac6b346dc91e2691ff4455dd1 44fbd5fb89c34c3183890f71dae4c255 - - - -] Successfully bumped revision number for resource 7c094f0d-c369-454f-850a-daf1df3e1ba7 (type: ports) to 1
2026-07-24 18:40:34.443 10 INFO neutron.wsgi [req-da84eaef-c345-48fe-a058-38dd4aa02c54 req-d28114b1-67de-4a97-ac79-6ee0b002eeec fe20d2c800aa406dafa789a51a3e897f bf9aef7524834cf98928967a9ddeac3b - - default default] 10.0.0.3 "GET /v2.0/ports?tenant_id=bf9aef7524834cf98928967a9ddeac3b&fields=id HTTP/1.1" status: 200 len: 302 time: 0.1283829
2026-07-24 18:40:34.890 9 INFO neutron.wsgi [None req-b798da9f-63f5-4608-9416-9896d904159f af6cf6b7229b4c9eace48dd4220164e4 8498dd98b53f466e81ae586547e94771 - - - -] 10.0.0.195 "DELETE /v2.0/networks/5e2be9c6-436a-41ce-ae3c-5484a3167c70 HTTP/1.1" status: 204 len: 168 time: 0.4830291
2026-07-24 18:40:34.934 10 INFO neutron.wsgi [req-da84eaef-c345-48fe-a058-38dd4aa02c54 req-7fce7d22-45d0-4ed8-a5f4-b5bed5136c12 de74f2d4048c4ef78082d00e49736666 e2f20cd3df98453099bf504f9832b7c6 - - 6674caebc00f4e4b9a9fcb8cf9107f20 6674caebc00f4e4b9a9fcb8cf9107f20] 10.0.0.3 "GET /v2.0/extensions HTTP/1.1" status: 200 len: 16525 time: 0.0596848
2026-07-24 18:40:35.023 10 INFO neutron.wsgi [req-da84eaef-c345-48fe-a058-38dd4aa02c54 req-a91d64fa-c43e-48b3-a3a5-14d4370d1404 de74f2d4048c4ef78082d00e49736666 e2f20cd3df98453099bf504f9832b7c6 - - 6674caebc00f4e4b9a9fcb8cf9107f20 6674caebc00f4e4b9a9fcb8cf9107f20] 10.0.0.3 "GET /v2.0/networks/58109e48-576d-4a0a-8641-50c5701d4985?fields=segments HTTP/1.1" status: 200 len: 212 time: 0.0712290
2026-07-24 18:40:35.056 9 INFO neutron.wsgi [None req-2412554d-e2a1-4ca1-8661-c7df7da83a25 af6cf6b7229b4c9eace48dd4220164e4 8498dd98b53f466e81ae586547e94771 - - default default] 10.0.0.195 "GET /v2.0/security-groups?tenant_id=3f11afba225e468b99c9ee1d43603b80&name=default HTTP/1.1" status: 200 len: 2992 time: 0.0456789
2026-07-24 18:40:35.068 9 INFO neutron.db.ovn_revision_numbers_db [None req-f6958617-5bce-4c72-a4e0-06076f43fad7 af6cf6b7229b4c9eace48dd4220164e4 8498dd98b53f466e81ae586547e94771 - - default default] Successfully bumped revision number for resource a62202c1-6511-4125-9fdb-f8c051741ee7 (type: security_groups) to 1
2026-07-24 18:40:35.103 9 INFO neutron.wsgi [None req-f6958617-5bce-4c72-a4e0-06076f43fad7 af6cf6b7229b4c9eace48dd4220164e4 8498dd98b53f466e81ae586547e94771 - - default default] 10.0.0.195 "GET /v2.0/security-groups?tenant_id=8082dfb7552649bf9c88a3ba0771db05&name=default HTTP/1.1" status: 200 len: 2996 time: 0.1933055
2026-07-24 18:40:35.130 10 INFO neutron.wsgi [req-da84eaef-c345-48fe-a058-38dd4aa02c54 req-6b2efd43-cd7f-4f2c-a7ed-173a725397c5 de74f2d4048c4ef78082d00e49736666 e2f20cd3df98453099bf504f9832b7c6 - - 6674caebc00f4e4b9a9fcb8cf9107f20 6674caebc00f4e4b9a9fcb8cf9107f20] 10.0.0.3 "GET /v2.0/networks/58109e48-576d-4a0a-8641-50c5701d4985?fields=provider%3Aphysical_network&fields=provider%3Anetwork_type HTTP/1.1" status: 200 len: 277 time: 0.0831237
2026-07-24 18:40:35.433 10 INFO neutron.wsgi [req-9b400082-3514-45d2-bb01-cbc7c70a09f1 req-ee9350ca-d4b3-47e3-aed2-bd2ce14c501e fe20d2c800aa406dafa789a51a3e897f bf9aef7524834cf98928967a9ddeac3b - - default default] 10.0.0.3 "GET /v2.0/ports?device_id=b793e446-ce12-4b63-937c-25862543f84a HTTP/1.1" status: 200 len: 210 time: 0.0382955
2026-07-24 18:40:35.464 10 INFO neutron.db.ovn_revision_numbers_db [None req-a54b02ba-e5a9-447f-a777-885eefb58ee2 2511d1fac6b346dc91e2691ff4455dd1 44fbd5fb89c34c3183890f71dae4c255 - - - -] Successfully bumped revision number for resource 7c094f0d-c369-454f-850a-daf1df3e1ba7 (type: router_ports) to 1
2026-07-24 18:40:35.491 9 INFO neutron.services.segments.plugin [-] Segment 29686c5d-41f8-4229-9e92-0bf2e7364310 resource provider aggregate not found
2026-07-24 18:40:35.501 9 INFO neutron.services.segments.plugin [-] Segment 29686c5d-41f8-4229-9e92-0bf2e7364310 resource provider aggregate not found
2026-07-24 18:40:35.528 9 INFO neutron.services.segments.plugin [-] Segment 29686c5d-41f8-4229-9e92-0bf2e7364310 resource provider not found; error: Placement Client Error (4xx): {"errors": [{"status": 404, "title": "Not Found", "detail": "The resource could not be found.\n\n No resource provider with uuid 29686c5d-41f8-4229-9e92-0bf2e7364310 found for delete ", "request_id": "req-b6797672-9280-4c04-89a3-2c09aa96495b"}]}
2026-07-24 18:40:35.536 9 INFO neutron.services.segments.plugin [-] Segment 29686c5d-41f8-4229-9e92-0bf2e7364310 resource provider not found; error: Placement Client Error (4xx): {"errors": [{"status": 404, "title": "Not Found", "detail": "The resource could not be found.\n\n No resource provider with uuid 29686c5d-41f8-4229-9e92-0bf2e7364310 found for delete ", "request_id": "req-0317d813-8b26-4dea-b1c7-f389819d9f13"}]}
2026-07-24 18:40:35.541 10 INFO neutron.db.ovn_revision_numbers_db [None req-a54b02ba-e5a9-447f-a777-885eefb58ee2 2511d1fac6b346dc91e2691ff4455dd1 44fbd5fb89c34c3183890f71dae4c255 - - - -] Successfully bumped revision number for resource 83ecd856-589d-4c4c-92a7-ced576043ba1 (type: routers) to 3
2026-07-24 18:40:35.562 10 INFO neutron.wsgi [None req-a54b02ba-e5a9-447f-a777-885eefb58ee2 2511d1fac6b346dc91e2691ff4455dd1 44fbd5fb89c34c3183890f71dae4c255 - - - -] 10.0.0.195 "POST /v2.0/routers HTTP/1.1" status: 201 len: 875 time: 2.2316141
2026-07-24 18:40:35.651 9 INFO neutron.wsgi [None req-8ff12b69-6f8a-43be-9500-3c9f12131c06 af6cf6b7229b4c9eace48dd4220164e4 8498dd98b53f466e81ae586547e94771 - - - -] 10.0.0.195 "DELETE /v2.0/security-groups/8e3c5257-032b-4f77-949d-941ead5f26f1 HTTP/1.1" status: 204 len: 168 time: 0.5894659
2026-07-24 18:40:35.656 9 INFO neutron.wsgi [None req-94814e54-35a9-4efb-82d6-3fe781c6618f af6cf6b7229b4c9eace48dd4220164e4 8498dd98b53f466e81ae586547e94771 - - - -] 10.0.0.195 "DELETE /v2.0/security-groups/a62202c1-6511-4125-9fdb-f8c051741ee7 HTTP/1.1" status: 204 len: 168 time: 0.5463424
2026-07-24 18:40:36.173 10 WARNING neutron.scheduler.dhcp_agent_scheduler [None req-69535031-2be8-4309-b4a6-3a948303466a 2511d1fac6b346dc91e2691ff4455dd1 44fbd5fb89c34c3183890f71dae4c255 - - default default] No more DHCP agents
2026-07-24 18:40:36.176 10 WARNING neutron.api.rpc.agentnotifiers.dhcp_rpc_agent_api [None req-69535031-2be8-4309-b4a6-3a948303466a 2511d1fac6b346dc91e2691ff4455dd1 44fbd5fb89c34c3183890f71dae4c255 - - default default] Unable to schedule network 3a9b8002-2af0-4eb9-8800-48975f20212b: no agents available; will retry on subsequent port and subnet creation events.
2026-07-24 18:40:36.291 10 INFO neutron.db.ovn_revision_numbers_db [None req-69535031-2be8-4309-b4a6-3a948303466a 2511d1fac6b346dc91e2691ff4455dd1 44fbd5fb89c34c3183890f71dae4c255 - - default default] Successfully bumped revision number for resource 1a2bb4c2-559e-4fa6-a711-98343741815b (type: ports) to 1
2026-07-24 18:40:36.682 10 INFO neutron.wsgi [req-fd39195e-7aee-4093-a376-dc345553e6a0 req-201b6b15-b940-49b8-9be9-75ae4221afa9 fe20d2c800aa406dafa789a51a3e897f bf9aef7524834cf98928967a9ddeac3b - - default default] 10.0.0.3 "GET /v2.0/ports?device_id=b793e446-ce12-4b63-937c-25862543f84a HTTP/1.1" status: 200 len: 210 time: 0.0570550
2026-07-24 18:40:37.158 9 INFO neutron.wsgi [req-da84eaef-c345-48fe-a058-38dd4aa02c54 req-a736af18-b57c-4009-ab91-8f61bee71e0c fe20d2c800aa406dafa789a51a3e897f bf9aef7524834cf98928967a9ddeac3b - - default default] 199.19.213.152 "GET /v2.0/networks?id=58109e48-576d-4a0a-8641-50c5701d4985 HTTP/1.1" status: 200 len: 883 time: 0.2599251
2026-07-24 18:40:37.166 10 INFO neutron.db.ovn_revision_numbers_db [None req-69535031-2be8-4309-b4a6-3a948303466a 2511d1fac6b346dc91e2691ff4455dd1 44fbd5fb89c34c3183890f71dae4c255 - - default default] Successfully bumped revision number for resource 1a2bb4c2-559e-4fa6-a711-98343741815b (type: router_ports) to 2
2026-07-24 18:40:37.236 9 INFO neutron.wsgi [req-da84eaef-c345-48fe-a058-38dd4aa02c54 req-eb82af0b-acd0-46d7-864f-e5a91fce7a9e fe20d2c800aa406dafa789a51a3e897f bf9aef7524834cf98928967a9ddeac3b - - default default] 199.19.213.152 "GET /v2.0/security-groups?fields=id&fields=name&tenant_id=bf9aef7524834cf98928967a9ddeac3b HTTP/1.1" status: 200 len: 380 time: 0.0545144
2026-07-24 18:40:37.327 10 INFO neutron.db.ovn_revision_numbers_db [None req-69535031-2be8-4309-b4a6-3a948303466a 2511d1fac6b346dc91e2691ff4455dd1 44fbd5fb89c34c3183890f71dae4c255 - - default default] Successfully bumped revision number for resource 1a2bb4c2-559e-4fa6-a711-98343741815b (type: ports) to 2
2026-07-24 18:40:37.405 10 WARNING neutron.scheduler.dhcp_agent_scheduler [None req-69535031-2be8-4309-b4a6-3a948303466a 2511d1fac6b346dc91e2691ff4455dd1 44fbd5fb89c34c3183890f71dae4c255 - - default default] No more DHCP agents
2026-07-24 18:40:37.406 10 WARNING neutron.api.rpc.agentnotifiers.dhcp_rpc_agent_api [None req-69535031-2be8-4309-b4a6-3a948303466a 2511d1fac6b346dc91e2691ff4455dd1 44fbd5fb89c34c3183890f71dae4c255 - - default default] Unable to schedule network 3a9b8002-2af0-4eb9-8800-48975f20212b: no agents available; will retry on subsequent port and subnet creation events.
2026-07-24 18:40:37.711 9 WARNING neutron.scheduler.dhcp_agent_scheduler [None req-6683989e-7d6c-4d69-9be9-6e7cd6c92a85 fe20d2c800aa406dafa789a51a3e897f bf9aef7524834cf98928967a9ddeac3b - - - -] No more DHCP agents
2026-07-24 18:40:37.715 9 WARNING neutron.api.rpc.agentnotifiers.dhcp_rpc_agent_api [None req-6683989e-7d6c-4d69-9be9-6e7cd6c92a85 fe20d2c800aa406dafa789a51a3e897f bf9aef7524834cf98928967a9ddeac3b - - - -] Unable to schedule network 58109e48-576d-4a0a-8641-50c5701d4985: no agents available; will retry on subsequent port and subnet creation events.
2026-07-24 18:40:37.886 10 INFO neutron.wsgi [req-5f6b9e8f-52b1-4470-9cfd-55673c4ad79d req-6bc2ebc3-901b-470c-81fb-cad93d509597 fe20d2c800aa406dafa789a51a3e897f bf9aef7524834cf98928967a9ddeac3b - - default default] 10.0.0.3 "GET /v2.0/ports?device_id=b793e446-ce12-4b63-937c-25862543f84a HTTP/1.1" status: 200 len: 1160 time: 0.0860600
2026-07-24 18:40:37.889 10 INFO neutron.db.ovn_revision_numbers_db [None req-69535031-2be8-4309-b4a6-3a948303466a 2511d1fac6b346dc91e2691ff4455dd1 44fbd5fb89c34c3183890f71dae4c255 - - - -] Successfully bumped revision number for resource 1a2bb4c2-559e-4fa6-a711-98343741815b (type: router_ports) to 2
2026-07-24 18:40:37.892 10 INFO neutron.wsgi [None req-69535031-2be8-4309-b4a6-3a948303466a 2511d1fac6b346dc91e2691ff4455dd1 44fbd5fb89c34c3183890f71dae4c255 - - - -] 10.0.0.195 "PUT /v2.0/routers/83ecd856-589d-4c4c-92a7-ced576043ba1/add_router_interface HTTP/1.1" status: 200 len: 503 time: 2.3236194
2026-07-24 18:40:37.894 9 INFO neutron.db.ovn_revision_numbers_db [None req-6683989e-7d6c-4d69-9be9-6e7cd6c92a85 fe20d2c800aa406dafa789a51a3e897f bf9aef7524834cf98928967a9ddeac3b - - - -] Successfully bumped revision number for resource 1240bb52-a9f1-4395-975f-1b158d44e012 (type: ports) to 1 /var/lib/openstack/lib/python3.10/site-packages/pycadf/identifier.py:71: UserWarning: Invalid uuid: neutron. To ensure interoperability, identifiers should be a valid uuid. warnings.warn(('Invalid uuid: %s. To ensure interoperability, '
2026-07-24 18:40:37.954 9 INFO neutron.wsgi [None req-6683989e-7d6c-4d69-9be9-6e7cd6c92a85 fe20d2c800aa406dafa789a51a3e897f bf9aef7524834cf98928967a9ddeac3b - - - -] 199.19.213.152 "POST /v2.0/ports HTTP/1.1" status: 201 len: 1162 time: 0.7104404
2026-07-24 18:40:37.959 10 INFO neutron.wsgi [req-5f6b9e8f-52b1-4470-9cfd-55673c4ad79d req-12f6cc36-f012-470a-bc5d-036366d52d06 fe20d2c800aa406dafa789a51a3e897f bf9aef7524834cf98928967a9ddeac3b - - default default] 10.0.0.3 "GET /v2.0/security-groups?id=272b809d-f6da-4a71-baf4-3f303412ff3f&fields=id&fields=name HTTP/1.1" status: 200 len: 313 time: 0.0641439
2026-07-24 18:40:37.984 9 INFO neutron.wsgi [req-da84eaef-c345-48fe-a058-38dd4aa02c54 req-dfbc8414-754e-46e7-b009-30cf068bce09 fe20d2c800aa406dafa789a51a3e897f bf9aef7524834cf98928967a9ddeac3b - - default default] 199.19.213.152 "GET /v2.0/extensions HTTP/1.1" status: 200 len: 16525 time: 0.0116203
2026-07-24 18:40:38.055 10 INFO neutron.db.ovn_revision_numbers_db [None req-46ac724c-7439-4e52-b012-07a8a0c03266 af6cf6b7229b4c9eace48dd4220164e4 8498dd98b53f466e81ae586547e94771 - - - -] Successfully bumped revision number for resource fda99364-f347-4c56-adf7-6760231a17e0 (type: security_groups) to 1
2026-07-24 18:40:38.114 10 INFO neutron.db.segments_db [None req-46ac724c-7439-4e52-b012-07a8a0c03266 af6cf6b7229b4c9eace48dd4220164e4 8498dd98b53f466e81ae586547e94771 - - - -] Added segment bd5b5b49-b06d-4b97-ac54-5cb3633efc94 of type geneve for network a4b10a72-f102-4436-8b0c-62c0e83b0e38
2026-07-24 18:40:38.179 9 INFO neutron.db.ovn_revision_numbers_db [None req-2301275f-f61a-447f-813f-a36be780e844 af6cf6b7229b4c9eace48dd4220164e4 8498dd98b53f466e81ae586547e94771 - - default default] Successfully bumped revision number for resource fc743d02-7252-47fd-87a5-8ea83b8dcc5a (type: security_groups) to 1
2026-07-24 18:40:38.238 9 INFO neutron.wsgi [None req-2301275f-f61a-447f-813f-a36be780e844 af6cf6b7229b4c9eace48dd4220164e4 8498dd98b53f466e81ae586547e94771 - - default default] 10.0.0.195 "GET /v2.0/security-groups?tenant_id=5f3cab73eed04570a20fb6653abdf524&name=default HTTP/1.1" status: 200 len: 2996 time: 0.2635927
2026-07-24 18:40:38.243 10 INFO neutron.db.ovn_revision_numbers_db [None req-46ac724c-7439-4e52-b012-07a8a0c03266 af6cf6b7229b4c9eace48dd4220164e4 8498dd98b53f466e81ae586547e94771 - - - -] Successfully bumped revision number for resource a4b10a72-f102-4436-8b0c-62c0e83b0e38 (type: networks) to 1 /var/lib/openstack/lib/python3.10/site-packages/pycadf/identifier.py:71: UserWarning: Invalid uuid: neutron. To ensure interoperability, identifiers should be a valid uuid. warnings.warn(('Invalid uuid: %s. To ensure interoperability, '
2026-07-24 18:40:38.297 9 WARNING neutron.scheduler.dhcp_agent_scheduler [None req-52907ff5-8e6d-4715-bac4-c50b31919623 2511d1fac6b346dc91e2691ff4455dd1 44fbd5fb89c34c3183890f71dae4c255 - - - -] No more DHCP agents
2026-07-24 18:40:38.299 9 WARNING neutron.api.rpc.agentnotifiers.dhcp_rpc_agent_api [None req-52907ff5-8e6d-4715-bac4-c50b31919623 2511d1fac6b346dc91e2691ff4455dd1 44fbd5fb89c34c3183890f71dae4c255 - - - -] Unable to schedule network 3a9b8002-2af0-4eb9-8800-48975f20212b: no agents available; will retry on subsequent port and subnet creation events. /var/lib/openstack/lib/python3.10/site-packages/pycadf/identifier.py:71: UserWarning: Invalid uuid: neutron. To ensure interoperability, identifiers should be a valid uuid. warnings.warn(('Invalid uuid: %s. To ensure interoperability, '
2026-07-24 18:40:38.428 10 WARNING neutron.scheduler.dhcp_agent_scheduler [None req-46ac724c-7439-4e52-b012-07a8a0c03266 af6cf6b7229b4c9eace48dd4220164e4 8498dd98b53f466e81ae586547e94771 - - - -] No more DHCP agents
2026-07-24 18:40:38.430 10 WARNING neutron.api.rpc.agentnotifiers.dhcp_rpc_agent_api [None req-46ac724c-7439-4e52-b012-07a8a0c03266 af6cf6b7229b4c9eace48dd4220164e4 8498dd98b53f466e81ae586547e94771 - - - -] Unable to schedule network a4b10a72-f102-4436-8b0c-62c0e83b0e38: no agents available; will retry on subsequent port and subnet creation events.
2026-07-24 18:40:38.492 10 INFO neutron.db.ovn_revision_numbers_db [None req-46ac724c-7439-4e52-b012-07a8a0c03266 af6cf6b7229b4c9eace48dd4220164e4 8498dd98b53f466e81ae586547e94771 - - - -] Successfully bumped revision number for resource 5c525af2-73e1-4ec0-9058-fd00e775c682 (type: ports) to 1
2026-07-24 18:40:38.511 10 INFO neutron.wsgi [None req-46ac724c-7439-4e52-b012-07a8a0c03266 af6cf6b7229b4c9eace48dd4220164e4 8498dd98b53f466e81ae586547e94771 - - - -] 10.0.0.195 "POST /v2.0/networks HTTP/1.1" status: 201 len: 946 time: 0.9196870
2026-07-24 18:40:38.689 10 WARNING neutron.plugins.ml2.drivers.ovn.mech_driver.ovsdb.ovn_client [None req-7df97af8-123e-4e21-8433-8871f533c43c - - - - - -] No hosting information found for port 9f13650e-f47f-4a9d-b8f6-4dd93c59d0a5: RuntimeError: No hosting information found for port 9f13650e-f47f-4a9d-b8f6-4dd93c59d0a5
2026-07-24 18:40:38.689 10 INFO neutron.plugins.ml2.drivers.ovn.mech_driver.mech_driver [None req-7df97af8-123e-4e21-8433-8871f533c43c - - - - - -] OVN reports status up for port: 9b90dc67-7381-440a-8073-a1c79cba7a6c
2026-07-24 18:40:38.693 10 WARNING neutron.scheduler.dhcp_agent_scheduler [None req-dc410cce-def0-49ca-9157-a9209e5ad194 af6cf6b7229b4c9eace48dd4220164e4 8498dd98b53f466e81ae586547e94771 - - - -] No more DHCP agents
2026-07-24 18:40:38.698 10 WARNING neutron.api.rpc.agentnotifiers.dhcp_rpc_agent_api [None req-dc410cce-def0-49ca-9157-a9209e5ad194 af6cf6b7229b4c9eace48dd4220164e4 8498dd98b53f466e81ae586547e94771 - - - -] Unable to schedule network a4b10a72-f102-4436-8b0c-62c0e83b0e38: no agents available; will retry on subsequent port and subnet creation events.
2026-07-24 18:40:38.702 10 INFO neutron.plugins.ml2.plugin [None req-7df97af8-123e-4e21-8433-8871f533c43c - - - - - -] Attempt 1 to provision port 9b90dc67-7381-440a-8073-a1c79cba7a6c
2026-07-24 18:40:38.789 9 INFO neutron.db.ovn_revision_numbers_db [None req-52907ff5-8e6d-4715-bac4-c50b31919623 2511d1fac6b346dc91e2691ff4455dd1 44fbd5fb89c34c3183890f71dae4c255 - - - -] Successfully bumped revision number for resource 5e1904d3-770b-45d6-842b-2b6b3d36db8b (type: ports) to 1
2026-07-24 18:40:38.832 9 INFO neutron.wsgi [None req-52907ff5-8e6d-4715-bac4-c50b31919623 2511d1fac6b346dc91e2691ff4455dd1 44fbd5fb89c34c3183890f71dae4c255 - - - -] 10.0.0.195 "POST /v2.0/ports HTTP/1.1" status: 201 len: 1153 time: 0.9351654
2026-07-24 18:40:38.857 9 INFO neutron.wsgi [None req-f09343ba-7321-4d85-b0f4-9be6332dd5c0 af6cf6b7229b4c9eace48dd4220164e4 8498dd98b53f466e81ae586547e94771 - - - -] 10.0.0.195 "DELETE /v2.0/security-groups/fc743d02-7252-47fd-87a5-8ea83b8dcc5a HTTP/1.1" status: 204 len: 168 time: 0.6098661
2026-07-24 18:40:39.176 10 INFO neutron.wsgi [-] 10.0.0.75 "GET / HTTP/1.1" status: 200 len: 246 time: 0.0017529
2026-07-24 18:40:39.178 10 INFO neutron.wsgi [-] 10.0.0.75 "GET / HTTP/1.1" status: 200 len: 246 time: 0.0012264
2026-07-24 18:40:39.181 9 INFO neutron.db.ovn_revision_numbers_db [None req-aee365ab-e9e7-4aaa-b189-c630f700a232 de74f2d4048c4ef78082d00e49736666 e2f20cd3df98453099bf504f9832b7c6 - - - -] Successfully bumped revision number for resource 1240bb52-a9f1-4395-975f-1b158d44e012 (type: ports) to 2
2026-07-24 18:40:39.286 9 WARNING neutron.scheduler.dhcp_agent_scheduler [None req-0d92e80f-dfd7-431e-8e64-93b4d562f388 2511d1fac6b346dc91e2691ff4455dd1 44fbd5fb89c34c3183890f71dae4c255 - - - -] No more DHCP agents
2026-07-24 18:40:39.297 9 WARNING neutron.api.rpc.agentnotifiers.dhcp_rpc_agent_api [None req-0d92e80f-dfd7-431e-8e64-93b4d562f388 2511d1fac6b346dc91e2691ff4455dd1 44fbd5fb89c34c3183890f71dae4c255 - - - -] Unable to schedule network 3a9b8002-2af0-4eb9-8800-48975f20212b: no agents available; will retry on subsequent port and subnet creation events.
2026-07-24 18:40:39.310 10 INFO neutron.wsgi [req-4d9f40f3-8dde-474a-9011-a8c169386b4c req-5eeb5696-b8cb-49b8-998a-0b92485fdf60 fe20d2c800aa406dafa789a51a3e897f bf9aef7524834cf98928967a9ddeac3b - - default default] 10.0.0.3 "GET /v2.0/ports?device_id=b793e446-ce12-4b63-937c-25862543f84a HTTP/1.1" status: 200 len: 1172 time: 0.0463588
2026-07-24 18:40:39.346 10 INFO neutron.db.ovn_revision_numbers_db [None req-7df97af8-123e-4e21-8433-8871f533c43c - - - - - -] Successfully bumped revision number for resource 9b90dc67-7381-440a-8073-a1c79cba7a6c (type: ports) to 3
2026-07-24 18:40:39.407 10 INFO neutron.wsgi [req-4d9f40f3-8dde-474a-9011-a8c169386b4c req-3a4679a8-3b2c-42b6-a45a-42742ffbbdcc fe20d2c800aa406dafa789a51a3e897f bf9aef7524834cf98928967a9ddeac3b - - default default] 10.0.0.3 "GET /v2.0/security-groups?id=272b809d-f6da-4a71-baf4-3f303412ff3f&fields=id&fields=name HTTP/1.1" status: 200 len: 313 time: 0.0870121
2026-07-24 18:40:39.477 9 INFO neutron.db.ovn_revision_numbers_db [None req-aee365ab-e9e7-4aaa-b189-c630f700a232 de74f2d4048c4ef78082d00e49736666 e2f20cd3df98453099bf504f9832b7c6 - - - -] Successfully bumped revision number for resource 1240bb52-a9f1-4395-975f-1b158d44e012 (type: ports) to 2
2026-07-24 18:40:39.505 9 INFO neutron.wsgi [None req-aee365ab-e9e7-4aaa-b189-c630f700a232 de74f2d4048c4ef78082d00e49736666 e2f20cd3df98453099bf504f9832b7c6 - - - -] 199.19.213.152 "PUT /v2.0/ports/1240bb52-a9f1-4395-975f-1b158d44e012 HTTP/1.1" status: 200 len: 1332 time: 1.1940594
2026-07-24 18:40:39.518 9 INFO neutron.db.ovn_revision_numbers_db [None req-0d92e80f-dfd7-431e-8e64-93b4d562f388 2511d1fac6b346dc91e2691ff4455dd1 44fbd5fb89c34c3183890f71dae4c255 - - - -] Successfully bumped revision number for resource 64197199-12cd-44b2-a5ec-e52d29d001ec (type: ports) to 1
2026-07-24 18:40:39.522 10 INFO neutron.db.ovn_revision_numbers_db [None req-7df97af8-123e-4e21-8433-8871f533c43c - - - - - -] Successfully bumped revision number for resource 9b90dc67-7381-440a-8073-a1c79cba7a6c (type: router_ports) to 3 /var/lib/openstack/lib/python3.10/site-packages/pycadf/identifier.py:71: UserWarning: Invalid uuid: neutron. To ensure interoperability, identifiers should be a valid uuid. warnings.warn(('Invalid uuid: %s. To ensure interoperability, '
2026-07-24 18:40:39.561 9 INFO neutron.wsgi [None req-0d92e80f-dfd7-431e-8e64-93b4d562f388 2511d1fac6b346dc91e2691ff4455dd1 44fbd5fb89c34c3183890f71dae4c255 - - - -] 10.0.0.195 "POST /v2.0/ports HTTP/1.1" status: 201 len: 1154 time: 0.7195702
2026-07-24 18:40:39.613 9 INFO neutron.wsgi [req-da84eaef-c345-48fe-a058-38dd4aa02c54 req-487db3b7-fdad-4387-be7d-b5e173b4c3c4 de74f2d4048c4ef78082d00e49736666 e2f20cd3df98453099bf504f9832b7c6 - - 6674caebc00f4e4b9a9fcb8cf9107f20 6674caebc00f4e4b9a9fcb8cf9107f20] 199.19.213.152 "GET /v2.0/ports?tenant_id=bf9aef7524834cf98928967a9ddeac3b&device_id=b793e446-ce12-4b63-937c-25862543f84a HTTP/1.1" status: 200 len: 1363 time: 0.0651450
2026-07-24 18:40:39.676 10 INFO neutron.db.ovn_revision_numbers_db [None req-dc410cce-def0-49ca-9157-a9209e5ad194 af6cf6b7229b4c9eace48dd4220164e4 8498dd98b53f466e81ae586547e94771 - - - -] Successfully bumped revision number for resource 5c525af2-73e1-4ec0-9058-fd00e775c682 (type: ports) to 2
2026-07-24 18:40:39.691 9 INFO neutron.wsgi [req-da84eaef-c345-48fe-a058-38dd4aa02c54 req-3f604255-ece4-4a14-849b-bc2cd372c2da de74f2d4048c4ef78082d00e49736666 e2f20cd3df98453099bf504f9832b7c6 - - 6674caebc00f4e4b9a9fcb8cf9107f20 6674caebc00f4e4b9a9fcb8cf9107f20] 199.19.213.152 "GET /v2.0/floatingips?fixed_ip_address=10.100.0.12&port_id=1240bb52-a9f1-4395-975f-1b158d44e012 HTTP/1.1" status: 200 len: 217 time: 0.0707576
2026-07-24 18:40:39.692 10 INFO neutron.db.ovn_revision_numbers_db [None req-dc410cce-def0-49ca-9157-a9209e5ad194 af6cf6b7229b4c9eace48dd4220164e4 8498dd98b53f466e81ae586547e94771 - - - -] Successfully bumped revision number for resource 697e5918-44a6-402a-ba91-260f328dc5e6 (type: subnets) to 0
2026-07-24 18:40:39.709 10 INFO neutron.wsgi [None req-dc410cce-def0-49ca-9157-a9209e5ad194 af6cf6b7229b4c9eace48dd4220164e4 8498dd98b53f466e81ae586547e94771 - - - -] 10.0.0.195 "POST /v2.0/subnets HTTP/1.1" status: 201 len: 867 time: 1.1922529
2026-07-24 18:40:39.771 9 INFO neutron.wsgi [req-da84eaef-c345-48fe-a058-38dd4aa02c54 req-844e96cf-8ca5-4745-943a-b7acd08cf6c7 de74f2d4048c4ef78082d00e49736666 e2f20cd3df98453099bf504f9832b7c6 - - 6674caebc00f4e4b9a9fcb8cf9107f20 6674caebc00f4e4b9a9fcb8cf9107f20] 199.19.213.152 "GET /v2.0/subnets?id=bdc75a21-afbe-4bd9-b63a-0174a46dbf58 HTTP/1.1" status: 200 len: 877 time: 0.0579817
2026-07-24 18:40:39.822 9 INFO neutron.wsgi [req-da84eaef-c345-48fe-a058-38dd4aa02c54 req-efec6720-9eaf-4e89-8c58-7e2956d9bf11 de74f2d4048c4ef78082d00e49736666 e2f20cd3df98453099bf504f9832b7c6 - - 6674caebc00f4e4b9a9fcb8cf9107f20 6674caebc00f4e4b9a9fcb8cf9107f20] 199.19.213.152 "GET /v2.0/ports?network_id=58109e48-576d-4a0a-8641-50c5701d4985&device_owner=network%3Adhcp HTTP/1.1" status: 200 len: 210 time: 0.0341706
2026-07-24 18:40:39.890 9 INFO neutron.wsgi [req-da84eaef-c345-48fe-a058-38dd4aa02c54 req-2ac69dff-dfb1-48f8-8f92-790ea060343b de74f2d4048c4ef78082d00e49736666 e2f20cd3df98453099bf504f9832b7c6 - - 6674caebc00f4e4b9a9fcb8cf9107f20 6674caebc00f4e4b9a9fcb8cf9107f20] 199.19.213.152 "GET /v2.0/networks/58109e48-576d-4a0a-8641-50c5701d4985?fields=segments HTTP/1.1" status: 200 len: 212 time: 0.0613937
2026-07-24 18:40:39.985 9 INFO neutron.wsgi [req-da84eaef-c345-48fe-a058-38dd4aa02c54 req-57eb471a-d977-486e-b2a4-d2a6cfea5797 de74f2d4048c4ef78082d00e49736666 e2f20cd3df98453099bf504f9832b7c6 - - 6674caebc00f4e4b9a9fcb8cf9107f20 6674caebc00f4e4b9a9fcb8cf9107f20] 199.19.213.152 "GET /v2.0/networks/58109e48-576d-4a0a-8641-50c5701d4985?fields=provider%3Aphysical_network&fields=provider%3Anetwork_type HTTP/1.1" status: 200 len: 277 time: 0.0901704
2026-07-24 18:40:40.017 9 WARNING neutron.scheduler.dhcp_agent_scheduler [None req-ae40363f-4ff8-43d9-a180-377e582c73a8 2511d1fac6b346dc91e2691ff4455dd1 44fbd5fb89c34c3183890f71dae4c255 - - - -] No more DHCP agents
2026-07-24 18:40:40.019 9 WARNING neutron.api.rpc.agentnotifiers.dhcp_rpc_agent_api [None req-ae40363f-4ff8-43d9-a180-377e582c73a8 2511d1fac6b346dc91e2691ff4455dd1 44fbd5fb89c34c3183890f71dae4c255 - - - -] Unable to schedule network 9edd62f8-6081-4780-bbb7-f7b6619461a6: no agents available; will retry on subsequent port and subnet creation events.
2026-07-24 18:40:40.327 10 WARNING neutron.scheduler.dhcp_agent_scheduler [None req-8c890d6a-7ebb-4b1c-a9ab-b4379e14ec74 af6cf6b7229b4c9eace48dd4220164e4 8498dd98b53f466e81ae586547e94771 - - - -] No more DHCP agents
2026-07-24 18:40:40.334 10 WARNING neutron.api.rpc.agentnotifiers.dhcp_rpc_agent_api [None req-8c890d6a-7ebb-4b1c-a9ab-b4379e14ec74 af6cf6b7229b4c9eace48dd4220164e4 8498dd98b53f466e81ae586547e94771 - - - -] Unable to schedule network 9edd62f8-6081-4780-bbb7-f7b6619461a6: no agents available; will retry on subsequent port and subnet creation events.
2026-07-24 18:40:40.389 9 INFO neutron.notifiers.nova [-] Nova event matching ['req-f4064650-c9e1-4baa-9adc-bc82567386ec'] response: {'name': 'network-changed', 'server_uuid': 'b793e446-ce12-4b63-937c-25862543f84a', 'tag': '1240bb52-a9f1-4395-975f-1b158d44e012', 'status': 'completed', 'code': 200}
2026-07-24 18:40:40.466 9 INFO neutron.wsgi [req-5734f0cd-f032-48eb-b7c2-825a7775a677 req-16bc7a3c-79b2-4b33-83d1-3fa25537fbb4 de74f2d4048c4ef78082d00e49736666 e2f20cd3df98453099bf504f9832b7c6 - - 6674caebc00f4e4b9a9fcb8cf9107f20 6674caebc00f4e4b9a9fcb8cf9107f20] 199.19.213.152 "GET /v2.0/ports?tenant_id=bf9aef7524834cf98928967a9ddeac3b&device_id=b793e446-ce12-4b63-937c-25862543f84a HTTP/1.1" status: 200 len: 1363 time: 0.0763905
2026-07-24 18:40:40.509 10 INFO neutron.db.ovn_revision_numbers_db [None req-8c890d6a-7ebb-4b1c-a9ab-b4379e14ec74 af6cf6b7229b4c9eace48dd4220164e4 8498dd98b53f466e81ae586547e94771 - - - -] Successfully bumped revision number for resource 0e4603ca-f60c-484d-83ad-77cc5048255f (type: ports) to 1
2026-07-24 18:40:40.574 9 INFO neutron.wsgi [req-5734f0cd-f032-48eb-b7c2-825a7775a677 req-78ff6e69-ccd1-4bd2-bce8-14585b1b5e99 de74f2d4048c4ef78082d00e49736666 e2f20cd3df98453099bf504f9832b7c6 - - 6674caebc00f4e4b9a9fcb8cf9107f20 6674caebc00f4e4b9a9fcb8cf9107f20] 199.19.213.152 "GET /v2.0/networks?id=58109e48-576d-4a0a-8641-50c5701d4985 HTTP/1.1" status: 200 len: 982 time: 0.0908878
2026-07-24 18:40:40.639 10 INFO neutron.wsgi [req-c77e9fe3-c0e6-4d95-825b-928b48fed85f req-ec4c4778-d168-4ffb-bffc-b5a37cb3c72e fe20d2c800aa406dafa789a51a3e897f bf9aef7524834cf98928967a9ddeac3b - - default default] 10.0.0.3 "GET /v2.0/ports?device_id=b793e446-ce12-4b63-937c-25862543f84a HTTP/1.1" status: 200 len: 1172 time: 0.1427803
2026-07-24 18:40:40.704 10 INFO neutron.wsgi [req-c77e9fe3-c0e6-4d95-825b-928b48fed85f req-37e648a7-5ca9-42b3-b1c1-632a0e588b44 fe20d2c800aa406dafa789a51a3e897f bf9aef7524834cf98928967a9ddeac3b - - default default] 10.0.0.3 "GET /v2.0/security-groups?id=272b809d-f6da-4a71-baf4-3f303412ff3f&fields=id&fields=name HTTP/1.1" status: 200 len: 313 time: 0.0440564
2026-07-24 18:40:40.717 9 INFO neutron.wsgi [req-5734f0cd-f032-48eb-b7c2-825a7775a677 req-de71d1af-a855-4baa-9b65-1a632b45d27b de74f2d4048c4ef78082d00e49736666 e2f20cd3df98453099bf504f9832b7c6 - - 6674caebc00f4e4b9a9fcb8cf9107f20 6674caebc00f4e4b9a9fcb8cf9107f20] 199.19.213.152 "GET /v2.0/floatingips?fixed_ip_address=10.100.0.12&port_id=1240bb52-a9f1-4395-975f-1b158d44e012 HTTP/1.1" status: 200 len: 217 time: 0.0453489
2026-07-24 18:40:40.845 9 INFO neutron.wsgi [req-5734f0cd-f032-48eb-b7c2-825a7775a677 req-2b44893b-8821-4f34-8cf6-e0311fc6099e de74f2d4048c4ef78082d00e49736666 e2f20cd3df98453099bf504f9832b7c6 - - 6674caebc00f4e4b9a9fcb8cf9107f20 6674caebc00f4e4b9a9fcb8cf9107f20] 199.19.213.152 "GET /v2.0/subnets?id=bdc75a21-afbe-4bd9-b63a-0174a46dbf58 HTTP/1.1" status: 200 len: 877 time: 0.0623891
2026-07-24 18:40:40.862 9 INFO neutron.db.l3_db [None req-ae40363f-4ff8-43d9-a180-377e582c73a8 2511d1fac6b346dc91e2691ff4455dd1 44fbd5fb89c34c3183890f71dae4c255 - - - -] Floating IP 040dde20-1e93-4294-94f8-2e96e6fb5a2d associated. External IP: 10.96.250.214, port: 64197199-12cd-44b2-a5ec-e52d29d001ec.
2026-07-24 18:40:40.908 9 INFO neutron.wsgi [req-5734f0cd-f032-48eb-b7c2-825a7775a677 req-000bfc92-7d96-433c-a4da-742c2bcc0298 de74f2d4048c4ef78082d00e49736666 e2f20cd3df98453099bf504f9832b7c6 - - 6674caebc00f4e4b9a9fcb8cf9107f20 6674caebc00f4e4b9a9fcb8cf9107f20] 199.19.213.152 "GET /v2.0/ports?network_id=58109e48-576d-4a0a-8641-50c5701d4985&device_owner=network%3Adhcp HTTP/1.1" status: 200 len: 210 time: 0.0552478
2026-07-24 18:40:41.044 9 INFO neutron.wsgi [req-5734f0cd-f032-48eb-b7c2-825a7775a677 req-c7cff7b9-4f5c-4b36-9baa-615b544c2fa3 de74f2d4048c4ef78082d00e49736666 e2f20cd3df98453099bf504f9832b7c6 - - 6674caebc00f4e4b9a9fcb8cf9107f20 6674caebc00f4e4b9a9fcb8cf9107f20] 199.19.213.152 "GET /v2.0/networks/58109e48-576d-4a0a-8641-50c5701d4985?fields=segments HTTP/1.1" status: 200 len: 212 time: 0.1317897
2026-07-24 18:40:41.189 9 INFO neutron.wsgi [req-5734f0cd-f032-48eb-b7c2-825a7775a677 req-58d854ea-6182-4c42-9345-6c7c1e93e3ad de74f2d4048c4ef78082d00e49736666 e2f20cd3df98453099bf504f9832b7c6 - - 6674caebc00f4e4b9a9fcb8cf9107f20 6674caebc00f4e4b9a9fcb8cf9107f20] 199.19.213.152 "GET /v2.0/networks/58109e48-576d-4a0a-8641-50c5701d4985?fields=provider%3Aphysical_network&fields=provider%3Anetwork_type HTTP/1.1" status: 200 len: 277 time: 0.1254945
