2026-07-24 18:40:41.218 9 INFO neutron.db.ovn_revision_numbers_db [None req-ae40363f-4ff8-43d9-a180-377e582c73a8 2511d1fac6b346dc91e2691ff4455dd1 44fbd5fb89c34c3183890f71dae4c255 - - - -] Successfully bumped revision number for resource 040dde20-1e93-4294-94f8-2e96e6fb5a2d (type: floatingips) to 0
2026-07-24 18:40:41.268 9 INFO neutron.db.ovn_revision_numbers_db [None req-d35a270d-f428-4eb0-815c-c6838804f842 f266be4d90e84fc9aa9cc3a1343770c9 243d1e7731c34ac798a49ec5648882c2 - - - -] Successfully bumped revision number for resource 237b859c-69f1-4717-b63c-d60009d55f43 (type: security_groups) to 1
2026-07-24 18:40:41.335 9 INFO neutron.db.ovn_revision_numbers_db [None req-ae40363f-4ff8-43d9-a180-377e582c73a8 2511d1fac6b346dc91e2691ff4455dd1 44fbd5fb89c34c3183890f71dae4c255 - - - -] Successfully bumped revision number for resource 040dde20-1e93-4294-94f8-2e96e6fb5a2d (type: floatingips) to 1
2026-07-24 18:40:41.353 9 INFO neutron.db.segments_db [None req-d35a270d-f428-4eb0-815c-c6838804f842 f266be4d90e84fc9aa9cc3a1343770c9 243d1e7731c34ac798a49ec5648882c2 - - - -] Added segment ff2fd06b-85ef-4095-be5e-862008071e58 of type geneve for network da4bea7a-608d-4f6f-81f9-f4cd18f928a2
2026-07-24 18:40:41.383 9 INFO neutron.wsgi [None req-ae40363f-4ff8-43d9-a180-377e582c73a8 2511d1fac6b346dc91e2691ff4455dd1 44fbd5fb89c34c3183890f71dae4c255 - - - -] 10.0.0.195 "POST /v2.0/floatingips HTTP/1.1" status: 201 len: 1041 time: 1.8089495
2026-07-24 18:40:41.615 10 INFO neutron.db.ovn_revision_numbers_db [None req-8c890d6a-7ebb-4b1c-a9ab-b4379e14ec74 af6cf6b7229b4c9eace48dd4220164e4 8498dd98b53f466e81ae586547e94771 - - - -] Successfully bumped revision number for resource 0e4603ca-f60c-484d-83ad-77cc5048255f (type: router_ports) to 1
2026-07-24 18:40:41.645 10 INFO neutron.plugins.ml2.drivers.ovn.mech_driver.ovsdb.ovsdb_monitor [None req-0224debb-b298-400b-8cb4-99dbdd7e202a - - - - - -] Router 1781bc85-ac84-4d1f-9ef1-9c53a2b65638 is bound to host instance
2026-07-24 18:40:41.721 10 INFO neutron.db.ovn_revision_numbers_db [None req-8c890d6a-7ebb-4b1c-a9ab-b4379e14ec74 af6cf6b7229b4c9eace48dd4220164e4 8498dd98b53f466e81ae586547e94771 - - - -] Successfully bumped revision number for resource 1781bc85-ac84-4d1f-9ef1-9c53a2b65638 (type: routers) to 3
2026-07-24 18:40:41.750 10 INFO neutron.wsgi [None req-8c890d6a-7ebb-4b1c-a9ab-b4379e14ec74 af6cf6b7229b4c9eace48dd4220164e4 8498dd98b53f466e81ae586547e94771 - - - -] 10.0.0.195 "POST /v2.0/routers HTTP/1.1" status: 201 len: 878 time: 2.0332394
2026-07-24 18:40:41.830 10 INFO neutron.wsgi [req-689945f0-4630-412d-a648-6019c977124a req-2d3b1096-2ca8-441a-bf51-b3887c77d2b6 fe20d2c800aa406dafa789a51a3e897f bf9aef7524834cf98928967a9ddeac3b - - default default] 10.0.0.3 "GET /v2.0/ports?device_id=b793e446-ce12-4b63-937c-25862543f84a HTTP/1.1" status: 200 len: 1172 time: 0.0450375
2026-07-24 18:40:41.857 9 INFO neutron.db.segments_db [None req-d35a270d-f428-4eb0-815c-c6838804f842 f266be4d90e84fc9aa9cc3a1343770c9 243d1e7731c34ac798a49ec5648882c2 - - - -] Added segment e1f2ab4e-18b5-4321-af76-d9745d82c6d4 of type geneve for network 0ed6989b-a115-4448-810a-d8dcd3b03d2b
2026-07-24 18:40:41.886 10 INFO neutron.wsgi [req-689945f0-4630-412d-a648-6019c977124a req-ddd64d66-07f9-4158-9fef-7150a4914e55 fe20d2c800aa406dafa789a51a3e897f bf9aef7524834cf98928967a9ddeac3b - - default default] 10.0.0.3 "GET /v2.0/security-groups?id=272b809d-f6da-4a71-baf4-3f303412ff3f&fields=id&fields=name HTTP/1.1" status: 200 len: 313 time: 0.0461459
2026-07-24 18:40:41.907 9 INFO neutron.db.l3_db [None req-342195de-267f-4cc4-bbae-6ec9cccce521 2511d1fac6b346dc91e2691ff4455dd1 44fbd5fb89c34c3183890f71dae4c255 - - - -] Floating IP 040dde20-1e93-4294-94f8-2e96e6fb5a2d disassociated. External IP: 10.96.250.214, port: 64197199-12cd-44b2-a5ec-e52d29d001ec.
2026-07-24 18:40:41.981 9 INFO neutron.db.ovn_revision_numbers_db [None req-342195de-267f-4cc4-bbae-6ec9cccce521 2511d1fac6b346dc91e2691ff4455dd1 44fbd5fb89c34c3183890f71dae4c255 - - - -] Successfully bumped revision number for resource 040dde20-1e93-4294-94f8-2e96e6fb5a2d (type: floatingips) to 2
2026-07-24 18:40:42.099 9 INFO neutron.db.ovn_revision_numbers_db [None req-d35a270d-f428-4eb0-815c-c6838804f842 f266be4d90e84fc9aa9cc3a1343770c9 243d1e7731c34ac798a49ec5648882c2 - - - -] Successfully bumped revision number for resource da4bea7a-608d-4f6f-81f9-f4cd18f928a2 (type: networks) to 1
2026-07-24 18:40:42.127 9 INFO neutron.wsgi [None req-342195de-267f-4cc4-bbae-6ec9cccce521 2511d1fac6b346dc91e2691ff4455dd1 44fbd5fb89c34c3183890f71dae4c255 - - - -] 10.0.0.195 "PUT /v2.0/floatingips/040dde20-1e93-4294-94f8-2e96e6fb5a2d HTTP/1.1" status: 200 len: 748 time: 0.7390811
2026-07-24 18:40:42.299 10 INFO neutron.db.ovn_revision_numbers_db [None req-0224debb-b298-400b-8cb4-99dbdd7e202a - - - - - -] Successfully bumped revision number for resource 0e4603ca-f60c-484d-83ad-77cc5048255f (type: ports) to 1
2026-07-24 18:40:42.390 9 WARNING neutron.scheduler.dhcp_agent_scheduler [None req-d35a270d-f428-4eb0-815c-c6838804f842 f266be4d90e84fc9aa9cc3a1343770c9 243d1e7731c34ac798a49ec5648882c2 - - - -] No more DHCP agents
2026-07-24 18:40:42.397 9 WARNING neutron.api.rpc.agentnotifiers.dhcp_rpc_agent_api [None req-d35a270d-f428-4eb0-815c-c6838804f842 f266be4d90e84fc9aa9cc3a1343770c9 243d1e7731c34ac798a49ec5648882c2 - - - -] Unable to schedule network da4bea7a-608d-4f6f-81f9-f4cd18f928a2: no agents available; will retry on subsequent port and subnet creation events.
2026-07-24 18:40:42.479 9 INFO neutron.db.ovn_revision_numbers_db [None req-d35a270d-f428-4eb0-815c-c6838804f842 f266be4d90e84fc9aa9cc3a1343770c9 243d1e7731c34ac798a49ec5648882c2 - - - -] Successfully bumped revision number for resource c9961453-f3da-4dc2-8611-221edddb3231 (type: ports) to 1
2026-07-24 18:40:42.574 9 INFO neutron.db.ovn_revision_numbers_db [None req-d35a270d-f428-4eb0-815c-c6838804f842 f266be4d90e84fc9aa9cc3a1343770c9 243d1e7731c34ac798a49ec5648882c2 - - - -] Successfully bumped revision number for resource 0ed6989b-a115-4448-810a-d8dcd3b03d2b (type: networks) to 1
2026-07-24 18:40:42.620 9 WARNING neutron.scheduler.dhcp_agent_scheduler [None req-9bb71cf9-5ef1-4ef4-aa61-f1aff2f41421 af6cf6b7229b4c9eace48dd4220164e4 8498dd98b53f466e81ae586547e94771 - - default default] No more DHCP agents
2026-07-24 18:40:42.626 9 WARNING neutron.api.rpc.agentnotifiers.dhcp_rpc_agent_api [None req-9bb71cf9-5ef1-4ef4-aa61-f1aff2f41421 af6cf6b7229b4c9eace48dd4220164e4 8498dd98b53f466e81ae586547e94771 - - default default] Unable to schedule network a4b10a72-f102-4436-8b0c-62c0e83b0e38: no agents available; will retry on subsequent port and subnet creation events.
2026-07-24 18:40:42.640 10 INFO neutron.db.ovn_revision_numbers_db [None req-0224debb-b298-400b-8cb4-99dbdd7e202a - - - - - -] Successfully bumped revision number for resource 0e4603ca-f60c-484d-83ad-77cc5048255f (type: router_ports) to 3
2026-07-24 18:40:42.644 10 INFO neutron.wsgi [None req-035e1220-fca4-4c2d-b331-6784e7da53f3 2511d1fac6b346dc91e2691ff4455dd1 44fbd5fb89c34c3183890f71dae4c255 - - - -] 10.0.0.195 "DELETE /v2.0/floatingips/040dde20-1e93-4294-94f8-2e96e6fb5a2d HTTP/1.1" status: 204 len: 168 time: 0.5117719
2026-07-24 18:40:42.793 10 INFO neutron.db.ovn_revision_numbers_db [None req-0224debb-b298-400b-8cb4-99dbdd7e202a - - - - - -] Successfully bumped revision number for resource 0e4603ca-f60c-484d-83ad-77cc5048255f (type: ports) to 2
2026-07-24 18:40:43.019 10 INFO neutron.wsgi [req-849d9985-9708-400e-9905-1e598998cc75 req-77959bbe-8fb3-456e-a899-f5d5d5f0554f fe20d2c800aa406dafa789a51a3e897f bf9aef7524834cf98928967a9ddeac3b - - default default] 10.0.0.3 "GET /v2.0/ports?device_id=b793e446-ce12-4b63-937c-25862543f84a HTTP/1.1" status: 200 len: 1172 time: 0.0488958
2026-07-24 18:40:43.052 10 INFO neutron.db.ovn_revision_numbers_db [None req-0224debb-b298-400b-8cb4-99dbdd7e202a - - - - - -] Successfully bumped revision number for resource 0e4603ca-f60c-484d-83ad-77cc5048255f (type: ports) to 4
2026-07-24 18:40:43.060 10 INFO neutron.wsgi [req-849d9985-9708-400e-9905-1e598998cc75 req-e0910fa3-8a16-4887-a084-ff88618ed471 fe20d2c800aa406dafa789a51a3e897f bf9aef7524834cf98928967a9ddeac3b - - default default] 10.0.0.3 "GET /v2.0/security-groups?id=272b809d-f6da-4a71-baf4-3f303412ff3f&fields=id&fields=name HTTP/1.1" status: 200 len: 313 time: 0.0326791
2026-07-24 18:40:43.188 9 WARNING neutron.scheduler.dhcp_agent_scheduler [None req-d35a270d-f428-4eb0-815c-c6838804f842 f266be4d90e84fc9aa9cc3a1343770c9 243d1e7731c34ac798a49ec5648882c2 - - - -] No more DHCP agents
2026-07-24 18:40:43.193 9 WARNING neutron.api.rpc.agentnotifiers.dhcp_rpc_agent_api [None req-d35a270d-f428-4eb0-815c-c6838804f842 f266be4d90e84fc9aa9cc3a1343770c9 243d1e7731c34ac798a49ec5648882c2 - - - -] Unable to schedule network 0ed6989b-a115-4448-810a-d8dcd3b03d2b: no agents available; will retry on subsequent port and subnet creation events.
2026-07-24 18:40:43.210 9 INFO neutron.db.ovn_revision_numbers_db [None req-9bb71cf9-5ef1-4ef4-aa61-f1aff2f41421 af6cf6b7229b4c9eace48dd4220164e4 8498dd98b53f466e81ae586547e94771 - - default default] Successfully bumped revision number for resource 8f4122de-53cf-4acf-9cf0-42f792889433 (type: ports) to 1
2026-07-24 18:40:43.268 10 INFO neutron.db.ovn_revision_numbers_db [None req-0224debb-b298-400b-8cb4-99dbdd7e202a - - - - - -] Successfully bumped revision number for resource 0e4603ca-f60c-484d-83ad-77cc5048255f (type: router_ports) to 4
2026-07-24 18:40:43.341 9 INFO neutron.db.ovn_revision_numbers_db [None req-d35a270d-f428-4eb0-815c-c6838804f842 f266be4d90e84fc9aa9cc3a1343770c9 243d1e7731c34ac798a49ec5648882c2 - - - -] Successfully bumped revision number for resource b9191056-7f11-49db-ac05-27e9f1e6c2ca (type: ports) to 1
2026-07-24 18:40:43.380 9 INFO neutron.wsgi [None req-d35a270d-f428-4eb0-815c-c6838804f842 f266be4d90e84fc9aa9cc3a1343770c9 243d1e7731c34ac798a49ec5648882c2 - - - -] 10.0.0.195 "POST /v2.0/networks HTTP/1.1" status: 201 len: 1446 time: 2.6237137
2026-07-24 18:40:43.430 9 WARNING neutron.scheduler.dhcp_agent_scheduler [None req-34fac9ba-439c-41be-8fa7-6ba9f4a88407 2511d1fac6b346dc91e2691ff4455dd1 44fbd5fb89c34c3183890f71dae4c255 - - - -] No more DHCP agents
2026-07-24 18:40:43.442 9 WARNING neutron.api.rpc.agentnotifiers.dhcp_rpc_agent_api [None req-34fac9ba-439c-41be-8fa7-6ba9f4a88407 2511d1fac6b346dc91e2691ff4455dd1 44fbd5fb89c34c3183890f71dae4c255 - - - -] Unable to schedule network 9edd62f8-6081-4780-bbb7-f7b6619461a6: no agents available; will retry on subsequent port and subnet creation events.
2026-07-24 18:40:43.843 10 INFO neutron.wsgi [None req-4b3cd5ef-e9ef-4bdc-8d11-3fa82335a0ea f266be4d90e84fc9aa9cc3a1343770c9 243d1e7731c34ac798a49ec5648882c2 - - default default] 10.0.0.195 "GET /v2.0/networks HTTP/1.1" status: 200 len: 2052 time: 0.4559748
2026-07-24 18:40:43.916 9 INFO neutron.plugins.ml2.drivers.ovn.mech_driver.mech_driver [-] OVN reports status up for port: 8f4122de-53cf-4acf-9cf0-42f792889433
2026-07-24 18:40:43.932 9 INFO neutron.db.ovn_revision_numbers_db [None req-9bb71cf9-5ef1-4ef4-aa61-f1aff2f41421 af6cf6b7229b4c9eace48dd4220164e4 8498dd98b53f466e81ae586547e94771 - - default default] Successfully bumped revision number for resource 8f4122de-53cf-4acf-9cf0-42f792889433 (type: router_ports) to 2
2026-07-24 18:40:43.937 9 INFO neutron.plugins.ml2.plugin [None req-446a6c98-7e52-4e02-ad18-1bd5f30e1b9e - - - - - -] Attempt 1 to provision port 8f4122de-53cf-4acf-9cf0-42f792889433
2026-07-24 18:40:44.200 10 INFO neutron.wsgi [req-15af822e-9639-427e-beea-6eaf201e62c1 req-1fed55e4-579f-4483-9a6b-4a93cdc7d5e0 fe20d2c800aa406dafa789a51a3e897f bf9aef7524834cf98928967a9ddeac3b - - default default] 10.0.0.3 "GET /v2.0/ports?device_id=b793e446-ce12-4b63-937c-25862543f84a HTTP/1.1" status: 200 len: 1172 time: 0.0539978
2026-07-24 18:40:44.284 10 INFO neutron.wsgi [req-15af822e-9639-427e-beea-6eaf201e62c1 req-f62b9d89-bdf3-46c1-80d2-93f4fa5fc428 fe20d2c800aa406dafa789a51a3e897f bf9aef7524834cf98928967a9ddeac3b - - default default] 10.0.0.3 "GET /v2.0/security-groups?id=272b809d-f6da-4a71-baf4-3f303412ff3f&fields=id&fields=name HTTP/1.1" status: 200 len: 313 time: 0.0748012
2026-07-24 18:40:44.386 10 INFO neutron.wsgi [None req-52411771-86d8-4dc3-a452-10b83edf0e2c f266be4d90e84fc9aa9cc3a1343770c9 243d1e7731c34ac798a49ec5648882c2 - - - -] 10.0.0.195 "DELETE /v2.0/networks/da4bea7a-608d-4f6f-81f9-f4cd18f928a2 HTTP/1.1" status: 204 len: 168 time: 0.5356278
2026-07-24 18:40:44.394 9 INFO neutron.db.l3_db [None req-34fac9ba-439c-41be-8fa7-6ba9f4a88407 2511d1fac6b346dc91e2691ff4455dd1 44fbd5fb89c34c3183890f71dae4c255 - - - -] Floating IP 16c799af-593b-40de-8ff4-e53343e0fbfd associated. External IP: 10.96.250.215, port: 5e1904d3-770b-45d6-842b-2b6b3d36db8b.
2026-07-24 18:40:44.458 9 INFO neutron.db.ovn_revision_numbers_db [None req-9bb71cf9-5ef1-4ef4-aa61-f1aff2f41421 af6cf6b7229b4c9eace48dd4220164e4 8498dd98b53f466e81ae586547e94771 - - default default] Successfully bumped revision number for resource 8f4122de-53cf-4acf-9cf0-42f792889433 (type: ports) to 2
2026-07-24 18:40:44.589 9 WARNING neutron.scheduler.dhcp_agent_scheduler [None req-9bb71cf9-5ef1-4ef4-aa61-f1aff2f41421 af6cf6b7229b4c9eace48dd4220164e4 8498dd98b53f466e81ae586547e94771 - - default default] No more DHCP agents
2026-07-24 18:40:44.591 9 WARNING neutron.api.rpc.agentnotifiers.dhcp_rpc_agent_api [None req-9bb71cf9-5ef1-4ef4-aa61-f1aff2f41421 af6cf6b7229b4c9eace48dd4220164e4 8498dd98b53f466e81ae586547e94771 - - default default] Unable to schedule network a4b10a72-f102-4436-8b0c-62c0e83b0e38: no agents available; will retry on subsequent port and subnet creation events.
2026-07-24 18:40:44.679 9 INFO neutron.db.ovn_revision_numbers_db [None req-34fac9ba-439c-41be-8fa7-6ba9f4a88407 2511d1fac6b346dc91e2691ff4455dd1 44fbd5fb89c34c3183890f71dae4c255 - - - -] Successfully bumped revision number for resource 16c799af-593b-40de-8ff4-e53343e0fbfd (type: floatingips) to 0
2026-07-24 18:40:44.758 9 INFO neutron.db.ovn_revision_numbers_db [None req-446a6c98-7e52-4e02-ad18-1bd5f30e1b9e - - - - - -] Successfully bumped revision number for resource 8f4122de-53cf-4acf-9cf0-42f792889433 (type: ports) to 3
2026-07-24 18:40:44.809 10 INFO neutron.services.segments.plugin [-] Segment ff2fd06b-85ef-4095-be5e-862008071e58 resource provider aggregate not found
2026-07-24 18:40:44.814 10 INFO neutron.services.segments.plugin [-] Segment ff2fd06b-85ef-4095-be5e-862008071e58 resource provider aggregate not found
2026-07-24 18:40:44.836 10 INFO neutron.services.segments.plugin [-] Segment ff2fd06b-85ef-4095-be5e-862008071e58 resource provider not found; error: Placement Client Error (4xx): {"errors": [{"status": 404, "title": "Not Found", "detail": "The resource could not be found.\n\n No resource provider with uuid ff2fd06b-85ef-4095-be5e-862008071e58 found for delete ", "request_id": "req-cd87e21f-19cd-4c56-bc87-cceb41ec97ec"}]}
2026-07-24 18:40:44.838 10 INFO neutron.services.segments.plugin [-] Segment ff2fd06b-85ef-4095-be5e-862008071e58 resource provider not found; error: Placement Client Error (4xx): {"errors": [{"status": 404, "title": "Not Found", "detail": "The resource could not be found.\n\n No resource provider with uuid ff2fd06b-85ef-4095-be5e-862008071e58 found for delete ", "request_id": "req-aaac3b96-7416-433b-80f9-b2fbb57c8f36"}]}
2026-07-24 18:40:44.856 10 INFO neutron.wsgi [None req-28e866ad-984f-4eb5-8908-e210d92c26f5 f266be4d90e84fc9aa9cc3a1343770c9 243d1e7731c34ac798a49ec5648882c2 - - - -] 10.0.0.195 "DELETE /v2.0/networks/0ed6989b-a115-4448-810a-d8dcd3b03d2b HTTP/1.1" status: 204 len: 168 time: 0.4647050
2026-07-24 18:40:44.868 9 INFO neutron.db.ovn_revision_numbers_db [None req-34fac9ba-439c-41be-8fa7-6ba9f4a88407 2511d1fac6b346dc91e2691ff4455dd1 44fbd5fb89c34c3183890f71dae4c255 - - - -] Successfully bumped revision number for resource 16c799af-593b-40de-8ff4-e53343e0fbfd (type: floatingips) to 1
2026-07-24 18:40:44.928 10 WARNING neutron.plugins.ml2.drivers.ovn.mech_driver.ovsdb.ovn_client [None req-7df97af8-123e-4e21-8433-8871f533c43c - - - - - -] No hosting information found for port 9b90dc67-7381-440a-8073-a1c79cba7a6c: RuntimeError: No hosting information found for port 9b90dc67-7381-440a-8073-a1c79cba7a6c
2026-07-24 18:40:44.928 10 INFO neutron.plugins.ml2.drivers.ovn.mech_driver.mech_driver [None req-7df97af8-123e-4e21-8433-8871f533c43c - - - - - -] OVN reports status up for port: 7c094f0d-c369-454f-850a-daf1df3e1ba7
2026-07-24 18:40:44.936 9 INFO neutron.wsgi [None req-34fac9ba-439c-41be-8fa7-6ba9f4a88407 2511d1fac6b346dc91e2691ff4455dd1 44fbd5fb89c34c3183890f71dae4c255 - - - -] 10.0.0.195 "POST /v2.0/floatingips HTTP/1.1" status: 201 len: 1040 time: 2.2799082
2026-07-24 18:40:44.940 9 INFO neutron.db.ovn_revision_numbers_db [None req-446a6c98-7e52-4e02-ad18-1bd5f30e1b9e - - - - - -] Successfully bumped revision number for resource 8f4122de-53cf-4acf-9cf0-42f792889433 (type: router_ports) to 3
2026-07-24 18:40:44.942 10 INFO neutron.wsgi [None req-1163a530-ba55-43c2-985f-e254598af579 f266be4d90e84fc9aa9cc3a1343770c9 243d1e7731c34ac798a49ec5648882c2 - - default default] 10.0.0.195 "GET /v2.0/networks HTTP/1.1" status: 200 len: 845 time: 0.0789008
2026-07-24 18:40:44.944 10 INFO neutron.plugins.ml2.plugin [None req-7df97af8-123e-4e21-8433-8871f533c43c - - - - - -] Attempt 1 to provision port 7c094f0d-c369-454f-850a-daf1df3e1ba7
2026-07-24 18:40:45.017 10 INFO neutron.wsgi [None req-168d604a-2041-4cbb-9f55-09697bbeb78c 2511d1fac6b346dc91e2691ff4455dd1 44fbd5fb89c34c3183890f71dae4c255 - - default default] 10.0.0.195 "GET /v2.0/floatingips/16c799af-593b-40de-8ff4-e53343e0fbfd HTTP/1.1" status: 200 len: 1037 time: 0.0739307
2026-07-24 18:40:45.085 10 INFO neutron.db.segments_db [None req-d6ae7469-3707-48de-a184-13ce40c9fd6e f266be4d90e84fc9aa9cc3a1343770c9 243d1e7731c34ac798a49ec5648882c2 - - - -] Added segment e60cdd1c-2a67-43e1-8e2f-a53b0d1bb756 of type geneve for network f33bb724-2473-4b65-b468-575d9cdd19ff
2026-07-24 18:40:45.113 9 INFO neutron.wsgi [None req-21e482eb-1b9d-41b2-b57b-f8f2c4bbb88f 2511d1fac6b346dc91e2691ff4455dd1 44fbd5fb89c34c3183890f71dae4c255 - - default default] 10.0.0.195 "GET /v2.0/floatingips HTTP/1.1" status: 200 len: 1040 time: 0.0831022
2026-07-24 18:40:45.285 10 INFO neutron.db.ovn_revision_numbers_db [None req-d6ae7469-3707-48de-a184-13ce40c9fd6e f266be4d90e84fc9aa9cc3a1343770c9 243d1e7731c34ac798a49ec5648882c2 - - - -] Successfully bumped revision number for resource f33bb724-2473-4b65-b468-575d9cdd19ff (type: networks) to 1
2026-07-24 18:40:45.510 10 INFO neutron.wsgi [req-08b3720c-9e63-45de-b189-76dfc6603b88 req-4585a18a-8f0e-4a81-b17b-a8e7e0bb60b7 fe20d2c800aa406dafa789a51a3e897f bf9aef7524834cf98928967a9ddeac3b - - default default] 10.0.0.3 "GET /v2.0/ports?device_id=b793e446-ce12-4b63-937c-25862543f84a HTTP/1.1" status: 200 len: 1172 time: 0.1199577
2026-07-24 18:40:45.864 9 INFO neutron.db.ovn_revision_numbers_db [None req-9bb71cf9-5ef1-4ef4-aa61-f1aff2f41421 af6cf6b7229b4c9eace48dd4220164e4 8498dd98b53f466e81ae586547e94771 - - - -] Successfully bumped revision number for resource 8f4122de-53cf-4acf-9cf0-42f792889433 (type: router_ports) to 3
2026-07-24 18:40:45.869 9 INFO neutron.wsgi [None req-9bb71cf9-5ef1-4ef4-aa61-f1aff2f41421 af6cf6b7229b4c9eace48dd4220164e4 8498dd98b53f466e81ae586547e94771 - - - -] 10.0.0.195 "PUT /v2.0/routers/1781bc85-ac84-4d1f-9ef1-9c53a2b65638/add_router_interface HTTP/1.1" status: 200 len: 503 time: 4.1000350
2026-07-24 18:40:45.936 10 INFO neutron.wsgi [req-08b3720c-9e63-45de-b189-76dfc6603b88 req-898c3daf-919b-4816-b381-34d0ce5dedba fe20d2c800aa406dafa789a51a3e897f bf9aef7524834cf98928967a9ddeac3b - - default default] 10.0.0.3 "GET /v2.0/security-groups?id=272b809d-f6da-4a71-baf4-3f303412ff3f&fields=id&fields=name HTTP/1.1" status: 200 len: 313 time: 0.4180768
2026-07-24 18:40:45.983 10 INFO neutron.db.l3_db [None req-c3be6b74-cd5b-4298-8886-235b5b0d1076 2511d1fac6b346dc91e2691ff4455dd1 44fbd5fb89c34c3183890f71dae4c255 - - - -] Floating IP 16c799af-593b-40de-8ff4-e53343e0fbfd associated. External IP: 10.96.250.215, port: 5e1904d3-770b-45d6-842b-2b6b3d36db8b.
2026-07-24 18:40:46.059 10 WARNING neutron.scheduler.dhcp_agent_scheduler [None req-d6ae7469-3707-48de-a184-13ce40c9fd6e f266be4d90e84fc9aa9cc3a1343770c9 243d1e7731c34ac798a49ec5648882c2 - - - -] No more DHCP agents
2026-07-24 18:40:46.062 10 WARNING neutron.api.rpc.agentnotifiers.dhcp_rpc_agent_api [None req-d6ae7469-3707-48de-a184-13ce40c9fd6e f266be4d90e84fc9aa9cc3a1343770c9 243d1e7731c34ac798a49ec5648882c2 - - - -] Unable to schedule network f33bb724-2473-4b65-b468-575d9cdd19ff: no agents available; will retry on subsequent port and subnet creation events.
2026-07-24 18:40:46.162 10 INFO neutron.db.ovn_revision_numbers_db [None req-d6ae7469-3707-48de-a184-13ce40c9fd6e f266be4d90e84fc9aa9cc3a1343770c9 243d1e7731c34ac798a49ec5648882c2 - - - -] Successfully bumped revision number for resource a5b4e6d6-ef33-4425-b6e5-12b4da3dc9c2 (type: ports) to 1
2026-07-24 18:40:46.201 10 INFO neutron.wsgi [None req-d6ae7469-3707-48de-a184-13ce40c9fd6e f266be4d90e84fc9aa9cc3a1343770c9 243d1e7731c34ac798a49ec5648882c2 - - - -] 10.0.0.195 "POST /v2.0/networks HTTP/1.1" status: 201 len: 849 time: 1.2504158
2026-07-24 18:40:46.231 10 INFO neutron.db.ovn_revision_numbers_db [None req-c3be6b74-cd5b-4298-8886-235b5b0d1076 2511d1fac6b346dc91e2691ff4455dd1 44fbd5fb89c34c3183890f71dae4c255 - - - -] Successfully bumped revision number for resource 16c799af-593b-40de-8ff4-e53343e0fbfd (type: floatingips) to 2
2026-07-24 18:40:46.311 10 INFO neutron.db.segments_db [None req-a5129770-a601-4df6-bf51-a2dd18b723c8 f266be4d90e84fc9aa9cc3a1343770c9 243d1e7731c34ac798a49ec5648882c2 - - - -] Added segment 78ebdca0-b59d-4c2b-ab18-6844a990639e of type geneve for network 82fa37dd-d8d1-4b4e-ae4b-649c22e94d63
2026-07-24 18:40:46.316 10 INFO neutron.db.ovn_revision_numbers_db [None req-c3be6b74-cd5b-4298-8886-235b5b0d1076 2511d1fac6b346dc91e2691ff4455dd1 44fbd5fb89c34c3183890f71dae4c255 - - - -] Successfully bumped revision number for resource 16c799af-593b-40de-8ff4-e53343e0fbfd (type: floatingips) to 3
2026-07-24 18:40:46.396 10 INFO neutron.wsgi [None req-c3be6b74-cd5b-4298-8886-235b5b0d1076 2511d1fac6b346dc91e2691ff4455dd1 44fbd5fb89c34c3183890f71dae4c255 - - - -] 10.0.0.195 "PUT /v2.0/floatingips/16c799af-593b-40de-8ff4-e53343e0fbfd HTTP/1.1" status: 200 len: 1038 time: 1.2766495
2026-07-24 18:40:46.456 10 INFO neutron.db.ovn_revision_numbers_db [None req-a5129770-a601-4df6-bf51-a2dd18b723c8 f266be4d90e84fc9aa9cc3a1343770c9 243d1e7731c34ac798a49ec5648882c2 - - - -] Successfully bumped revision number for resource 82fa37dd-d8d1-4b4e-ae4b-649c22e94d63 (type: networks) to 1
2026-07-24 18:40:46.547 9 INFO neutron.db.l3_db [None req-4a00343e-b6d1-4d83-84b1-091fd9a21ecf 2511d1fac6b346dc91e2691ff4455dd1 44fbd5fb89c34c3183890f71dae4c255 - - - -] Floating IP 16c799af-593b-40de-8ff4-e53343e0fbfd disassociated. External IP: 10.96.250.215, port: 64197199-12cd-44b2-a5ec-e52d29d001ec.
2026-07-24 18:40:46.562 10 INFO neutron.db.ovn_revision_numbers_db [None req-d69f1d1f-6eab-413a-8ff4-3ad96f847b87 6c9f608f838f441388df6bbce879e2f4 c30a09c526c541b1a2d8ca4dc4287640 - - - -] Successfully bumped revision number for resource 5fcb3a97-c476-4ab0-a0ee-0a69f9a7f82a (type: security_groups) to 1
2026-07-24 18:40:46.566 9 INFO neutron.db.ovn_revision_numbers_db [None req-4a00343e-b6d1-4d83-84b1-091fd9a21ecf 2511d1fac6b346dc91e2691ff4455dd1 44fbd5fb89c34c3183890f71dae4c255 - - - -] Successfully bumped revision number for resource 16c799af-593b-40de-8ff4-e53343e0fbfd (type: floatingips) to 4
2026-07-24 18:40:46.598 10 INFO neutron.wsgi [None req-d69f1d1f-6eab-413a-8ff4-3ad96f847b87 6c9f608f838f441388df6bbce879e2f4 c30a09c526c541b1a2d8ca4dc4287640 - - - -] 10.0.0.3 "POST /v2.0/security-groups HTTP/1.1" status: 201 len: 1823 time: 0.2304170
2026-07-24 18:40:46.646 9 INFO neutron.wsgi [None req-4a00343e-b6d1-4d83-84b1-091fd9a21ecf 2511d1fac6b346dc91e2691ff4455dd1 44fbd5fb89c34c3183890f71dae4c255 - - - -] 10.0.0.195 "PUT /v2.0/floatingips/16c799af-593b-40de-8ff4-e53343e0fbfd HTTP/1.1" status: 200 len: 748 time: 0.2431381
2026-07-24 18:40:46.664 10 WARNING neutron.scheduler.dhcp_agent_scheduler [None req-a5129770-a601-4df6-bf51-a2dd18b723c8 f266be4d90e84fc9aa9cc3a1343770c9 243d1e7731c34ac798a49ec5648882c2 - - - -] No more DHCP agents
2026-07-24 18:40:46.668 10 WARNING neutron.api.rpc.agentnotifiers.dhcp_rpc_agent_api [None req-a5129770-a601-4df6-bf51-a2dd18b723c8 f266be4d90e84fc9aa9cc3a1343770c9 243d1e7731c34ac798a49ec5648882c2 - - - -] Unable to schedule network 82fa37dd-d8d1-4b4e-ae4b-649c22e94d63: no agents available; will retry on subsequent port and subnet creation events.
2026-07-24 18:40:46.777 10 INFO neutron.db.ovn_revision_numbers_db [None req-a5129770-a601-4df6-bf51-a2dd18b723c8 f266be4d90e84fc9aa9cc3a1343770c9 243d1e7731c34ac798a49ec5648882c2 - - - -] Successfully bumped revision number for resource 4009c268-9d21-492f-bf89-74f824155ced (type: ports) to 1
2026-07-24 18:40:46.812 10 INFO neutron.wsgi [None req-a5129770-a601-4df6-bf51-a2dd18b723c8 f266be4d90e84fc9aa9cc3a1343770c9 243d1e7731c34ac798a49ec5648882c2 - - - -] 10.0.0.195 "POST /v2.0/networks HTTP/1.1" status: 201 len: 849 time: 0.6053462
2026-07-24 18:40:46.862 10 INFO neutron.db.ovn_revision_numbers_db [None req-d168167e-5b49-45f1-9a7b-6266b94e989e 6c9f608f838f441388df6bbce879e2f4 c30a09c526c541b1a2d8ca4dc4287640 - - - -] Successfully bumped revision number for resource 28524525-5abf-4321-b46c-7040851ee739 (type: security_groups) to 1
2026-07-24 18:40:46.868 10 INFO neutron.services.segments.plugin [-] Segment e1f2ab4e-18b5-4321-af76-d9745d82c6d4 resource provider aggregate not found
2026-07-24 18:40:46.879 10 INFO neutron.services.segments.plugin [-] Segment e1f2ab4e-18b5-4321-af76-d9745d82c6d4 resource provider aggregate not found
2026-07-24 18:40:46.918 10 INFO neutron.services.segments.plugin [-] Segment e1f2ab4e-18b5-4321-af76-d9745d82c6d4 resource provider not found; error: Placement Client Error (4xx): {"errors": [{"status": 404, "title": "Not Found", "detail": "The resource could not be found.\n\n No resource provider with uuid e1f2ab4e-18b5-4321-af76-d9745d82c6d4 found for delete ", "request_id": "req-39e86bb1-b56f-4d50-b717-838556b0cd70"}]}
2026-07-24 18:40:46.919 10 INFO neutron.services.segments.plugin [-] Segment e1f2ab4e-18b5-4321-af76-d9745d82c6d4 resource provider not found; error: Placement Client Error (4xx): {"errors": [{"status": 404, "title": "Not Found", "detail": "The resource could not be found.\n\n No resource provider with uuid e1f2ab4e-18b5-4321-af76-d9745d82c6d4 found for delete ", "request_id": "req-e6f95658-0bd1-4013-a112-a51cdfbe1fed"}]}
2026-07-24 18:40:46.940 10 INFO neutron.wsgi [None req-d168167e-5b49-45f1-9a7b-6266b94e989e 6c9f608f838f441388df6bbce879e2f4 c30a09c526c541b1a2d8ca4dc4287640 - - - -] 10.0.0.3 "POST /v2.0/security-groups HTTP/1.1" status: 201 len: 1823 time: 0.3131917
2026-07-24 18:40:47.069 9 INFO neutron.wsgi [None req-0b7b87e0-3456-4341-a333-7a0762e26c2e 2511d1fac6b346dc91e2691ff4455dd1 44fbd5fb89c34c3183890f71dae4c255 - - - -] 10.0.0.195 "DELETE /v2.0/floatingips/16c799af-593b-40de-8ff4-e53343e0fbfd HTTP/1.1" status: 204 len: 168 time: 0.4078195
2026-07-24 18:40:47.107 9 INFO neutron.api.v2.resource [None req-bb047ed2-7f8c-42e7-bda4-cd1805f87ab7 2511d1fac6b346dc91e2691ff4455dd1 44fbd5fb89c34c3183890f71dae4c255 - - - -] delete failed (client error): The resource could not be found.
2026-07-24 18:40:47.108 9 INFO neutron.wsgi [None req-bb047ed2-7f8c-42e7-bda4-cd1805f87ab7 2511d1fac6b346dc91e2691ff4455dd1 44fbd5fb89c34c3183890f71dae4c255 - - - -] 10.0.0.195 "DELETE /v2.0/floatingips/16c799af-593b-40de-8ff4-e53343e0fbfd HTTP/1.1" status: 404 len: 345 time: 0.0328572
2026-07-24 18:40:47.154 10 INFO neutron.wsgi [req-44bf9969-c01a-4fc7-bfdb-113a2225bd96 req-7230a793-8d1b-4d54-8532-d0a3fdd486d2 fe20d2c800aa406dafa789a51a3e897f bf9aef7524834cf98928967a9ddeac3b - - default default] 10.0.0.3 "GET /v2.0/ports?device_id=b793e446-ce12-4b63-937c-25862543f84a HTTP/1.1" status: 200 len: 1172 time: 0.1337581
2026-07-24 18:40:47.203 10 INFO neutron.db.ovn_revision_numbers_db [None req-af5c7ff5-b849-4477-8ebf-e1316f5f4443 6c9f608f838f441388df6bbce879e2f4 c30a09c526c541b1a2d8ca4dc4287640 - - - -] Successfully bumped revision number for resource 0a41d703-3b27-44ec-828f-97b00212c7a2 (type: security_groups) to 1
2026-07-24 18:40:47.236 10 INFO neutron.wsgi [req-44bf9969-c01a-4fc7-bfdb-113a2225bd96 req-4b123383-3f65-477d-aadd-427c53079e06 fe20d2c800aa406dafa789a51a3e897f bf9aef7524834cf98928967a9ddeac3b - - default default] 10.0.0.3 "GET /v2.0/security-groups?id=272b809d-f6da-4a71-baf4-3f303412ff3f&fields=id&fields=name HTTP/1.1" status: 200 len: 313 time: 0.0690579
2026-07-24 18:40:47.243 10 INFO neutron.wsgi [None req-af5c7ff5-b849-4477-8ebf-e1316f5f4443 6c9f608f838f441388df6bbce879e2f4 c30a09c526c541b1a2d8ca4dc4287640 - - - -] 10.0.0.3 "POST /v2.0/security-groups HTTP/1.1" status: 201 len: 1821 time: 0.2804682
2026-07-24 18:40:47.356 10 INFO neutron.wsgi [req-ce480be7-d0a5-467c-8563-1b767502e0c2 req-05008c51-3898-4a74-aaf6-6b26f4901a4c 6c9f608f838f441388df6bbce879e2f4 c30a09c526c541b1a2d8ca4dc4287640 - - default default] 10.0.0.3 "GET /v2.0/security-groups?tenant_id=c30a09c526c541b1a2d8ca4dc4287640 HTTP/1.1" status: 200 len: 7799 time: 0.0837266 /var/lib/openstack/lib/python3.10/site-packages/pycadf/identifier.py:71: UserWarning: Invalid uuid: neutron. To ensure interoperability, identifiers should be a valid uuid. warnings.warn(('Invalid uuid: %s. To ensure interoperability, '
2026-07-24 18:40:47.411 10 INFO neutron.wsgi [req-ce480be7-d0a5-467c-8563-1b767502e0c2 req-ddece509-d814-4741-807b-ec55e834c892 6c9f608f838f441388df6bbce879e2f4 c30a09c526c541b1a2d8ca4dc4287640 - - default default] 10.0.0.3 "GET /v2.0/security-groups/fda99364-f347-4c56-adf7-6760231a17e0 HTTP/1.1" status: 200 len: 2998 time: 0.0476096
2026-07-24 18:40:47.466 10 INFO neutron.wsgi [req-ce480be7-d0a5-467c-8563-1b767502e0c2 req-c6404ca5-c721-4adf-8f89-eae2dcbc09d0 6c9f608f838f441388df6bbce879e2f4 c30a09c526c541b1a2d8ca4dc4287640 - - default default] 10.0.0.3 "GET /v2.0/security-groups/fda99364-f347-4c56-adf7-6760231a17e0 HTTP/1.1" status: 200 len: 2998 time: 0.0458083 /var/lib/openstack/lib/python3.10/site-packages/pycadf/identifier.py:71: UserWarning: Invalid uuid: neutron. To ensure interoperability, identifiers should be a valid uuid. warnings.warn(('Invalid uuid: %s. To ensure interoperability, '
2026-07-24 18:40:47.537 9 INFO neutron.wsgi [None req-ba255c4f-d6bf-436f-a46c-8b0adabc9cdd 2511d1fac6b346dc91e2691ff4455dd1 44fbd5fb89c34c3183890f71dae4c255 - - - -] 10.0.0.195 "DELETE /v2.0/ports/64197199-12cd-44b2-a5ec-e52d29d001ec HTTP/1.1" status: 204 len: 168 time: 0.4189677
2026-07-24 18:40:47.542 10 WARNING neutron.scheduler.dhcp_agent_scheduler [None req-8ece2733-ca97-41c4-8be0-bb6e5cef4f23 f266be4d90e84fc9aa9cc3a1343770c9 243d1e7731c34ac798a49ec5648882c2 - - - -] No more DHCP agents
2026-07-24 18:40:47.546 10 INFO neutron.wsgi [req-8066ed6e-2a13-488d-b550-6780f185bd71 req-76ff8f17-9607-4bb0-a67e-bd040dd87472 6c9f608f838f441388df6bbce879e2f4 c30a09c526c541b1a2d8ca4dc4287640 - - default default] 10.0.0.3 "GET /v2.0/security-groups/5fcb3a97-c476-4ab0-a0ee-0a69f9a7f82a HTTP/1.1" status: 200 len: 1818 time: 0.0526760
2026-07-24 18:40:47.548 10 WARNING neutron.api.rpc.agentnotifiers.dhcp_rpc_agent_api [None req-8ece2733-ca97-41c4-8be0-bb6e5cef4f23 f266be4d90e84fc9aa9cc3a1343770c9 243d1e7731c34ac798a49ec5648882c2 - - - -] Unable to schedule network f33bb724-2473-4b65-b468-575d9cdd19ff: no agents available; will retry on subsequent port and subnet creation events. /var/lib/openstack/lib/python3.10/site-packages/pycadf/identifier.py:71: UserWarning: Invalid uuid: neutron. To ensure interoperability, identifiers should be a valid uuid. warnings.warn(('Invalid uuid: %s. To ensure interoperability, '
2026-07-24 18:40:47.663 10 INFO neutron.db.ovn_revision_numbers_db [None req-8ece2733-ca97-41c4-8be0-bb6e5cef4f23 f266be4d90e84fc9aa9cc3a1343770c9 243d1e7731c34ac798a49ec5648882c2 - - - -] Successfully bumped revision number for resource af9d300f-f641-47ab-a953-08937ac9aed9 (type: ports) to 1
2026-07-24 18:40:47.726 10 WARNING neutron.scheduler.dhcp_agent_scheduler [None req-8ece2733-ca97-41c4-8be0-bb6e5cef4f23 f266be4d90e84fc9aa9cc3a1343770c9 243d1e7731c34ac798a49ec5648882c2 - - - -] No more DHCP agents
2026-07-24 18:40:47.732 10 WARNING neutron.api.rpc.agentnotifiers.dhcp_rpc_agent_api [None req-8ece2733-ca97-41c4-8be0-bb6e5cef4f23 f266be4d90e84fc9aa9cc3a1343770c9 243d1e7731c34ac798a49ec5648882c2 - - - -] Unable to schedule network 82fa37dd-d8d1-4b4e-ae4b-649c22e94d63: no agents available; will retry on subsequent port and subnet creation events.
2026-07-24 18:40:47.800 10 INFO neutron.wsgi [None req-2d6e6c95-5034-419a-9214-da854f5369ca 6c9f608f838f441388df6bbce879e2f4 c30a09c526c541b1a2d8ca4dc4287640 - - - -] 10.0.0.3 "DELETE /v2.0/security-groups/5fcb3a97-c476-4ab0-a0ee-0a69f9a7f82a HTTP/1.1" status: 204 len: 173 time: 0.2400312
2026-07-24 18:40:47.818 10 INFO neutron.db.ovn_revision_numbers_db [None req-8ece2733-ca97-41c4-8be0-bb6e5cef4f23 f266be4d90e84fc9aa9cc3a1343770c9 243d1e7731c34ac798a49ec5648882c2 - - - -] Successfully bumped revision number for resource 8cc44899-865d-4aa0-ad38-16254f89ba8a (type: ports) to 1 /var/lib/openstack/lib/python3.10/site-packages/pycadf/identifier.py:71: UserWarning: Invalid uuid: neutron. To ensure interoperability, identifiers should be a valid uuid. warnings.warn(('Invalid uuid: %s. To ensure interoperability, '
2026-07-24 18:40:47.845 10 INFO neutron.api.v2.resource [req-2d29f87a-499c-4db5-afe5-040ea31d97a8 req-117df73c-6081-408a-ba9b-8eff06171edc 6c9f608f838f441388df6bbce879e2f4 c30a09c526c541b1a2d8ca4dc4287640 - - default default] show failed (client error): The resource could not be found.
2026-07-24 18:40:47.846 10 INFO neutron.wsgi [req-2d29f87a-499c-4db5-afe5-040ea31d97a8 req-117df73c-6081-408a-ba9b-8eff06171edc 6c9f608f838f441388df6bbce879e2f4 c30a09c526c541b1a2d8ca4dc4287640 - - default default] 10.0.0.3 "GET /v2.0/security-groups/5fcb3a97-c476-4ab0-a0ee-0a69f9a7f82a HTTP/1.1" status: 404 len: 352 time: 0.0254164
2026-07-24 18:40:47.860 10 INFO neutron.wsgi [None req-8ece2733-ca97-41c4-8be0-bb6e5cef4f23 f266be4d90e84fc9aa9cc3a1343770c9 243d1e7731c34ac798a49ec5648882c2 - - - -] 10.0.0.195 "POST /v2.0/ports HTTP/1.1" status: 201 len: 1706 time: 1.0408576
2026-07-24 18:40:47.946 9 INFO neutron.wsgi [None req-d73d67d0-9bbb-4e80-b43f-90332a1b0a71 2511d1fac6b346dc91e2691ff4455dd1 44fbd5fb89c34c3183890f71dae4c255 - - - -] 10.0.0.195 "DELETE /v2.0/ports/5e1904d3-770b-45d6-842b-2b6b3d36db8b HTTP/1.1" status: 204 len: 168 time: 0.4044502
2026-07-24 18:40:47.950 10 INFO neutron.wsgi [req-eb4462d4-e3da-48f5-9f38-dcee2ea3c7db req-d7e2ef26-6680-4230-a62d-854e14581a69 6c9f608f838f441388df6bbce879e2f4 c30a09c526c541b1a2d8ca4dc4287640 - - default default] 10.0.0.3 "GET /v2.0/security-groups/28524525-5abf-4321-b46c-7040851ee739 HTTP/1.1" status: 200 len: 1818 time: 0.0746274
2026-07-24 18:40:48.030 10 INFO neutron.wsgi [None req-f2d13f74-bc5e-4c83-9c8d-6b4c22760048 f266be4d90e84fc9aa9cc3a1343770c9 243d1e7731c34ac798a49ec5648882c2 - - default default] 10.0.0.195 "GET /v2.0/ports HTTP/1.1" status: 200 len: 3213 time: 0.1638916
2026-07-24 18:40:48.053 9 INFO neutron.wsgi [None req-949e137f-11bd-48f5-ab3a-735484ae435e 2511d1fac6b346dc91e2691ff4455dd1 44fbd5fb89c34c3183890f71dae4c255 - - default default] 10.0.0.195 "GET /v2.0/ports?device_id=83ecd856-589d-4c4c-92a7-ced576043ba1 HTTP/1.1" status: 200 len: 1138 time: 0.1003571
2026-07-24 18:40:48.140 10 INFO neutron.wsgi [None req-810c17a1-1b04-433e-afcd-ed0e6c956591 6c9f608f838f441388df6bbce879e2f4 c30a09c526c541b1a2d8ca4dc4287640 - - - -] 10.0.0.3 "DELETE /v2.0/security-groups/28524525-5abf-4321-b46c-7040851ee739 HTTP/1.1" status: 204 len: 173 time: 0.1733479
2026-07-24 18:40:48.187 10 INFO neutron.api.v2.resource [req-a060ec1e-7a15-4fd2-9938-3254d49bda69 req-4be95cf6-177c-4064-b219-51ae0bc3f72c 6c9f608f838f441388df6bbce879e2f4 c30a09c526c541b1a2d8ca4dc4287640 - - default default] show failed (client error): The resource could not be found.
2026-07-24 18:40:48.188 10 INFO neutron.wsgi [req-a060ec1e-7a15-4fd2-9938-3254d49bda69 req-4be95cf6-177c-4064-b219-51ae0bc3f72c 6c9f608f838f441388df6bbce879e2f4 c30a09c526c541b1a2d8ca4dc4287640 - - default default] 10.0.0.3 "GET /v2.0/security-groups/28524525-5abf-4321-b46c-7040851ee739 HTTP/1.1" status: 404 len: 352 time: 0.0257769
2026-07-24 18:40:48.250 10 INFO neutron.wsgi [req-91222aca-c66c-4118-878b-211836404bdb req-38b00377-d8ec-451c-b2b4-22396db41c36 6c9f608f838f441388df6bbce879e2f4 c30a09c526c541b1a2d8ca4dc4287640 - - default default] 10.0.0.3 "GET /v2.0/security-groups/0a41d703-3b27-44ec-828f-97b00212c7a2 HTTP/1.1" status: 200 len: 1816 time: 0.0350449
2026-07-24 18:40:48.342 10 INFO neutron.wsgi [None req-778c42be-d1cc-419f-ba81-0f0e8b5c2cea f266be4d90e84fc9aa9cc3a1343770c9 243d1e7731c34ac798a49ec5648882c2 - - - -] 10.0.0.195 "DELETE /v2.0/ports/af9d300f-f641-47ab-a953-08937ac9aed9 HTTP/1.1" status: 204 len: 168 time: 0.3060601
2026-07-24 18:40:48.349 10 INFO neutron.wsgi [req-89def328-049f-4ca7-8486-9e35d8763cd0 req-46d3c4c8-f0f4-4d18-b620-b6e77a43f416 fe20d2c800aa406dafa789a51a3e897f bf9aef7524834cf98928967a9ddeac3b - - default default] 10.0.0.3 "GET /v2.0/ports?device_id=b793e446-ce12-4b63-937c-25862543f84a HTTP/1.1" status: 200 len: 1172 time: 0.0475872
2026-07-24 18:40:48.410 10 INFO neutron.wsgi [req-89def328-049f-4ca7-8486-9e35d8763cd0 req-90b7d81b-2e2e-4e5c-b3de-b3001bfc586c fe20d2c800aa406dafa789a51a3e897f bf9aef7524834cf98928967a9ddeac3b - - default default] 10.0.0.3 "GET /v2.0/security-groups?id=272b809d-f6da-4a71-baf4-3f303412ff3f&fields=id&fields=name HTTP/1.1" status: 200 len: 313 time: 0.0506651
2026-07-24 18:40:48.461 10 INFO neutron.wsgi [None req-1b5e78db-3421-4234-97a3-8124b8807e8b 6c9f608f838f441388df6bbce879e2f4 c30a09c526c541b1a2d8ca4dc4287640 - - - -] 10.0.0.3 "DELETE /v2.0/security-groups/0a41d703-3b27-44ec-828f-97b00212c7a2 HTTP/1.1" status: 204 len: 173 time: 0.2018659
2026-07-24 18:40:48.498 10 INFO neutron.api.v2.resource [req-8d60d685-e587-4382-89be-09df3df039b9 req-69275a08-a267-4947-b42d-ddbd5bbff1c4 6c9f608f838f441388df6bbce879e2f4 c30a09c526c541b1a2d8ca4dc4287640 - - default default] show failed (client error): The resource could not be found.
2026-07-24 18:40:48.500 10 INFO neutron.wsgi [req-8d60d685-e587-4382-89be-09df3df039b9 req-69275a08-a267-4947-b42d-ddbd5bbff1c4 6c9f608f838f441388df6bbce879e2f4 c30a09c526c541b1a2d8ca4dc4287640 - - default default] 10.0.0.3 "GET /v2.0/security-groups/0a41d703-3b27-44ec-828f-97b00212c7a2 HTTP/1.1" status: 404 len: 352 time: 0.0182471
2026-07-24 18:40:48.559 10 INFO neutron.wsgi [req-32843a4e-1e31-495f-83a6-14ead8215df0 req-c241ea5b-444e-4fb1-813a-72d6d4afc934 6c9f608f838f441388df6bbce879e2f4 c30a09c526c541b1a2d8ca4dc4287640 - - default default] 10.0.0.3 "GET /v2.0/security-groups?tenant_id=c30a09c526c541b1a2d8ca4dc4287640 HTTP/1.1" status: 200 len: 3001 time: 0.0349982
2026-07-24 18:40:48.601 10 INFO neutron.wsgi [req-32843a4e-1e31-495f-83a6-14ead8215df0 req-d66119ab-72ed-4361-b501-aa28dd3dc004 6c9f608f838f441388df6bbce879e2f4 c30a09c526c541b1a2d8ca4dc4287640 - - default default] 10.0.0.3 "GET /v2.0/security-groups/fda99364-f347-4c56-adf7-6760231a17e0 HTTP/1.1" status: 200 len: 2998 time: 0.0338907
2026-07-24 18:40:48.650 10 INFO neutron.wsgi [req-32843a4e-1e31-495f-83a6-14ead8215df0 req-af64db7f-61b0-4c12-9f47-51174901f50d 6c9f608f838f441388df6bbce879e2f4 c30a09c526c541b1a2d8ca4dc4287640 - - default default] 10.0.0.3 "GET /v2.0/security-groups/fda99364-f347-4c56-adf7-6760231a17e0 HTTP/1.1" status: 200 len: 2998 time: 0.0354531
2026-07-24 18:40:48.701 10 INFO neutron.api.v2.resource [req-dff81956-e640-4341-b2db-4274a6a31558 req-6f1cb426-b8a0-41cb-9dfe-ea3fc90b6bc9 6c9f608f838f441388df6bbce879e2f4 c30a09c526c541b1a2d8ca4dc4287640 - - default default] show failed (client error): The resource could not be found.
2026-07-24 18:40:48.703 10 INFO neutron.wsgi [req-dff81956-e640-4341-b2db-4274a6a31558 req-6f1cb426-b8a0-41cb-9dfe-ea3fc90b6bc9 6c9f608f838f441388df6bbce879e2f4 c30a09c526c541b1a2d8ca4dc4287640 - - default default] 10.0.0.3 "GET /v2.0/security-groups/0a41d703-3b27-44ec-828f-97b00212c7a2 HTTP/1.1" status: 404 len: 352 time: 0.0189795
2026-07-24 18:40:48.748 10 INFO neutron.api.v2.resource [req-4ee78942-4952-45e3-ac60-78ec3d39f8c5 req-b0110c90-ab1c-4304-a5b5-61705c5b52e2 6c9f608f838f441388df6bbce879e2f4 c30a09c526c541b1a2d8ca4dc4287640 - - default default] show failed (client error): The resource could not be found.
2026-07-24 18:40:48.749 10 INFO neutron.wsgi [req-4ee78942-4952-45e3-ac60-78ec3d39f8c5 req-b0110c90-ab1c-4304-a5b5-61705c5b52e2 6c9f608f838f441388df6bbce879e2f4 c30a09c526c541b1a2d8ca4dc4287640 - - default default] 10.0.0.3 "GET /v2.0/security-groups/28524525-5abf-4321-b46c-7040851ee739 HTTP/1.1" status: 404 len: 352 time: 0.0205140
2026-07-24 18:40:48.795 10 INFO neutron.api.v2.resource [req-0ea95298-c251-4e76-9d5d-980d329bfa03 req-ee6ba2da-f19e-4eba-937c-dd957239e79d 6c9f608f838f441388df6bbce879e2f4 c30a09c526c541b1a2d8ca4dc4287640 - - default default] show failed (client error): The resource could not be found.
2026-07-24 18:40:48.797 10 INFO neutron.wsgi [req-0ea95298-c251-4e76-9d5d-980d329bfa03 req-ee6ba2da-f19e-4eba-937c-dd957239e79d 6c9f608f838f441388df6bbce879e2f4 c30a09c526c541b1a2d8ca4dc4287640 - - default default] 10.0.0.3 "GET /v2.0/security-groups/5fcb3a97-c476-4ab0-a0ee-0a69f9a7f82a HTTP/1.1" status: 404 len: 352 time: 0.0166714
2026-07-24 18:40:48.993 9 INFO neutron.wsgi [None req-822e17ea-f5b5-4c26-87c8-892d71aa67b8 f266be4d90e84fc9aa9cc3a1343770c9 243d1e7731c34ac798a49ec5648882c2 - - - -] 10.0.0.195 "DELETE /v2.0/ports/8cc44899-865d-4aa0-ad38-16254f89ba8a HTTP/1.1" status: 204 len: 168 time: 0.6428864
2026-07-24 18:40:49.184 9 INFO neutron.wsgi [None req-cef7d8a0-c8c4-4d37-a57e-23a491937423 f266be4d90e84fc9aa9cc3a1343770c9 243d1e7731c34ac798a49ec5648882c2 - - default default] 10.0.0.195 "GET /v2.0/ports HTTP/1.1" status: 200 len: 1718 time: 0.1818273
2026-07-24 18:40:49.328 9 INFO neutron.db.segments_db [None req-3752a901-669a-42ab-8912-460fc24b1519 f266be4d90e84fc9aa9cc3a1343770c9 243d1e7731c34ac798a49ec5648882c2 - - - -] Added segment d2bbde64-fa1f-4902-8fa6-960a28435044 of type geneve for network d024453f-9c3b-463f-b67d-46e256be8bf8
2026-07-24 18:40:49.542 9 INFO neutron.db.ovn_revision_numbers_db [None req-3752a901-669a-42ab-8912-460fc24b1519 f266be4d90e84fc9aa9cc3a1343770c9 243d1e7731c34ac798a49ec5648882c2 - - - -] Successfully bumped revision number for resource d024453f-9c3b-463f-b67d-46e256be8bf8 (type: networks) to 1
2026-07-24 18:40:49.542 10 INFO neutron.wsgi [req-00db4eee-47d3-4e5c-b66d-9d5a0bb37611 req-733f4cba-9ef4-4d1c-bd58-1df61a661dd8 fe20d2c800aa406dafa789a51a3e897f bf9aef7524834cf98928967a9ddeac3b - - default default] 10.0.0.3 "GET /v2.0/ports?device_id=b793e446-ce12-4b63-937c-25862543f84a HTTP/1.1" status: 200 len: 1172 time: 0.0521793
2026-07-24 18:40:49.616 10 INFO neutron.wsgi [req-00db4eee-47d3-4e5c-b66d-9d5a0bb37611 req-e7b55613-7c53-40ce-8ed1-dc53a9b5cafd fe20d2c800aa406dafa789a51a3e897f bf9aef7524834cf98928967a9ddeac3b - - default default] 10.0.0.3 "GET /v2.0/security-groups?id=272b809d-f6da-4a71-baf4-3f303412ff3f&fields=id&fields=name HTTP/1.1" status: 200 len: 313 time: 0.0619011
2026-07-24 18:40:49.732 9 WARNING neutron.plugins.ml2.drivers.ovn.mech_driver.ovsdb.ovn_client [None req-446a6c98-7e52-4e02-ad18-1bd5f30e1b9e - - - - - -] No port found with ID 8f4122de-53cf-4acf-9cf0-42f792889433: RuntimeError: No port found with ID 8f4122de-53cf-4acf-9cf0-42f792889433
2026-07-24 18:40:49.741 9 INFO neutron.wsgi [None req-f5cea816-a384-4092-aa54-1f534ab50495 2511d1fac6b346dc91e2691ff4455dd1 44fbd5fb89c34c3183890f71dae4c255 - - - -] 10.0.0.195 "PUT /v2.0/routers/83ecd856-589d-4c4c-92a7-ced576043ba1/remove_router_interface HTTP/1.1" status: 200 len: 503 time: 1.6822474 /var/lib/openstack/lib/python3.10/site-packages/pycadf/identifier.py:71: UserWarning: Invalid uuid: neutron. To ensure interoperability, identifiers should be a valid uuid. warnings.warn(('Invalid uuid: %s. To ensure interoperability, '
2026-07-24 18:40:49.912 9 WARNING neutron.scheduler.dhcp_agent_scheduler [None req-3752a901-669a-42ab-8912-460fc24b1519 f266be4d90e84fc9aa9cc3a1343770c9 243d1e7731c34ac798a49ec5648882c2 - - - -] No more DHCP agents
2026-07-24 18:40:49.913 9 WARNING neutron.api.rpc.agentnotifiers.dhcp_rpc_agent_api [None req-3752a901-669a-42ab-8912-460fc24b1519 f266be4d90e84fc9aa9cc3a1343770c9 243d1e7731c34ac798a49ec5648882c2 - - - -] Unable to schedule network d024453f-9c3b-463f-b67d-46e256be8bf8: no agents available; will retry on subsequent port and subnet creation events.
2026-07-24 18:40:49.929 10 WARNING neutron.plugins.ml2.drivers.ovn.mech_driver.ovsdb.ovn_client [None req-7df97af8-123e-4e21-8433-8871f533c43c - - - - - -] No hosting information found for port 7c094f0d-c369-454f-850a-daf1df3e1ba7: RuntimeError: No hosting information found for port 7c094f0d-c369-454f-850a-daf1df3e1ba7
2026-07-24 18:40:49.929 10 INFO neutron.plugins.ml2.drivers.ovn.mech_driver.mech_driver [None req-7df97af8-123e-4e21-8433-8871f533c43c - - - - - -] OVN reports status up for port: 1a2bb4c2-559e-4fa6-a711-98343741815b
2026-07-24 18:40:49.993 10 INFO neutron.plugins.ml2.drivers.ovn.mech_driver.mech_driver [None req-7df97af8-123e-4e21-8433-8871f533c43c - - - - - -] OVN reports status up for port: 0e4603ca-f60c-484d-83ad-77cc5048255f
2026-07-24 18:40:50.010 9 INFO neutron.db.ovn_revision_numbers_db [None req-3752a901-669a-42ab-8912-460fc24b1519 f266be4d90e84fc9aa9cc3a1343770c9 243d1e7731c34ac798a49ec5648882c2 - - - -] Successfully bumped revision number for resource 6b307857-f9d5-4983-8005-bf8755921157 (type: ports) to 1
2026-07-24 18:40:50.054 9 INFO neutron.wsgi [None req-3752a901-669a-42ab-8912-460fc24b1519 f266be4d90e84fc9aa9cc3a1343770c9 243d1e7731c34ac798a49ec5648882c2 - - - -] 10.0.0.195 "POST /v2.0/networks HTTP/1.1" status: 201 len: 849 time: 0.8636510
2026-07-24 18:40:50.057 10 INFO neutron.plugins.ml2.plugin [None req-7df97af8-123e-4e21-8433-8871f533c43c - - - - - -] Attempt 1 to provision port 0e4603ca-f60c-484d-83ad-77cc5048255f
2026-07-24 18:40:50.168 9 INFO neutron.db.segments_db [None req-b28a91c2-c8ce-4518-bf7b-6e0e3d63222a f266be4d90e84fc9aa9cc3a1343770c9 243d1e7731c34ac798a49ec5648882c2 - - - -] Added segment b25c5469-4eab-4cb5-8a76-0d1d8a1bc5cf of type geneve for network af93b7e2-93b6-42d3-b182-f045c584d0ac
2026-07-24 18:40:50.202 10 INFO neutron.plugins.ml2.drivers.ovn.mech_driver.mech_driver [None req-7df97af8-123e-4e21-8433-8871f533c43c - - - - - -] OVN reports status up for port: 1240bb52-a9f1-4395-975f-1b158d44e012
2026-07-24 18:40:50.250 10 INFO neutron.plugins.ml2.plugin [None req-7df97af8-123e-4e21-8433-8871f533c43c - - - - - -] Attempt 1 to provision port 1240bb52-a9f1-4395-975f-1b158d44e012
2026-07-24 18:40:50.365 9 INFO neutron.db.ovn_revision_numbers_db [None req-b28a91c2-c8ce-4518-bf7b-6e0e3d63222a f266be4d90e84fc9aa9cc3a1343770c9 243d1e7731c34ac798a49ec5648882c2 - - - -] Successfully bumped revision number for resource af93b7e2-93b6-42d3-b182-f045c584d0ac (type: networks) to 1
2026-07-24 18:40:50.529 10 INFO neutron.wsgi [None req-dc86112e-82ef-47ea-9c12-f6eb317feab9 af6cf6b7229b4c9eace48dd4220164e4 8498dd98b53f466e81ae586547e94771 - - - -] 10.0.0.195 "PUT /v2.0/routers/1781bc85-ac84-4d1f-9ef1-9c53a2b65638/remove_router_interface HTTP/1.1" status: 200 len: 503 time: 1.7192075 /var/lib/openstack/lib/python3.10/site-packages/pycadf/identifier.py:71: UserWarning: Invalid uuid: neutron. To ensure interoperability, identifiers should be a valid uuid. warnings.warn(('Invalid uuid: %s. To ensure interoperability, '
2026-07-24 18:40:50.751 10 INFO neutron.wsgi [req-f68cec8e-e7f5-4883-b3c0-6d4c9bdd1a26 req-0fb11020-aa71-4bfc-bf55-646ab19109c1 fe20d2c800aa406dafa789a51a3e897f bf9aef7524834cf98928967a9ddeac3b - - default default] 10.0.0.3 "GET /v2.0/ports?device_id=b793e446-ce12-4b63-937c-25862543f84a HTTP/1.1" status: 200 len: 1174 time: 0.0470972
2026-07-24 18:40:50.810 10 INFO neutron.db.ovn_revision_numbers_db [None req-7df97af8-123e-4e21-8433-8871f533c43c - - - - - -] Successfully bumped revision number for resource 1240bb52-a9f1-4395-975f-1b158d44e012 (type: ports) to 4
2026-07-24 18:40:50.830 10 INFO neutron.wsgi [req-f68cec8e-e7f5-4883-b3c0-6d4c9bdd1a26 req-77b8618f-fc3c-47de-acda-7600c632870c fe20d2c800aa406dafa789a51a3e897f bf9aef7524834cf98928967a9ddeac3b - - default default] 10.0.0.3 "GET /v2.0/security-groups?id=272b809d-f6da-4a71-baf4-3f303412ff3f&fields=id&fields=name HTTP/1.1" status: 200 len: 313 time: 0.0701542
2026-07-24 18:40:50.900 10 INFO neutron.notifiers.nova [-] Nova event matching ['req-3fa32b68-73b4-4926-aa44-237cd4eeaa80'] response: {'server_uuid': 'b793e446-ce12-4b63-937c-25862543f84a', 'name': 'network-vif-plugged', 'status': 'completed', 'tag': '1240bb52-a9f1-4395-975f-1b158d44e012', 'code': 200}
2026-07-24 18:40:51.018 9 INFO neutron.wsgi [None req-eeca91ca-62c6-4299-9daf-1b70f8544c0f af6cf6b7229b4c9eace48dd4220164e4 8498dd98b53f466e81ae586547e94771 - - default default] 10.0.0.108 "GET /v2.0/subnets HTTP/1.1" status: 200 len: 3371 time: 0.1508632
2026-07-24 18:40:51.049 9 INFO neutron.wsgi [None req-c9385689-0630-4854-a6fc-8d8813740f58 af6cf6b7229b4c9eace48dd4220164e4 8498dd98b53f466e81ae586547e94771 - - default default] 10.0.0.108 "GET /v2.0/subnetpools HTTP/1.1" status: 200 len: 193 time: 0.0251961
2026-07-24 18:40:51.050 9 WARNING neutron.scheduler.dhcp_agent_scheduler [None req-b28a91c2-c8ce-4518-bf7b-6e0e3d63222a f266be4d90e84fc9aa9cc3a1343770c9 243d1e7731c34ac798a49ec5648882c2 - - - -] No more DHCP agents
