2026-07-24 18:41:22.404 9 WARNING neutron.api.rpc.agentnotifiers.dhcp_rpc_agent_api [None req-14af9aca-61a3-4dcf-b815-5d5e1dc6cba2 af6cf6b7229b4c9eace48dd4220164e4 8498dd98b53f466e81ae586547e94771 - - default default] Unable to schedule network b4f6fbda-8c8d-49c9-973c-16374408342e: no agents available; will retry on subsequent port and subnet creation events.
2026-07-24 18:41:22.534 10 INFO neutron.wsgi [None req-6f665221-e641-4fca-b4a6-4df7eeaec08b c1e45152b54f488ea47063c28224d498 53d62699c3f246d895b142a6a784044d - - - -] 10.0.0.195 "DELETE /v2.0/ports/de72fed9-15d5-4faf-9777-c31a63e329a6 HTTP/1.1" status: 204 len: 168 time: 0.2745242
2026-07-24 18:41:22.611 9 INFO neutron.db.ovn_revision_numbers_db [None req-14af9aca-61a3-4dcf-b815-5d5e1dc6cba2 af6cf6b7229b4c9eace48dd4220164e4 8498dd98b53f466e81ae586547e94771 - - default default] Successfully bumped revision number for resource f92113f2-f142-4043-839a-0c411fe444c8 (type: ports) to 1
2026-07-24 18:41:22.756 9 INFO neutron.db.ovn_revision_numbers_db [None req-a9d90697-cd75-43f2-ac10-7e597e44e17a - - - - - -] Successfully bumped revision number for resource 897350ff-f203-47ec-bc5e-4b0010877739 (type: router_ports) to 3
2026-07-24 18:41:22.924 9 INFO neutron.db.ovn_revision_numbers_db [None req-a9d90697-cd75-43f2-ac10-7e597e44e17a - - - - - -] Successfully bumped revision number for resource 897350ff-f203-47ec-bc5e-4b0010877739 (type: ports) to 2
2026-07-24 18:41:23.171 9 INFO neutron.db.ovn_revision_numbers_db [None req-14af9aca-61a3-4dcf-b815-5d5e1dc6cba2 af6cf6b7229b4c9eace48dd4220164e4 8498dd98b53f466e81ae586547e94771 - - default default] Successfully bumped revision number for resource f92113f2-f142-4043-839a-0c411fe444c8 (type: router_ports) to 2
2026-07-24 18:41:23.220 10 INFO neutron.services.segments.plugin [-] Segment 7495b60d-277e-4c13-b17d-7a570a67790d resource provider aggregate not found
2026-07-24 18:41:23.231 10 INFO neutron.services.segments.plugin [-] Segment 7495b60d-277e-4c13-b17d-7a570a67790d resource provider aggregate not found
2026-07-24 18:41:23.252 9 INFO neutron.db.ovn_revision_numbers_db [None req-a9d90697-cd75-43f2-ac10-7e597e44e17a - - - - - -] Successfully bumped revision number for resource 897350ff-f203-47ec-bc5e-4b0010877739 (type: ports) to 4
2026-07-24 18:41:23.260 10 INFO neutron.services.segments.plugin [-] Segment 7495b60d-277e-4c13-b17d-7a570a67790d resource provider not found; error: Placement Client Error (4xx): {"errors": [{"status": 404, "title": "Not Found", "detail": "The resource could not be found.\n\n No resource provider with uuid 7495b60d-277e-4c13-b17d-7a570a67790d found for delete ", "request_id": "req-8623487f-6aa7-44cc-8b90-33933d788294"}]}
2026-07-24 18:41:23.275 10 INFO neutron.services.segments.plugin [-] Segment 7495b60d-277e-4c13-b17d-7a570a67790d resource provider not found; error: Placement Client Error (4xx): {"errors": [{"status": 404, "title": "Not Found", "detail": "The resource could not be found.\n\n No resource provider with uuid 7495b60d-277e-4c13-b17d-7a570a67790d found for delete ", "request_id": "req-baf51a7c-4220-4486-b217-40e26622f433"}]}
2026-07-24 18:41:23.292 10 INFO neutron.wsgi [None req-8caf041b-cd06-4fea-ad50-34107d6e56ec c1e45152b54f488ea47063c28224d498 53d62699c3f246d895b142a6a784044d - - - -] 10.0.0.195 "DELETE /v2.0/networks/1eb1d935-7f43-4cb0-a1c5-7e4aaf71f48d HTTP/1.1" status: 204 len: 168 time: 0.7464578
2026-07-24 18:41:23.741 9 INFO neutron.db.ovn_revision_numbers_db [None req-14af9aca-61a3-4dcf-b815-5d5e1dc6cba2 af6cf6b7229b4c9eace48dd4220164e4 8498dd98b53f466e81ae586547e94771 - - default default] Successfully bumped revision number for resource f92113f2-f142-4043-839a-0c411fe444c8 (type: ports) to 2
2026-07-24 18:41:23.818 10 INFO neutron.plugins.ml2.drivers.ovn.mech_driver.mech_driver [None req-7df97af8-123e-4e21-8433-8871f533c43c - - - - - -] OVN reports status up for port: f92113f2-f142-4043-839a-0c411fe444c8
2026-07-24 18:41:23.828 10 INFO neutron.plugins.ml2.plugin [None req-7df97af8-123e-4e21-8433-8871f533c43c - - - - - -] Attempt 1 to provision port f92113f2-f142-4043-839a-0c411fe444c8
2026-07-24 18:41:23.860 9 WARNING neutron.scheduler.dhcp_agent_scheduler [None req-14af9aca-61a3-4dcf-b815-5d5e1dc6cba2 af6cf6b7229b4c9eace48dd4220164e4 8498dd98b53f466e81ae586547e94771 - - default default] No more DHCP agents
2026-07-24 18:41:23.873 9 WARNING neutron.api.rpc.agentnotifiers.dhcp_rpc_agent_api [None req-14af9aca-61a3-4dcf-b815-5d5e1dc6cba2 af6cf6b7229b4c9eace48dd4220164e4 8498dd98b53f466e81ae586547e94771 - - default default] Unable to schedule network b4f6fbda-8c8d-49c9-973c-16374408342e: no agents available; will retry on subsequent port and subnet creation events.
2026-07-24 18:41:23.956 9 INFO neutron.db.ovn_revision_numbers_db [None req-a9d90697-cd75-43f2-ac10-7e597e44e17a - - - - - -] Successfully bumped revision number for resource 897350ff-f203-47ec-bc5e-4b0010877739 (type: router_ports) to 4
2026-07-24 18:41:24.091 9 INFO neutron.wsgi [None req-5d38c918-2af7-4eb8-bee8-4baaeac6acc5 af6cf6b7229b4c9eace48dd4220164e4 8498dd98b53f466e81ae586547e94771 - - default default] 10.0.0.195 "GET /v2.0/security-groups?tenant_id=53d62699c3f246d895b142a6a784044d&name=default HTTP/1.1" status: 200 len: 2996 time: 0.3018003
2026-07-24 18:41:24.172 9 INFO neutron.wsgi [-] 10.0.0.75 "GET / HTTP/1.1" status: 200 len: 246 time: 0.0018954
2026-07-24 18:41:24.174 9 INFO neutron.wsgi [-] 10.0.0.75 "GET / HTTP/1.1" status: 200 len: 246 time: 0.0009482
2026-07-24 18:41:24.178 10 INFO neutron.db.ovn_revision_numbers_db [None req-7df97af8-123e-4e21-8433-8871f533c43c - - - - - -] Successfully bumped revision number for resource f92113f2-f142-4043-839a-0c411fe444c8 (type: ports) to 3
2026-07-24 18:41:24.324 10 INFO neutron.db.ovn_revision_numbers_db [None req-7df97af8-123e-4e21-8433-8871f533c43c - - - - - -] Successfully bumped revision number for resource f92113f2-f142-4043-839a-0c411fe444c8 (type: router_ports) to 3
2026-07-24 18:41:24.379 10 INFO neutron.wsgi [None req-ae0125fe-2585-4eea-949b-9ed4ade2b68d af6cf6b7229b4c9eace48dd4220164e4 8498dd98b53f466e81ae586547e94771 - - - -] 10.0.0.195 "DELETE /v2.0/security-groups/bb45b80b-8e8b-48f3-b8cd-988049057891 HTTP/1.1" status: 204 len: 168 time: 0.2808344
2026-07-24 18:41:24.482 9 INFO neutron.wsgi [None req-14af9aca-61a3-4dcf-b815-5d5e1dc6cba2 af6cf6b7229b4c9eace48dd4220164e4 8498dd98b53f466e81ae586547e94771 - - - -] 10.0.0.195 "PUT /v2.0/routers/a370df90-6af0-4508-bf45-409b414e7581/add_router_interface HTTP/1.1" status: 200 len: 503 time: 2.8289196
2026-07-24 18:41:24.763 9 INFO neutron.wsgi [req-4b6bcee2-04fc-4d63-a3d7-9b2b36d50934 req-f6ba18de-8825-4019-a75a-4580dc711c3d de74f2d4048c4ef78082d00e49736666 e2f20cd3df98453099bf504f9832b7c6 - - 6674caebc00f4e4b9a9fcb8cf9107f20 6674caebc00f4e4b9a9fcb8cf9107f20] 10.0.0.225 "GET /v2.0/ports?device_id=bb866ffb-0f54-4562-b4c5-04f5affe2cd8 HTTP/1.1" status: 200 len: 1361 time: 0.2045898
2026-07-24 18:41:24.802 9 INFO neutron.wsgi [req-4b6bcee2-04fc-4d63-a3d7-9b2b36d50934 req-f69f1cd6-fec3-462e-a140-ed028330992f de74f2d4048c4ef78082d00e49736666 e2f20cd3df98453099bf504f9832b7c6 - - 6674caebc00f4e4b9a9fcb8cf9107f20 6674caebc00f4e4b9a9fcb8cf9107f20] 10.0.0.225 "GET /v2.0/security-groups?id=98a92935-db04-4785-b156-835448be6c11&fields=id&fields=name HTTP/1.1" status: 200 len: 312 time: 0.0328786
2026-07-24 18:41:25.104 9 INFO neutron.wsgi [None req-2809dacc-155a-4812-976f-2493d384d86f e80ebb7202924d299d4cb4dd9f93899e 52780f2fba744fea9e9b9b719e04a313 - - default default] 10.0.0.82 "GET /v2.0/extensions HTTP/1.1" status: 200 len: 16525 time: 0.0657454
2026-07-24 18:41:25.104 10 INFO neutron.db.ovn_revision_numbers_db [None req-da94af1e-5ed7-4e02-bca4-bb5a189ab02b f700292eaa164233bc4162f5be9a4f9f 57ae9dd40cf54dee9701597637dae482 - - - -] Successfully bumped revision number for resource 81799951-53ee-4b13-8d73-ad4148ea60c7 (type: security_groups) to 1
2026-07-24 18:41:25.126 10 INFO neutron.wsgi [None req-da94af1e-5ed7-4e02-bca4-bb5a189ab02b f700292eaa164233bc4162f5be9a4f9f 57ae9dd40cf54dee9701597637dae482 - - - -] 10.0.0.195 "POST /v2.0/security-groups HTTP/1.1" status: 201 len: 1794 time: 0.1417415
2026-07-24 18:41:25.227 9 INFO neutron.wsgi [None req-6dcd75de-6288-434f-88b0-5bb9a11ce857 e80ebb7202924d299d4cb4dd9f93899e 52780f2fba744fea9e9b9b719e04a313 - - default default] 10.0.0.82 "GET /v2.0/quotas/52780f2fba744fea9e9b9b719e04a313/details HTTP/1.1" status: 200 len: 756 time: 0.1030037
2026-07-24 18:41:25.273 10 INFO neutron.db.ovn_revision_numbers_db [None req-6827608a-7501-4d57-b06b-cb0a31650e5f f700292eaa164233bc4162f5be9a4f9f 57ae9dd40cf54dee9701597637dae482 - - - -] Successfully bumped revision number for resource 3b8c7c5c-40dd-4ae4-a410-2a076a91e3f5 (type: security_group_rules) to 0
2026-07-24 18:41:25.303 10 INFO neutron.wsgi [None req-6827608a-7501-4d57-b06b-cb0a31650e5f f700292eaa164233bc4162f5be9a4f9f 57ae9dd40cf54dee9701597637dae482 - - - -] 10.0.0.195 "POST /v2.0/security-group-rules HTTP/1.1" status: 201 len: 764 time: 0.1645205
2026-07-24 18:41:25.446 10 INFO neutron.db.ovn_revision_numbers_db [None req-4137982f-0398-4ce7-933b-83e13eb194b3 f700292eaa164233bc4162f5be9a4f9f 57ae9dd40cf54dee9701597637dae482 - - - -] Successfully bumped revision number for resource 906c2ac5-281c-4bcd-9981-3d667b6fddeb (type: security_group_rules) to 0
2026-07-24 18:41:25.472 10 INFO neutron.wsgi [None req-4137982f-0398-4ce7-933b-83e13eb194b3 f700292eaa164233bc4162f5be9a4f9f 57ae9dd40cf54dee9701597637dae482 - - - -] 10.0.0.195 "POST /v2.0/security-group-rules HTTP/1.1" status: 201 len: 769 time: 0.1629848
2026-07-24 18:41:25.782 10 WARNING neutron.scheduler.dhcp_agent_scheduler [None req-ad90bdf0-061d-4dcb-9645-5bad6386e7ce f700292eaa164233bc4162f5be9a4f9f 57ae9dd40cf54dee9701597637dae482 - - - -] No more DHCP agents
2026-07-24 18:41:25.783 10 WARNING neutron.api.rpc.agentnotifiers.dhcp_rpc_agent_api [None req-ad90bdf0-061d-4dcb-9645-5bad6386e7ce f700292eaa164233bc4162f5be9a4f9f 57ae9dd40cf54dee9701597637dae482 - - - -] Unable to schedule network 9edd62f8-6081-4780-bbb7-f7b6619461a6: no agents available; will retry on subsequent port and subnet creation events.
2026-07-24 18:41:26.111 10 INFO neutron.db.ovn_revision_numbers_db [None req-ad90bdf0-061d-4dcb-9645-5bad6386e7ce f700292eaa164233bc4162f5be9a4f9f 57ae9dd40cf54dee9701597637dae482 - - - -] Successfully bumped revision number for resource 0b4f731c-520b-41e8-a88c-45a30777c495 (type: floatingips) to 0
2026-07-24 18:41:26.132 10 INFO neutron.wsgi [None req-ad90bdf0-061d-4dcb-9645-5bad6386e7ce f700292eaa164233bc4162f5be9a4f9f 57ae9dd40cf54dee9701597637dae482 - - - -] 10.0.0.195 "POST /v2.0/floatingips HTTP/1.1" status: 201 len: 751 time: 0.6524763
2026-07-24 18:41:26.431 10 INFO neutron.db.ovn_revision_numbers_db [None req-c425c38f-1fa1-4c35-b767-c2decf6bdeaf c677090bc79d46719d1e4600b36470e1 0639c12be71e4c88961651950096b4a8 - - - -] Successfully bumped revision number for resource 9532d1bc-6f5f-4859-883d-8b132125a822 (type: security_groups) to 1
2026-07-24 18:41:26.489 10 INFO neutron.db.segments_db [None req-c425c38f-1fa1-4c35-b767-c2decf6bdeaf c677090bc79d46719d1e4600b36470e1 0639c12be71e4c88961651950096b4a8 - - - -] Added segment 86b4722e-2370-4857-a90a-29ea4f02a34d of type geneve for network 786bf8c5-c11e-427e-8e97-4f0f3f244bf1
2026-07-24 18:41:26.616 10 INFO neutron.db.ovn_revision_numbers_db [None req-c425c38f-1fa1-4c35-b767-c2decf6bdeaf c677090bc79d46719d1e4600b36470e1 0639c12be71e4c88961651950096b4a8 - - - -] Successfully bumped revision number for resource 786bf8c5-c11e-427e-8e97-4f0f3f244bf1 (type: networks) to 1
2026-07-24 18:41:26.847 10 WARNING neutron.scheduler.dhcp_agent_scheduler [None req-c425c38f-1fa1-4c35-b767-c2decf6bdeaf c677090bc79d46719d1e4600b36470e1 0639c12be71e4c88961651950096b4a8 - - - -] No more DHCP agents
2026-07-24 18:41:26.850 10 WARNING neutron.api.rpc.agentnotifiers.dhcp_rpc_agent_api [None req-c425c38f-1fa1-4c35-b767-c2decf6bdeaf c677090bc79d46719d1e4600b36470e1 0639c12be71e4c88961651950096b4a8 - - - -] Unable to schedule network 786bf8c5-c11e-427e-8e97-4f0f3f244bf1: no agents available; will retry on subsequent port and subnet creation events.
2026-07-24 18:41:26.918 10 INFO neutron.db.ovn_revision_numbers_db [None req-c425c38f-1fa1-4c35-b767-c2decf6bdeaf c677090bc79d46719d1e4600b36470e1 0639c12be71e4c88961651950096b4a8 - - - -] Successfully bumped revision number for resource 71101a9d-839f-4808-83a4-23697d1719ba (type: ports) to 1
2026-07-24 18:41:26.942 10 INFO neutron.wsgi [None req-c425c38f-1fa1-4c35-b767-c2decf6bdeaf c677090bc79d46719d1e4600b36470e1 0639c12be71e4c88961651950096b4a8 - - - -] 10.0.0.195 "POST /v2.0/networks HTTP/1.1" status: 201 len: 828 time: 0.7836845
2026-07-24 18:41:27.028 10 INFO neutron.db.segments_db [None req-57e63d67-f242-4980-a7a6-edf99533ad93 c677090bc79d46719d1e4600b36470e1 0639c12be71e4c88961651950096b4a8 - - - -] Added segment bc497566-d425-4c8c-8dbb-be5b0023bb6b of type geneve for network 1a4ddf83-a401-4954-8306-24fef61f0fc8
2026-07-24 18:41:27.144 10 INFO neutron.db.ovn_revision_numbers_db [None req-57e63d67-f242-4980-a7a6-edf99533ad93 c677090bc79d46719d1e4600b36470e1 0639c12be71e4c88961651950096b4a8 - - - -] Successfully bumped revision number for resource 1a4ddf83-a401-4954-8306-24fef61f0fc8 (type: networks) to 1
2026-07-24 18:41:27.369 10 WARNING neutron.scheduler.dhcp_agent_scheduler [None req-57e63d67-f242-4980-a7a6-edf99533ad93 c677090bc79d46719d1e4600b36470e1 0639c12be71e4c88961651950096b4a8 - - - -] No more DHCP agents
2026-07-24 18:41:27.373 10 WARNING neutron.api.rpc.agentnotifiers.dhcp_rpc_agent_api [None req-57e63d67-f242-4980-a7a6-edf99533ad93 c677090bc79d46719d1e4600b36470e1 0639c12be71e4c88961651950096b4a8 - - - -] Unable to schedule network 1a4ddf83-a401-4954-8306-24fef61f0fc8: no agents available; will retry on subsequent port and subnet creation events.
2026-07-24 18:41:27.456 10 INFO neutron.db.ovn_revision_numbers_db [None req-57e63d67-f242-4980-a7a6-edf99533ad93 c677090bc79d46719d1e4600b36470e1 0639c12be71e4c88961651950096b4a8 - - - -] Successfully bumped revision number for resource d1e24f95-5cc1-47d1-ba8e-dda75ef6afe9 (type: ports) to 1
2026-07-24 18:41:27.477 10 INFO neutron.wsgi [None req-57e63d67-f242-4980-a7a6-edf99533ad93 c677090bc79d46719d1e4600b36470e1 0639c12be71e4c88961651950096b4a8 - - - -] 10.0.0.195 "POST /v2.0/networks HTTP/1.1" status: 201 len: 829 time: 0.5277190
2026-07-24 18:41:27.744 9 INFO neutron.wsgi [None req-0d556300-97e1-4c35-a3ea-16ef44c75206 e80ebb7202924d299d4cb4dd9f93899e 52780f2fba744fea9e9b9b719e04a313 - - default default] 10.0.0.82 "GET /v2.0/extensions HTTP/1.1" status: 200 len: 16525 time: 0.0091579
2026-07-24 18:41:27.794 10 WARNING neutron.scheduler.dhcp_agent_scheduler [None req-7a53bcc8-c75d-449e-9773-431078311709 c677090bc79d46719d1e4600b36470e1 0639c12be71e4c88961651950096b4a8 - - - -] No more DHCP agents
2026-07-24 18:41:27.800 10 WARNING neutron.api.rpc.agentnotifiers.dhcp_rpc_agent_api [None req-7a53bcc8-c75d-449e-9773-431078311709 c677090bc79d46719d1e4600b36470e1 0639c12be71e4c88961651950096b4a8 - - - -] Unable to schedule network 786bf8c5-c11e-427e-8e97-4f0f3f244bf1: no agents available; will retry on subsequent port and subnet creation events.
2026-07-24 18:41:27.926 10 INFO neutron.wsgi [None req-ea33ec5f-8785-42cf-ab49-c3c3868496de e80ebb7202924d299d4cb4dd9f93899e 52780f2fba744fea9e9b9b719e04a313 - - default default] 10.0.0.82 "GET /v2.0/quotas/52780f2fba744fea9e9b9b719e04a313/details HTTP/1.1" status: 200 len: 756 time: 0.1654723
2026-07-24 18:41:28.177 10 INFO neutron.wsgi [req-eb695740-c5bc-4d8c-8118-0004d6f20c9c req-2d33a0a7-f73e-4c5e-92a6-2b638a0fb36a f700292eaa164233bc4162f5be9a4f9f 57ae9dd40cf54dee9701597637dae482 - - default default] 10.0.0.3 "GET /v2.0/security-groups?name=tempest-securitygroup--778553185&fields=id&tenant_id=57ae9dd40cf54dee9701597637dae482 HTTP/1.1" status: 200 len: 267 time: 0.0562727
2026-07-24 18:41:28.289 10 INFO neutron.wsgi [req-eb695740-c5bc-4d8c-8118-0004d6f20c9c req-3666e248-c15d-4103-b09e-d000d054f67c f700292eaa164233bc4162f5be9a4f9f 57ae9dd40cf54dee9701597637dae482 - - default default] 10.0.0.3 "GET /v2.0/networks?id=b4f6fbda-8c8d-49c9-973c-16374408342e HTTP/1.1" status: 200 len: 879 time: 0.1059198
2026-07-24 18:41:28.313 10 INFO neutron.wsgi [req-eb695740-c5bc-4d8c-8118-0004d6f20c9c req-d20ab360-4b2f-4d38-9557-c7e44a716319 f700292eaa164233bc4162f5be9a4f9f 57ae9dd40cf54dee9701597637dae482 - - default default] 10.0.0.3 "GET /v2.0/quotas/57ae9dd40cf54dee9701597637dae482 HTTP/1.1" status: 200 len: 386 time: 0.0144601
2026-07-24 18:41:28.368 10 INFO neutron.db.ovn_revision_numbers_db [None req-7a53bcc8-c75d-449e-9773-431078311709 c677090bc79d46719d1e4600b36470e1 0639c12be71e4c88961651950096b4a8 - - - -] Successfully bumped revision number for resource 71101a9d-839f-4808-83a4-23697d1719ba (type: ports) to 2
2026-07-24 18:41:28.411 10 INFO neutron.db.ovn_revision_numbers_db [None req-7a53bcc8-c75d-449e-9773-431078311709 c677090bc79d46719d1e4600b36470e1 0639c12be71e4c88961651950096b4a8 - - - -] Successfully bumped revision number for resource e39ff930-6898-4960-a7d1-3e9e23ac494b (type: subnets) to 0
2026-07-24 18:41:28.427 10 INFO neutron.wsgi [req-eb695740-c5bc-4d8c-8118-0004d6f20c9c req-76367261-5ed1-4728-9cc5-10d785edc92d f700292eaa164233bc4162f5be9a4f9f 57ae9dd40cf54dee9701597637dae482 - - default default] 10.0.0.3 "GET /v2.0/ports?tenant_id=57ae9dd40cf54dee9701597637dae482&fields=id HTTP/1.1" status: 200 len: 302 time: 0.1044145
2026-07-24 18:41:28.435 10 INFO neutron.wsgi [None req-7a53bcc8-c75d-449e-9773-431078311709 c677090bc79d46719d1e4600b36470e1 0639c12be71e4c88961651950096b4a8 - - - -] 10.0.0.195 "POST /v2.0/subnets HTTP/1.1" status: 201 len: 801 time: 0.9520948
2026-07-24 18:41:28.495 10 INFO neutron.wsgi [req-eb695740-c5bc-4d8c-8118-0004d6f20c9c req-ff26495d-f238-4866-9c3b-9323cdfe3b3e de74f2d4048c4ef78082d00e49736666 e2f20cd3df98453099bf504f9832b7c6 - - 6674caebc00f4e4b9a9fcb8cf9107f20 6674caebc00f4e4b9a9fcb8cf9107f20] 10.0.0.3 "GET /v2.0/networks/b4f6fbda-8c8d-49c9-973c-16374408342e?fields=segments HTTP/1.1" status: 200 len: 212 time: 0.0559471
2026-07-24 18:41:28.566 10 INFO neutron.wsgi [req-eb695740-c5bc-4d8c-8118-0004d6f20c9c req-3031eea6-9ccd-42b3-a816-a066826d1bb3 de74f2d4048c4ef78082d00e49736666 e2f20cd3df98453099bf504f9832b7c6 - - 6674caebc00f4e4b9a9fcb8cf9107f20 6674caebc00f4e4b9a9fcb8cf9107f20] 10.0.0.3 "GET /v2.0/networks/b4f6fbda-8c8d-49c9-973c-16374408342e?fields=provider%3Aphysical_network&fields=provider%3Anetwork_type HTTP/1.1" status: 200 len: 277 time: 0.0624826
2026-07-24 18:41:28.764 9 WARNING neutron.scheduler.dhcp_agent_scheduler [None req-1fc099ec-841e-4c47-8a44-02fc0d449158 c677090bc79d46719d1e4600b36470e1 0639c12be71e4c88961651950096b4a8 - - - -] No more DHCP agents
2026-07-24 18:41:28.766 9 WARNING neutron.api.rpc.agentnotifiers.dhcp_rpc_agent_api [None req-1fc099ec-841e-4c47-8a44-02fc0d449158 c677090bc79d46719d1e4600b36470e1 0639c12be71e4c88961651950096b4a8 - - - -] Unable to schedule network 1a4ddf83-a401-4954-8306-24fef61f0fc8: no agents available; will retry on subsequent port and subnet creation events.
2026-07-24 18:41:28.949 10 INFO neutron.wsgi [req-c034b6d4-9259-4dec-bbd3-6e25a0af2dfe req-ca8904a8-e459-4756-a4a9-42061c0c1f9e f700292eaa164233bc4162f5be9a4f9f 57ae9dd40cf54dee9701597637dae482 - - default default] 10.0.0.3 "GET /v2.0/ports?device_id=166efa56-4b49-425d-93fa-e6035254e386 HTTP/1.1" status: 200 len: 210 time: 0.0247145
2026-07-24 18:41:29.399 9 INFO neutron.db.ovn_revision_numbers_db [None req-1fc099ec-841e-4c47-8a44-02fc0d449158 c677090bc79d46719d1e4600b36470e1 0639c12be71e4c88961651950096b4a8 - - - -] Successfully bumped revision number for resource d1e24f95-5cc1-47d1-ba8e-dda75ef6afe9 (type: ports) to 2
2026-07-24 18:41:29.426 9 INFO neutron.db.ovn_revision_numbers_db [None req-1fc099ec-841e-4c47-8a44-02fc0d449158 c677090bc79d46719d1e4600b36470e1 0639c12be71e4c88961651950096b4a8 - - - -] Successfully bumped revision number for resource 83a6e9bd-f52c-43c7-bf66-41f28330970e (type: subnets) to 0
2026-07-24 18:41:29.443 9 INFO neutron.wsgi [None req-1fc099ec-841e-4c47-8a44-02fc0d449158 c677090bc79d46719d1e4600b36470e1 0639c12be71e4c88961651950096b4a8 - - - -] 10.0.0.195 "POST /v2.0/subnets HTTP/1.1" status: 201 len: 801 time: 1.0031819
2026-07-24 18:41:29.656 10 WARNING neutron.plugins.ml2.drivers.ovn.mech_driver.ovsdb.ovn_client [None req-7df97af8-123e-4e21-8433-8871f533c43c - - - - - -] No hosting information found for port f92113f2-f142-4043-839a-0c411fe444c8: RuntimeError: No hosting information found for port f92113f2-f142-4043-839a-0c411fe444c8
2026-07-24 18:41:29.659 9 INFO neutron.db.ovn_revision_numbers_db [None req-d29b93a8-c34a-4874-887e-2d40940272d2 c677090bc79d46719d1e4600b36470e1 0639c12be71e4c88961651950096b4a8 - - - -] Successfully bumped revision number for resource 02e0569b-1900-430a-b75d-9d6603849062 (type: routers) to 1
2026-07-24 18:41:29.676 9 INFO neutron.wsgi [None req-d29b93a8-c34a-4874-887e-2d40940272d2 c677090bc79d46719d1e4600b36470e1 0639c12be71e4c88961651950096b4a8 - - - -] 10.0.0.195 "POST /v2.0/routers HTTP/1.1" status: 201 len: 686 time: 0.2272596
2026-07-24 18:41:29.881 9 INFO neutron.wsgi [req-eb695740-c5bc-4d8c-8118-0004d6f20c9c req-68d9054f-e498-4c59-87e8-731a20005ec1 f700292eaa164233bc4162f5be9a4f9f 57ae9dd40cf54dee9701597637dae482 - - default default] 199.19.213.152 "GET /v2.0/networks?id=b4f6fbda-8c8d-49c9-973c-16374408342e HTTP/1.1" status: 200 len: 879 time: 0.1198034
2026-07-24 18:41:30.010 9 INFO neutron.wsgi [req-eb695740-c5bc-4d8c-8118-0004d6f20c9c req-ba2c4b76-1dfc-4aff-aae9-d302123bd57a f700292eaa164233bc4162f5be9a4f9f 57ae9dd40cf54dee9701597637dae482 - - default default] 199.19.213.152 "GET /v2.0/security-groups?fields=id&fields=name&tenant_id=57ae9dd40cf54dee9701597637dae482 HTTP/1.1" status: 200 len: 379 time: 0.1117449
2026-07-24 18:41:30.076 10 INFO neutron.wsgi [req-655f6b9e-c172-44c5-807e-1d05c2672f49 req-6370007b-9aee-4c29-8e9b-618fc7971b3a f700292eaa164233bc4162f5be9a4f9f 57ae9dd40cf54dee9701597637dae482 - - default default] 10.0.0.3 "GET /v2.0/ports?device_id=166efa56-4b49-425d-93fa-e6035254e386 HTTP/1.1" status: 200 len: 210 time: 0.0289743
2026-07-24 18:41:30.278 9 WARNING neutron.scheduler.dhcp_agent_scheduler [None req-4568bbef-68ed-4a8c-b60e-705754d44a0c c677090bc79d46719d1e4600b36470e1 0639c12be71e4c88961651950096b4a8 - - default default] No more DHCP agents
2026-07-24 18:41:30.283 9 WARNING neutron.api.rpc.agentnotifiers.dhcp_rpc_agent_api [None req-4568bbef-68ed-4a8c-b60e-705754d44a0c c677090bc79d46719d1e4600b36470e1 0639c12be71e4c88961651950096b4a8 - - default default] Unable to schedule network 786bf8c5-c11e-427e-8e97-4f0f3f244bf1: no agents available; will retry on subsequent port and subnet creation events.
2026-07-24 18:41:30.340 10 INFO neutron.wsgi [req-6b8b725f-26ec-4faf-86cf-71fbe5476827 req-1aaee896-2e67-4a68-99e2-4fb0366220ad 876eaad00882460db3ea98d9e5df357d 393659d14ae1459a9a94059651c426c8 - - default default] 10.0.0.3 "GET /v2.0/ports?device_id=bb866ffb-0f54-4562-b4c5-04f5affe2cd8 HTTP/1.1" status: 200 len: 1170 time: 0.0875154
2026-07-24 18:41:30.379 10 INFO neutron.wsgi [req-6b8b725f-26ec-4faf-86cf-71fbe5476827 req-386f2e92-2073-4bd7-896e-1d06abaf9673 876eaad00882460db3ea98d9e5df357d 393659d14ae1459a9a94059651c426c8 - - default default] 10.0.0.3 "GET /v2.0/security-groups?id=98a92935-db04-4785-b156-835448be6c11&fields=id&fields=name HTTP/1.1" status: 200 len: 312 time: 0.0313320
2026-07-24 18:41:30.480 9 INFO neutron.db.ovn_revision_numbers_db [None req-4568bbef-68ed-4a8c-b60e-705754d44a0c c677090bc79d46719d1e4600b36470e1 0639c12be71e4c88961651950096b4a8 - - default default] Successfully bumped revision number for resource 2081b861-3da5-4bed-8922-48ce77c362f8 (type: ports) to 1
2026-07-24 18:41:30.490 10 INFO neutron.wsgi [req-17dbc3cd-8491-451e-b273-87be87400e5f req-53717c93-54f6-4d39-9def-4489263aa1cf 876eaad00882460db3ea98d9e5df357d 393659d14ae1459a9a94059651c426c8 - - default default] 10.0.0.3 "GET /v2.0/ports?device_id=bb866ffb-0f54-4562-b4c5-04f5affe2cd8 HTTP/1.1" status: 200 len: 1170 time: 0.0398188
2026-07-24 18:41:30.529 10 INFO neutron.wsgi [req-17dbc3cd-8491-451e-b273-87be87400e5f req-358de9c1-b8b3-4a01-9b81-a6cbbed6bdde 876eaad00882460db3ea98d9e5df357d 393659d14ae1459a9a94059651c426c8 - - default default] 10.0.0.3 "GET /v2.0/security-groups?id=98a92935-db04-4785-b156-835448be6c11&fields=id&fields=name HTTP/1.1" status: 200 len: 312 time: 0.0297172
2026-07-24 18:41:30.529 9 WARNING neutron.scheduler.dhcp_agent_scheduler [None req-933ca010-02a3-4ca0-aa4e-91fa7d3dfcbb f700292eaa164233bc4162f5be9a4f9f 57ae9dd40cf54dee9701597637dae482 - - - -] No more DHCP agents
2026-07-24 18:41:30.534 9 WARNING neutron.api.rpc.agentnotifiers.dhcp_rpc_agent_api [None req-933ca010-02a3-4ca0-aa4e-91fa7d3dfcbb f700292eaa164233bc4162f5be9a4f9f 57ae9dd40cf54dee9701597637dae482 - - - -] Unable to schedule network b4f6fbda-8c8d-49c9-973c-16374408342e: no agents available; will retry on subsequent port and subnet creation events.
2026-07-24 18:41:30.757 10 INFO neutron.db.ovn_revision_numbers_db [None req-5bf46de9-4ad7-4d0c-b78f-05a854eecda9 af6cf6b7229b4c9eace48dd4220164e4 8498dd98b53f466e81ae586547e94771 - - default default] Successfully bumped revision number for resource 449d7cb0-3576-4524-8aaa-4a76bf964777 (type: security_groups) to 1
2026-07-24 18:41:30.782 10 INFO neutron.wsgi [None req-5bf46de9-4ad7-4d0c-b78f-05a854eecda9 af6cf6b7229b4c9eace48dd4220164e4 8498dd98b53f466e81ae586547e94771 - - default default] 10.0.0.195 "GET /v2.0/security-groups?tenant_id=52780f2fba744fea9e9b9b719e04a313&name=default HTTP/1.1" status: 200 len: 2996 time: 0.2836142
2026-07-24 18:41:30.931 10 INFO neutron.wsgi [req-a4c784b2-a108-4b69-8460-d18b8a114088 req-64bb1e84-3610-4c5a-a846-956c3be05205 876eaad00882460db3ea98d9e5df357d 393659d14ae1459a9a94059651c426c8 - - default default] 10.0.0.3 "GET /v2.0/ports?device_id=bb866ffb-0f54-4562-b4c5-04f5affe2cd8 HTTP/1.1" status: 200 len: 1170 time: 0.0533004
2026-07-24 18:41:30.980 10 INFO neutron.wsgi [req-a4c784b2-a108-4b69-8460-d18b8a114088 req-1c094c50-563a-4f01-a756-632bd464a3bf 876eaad00882460db3ea98d9e5df357d 393659d14ae1459a9a94059651c426c8 - - default default] 10.0.0.3 "GET /v2.0/security-groups?id=98a92935-db04-4785-b156-835448be6c11&fields=id&fields=name HTTP/1.1" status: 200 len: 312 time: 0.0416820
2026-07-24 18:41:31.032 10 INFO neutron.wsgi [None req-120c3726-38b7-490d-8e47-b5eb0ec3ab17 af6cf6b7229b4c9eace48dd4220164e4 8498dd98b53f466e81ae586547e94771 - - - -] 10.0.0.195 "DELETE /v2.0/security-groups/449d7cb0-3576-4524-8aaa-4a76bf964777 HTTP/1.1" status: 204 len: 168 time: 0.2457843 /var/lib/openstack/lib/python3.10/site-packages/pycadf/identifier.py:71: UserWarning: Invalid uuid: neutron. To ensure interoperability, identifiers should be a valid uuid. warnings.warn(('Invalid uuid: %s. To ensure interoperability, '
2026-07-24 18:41:31.173 9 INFO neutron.wsgi [req-9962262c-d476-43f4-ae41-57c2f3e557f2 req-a0f3a72f-941d-4cb7-9779-ce22ca57e299 de74f2d4048c4ef78082d00e49736666 e2f20cd3df98453099bf504f9832b7c6 - - 6674caebc00f4e4b9a9fcb8cf9107f20 6674caebc00f4e4b9a9fcb8cf9107f20] 199.19.213.152 "GET /v2.0/ports?tenant_id=393659d14ae1459a9a94059651c426c8&device_id=bb866ffb-0f54-4562-b4c5-04f5affe2cd8 HTTP/1.1" status: 200 len: 1361 time: 0.0504408
2026-07-24 18:41:31.193 10 INFO neutron.wsgi [req-c2972590-639c-4cee-b52d-6eade279c545 req-59059b90-f5bf-4774-8e6a-6feb3819dbb8 f700292eaa164233bc4162f5be9a4f9f 57ae9dd40cf54dee9701597637dae482 - - default default] 10.0.0.3 "GET /v2.0/ports?device_id=166efa56-4b49-425d-93fa-e6035254e386 HTTP/1.1" status: 200 len: 1156 time: 0.0411708
2026-07-24 18:41:31.194 9 INFO neutron.db.ovn_revision_numbers_db [None req-933ca010-02a3-4ca0-aa4e-91fa7d3dfcbb f700292eaa164233bc4162f5be9a4f9f 57ae9dd40cf54dee9701597637dae482 - - - -] Successfully bumped revision number for resource 120772ff-acef-4fcc-88a1-78031ddb2665 (type: ports) to 1
2026-07-24 18:41:31.245 10 INFO neutron.wsgi [req-c2972590-639c-4cee-b52d-6eade279c545 req-55d5ad62-a39f-4b8f-be34-fcef0fd964fc f700292eaa164233bc4162f5be9a4f9f 57ae9dd40cf54dee9701597637dae482 - - default default] 10.0.0.3 "GET /v2.0/security-groups?id=81799951-53ee-4b13-8d73-ad4148ea60c7&fields=id&fields=name HTTP/1.1" status: 200 len: 312 time: 0.0441217
2026-07-24 18:41:31.259 9 INFO neutron.wsgi [None req-933ca010-02a3-4ca0-aa4e-91fa7d3dfcbb f700292eaa164233bc4162f5be9a4f9f 57ae9dd40cf54dee9701597637dae482 - - - -] 199.19.213.152 "POST /v2.0/ports HTTP/1.1" status: 201 len: 1158 time: 1.2425156
2026-07-24 18:41:31.295 9 INFO neutron.wsgi [req-9962262c-d476-43f4-ae41-57c2f3e557f2 req-a187d522-cde0-4097-98b9-35f7cf66c004 de74f2d4048c4ef78082d00e49736666 e2f20cd3df98453099bf504f9832b7c6 - - 6674caebc00f4e4b9a9fcb8cf9107f20 6674caebc00f4e4b9a9fcb8cf9107f20] 199.19.213.152 "GET /v2.0/networks?id=ee794dbf-bfe6-4087-870f-a49107e147c8 HTTP/1.1" status: 200 len: 973 time: 0.1157272
2026-07-24 18:41:31.381 9 INFO neutron.wsgi [req-9962262c-d476-43f4-ae41-57c2f3e557f2 req-769a89a0-5d0e-455c-90e6-a3905ce42c77 de74f2d4048c4ef78082d00e49736666 e2f20cd3df98453099bf504f9832b7c6 - - 6674caebc00f4e4b9a9fcb8cf9107f20 6674caebc00f4e4b9a9fcb8cf9107f20] 199.19.213.152 "GET /v2.0/floatingips?fixed_ip_address=10.100.0.9&port_id=4eacf3ad-3c97-4532-8e38-d4eddb68e938 HTTP/1.1" status: 200 len: 1059 time: 0.0732384
2026-07-24 18:41:31.445 9 INFO neutron.wsgi [req-9962262c-d476-43f4-ae41-57c2f3e557f2 req-c810aa13-9b35-4fd8-9b2a-c0c93445ddac de74f2d4048c4ef78082d00e49736666 e2f20cd3df98453099bf504f9832b7c6 - - 6674caebc00f4e4b9a9fcb8cf9107f20 6674caebc00f4e4b9a9fcb8cf9107f20] 199.19.213.152 "GET /v2.0/subnets?id=161efb0a-a774-4736-a98a-7014df577932 HTTP/1.1" status: 200 len: 868 time: 0.0529194
2026-07-24 18:41:31.544 9 INFO neutron.wsgi [req-9962262c-d476-43f4-ae41-57c2f3e557f2 req-b9f83f10-d862-47e6-8a88-4ad7baf3d1ad de74f2d4048c4ef78082d00e49736666 e2f20cd3df98453099bf504f9832b7c6 - - 6674caebc00f4e4b9a9fcb8cf9107f20 6674caebc00f4e4b9a9fcb8cf9107f20] 199.19.213.152 "GET /v2.0/ports?network_id=ee794dbf-bfe6-4087-870f-a49107e147c8&device_owner=network%3Adhcp HTTP/1.1" status: 200 len: 210 time: 0.0869927
2026-07-24 18:41:31.590 9 INFO neutron.plugins.ml2.drivers.ovn.mech_driver.mech_driver [None req-446a6c98-7e52-4e02-ad18-1bd5f30e1b9e - - - - - -] OVN reports status up for port: 2081b861-3da5-4bed-8922-48ce77c362f8
2026-07-24 18:41:31.637 9 INFO neutron.plugins.ml2.plugin [None req-446a6c98-7e52-4e02-ad18-1bd5f30e1b9e - - - - - -] Attempt 1 to provision port 2081b861-3da5-4bed-8922-48ce77c362f8
2026-07-24 18:41:31.638 9 INFO neutron.db.ovn_revision_numbers_db [None req-4568bbef-68ed-4a8c-b60e-705754d44a0c c677090bc79d46719d1e4600b36470e1 0639c12be71e4c88961651950096b4a8 - - default default] Successfully bumped revision number for resource 2081b861-3da5-4bed-8922-48ce77c362f8 (type: router_ports) to 2
2026-07-24 18:41:31.682 9 INFO neutron.wsgi [req-9962262c-d476-43f4-ae41-57c2f3e557f2 req-0c211ba4-6b69-4b94-90a1-077f688a9b8e de74f2d4048c4ef78082d00e49736666 e2f20cd3df98453099bf504f9832b7c6 - - 6674caebc00f4e4b9a9fcb8cf9107f20 6674caebc00f4e4b9a9fcb8cf9107f20] 199.19.213.152 "GET /v2.0/networks/ee794dbf-bfe6-4087-870f-a49107e147c8?fields=segments HTTP/1.1" status: 200 len: 212 time: 0.1293356
2026-07-24 18:41:31.836 9 INFO neutron.wsgi [req-9962262c-d476-43f4-ae41-57c2f3e557f2 req-f647a3b1-2864-4475-b380-6212a9dc4e13 de74f2d4048c4ef78082d00e49736666 e2f20cd3df98453099bf504f9832b7c6 - - 6674caebc00f4e4b9a9fcb8cf9107f20 6674caebc00f4e4b9a9fcb8cf9107f20] 199.19.213.152 "GET /v2.0/networks/ee794dbf-bfe6-4087-870f-a49107e147c8?fields=provider%3Aphysical_network&fields=provider%3Anetwork_type HTTP/1.1" status: 200 len: 277 time: 0.1470962
2026-07-24 18:41:31.965 9 INFO neutron.db.ovn_revision_numbers_db [None req-4568bbef-68ed-4a8c-b60e-705754d44a0c c677090bc79d46719d1e4600b36470e1 0639c12be71e4c88961651950096b4a8 - - default default] Successfully bumped revision number for resource 2081b861-3da5-4bed-8922-48ce77c362f8 (type: ports) to 2
2026-07-24 18:41:32.120 9 INFO neutron.db.ovn_revision_numbers_db [None req-819a8beb-3873-46ce-9de9-948dd8a60b5e de74f2d4048c4ef78082d00e49736666 e2f20cd3df98453099bf504f9832b7c6 - - - -] Successfully bumped revision number for resource 120772ff-acef-4fcc-88a1-78031ddb2665 (type: ports) to 2
2026-07-24 18:41:32.130 9 WARNING neutron.scheduler.dhcp_agent_scheduler [None req-4568bbef-68ed-4a8c-b60e-705754d44a0c c677090bc79d46719d1e4600b36470e1 0639c12be71e4c88961651950096b4a8 - - default default] No more DHCP agents
2026-07-24 18:41:32.136 9 WARNING neutron.api.rpc.agentnotifiers.dhcp_rpc_agent_api [None req-4568bbef-68ed-4a8c-b60e-705754d44a0c c677090bc79d46719d1e4600b36470e1 0639c12be71e4c88961651950096b4a8 - - default default] Unable to schedule network 786bf8c5-c11e-427e-8e97-4f0f3f244bf1: no agents available; will retry on subsequent port and subnet creation events.
2026-07-24 18:41:32.153 10 INFO neutron.wsgi [req-62c09eb9-b925-4054-999e-8563c24105fc req-e29f55e6-29d3-4075-919c-68c1634abea9 876eaad00882460db3ea98d9e5df357d 393659d14ae1459a9a94059651c426c8 - - default default] 10.0.0.3 "GET /v2.0/ports?device_id=bb866ffb-0f54-4562-b4c5-04f5affe2cd8 HTTP/1.1" status: 200 len: 1170 time: 0.0582466
2026-07-24 18:41:32.202 9 INFO neutron.db.ovn_revision_numbers_db [None req-446a6c98-7e52-4e02-ad18-1bd5f30e1b9e - - - - - -] Successfully bumped revision number for resource 2081b861-3da5-4bed-8922-48ce77c362f8 (type: ports) to 3
2026-07-24 18:41:32.206 10 INFO neutron.wsgi [req-62c09eb9-b925-4054-999e-8563c24105fc req-7a014bec-c0b8-4b45-a67c-05982293967d 876eaad00882460db3ea98d9e5df357d 393659d14ae1459a9a94059651c426c8 - - default default] 10.0.0.3 "GET /v2.0/security-groups?id=98a92935-db04-4785-b156-835448be6c11&fields=id&fields=name HTTP/1.1" status: 200 len: 312 time: 0.0447104
2026-07-24 18:41:32.386 10 INFO neutron.wsgi [req-e1419aac-40dd-4223-8447-67de346bd0b8 req-be2646e0-e0f5-477b-8106-f7c6988d9668 f700292eaa164233bc4162f5be9a4f9f 57ae9dd40cf54dee9701597637dae482 - - default default] 10.0.0.3 "GET /v2.0/ports?device_id=166efa56-4b49-425d-93fa-e6035254e386 HTTP/1.1" status: 200 len: 1168 time: 0.0503800
2026-07-24 18:41:32.436 10 INFO neutron.wsgi [req-e1419aac-40dd-4223-8447-67de346bd0b8 req-3c081850-6958-4ab6-97bf-1e4964548e05 f700292eaa164233bc4162f5be9a4f9f 57ae9dd40cf54dee9701597637dae482 - - default default] 10.0.0.3 "GET /v2.0/security-groups?id=81799951-53ee-4b13-8d73-ad4148ea60c7&fields=id&fields=name HTTP/1.1" status: 200 len: 312 time: 0.0391939
2026-07-24 18:41:32.489 9 INFO neutron.db.ovn_revision_numbers_db [None req-446a6c98-7e52-4e02-ad18-1bd5f30e1b9e - - - - - -] Successfully bumped revision number for resource 2081b861-3da5-4bed-8922-48ce77c362f8 (type: router_ports) to 3
2026-07-24 18:41:32.503 9 INFO neutron.db.ovn_revision_numbers_db [None req-4568bbef-68ed-4a8c-b60e-705754d44a0c c677090bc79d46719d1e4600b36470e1 0639c12be71e4c88961651950096b4a8 - - - -] Successfully bumped revision number for resource 2081b861-3da5-4bed-8922-48ce77c362f8 (type: router_ports) to 3
2026-07-24 18:41:32.505 9 INFO neutron.wsgi [None req-4568bbef-68ed-4a8c-b60e-705754d44a0c c677090bc79d46719d1e4600b36470e1 0639c12be71e4c88961651950096b4a8 - - - -] 10.0.0.195 "PUT /v2.0/routers/02e0569b-1900-430a-b75d-9d6603849062/add_router_interface HTTP/1.1" status: 200 len: 503 time: 2.8184776
2026-07-24 18:41:32.519 9 INFO neutron.db.ovn_revision_numbers_db [None req-819a8beb-3873-46ce-9de9-948dd8a60b5e de74f2d4048c4ef78082d00e49736666 e2f20cd3df98453099bf504f9832b7c6 - - - -] Successfully bumped revision number for resource 120772ff-acef-4fcc-88a1-78031ddb2665 (type: ports) to 2
2026-07-24 18:41:32.545 10 INFO neutron.wsgi [None req-e300fa18-8c3c-4c5e-b2a3-75da363b292e c677090bc79d46719d1e4600b36470e1 0639c12be71e4c88961651950096b4a8 - - default default] 10.0.0.195 "GET /v2.0/ports/2081b861-3da5-4bed-8922-48ce77c362f8 HTTP/1.1" status: 200 len: 1137 time: 0.0331838
2026-07-24 18:41:32.554 9 INFO neutron.wsgi [None req-819a8beb-3873-46ce-9de9-948dd8a60b5e de74f2d4048c4ef78082d00e49736666 e2f20cd3df98453099bf504f9832b7c6 - - - -] 199.19.213.152 "PUT /v2.0/ports/120772ff-acef-4fcc-88a1-78031ddb2665 HTTP/1.1" status: 200 len: 1328 time: 1.2869391 /var/lib/openstack/lib/python3.10/site-packages/pycadf/identifier.py:71: UserWarning: Invalid uuid: neutron. To ensure interoperability, identifiers should be a valid uuid. warnings.warn(('Invalid uuid: %s. To ensure interoperability, '
2026-07-24 18:41:32.614 9 INFO neutron.notifiers.nova [-] Nova event matching ['req-21e738bc-90ae-4d74-9d15-9af5cf2abdb3'] response: {'name': 'network-changed', 'server_uuid': '166efa56-4b49-425d-93fa-e6035254e386', 'tag': '120772ff-acef-4fcc-88a1-78031ddb2665', 'status': 'completed', 'code': 200}
2026-07-24 18:41:32.666 9 INFO neutron.wsgi [req-eb695740-c5bc-4d8c-8118-0004d6f20c9c req-526acf1e-1bd8-4b08-9a42-1461e2fed6eb de74f2d4048c4ef78082d00e49736666 e2f20cd3df98453099bf504f9832b7c6 - - 6674caebc00f4e4b9a9fcb8cf9107f20 6674caebc00f4e4b9a9fcb8cf9107f20] 199.19.213.152 "GET /v2.0/ports?tenant_id=57ae9dd40cf54dee9701597637dae482&device_id=166efa56-4b49-425d-93fa-e6035254e386 HTTP/1.1" status: 200 len: 1359 time: 0.0710337
2026-07-24 18:41:32.724 9 INFO neutron.wsgi [req-eb695740-c5bc-4d8c-8118-0004d6f20c9c req-28b1f598-b445-47b6-907b-b210fbdc1294 de74f2d4048c4ef78082d00e49736666 e2f20cd3df98453099bf504f9832b7c6 - - 6674caebc00f4e4b9a9fcb8cf9107f20 6674caebc00f4e4b9a9fcb8cf9107f20] 199.19.213.152 "GET /v2.0/floatingips?fixed_ip_address=10.100.0.5&port_id=120772ff-acef-4fcc-88a1-78031ddb2665 HTTP/1.1" status: 200 len: 217 time: 0.0477192
2026-07-24 18:41:32.791 9 INFO neutron.wsgi [req-eb695740-c5bc-4d8c-8118-0004d6f20c9c req-746c0979-008a-43c6-9c1e-d68524bd62a2 de74f2d4048c4ef78082d00e49736666 e2f20cd3df98453099bf504f9832b7c6 - - 6674caebc00f4e4b9a9fcb8cf9107f20 6674caebc00f4e4b9a9fcb8cf9107f20] 199.19.213.152 "GET /v2.0/subnets?id=3841e7a8-7ef4-433e-be54-d2205d32dca5 HTTP/1.1" status: 200 len: 873 time: 0.0601723
2026-07-24 18:41:33.223 9 INFO neutron.wsgi [req-eb695740-c5bc-4d8c-8118-0004d6f20c9c req-388993b3-0739-4a34-a495-a57fee1782d5 de74f2d4048c4ef78082d00e49736666 e2f20cd3df98453099bf504f9832b7c6 - - 6674caebc00f4e4b9a9fcb8cf9107f20 6674caebc00f4e4b9a9fcb8cf9107f20] 199.19.213.152 "GET /v2.0/ports?network_id=b4f6fbda-8c8d-49c9-973c-16374408342e&device_owner=network%3Adhcp HTTP/1.1" status: 200 len: 210 time: 0.4243720
2026-07-24 18:41:33.356 10 INFO neutron.wsgi [req-3c302e4b-1c47-4fde-b9a2-eeeda02554db req-5800fea7-f8eb-4b41-bb04-41a49c0c034d 876eaad00882460db3ea98d9e5df357d 393659d14ae1459a9a94059651c426c8 - - default default] 10.0.0.3 "GET /v2.0/ports?device_id=bb866ffb-0f54-4562-b4c5-04f5affe2cd8 HTTP/1.1" status: 200 len: 1170 time: 0.0752962
2026-07-24 18:41:33.413 10 INFO neutron.wsgi [req-3c302e4b-1c47-4fde-b9a2-eeeda02554db req-17140861-06a4-4cdc-8c2d-8acfb6a6b054 876eaad00882460db3ea98d9e5df357d 393659d14ae1459a9a94059651c426c8 - - default default] 10.0.0.3 "GET /v2.0/security-groups?id=98a92935-db04-4785-b156-835448be6c11&fields=id&fields=name HTTP/1.1" status: 200 len: 312 time: 0.0502791
2026-07-24 18:41:33.458 10 WARNING neutron.scheduler.dhcp_agent_scheduler [None req-079bb0e0-7c97-4440-8ec9-6097d37dd4d0 c677090bc79d46719d1e4600b36470e1 0639c12be71e4c88961651950096b4a8 - - default default] No more DHCP agents
2026-07-24 18:41:33.460 10 WARNING neutron.api.rpc.agentnotifiers.dhcp_rpc_agent_api [None req-079bb0e0-7c97-4440-8ec9-6097d37dd4d0 c677090bc79d46719d1e4600b36470e1 0639c12be71e4c88961651950096b4a8 - - default default] Unable to schedule network 1a4ddf83-a401-4954-8306-24fef61f0fc8: no agents available; will retry on subsequent port and subnet creation events.
2026-07-24 18:41:33.477 9 INFO neutron.wsgi [req-eb695740-c5bc-4d8c-8118-0004d6f20c9c req-36184712-41e6-45e8-91c8-3f0397edc1ac de74f2d4048c4ef78082d00e49736666 e2f20cd3df98453099bf504f9832b7c6 - - 6674caebc00f4e4b9a9fcb8cf9107f20 6674caebc00f4e4b9a9fcb8cf9107f20] 199.19.213.152 "GET /v2.0/networks/b4f6fbda-8c8d-49c9-973c-16374408342e?fields=segments HTTP/1.1" status: 200 len: 212 time: 0.0769260
2026-07-24 18:41:33.567 9 INFO neutron.wsgi [req-eb695740-c5bc-4d8c-8118-0004d6f20c9c req-028f3c03-29eb-4e4e-b267-6cd5a336443b de74f2d4048c4ef78082d00e49736666 e2f20cd3df98453099bf504f9832b7c6 - - 6674caebc00f4e4b9a9fcb8cf9107f20 6674caebc00f4e4b9a9fcb8cf9107f20] 199.19.213.152 "GET /v2.0/networks/b4f6fbda-8c8d-49c9-973c-16374408342e?fields=provider%3Aphysical_network&fields=provider%3Anetwork_type HTTP/1.1" status: 200 len: 277 time: 0.0675788
2026-07-24 18:41:33.645 10 INFO neutron.db.ovn_revision_numbers_db [None req-079bb0e0-7c97-4440-8ec9-6097d37dd4d0 c677090bc79d46719d1e4600b36470e1 0639c12be71e4c88961651950096b4a8 - - default default] Successfully bumped revision number for resource c03133ec-0af0-435a-8c6c-94a692f8cb49 (type: ports) to 1
2026-07-24 18:41:33.654 10 INFO neutron.wsgi [req-3efe96a6-a763-41b7-a7e0-99ee57acc863 req-d2fc9060-cad2-4783-9486-57c91dbfb4c8 f700292eaa164233bc4162f5be9a4f9f 57ae9dd40cf54dee9701597637dae482 - - default default] 10.0.0.3 "GET /v2.0/ports?device_id=166efa56-4b49-425d-93fa-e6035254e386 HTTP/1.1" status: 200 len: 1168 time: 0.1234667
2026-07-24 18:41:33.657 9 INFO neutron.wsgi [req-ceb76405-fa36-4818-ac15-66774dbf9e2f req-5fe6eff8-41af-4c55-a30a-eb5be7137757 de74f2d4048c4ef78082d00e49736666 e2f20cd3df98453099bf504f9832b7c6 - - 6674caebc00f4e4b9a9fcb8cf9107f20 6674caebc00f4e4b9a9fcb8cf9107f20] 199.19.213.152 "GET /v2.0/ports?tenant_id=57ae9dd40cf54dee9701597637dae482&device_id=166efa56-4b49-425d-93fa-e6035254e386 HTTP/1.1" status: 200 len: 1359 time: 0.0458510
2026-07-24 18:41:33.726 10 INFO neutron.wsgi [req-3efe96a6-a763-41b7-a7e0-99ee57acc863 req-2e9bfa2e-0631-4b18-b212-72a556ab57f2 f700292eaa164233bc4162f5be9a4f9f 57ae9dd40cf54dee9701597637dae482 - - default default] 10.0.0.3 "GET /v2.0/security-groups?id=81799951-53ee-4b13-8d73-ad4148ea60c7&fields=id&fields=name HTTP/1.1" status: 200 len: 312 time: 0.0487990
2026-07-24 18:41:33.738 9 INFO neutron.wsgi [req-ceb76405-fa36-4818-ac15-66774dbf9e2f req-c7e3c85a-d68a-490e-8b9d-53ae7b010f02 de74f2d4048c4ef78082d00e49736666 e2f20cd3df98453099bf504f9832b7c6 - - 6674caebc00f4e4b9a9fcb8cf9107f20 6674caebc00f4e4b9a9fcb8cf9107f20] 199.19.213.152 "GET /v2.0/networks?id=b4f6fbda-8c8d-49c9-973c-16374408342e HTTP/1.1" status: 200 len: 978 time: 0.0750024
2026-07-24 18:41:33.783 9 INFO neutron.wsgi [req-ceb76405-fa36-4818-ac15-66774dbf9e2f req-109a9e22-8e76-4f37-a70e-986c8f35b29a de74f2d4048c4ef78082d00e49736666 e2f20cd3df98453099bf504f9832b7c6 - - 6674caebc00f4e4b9a9fcb8cf9107f20 6674caebc00f4e4b9a9fcb8cf9107f20] 199.19.213.152 "GET /v2.0/floatingips?fixed_ip_address=10.100.0.5&port_id=120772ff-acef-4fcc-88a1-78031ddb2665 HTTP/1.1" status: 200 len: 217 time: 0.0328891
2026-07-24 18:41:33.800 10 INFO neutron.plugins.ml2.drivers.ovn.mech_driver.mech_driver [None req-7df97af8-123e-4e21-8433-8871f533c43c - - - - - -] OVN reports status up for port: 120772ff-acef-4fcc-88a1-78031ddb2665
2026-07-24 18:41:33.834 10 INFO neutron.plugins.ml2.plugin [None req-7df97af8-123e-4e21-8433-8871f533c43c - - - - - -] Attempt 1 to provision port 120772ff-acef-4fcc-88a1-78031ddb2665
2026-07-24 18:41:33.844 9 INFO neutron.wsgi [req-ceb76405-fa36-4818-ac15-66774dbf9e2f req-f4323fa1-c9ca-46a9-b442-079fc9045cd5 de74f2d4048c4ef78082d00e49736666 e2f20cd3df98453099bf504f9832b7c6 - - 6674caebc00f4e4b9a9fcb8cf9107f20 6674caebc00f4e4b9a9fcb8cf9107f20] 199.19.213.152 "GET /v2.0/subnets?id=3841e7a8-7ef4-433e-be54-d2205d32dca5 HTTP/1.1" status: 200 len: 873 time: 0.0545924
2026-07-24 18:41:33.882 9 INFO neutron.wsgi [req-ceb76405-fa36-4818-ac15-66774dbf9e2f req-de9a0d4e-51cc-4119-9e8e-263ce2975d69 de74f2d4048c4ef78082d00e49736666 e2f20cd3df98453099bf504f9832b7c6 - - 6674caebc00f4e4b9a9fcb8cf9107f20 6674caebc00f4e4b9a9fcb8cf9107f20] 199.19.213.152 "GET /v2.0/ports?network_id=b4f6fbda-8c8d-49c9-973c-16374408342e&device_owner=network%3Adhcp HTTP/1.1" status: 200 len: 210 time: 0.0318213
2026-07-24 18:41:33.972 9 INFO neutron.wsgi [req-ceb76405-fa36-4818-ac15-66774dbf9e2f req-0bfd1121-d7c6-486b-b1e7-c436642f52da de74f2d4048c4ef78082d00e49736666 e2f20cd3df98453099bf504f9832b7c6 - - 6674caebc00f4e4b9a9fcb8cf9107f20 6674caebc00f4e4b9a9fcb8cf9107f20] 199.19.213.152 "GET /v2.0/networks/b4f6fbda-8c8d-49c9-973c-16374408342e?fields=segments HTTP/1.1" status: 200 len: 212 time: 0.0841024
2026-07-24 18:41:34.060 10 INFO neutron.notifiers.nova [-] Nova event matching ['req-4bbbfc1f-09d6-4c46-b564-97195770b5ca'] response: {'server_uuid': '166efa56-4b49-425d-93fa-e6035254e386', 'name': 'network-vif-plugged', 'status': 'completed', 'tag': '120772ff-acef-4fcc-88a1-78031ddb2665', 'code': 200}
2026-07-24 18:41:34.065 9 INFO neutron.wsgi [req-ceb76405-fa36-4818-ac15-66774dbf9e2f req-8523a381-aa32-42a2-9678-9f9efd16ad30 de74f2d4048c4ef78082d00e49736666 e2f20cd3df98453099bf504f9832b7c6 - - 6674caebc00f4e4b9a9fcb8cf9107f20 6674caebc00f4e4b9a9fcb8cf9107f20] 199.19.213.152 "GET /v2.0/networks/b4f6fbda-8c8d-49c9-973c-16374408342e?fields=provider%3Aphysical_network&fields=provider%3Anetwork_type HTTP/1.1" status: 200 len: 277 time: 0.0865433
2026-07-24 18:41:34.274 10 INFO neutron.db.ovn_revision_numbers_db [None req-7df97af8-123e-4e21-8433-8871f533c43c - - - - - -] Successfully bumped revision number for resource 120772ff-acef-4fcc-88a1-78031ddb2665 (type: ports) to 4
2026-07-24 18:41:34.381 10 INFO neutron.db.ovn_revision_numbers_db [None req-079bb0e0-7c97-4440-8ec9-6097d37dd4d0 c677090bc79d46719d1e4600b36470e1 0639c12be71e4c88961651950096b4a8 - - default default] Successfully bumped revision number for resource c03133ec-0af0-435a-8c6c-94a692f8cb49 (type: router_ports) to 2 /var/lib/openstack/lib/python3.10/site-packages/pycadf/identifier.py:71: UserWarning: Invalid uuid: neutron. To ensure interoperability, identifiers should be a valid uuid. warnings.warn(('Invalid uuid: %s. To ensure interoperability, '
2026-07-24 18:41:34.543 10 INFO neutron.wsgi [req-7cf78c23-36ba-4fd9-bc72-0f9a85bfe5a3 req-a3bf1c90-746e-46ef-a82e-14f17851d9f4 876eaad00882460db3ea98d9e5df357d 393659d14ae1459a9a94059651c426c8 - - default default] 10.0.0.3 "GET /v2.0/ports?device_id=bb866ffb-0f54-4562-b4c5-04f5affe2cd8 HTTP/1.1" status: 200 len: 1170 time: 0.0455570
2026-07-24 18:41:34.592 10 INFO neutron.wsgi [req-7cf78c23-36ba-4fd9-bc72-0f9a85bfe5a3 req-8d612abb-fd21-460b-8c9b-3f7f689f45cd 876eaad00882460db3ea98d9e5df357d 393659d14ae1459a9a94059651c426c8 - - default default] 10.0.0.3 "GET /v2.0/security-groups?id=98a92935-db04-4785-b156-835448be6c11&fields=id&fields=name HTTP/1.1" status: 200 len: 312 time: 0.0415332
2026-07-24 18:41:34.596 10 INFO neutron.db.ovn_revision_numbers_db [None req-079bb0e0-7c97-4440-8ec9-6097d37dd4d0 c677090bc79d46719d1e4600b36470e1 0639c12be71e4c88961651950096b4a8 - - default default] Successfully bumped revision number for resource c03133ec-0af0-435a-8c6c-94a692f8cb49 (type: ports) to 2
2026-07-24 18:41:34.666 9 INFO neutron.db.ovn_revision_numbers_db [None req-54c01d35-4111-4f34-b87b-8f2e675471de 3a8887a4b1b84f3d82d49650b11cfb92 eaa93d1fc5c64b15a3082aac97c302ea - - - -] Successfully bumped revision number for resource 033b4093-f39d-41c2-bd51-42e468e9596d (type: security_groups) to 1
2026-07-24 18:41:34.698 10 WARNING neutron.scheduler.dhcp_agent_scheduler [None req-079bb0e0-7c97-4440-8ec9-6097d37dd4d0 c677090bc79d46719d1e4600b36470e1 0639c12be71e4c88961651950096b4a8 - - default default] No more DHCP agents
2026-07-24 18:41:34.701 10 WARNING neutron.api.rpc.agentnotifiers.dhcp_rpc_agent_api [None req-079bb0e0-7c97-4440-8ec9-6097d37dd4d0 c677090bc79d46719d1e4600b36470e1 0639c12be71e4c88961651950096b4a8 - - default default] Unable to schedule network 1a4ddf83-a401-4954-8306-24fef61f0fc8: no agents available; will retry on subsequent port and subnet creation events.
2026-07-24 18:41:34.732 9 INFO neutron.db.segments_db [None req-54c01d35-4111-4f34-b87b-8f2e675471de 3a8887a4b1b84f3d82d49650b11cfb92 eaa93d1fc5c64b15a3082aac97c302ea - - - -] Added segment 0a7468d0-c66e-4600-91b9-1458fa5f3ca0 of type geneve for network cb24897f-54fd-4717-bebe-5932908741a5
2026-07-24 18:41:34.848 10 INFO neutron.wsgi [req-0efa4d31-fb6d-4cef-b901-76e9f37c2afd req-5594a5a5-b6d9-4823-a3e8-aae9ab542490 f700292eaa164233bc4162f5be9a4f9f 57ae9dd40cf54dee9701597637dae482 - - default default] 10.0.0.3 "GET /v2.0/ports?device_id=166efa56-4b49-425d-93fa-e6035254e386 HTTP/1.1" status: 200 len: 1170 time: 0.0510080
2026-07-24 18:41:34.881 9 INFO neutron.db.ovn_revision_numbers_db [None req-54c01d35-4111-4f34-b87b-8f2e675471de 3a8887a4b1b84f3d82d49650b11cfb92 eaa93d1fc5c64b15a3082aac97c302ea - - - -] Successfully bumped revision number for resource cb24897f-54fd-4717-bebe-5932908741a5 (type: networks) to 1
2026-07-24 18:41:34.923 10 INFO neutron.wsgi [req-0efa4d31-fb6d-4cef-b901-76e9f37c2afd req-873a987c-7c73-437f-84e4-ebd62f12dd8b f700292eaa164233bc4162f5be9a4f9f 57ae9dd40cf54dee9701597637dae482 - - default default] 10.0.0.3 "GET /v2.0/security-groups?id=81799951-53ee-4b13-8d73-ad4148ea60c7&fields=id&fields=name HTTP/1.1" status: 200 len: 312 time: 0.0691447
2026-07-24 18:41:34.929 10 INFO neutron.db.ovn_revision_numbers_db [None req-079bb0e0-7c97-4440-8ec9-6097d37dd4d0 c677090bc79d46719d1e4600b36470e1 0639c12be71e4c88961651950096b4a8 - - - -] Successfully bumped revision number for resource c03133ec-0af0-435a-8c6c-94a692f8cb49 (type: router_ports) to 2
2026-07-24 18:41:34.931 10 INFO neutron.wsgi [None req-079bb0e0-7c97-4440-8ec9-6097d37dd4d0 c677090bc79d46719d1e4600b36470e1 0639c12be71e4c88961651950096b4a8 - - - -] 10.0.0.195 "PUT /v2.0/routers/02e0569b-1900-430a-b75d-9d6603849062/add_router_interface HTTP/1.1" status: 200 len: 503 time: 2.3783820
