2026-07-24 18:47:49.157 9 INFO neutron.wsgi [req-3e2224d0-7f0d-4ce2-9881-27563a57d3da req-044dad00-1286-428f-ae34-58dde3874fec af6cf6b7229b4c9eace48dd4220164e4 8498dd98b53f466e81ae586547e94771 - - default default] 199.19.213.152 "GET /v2.0/ports?device_id=4e490256-84d2-4eb8-a065-e82646933293 HTTP/1.1" status: 200 len: 1367 time: 0.0417073
2026-07-24 18:47:49.419 9 INFO neutron.wsgi [None req-aea1afda-34a0-4388-a740-f53b3b3bd579 af6cf6b7229b4c9eace48dd4220164e4 8498dd98b53f466e81ae586547e94771 - - - -] 199.19.213.152 "DELETE /v2.0/ports/b4fd0dc5-feb8-4b76-bda9-78e776d84a46 HTTP/1.1" status: 204 len: 173 time: 0.2584388
2026-07-24 18:47:49.442 10 ERROR neutron.plugins.ml2.managers [None req-7df97af8-123e-4e21-8433-8871f533c43c - - - - - -] Mechanism driver 'ovn' failed in update_port_postcommit: ovsdbapp.backend.ovs_idl.idlutils.RowNotFound: Cannot find Logical_Switch_Port with name=b4fd0dc5-feb8-4b76-bda9-78e776d84a46
2026-07-24 18:47:49.442 10 ERROR neutron.plugins.ml2.managers
Traceback (most recent call last):
2026-07-24 18:47:49.442 10 ERROR neutron.plugins.ml2.managers
File "/var/lib/openstack/lib/python3.10/site-packages/neutron/plugins/ml2/managers.py", line 497, in _call_on_drivers
2026-07-24 18:47:49.442 10 ERROR neutron.plugins.ml2.managers getattr(driver.obj, method_name)(context)
2026-07-24 18:47:49.442 10 ERROR neutron.plugins.ml2.managers
File "/var/lib/openstack/lib/python3.10/site-packages/neutron/plugins/ml2/drivers/ovn/mech_driver/mech_driver.py", line 874, in update_port_postcommit
2026-07-24 18:47:49.442 10 ERROR neutron.plugins.ml2.managers self._ovn_update_port(context._plugin_context, port, original_port,
2026-07-24 18:47:49.442 10 ERROR neutron.plugins.ml2.managers
File "/var/lib/openstack/lib/python3.10/site-packages/neutron/plugins/ml2/drivers/ovn/mech_driver/mech_driver.py", line 757, in _ovn_update_port
2026-07-24 18:47:49.442 10 ERROR neutron.plugins.ml2.managers self._ovn_client.update_port(plugin_context, port,
2026-07-24 18:47:49.442 10 ERROR neutron.plugins.ml2.managers
File "/var/lib/openstack/lib/python3.10/site-packages/neutron/plugins/ml2/drivers/ovn/mech_driver/ovsdb/ovn_client.py", line 813, in update_port
2026-07-24 18:47:49.442 10 ERROR neutron.plugins.ml2.managers ovn_port = self._nb_idl.lookup('Logical_Switch_Port', port['id'])
2026-07-24 18:47:49.442 10 ERROR neutron.plugins.ml2.managers
File "/var/lib/openstack/lib/python3.10/site-packages/ovsdbapp/backend/ovs_idl/__init__.py", line 181, in lookup
2026-07-24 18:47:49.442 10 ERROR neutron.plugins.ml2.managers return self._lookup(table, record)
2026-07-24 18:47:49.442 10 ERROR neutron.plugins.ml2.managers
File "/var/lib/openstack/lib/python3.10/site-packages/ovsdbapp/backend/ovs_idl/__init__.py", line 228, in _lookup
2026-07-24 18:47:49.442 10 ERROR neutron.plugins.ml2.managers row = idlutils.row_by_value(self, rl.table, rl.column, record)
2026-07-24 18:47:49.442 10 ERROR neutron.plugins.ml2.managers
File "/var/lib/openstack/lib/python3.10/site-packages/ovsdbapp/backend/ovs_idl/idlutils.py", line 114, in row_by_value
2026-07-24 18:47:49.442 10 ERROR neutron.plugins.ml2.managers raise RowNotFound(table=table, col=column, match=match)
2026-07-24 18:47:49.442 10 ERROR neutron.plugins.ml2.managers ovsdbapp.backend.ovs_idl.idlutils.RowNotFound: Cannot find Logical_Switch_Port with name=b4fd0dc5-feb8-4b76-bda9-78e776d84a46
2026-07-24 18:47:49.442 10 ERROR neutron.plugins.ml2.managers 
2026-07-24 18:47:49.459 9 INFO neutron.notifiers.nova [-] Nova event matching ['req-d8586c06-7549-4048-8847-d626b41124b8'] response: {'server_uuid': '4e490256-84d2-4eb8-a065-e82646933293', 'name': 'network-vif-deleted', 'tag': 'b4fd0dc5-feb8-4b76-bda9-78e776d84a46', 'status': 'completed', 'code': 200}
2026-07-24 18:47:50.177 10 INFO neutron.notifiers.nova [-] Nova event matching ['req-d4afb33b-1c99-405f-a33f-74b9500137a8'] response: {'server_uuid': '4e490256-84d2-4eb8-a065-e82646933293', 'name': 'network-vif-unplugged', 'status': 'completed', 'tag': 'b4fd0dc5-feb8-4b76-bda9-78e776d84a46', 'code': 200}
2026-07-24 18:47:50.178 10 INFO neutron.notifiers.nova [-] Nova event matching ['req-d4afb33b-1c99-405f-a33f-74b9500137a8'] response: {'server_uuid': '4e490256-84d2-4eb8-a065-e82646933293', 'name': 'network-vif-plugged', 'status': 'completed', 'tag': 'b4fd0dc5-feb8-4b76-bda9-78e776d84a46', 'code': 200}
2026-07-24 18:47:50.648 9 INFO neutron.db.l3_db [None req-0eaa96c4-2861-48a0-87c0-186a50288f57 652ca3bda8bb484088747c253d53aa67 5f83ee4d92864e89b29c2fb4f0554007 - - - -] Floating IP ba2ddbc8-c880-4dc2-8f41-7747e1de98d4 disassociated (deleted). External IP: 10.96.250.219, port: 1a541ff7-056c-4b37-8a32-4db83677ab25.
2026-07-24 18:47:50.759 9 INFO neutron.wsgi [None req-0eaa96c4-2861-48a0-87c0-186a50288f57 652ca3bda8bb484088747c253d53aa67 5f83ee4d92864e89b29c2fb4f0554007 - - - -] 10.0.0.195 "DELETE /v2.0/floatingips/ba2ddbc8-c880-4dc2-8f41-7747e1de98d4 HTTP/1.1" status: 204 len: 168 time: 0.6124356 /var/lib/openstack/lib/python3.10/site-packages/pycadf/identifier.py:71: UserWarning: Invalid uuid: neutron. To ensure interoperability, identifiers should be a valid uuid. warnings.warn(('Invalid uuid: %s. To ensure interoperability, '
2026-07-24 18:47:50.791 9 INFO neutron.api.v2.resource [None req-3eb9e379-be9a-4d7f-9fa3-05f3bb094b32 652ca3bda8bb484088747c253d53aa67 5f83ee4d92864e89b29c2fb4f0554007 - - default default] show failed (client error): The resource could not be found.
2026-07-24 18:47:50.793 9 INFO neutron.wsgi [None req-3eb9e379-be9a-4d7f-9fa3-05f3bb094b32 652ca3bda8bb484088747c253d53aa67 5f83ee4d92864e89b29c2fb4f0554007 - - default default] 10.0.0.195 "GET /v2.0/floatingips/ba2ddbc8-c880-4dc2-8f41-7747e1de98d4 HTTP/1.1" status: 404 len: 345 time: 0.0289731
2026-07-24 18:47:50.854 9 INFO neutron.wsgi [None req-9e27b0b8-7de9-44ba-8e3d-084b79593e03 af6cf6b7229b4c9eace48dd4220164e4 8498dd98b53f466e81ae586547e94771 - - default default] 10.0.0.108 "GET /v2.0/floatingips HTTP/1.1" status: 200 len: 1034 time: 0.1148014
2026-07-24 18:47:50.909 9 INFO neutron.wsgi [None req-9fe49da5-00a3-4e03-98c7-c587adce6eeb af6cf6b7229b4c9eace48dd4220164e4 8498dd98b53f466e81ae586547e94771 - - default default] 10.0.0.108 "GET /v2.0/ports HTTP/1.1" status: 200 len: 16349 time: 0.0533104
2026-07-24 18:47:50.969 9 INFO neutron.wsgi [None req-abba5fab-1dad-4313-9214-d08f5c209a84 af6cf6b7229b4c9eace48dd4220164e4 8498dd98b53f466e81ae586547e94771 - - default default] 10.0.0.108 "GET /v2.0/subnets HTTP/1.1" status: 200 len: 5495 time: 0.0457003
2026-07-24 18:47:50.997 9 INFO neutron.wsgi [None req-34ec4877-9d14-4afb-a8a5-67324c3989e6 af6cf6b7229b4c9eace48dd4220164e4 8498dd98b53f466e81ae586547e94771 - - default default] 10.0.0.108 "GET /v2.0/subnetpools HTTP/1.1" status: 200 len: 193 time: 0.0233448
2026-07-24 18:47:51.019 9 INFO neutron.wsgi [None req-c56d15ac-9f9b-402b-af7d-5507c5bca886 af6cf6b7229b4c9eace48dd4220164e4 8498dd98b53f466e81ae586547e94771 - - default default] 10.0.0.108 "GET /v2.0/agents HTTP/1.1" status: 200 len: 997 time: 0.0213146
2026-07-24 18:47:51.048 9 INFO neutron.wsgi [None req-8e4a258d-8309-4c33-bc75-f0762b44d397 af6cf6b7229b4c9eace48dd4220164e4 8498dd98b53f466e81ae586547e94771 - - default default] 10.0.0.108 "GET /v2.0/network-ip-availabilities HTTP/1.1" status: 200 len: 3362 time: 0.0260592
2026-07-24 18:47:51.058 10 INFO neutron.plugins.ml2.drivers.ovn.mech_driver.mech_driver [None req-7df97af8-123e-4e21-8433-8871f533c43c - - - - - -] OVN reports status down for port: 1a541ff7-056c-4b37-8a32-4db83677ab25
2026-07-24 18:47:51.149 9 INFO neutron.wsgi [None req-18bd0533-17ee-4eee-84cb-0d067f51a593 af6cf6b7229b4c9eace48dd4220164e4 8498dd98b53f466e81ae586547e94771 - - default default] 10.0.0.108 "GET /v2.0/networks HTTP/1.1" status: 200 len: 4720 time: 0.0998516
2026-07-24 18:47:51.155 10 INFO neutron.wsgi [req-4d60f228-1866-4577-b415-6fa42e5bb184 req-1563e165-1bb5-4123-b9b0-2ffb3ccb0ad8 652ca3bda8bb484088747c253d53aa67 5f83ee4d92864e89b29c2fb4f0554007 - - default default] 10.0.0.3 "GET /v2.0/ports?device_id=901b00ed-d368-4618-9fe2-db8e4c6b324e HTTP/1.1" status: 200 len: 1404 time: 0.1651189
2026-07-24 18:47:51.192 9 INFO neutron.wsgi [None req-a3ac6995-b463-4a1c-b2cd-4f48f0d6ea4c af6cf6b7229b4c9eace48dd4220164e4 8498dd98b53f466e81ae586547e94771 - - default default] 10.0.0.108 "GET /v2.0/subnets HTTP/1.1" status: 200 len: 5495 time: 0.0403025
2026-07-24 18:47:51.211 10 INFO neutron.wsgi [req-4d60f228-1866-4577-b415-6fa42e5bb184 req-b4484f77-6bee-44f0-af02-03f82b09f4ef 652ca3bda8bb484088747c253d53aa67 5f83ee4d92864e89b29c2fb4f0554007 - - default default] 10.0.0.3 "GET /v2.0/security-groups?id=fc5939d7-5c21-4096-a5f7-5da9be368231&fields=id&fields=name HTTP/1.1" status: 200 len: 310 time: 0.0450351
2026-07-24 18:47:51.272 9 INFO neutron.wsgi [None req-3b191877-13d2-4ce1-8a08-54568ccad16b af6cf6b7229b4c9eace48dd4220164e4 8498dd98b53f466e81ae586547e94771 - - default default] 10.0.0.108 "GET /v2.0/security-groups HTTP/1.1" status: 200 len: 27531 time: 0.0774832
2026-07-24 18:47:51.370 10 INFO neutron.db.ovn_revision_numbers_db [None req-7df97af8-123e-4e21-8433-8871f533c43c - - - - - -] Successfully bumped revision number for resource 1a541ff7-056c-4b37-8a32-4db83677ab25 (type: ports) to 5
2026-07-24 18:47:51.405 9 INFO neutron.wsgi [None req-4914089d-58dd-4f3f-9210-2330e205eb74 af6cf6b7229b4c9eace48dd4220164e4 8498dd98b53f466e81ae586547e94771 - - default default] 10.0.0.108 "GET /v2.0/routers HTTP/1.1" status: 200 len: 850 time: 0.1245701
2026-07-24 18:47:51.446 9 INFO neutron.wsgi [None req-a3a09519-4a1a-4a36-a49c-f9389fbb2bc6 af6cf6b7229b4c9eace48dd4220164e4 8498dd98b53f466e81ae586547e94771 - - default default] 10.0.0.108 "GET /v2.0/agents?binary=ovn-controller HTTP/1.1" status: 200 len: 591 time: 0.0228941
2026-07-24 18:47:51.456 9 INFO neutron.wsgi [req-53242602-f6c4-4982-a9cc-68d76cf98f1c req-7490f865-49e4-4784-a370-451cc2717dea 652ca3bda8bb484088747c253d53aa67 5f83ee4d92864e89b29c2fb4f0554007 - - default default] 199.19.213.152 "GET /v2.0/ports?device_id=901b00ed-d368-4618-9fe2-db8e4c6b324e HTTP/1.1" status: 200 len: 1402 time: 0.1362867
2026-07-24 18:47:51.510 9 INFO neutron.notifiers.nova [-] Nova event matching ['req-163af93e-1154-4410-85e9-4c7048678980'] response: {'name': 'network-changed', 'server_uuid': '901b00ed-d368-4618-9fe2-db8e4c6b324e', 'tag': '1a541ff7-056c-4b37-8a32-4db83677ab25', 'status': 'completed', 'code': 200}
2026-07-24 18:47:51.593 9 INFO neutron.wsgi [req-9a5ba22f-402d-4933-92be-fafa5a1a577a req-761b37ef-2516-4222-899f-16638bcfc1d7 de74f2d4048c4ef78082d00e49736666 e2f20cd3df98453099bf504f9832b7c6 - - 6674caebc00f4e4b9a9fcb8cf9107f20 6674caebc00f4e4b9a9fcb8cf9107f20] 199.19.213.152 "GET /v2.0/ports?tenant_id=5f83ee4d92864e89b29c2fb4f0554007&device_id=901b00ed-d368-4618-9fe2-db8e4c6b324e HTTP/1.1" status: 200 len: 1592 time: 0.0508354
2026-07-24 18:47:51.729 9 INFO neutron.wsgi [req-9a5ba22f-402d-4933-92be-fafa5a1a577a req-e3d9bc34-7f18-4f0e-a64b-88aa68d41e24 de74f2d4048c4ef78082d00e49736666 e2f20cd3df98453099bf504f9832b7c6 - - 6674caebc00f4e4b9a9fcb8cf9107f20 6674caebc00f4e4b9a9fcb8cf9107f20] 199.19.213.152 "GET /v2.0/networks?id=09f81d0f-9733-4e5e-933e-d351e9d3ccc5 HTTP/1.1" status: 200 len: 1001 time: 0.1212089
2026-07-24 18:47:51.778 9 INFO neutron.wsgi [req-9a5ba22f-402d-4933-92be-fafa5a1a577a req-fe1615be-8de4-4f8b-86b3-b615535c2197 de74f2d4048c4ef78082d00e49736666 e2f20cd3df98453099bf504f9832b7c6 - - 6674caebc00f4e4b9a9fcb8cf9107f20 6674caebc00f4e4b9a9fcb8cf9107f20] 199.19.213.152 "GET /v2.0/floatingips?fixed_ip_address=10.2.2.223&port_id=1a541ff7-056c-4b37-8a32-4db83677ab25 HTTP/1.1" status: 200 len: 217 time: 0.0323272
2026-07-24 18:47:51.820 9 INFO neutron.wsgi [req-9a5ba22f-402d-4933-92be-fafa5a1a577a req-9143f56c-1b47-4add-a92c-8d6234b31a8f de74f2d4048c4ef78082d00e49736666 e2f20cd3df98453099bf504f9832b7c6 - - 6674caebc00f4e4b9a9fcb8cf9107f20 6674caebc00f4e4b9a9fcb8cf9107f20] 199.19.213.152 "GET /v2.0/floatingips?fixed_ip_address=fd77%3A1457%3A4cf0%3A26a8%3A%3A1b5&port_id=1a541ff7-056c-4b37-8a32-4db83677ab25 HTTP/1.1" status: 200 len: 217 time: 0.0345731
2026-07-24 18:47:51.882 9 INFO neutron.wsgi [req-9a5ba22f-402d-4933-92be-fafa5a1a577a req-04ebbaab-d9d4-40c1-abab-ced9fe95c784 de74f2d4048c4ef78082d00e49736666 e2f20cd3df98453099bf504f9832b7c6 - - 6674caebc00f4e4b9a9fcb8cf9107f20 6674caebc00f4e4b9a9fcb8cf9107f20] 199.19.213.152 "GET /v2.0/subnets?id=2d131ddd-aee2-4130-8c0e-adc5056ca29e&id=5e1ce358-17ba-47bc-953a-d7bddbb1dcbe HTTP/1.1" status: 200 len: 1566 time: 0.0515499
2026-07-24 18:47:51.915 9 INFO neutron.wsgi [req-9a5ba22f-402d-4933-92be-fafa5a1a577a req-2f98ea9d-66a3-4512-b2f1-4dc833a81ca9 de74f2d4048c4ef78082d00e49736666 e2f20cd3df98453099bf504f9832b7c6 - - 6674caebc00f4e4b9a9fcb8cf9107f20 6674caebc00f4e4b9a9fcb8cf9107f20] 199.19.213.152 "GET /v2.0/ports?network_id=09f81d0f-9733-4e5e-933e-d351e9d3ccc5&device_owner=network%3Adhcp HTTP/1.1" status: 200 len: 210 time: 0.0252061
2026-07-24 18:47:51.961 9 INFO neutron.wsgi [req-9a5ba22f-402d-4933-92be-fafa5a1a577a req-5d71bcef-4544-476b-9aba-a0974886f068 de74f2d4048c4ef78082d00e49736666 e2f20cd3df98453099bf504f9832b7c6 - - 6674caebc00f4e4b9a9fcb8cf9107f20 6674caebc00f4e4b9a9fcb8cf9107f20] 199.19.213.152 "GET /v2.0/ports?network_id=09f81d0f-9733-4e5e-933e-d351e9d3ccc5&device_owner=network%3Adhcp HTTP/1.1" status: 200 len: 210 time: 0.0343637
2026-07-24 18:47:51.995 9 INFO neutron.wsgi [None req-2add5d8b-24be-4021-a66c-e6aec0881d24 652ca3bda8bb484088747c253d53aa67 5f83ee4d92864e89b29c2fb4f0554007 - - - -] 199.19.213.152 "DELETE /v2.0/ports/1a541ff7-056c-4b37-8a32-4db83677ab25 HTTP/1.1" status: 204 len: 173 time: 0.5341010
2026-07-24 18:47:52.033 9 INFO neutron.wsgi [req-9a5ba22f-402d-4933-92be-fafa5a1a577a req-782497a9-444b-43f3-b21b-56911cbbb0e4 de74f2d4048c4ef78082d00e49736666 e2f20cd3df98453099bf504f9832b7c6 - - 6674caebc00f4e4b9a9fcb8cf9107f20 6674caebc00f4e4b9a9fcb8cf9107f20] 199.19.213.152 "GET /v2.0/networks/09f81d0f-9733-4e5e-933e-d351e9d3ccc5?fields=segments HTTP/1.1" status: 200 len: 212 time: 0.0576525
2026-07-24 18:47:52.143 9 INFO neutron.wsgi [req-9a5ba22f-402d-4933-92be-fafa5a1a577a req-e01a8785-c6db-40ba-853f-a54e96e92fc0 de74f2d4048c4ef78082d00e49736666 e2f20cd3df98453099bf504f9832b7c6 - - 6674caebc00f4e4b9a9fcb8cf9107f20 6674caebc00f4e4b9a9fcb8cf9107f20] 199.19.213.152 "GET /v2.0/networks/09f81d0f-9733-4e5e-933e-d351e9d3ccc5?fields=provider%3Aphysical_network&fields=provider%3Anetwork_type HTTP/1.1" status: 200 len: 277 time: 0.1012850
2026-07-24 18:47:52.226 10 INFO neutron.notifiers.nova [-] Nova event matching ['req-1c19a8b2-16ba-422b-8af4-2e5cfed7d2ac'] response: {'server_uuid': '901b00ed-d368-4618-9fe2-db8e4c6b324e', 'name': 'network-vif-unplugged', 'status': 'completed', 'tag': '1a541ff7-056c-4b37-8a32-4db83677ab25', 'code': 200}
2026-07-24 18:47:52.226 10 INFO neutron.notifiers.nova [-] Nova event matching ['req-1c19a8b2-16ba-422b-8af4-2e5cfed7d2ac'] response: {'server_uuid': '901b00ed-d368-4618-9fe2-db8e4c6b324e', 'name': 'network-vif-plugged', 'status': 'completed', 'tag': '1a541ff7-056c-4b37-8a32-4db83677ab25', 'code': 200}
2026-07-24 18:47:53.551 9 INFO neutron.notifiers.nova [-] Nova event matching ['req-a507e01d-aaa7-41ea-9790-79bee26d724c'] response: {'server_uuid': '901b00ed-d368-4618-9fe2-db8e4c6b324e', 'name': 'network-vif-deleted', 'tag': '1a541ff7-056c-4b37-8a32-4db83677ab25', 'status': 'completed', 'code': 200}
2026-07-24 18:47:54.173 9 INFO neutron.wsgi [-] 10.0.0.75 "GET / HTTP/1.1" status: 200 len: 246 time: 0.0022120
2026-07-24 18:47:54.173 10 INFO neutron.wsgi [-] 10.0.0.75 "GET / HTTP/1.1" status: 200 len: 246 time: 0.0023782
2026-07-24 18:47:56.661 9 INFO neutron.db.l3_db [None req-cef9dd26-2221-4f35-8c1c-b0855904fe4d 652ca3bda8bb484088747c253d53aa67 5f83ee4d92864e89b29c2fb4f0554007 - - - -] Floating IP d0680e8d-651a-479f-8901-f05d053bc388 disassociated (deleted). External IP: 10.96.250.210, port: a74b6fc9-c302-4311-8846-d9cc3755224a.
2026-07-24 18:47:56.715 9 INFO neutron.wsgi [None req-cef9dd26-2221-4f35-8c1c-b0855904fe4d 652ca3bda8bb484088747c253d53aa67 5f83ee4d92864e89b29c2fb4f0554007 - - - -] 10.0.0.195 "DELETE /v2.0/floatingips/d0680e8d-651a-479f-8901-f05d053bc388 HTTP/1.1" status: 204 len: 168 time: 0.4440353 /var/lib/openstack/lib/python3.10/site-packages/pycadf/identifier.py:71: UserWarning: Invalid uuid: neutron. To ensure interoperability, identifiers should be a valid uuid. warnings.warn(('Invalid uuid: %s. To ensure interoperability, '
2026-07-24 18:47:56.762 10 INFO neutron.api.v2.resource [None req-5a80278d-dfdc-46d3-b224-a04eaa931012 652ca3bda8bb484088747c253d53aa67 5f83ee4d92864e89b29c2fb4f0554007 - - default default] show failed (client error): The resource could not be found.
2026-07-24 18:47:56.763 10 INFO neutron.wsgi [None req-5a80278d-dfdc-46d3-b224-a04eaa931012 652ca3bda8bb484088747c253d53aa67 5f83ee4d92864e89b29c2fb4f0554007 - - default default] 10.0.0.195 "GET /v2.0/floatingips/d0680e8d-651a-479f-8901-f05d053bc388 HTTP/1.1" status: 404 len: 345 time: 0.0404818
2026-07-24 18:47:56.764 9 INFO neutron.notifiers.nova [-] Nova event matching ['req-74a59c26-48d7-4366-87df-6c296a5ba016'] response: {'name': 'network-changed', 'server_uuid': '7f490045-6b42-4a85-a27c-2b368658b6fd', 'tag': 'a74b6fc9-c302-4311-8846-d9cc3755224a', 'status': 'completed', 'code': 200}
2026-07-24 18:47:56.828 9 INFO neutron.wsgi [req-9377a73b-7099-4e9b-a22e-ac3e1b33e0d0 req-7e70ac14-9726-44b7-b92b-1d7b020fcc41 de74f2d4048c4ef78082d00e49736666 e2f20cd3df98453099bf504f9832b7c6 - - 6674caebc00f4e4b9a9fcb8cf9107f20 6674caebc00f4e4b9a9fcb8cf9107f20] 199.19.213.152 "GET /v2.0/ports?tenant_id=5f83ee4d92864e89b29c2fb4f0554007&device_id=7f490045-6b42-4a85-a27c-2b368658b6fd HTTP/1.1" status: 200 len: 1586 time: 0.0422697
2026-07-24 18:47:56.906 9 INFO neutron.wsgi [req-9377a73b-7099-4e9b-a22e-ac3e1b33e0d0 req-fb13ca9c-e42c-412c-b297-6f03c7172c4c de74f2d4048c4ef78082d00e49736666 e2f20cd3df98453099bf504f9832b7c6 - - 6674caebc00f4e4b9a9fcb8cf9107f20 6674caebc00f4e4b9a9fcb8cf9107f20] 199.19.213.152 "GET /v2.0/networks?id=34669529-8306-49e9-b7c2-93a4a637503e HTTP/1.1" status: 200 len: 1003 time: 0.0700006
2026-07-24 18:47:56.942 9 INFO neutron.wsgi [req-9377a73b-7099-4e9b-a22e-ac3e1b33e0d0 req-453b8c75-920a-4815-8419-65ebafc134d3 de74f2d4048c4ef78082d00e49736666 e2f20cd3df98453099bf504f9832b7c6 - - 6674caebc00f4e4b9a9fcb8cf9107f20 6674caebc00f4e4b9a9fcb8cf9107f20] 199.19.213.152 "GET /v2.0/floatingips?fixed_ip_address=10.2.1.69&port_id=a74b6fc9-c302-4311-8846-d9cc3755224a HTTP/1.1" status: 200 len: 217 time: 0.0288484
2026-07-24 18:47:56.975 9 INFO neutron.wsgi [req-9377a73b-7099-4e9b-a22e-ac3e1b33e0d0 req-5791eeca-4800-4941-9d53-c647d9271ea7 de74f2d4048c4ef78082d00e49736666 e2f20cd3df98453099bf504f9832b7c6 - - 6674caebc00f4e4b9a9fcb8cf9107f20 6674caebc00f4e4b9a9fcb8cf9107f20] 199.19.213.152 "GET /v2.0/floatingips?fixed_ip_address=fd7b%3Af9f7%3Afff%3A4eca%3A%3A250&port_id=a74b6fc9-c302-4311-8846-d9cc3755224a HTTP/1.1" status: 200 len: 217 time: 0.0246601
2026-07-24 18:47:56.983 10 INFO neutron.plugins.ml2.drivers.ovn.mech_driver.mech_driver [None req-7df97af8-123e-4e21-8433-8871f533c43c - - - - - -] OVN reports status down for port: a74b6fc9-c302-4311-8846-d9cc3755224a
2026-07-24 18:47:57.022 9 INFO neutron.wsgi [req-9377a73b-7099-4e9b-a22e-ac3e1b33e0d0 req-399f8be5-3b8d-4e3a-b2bf-831f924e48d8 de74f2d4048c4ef78082d00e49736666 e2f20cd3df98453099bf504f9832b7c6 - - 6674caebc00f4e4b9a9fcb8cf9107f20 6674caebc00f4e4b9a9fcb8cf9107f20] 199.19.213.152 "GET /v2.0/subnets?id=8fc3fed2-6dc3-4084-95b3-26e1bca09abf&id=c88d0a2d-6a64-4f36-bc48-42614b54034c HTTP/1.1" status: 200 len: 1561 time: 0.0402789
2026-07-24 18:47:57.053 9 INFO neutron.wsgi [req-9377a73b-7099-4e9b-a22e-ac3e1b33e0d0 req-17cec955-a565-46d7-a653-f8928c6c53dc de74f2d4048c4ef78082d00e49736666 e2f20cd3df98453099bf504f9832b7c6 - - 6674caebc00f4e4b9a9fcb8cf9107f20 6674caebc00f4e4b9a9fcb8cf9107f20] 199.19.213.152 "GET /v2.0/ports?network_id=34669529-8306-49e9-b7c2-93a4a637503e&device_owner=network%3Adhcp HTTP/1.1" status: 200 len: 210 time: 0.0246477
2026-07-24 18:47:57.074 10 INFO neutron.wsgi [req-d3000c4b-08b2-485e-817a-a99917f4c31f req-0f1235d9-5bf9-43f7-a777-44dc382bdc53 652ca3bda8bb484088747c253d53aa67 5f83ee4d92864e89b29c2fb4f0554007 - - default default] 10.0.0.3 "GET /v2.0/ports?device_id=7f490045-6b42-4a85-a27c-2b368658b6fd HTTP/1.1" status: 200 len: 1396 time: 0.1432037
2026-07-24 18:47:57.086 9 INFO neutron.wsgi [req-9377a73b-7099-4e9b-a22e-ac3e1b33e0d0 req-3d30a23c-f1b5-47bb-bce7-866e57c6917a de74f2d4048c4ef78082d00e49736666 e2f20cd3df98453099bf504f9832b7c6 - - 6674caebc00f4e4b9a9fcb8cf9107f20 6674caebc00f4e4b9a9fcb8cf9107f20] 199.19.213.152 "GET /v2.0/ports?network_id=34669529-8306-49e9-b7c2-93a4a637503e&device_owner=network%3Adhcp HTTP/1.1" status: 200 len: 210 time: 0.0269704
2026-07-24 18:47:57.142 10 INFO neutron.wsgi [req-d3000c4b-08b2-485e-817a-a99917f4c31f req-f42a1805-e73a-4476-9666-ec56db6bbf0b 652ca3bda8bb484088747c253d53aa67 5f83ee4d92864e89b29c2fb4f0554007 - - default default] 10.0.0.3 "GET /v2.0/security-groups?id=fc5939d7-5c21-4096-a5f7-5da9be368231&fields=id&fields=name HTTP/1.1" status: 200 len: 310 time: 0.0580928
2026-07-24 18:47:57.188 9 INFO neutron.wsgi [req-9377a73b-7099-4e9b-a22e-ac3e1b33e0d0 req-20b11333-73c2-45e6-b410-f2aa0ebb2bd4 de74f2d4048c4ef78082d00e49736666 e2f20cd3df98453099bf504f9832b7c6 - - 6674caebc00f4e4b9a9fcb8cf9107f20 6674caebc00f4e4b9a9fcb8cf9107f20] 199.19.213.152 "GET /v2.0/networks/34669529-8306-49e9-b7c2-93a4a637503e?fields=segments HTTP/1.1" status: 200 len: 212 time: 0.0865359
2026-07-24 18:47:57.199 10 INFO neutron.notifiers.nova [-] Nova event matching ['req-9ded1b59-13e9-4232-9663-05037064c154'] response: {'server_uuid': '7f490045-6b42-4a85-a27c-2b368658b6fd', 'name': 'network-vif-unplugged', 'status': 'completed', 'tag': 'a74b6fc9-c302-4311-8846-d9cc3755224a', 'code': 200}
2026-07-24 18:47:57.254 9 INFO neutron.wsgi [req-9377a73b-7099-4e9b-a22e-ac3e1b33e0d0 req-808e334a-bc0c-4892-86e7-9363f27354b0 de74f2d4048c4ef78082d00e49736666 e2f20cd3df98453099bf504f9832b7c6 - - 6674caebc00f4e4b9a9fcb8cf9107f20 6674caebc00f4e4b9a9fcb8cf9107f20] 199.19.213.152 "GET /v2.0/networks/34669529-8306-49e9-b7c2-93a4a637503e?fields=provider%3Aphysical_network&fields=provider%3Anetwork_type HTTP/1.1" status: 200 len: 277 time: 0.0603445
2026-07-24 18:47:57.333 9 INFO neutron.wsgi [req-67460986-bb97-41fa-b292-2c612613618e req-d1bd7cee-a567-4536-91aa-a4d327b5796c 652ca3bda8bb484088747c253d53aa67 5f83ee4d92864e89b29c2fb4f0554007 - - default default] 199.19.213.152 "GET /v2.0/ports?device_id=7f490045-6b42-4a85-a27c-2b368658b6fd HTTP/1.1" status: 200 len: 1394 time: 0.0894914
2026-07-24 18:47:57.345 10 INFO neutron.db.ovn_revision_numbers_db [None req-7df97af8-123e-4e21-8433-8871f533c43c - - - - - -] Successfully bumped revision number for resource a74b6fc9-c302-4311-8846-d9cc3755224a (type: ports) to 5
2026-07-24 18:47:57.687 9 INFO neutron.wsgi [None req-87930758-fd5e-4ca1-a732-657aa037c4d2 652ca3bda8bb484088747c253d53aa67 5f83ee4d92864e89b29c2fb4f0554007 - - - -] 199.19.213.152 "DELETE /v2.0/ports/a74b6fc9-c302-4311-8846-d9cc3755224a HTTP/1.1" status: 204 len: 173 time: 0.3486931
2026-07-24 18:47:58.804 9 INFO neutron.notifiers.nova [-] Nova event matching ['req-83144ca2-2b79-4ae3-afb3-0e3c82ba448e'] response: {'server_uuid': '7f490045-6b42-4a85-a27c-2b368658b6fd', 'name': 'network-vif-deleted', 'tag': 'a74b6fc9-c302-4311-8846-d9cc3755224a', 'status': 'completed', 'code': 200}
2026-07-24 18:47:59.236 10 INFO neutron.notifiers.nova [-] Nova event matching ['req-9efa9099-4b50-4bed-8273-839e61a96555'] response: {'server_uuid': '7f490045-6b42-4a85-a27c-2b368658b6fd', 'name': 'network-vif-plugged', 'status': 'completed', 'tag': 'a74b6fc9-c302-4311-8846-d9cc3755224a', 'code': 200}
2026-07-24 18:48:02.373 9 INFO neutron.wsgi [None req-1a85fe08-916f-4f40-9524-d6c536f7dded 652ca3bda8bb484088747c253d53aa67 5f83ee4d92864e89b29c2fb4f0554007 - - - -] 10.0.0.195 "DELETE /v2.0/security-group-rules/e035afbd-5bc8-4f84-be8a-07d5621c498c HTTP/1.1" status: 204 len: 168 time: 0.1654048 /var/lib/openstack/lib/python3.10/site-packages/pycadf/identifier.py:71: UserWarning: Invalid uuid: neutron. To ensure interoperability, identifiers should be a valid uuid. warnings.warn(('Invalid uuid: %s. To ensure interoperability, '
2026-07-24 18:48:02.394 10 INFO neutron.api.v2.resource [None req-76c92f35-48d8-4eab-b92b-be672ab113e8 652ca3bda8bb484088747c253d53aa67 5f83ee4d92864e89b29c2fb4f0554007 - - default default] show failed (client error): The resource could not be found.
2026-07-24 18:48:02.395 10 INFO neutron.wsgi [None req-76c92f35-48d8-4eab-b92b-be672ab113e8 652ca3bda8bb484088747c253d53aa67 5f83ee4d92864e89b29c2fb4f0554007 - - default default] 10.0.0.195 "GET /v2.0/security-group-rules/e035afbd-5bc8-4f84-be8a-07d5621c498c HTTP/1.1" status: 404 len: 356 time: 0.0144317
2026-07-24 18:48:02.538 10 INFO neutron.wsgi [None req-66f0e827-ac42-453f-a796-2fc8020b2393 652ca3bda8bb484088747c253d53aa67 5f83ee4d92864e89b29c2fb4f0554007 - - - -] 10.0.0.195 "DELETE /v2.0/security-group-rules/f4ece469-d55f-43fe-9525-5607d3c9de35 HTTP/1.1" status: 204 len: 168 time: 0.1372373
2026-07-24 18:48:02.556 10 INFO neutron.api.v2.resource [None req-634bdd54-9926-4357-b84f-b8af7e3be2c7 652ca3bda8bb484088747c253d53aa67 5f83ee4d92864e89b29c2fb4f0554007 - - default default] show failed (client error): The resource could not be found.
2026-07-24 18:48:02.558 10 INFO neutron.wsgi [None req-634bdd54-9926-4357-b84f-b8af7e3be2c7 652ca3bda8bb484088747c253d53aa67 5f83ee4d92864e89b29c2fb4f0554007 - - default default] 10.0.0.195 "GET /v2.0/security-group-rules/f4ece469-d55f-43fe-9525-5607d3c9de35 HTTP/1.1" status: 404 len: 356 time: 0.0146596
2026-07-24 18:48:02.708 10 INFO neutron.wsgi [None req-cc2356fb-ce58-4b24-8ee2-084e02463d56 652ca3bda8bb484088747c253d53aa67 5f83ee4d92864e89b29c2fb4f0554007 - - - -] 10.0.0.195 "DELETE /v2.0/security-group-rules/1ffdb216-95b5-4365-9fe1-8bf6482f6db8 HTTP/1.1" status: 204 len: 168 time: 0.1446724
2026-07-24 18:48:02.731 10 INFO neutron.api.v2.resource [None req-93fb1f24-5d23-40d8-8a99-fb2c405acb98 652ca3bda8bb484088747c253d53aa67 5f83ee4d92864e89b29c2fb4f0554007 - - default default] show failed (client error): The resource could not be found.
2026-07-24 18:48:02.732 10 INFO neutron.wsgi [None req-93fb1f24-5d23-40d8-8a99-fb2c405acb98 652ca3bda8bb484088747c253d53aa67 5f83ee4d92864e89b29c2fb4f0554007 - - default default] 10.0.0.195 "GET /v2.0/security-group-rules/1ffdb216-95b5-4365-9fe1-8bf6482f6db8 HTTP/1.1" status: 404 len: 356 time: 0.0173175
2026-07-24 18:48:02.860 10 INFO neutron.wsgi [None req-518918a4-9e44-4c38-8438-6938bfceb630 652ca3bda8bb484088747c253d53aa67 5f83ee4d92864e89b29c2fb4f0554007 - - - -] 10.0.0.195 "DELETE /v2.0/security-group-rules/35da3493-d678-4ae3-987d-e05cef765041 HTTP/1.1" status: 204 len: 168 time: 0.1234400
2026-07-24 18:48:02.882 9 INFO neutron.api.v2.resource [None req-37c69e54-81c8-4f5c-a3e1-6184dca49d63 652ca3bda8bb484088747c253d53aa67 5f83ee4d92864e89b29c2fb4f0554007 - - default default] show failed (client error): The resource could not be found.
2026-07-24 18:48:02.884 9 INFO neutron.wsgi [None req-37c69e54-81c8-4f5c-a3e1-6184dca49d63 652ca3bda8bb484088747c253d53aa67 5f83ee4d92864e89b29c2fb4f0554007 - - default default] 10.0.0.195 "GET /v2.0/security-group-rules/35da3493-d678-4ae3-987d-e05cef765041 HTTP/1.1" status: 404 len: 356 time: 0.0157981
2026-07-24 18:48:02.999 9 INFO neutron.wsgi [None req-61faeb4a-3ab2-429d-aa17-fc858db0fb15 652ca3bda8bb484088747c253d53aa67 5f83ee4d92864e89b29c2fb4f0554007 - - - -] 10.0.0.195 "DELETE /v2.0/security-group-rules/cf457926-84d0-41a5-89a3-e05724fd3ae9 HTTP/1.1" status: 204 len: 168 time: 0.1096509
2026-07-24 18:48:03.015 9 INFO neutron.api.v2.resource [None req-607c5022-9ba8-4368-a6c6-34e0e42977f4 652ca3bda8bb484088747c253d53aa67 5f83ee4d92864e89b29c2fb4f0554007 - - default default] show failed (client error): The resource could not be found.
2026-07-24 18:48:03.016 9 INFO neutron.wsgi [None req-607c5022-9ba8-4368-a6c6-34e0e42977f4 652ca3bda8bb484088747c253d53aa67 5f83ee4d92864e89b29c2fb4f0554007 - - default default] 10.0.0.195 "GET /v2.0/security-group-rules/cf457926-84d0-41a5-89a3-e05724fd3ae9 HTTP/1.1" status: 404 len: 356 time: 0.0118406
2026-07-24 18:48:03.126 9 INFO neutron.wsgi [None req-87b6b7dc-ec52-4ebe-964c-990c9d940c36 652ca3bda8bb484088747c253d53aa67 5f83ee4d92864e89b29c2fb4f0554007 - - - -] 10.0.0.195 "DELETE /v2.0/security-group-rules/91136e71-c318-4df7-bccb-b0a0a3cc4986 HTTP/1.1" status: 204 len: 168 time: 0.1045835
2026-07-24 18:48:03.143 9 INFO neutron.api.v2.resource [None req-a2909861-d692-4224-8a24-d635af8bbdde 652ca3bda8bb484088747c253d53aa67 5f83ee4d92864e89b29c2fb4f0554007 - - default default] show failed (client error): The resource could not be found.
2026-07-24 18:48:03.144 9 INFO neutron.wsgi [None req-a2909861-d692-4224-8a24-d635af8bbdde 652ca3bda8bb484088747c253d53aa67 5f83ee4d92864e89b29c2fb4f0554007 - - default default] 10.0.0.195 "GET /v2.0/security-group-rules/91136e71-c318-4df7-bccb-b0a0a3cc4986 HTTP/1.1" status: 404 len: 356 time: 0.0108178
2026-07-24 18:48:03.257 9 INFO neutron.wsgi [None req-5d35d967-764e-4851-a35a-b19006e52a90 652ca3bda8bb484088747c253d53aa67 5f83ee4d92864e89b29c2fb4f0554007 - - - -] 10.0.0.195 "DELETE /v2.0/security-group-rules/68e62b9f-3f47-4d99-bd6c-6d077f22c1a0 HTTP/1.1" status: 204 len: 168 time: 0.1074193
2026-07-24 18:48:03.273 9 INFO neutron.api.v2.resource [None req-07500fec-33ae-46f3-8249-0824170c3eb4 652ca3bda8bb484088747c253d53aa67 5f83ee4d92864e89b29c2fb4f0554007 - - default default] show failed (client error): The resource could not be found.
2026-07-24 18:48:03.274 9 INFO neutron.wsgi [None req-07500fec-33ae-46f3-8249-0824170c3eb4 652ca3bda8bb484088747c253d53aa67 5f83ee4d92864e89b29c2fb4f0554007 - - default default] 10.0.0.195 "GET /v2.0/security-group-rules/68e62b9f-3f47-4d99-bd6c-6d077f22c1a0 HTTP/1.1" status: 404 len: 356 time: 0.0107601
2026-07-24 18:48:03.399 9 INFO neutron.wsgi [None req-facbf9d3-93c7-41c4-9356-49c76093731d 652ca3bda8bb484088747c253d53aa67 5f83ee4d92864e89b29c2fb4f0554007 - - - -] 10.0.0.195 "DELETE /v2.0/security-group-rules/9147dbb4-c370-46d0-a93c-7e2bf88754e2 HTTP/1.1" status: 204 len: 168 time: 0.1176007
2026-07-24 18:48:03.418 9 INFO neutron.api.v2.resource [None req-628acd5b-5daa-4529-8255-b53594902f50 652ca3bda8bb484088747c253d53aa67 5f83ee4d92864e89b29c2fb4f0554007 - - default default] show failed (client error): The resource could not be found.
2026-07-24 18:48:03.419 9 INFO neutron.wsgi [None req-628acd5b-5daa-4529-8255-b53594902f50 652ca3bda8bb484088747c253d53aa67 5f83ee4d92864e89b29c2fb4f0554007 - - default default] 10.0.0.195 "GET /v2.0/security-group-rules/9147dbb4-c370-46d0-a93c-7e2bf88754e2 HTTP/1.1" status: 404 len: 356 time: 0.0152385
2026-07-24 18:48:03.550 9 INFO neutron.wsgi [None req-998a62aa-a7e5-472e-92a0-53ecc23f8500 652ca3bda8bb484088747c253d53aa67 5f83ee4d92864e89b29c2fb4f0554007 - - - -] 10.0.0.195 "DELETE /v2.0/security-group-rules/0d6bb8ad-8ca0-4ab8-a3ee-399733be6f72 HTTP/1.1" status: 204 len: 168 time: 0.1243546
2026-07-24 18:48:03.568 9 INFO neutron.api.v2.resource [None req-4567f654-1a02-4cfc-9841-9d44a21b785d 652ca3bda8bb484088747c253d53aa67 5f83ee4d92864e89b29c2fb4f0554007 - - default default] show failed (client error): The resource could not be found.
2026-07-24 18:48:03.570 9 INFO neutron.wsgi [None req-4567f654-1a02-4cfc-9841-9d44a21b785d 652ca3bda8bb484088747c253d53aa67 5f83ee4d92864e89b29c2fb4f0554007 - - default default] 10.0.0.195 "GET /v2.0/security-group-rules/0d6bb8ad-8ca0-4ab8-a3ee-399733be6f72 HTTP/1.1" status: 404 len: 356 time: 0.0135291
2026-07-24 18:48:03.713 9 INFO neutron.wsgi [None req-f0e646e9-e778-440b-a693-5778103deb67 652ca3bda8bb484088747c253d53aa67 5f83ee4d92864e89b29c2fb4f0554007 - - - -] 10.0.0.195 "DELETE /v2.0/security-group-rules/b023361c-9bb0-4cc4-9b41-8ccd0e7ccc45 HTTP/1.1" status: 204 len: 168 time: 0.1367888
2026-07-24 18:48:03.742 9 INFO neutron.api.v2.resource [None req-72172955-e7c3-4061-9437-eba2d17276d7 652ca3bda8bb484088747c253d53aa67 5f83ee4d92864e89b29c2fb4f0554007 - - default default] show failed (client error): The resource could not be found.
2026-07-24 18:48:03.747 9 INFO neutron.wsgi [None req-72172955-e7c3-4061-9437-eba2d17276d7 652ca3bda8bb484088747c253d53aa67 5f83ee4d92864e89b29c2fb4f0554007 - - default default] 10.0.0.195 "GET /v2.0/security-group-rules/b023361c-9bb0-4cc4-9b41-8ccd0e7ccc45 HTTP/1.1" status: 404 len: 356 time: 0.0261719
2026-07-24 18:48:03.861 9 INFO neutron.wsgi [None req-4021922d-c017-40ff-b07c-1dd5803c232d 652ca3bda8bb484088747c253d53aa67 5f83ee4d92864e89b29c2fb4f0554007 - - - -] 10.0.0.195 "DELETE /v2.0/security-group-rules/1ad98b55-3b23-43aa-9350-63130b6876a0 HTTP/1.1" status: 204 len: 168 time: 0.1084719
2026-07-24 18:48:03.877 9 INFO neutron.api.v2.resource [None req-03c33701-4dcf-410c-b4b1-4636f55ccaee 652ca3bda8bb484088747c253d53aa67 5f83ee4d92864e89b29c2fb4f0554007 - - default default] show failed (client error): The resource could not be found.
2026-07-24 18:48:03.878 9 INFO neutron.wsgi [None req-03c33701-4dcf-410c-b4b1-4636f55ccaee 652ca3bda8bb484088747c253d53aa67 5f83ee4d92864e89b29c2fb4f0554007 - - default default] 10.0.0.195 "GET /v2.0/security-group-rules/1ad98b55-3b23-43aa-9350-63130b6876a0 HTTP/1.1" status: 404 len: 356 time: 0.0108311
2026-07-24 18:48:03.995 9 INFO neutron.wsgi [None req-31d11c29-8f10-40c0-b55d-b83ce2d4271e 652ca3bda8bb484088747c253d53aa67 5f83ee4d92864e89b29c2fb4f0554007 - - - -] 10.0.0.195 "DELETE /v2.0/security-groups/fc5939d7-5c21-4096-a5f7-5da9be368231 HTTP/1.1" status: 204 len: 168 time: 0.1109526
2026-07-24 18:48:04.009 9 INFO neutron.api.v2.resource [None req-882fe1f8-a102-4db8-aa2b-f7198feff208 652ca3bda8bb484088747c253d53aa67 5f83ee4d92864e89b29c2fb4f0554007 - - default default] show failed (client error): The resource could not be found.
2026-07-24 18:48:04.010 9 INFO neutron.wsgi [None req-882fe1f8-a102-4db8-aa2b-f7198feff208 652ca3bda8bb484088747c253d53aa67 5f83ee4d92864e89b29c2fb4f0554007 - - default default] 10.0.0.195 "GET /v2.0/security-groups/fc5939d7-5c21-4096-a5f7-5da9be368231 HTTP/1.1" status: 404 len: 347 time: 0.0095139
2026-07-24 18:48:05.608 9 INFO neutron.wsgi [None req-0715d581-8b85-4815-9122-5d36ad25de18 652ca3bda8bb484088747c253d53aa67 5f83ee4d92864e89b29c2fb4f0554007 - - - -] 10.0.0.195 "PUT /v2.0/routers/e5a2b5bb-60fb-47c5-b1a5-a52de792d3fe/remove_router_interface HTTP/1.1" status: 200 len: 503 time: 1.5444019
2026-07-24 18:48:05.812 10 INFO neutron.api.v2.resource [None req-36fc7720-410f-4ac3-811e-58d9146d625b 652ca3bda8bb484088747c253d53aa67 5f83ee4d92864e89b29c2fb4f0554007 - - default default] remove_router_interface failed (client error): The resource could not be found.
2026-07-24 18:48:05.813 10 INFO neutron.wsgi [None req-36fc7720-410f-4ac3-811e-58d9146d625b 652ca3bda8bb484088747c253d53aa67 5f83ee4d92864e89b29c2fb4f0554007 - - default default] 10.0.0.195 "PUT /v2.0/routers/e5a2b5bb-60fb-47c5-b1a5-a52de792d3fe/remove_router_interface HTTP/1.1" status: 404 len: 399 time: 0.1996260
2026-07-24 18:48:06.895 10 INFO neutron.wsgi [None req-629114ec-b0d2-4861-b8ef-c6174365049b 652ca3bda8bb484088747c253d53aa67 5f83ee4d92864e89b29c2fb4f0554007 - - - -] 10.0.0.195 "PUT /v2.0/routers/e5a2b5bb-60fb-47c5-b1a5-a52de792d3fe/remove_router_interface HTTP/1.1" status: 200 len: 503 time: 1.0753686 /var/lib/openstack/lib/python3.10/site-packages/pycadf/identifier.py:71: UserWarning: Invalid uuid: neutron. To ensure interoperability, identifiers should be a valid uuid. warnings.warn(('Invalid uuid: %s. To ensure interoperability, '
2026-07-24 18:48:07.036 9 INFO neutron.api.v2.resource [None req-bc5bbf35-af5f-45dd-8067-9e389d776ff6 652ca3bda8bb484088747c253d53aa67 5f83ee4d92864e89b29c2fb4f0554007 - - default default] remove_router_interface failed (client error): The resource could not be found.
2026-07-24 18:48:07.038 9 INFO neutron.wsgi [None req-bc5bbf35-af5f-45dd-8067-9e389d776ff6 652ca3bda8bb484088747c253d53aa67 5f83ee4d92864e89b29c2fb4f0554007 - - default default] 10.0.0.195 "PUT /v2.0/routers/e5a2b5bb-60fb-47c5-b1a5-a52de792d3fe/remove_router_interface HTTP/1.1" status: 404 len: 399 time: 0.1361172
2026-07-24 18:48:08.143 9 INFO neutron.wsgi [None req-14e0631f-59fc-4f7d-a307-c1f53d352fcd 652ca3bda8bb484088747c253d53aa67 5f83ee4d92864e89b29c2fb4f0554007 - - - -] 10.0.0.195 "PUT /v2.0/routers/e5a2b5bb-60fb-47c5-b1a5-a52de792d3fe/remove_router_interface HTTP/1.1" status: 200 len: 503 time: 1.0991094 /var/lib/openstack/lib/python3.10/site-packages/pycadf/identifier.py:71: UserWarning: Invalid uuid: neutron. To ensure interoperability, identifiers should be a valid uuid. warnings.warn(('Invalid uuid: %s. To ensure interoperability, '
2026-07-24 18:48:08.286 9 INFO neutron.api.v2.resource [None req-ee95ead8-dd52-4205-b847-a739b49b6896 652ca3bda8bb484088747c253d53aa67 5f83ee4d92864e89b29c2fb4f0554007 - - default default] remove_router_interface failed (client error): The resource could not be found.
2026-07-24 18:48:08.287 9 INFO neutron.wsgi [None req-ee95ead8-dd52-4205-b847-a739b49b6896 652ca3bda8bb484088747c253d53aa67 5f83ee4d92864e89b29c2fb4f0554007 - - default default] 10.0.0.195 "PUT /v2.0/routers/e5a2b5bb-60fb-47c5-b1a5-a52de792d3fe/remove_router_interface HTTP/1.1" status: 404 len: 399 time: 0.1380672
2026-07-24 18:48:09.072 9 INFO neutron.wsgi [None req-58e8bc95-ac23-42dd-819f-a4eb0ffb85c6 652ca3bda8bb484088747c253d53aa67 5f83ee4d92864e89b29c2fb4f0554007 - - - -] 10.0.0.195 "DELETE /v2.0/routers/e5a2b5bb-60fb-47c5-b1a5-a52de792d3fe HTTP/1.1" status: 204 len: 168 time: 0.7789047
2026-07-24 18:48:09.175 10 INFO neutron.wsgi [-] 10.0.0.75 "GET / HTTP/1.1" status: 200 len: 246 time: 0.0038123
2026-07-24 18:48:09.179 10 INFO neutron.wsgi [-] 10.0.0.75 "GET / HTTP/1.1" status: 200 len: 246 time: 0.0035193
2026-07-24 18:48:09.537 9 INFO neutron.api.v2.resource [None req-0718b73b-c9fa-4631-8ed4-9c9e9ccca95a 652ca3bda8bb484088747c253d53aa67 5f83ee4d92864e89b29c2fb4f0554007 - - default default] show failed (client error): The resource could not be found.
2026-07-24 18:48:09.539 9 INFO neutron.wsgi [None req-0718b73b-c9fa-4631-8ed4-9c9e9ccca95a 652ca3bda8bb484088747c253d53aa67 5f83ee4d92864e89b29c2fb4f0554007 - - default default] 10.0.0.195 "GET /v2.0/routers/e5a2b5bb-60fb-47c5-b1a5-a52de792d3fe HTTP/1.1" status: 404 len: 336 time: 0.4613438
2026-07-24 18:48:09.808 9 INFO neutron.wsgi [None req-996375d7-22ff-4e66-b908-b6c8e2f03c60 652ca3bda8bb484088747c253d53aa67 5f83ee4d92864e89b29c2fb4f0554007 - - - -] 10.0.0.195 "DELETE /v2.0/subnets/5e1ce358-17ba-47bc-953a-d7bddbb1dcbe HTTP/1.1" status: 204 len: 168 time: 0.2639580
2026-07-24 18:48:09.837 9 INFO neutron.pecan_wsgi.hooks.translation [None req-a2a00800-2d6d-4386-9bf7-6b9bc23568d5 652ca3bda8bb484088747c253d53aa67 5f83ee4d92864e89b29c2fb4f0554007 - - default default] GET failed (client error): The resource could not be found.
2026-07-24 18:48:09.840 9 INFO neutron.wsgi [None req-a2a00800-2d6d-4386-9bf7-6b9bc23568d5 652ca3bda8bb484088747c253d53aa67 5f83ee4d92864e89b29c2fb4f0554007 - - default default] 10.0.0.195 "GET /v2.0/subnets/5e1ce358-17ba-47bc-953a-d7bddbb1dcbe HTTP/1.1" status: 404 len: 337 time: 0.0240095
2026-07-24 18:48:10.124 9 INFO neutron.wsgi [None req-dba1aa14-60f4-42d3-b236-46ddb9a58368 652ca3bda8bb484088747c253d53aa67 5f83ee4d92864e89b29c2fb4f0554007 - - - -] 10.0.0.195 "DELETE /v2.0/subnets/2d131ddd-aee2-4130-8c0e-adc5056ca29e HTTP/1.1" status: 204 len: 168 time: 0.2778509
2026-07-24 18:48:10.150 9 INFO neutron.pecan_wsgi.hooks.translation [None req-64331655-8691-4ed7-9c85-f5d7510c4aef 652ca3bda8bb484088747c253d53aa67 5f83ee4d92864e89b29c2fb4f0554007 - - default default] GET failed (client error): The resource could not be found.
2026-07-24 18:48:10.152 9 INFO neutron.wsgi [None req-64331655-8691-4ed7-9c85-f5d7510c4aef 652ca3bda8bb484088747c253d53aa67 5f83ee4d92864e89b29c2fb4f0554007 - - default default] 10.0.0.195 "GET /v2.0/subnets/2d131ddd-aee2-4130-8c0e-adc5056ca29e HTTP/1.1" status: 404 len: 337 time: 0.0226395
2026-07-24 18:48:10.657 9 INFO neutron.services.segments.plugin [-] Segment 6a40cdea-6b31-4965-bdf3-f7cd9f4a478c resource provider aggregate not found
2026-07-24 18:48:10.667 9 INFO neutron.services.segments.plugin [-] Segment 6a40cdea-6b31-4965-bdf3-f7cd9f4a478c resource provider aggregate not found
2026-07-24 18:48:10.694 9 INFO neutron.wsgi [None req-b06fe892-5267-4ec8-8cda-eba047503f0e 652ca3bda8bb484088747c253d53aa67 5f83ee4d92864e89b29c2fb4f0554007 - - - -] 10.0.0.195 "DELETE /v2.0/networks/09f81d0f-9733-4e5e-933e-d351e9d3ccc5 HTTP/1.1" status: 204 len: 168 time: 0.5361879
2026-07-24 18:48:10.695 9 INFO neutron.services.segments.plugin [-] Segment 6a40cdea-6b31-4965-bdf3-f7cd9f4a478c resource provider not found; error: Placement Client Error (4xx): {"errors": [{"status": 404, "title": "Not Found", "detail": "The resource could not be found.\n\n No resource provider with uuid 6a40cdea-6b31-4965-bdf3-f7cd9f4a478c found for delete ", "request_id": "req-df9dc629-a58d-42b5-95ea-decc458e276f"}]}
2026-07-24 18:48:10.697 9 INFO neutron.services.segments.plugin [-] Segment 6a40cdea-6b31-4965-bdf3-f7cd9f4a478c resource provider not found; error: Placement Client Error (4xx): {"errors": [{"status": 404, "title": "Not Found", "detail": "The resource could not be found.\n\n No resource provider with uuid 6a40cdea-6b31-4965-bdf3-f7cd9f4a478c found for delete ", "request_id": "req-85f31fa0-1906-40e5-b299-bf32b2428655"}]} /var/lib/openstack/lib/python3.10/site-packages/pycadf/identifier.py:71: UserWarning: Invalid uuid: neutron. To ensure interoperability, identifiers should be a valid uuid. warnings.warn(('Invalid uuid: %s. To ensure interoperability, '
2026-07-24 18:48:10.738 10 INFO neutron.pecan_wsgi.hooks.translation [None req-efc19dba-d2e9-46a9-934d-1f040bce216e 652ca3bda8bb484088747c253d53aa67 5f83ee4d92864e89b29c2fb4f0554007 - - default default] GET failed (client error): The resource could not be found.
2026-07-24 18:48:10.741 10 INFO neutron.wsgi [None req-efc19dba-d2e9-46a9-934d-1f040bce216e 652ca3bda8bb484088747c253d53aa67 5f83ee4d92864e89b29c2fb4f0554007 - - default default] 10.0.0.195 "GET /v2.0/networks/09f81d0f-9733-4e5e-933e-d351e9d3ccc5 HTTP/1.1" status: 404 len: 339 time: 0.0388730
2026-07-24 18:48:10.948 10 INFO neutron.wsgi [None req-637b048e-bdc8-40fb-b075-9abda1a3d378 652ca3bda8bb484088747c253d53aa67 5f83ee4d92864e89b29c2fb4f0554007 - - - -] 10.0.0.195 "DELETE /v2.0/subnets/c88d0a2d-6a64-4f36-bc48-42614b54034c HTTP/1.1" status: 204 len: 168 time: 0.1996965
2026-07-24 18:48:10.980 10 INFO neutron.pecan_wsgi.hooks.translation [None req-10f67d56-9b54-471b-87e4-3bd2d6063df8 652ca3bda8bb484088747c253d53aa67 5f83ee4d92864e89b29c2fb4f0554007 - - default default] GET failed (client error): The resource could not be found.
2026-07-24 18:48:10.983 10 INFO neutron.wsgi [None req-10f67d56-9b54-471b-87e4-3bd2d6063df8 652ca3bda8bb484088747c253d53aa67 5f83ee4d92864e89b29c2fb4f0554007 - - default default] 10.0.0.195 "GET /v2.0/subnets/c88d0a2d-6a64-4f36-bc48-42614b54034c HTTP/1.1" status: 404 len: 337 time: 0.0277715
2026-07-24 18:48:11.226 9 INFO neutron.wsgi [None req-872aa5e9-bf8c-4268-a8d9-a0a06a5e4945 652ca3bda8bb484088747c253d53aa67 5f83ee4d92864e89b29c2fb4f0554007 - - - -] 10.0.0.195 "DELETE /v2.0/subnets/8fc3fed2-6dc3-4084-95b3-26e1bca09abf HTTP/1.1" status: 204 len: 168 time: 0.2361264
2026-07-24 18:48:11.256 9 INFO neutron.pecan_wsgi.hooks.translation [None req-5e515bc4-dbf9-4ead-89c3-11c35f575c7f 652ca3bda8bb484088747c253d53aa67 5f83ee4d92864e89b29c2fb4f0554007 - - default default] GET failed (client error): The resource could not be found.
2026-07-24 18:48:11.258 9 INFO neutron.wsgi [None req-5e515bc4-dbf9-4ead-89c3-11c35f575c7f 652ca3bda8bb484088747c253d53aa67 5f83ee4d92864e89b29c2fb4f0554007 - - default default] 10.0.0.195 "GET /v2.0/subnets/8fc3fed2-6dc3-4084-95b3-26e1bca09abf HTTP/1.1" status: 404 len: 337 time: 0.0257685
2026-07-24 18:48:11.745 9 INFO neutron.wsgi [None req-ff81caa0-854b-4511-b4d4-fe25acaa18a7 652ca3bda8bb484088747c253d53aa67 5f83ee4d92864e89b29c2fb4f0554007 - - - -] 10.0.0.195 "DELETE /v2.0/networks/34669529-8306-49e9-b7c2-93a4a637503e HTTP/1.1" status: 204 len: 168 time: 0.4805093
2026-07-24 18:48:11.775 10 INFO neutron.pecan_wsgi.hooks.translation [None req-7dfed8db-1c8e-4a39-85f9-d2e6fd44d174 652ca3bda8bb484088747c253d53aa67 5f83ee4d92864e89b29c2fb4f0554007 - - default default] GET failed (client error): The resource could not be found.
2026-07-24 18:48:11.778 10 INFO neutron.wsgi [None req-7dfed8db-1c8e-4a39-85f9-d2e6fd44d174 652ca3bda8bb484088747c253d53aa67 5f83ee4d92864e89b29c2fb4f0554007 - - default default] 10.0.0.195 "GET /v2.0/networks/34669529-8306-49e9-b7c2-93a4a637503e HTTP/1.1" status: 404 len: 339 time: 0.0266287
2026-07-24 18:48:11.970 10 INFO neutron.wsgi [None req-797a1212-07d5-4148-9e1b-9cc141cc3e48 652ca3bda8bb484088747c253d53aa67 5f83ee4d92864e89b29c2fb4f0554007 - - - -] 10.0.0.195 "DELETE /v2.0/subnets/c30611de-ae1f-4cc9-8a34-91a1f8786e7e HTTP/1.1" status: 204 len: 168 time: 0.1885824
2026-07-24 18:48:12.002 10 INFO neutron.pecan_wsgi.hooks.translation [None req-3bdc1e36-1749-4a49-a2ad-c362e4153eb0 652ca3bda8bb484088747c253d53aa67 5f83ee4d92864e89b29c2fb4f0554007 - - default default] GET failed (client error): The resource could not be found.
2026-07-24 18:48:12.003 10 INFO neutron.wsgi [None req-3bdc1e36-1749-4a49-a2ad-c362e4153eb0 652ca3bda8bb484088747c253d53aa67 5f83ee4d92864e89b29c2fb4f0554007 - - default default] 10.0.0.195 "GET /v2.0/subnets/c30611de-ae1f-4cc9-8a34-91a1f8786e7e HTTP/1.1" status: 404 len: 337 time: 0.0234494
2026-07-24 18:48:12.217 10 INFO neutron.wsgi [None req-bddfc92c-c7a2-4b50-ad71-b4daebf1cd38 652ca3bda8bb484088747c253d53aa67 5f83ee4d92864e89b29c2fb4f0554007 - - - -] 10.0.0.195 "DELETE /v2.0/subnets/ee39d9dc-ddf4-4faf-8281-5be3a07a54df HTTP/1.1" status: 204 len: 168 time: 0.2085476
2026-07-24 18:48:12.244 10 INFO neutron.pecan_wsgi.hooks.translation [None req-05859783-6f57-47c1-bcf3-b7d9cb3cab18 652ca3bda8bb484088747c253d53aa67 5f83ee4d92864e89b29c2fb4f0554007 - - default default] GET failed (client error): The resource could not be found.
2026-07-24 18:48:12.246 10 INFO neutron.wsgi [None req-05859783-6f57-47c1-bcf3-b7d9cb3cab18 652ca3bda8bb484088747c253d53aa67 5f83ee4d92864e89b29c2fb4f0554007 - - default default] 10.0.0.195 "GET /v2.0/subnets/ee39d9dc-ddf4-4faf-8281-5be3a07a54df HTTP/1.1" status: 404 len: 337 time: 0.0235188
2026-07-24 18:48:12.759 10 INFO neutron.wsgi [None req-e87f4e37-0893-4170-8686-80be687c16dc 652ca3bda8bb484088747c253d53aa67 5f83ee4d92864e89b29c2fb4f0554007 - - - -] 10.0.0.195 "DELETE /v2.0/networks/5b481b60-38a6-4663-bf1c-aab2c0a128a5 HTTP/1.1" status: 204 len: 168 time: 0.5081425
2026-07-24 18:48:12.764 10 INFO neutron.services.segments.plugin [-] Segment b1d66cce-1e6d-441e-aa08-9d5755b08fcf resource provider aggregate not found
2026-07-24 18:48:12.765 9 INFO neutron.services.segments.plugin [-] Segment b98eef6f-94dc-4b3c-9537-dcea895d4c8c resource provider aggregate not found
2026-07-24 18:48:12.770 10 INFO neutron.services.segments.plugin [-] Segment b1d66cce-1e6d-441e-aa08-9d5755b08fcf resource provider aggregate not found
2026-07-24 18:48:12.770 9 INFO neutron.services.segments.plugin [-] Segment b98eef6f-94dc-4b3c-9537-dcea895d4c8c resource provider aggregate not found
2026-07-24 18:48:12.788 10 INFO neutron.services.segments.plugin [-] Segment b1d66cce-1e6d-441e-aa08-9d5755b08fcf resource provider not found; error: Placement Client Error (4xx): {"errors": [{"status": 404, "title": "Not Found", "detail": "The resource could not be found.\n\n No resource provider with uuid b1d66cce-1e6d-441e-aa08-9d5755b08fcf found for delete ", "request_id": "req-822f364d-1a41-4f48-b8c7-e03ab14fda56"}]}
2026-07-24 18:48:12.791 9 INFO neutron.services.segments.plugin [-] Segment b98eef6f-94dc-4b3c-9537-dcea895d4c8c resource provider not found; error: Placement Client Error (4xx): {"errors": [{"status": 404, "title": "Not Found", "detail": "The resource could not be found.\n\n No resource provider with uuid b98eef6f-94dc-4b3c-9537-dcea895d4c8c found for delete ", "request_id": "req-6ac1ad3b-470a-4a17-ad07-01c7f958763f"}]}
2026-07-24 18:48:12.792 9 INFO neutron.pecan_wsgi.hooks.translation [None req-c347a248-8032-498e-bc71-277ebfab4227 652ca3bda8bb484088747c253d53aa67 5f83ee4d92864e89b29c2fb4f0554007 - - default default] GET failed (client error): The resource could not be found.
2026-07-24 18:48:12.794 9 INFO neutron.wsgi [None req-c347a248-8032-498e-bc71-277ebfab4227 652ca3bda8bb484088747c253d53aa67 5f83ee4d92864e89b29c2fb4f0554007 - - default default] 10.0.0.195 "GET /v2.0/networks/5b481b60-38a6-4663-bf1c-aab2c0a128a5 HTTP/1.1" status: 404 len: 339 time: 0.0184424
2026-07-24 18:48:12.795 9 INFO neutron.services.segments.plugin [-] Segment b98eef6f-94dc-4b3c-9537-dcea895d4c8c resource provider not found; error: Placement Client Error (4xx): {"errors": [{"status": 404, "title": "Not Found", "detail": "The resource could not be found.\n\n No resource provider with uuid b98eef6f-94dc-4b3c-9537-dcea895d4c8c found for delete ", "request_id": "req-565f4542-85b7-4446-838b-bb96e0204f82"}]}
2026-07-24 18:48:12.796 10 INFO neutron.services.segments.plugin [-] Segment b1d66cce-1e6d-441e-aa08-9d5755b08fcf resource provider not found; error: Placement Client Error (4xx): {"errors": [{"status": 404, "title": "Not Found", "detail": "The resource could not be found.\n\n No resource provider with uuid b1d66cce-1e6d-441e-aa08-9d5755b08fcf found for delete ", "request_id": "req-5472ef30-d1df-46bb-8744-f70687d843e4"}]}
2026-07-24 18:48:15.191 9 INFO neutron.db.ovn_revision_numbers_db [None req-27550009-609b-439d-97b6-c75b474f90ef af6cf6b7229b4c9eace48dd4220164e4 8498dd98b53f466e81ae586547e94771 - - default default] Successfully bumped revision number for resource 4a0ff2e5-d194-4267-a4a1-060975478811 (type: security_groups) to 1
