2026-07-24 18:43:10.232 9 INFO neutron.db.ovn_revision_numbers_db [None req-f0c16b55-750d-4cbb-aa8c-9c93d1c79f15 de74f2d4048c4ef78082d00e49736666 e2f20cd3df98453099bf504f9832b7c6 - - - -] Successfully bumped revision number for resource 3d37e205-0d6a-482c-b925-3fb15e024925 (type: ports) to 2
2026-07-24 18:43:10.254 10 INFO neutron.db.ovn_revision_numbers_db [None req-36adaf53-0e72-4bcd-bcbc-723b7bc654fb 4890c4d4baa54207ae3978b8fd430ab7 cf8e5c53b3224182b21ed6d845174640 - - - -] Successfully bumped revision number for resource 609371ed-ee95-43d0-a92c-476dbab3c3e6 (type: routers) to 1
2026-07-24 18:43:10.278 10 INFO neutron.wsgi [None req-36adaf53-0e72-4bcd-bcbc-723b7bc654fb 4890c4d4baa54207ae3978b8fd430ab7 cf8e5c53b3224182b21ed6d845174640 - - - -] 10.0.0.195 "POST /v2.0/routers HTTP/1.1" status: 201 len: 654 time: 0.2693129
2026-07-24 18:43:10.309 9 INFO neutron.wsgi [None req-dcadd33c-8cfe-4df2-9967-88a5f50eebd8 c3d0e50c5d6a484e911575072f0ff98a e7be551aaa3142ae87a76b5b92575366 - - - -] 199.19.213.152 "DELETE /v2.0/ports/e3fb582e-ebb0-4f84-a890-f8a13b8ea706 HTTP/1.1" status: 204 len: 173 time: 0.5541012
2026-07-24 18:43:10.365 10 INFO neutron.db.ovn_revision_numbers_db [None req-c2c557b3-e2af-4a2d-b2dc-a2bdee2caa79 d2c9ee82f73f422dbe586849938de0ab d00fccf883134ece88392918b3b00d25 - - - -] Successfully bumped revision number for resource 597ca452-a228-4b2e-b03c-b4d7db1b306b (type: ports) to 1
2026-07-24 18:43:10.451 9 INFO neutron.db.ovn_revision_numbers_db [None req-f0c16b55-750d-4cbb-aa8c-9c93d1c79f15 de74f2d4048c4ef78082d00e49736666 e2f20cd3df98453099bf504f9832b7c6 - - - -] Successfully bumped revision number for resource 3d37e205-0d6a-482c-b925-3fb15e024925 (type: ports) to 2
2026-07-24 18:43:10.469 9 INFO neutron.wsgi [None req-f0c16b55-750d-4cbb-aa8c-9c93d1c79f15 de74f2d4048c4ef78082d00e49736666 e2f20cd3df98453099bf504f9832b7c6 - - - -] 199.19.213.152 "PUT /v2.0/ports/3d37e205-0d6a-482c-b925-3fb15e024925 HTTP/1.1" status: 200 len: 1367 time: 1.1766963 /var/lib/openstack/lib/python3.10/site-packages/pycadf/identifier.py:71: UserWarning: Invalid uuid: neutron. To ensure interoperability, identifiers should be a valid uuid. warnings.warn(('Invalid uuid: %s. To ensure interoperability, '
2026-07-24 18:43:10.544 10 INFO neutron.db.ovn_revision_numbers_db [None req-3379a0c5-a542-4c17-8510-7726c71c1e31 4890c4d4baa54207ae3978b8fd430ab7 cf8e5c53b3224182b21ed6d845174640 - - - -] Successfully bumped revision number for resource f6e6997a-0970-45cd-b215-7346df271e07 (type: routers) to 1
2026-07-24 18:43:10.562 9 INFO neutron.wsgi [req-700704a2-18ab-4abf-b11d-62257ae76dc9 req-d1f73a2f-c345-469c-a806-75cf4230cd10 de74f2d4048c4ef78082d00e49736666 e2f20cd3df98453099bf504f9832b7c6 - - 6674caebc00f4e4b9a9fcb8cf9107f20 6674caebc00f4e4b9a9fcb8cf9107f20] 199.19.213.152 "GET /v2.0/ports?tenant_id=4c63e8f5982148a8892ff11c7f90d26c&device_id=9e1cfca4-e41b-4762-8413-c7c4dbbf1138 HTTP/1.1" status: 200 len: 1398 time: 0.0488491
2026-07-24 18:43:10.576 10 INFO neutron.wsgi [None req-3379a0c5-a542-4c17-8510-7726c71c1e31 4890c4d4baa54207ae3978b8fd430ab7 cf8e5c53b3224182b21ed6d845174640 - - - -] 10.0.0.195 "POST /v2.0/routers HTTP/1.1" status: 201 len: 654 time: 0.2837453
2026-07-24 18:43:10.594 9 INFO neutron.wsgi [req-700704a2-18ab-4abf-b11d-62257ae76dc9 req-0188793b-ff61-4a55-b54e-b5b2fe076e5d de74f2d4048c4ef78082d00e49736666 e2f20cd3df98453099bf504f9832b7c6 - - 6674caebc00f4e4b9a9fcb8cf9107f20 6674caebc00f4e4b9a9fcb8cf9107f20] 199.19.213.152 "GET /v2.0/floatingips?fixed_ip_address=10.100.0.6&port_id=3d37e205-0d6a-482c-b925-3fb15e024925 HTTP/1.1" status: 200 len: 217 time: 0.0274587
2026-07-24 18:43:10.635 9 INFO neutron.wsgi [req-700704a2-18ab-4abf-b11d-62257ae76dc9 req-e3de01c2-72c6-4cd6-a6c2-d2c68e2f5ccc de74f2d4048c4ef78082d00e49736666 e2f20cd3df98453099bf504f9832b7c6 - - 6674caebc00f4e4b9a9fcb8cf9107f20 6674caebc00f4e4b9a9fcb8cf9107f20] 199.19.213.152 "GET /v2.0/subnets?id=f88953e8-b054-4a15-9d11-38ebf2083298 HTTP/1.1" status: 200 len: 865 time: 0.0359490
2026-07-24 18:43:10.672 9 INFO neutron.wsgi [req-700704a2-18ab-4abf-b11d-62257ae76dc9 req-4c2a5015-6a01-4b55-9104-1ed591de9dcf de74f2d4048c4ef78082d00e49736666 e2f20cd3df98453099bf504f9832b7c6 - - 6674caebc00f4e4b9a9fcb8cf9107f20 6674caebc00f4e4b9a9fcb8cf9107f20] 199.19.213.152 "GET /v2.0/ports?network_id=019b5db0-7a14-4b8a-a9f8-597e09bb9f4e&device_owner=network%3Adhcp HTTP/1.1" status: 200 len: 210 time: 0.0287883
2026-07-24 18:43:10.763 9 INFO neutron.wsgi [req-700704a2-18ab-4abf-b11d-62257ae76dc9 req-8ae4faeb-9d6d-4749-8afc-69bea4a0c5bc de74f2d4048c4ef78082d00e49736666 e2f20cd3df98453099bf504f9832b7c6 - - 6674caebc00f4e4b9a9fcb8cf9107f20 6674caebc00f4e4b9a9fcb8cf9107f20] 199.19.213.152 "GET /v2.0/networks/019b5db0-7a14-4b8a-a9f8-597e09bb9f4e?fields=segments HTTP/1.1" status: 200 len: 212 time: 0.0818567
2026-07-24 18:43:10.844 9 INFO neutron.wsgi [req-700704a2-18ab-4abf-b11d-62257ae76dc9 req-8bb01bf0-444f-4c26-9679-bd943a9749ec de74f2d4048c4ef78082d00e49736666 e2f20cd3df98453099bf504f9832b7c6 - - 6674caebc00f4e4b9a9fcb8cf9107f20 6674caebc00f4e4b9a9fcb8cf9107f20] 199.19.213.152 "GET /v2.0/networks/019b5db0-7a14-4b8a-a9f8-597e09bb9f4e?fields=provider%3Aphysical_network&fields=provider%3Anetwork_type HTTP/1.1" status: 200 len: 277 time: 0.0760572
2026-07-24 18:43:10.892 10 INFO neutron.db.ovn_revision_numbers_db [None req-8ed5b171-f189-413e-bf9c-59c46ea82551 4890c4d4baa54207ae3978b8fd430ab7 cf8e5c53b3224182b21ed6d845174640 - - - -] Successfully bumped revision number for resource 3f61782a-a538-4ce6-b26d-147862fb8a7a (type: routers) to 1
2026-07-24 18:43:10.941 10 INFO neutron.wsgi [None req-8ed5b171-f189-413e-bf9c-59c46ea82551 4890c4d4baa54207ae3978b8fd430ab7 cf8e5c53b3224182b21ed6d845174640 - - - -] 10.0.0.195 "POST /v2.0/routers HTTP/1.1" status: 201 len: 654 time: 0.3584459
2026-07-24 18:43:11.024 9 INFO neutron.wsgi [None req-96784f1f-effc-4791-b36c-efcda7d3db4c 4890c4d4baa54207ae3978b8fd430ab7 cf8e5c53b3224182b21ed6d845174640 - - - -] 10.0.0.195 "PUT /v2.0/routers/ecacfa36-ccf8-443a-94b1-49391201ea0c/tags HTTP/1.1" status: 200 len: 210 time: 0.0785155
2026-07-24 18:43:11.094 9 INFO neutron.wsgi [req-2cc2cfed-91a6-4154-afc9-0b946029e47f req-2667ccee-91f9-4825-ac20-119f6e413fb1 de74f2d4048c4ef78082d00e49736666 e2f20cd3df98453099bf504f9832b7c6 - - 6674caebc00f4e4b9a9fcb8cf9107f20 6674caebc00f4e4b9a9fcb8cf9107f20] 199.19.213.152 "GET /v2.0/ports?device_id=9e1cfca4-e41b-4762-8413-c7c4dbbf1138 HTTP/1.1" status: 200 len: 1398 time: 0.0689476
2026-07-24 18:43:11.120 9 INFO neutron.wsgi [None req-ae2892a0-9b63-4604-9732-7ee7869e8037 4890c4d4baa54207ae3978b8fd430ab7 cf8e5c53b3224182b21ed6d845174640 - - - -] 10.0.0.195 "PUT /v2.0/routers/cf854677-9417-4e99-a503-239ab07ce81b/tags HTTP/1.1" status: 200 len: 218 time: 0.0805206
2026-07-24 18:43:11.142 10 INFO neutron.wsgi [req-4eaf2907-b363-406a-8499-4bd021f31cd7 req-58698bd8-2efb-409a-8df2-541dbd62c59e c8e9c6876d214fc4a78e1a26c0aa3db1 4c63e8f5982148a8892ff11c7f90d26c - - default default] 10.0.0.3 "GET /v2.0/ports?device_id=9e1cfca4-e41b-4762-8413-c7c4dbbf1138 HTTP/1.1" status: 200 len: 1208 time: 0.0982156
2026-07-24 18:43:11.184 9 INFO neutron.wsgi [req-2cc2cfed-91a6-4154-afc9-0b946029e47f req-4bfbbbc4-2182-4678-bc2b-59728ae06cbc de74f2d4048c4ef78082d00e49736666 e2f20cd3df98453099bf504f9832b7c6 - - 6674caebc00f4e4b9a9fcb8cf9107f20 6674caebc00f4e4b9a9fcb8cf9107f20] 199.19.213.152 "GET /v2.0/security-groups?id=45decb29-5f4d-4551-b281-e766d9501beb&id=4d4cf0e5-0458-4c82-89d0-187697c2f702&fields=id&fields=name HTTP/1.1" status: 200 len: 406 time: 0.0808256
2026-07-24 18:43:11.186 9 INFO neutron.wsgi [None req-bb987451-8bbe-4969-909c-f6cc89cbadfc 4890c4d4baa54207ae3978b8fd430ab7 cf8e5c53b3224182b21ed6d845174640 - - - -] 10.0.0.195 "PUT /v2.0/routers/609371ed-ee95-43d0-a92c-476dbab3c3e6/tags HTTP/1.1" status: 200 len: 227 time: 0.0586691
2026-07-24 18:43:11.278 9 INFO neutron.wsgi [None req-bb8f8921-d07a-4271-bf8f-373c10ca3c91 4890c4d4baa54207ae3978b8fd430ab7 cf8e5c53b3224182b21ed6d845174640 - - - -] 10.0.0.195 "PUT /v2.0/routers/f6e6997a-0970-45cd-b215-7346df271e07/tags HTTP/1.1" status: 200 len: 212 time: 0.0874879
2026-07-24 18:43:11.398 9 INFO neutron.wsgi [None req-d996eefb-e737-4efe-82b5-51cdb622a6c2 4890c4d4baa54207ae3978b8fd430ab7 cf8e5c53b3224182b21ed6d845174640 - - default default] 10.0.0.195 "GET /v2.0/routers?tags=red HTTP/1.1" status: 200 len: 1601 time: 0.1127975
2026-07-24 18:43:11.657 10 INFO neutron.wsgi [req-4eaf2907-b363-406a-8499-4bd021f31cd7 req-d923fa34-60ba-482c-a581-d43ea0674997 c8e9c6876d214fc4a78e1a26c0aa3db1 4c63e8f5982148a8892ff11c7f90d26c - - default default] 10.0.0.3 "GET /v2.0/security-groups?id=4d4cf0e5-0458-4c82-89d0-187697c2f702&id=45decb29-5f4d-4551-b281-e766d9501beb&fields=id&fields=name HTTP/1.1" status: 200 len: 406 time: 0.5070360
2026-07-24 18:43:11.855 9 INFO neutron.wsgi [None req-2b509f3e-0f51-4a0c-a1fd-ca220fe8939a 4890c4d4baa54207ae3978b8fd430ab7 cf8e5c53b3224182b21ed6d845174640 - - default default] 10.0.0.195 "GET /v2.0/routers?tags=red%2Cblue HTTP/1.1" status: 200 len: 1144 time: 0.4507024
2026-07-24 18:43:11.939 10 INFO neutron.db.ovn_revision_numbers_db [None req-c2c557b3-e2af-4a2d-b2dc-a2bdee2caa79 d2c9ee82f73f422dbe586849938de0ab d00fccf883134ece88392918b3b00d25 - - - -] Successfully bumped revision number for resource 597ca452-a228-4b2e-b03c-b4d7db1b306b (type: router_ports) to 1
2026-07-24 18:43:11.961 9 INFO neutron.wsgi [None req-9fa464f0-b779-40b0-841f-b7cf3617bd6a 4890c4d4baa54207ae3978b8fd430ab7 cf8e5c53b3224182b21ed6d845174640 - - default default] 10.0.0.195 "GET /v2.0/routers?tags-any=blue HTTP/1.1" status: 200 len: 1144 time: 0.0983093
2026-07-24 18:43:12.054 10 INFO neutron.db.ovn_revision_numbers_db [None req-c2c557b3-e2af-4a2d-b2dc-a2bdee2caa79 d2c9ee82f73f422dbe586849938de0ab d00fccf883134ece88392918b3b00d25 - - - -] Successfully bumped revision number for resource 6545cb72-d029-4f86-a5c0-4223a62cdaff (type: routers) to 3
2026-07-24 18:43:12.055 9 INFO neutron.wsgi [None req-f39a1712-cc02-42c6-bcbf-4fefd0b3d4da 4890c4d4baa54207ae3978b8fd430ab7 cf8e5c53b3224182b21ed6d845174640 - - default default] 10.0.0.195 "GET /v2.0/routers?tags-any=red%2Cblue HTTP/1.1" status: 200 len: 1601 time: 0.0836689
2026-07-24 18:43:12.092 10 INFO neutron.wsgi [None req-c2c557b3-e2af-4a2d-b2dc-a2bdee2caa79 d2c9ee82f73f422dbe586849938de0ab d00fccf883134ece88392918b3b00d25 - - - -] 10.0.0.195 "POST /v2.0/routers HTTP/1.1" status: 201 len: 872 time: 3.5303934
2026-07-24 18:43:12.110 9 INFO neutron.notifiers.nova [-] Nova event matching ['req-c7ed6f18-6798-468b-8225-2441740f4366'] response: {'server_uuid': '862e6b24-78a1-419b-9b24-14a33265af7c', 'name': 'network-vif-plugged', 'status': 'completed', 'tag': 'e3fb582e-ebb0-4f84-a890-f8a13b8ea706', 'code': 200}
2026-07-24 18:43:12.110 9 INFO neutron.notifiers.nova [-] Nova event matching ['req-c7ed6f18-6798-468b-8225-2441740f4366'] response: {'server_uuid': '862e6b24-78a1-419b-9b24-14a33265af7c', 'name': 'network-vif-deleted', 'tag': 'e3fb582e-ebb0-4f84-a890-f8a13b8ea706', 'status': 'completed', 'code': 200}
2026-07-24 18:43:12.110 9 INFO neutron.notifiers.nova [-] Nova event matching ['req-c7ed6f18-6798-468b-8225-2441740f4366'] response: {'name': 'network-changed', 'server_uuid': '9e1cfca4-e41b-4762-8413-c7c4dbbf1138', 'tag': '3d37e205-0d6a-482c-b925-3fb15e024925', 'status': 'completed', 'code': 200}
2026-07-24 18:43:12.157 10 WARNING neutron.plugins.ml2.drivers.ovn.mech_driver.ovsdb.ovn_client [None req-7df97af8-123e-4e21-8433-8871f533c43c - - - - - -] No port found with ID 78d6e4b7-3718-4bc2-b788-33c011ce73ea: RuntimeError: No port found with ID 78d6e4b7-3718-4bc2-b788-33c011ce73ea
2026-07-24 18:43:12.157 10 INFO neutron.plugins.ml2.drivers.ovn.mech_driver.mech_driver [None req-7df97af8-123e-4e21-8433-8871f533c43c - - - - - -] OVN reports status up for port: 3d37e205-0d6a-482c-b925-3fb15e024925
2026-07-24 18:43:12.172 9 INFO neutron.wsgi [None req-5f671841-8103-4383-888f-9470a5eb3d2d 4890c4d4baa54207ae3978b8fd430ab7 cf8e5c53b3224182b21ed6d845174640 - - default default] 10.0.0.195 "GET /v2.0/routers?not-tags=red HTTP/1.1" status: 200 len: 1116 time: 0.1118922
2026-07-24 18:43:12.199 10 INFO neutron.plugins.ml2.plugin [None req-7df97af8-123e-4e21-8433-8871f533c43c - - - - - -] Attempt 1 to provision port 3d37e205-0d6a-482c-b925-3fb15e024925
2026-07-24 18:43:12.203 9 INFO neutron.wsgi [req-769bd26a-1864-4698-acae-7d1df7e3da1e req-9491de8f-7c9d-4eba-9c83-9e599de0cfcc de74f2d4048c4ef78082d00e49736666 e2f20cd3df98453099bf504f9832b7c6 - - 6674caebc00f4e4b9a9fcb8cf9107f20 6674caebc00f4e4b9a9fcb8cf9107f20] 199.19.213.152 "GET /v2.0/ports?tenant_id=4c63e8f5982148a8892ff11c7f90d26c&device_id=9e1cfca4-e41b-4762-8413-c7c4dbbf1138 HTTP/1.1" status: 200 len: 1398 time: 0.0826964
2026-07-24 18:43:12.241 10 INFO neutron.wsgi [None req-00d292f0-00a0-4aea-b3bc-9e870bee6786 d2c9ee82f73f422dbe586849938de0ab d00fccf883134ece88392918b3b00d25 - - default default] 10.0.0.195 "GET /v2.0/routers/6545cb72-d029-4f86-a5c0-4223a62cdaff HTTP/1.1" status: 200 len: 873 time: 0.1369872
2026-07-24 18:43:12.294 9 INFO neutron.wsgi [None req-16331116-2eaa-4738-9ffa-3550cf9a6186 4890c4d4baa54207ae3978b8fd430ab7 cf8e5c53b3224182b21ed6d845174640 - - default default] 10.0.0.195 "GET /v2.0/routers?not-tags=red%2Cblue HTTP/1.1" status: 200 len: 1573 time: 0.1173639
2026-07-24 18:43:12.340 9 INFO neutron.wsgi [req-769bd26a-1864-4698-acae-7d1df7e3da1e req-48a229dc-b9b5-43c8-9880-7b5766cd0366 de74f2d4048c4ef78082d00e49736666 e2f20cd3df98453099bf504f9832b7c6 - - 6674caebc00f4e4b9a9fcb8cf9107f20 6674caebc00f4e4b9a9fcb8cf9107f20] 199.19.213.152 "GET /v2.0/networks?id=019b5db0-7a14-4b8a-a9f8-597e09bb9f4e HTTP/1.1" status: 200 len: 970 time: 0.1291852
2026-07-24 18:43:12.372 10 INFO neutron.wsgi [None req-8963b310-28b9-4832-bb61-d911a7b10240 d2c9ee82f73f422dbe586849938de0ab d00fccf883134ece88392918b3b00d25 - - default default] 10.0.0.195 "GET /v2.0/routers HTTP/1.1" status: 200 len: 876 time: 0.1236494
2026-07-24 18:43:12.394 9 INFO neutron.wsgi [req-769bd26a-1864-4698-acae-7d1df7e3da1e req-669ba9a0-5f95-431f-868d-fae6736884d1 de74f2d4048c4ef78082d00e49736666 e2f20cd3df98453099bf504f9832b7c6 - - 6674caebc00f4e4b9a9fcb8cf9107f20 6674caebc00f4e4b9a9fcb8cf9107f20] 199.19.213.152 "GET /v2.0/floatingips?fixed_ip_address=10.100.0.6&port_id=3d37e205-0d6a-482c-b925-3fb15e024925 HTTP/1.1" status: 200 len: 217 time: 0.0363274
2026-07-24 18:43:12.396 10 INFO neutron.notifiers.nova [-] Nova event matching ['req-d9902857-5e0b-4974-9ecb-985d66f3030b'] response: {'server_uuid': '9e1cfca4-e41b-4762-8413-c7c4dbbf1138', 'name': 'network-vif-plugged', 'status': 'completed', 'tag': '3d37e205-0d6a-482c-b925-3fb15e024925', 'code': 200}
2026-07-24 18:43:12.397 9 INFO neutron.wsgi [None req-e9582582-ad3d-4b63-8f9a-a6bd7045cbf7 4890c4d4baa54207ae3978b8fd430ab7 cf8e5c53b3224182b21ed6d845174640 - - default default] 10.0.0.195 "GET /v2.0/routers?not-tags-any=blue HTTP/1.1" status: 200 len: 1573 time: 0.0950556
2026-07-24 18:43:12.450 9 INFO neutron.wsgi [req-769bd26a-1864-4698-acae-7d1df7e3da1e req-bce5855c-52c4-45ef-9b87-2ae6a433b8d9 de74f2d4048c4ef78082d00e49736666 e2f20cd3df98453099bf504f9832b7c6 - - 6674caebc00f4e4b9a9fcb8cf9107f20 6674caebc00f4e4b9a9fcb8cf9107f20] 199.19.213.152 "GET /v2.0/subnets?id=f88953e8-b054-4a15-9d11-38ebf2083298 HTTP/1.1" status: 200 len: 865 time: 0.0474327
2026-07-24 18:43:12.488 9 INFO neutron.wsgi [None req-1ec9a26f-0f7c-422d-b2b9-73e7f80b7b2b 4890c4d4baa54207ae3978b8fd430ab7 cf8e5c53b3224182b21ed6d845174640 - - default default] 10.0.0.195 "GET /v2.0/routers?not-tags-any=red%2Cblue HTTP/1.1" status: 200 len: 1116 time: 0.0790188
2026-07-24 18:43:12.490 9 INFO neutron.wsgi [req-769bd26a-1864-4698-acae-7d1df7e3da1e req-562a5bd8-1393-43dd-a140-21819c2ebaed de74f2d4048c4ef78082d00e49736666 e2f20cd3df98453099bf504f9832b7c6 - - 6674caebc00f4e4b9a9fcb8cf9107f20 6674caebc00f4e4b9a9fcb8cf9107f20] 199.19.213.152 "GET /v2.0/ports?network_id=019b5db0-7a14-4b8a-a9f8-597e09bb9f4e&device_owner=network%3Adhcp HTTP/1.1" status: 200 len: 210 time: 0.0294535
2026-07-24 18:43:12.570 9 INFO neutron.wsgi [None req-5ceabbf4-13f5-4109-b416-50aa13906eca 4890c4d4baa54207ae3978b8fd430ab7 cf8e5c53b3224182b21ed6d845174640 - - default default] 10.0.0.195 "GET /v2.0/routers/ecacfa36-ccf8-443a-94b1-49391201ea0c HTTP/1.1" status: 200 len: 660 time: 0.0757267
2026-07-24 18:43:12.582 9 INFO neutron.wsgi [req-769bd26a-1864-4698-acae-7d1df7e3da1e req-2e78a45d-5736-4def-8ef4-0f7dd6ca0db0 de74f2d4048c4ef78082d00e49736666 e2f20cd3df98453099bf504f9832b7c6 - - 6674caebc00f4e4b9a9fcb8cf9107f20 6674caebc00f4e4b9a9fcb8cf9107f20] 199.19.213.152 "GET /v2.0/networks/019b5db0-7a14-4b8a-a9f8-597e09bb9f4e?fields=segments HTTP/1.1" status: 200 len: 212 time: 0.0836475
2026-07-24 18:43:12.727 9 INFO neutron.wsgi [req-769bd26a-1864-4698-acae-7d1df7e3da1e req-9401fa17-7bc6-46fe-90cb-041967d8d262 de74f2d4048c4ef78082d00e49736666 e2f20cd3df98453099bf504f9832b7c6 - - 6674caebc00f4e4b9a9fcb8cf9107f20 6674caebc00f4e4b9a9fcb8cf9107f20] 199.19.213.152 "GET /v2.0/networks/019b5db0-7a14-4b8a-a9f8-597e09bb9f4e?fields=provider%3Aphysical_network&fields=provider%3Anetwork_type HTTP/1.1" status: 200 len: 277 time: 0.1304367
2026-07-24 18:43:12.805 10 INFO neutron.db.ovn_revision_numbers_db [None req-7df97af8-123e-4e21-8433-8871f533c43c - - - - - -] Successfully bumped revision number for resource 3d37e205-0d6a-482c-b925-3fb15e024925 (type: ports) to 4
2026-07-24 18:43:13.345 10 INFO neutron.plugins.ml2.drivers.ovn.mech_driver.mech_driver [None req-7df97af8-123e-4e21-8433-8871f533c43c - - - - - -] OVN reports status up for port: 597ca452-a228-4b2e-b03c-b4d7db1b306b
2026-07-24 18:43:13.375 10 INFO neutron.wsgi [req-4ab1b96f-ba02-4088-89d4-619fde60338c req-9872d581-360c-4e2c-84a6-e76222953f9a c8e9c6876d214fc4a78e1a26c0aa3db1 4c63e8f5982148a8892ff11c7f90d26c - - default default] 10.0.0.3 "GET /v2.0/ports?device_id=9e1cfca4-e41b-4762-8413-c7c4dbbf1138 HTTP/1.1" status: 200 len: 1210 time: 0.5985858
2026-07-24 18:43:13.388 10 INFO neutron.plugins.ml2.plugin [None req-7df97af8-123e-4e21-8433-8871f533c43c - - - - - -] Attempt 1 to provision port 597ca452-a228-4b2e-b03c-b4d7db1b306b /var/lib/openstack/lib/python3.10/site-packages/pycadf/identifier.py:71: UserWarning: Invalid uuid: neutron. To ensure interoperability, identifiers should be a valid uuid. warnings.warn(('Invalid uuid: %s. To ensure interoperability, '
2026-07-24 18:43:13.515 10 INFO neutron.wsgi [req-4ab1b96f-ba02-4088-89d4-619fde60338c req-1e1b5ce5-a1f8-4062-a11d-eb341ee3af2f c8e9c6876d214fc4a78e1a26c0aa3db1 4c63e8f5982148a8892ff11c7f90d26c - - default default] 10.0.0.3 "GET /v2.0/security-groups?id=4d4cf0e5-0458-4c82-89d0-187697c2f702&id=45decb29-5f4d-4551-b281-e766d9501beb&fields=id&fields=name HTTP/1.1" status: 200 len: 406 time: 0.1278653
2026-07-24 18:43:13.518 9 INFO neutron.db.ovn_revision_numbers_db [None req-69720ab8-3dab-4d2b-8cd7-dfc5654f744a 4890c4d4baa54207ae3978b8fd430ab7 cf8e5c53b3224182b21ed6d845174640 - - - -] Successfully bumped revision number for resource ecacfa36-ccf8-443a-94b1-49391201ea0c (type: routers) to 4
2026-07-24 18:43:13.525 9 INFO neutron.wsgi [None req-69720ab8-3dab-4d2b-8cd7-dfc5654f744a 4890c4d4baa54207ae3978b8fd430ab7 cf8e5c53b3224182b21ed6d845174640 - - - -] 10.0.0.195 "PUT /v2.0/routers/ecacfa36-ccf8-443a-94b1-49391201ea0c HTTP/1.1" status: 200 len: 660 time: 0.9492865
2026-07-24 18:43:13.555 9 INFO neutron.wsgi [None req-5ecb2add-912f-4b4b-a545-4e543f2dde6a 4890c4d4baa54207ae3978b8fd430ab7 cf8e5c53b3224182b21ed6d845174640 - - default default] 10.0.0.195 "GET /v2.0/ports?device_id=ecacfa36-ccf8-443a-94b1-49391201ea0c HTTP/1.1" status: 200 len: 205 time: 0.0231206
2026-07-24 18:43:13.701 10 INFO neutron.wsgi [req-05ab7202-b978-4579-9758-5a232b6d2d6f req-b4617faf-0177-486a-be7b-1e21e475f50a c8e9c6876d214fc4a78e1a26c0aa3db1 4c63e8f5982148a8892ff11c7f90d26c - - default default] 10.0.0.3 "GET /v2.0/ports?device_id=9e1cfca4-e41b-4762-8413-c7c4dbbf1138 HTTP/1.1" status: 200 len: 1210 time: 0.0898790
2026-07-24 18:43:13.765 10 INFO neutron.db.ovn_revision_numbers_db [None req-21a17364-6988-4507-81a0-4b8ae9229849 d2c9ee82f73f422dbe586849938de0ab d00fccf883134ece88392918b3b00d25 - - - -] Successfully bumped revision number for resource 6545cb72-d029-4f86-a5c0-4223a62cdaff (type: routers) to 4
2026-07-24 18:43:13.767 10 INFO neutron.wsgi [None req-21a17364-6988-4507-81a0-4b8ae9229849 d2c9ee82f73f422dbe586849938de0ab d00fccf883134ece88392918b3b00d25 - - - -] 10.0.0.195 "PUT /v2.0/routers/6545cb72-d029-4f86-a5c0-4223a62cdaff HTTP/1.1" status: 200 len: 880 time: 1.3827603
2026-07-24 18:43:13.872 9 INFO neutron.wsgi [None req-0bb908ae-02f3-4362-825e-a902e572bfa3 4890c4d4baa54207ae3978b8fd430ab7 cf8e5c53b3224182b21ed6d845174640 - - - -] 10.0.0.195 "DELETE /v2.0/routers/ecacfa36-ccf8-443a-94b1-49391201ea0c HTTP/1.1" status: 204 len: 168 time: 0.3117220
2026-07-24 18:43:13.910 9 INFO neutron.wsgi [None req-aa6b49a0-b5d4-4134-9ec3-c5f1cd6620e9 d2c9ee82f73f422dbe586849938de0ab d00fccf883134ece88392918b3b00d25 - - default default] 10.0.0.195 "GET /v2.0/routers/6545cb72-d029-4f86-a5c0-4223a62cdaff HTTP/1.1" status: 200 len: 880 time: 0.1342816
2026-07-24 18:43:13.929 9 INFO neutron.wsgi [None req-63c7ddaf-dd68-45bb-9e1c-be5d170ec04c 4890c4d4baa54207ae3978b8fd430ab7 cf8e5c53b3224182b21ed6d845174640 - - default default] 10.0.0.195 "GET /v2.0/routers/cf854677-9417-4e99-a503-239ab07ce81b HTTP/1.1" status: 200 len: 668 time: 0.0515304
2026-07-24 18:43:13.989 10 INFO neutron.wsgi [None req-6348301f-5e33-4b0a-8987-e44ca8dbc02b d2c9ee82f73f422dbe586849938de0ab d00fccf883134ece88392918b3b00d25 - - default default] 10.0.0.195 "GET /v2.0/ports?device_id=6545cb72-d029-4f86-a5c0-4223a62cdaff HTTP/1.1" status: 200 len: 205 time: 0.0523939
2026-07-24 18:43:14.132 10 INFO neutron.db.l3_db [None req-f9ad44ee-4a7f-4008-918a-6ba6b469247b c8e9c6876d214fc4a78e1a26c0aa3db1 4c63e8f5982148a8892ff11c7f90d26c - - - -] Floating IP b166ab4d-13d7-40e1-a003-786d9ab60555 associated. External IP: 10.96.250.208, port: 3d37e205-0d6a-482c-b925-3fb15e024925.
2026-07-24 18:43:14.488 9 INFO neutron.db.ovn_revision_numbers_db [None req-a080ac29-0d81-4fc2-9f9d-e84da4c82060 4890c4d4baa54207ae3978b8fd430ab7 cf8e5c53b3224182b21ed6d845174640 - - - -] Successfully bumped revision number for resource cf854677-9417-4e99-a503-239ab07ce81b (type: routers) to 4
2026-07-24 18:43:14.492 9 INFO neutron.wsgi [None req-a080ac29-0d81-4fc2-9f9d-e84da4c82060 4890c4d4baa54207ae3978b8fd430ab7 cf8e5c53b3224182b21ed6d845174640 - - - -] 10.0.0.195 "PUT /v2.0/routers/cf854677-9417-4e99-a503-239ab07ce81b HTTP/1.1" status: 200 len: 668 time: 0.5478599
2026-07-24 18:43:14.523 9 INFO neutron.wsgi [None req-fd4afb92-113a-4fbf-83a9-a68fb5ebbd4d 4890c4d4baa54207ae3978b8fd430ab7 cf8e5c53b3224182b21ed6d845174640 - - default default] 10.0.0.195 "GET /v2.0/ports?device_id=cf854677-9417-4e99-a503-239ab07ce81b HTTP/1.1" status: 200 len: 205 time: 0.0254705
2026-07-24 18:43:14.798 9 INFO neutron.wsgi [None req-e737f1af-3829-473a-8e88-a7eb4882164b 4890c4d4baa54207ae3978b8fd430ab7 cf8e5c53b3224182b21ed6d845174640 - - - -] 10.0.0.195 "DELETE /v2.0/routers/cf854677-9417-4e99-a503-239ab07ce81b HTTP/1.1" status: 204 len: 168 time: 0.2695260
2026-07-24 18:43:14.849 10 INFO neutron.notifiers.nova [-] Nova event matching ['req-7be4771d-8b1d-4510-9477-9721a8fd2679'] response: {'server_uuid': '9e1cfca4-e41b-4762-8413-c7c4dbbf1138', 'name': 'network-vif-plugged', 'status': 'completed', 'tag': '3d37e205-0d6a-482c-b925-3fb15e024925', 'code': 200}
2026-07-24 18:43:14.862 9 INFO neutron.wsgi [None req-b269742d-0cd0-472e-b05f-0c7140526271 4890c4d4baa54207ae3978b8fd430ab7 cf8e5c53b3224182b21ed6d845174640 - - default default] 10.0.0.195 "GET /v2.0/routers/609371ed-ee95-43d0-a92c-476dbab3c3e6 HTTP/1.1" status: 200 len: 677 time: 0.0584092
2026-07-24 18:43:14.928 10 INFO neutron.db.ovn_revision_numbers_db [None req-f9ad44ee-4a7f-4008-918a-6ba6b469247b c8e9c6876d214fc4a78e1a26c0aa3db1 4c63e8f5982148a8892ff11c7f90d26c - - - -] Successfully bumped revision number for resource b166ab4d-13d7-40e1-a003-786d9ab60555 (type: floatingips) to 1
2026-07-24 18:43:15.009 10 INFO neutron.wsgi [None req-ae4d29f7-56be-4981-b564-f6d369759a2f af6cf6b7229b4c9eace48dd4220164e4 8498dd98b53f466e81ae586547e94771 - - - -] 10.0.0.195 "PUT /v2.0/routers/84c2bede-8e14-4cb1-ab72-9fe5820f5869/remove_router_interface HTTP/1.1" status: 200 len: 503 time: 3.9412830 /var/lib/openstack/lib/python3.10/site-packages/pycadf/identifier.py:71: UserWarning: Invalid uuid: neutron. To ensure interoperability, identifiers should be a valid uuid. warnings.warn(('Invalid uuid: %s. To ensure interoperability, '
2026-07-24 18:43:15.200 10 INFO neutron.db.ovn_revision_numbers_db [None req-f9ad44ee-4a7f-4008-918a-6ba6b469247b c8e9c6876d214fc4a78e1a26c0aa3db1 4c63e8f5982148a8892ff11c7f90d26c - - - -] Successfully bumped revision number for resource b166ab4d-13d7-40e1-a003-786d9ab60555 (type: floatingips) to 2
2026-07-24 18:43:15.252 10 INFO neutron.wsgi [None req-f9ad44ee-4a7f-4008-918a-6ba6b469247b c8e9c6876d214fc4a78e1a26c0aa3db1 4c63e8f5982148a8892ff11c7f90d26c - - - -] 10.0.0.195 "PUT /v2.0/floatingips/b166ab4d-13d7-40e1-a003-786d9ab60555 HTTP/1.1" status: 200 len: 1049 time: 1.5310106
2026-07-24 18:43:15.750 10 INFO neutron.wsgi [None req-7e8f4190-0f12-4f5d-a229-98507db1f4ff d2c9ee82f73f422dbe586849938de0ab d00fccf883134ece88392918b3b00d25 - - - -] 10.0.0.195 "DELETE /v2.0/routers/6545cb72-d029-4f86-a5c0-4223a62cdaff HTTP/1.1" status: 204 len: 168 time: 1.7537403
2026-07-24 18:43:15.783 9 INFO neutron.db.ovn_revision_numbers_db [None req-ed41268f-9aa2-4d65-95d7-c7123eddfedc 4890c4d4baa54207ae3978b8fd430ab7 cf8e5c53b3224182b21ed6d845174640 - - - -] Successfully bumped revision number for resource 609371ed-ee95-43d0-a92c-476dbab3c3e6 (type: routers) to 4
2026-07-24 18:43:15.786 9 INFO neutron.wsgi [None req-ed41268f-9aa2-4d65-95d7-c7123eddfedc 4890c4d4baa54207ae3978b8fd430ab7 cf8e5c53b3224182b21ed6d845174640 - - - -] 10.0.0.195 "PUT /v2.0/routers/609371ed-ee95-43d0-a92c-476dbab3c3e6 HTTP/1.1" status: 200 len: 677 time: 0.9164317
2026-07-24 18:43:15.799 10 INFO neutron.wsgi [None req-8a95a214-8026-4d35-b80d-f322db0bb7b3 d2c9ee82f73f422dbe586849938de0ab d00fccf883134ece88392918b3b00d25 - - default default] 10.0.0.195 "GET /v2.0/ports?device_id=6545cb72-d029-4f86-a5c0-4223a62cdaff HTTP/1.1" status: 200 len: 205 time: 0.0330241
2026-07-24 18:43:15.819 9 INFO neutron.wsgi [None req-4d3b11ab-5558-4c77-91aa-7a772a0d40dc 4890c4d4baa54207ae3978b8fd430ab7 cf8e5c53b3224182b21ed6d845174640 - - default default] 10.0.0.195 "GET /v2.0/ports?device_id=609371ed-ee95-43d0-a92c-476dbab3c3e6 HTTP/1.1" status: 200 len: 205 time: 0.0271864
2026-07-24 18:43:15.832 9 INFO neutron.api.v2.resource [None req-d91eaa9a-4877-418b-84be-5dfe233c3651 d2c9ee82f73f422dbe586849938de0ab d00fccf883134ece88392918b3b00d25 - - - -] delete failed (client error): The resource could not be found.
2026-07-24 18:43:15.833 9 INFO neutron.wsgi [None req-d91eaa9a-4877-418b-84be-5dfe233c3651 d2c9ee82f73f422dbe586849938de0ab d00fccf883134ece88392918b3b00d25 - - - -] 10.0.0.195 "DELETE /v2.0/routers/6545cb72-d029-4f86-a5c0-4223a62cdaff HTTP/1.1" status: 404 len: 336 time: 0.0293319
2026-07-24 18:43:15.865 9 INFO neutron.wsgi [None req-13e80e96-462a-46c8-847e-83bef2d218de d2c9ee82f73f422dbe586849938de0ab d00fccf883134ece88392918b3b00d25 - - default default] 10.0.0.195 "GET /v2.0/ports?device_id=0052fe0f-f350-4a3f-8324-3a1bf61137d8 HTTP/1.1" status: 200 len: 205 time: 0.0262341
2026-07-24 18:43:15.898 9 INFO neutron.api.v2.resource [None req-8a9b62d4-d0d1-49f5-9c0e-6ca316de0131 d2c9ee82f73f422dbe586849938de0ab d00fccf883134ece88392918b3b00d25 - - - -] delete failed (client error): The resource could not be found.
2026-07-24 18:43:15.900 9 INFO neutron.wsgi [None req-8a9b62d4-d0d1-49f5-9c0e-6ca316de0131 d2c9ee82f73f422dbe586849938de0ab d00fccf883134ece88392918b3b00d25 - - - -] 10.0.0.195 "DELETE /v2.0/routers/0052fe0f-f350-4a3f-8324-3a1bf61137d8 HTTP/1.1" status: 404 len: 336 time: 0.0288985
2026-07-24 18:43:15.928 9 INFO neutron.pecan_wsgi.hooks.translation [None req-8c5e044e-7b88-4467-94a6-97cfae236b6c d2c9ee82f73f422dbe586849938de0ab d00fccf883134ece88392918b3b00d25 - - - -] DELETE failed (client error): The resource could not be found.
2026-07-24 18:43:15.931 9 INFO neutron.wsgi [None req-8c5e044e-7b88-4467-94a6-97cfae236b6c d2c9ee82f73f422dbe586849938de0ab d00fccf883134ece88392918b3b00d25 - - - -] 10.0.0.195 "DELETE /v2.0/subnets/95aea37c-cb4a-4bfa-880c-b63779ae04de HTTP/1.1" status: 404 len: 337 time: 0.0235853
2026-07-24 18:43:15.963 9 INFO neutron.wsgi [None req-4a9904ef-e576-4e39-ac1a-9312ac60bdd5 d2c9ee82f73f422dbe586849938de0ab d00fccf883134ece88392918b3b00d25 - - default default] 10.0.0.195 "GET /v2.0/ports?device_id=cb301d0f-8cd4-4b3a-875a-f5addacadefb HTTP/1.1" status: 200 len: 205 time: 0.0249636
2026-07-24 18:43:16.003 9 INFO neutron.api.v2.resource [None req-e562813d-bca7-43ab-8f08-4a623d82da6a d2c9ee82f73f422dbe586849938de0ab d00fccf883134ece88392918b3b00d25 - - - -] delete failed (client error): The resource could not be found.
2026-07-24 18:43:16.005 9 INFO neutron.wsgi [None req-e562813d-bca7-43ab-8f08-4a623d82da6a d2c9ee82f73f422dbe586849938de0ab d00fccf883134ece88392918b3b00d25 - - - -] 10.0.0.195 "DELETE /v2.0/routers/cb301d0f-8cd4-4b3a-875a-f5addacadefb HTTP/1.1" status: 404 len: 336 time: 0.0348148
2026-07-24 18:43:16.034 9 INFO neutron.pecan_wsgi.hooks.translation [None req-871c27b9-550b-4689-ba45-340e3c7c765d d2c9ee82f73f422dbe586849938de0ab d00fccf883134ece88392918b3b00d25 - - - -] DELETE failed (client error): The resource could not be found.
2026-07-24 18:43:16.038 9 INFO neutron.wsgi [None req-871c27b9-550b-4689-ba45-340e3c7c765d d2c9ee82f73f422dbe586849938de0ab d00fccf883134ece88392918b3b00d25 - - - -] 10.0.0.195 "DELETE /v2.0/subnets/412eb03f-6b22-414e-9a8d-308b4203ee5c HTTP/1.1" status: 404 len: 337 time: 0.0260370
2026-07-24 18:43:16.080 9 INFO neutron.wsgi [None req-8618cded-f961-406b-996a-90e2902c2e6b d2c9ee82f73f422dbe586849938de0ab d00fccf883134ece88392918b3b00d25 - - default default] 10.0.0.195 "GET /v2.0/ports?device_id=008a04ec-37ac-4260-bf38-714243687eed HTTP/1.1" status: 200 len: 205 time: 0.0324261
2026-07-24 18:43:16.118 10 INFO neutron.wsgi [None req-baa08034-0d56-4f53-9dec-c0dcc45f3377 af6cf6b7229b4c9eace48dd4220164e4 8498dd98b53f466e81ae586547e94771 - - - -] 10.0.0.195 "DELETE /v2.0/routers/84c2bede-8e14-4cb1-ab72-9fe5820f5869 HTTP/1.1" status: 204 len: 168 time: 1.1020145
2026-07-24 18:43:16.122 9 INFO neutron.api.v2.resource [None req-e85497af-fdf5-4ffb-88a6-0c58c465b262 d2c9ee82f73f422dbe586849938de0ab d00fccf883134ece88392918b3b00d25 - - - -] delete failed (client error): The resource could not be found.
2026-07-24 18:43:16.124 9 INFO neutron.wsgi [None req-e85497af-fdf5-4ffb-88a6-0c58c465b262 d2c9ee82f73f422dbe586849938de0ab d00fccf883134ece88392918b3b00d25 - - - -] 10.0.0.195 "DELETE /v2.0/routers/008a04ec-37ac-4260-bf38-714243687eed HTTP/1.1" status: 404 len: 336 time: 0.0361311
2026-07-24 18:43:16.148 10 INFO neutron.wsgi [None req-a4e6ce51-d98b-4e6d-a994-86a212371452 4890c4d4baa54207ae3978b8fd430ab7 cf8e5c53b3224182b21ed6d845174640 - - - -] 10.0.0.195 "DELETE /v2.0/routers/609371ed-ee95-43d0-a92c-476dbab3c3e6 HTTP/1.1" status: 204 len: 168 time: 0.3197885
2026-07-24 18:43:16.150 9 INFO neutron.pecan_wsgi.hooks.translation [None req-5a83df5c-7d62-4d7a-9da2-022a6bcfc2e9 d2c9ee82f73f422dbe586849938de0ab d00fccf883134ece88392918b3b00d25 - - - -] DELETE failed (client error): The resource could not be found.
2026-07-24 18:43:16.152 9 INFO neutron.wsgi [None req-5a83df5c-7d62-4d7a-9da2-022a6bcfc2e9 d2c9ee82f73f422dbe586849938de0ab d00fccf883134ece88392918b3b00d25 - - - -] 10.0.0.195 "DELETE /v2.0/subnets/4872a0d3-02f8-4ab9-b328-be3cfab3137a HTTP/1.1" status: 404 len: 337 time: 0.0223174
2026-07-24 18:43:16.190 10 INFO neutron.pecan_wsgi.hooks.translation [None req-da61e303-73b3-4c3e-8c30-517fb80187c6 d2c9ee82f73f422dbe586849938de0ab d00fccf883134ece88392918b3b00d25 - - - -] DELETE failed (client error): The resource could not be found.
2026-07-24 18:43:16.192 10 INFO neutron.wsgi [None req-da61e303-73b3-4c3e-8c30-517fb80187c6 d2c9ee82f73f422dbe586849938de0ab d00fccf883134ece88392918b3b00d25 - - - -] 10.0.0.195 "DELETE /v2.0/subnets/975a97ed-5aaf-46d2-bb87-4259afbb7420 HTTP/1.1" status: 404 len: 337 time: 0.0349274
2026-07-24 18:43:16.214 9 INFO neutron.wsgi [None req-9b0bbeb3-5533-479a-98f3-4f47e0840a24 4890c4d4baa54207ae3978b8fd430ab7 cf8e5c53b3224182b21ed6d845174640 - - default default] 10.0.0.195 "GET /v2.0/routers/f6e6997a-0970-45cd-b215-7346df271e07 HTTP/1.1" status: 200 len: 662 time: 0.0598600
2026-07-24 18:43:16.348 10 INFO neutron.wsgi [None req-b021b600-9181-4dd8-a998-ddeb0ef64fc7 af6cf6b7229b4c9eace48dd4220164e4 8498dd98b53f466e81ae586547e94771 - - - -] 10.0.0.195 "DELETE /v2.0/subnets/bcb1ef48-d5a5-42ff-a56e-7f82a5e6ad97 HTTP/1.1" status: 204 len: 168 time: 0.2248273
2026-07-24 18:43:16.726 9 INFO neutron.db.ovn_revision_numbers_db [None req-d606de8c-d9f6-4129-a1ef-83e10d96e729 4890c4d4baa54207ae3978b8fd430ab7 cf8e5c53b3224182b21ed6d845174640 - - - -] Successfully bumped revision number for resource f6e6997a-0970-45cd-b215-7346df271e07 (type: routers) to 4
2026-07-24 18:43:16.729 9 INFO neutron.wsgi [None req-d606de8c-d9f6-4129-a1ef-83e10d96e729 4890c4d4baa54207ae3978b8fd430ab7 cf8e5c53b3224182b21ed6d845174640 - - - -] 10.0.0.195 "PUT /v2.0/routers/f6e6997a-0970-45cd-b215-7346df271e07 HTTP/1.1" status: 200 len: 662 time: 0.5078337
2026-07-24 18:43:16.768 10 INFO neutron.services.segments.plugin [-] Segment 3213ab02-2c88-4409-8b8d-c227d1ca3754 resource provider aggregate not found
2026-07-24 18:43:16.774 10 INFO neutron.services.segments.plugin [-] Segment 3213ab02-2c88-4409-8b8d-c227d1ca3754 resource provider aggregate not found
2026-07-24 18:43:16.814 10 INFO neutron.services.segments.plugin [-] Segment 3213ab02-2c88-4409-8b8d-c227d1ca3754 resource provider not found; error: Placement Client Error (4xx): {"errors": [{"status": 404, "title": "Not Found", "detail": "The resource could not be found.\n\n No resource provider with uuid 3213ab02-2c88-4409-8b8d-c227d1ca3754 found for delete ", "request_id": "req-d9fd6625-6aa9-410c-8dfe-9dc0b98d2599"}]}
2026-07-24 18:43:16.815 10 INFO neutron.services.segments.plugin [-] Segment 3213ab02-2c88-4409-8b8d-c227d1ca3754 resource provider not found; error: Placement Client Error (4xx): {"errors": [{"status": 404, "title": "Not Found", "detail": "The resource could not be found.\n\n No resource provider with uuid 3213ab02-2c88-4409-8b8d-c227d1ca3754 found for delete ", "request_id": "req-3aafabc1-71e9-4eb9-9b96-fcb1f2302b3d"}]}
2026-07-24 18:43:16.818 10 INFO neutron.wsgi [None req-b80c2144-4600-44c0-a5e0-9067f4af3512 4890c4d4baa54207ae3978b8fd430ab7 cf8e5c53b3224182b21ed6d845174640 - - default default] 10.0.0.195 "GET /v2.0/ports?device_id=f6e6997a-0970-45cd-b215-7346df271e07 HTTP/1.1" status: 200 len: 205 time: 0.0813391
2026-07-24 18:43:16.852 10 INFO neutron.wsgi [None req-a66f878d-399e-4b01-8d2c-533c72a12342 af6cf6b7229b4c9eace48dd4220164e4 8498dd98b53f466e81ae586547e94771 - - - -] 10.0.0.195 "DELETE /v2.0/networks/3a9916d1-50d4-4a3a-8f43-07754fda01a6 HTTP/1.1" status: 204 len: 168 time: 0.4971879
2026-07-24 18:43:16.895 10 INFO neutron.notifiers.nova [-] Nova event matching ['req-1466ea07-1698-48eb-9fd5-bff3c8481762'] response: {'name': 'network-changed', 'server_uuid': '9e1cfca4-e41b-4762-8413-c7c4dbbf1138', 'tag': '3d37e205-0d6a-482c-b925-3fb15e024925', 'status': 'completed', 'code': 200}
2026-07-24 18:43:16.982 9 INFO neutron.wsgi [None req-b37c5cc9-5814-42b6-83b5-826912d82509 af6cf6b7229b4c9eace48dd4220164e4 8498dd98b53f466e81ae586547e94771 - - default default] 10.0.0.195 "GET /v2.0/security-groups?tenant_id=d00fccf883134ece88392918b3b00d25&name=default HTTP/1.1" status: 200 len: 2996 time: 0.2281430
2026-07-24 18:43:17.015 9 INFO neutron.wsgi [req-2797d3f6-ae27-43b3-a001-71609f3772bb req-3b6a4e40-e323-4b30-8ffd-95ed329b08c3 de74f2d4048c4ef78082d00e49736666 e2f20cd3df98453099bf504f9832b7c6 - - 6674caebc00f4e4b9a9fcb8cf9107f20 6674caebc00f4e4b9a9fcb8cf9107f20] 199.19.213.152 "GET /v2.0/ports?tenant_id=4c63e8f5982148a8892ff11c7f90d26c&device_id=9e1cfca4-e41b-4762-8413-c7c4dbbf1138 HTTP/1.1" status: 200 len: 1400 time: 0.0835376
2026-07-24 18:43:17.060 10 INFO neutron.wsgi [None req-d91a1a2e-6c15-4b73-8fbb-deaaf37ef744 af6cf6b7229b4c9eace48dd4220164e4 8498dd98b53f466e81ae586547e94771 - - default default] 10.0.0.195 "GET /v2.0/security-groups?tenant_id=e7be551aaa3142ae87a76b5b92575366&name=default HTTP/1.1" status: 200 len: 2996 time: 0.0485992
2026-07-24 18:43:17.167 9 INFO neutron.wsgi [req-2797d3f6-ae27-43b3-a001-71609f3772bb req-01153e86-3e38-462c-88a3-c11c9ff70064 de74f2d4048c4ef78082d00e49736666 e2f20cd3df98453099bf504f9832b7c6 - - 6674caebc00f4e4b9a9fcb8cf9107f20 6674caebc00f4e4b9a9fcb8cf9107f20] 199.19.213.152 "GET /v2.0/networks?id=019b5db0-7a14-4b8a-a9f8-597e09bb9f4e HTTP/1.1" status: 200 len: 970 time: 0.1436043
2026-07-24 18:43:17.193 9 INFO neutron.wsgi [None req-4390418b-a960-4419-98f7-7e35f36bde65 4890c4d4baa54207ae3978b8fd430ab7 cf8e5c53b3224182b21ed6d845174640 - - - -] 10.0.0.195 "DELETE /v2.0/routers/f6e6997a-0970-45cd-b215-7346df271e07 HTTP/1.1" status: 204 len: 168 time: 0.3693147
2026-07-24 18:43:17.234 9 INFO neutron.wsgi [req-2797d3f6-ae27-43b3-a001-71609f3772bb req-7f6a99d4-51a0-4daa-87b9-2a6bf2794749 de74f2d4048c4ef78082d00e49736666 e2f20cd3df98453099bf504f9832b7c6 - - 6674caebc00f4e4b9a9fcb8cf9107f20 6674caebc00f4e4b9a9fcb8cf9107f20] 199.19.213.152 "GET /v2.0/floatingips?fixed_ip_address=10.100.0.6&port_id=3d37e205-0d6a-482c-b925-3fb15e024925 HTTP/1.1" status: 200 len: 1059 time: 0.0516243
2026-07-24 18:43:17.256 10 INFO neutron.wsgi [None req-a2993b85-bfb5-4ce3-8589-9539dbe5a440 4890c4d4baa54207ae3978b8fd430ab7 cf8e5c53b3224182b21ed6d845174640 - - default default] 10.0.0.195 "GET /v2.0/routers/3f61782a-a538-4ce6-b26d-147862fb8a7a HTTP/1.1" status: 200 len: 655 time: 0.0560396
2026-07-24 18:43:17.298 9 INFO neutron.wsgi [req-2797d3f6-ae27-43b3-a001-71609f3772bb req-d6cf31ab-52de-4d0f-85bc-3142f1907504 de74f2d4048c4ef78082d00e49736666 e2f20cd3df98453099bf504f9832b7c6 - - 6674caebc00f4e4b9a9fcb8cf9107f20 6674caebc00f4e4b9a9fcb8cf9107f20] 199.19.213.152 "GET /v2.0/subnets?id=f88953e8-b054-4a15-9d11-38ebf2083298 HTTP/1.1" status: 200 len: 865 time: 0.0567794
2026-07-24 18:43:17.341 9 INFO neutron.wsgi [req-2797d3f6-ae27-43b3-a001-71609f3772bb req-f333d629-5310-4f3d-93b7-15bfbc8e0b86 de74f2d4048c4ef78082d00e49736666 e2f20cd3df98453099bf504f9832b7c6 - - 6674caebc00f4e4b9a9fcb8cf9107f20 6674caebc00f4e4b9a9fcb8cf9107f20] 199.19.213.152 "GET /v2.0/ports?network_id=019b5db0-7a14-4b8a-a9f8-597e09bb9f4e&device_owner=network%3Adhcp HTTP/1.1" status: 200 len: 210 time: 0.0330732
2026-07-24 18:43:17.422 9 INFO neutron.wsgi [None req-82c6112e-f79f-46d5-9b61-8430392bf62e af6cf6b7229b4c9eace48dd4220164e4 8498dd98b53f466e81ae586547e94771 - - - -] 10.0.0.195 "DELETE /v2.0/security-groups/7d7f5449-dcd3-4816-8da4-85404f8f4a72 HTTP/1.1" status: 204 len: 168 time: 0.4277570
2026-07-24 18:43:17.430 9 INFO neutron.wsgi [req-2797d3f6-ae27-43b3-a001-71609f3772bb req-c019bff0-63e2-4c04-9c99-6af51c25ac49 de74f2d4048c4ef78082d00e49736666 e2f20cd3df98453099bf504f9832b7c6 - - 6674caebc00f4e4b9a9fcb8cf9107f20 6674caebc00f4e4b9a9fcb8cf9107f20] 199.19.213.152 "GET /v2.0/networks/019b5db0-7a14-4b8a-a9f8-597e09bb9f4e?fields=segments HTTP/1.1" status: 200 len: 212 time: 0.0785313
2026-07-24 18:43:17.811 10 INFO neutron.wsgi [None req-68483dd8-6ca7-4a02-acba-b7586d0492a4 af6cf6b7229b4c9eace48dd4220164e4 8498dd98b53f466e81ae586547e94771 - - - -] 10.0.0.195 "DELETE /v2.0/security-groups/fb78c6b5-aff8-4a0e-b40b-8feb25b2026e HTTP/1.1" status: 204 len: 168 time: 0.7453582
2026-07-24 18:43:17.904 9 INFO neutron.wsgi [req-2797d3f6-ae27-43b3-a001-71609f3772bb req-ddd6e604-5aaa-4ba6-ac97-508ef6ec2753 de74f2d4048c4ef78082d00e49736666 e2f20cd3df98453099bf504f9832b7c6 - - 6674caebc00f4e4b9a9fcb8cf9107f20 6674caebc00f4e4b9a9fcb8cf9107f20] 199.19.213.152 "GET /v2.0/networks/019b5db0-7a14-4b8a-a9f8-597e09bb9f4e?fields=provider%3Aphysical_network&fields=provider%3Anetwork_type HTTP/1.1" status: 200 len: 277 time: 0.4638023
2026-07-24 18:43:18.169 10 INFO neutron.db.ovn_revision_numbers_db [None req-9a01df98-4fc9-485f-b049-54bc84495292 4890c4d4baa54207ae3978b8fd430ab7 cf8e5c53b3224182b21ed6d845174640 - - - -] Successfully bumped revision number for resource 3f61782a-a538-4ce6-b26d-147862fb8a7a (type: routers) to 3
2026-07-24 18:43:18.176 10 INFO neutron.wsgi [None req-9a01df98-4fc9-485f-b049-54bc84495292 4890c4d4baa54207ae3978b8fd430ab7 cf8e5c53b3224182b21ed6d845174640 - - - -] 10.0.0.195 "PUT /v2.0/routers/3f61782a-a538-4ce6-b26d-147862fb8a7a HTTP/1.1" status: 200 len: 655 time: 0.9134841
2026-07-24 18:43:18.197 10 WARNING neutron.plugins.ml2.drivers.ovn.mech_driver.ovsdb.ovn_client [None req-7df97af8-123e-4e21-8433-8871f533c43c - - - - - -] No port found with ID 597ca452-a228-4b2e-b03c-b4d7db1b306b: RuntimeError: No port found with ID 597ca452-a228-4b2e-b03c-b4d7db1b306b
2026-07-24 18:43:18.211 9 INFO neutron.wsgi [None req-d4b99cb2-f075-4600-b921-9ab1c23202be 4890c4d4baa54207ae3978b8fd430ab7 cf8e5c53b3224182b21ed6d845174640 - - default default] 10.0.0.195 "GET /v2.0/ports?device_id=3f61782a-a538-4ce6-b26d-147862fb8a7a HTTP/1.1" status: 200 len: 205 time: 0.0258524
2026-07-24 18:43:18.444 9 INFO neutron.wsgi [None req-24cddabf-2b4c-45da-bda2-ac7f88e9b416 4890c4d4baa54207ae3978b8fd430ab7 cf8e5c53b3224182b21ed6d845174640 - - - -] 10.0.0.195 "DELETE /v2.0/routers/3f61782a-a538-4ce6-b26d-147862fb8a7a HTTP/1.1" status: 204 len: 168 time: 0.2275727
2026-07-24 18:43:19.654 9 INFO neutron.wsgi [None req-0a091d05-84f0-451d-890a-1594679575ac 439e286dde2d465f8cffaad8b69f55fe edb15a631c2b4d66a2e02648d14c2663 - - - -] 10.0.0.195 "POST /v2.0/subnetpools HTTP/1.1" status: 201 len: 747 time: 0.1582203
2026-07-24 18:43:19.732 9 INFO neutron.wsgi [None req-dd24d95d-3208-499b-abfb-7a05fc4cc053 439e286dde2d465f8cffaad8b69f55fe edb15a631c2b4d66a2e02648d14c2663 - - default default] 10.0.0.195 "GET /v2.0/subnetpools/5ae54fe3-7250-4d32-991c-66fb2da870b2 HTTP/1.1" status: 200 len: 742 time: 0.0716212 /var/lib/openstack/lib/python3.10/site-packages/pycadf/identifier.py:71: UserWarning: Invalid uuid: neutron. To ensure interoperability, identifiers should be a valid uuid. warnings.warn(('Invalid uuid: %s. To ensure interoperability, '
2026-07-24 18:43:19.762 9 INFO neutron.db.ovn_revision_numbers_db [None req-d54035b4-a304-4690-b528-8e55447937b4 af6cf6b7229b4c9eace48dd4220164e4 8498dd98b53f466e81ae586547e94771 - - default default] Successfully bumped revision number for resource 9e074f6e-4996-415e-9a04-0048c34c5998 (type: security_groups) to 1
2026-07-24 18:43:19.783 9 INFO neutron.wsgi [None req-d54035b4-a304-4690-b528-8e55447937b4 af6cf6b7229b4c9eace48dd4220164e4 8498dd98b53f466e81ae586547e94771 - - default default] 10.0.0.195 "GET /v2.0/security-groups?tenant_id=ac0a891b7ecd41b2bae02af6d45288ee&name=default HTTP/1.1" status: 200 len: 2996 time: 0.4649642
2026-07-24 18:43:19.862 10 INFO neutron.wsgi [None req-c7dd3f74-e29f-490e-8bf3-9bbd81f51302 439e286dde2d465f8cffaad8b69f55fe edb15a631c2b4d66a2e02648d14c2663 - - - -] 10.0.0.195 "PUT /v2.0/subnetpools/5ae54fe3-7250-4d32-991c-66fb2da870b2 HTTP/1.1" status: 200 len: 695 time: 0.1178718
2026-07-24 18:43:19.938 9 INFO neutron.wsgi [None req-29979c72-e9d5-4f94-9ba7-62a9a2855b6e 439e286dde2d465f8cffaad8b69f55fe edb15a631c2b4d66a2e02648d14c2663 - - - -] 10.0.0.195 "DELETE /v2.0/subnetpools/5ae54fe3-7250-4d32-991c-66fb2da870b2 HTTP/1.1" status: 204 len: 168 time: 0.0691321
2026-07-24 18:43:19.973 10 INFO neutron.api.v2.resource [None req-3812cd2c-7bfa-43b0-9b03-d46c67b07f2f 439e286dde2d465f8cffaad8b69f55fe edb15a631c2b4d66a2e02648d14c2663 - - default default] show failed (client error): The resource could not be found.
2026-07-24 18:43:19.974 10 INFO neutron.wsgi [None req-3812cd2c-7bfa-43b0-9b03-d46c67b07f2f 439e286dde2d465f8cffaad8b69f55fe edb15a631c2b4d66a2e02648d14c2663 - - default default] 10.0.0.195 "GET /v2.0/subnetpools/5ae54fe3-7250-4d32-991c-66fb2da870b2 HTTP/1.1" status: 404 len: 346 time: 0.0201995
2026-07-24 18:43:20.001 10 INFO neutron.api.v2.resource [None req-dd250f00-8a3a-4bba-b4f8-5f3a8ae5c7e9 439e286dde2d465f8cffaad8b69f55fe edb15a631c2b4d66a2e02648d14c2663 - - - -] delete failed (client error): The resource could not be found.
2026-07-24 18:43:20.003 10 INFO neutron.wsgi [None req-dd250f00-8a3a-4bba-b4f8-5f3a8ae5c7e9 439e286dde2d465f8cffaad8b69f55fe edb15a631c2b4d66a2e02648d14c2663 - - - -] 10.0.0.195 "DELETE /v2.0/subnetpools/5ae54fe3-7250-4d32-991c-66fb2da870b2 HTTP/1.1" status: 404 len: 346 time: 0.0184495
2026-07-24 18:43:20.056 9 INFO neutron.wsgi [None req-6fb4f802-081c-464e-8fc4-0317575d4543 af6cf6b7229b4c9eace48dd4220164e4 8498dd98b53f466e81ae586547e94771 - - - -] 10.0.0.195 "DELETE /v2.0/security-groups/9e074f6e-4996-415e-9a04-0048c34c5998 HTTP/1.1" status: 204 len: 168 time: 0.2659578
2026-07-24 18:43:20.410 9 INFO neutron.db.ovn_revision_numbers_db [None req-6405e1a9-cfab-4ea2-8ad4-6388c0bdb4a8 af6cf6b7229b4c9eace48dd4220164e4 8498dd98b53f466e81ae586547e94771 - - default default] Successfully bumped revision number for resource 7009b150-b3be-4caa-afe3-7f02cf21ead9 (type: security_groups) to 1
2026-07-24 18:43:20.438 9 INFO neutron.wsgi [None req-6405e1a9-cfab-4ea2-8ad4-6388c0bdb4a8 af6cf6b7229b4c9eace48dd4220164e4 8498dd98b53f466e81ae586547e94771 - - default default] 10.0.0.195 "GET /v2.0/security-groups?tenant_id=cf8e5c53b3224182b21ed6d845174640&name=default HTTP/1.1" status: 200 len: 2996 time: 0.1172359
2026-07-24 18:43:20.667 9 INFO neutron.wsgi [None req-809a20ed-b1e5-44e0-961e-932f3507a037 af6cf6b7229b4c9eace48dd4220164e4 8498dd98b53f466e81ae586547e94771 - - - -] 10.0.0.195 "DELETE /v2.0/security-groups/7009b150-b3be-4caa-afe3-7f02cf21ead9 HTTP/1.1" status: 204 len: 168 time: 0.2228949
2026-07-24 18:43:20.800 10 INFO neutron.db.ovn_revision_numbers_db [None req-265d9788-f1b3-4449-9352-601c658f310f af6cf6b7229b4c9eace48dd4220164e4 8498dd98b53f466e81ae586547e94771 - - default default] Successfully bumped revision number for resource 31675719-6753-4e70-9ce8-e3296f7e76d3 (type: security_groups) to 1
2026-07-24 18:43:20.828 10 INFO neutron.wsgi [None req-265d9788-f1b3-4449-9352-601c658f310f af6cf6b7229b4c9eace48dd4220164e4 8498dd98b53f466e81ae586547e94771 - - default default] 10.0.0.195 "GET /v2.0/security-groups?tenant_id=edb15a631c2b4d66a2e02648d14c2663&name=default HTTP/1.1" status: 200 len: 2996 time: 0.3912604
2026-07-24 18:43:20.959 9 INFO neutron.db.ovn_revision_numbers_db [None req-729f185a-b227-4c88-975c-0d587d438c54 af6cf6b7229b4c9eace48dd4220164e4 8498dd98b53f466e81ae586547e94771 - - default default] Successfully bumped revision number for resource 18d7fcc0-d923-42b6-b7b5-271052a0b124 (type: security_groups) to 1
2026-07-24 18:43:20.993 9 INFO neutron.wsgi [None req-729f185a-b227-4c88-975c-0d587d438c54 af6cf6b7229b4c9eace48dd4220164e4 8498dd98b53f466e81ae586547e94771 - - default default] 10.0.0.195 "GET /v2.0/security-groups?tenant_id=b98f894a97244a6d82d1504be931d8c0&name=default HTTP/1.1" status: 200 len: 2996 time: 0.1590483
2026-07-24 18:43:21.121 9 INFO neutron.wsgi [None req-b15af00d-bb87-4450-ad47-d3c9defce4f1 af6cf6b7229b4c9eace48dd4220164e4 8498dd98b53f466e81ae586547e94771 - - - -] 10.0.0.195 "DELETE /v2.0/security-groups/31675719-6753-4e70-9ce8-e3296f7e76d3 HTTP/1.1" status: 204 len: 168 time: 0.2723031
2026-07-24 18:43:21.228 9 INFO neutron.wsgi [None req-f2eaf255-c52a-4260-8ece-6272a5112143 af6cf6b7229b4c9eace48dd4220164e4 8498dd98b53f466e81ae586547e94771 - - - -] 10.0.0.195 "DELETE /v2.0/security-groups/18d7fcc0-d923-42b6-b7b5-271052a0b124 HTTP/1.1" status: 204 len: 168 time: 0.2261708
2026-07-24 18:43:22.588 10 INFO neutron.db.ovn_revision_numbers_db [None req-e51c3106-7c98-4c54-9ef7-f68c49d84fd2 af6cf6b7229b4c9eace48dd4220164e4 8498dd98b53f466e81ae586547e94771 - - default default] Successfully bumped revision number for resource 1c91946e-c7fb-4560-973f-e39b3513dd7d (type: security_groups) to 1
2026-07-24 18:43:22.615 10 INFO neutron.wsgi [None req-e51c3106-7c98-4c54-9ef7-f68c49d84fd2 af6cf6b7229b4c9eace48dd4220164e4 8498dd98b53f466e81ae586547e94771 - - default default] 10.0.0.195 "GET /v2.0/security-groups?tenant_id=89e7a7288d0c4c0da37ae98ef281e83d&name=default HTTP/1.1" status: 200 len: 2996 time: 0.2561193
2026-07-24 18:43:22.861 10 INFO neutron.wsgi [None req-80b8f2f9-e2ac-4a3a-b9d2-d36acc66b0b2 af6cf6b7229b4c9eace48dd4220164e4 8498dd98b53f466e81ae586547e94771 - - - -] 10.0.0.195 "DELETE /v2.0/security-groups/1c91946e-c7fb-4560-973f-e39b3513dd7d HTTP/1.1" status: 204 len: 168 time: 0.2367554
2026-07-24 18:43:23.135 10 INFO neutron.db.ovn_revision_numbers_db [None req-6445bc29-d3eb-4909-be8d-f83bf3778b1c af6cf6b7229b4c9eace48dd4220164e4 8498dd98b53f466e81ae586547e94771 - - default default] Successfully bumped revision number for resource e3e64d20-1327-49b2-b59c-fd1be3e0de3a (type: security_groups) to 1
2026-07-24 18:43:23.165 10 INFO neutron.wsgi [None req-6445bc29-d3eb-4909-be8d-f83bf3778b1c af6cf6b7229b4c9eace48dd4220164e4 8498dd98b53f466e81ae586547e94771 - - default default] 10.0.0.195 "GET /v2.0/security-groups?tenant_id=ce5d30bc4c0c43f394e90eb80a35f081&name=default HTTP/1.1" status: 200 len: 2996 time: 0.1419628
2026-07-24 18:43:23.386 10 INFO neutron.wsgi [None req-53b8515a-5ed6-4ab9-a3ab-da2823abaa79 af6cf6b7229b4c9eace48dd4220164e4 8498dd98b53f466e81ae586547e94771 - - - -] 10.0.0.195 "DELETE /v2.0/security-groups/e3e64d20-1327-49b2-b59c-fd1be3e0de3a HTTP/1.1" status: 204 len: 168 time: 0.2160742
2026-07-24 18:43:24.172 10 INFO neutron.wsgi [-] 10.0.0.75 "GET / HTTP/1.1" status: 200 len: 246 time: 0.0020003
2026-07-24 18:43:24.173 9 INFO neutron.wsgi [-] 10.0.0.75 "GET / HTTP/1.1" status: 200 len: 246 time: 0.0030198
