2026-07-24 18:47:24.104 9 INFO neutron.wsgi [req-2811d90a-c7ae-4fe1-9456-a42e82fb6e0d req-d07d45fc-5079-4652-8b5a-4328be64f0ca de74f2d4048c4ef78082d00e49736666 e2f20cd3df98453099bf504f9832b7c6 - - 6674caebc00f4e4b9a9fcb8cf9107f20 6674caebc00f4e4b9a9fcb8cf9107f20] 199.19.213.152 "GET /v2.0/networks/09f81d0f-9733-4e5e-933e-d351e9d3ccc5?fields=provider%3Aphysical_network&fields=provider%3Anetwork_type HTTP/1.1" status: 200 len: 277 time: 0.0683515
2026-07-24 18:47:24.173 10 INFO neutron.wsgi [-] 10.0.0.75 "GET / HTTP/1.1" status: 200 len: 246 time: 0.0021122
2026-07-24 18:47:24.174 9 INFO neutron.wsgi [-] 10.0.0.75 "GET / HTTP/1.1" status: 200 len: 246 time: 0.0030646
2026-07-24 18:47:24.259 9 INFO neutron.plugins.ml2.drivers.ovn.mech_driver.mech_driver [None req-446a6c98-7e52-4e02-ad18-1bd5f30e1b9e - - - - - -] OVN reports status down for port: 1655084a-d582-4fb7-b423-44dd12a619cd
2026-07-24 18:47:24.337 9 INFO neutron.wsgi [req-ec37a757-01f5-4da5-b71e-6f61b3f46356 req-de39c5c3-76f4-4fc0-9789-581838240ade de74f2d4048c4ef78082d00e49736666 e2f20cd3df98453099bf504f9832b7c6 - - 6674caebc00f4e4b9a9fcb8cf9107f20 6674caebc00f4e4b9a9fcb8cf9107f20] 199.19.213.152 "GET /v2.0/ports/1655084a-d582-4fb7-b423-44dd12a619cd HTTP/1.1" status: 200 len: 1182 time: 0.0467324
2026-07-24 18:47:24.427 9 INFO neutron.notifiers.nova [-] Nova event matching ['req-cfdb0985-26ba-4e00-83b6-fb6d51758d41'] response: {'server_uuid': '4e490256-84d2-4eb8-a065-e82646933293', 'name': 'network-vif-unplugged', 'status': 'completed', 'tag': '1655084a-d582-4fb7-b423-44dd12a619cd', 'code': 200}
2026-07-24 18:47:24.615 9 INFO neutron.db.ovn_revision_numbers_db [None req-446a6c98-7e52-4e02-ad18-1bd5f30e1b9e - - - - - -] Successfully bumped revision number for resource 1655084a-d582-4fb7-b423-44dd12a619cd (type: ports) to 7
2026-07-24 18:47:24.670 9 INFO neutron.wsgi [None req-d6258763-763f-4e8d-87a3-ed861a14b28a af6cf6b7229b4c9eace48dd4220164e4 8498dd98b53f466e81ae586547e94771 - - - -] 199.19.213.152 "DELETE /v2.0/ports/1655084a-d582-4fb7-b423-44dd12a619cd HTTP/1.1" status: 204 len: 173 time: 0.3291056
2026-07-24 18:47:24.794 9 INFO neutron.wsgi [req-ec37a757-01f5-4da5-b71e-6f61b3f46356 req-eb653f53-7b13-4766-9f78-6deccc64254b de74f2d4048c4ef78082d00e49736666 e2f20cd3df98453099bf504f9832b7c6 - - 6674caebc00f4e4b9a9fcb8cf9107f20 6674caebc00f4e4b9a9fcb8cf9107f20] 199.19.213.152 "GET /v2.0/ports?tenant_id=8498dd98b53f466e81ae586547e94771&device_id=4e490256-84d2-4eb8-a065-e82646933293 HTTP/1.1" status: 200 len: 3780 time: 0.0483282
2026-07-24 18:47:24.869 9 INFO neutron.wsgi [req-ec37a757-01f5-4da5-b71e-6f61b3f46356 req-08237662-dbc2-40bd-83ef-d7121d7d7721 de74f2d4048c4ef78082d00e49736666 e2f20cd3df98453099bf504f9832b7c6 - - 6674caebc00f4e4b9a9fcb8cf9107f20 6674caebc00f4e4b9a9fcb8cf9107f20] 199.19.213.152 "GET /v2.0/networks?id=e7756b86-b74d-414b-954f-afa6675857f7&id=5b481b60-38a6-4663-bf1c-aab2c0a128a5&id=34669529-8306-49e9-b7c2-93a4a637503e&id=09f81d0f-9733-4e5e-933e-d351e9d3ccc5 HTTP/1.1" status: 200 len: 3308 time: 0.0693142
2026-07-24 18:47:24.905 9 INFO neutron.wsgi [req-ec37a757-01f5-4da5-b71e-6f61b3f46356 req-7f5c192b-d785-4dbb-8079-277dc699dd78 de74f2d4048c4ef78082d00e49736666 e2f20cd3df98453099bf504f9832b7c6 - - 6674caebc00f4e4b9a9fcb8cf9107f20 6674caebc00f4e4b9a9fcb8cf9107f20] 199.19.213.152 "GET /v2.0/floatingips?fixed_ip_address=172.24.3.220&port_id=b4fd0dc5-feb8-4b76-bda9-78e776d84a46 HTTP/1.1" status: 200 len: 217 time: 0.0270455
2026-07-24 18:47:24.941 9 INFO neutron.wsgi [req-ec37a757-01f5-4da5-b71e-6f61b3f46356 req-59cc146e-c242-4ae4-af4d-e57958da8219 de74f2d4048c4ef78082d00e49736666 e2f20cd3df98453099bf504f9832b7c6 - - 6674caebc00f4e4b9a9fcb8cf9107f20 6674caebc00f4e4b9a9fcb8cf9107f20] 199.19.213.152 "GET /v2.0/subnets?id=83e39df1-0401-42bf-899d-fad6ad51fb82 HTTP/1.1" status: 200 len: 829 time: 0.0287290
2026-07-24 18:47:24.975 9 INFO neutron.wsgi [req-ec37a757-01f5-4da5-b71e-6f61b3f46356 req-87f4d73e-73ea-4385-833e-397489a48a31 de74f2d4048c4ef78082d00e49736666 e2f20cd3df98453099bf504f9832b7c6 - - 6674caebc00f4e4b9a9fcb8cf9107f20 6674caebc00f4e4b9a9fcb8cf9107f20] 199.19.213.152 "GET /v2.0/ports?network_id=e7756b86-b74d-414b-954f-afa6675857f7&device_owner=network%3Adhcp HTTP/1.1" status: 200 len: 210 time: 0.0246301
2026-07-24 18:47:25.035 10 INFO neutron.wsgi [None req-7070f2f9-3cbd-4a07-9d46-95b0b7f6c409 af6cf6b7229b4c9eace48dd4220164e4 8498dd98b53f466e81ae586547e94771 - - default default] 199.19.213.152 "GET /v2.0/ports?device_id=4e490256-84d2-4eb8-a065-e82646933293 HTTP/1.1" status: 200 len: 3780 time: 0.0397422
2026-07-24 18:47:25.051 9 INFO neutron.wsgi [req-ec37a757-01f5-4da5-b71e-6f61b3f46356 req-e7b43e9c-b658-4d7a-b862-bab0d4081b35 de74f2d4048c4ef78082d00e49736666 e2f20cd3df98453099bf504f9832b7c6 - - 6674caebc00f4e4b9a9fcb8cf9107f20 6674caebc00f4e4b9a9fcb8cf9107f20] 199.19.213.152 "GET /v2.0/networks/e7756b86-b74d-414b-954f-afa6675857f7?fields=segments HTTP/1.1" status: 200 len: 212 time: 0.0691695
2026-07-24 18:47:25.064 10 INFO neutron.pecan_wsgi.hooks.translation [None req-ce3be74e-6f51-4582-9065-3743f5adc472 af6cf6b7229b4c9eace48dd4220164e4 8498dd98b53f466e81ae586547e94771 - - - -] DELETE failed (client error): The resource could not be found.
2026-07-24 18:47:25.066 10 INFO neutron.wsgi [None req-ce3be74e-6f51-4582-9065-3743f5adc472 af6cf6b7229b4c9eace48dd4220164e4 8498dd98b53f466e81ae586547e94771 - - - -] 199.19.213.152 "DELETE /v2.0/ports/1655084a-d582-4fb7-b423-44dd12a619cd HTTP/1.1" status: 404 len: 338 time: 0.0237157
2026-07-24 18:47:25.123 9 INFO neutron.wsgi [req-ec37a757-01f5-4da5-b71e-6f61b3f46356 req-83ed15f4-bc61-4346-82b3-8b0d6cee84e2 de74f2d4048c4ef78082d00e49736666 e2f20cd3df98453099bf504f9832b7c6 - - 6674caebc00f4e4b9a9fcb8cf9107f20 6674caebc00f4e4b9a9fcb8cf9107f20] 199.19.213.152 "GET /v2.0/networks/e7756b86-b74d-414b-954f-afa6675857f7?fields=provider%3Aphysical_network&fields=provider%3Anetwork_type HTTP/1.1" status: 200 len: 277 time: 0.0659294
2026-07-24 18:47:25.158 10 INFO neutron.wsgi [None req-412b3df7-0d3f-435f-ad0d-ebbde96512ea af6cf6b7229b4c9eace48dd4220164e4 8498dd98b53f466e81ae586547e94771 - - default default] 199.19.213.152 "GET /v2.0/extensions/security-group HTTP/1.1" status: 200 len: 369 time: 0.0065327
2026-07-24 18:47:25.158 9 INFO neutron.wsgi [req-ec37a757-01f5-4da5-b71e-6f61b3f46356 req-b05fd530-f4cf-4a19-ae22-3978c00440dd de74f2d4048c4ef78082d00e49736666 e2f20cd3df98453099bf504f9832b7c6 - - 6674caebc00f4e4b9a9fcb8cf9107f20 6674caebc00f4e4b9a9fcb8cf9107f20] 199.19.213.152 "GET /v2.0/floatingips?fixed_ip_address=10.1.1.243&port_id=e5cfa182-51ab-4cd3-8a6e-5650c59e88c6 HTTP/1.1" status: 200 len: 217 time: 0.0297666
2026-07-24 18:47:25.168 10 INFO neutron.wsgi [None req-cc4d3c62-ed55-44e8-b142-e4a676dbc079 af6cf6b7229b4c9eace48dd4220164e4 8498dd98b53f466e81ae586547e94771 - - default default] 199.19.213.152 "GET /v2.0/extensions/dns-integration HTTP/1.1" status: 200 len: 371 time: 0.0036135
2026-07-24 18:47:25.178 10 INFO neutron.wsgi [None req-2b07d7c2-e160-43c4-b59d-25119ef00d71 af6cf6b7229b4c9eace48dd4220164e4 8498dd98b53f466e81ae586547e94771 - - default default] 199.19.213.152 "GET /v2.0/extensions/qos HTTP/1.1" status: 200 len: 365 time: 0.0046306
2026-07-24 18:47:25.188 10 INFO neutron.wsgi [None req-ab0d4b3a-069a-4862-9e19-476d36f59ced af6cf6b7229b4c9eace48dd4220164e4 8498dd98b53f466e81ae586547e94771 - - default default] 199.19.213.152 "GET /v2.0/extensions/allowed-address-pairs HTTP/1.1" status: 200 len: 383 time: 0.0051126
2026-07-24 18:47:25.202 9 INFO neutron.wsgi [req-ec37a757-01f5-4da5-b71e-6f61b3f46356 req-260c1100-b9d7-4732-a9d6-0ef44d36d0ff de74f2d4048c4ef78082d00e49736666 e2f20cd3df98453099bf504f9832b7c6 - - 6674caebc00f4e4b9a9fcb8cf9107f20 6674caebc00f4e4b9a9fcb8cf9107f20] 199.19.213.152 "GET /v2.0/subnets?id=ee39d9dc-ddf4-4faf-8281-5be3a07a54df HTTP/1.1" status: 200 len: 854 time: 0.0384305
2026-07-24 18:47:25.228 10 INFO neutron.wsgi [None req-08833832-d59e-444a-904c-d978eac8e996 af6cf6b7229b4c9eace48dd4220164e4 8498dd98b53f466e81ae586547e94771 - - default default] 199.19.213.152 "GET /v2.0/subnets/ee39d9dc-ddf4-4faf-8281-5be3a07a54df HTTP/1.1" status: 200 len: 851 time: 0.0345938
2026-07-24 18:47:25.236 9 INFO neutron.wsgi [req-ec37a757-01f5-4da5-b71e-6f61b3f46356 req-5afda6ee-dbdb-4cd7-89b3-2d4737ae4c71 de74f2d4048c4ef78082d00e49736666 e2f20cd3df98453099bf504f9832b7c6 - - 6674caebc00f4e4b9a9fcb8cf9107f20 6674caebc00f4e4b9a9fcb8cf9107f20] 199.19.213.152 "GET /v2.0/ports?network_id=5b481b60-38a6-4663-bf1c-aab2c0a128a5&device_owner=network%3Adhcp HTTP/1.1" status: 200 len: 210 time: 0.0246377
2026-07-24 18:47:25.310 9 INFO neutron.wsgi [req-ec37a757-01f5-4da5-b71e-6f61b3f46356 req-c3d4307a-09de-4fa3-ba74-13949c17c40d de74f2d4048c4ef78082d00e49736666 e2f20cd3df98453099bf504f9832b7c6 - - 6674caebc00f4e4b9a9fcb8cf9107f20 6674caebc00f4e4b9a9fcb8cf9107f20] 199.19.213.152 "GET /v2.0/networks/5b481b60-38a6-4663-bf1c-aab2c0a128a5?fields=segments HTTP/1.1" status: 200 len: 212 time: 0.0666475
2026-07-24 18:47:25.382 9 INFO neutron.wsgi [req-ec37a757-01f5-4da5-b71e-6f61b3f46356 req-6a1cc7ef-e37c-4ab7-a297-9d1c4600b3b3 de74f2d4048c4ef78082d00e49736666 e2f20cd3df98453099bf504f9832b7c6 - - 6674caebc00f4e4b9a9fcb8cf9107f20 6674caebc00f4e4b9a9fcb8cf9107f20] 199.19.213.152 "GET /v2.0/networks/5b481b60-38a6-4663-bf1c-aab2c0a128a5?fields=provider%3Aphysical_network&fields=provider%3Anetwork_type HTTP/1.1" status: 200 len: 277 time: 0.0640867
2026-07-24 18:47:25.429 9 INFO neutron.wsgi [req-ec37a757-01f5-4da5-b71e-6f61b3f46356 req-c556bf1a-e4c5-46cb-b5d7-fae6722b83c2 de74f2d4048c4ef78082d00e49736666 e2f20cd3df98453099bf504f9832b7c6 - - 6674caebc00f4e4b9a9fcb8cf9107f20 6674caebc00f4e4b9a9fcb8cf9107f20] 199.19.213.152 "GET /v2.0/floatingips?fixed_ip_address=10.2.1.206&port_id=bc6352cd-68a9-4662-a440-5c57f4fdc4ff HTTP/1.1" status: 200 len: 217 time: 0.0381532
2026-07-24 18:47:25.480 9 INFO neutron.wsgi [req-ec37a757-01f5-4da5-b71e-6f61b3f46356 req-e35ed962-e44b-43fb-9d0c-f02c05b3d7f2 de74f2d4048c4ef78082d00e49736666 e2f20cd3df98453099bf504f9832b7c6 - - 6674caebc00f4e4b9a9fcb8cf9107f20 6674caebc00f4e4b9a9fcb8cf9107f20] 199.19.213.152 "GET /v2.0/subnets?id=8fc3fed2-6dc3-4084-95b3-26e1bca09abf HTTP/1.1" status: 200 len: 850 time: 0.0464473
2026-07-24 18:47:25.516 9 INFO neutron.wsgi [req-ec37a757-01f5-4da5-b71e-6f61b3f46356 req-b3307ada-ed27-4789-90b2-7c3dac837c41 de74f2d4048c4ef78082d00e49736666 e2f20cd3df98453099bf504f9832b7c6 - - 6674caebc00f4e4b9a9fcb8cf9107f20 6674caebc00f4e4b9a9fcb8cf9107f20] 199.19.213.152 "GET /v2.0/ports?network_id=34669529-8306-49e9-b7c2-93a4a637503e&device_owner=network%3Adhcp HTTP/1.1" status: 200 len: 210 time: 0.0272639
2026-07-24 18:47:25.600 9 INFO neutron.wsgi [req-ec37a757-01f5-4da5-b71e-6f61b3f46356 req-643608a2-9417-483f-8019-b69f110e3060 de74f2d4048c4ef78082d00e49736666 e2f20cd3df98453099bf504f9832b7c6 - - 6674caebc00f4e4b9a9fcb8cf9107f20 6674caebc00f4e4b9a9fcb8cf9107f20] 199.19.213.152 "GET /v2.0/networks/34669529-8306-49e9-b7c2-93a4a637503e?fields=segments HTTP/1.1" status: 200 len: 212 time: 0.0752614
2026-07-24 18:47:25.678 10 INFO neutron.wsgi [None req-9d98720a-1bc2-43fe-b8e2-c0dd17d7c19f af6cf6b7229b4c9eace48dd4220164e4 8498dd98b53f466e81ae586547e94771 - - default default] 199.19.213.152 "GET /v2.0/ports/3044314e-2c55-4830-92a3-0badbebb990c HTTP/1.1" status: 200 len: 1332 time: 0.4411423
2026-07-24 18:47:25.678 9 INFO neutron.wsgi [req-ec37a757-01f5-4da5-b71e-6f61b3f46356 req-f4f57dfb-5354-4893-8ebb-480b25614bfc de74f2d4048c4ef78082d00e49736666 e2f20cd3df98453099bf504f9832b7c6 - - 6674caebc00f4e4b9a9fcb8cf9107f20 6674caebc00f4e4b9a9fcb8cf9107f20] 199.19.213.152 "GET /v2.0/networks/34669529-8306-49e9-b7c2-93a4a637503e?fields=provider%3Aphysical_network&fields=provider%3Anetwork_type HTTP/1.1" status: 200 len: 277 time: 0.0698645
2026-07-24 18:47:25.733 10 INFO neutron.wsgi [None req-ad5f89d0-a38e-48ce-8de2-1ec76acc6109 af6cf6b7229b4c9eace48dd4220164e4 8498dd98b53f466e81ae586547e94771 - - default default] 199.19.213.152 "GET /v2.0/ports/e5cfa182-51ab-4cd3-8a6e-5650c59e88c6 HTTP/1.1" status: 200 len: 1469 time: 0.0473723
2026-07-24 18:47:25.780 10 INFO neutron.wsgi [None req-7bed4d7b-61b5-410d-ba77-a8d2074e57fe af6cf6b7229b4c9eace48dd4220164e4 8498dd98b53f466e81ae586547e94771 - - default default] 199.19.213.152 "GET /v2.0/subnets/ee39d9dc-ddf4-4faf-8281-5be3a07a54df HTTP/1.1" status: 200 len: 851 time: 0.0410380
2026-07-24 18:47:25.838 10 INFO neutron.wsgi [None req-78f3ca4d-1550-4308-b05a-db705adc3ffb af6cf6b7229b4c9eace48dd4220164e4 8498dd98b53f466e81ae586547e94771 - - default default] 199.19.213.152 "GET /v2.0/networks/5b481b60-38a6-4663-bf1c-aab2c0a128a5 HTTP/1.1" status: 200 len: 1002 time: 0.0514789
2026-07-24 18:47:25.873 10 INFO neutron.wsgi [None req-99f3b91e-25c1-4932-a32c-c9fdffccbfea af6cf6b7229b4c9eace48dd4220164e4 8498dd98b53f466e81ae586547e94771 - - default default] 199.19.213.152 "GET /v2.0/ports/3044314e-2c55-4830-92a3-0badbebb990c HTTP/1.1" status: 200 len: 1332 time: 0.0294847
2026-07-24 18:47:25.913 10 INFO neutron.wsgi [None req-d089bbd9-4154-4fbc-8442-082ef6877039 af6cf6b7229b4c9eace48dd4220164e4 8498dd98b53f466e81ae586547e94771 - - default default] 199.19.213.152 "GET /v2.0/subnets/ee39d9dc-ddf4-4faf-8281-5be3a07a54df HTTP/1.1" status: 200 len: 851 time: 0.0339677
2026-07-24 18:47:26.493 9 INFO neutron.notifiers.nova [-] Nova event matching ['req-da7d1b13-3bdb-45fd-b618-a404bde0c5c5'] response: {'server_uuid': '4e490256-84d2-4eb8-a065-e82646933293', 'name': 'network-vif-plugged', 'status': 'completed', 'tag': '1655084a-d582-4fb7-b423-44dd12a619cd', 'code': 200}
2026-07-24 18:47:26.493 9 INFO neutron.notifiers.nova [-] Nova event matching ['req-da7d1b13-3bdb-45fd-b618-a404bde0c5c5'] response: {'server_uuid': '4e490256-84d2-4eb8-a065-e82646933293', 'name': 'network-vif-deleted', 'tag': '1655084a-d582-4fb7-b423-44dd12a619cd', 'status': 'completed', 'code': 200}
2026-07-24 18:47:28.485 10 INFO neutron.wsgi [None req-161985bc-3b52-4302-af60-0e14fec0cbea af6cf6b7229b4c9eace48dd4220164e4 8498dd98b53f466e81ae586547e94771 - - default default] 199.19.213.152 "GET /v2.0/extensions/security-group HTTP/1.1" status: 200 len: 369 time: 0.0083203
2026-07-24 18:47:28.498 10 INFO neutron.wsgi [None req-9b44f5db-ab3e-4fc2-9a9c-8ded1eeb3138 af6cf6b7229b4c9eace48dd4220164e4 8498dd98b53f466e81ae586547e94771 - - default default] 199.19.213.152 "GET /v2.0/extensions/dns-integration HTTP/1.1" status: 200 len: 371 time: 0.0058937
2026-07-24 18:47:28.509 10 INFO neutron.wsgi [None req-8f005f4c-354a-40ba-b265-e67e6601602d af6cf6b7229b4c9eace48dd4220164e4 8498dd98b53f466e81ae586547e94771 - - default default] 199.19.213.152 "GET /v2.0/extensions/qos HTTP/1.1" status: 200 len: 365 time: 0.0067787
2026-07-24 18:47:28.522 10 INFO neutron.wsgi [None req-f623876c-a3e8-4187-9029-47ad7fc6b8aa af6cf6b7229b4c9eace48dd4220164e4 8498dd98b53f466e81ae586547e94771 - - default default] 199.19.213.152 "GET /v2.0/extensions/allowed-address-pairs HTTP/1.1" status: 200 len: 383 time: 0.0072646
2026-07-24 18:47:28.565 10 INFO neutron.wsgi [None req-b0e20a4b-688f-4d4b-9aa5-0110319a33e7 af6cf6b7229b4c9eace48dd4220164e4 8498dd98b53f466e81ae586547e94771 - - default default] 199.19.213.152 "GET /v2.0/ports?device_id=4e490256-84d2-4eb8-a065-e82646933293 HTTP/1.1" status: 200 len: 3780 time: 0.0374491
2026-07-24 18:47:28.778 10 INFO neutron.wsgi [None req-35292f35-40df-44fa-86eb-ac232e1564fa af6cf6b7229b4c9eace48dd4220164e4 8498dd98b53f466e81ae586547e94771 - - default default] 199.19.213.152 "GET /v2.0/extensions/security-group HTTP/1.1" status: 200 len: 369 time: 0.0069287
2026-07-24 18:47:28.791 10 INFO neutron.wsgi [None req-325f5a61-dfd9-4cc3-b6a2-74357a422dc0 af6cf6b7229b4c9eace48dd4220164e4 8498dd98b53f466e81ae586547e94771 - - default default] 199.19.213.152 "GET /v2.0/extensions/dns-integration HTTP/1.1" status: 200 len: 371 time: 0.0062196
2026-07-24 18:47:28.799 10 INFO neutron.wsgi [None req-7d5e00d4-394c-46db-ba4e-661dfcf86a80 af6cf6b7229b4c9eace48dd4220164e4 8498dd98b53f466e81ae586547e94771 - - default default] 199.19.213.152 "GET /v2.0/extensions/qos HTTP/1.1" status: 200 len: 365 time: 0.0037291
2026-07-24 18:47:28.809 10 INFO neutron.wsgi [None req-d959703d-b8c3-4716-a1f3-2818c73956a1 af6cf6b7229b4c9eace48dd4220164e4 8498dd98b53f466e81ae586547e94771 - - default default] 199.19.213.152 "GET /v2.0/extensions/allowed-address-pairs HTTP/1.1" status: 200 len: 383 time: 0.0050848
2026-07-24 18:47:28.845 10 INFO neutron.wsgi [None req-ad12d3f0-980b-4f75-a3d6-cc60c0d57110 af6cf6b7229b4c9eace48dd4220164e4 8498dd98b53f466e81ae586547e94771 - - default default] 199.19.213.152 "GET /v2.0/ports/bc6352cd-68a9-4662-a440-5c57f4fdc4ff HTTP/1.1" status: 200 len: 1358 time: 0.0310714
2026-07-24 18:47:29.244 10 INFO neutron.db.ovn_revision_numbers_db [None req-acba0631-653d-4b8c-96d5-8b24b05b2358 af6cf6b7229b4c9eace48dd4220164e4 8498dd98b53f466e81ae586547e94771 - - - -] Successfully bumped revision number for resource bc6352cd-68a9-4662-a440-5c57f4fdc4ff (type: ports) to 6
2026-07-24 18:47:29.254 10 INFO neutron.wsgi [None req-acba0631-653d-4b8c-96d5-8b24b05b2358 af6cf6b7229b4c9eace48dd4220164e4 8498dd98b53f466e81ae586547e94771 - - - -] 199.19.213.152 "PUT /v2.0/ports/bc6352cd-68a9-4662-a440-5c57f4fdc4ff HTTP/1.1" status: 200 len: 1154 time: 0.4026105 /var/lib/openstack/lib/python3.10/site-packages/pycadf/identifier.py:71: UserWarning: Invalid uuid: neutron. To ensure interoperability, identifiers should be a valid uuid. warnings.warn(('Invalid uuid: %s. To ensure interoperability, '
2026-07-24 18:47:29.300 10 INFO neutron.notifiers.nova [-] Nova event matching ['req-16e86ee5-d6c7-45da-bf37-cd25683ac0f5'] response: {'name': 'network-changed', 'server_uuid': '4e490256-84d2-4eb8-a065-e82646933293', 'tag': 'bc6352cd-68a9-4662-a440-5c57f4fdc4ff', 'status': 'completed', 'code': 200}
2026-07-24 18:47:29.324 10 INFO neutron.wsgi [None req-5fed935e-6259-459a-ad64-2402692a4a97 af6cf6b7229b4c9eace48dd4220164e4 8498dd98b53f466e81ae586547e94771 - - default default] 199.19.213.152 "GET /v2.0/networks/34669529-8306-49e9-b7c2-93a4a637503e HTTP/1.1" status: 200 len: 1000 time: 0.0614548
2026-07-24 18:47:29.357 9 INFO neutron.wsgi [req-29d9b014-1fcb-4c8b-8eca-156b2b713406 req-480a9317-b594-40bc-b6ab-dbad6171d58c de74f2d4048c4ef78082d00e49736666 e2f20cd3df98453099bf504f9832b7c6 - - 6674caebc00f4e4b9a9fcb8cf9107f20 6674caebc00f4e4b9a9fcb8cf9107f20] 199.19.213.152 "GET /v2.0/ports?tenant_id=8498dd98b53f466e81ae586547e94771&device_id=4e490256-84d2-4eb8-a065-e82646933293 HTTP/1.1" status: 200 len: 3605 time: 0.0433528
2026-07-24 18:47:29.364 10 INFO neutron.wsgi [None req-a3f2dd39-29e0-4cb2-b5e9-858fac591c41 af6cf6b7229b4c9eace48dd4220164e4 8498dd98b53f466e81ae586547e94771 - - default default] 199.19.213.152 "GET /v2.0/ports?device_id=4e490256-84d2-4eb8-a065-e82646933293 HTTP/1.1" status: 200 len: 3605 time: 0.0323327
2026-07-24 18:47:29.426 9 INFO neutron.wsgi [req-29d9b014-1fcb-4c8b-8eca-156b2b713406 req-29f5dd00-2881-4f0f-ab98-d93ebc77067a de74f2d4048c4ef78082d00e49736666 e2f20cd3df98453099bf504f9832b7c6 - - 6674caebc00f4e4b9a9fcb8cf9107f20 6674caebc00f4e4b9a9fcb8cf9107f20] 199.19.213.152 "GET /v2.0/networks?id=34669529-8306-49e9-b7c2-93a4a637503e HTTP/1.1" status: 200 len: 1003 time: 0.0647299
2026-07-24 18:47:29.520 10 INFO neutron.wsgi [None req-fd5f425e-92b2-4ae3-af03-99a27c4deec3 af6cf6b7229b4c9eace48dd4220164e4 8498dd98b53f466e81ae586547e94771 - - default default] 199.19.213.152 "GET /v2.0/ports?device_id=4e490256-84d2-4eb8-a065-e82646933293 HTTP/1.1" status: 200 len: 3605 time: 0.0493250
2026-07-24 18:47:29.527 9 INFO neutron.wsgi [req-29d9b014-1fcb-4c8b-8eca-156b2b713406 req-20b8f698-5265-41cc-8400-8a47f2ff6511 de74f2d4048c4ef78082d00e49736666 e2f20cd3df98453099bf504f9832b7c6 - - 6674caebc00f4e4b9a9fcb8cf9107f20 6674caebc00f4e4b9a9fcb8cf9107f20] 199.19.213.152 "GET /v2.0/networks/34669529-8306-49e9-b7c2-93a4a637503e?fields=segments HTTP/1.1" status: 200 len: 212 time: 0.0903091
2026-07-24 18:47:29.616 9 INFO neutron.wsgi [req-29d9b014-1fcb-4c8b-8eca-156b2b713406 req-210f54f5-f6e5-451e-9b2b-9061ba62d580 de74f2d4048c4ef78082d00e49736666 e2f20cd3df98453099bf504f9832b7c6 - - 6674caebc00f4e4b9a9fcb8cf9107f20 6674caebc00f4e4b9a9fcb8cf9107f20] 199.19.213.152 "GET /v2.0/networks/34669529-8306-49e9-b7c2-93a4a637503e?fields=provider%3Aphysical_network&fields=provider%3Anetwork_type HTTP/1.1" status: 200 len: 277 time: 0.0849931
2026-07-24 18:47:29.791 10 INFO neutron.plugins.ml2.drivers.ovn.mech_driver.mech_driver [None req-7df97af8-123e-4e21-8433-8871f533c43c - - - - - -] OVN reports status down for port: bc6352cd-68a9-4662-a440-5c57f4fdc4ff
2026-07-24 18:47:29.855 9 INFO neutron.wsgi [req-ac88493f-25ff-4f8d-bc7f-800778fb9193 req-8c0bd132-00cf-4727-b0f1-bae88107ce1c de74f2d4048c4ef78082d00e49736666 e2f20cd3df98453099bf504f9832b7c6 - - 6674caebc00f4e4b9a9fcb8cf9107f20 6674caebc00f4e4b9a9fcb8cf9107f20] 199.19.213.152 "GET /v2.0/ports/bc6352cd-68a9-4662-a440-5c57f4fdc4ff HTTP/1.1" status: 200 len: 1182 time: 0.0392423
2026-07-24 18:47:30.055 10 INFO neutron.db.ovn_revision_numbers_db [None req-7df97af8-123e-4e21-8433-8871f533c43c - - - - - -] Successfully bumped revision number for resource bc6352cd-68a9-4662-a440-5c57f4fdc4ff (type: ports) to 7
2026-07-24 18:47:30.112 9 INFO neutron.wsgi [None req-1b907993-8c20-4384-adec-0788fc3fea12 af6cf6b7229b4c9eace48dd4220164e4 8498dd98b53f466e81ae586547e94771 - - - -] 199.19.213.152 "DELETE /v2.0/ports/bc6352cd-68a9-4662-a440-5c57f4fdc4ff HTTP/1.1" status: 204 len: 173 time: 0.2518961
2026-07-24 18:47:30.149 9 INFO neutron.notifiers.nova [-] Nova event matching ['req-af27598b-43fc-4773-b217-a28d8bcda59a'] response: {'server_uuid': '4e490256-84d2-4eb8-a065-e82646933293', 'name': 'network-vif-deleted', 'tag': 'bc6352cd-68a9-4662-a440-5c57f4fdc4ff', 'status': 'completed', 'code': 200}
2026-07-24 18:47:30.220 9 INFO neutron.wsgi [req-ac88493f-25ff-4f8d-bc7f-800778fb9193 req-fdfb618a-69e6-493d-b248-6de3b2e066be de74f2d4048c4ef78082d00e49736666 e2f20cd3df98453099bf504f9832b7c6 - - 6674caebc00f4e4b9a9fcb8cf9107f20 6674caebc00f4e4b9a9fcb8cf9107f20] 199.19.213.152 "GET /v2.0/ports?tenant_id=8498dd98b53f466e81ae586547e94771&device_id=4e490256-84d2-4eb8-a065-e82646933293 HTTP/1.1" status: 200 len: 2630 time: 0.0575290
2026-07-24 18:47:30.288 9 INFO neutron.wsgi [req-ac88493f-25ff-4f8d-bc7f-800778fb9193 req-29ce32cc-c952-4923-94a6-2277a8c9e1bd de74f2d4048c4ef78082d00e49736666 e2f20cd3df98453099bf504f9832b7c6 - - 6674caebc00f4e4b9a9fcb8cf9107f20 6674caebc00f4e4b9a9fcb8cf9107f20] 199.19.213.152 "GET /v2.0/networks?id=e7756b86-b74d-414b-954f-afa6675857f7&id=5b481b60-38a6-4663-bf1c-aab2c0a128a5&id=34669529-8306-49e9-b7c2-93a4a637503e HTTP/1.1" status: 200 len: 2520 time: 0.0633843
2026-07-24 18:47:30.325 9 INFO neutron.wsgi [req-ac88493f-25ff-4f8d-bc7f-800778fb9193 req-e5d38704-4624-45f2-b7f0-560af9860cbb de74f2d4048c4ef78082d00e49736666 e2f20cd3df98453099bf504f9832b7c6 - - 6674caebc00f4e4b9a9fcb8cf9107f20 6674caebc00f4e4b9a9fcb8cf9107f20] 199.19.213.152 "GET /v2.0/floatingips?fixed_ip_address=172.24.3.220&port_id=b4fd0dc5-feb8-4b76-bda9-78e776d84a46 HTTP/1.1" status: 200 len: 217 time: 0.0307553
2026-07-24 18:47:30.365 9 INFO neutron.wsgi [req-ac88493f-25ff-4f8d-bc7f-800778fb9193 req-4ad568da-3a75-4bce-b2f8-c2b29422f8c8 de74f2d4048c4ef78082d00e49736666 e2f20cd3df98453099bf504f9832b7c6 - - 6674caebc00f4e4b9a9fcb8cf9107f20 6674caebc00f4e4b9a9fcb8cf9107f20] 199.19.213.152 "GET /v2.0/subnets?id=83e39df1-0401-42bf-899d-fad6ad51fb82 HTTP/1.1" status: 200 len: 829 time: 0.0322390
2026-07-24 18:47:30.402 9 INFO neutron.wsgi [req-ac88493f-25ff-4f8d-bc7f-800778fb9193 req-c166e425-49d1-4f92-977e-6e715b1a34da de74f2d4048c4ef78082d00e49736666 e2f20cd3df98453099bf504f9832b7c6 - - 6674caebc00f4e4b9a9fcb8cf9107f20 6674caebc00f4e4b9a9fcb8cf9107f20] 199.19.213.152 "GET /v2.0/ports?network_id=e7756b86-b74d-414b-954f-afa6675857f7&device_owner=network%3Adhcp HTTP/1.1" status: 200 len: 210 time: 0.0313931
2026-07-24 18:47:30.474 9 INFO neutron.wsgi [req-ac88493f-25ff-4f8d-bc7f-800778fb9193 req-53ac90a6-a82e-4f1a-b8fd-df43d2b7940f de74f2d4048c4ef78082d00e49736666 e2f20cd3df98453099bf504f9832b7c6 - - 6674caebc00f4e4b9a9fcb8cf9107f20 6674caebc00f4e4b9a9fcb8cf9107f20] 199.19.213.152 "GET /v2.0/networks/e7756b86-b74d-414b-954f-afa6675857f7?fields=segments HTTP/1.1" status: 200 len: 212 time: 0.0645375
2026-07-24 18:47:30.549 9 INFO neutron.wsgi [req-ac88493f-25ff-4f8d-bc7f-800778fb9193 req-b94b727b-b472-49f8-afa6-7b1382cd88dd de74f2d4048c4ef78082d00e49736666 e2f20cd3df98453099bf504f9832b7c6 - - 6674caebc00f4e4b9a9fcb8cf9107f20 6674caebc00f4e4b9a9fcb8cf9107f20] 199.19.213.152 "GET /v2.0/networks/e7756b86-b74d-414b-954f-afa6675857f7?fields=provider%3Aphysical_network&fields=provider%3Anetwork_type HTTP/1.1" status: 200 len: 277 time: 0.0671742
2026-07-24 18:47:30.567 10 INFO neutron.wsgi [None req-ebe6f636-dc58-4f8a-8c7f-328066805299 af6cf6b7229b4c9eace48dd4220164e4 8498dd98b53f466e81ae586547e94771 - - default default] 199.19.213.152 "GET /v2.0/ports?device_id=4e490256-84d2-4eb8-a065-e82646933293 HTTP/1.1" status: 200 len: 2630 time: 0.0380540
2026-07-24 18:47:30.583 9 INFO neutron.wsgi [req-ac88493f-25ff-4f8d-bc7f-800778fb9193 req-cdd6f089-21af-4b1d-9214-7fbf0a0579e0 de74f2d4048c4ef78082d00e49736666 e2f20cd3df98453099bf504f9832b7c6 - - 6674caebc00f4e4b9a9fcb8cf9107f20 6674caebc00f4e4b9a9fcb8cf9107f20] 199.19.213.152 "GET /v2.0/floatingips?fixed_ip_address=10.1.1.243&port_id=e5cfa182-51ab-4cd3-8a6e-5650c59e88c6 HTTP/1.1" status: 200 len: 217 time: 0.0271578
2026-07-24 18:47:30.595 10 INFO neutron.pecan_wsgi.hooks.translation [None req-0bec8f52-b9a7-492c-99f0-02f87f56b790 af6cf6b7229b4c9eace48dd4220164e4 8498dd98b53f466e81ae586547e94771 - - - -] DELETE failed (client error): The resource could not be found.
2026-07-24 18:47:30.598 10 INFO neutron.wsgi [None req-0bec8f52-b9a7-492c-99f0-02f87f56b790 af6cf6b7229b4c9eace48dd4220164e4 8498dd98b53f466e81ae586547e94771 - - - -] 199.19.213.152 "DELETE /v2.0/ports/bc6352cd-68a9-4662-a440-5c57f4fdc4ff HTTP/1.1" status: 404 len: 338 time: 0.0223644
2026-07-24 18:47:30.619 9 INFO neutron.wsgi [req-ac88493f-25ff-4f8d-bc7f-800778fb9193 req-d0c22341-28c3-4171-9231-b12cbcc8c98a de74f2d4048c4ef78082d00e49736666 e2f20cd3df98453099bf504f9832b7c6 - - 6674caebc00f4e4b9a9fcb8cf9107f20 6674caebc00f4e4b9a9fcb8cf9107f20] 199.19.213.152 "GET /v2.0/subnets?id=ee39d9dc-ddf4-4faf-8281-5be3a07a54df HTTP/1.1" status: 200 len: 854 time: 0.0312216
2026-07-24 18:47:30.650 9 INFO neutron.wsgi [req-ac88493f-25ff-4f8d-bc7f-800778fb9193 req-15ac7d4b-b8bc-41a8-873b-a98c48028234 de74f2d4048c4ef78082d00e49736666 e2f20cd3df98453099bf504f9832b7c6 - - 6674caebc00f4e4b9a9fcb8cf9107f20 6674caebc00f4e4b9a9fcb8cf9107f20] 199.19.213.152 "GET /v2.0/ports?network_id=5b481b60-38a6-4663-bf1c-aab2c0a128a5&device_owner=network%3Adhcp HTTP/1.1" status: 200 len: 210 time: 0.0263119
2026-07-24 18:47:30.681 10 INFO neutron.wsgi [None req-88c04689-111b-4077-8006-b8d478f4a387 af6cf6b7229b4c9eace48dd4220164e4 8498dd98b53f466e81ae586547e94771 - - default default] 199.19.213.152 "GET /v2.0/extensions/security-group HTTP/1.1" status: 200 len: 369 time: 0.0093610
2026-07-24 18:47:30.692 10 INFO neutron.wsgi [None req-9e06eb85-3b69-4941-8563-827e407b01b8 af6cf6b7229b4c9eace48dd4220164e4 8498dd98b53f466e81ae586547e94771 - - default default] 199.19.213.152 "GET /v2.0/extensions/dns-integration HTTP/1.1" status: 200 len: 371 time: 0.0044875
2026-07-24 18:47:30.701 10 INFO neutron.wsgi [None req-a4e6229c-8a58-46ad-912b-5071fa81c643 af6cf6b7229b4c9eace48dd4220164e4 8498dd98b53f466e81ae586547e94771 - - default default] 199.19.213.152 "GET /v2.0/extensions/qos HTTP/1.1" status: 200 len: 365 time: 0.0056458
2026-07-24 18:47:30.719 10 INFO neutron.wsgi [None req-95d30e0e-f520-4b3d-aa97-cdda3711ca9e af6cf6b7229b4c9eace48dd4220164e4 8498dd98b53f466e81ae586547e94771 - - default default] 199.19.213.152 "GET /v2.0/extensions/allowed-address-pairs HTTP/1.1" status: 200 len: 383 time: 0.0119483
2026-07-24 18:47:30.740 9 INFO neutron.wsgi [req-ac88493f-25ff-4f8d-bc7f-800778fb9193 req-8ff81f09-288f-43d0-9a08-54c56cbc030c de74f2d4048c4ef78082d00e49736666 e2f20cd3df98453099bf504f9832b7c6 - - 6674caebc00f4e4b9a9fcb8cf9107f20 6674caebc00f4e4b9a9fcb8cf9107f20] 199.19.213.152 "GET /v2.0/networks/5b481b60-38a6-4663-bf1c-aab2c0a128a5?fields=segments HTTP/1.1" status: 200 len: 212 time: 0.0824261
2026-07-24 18:47:30.764 10 INFO neutron.wsgi [None req-d2ccaee6-758d-49e0-8f5e-ed38f2a1eee5 af6cf6b7229b4c9eace48dd4220164e4 8498dd98b53f466e81ae586547e94771 - - default default] 199.19.213.152 "GET /v2.0/subnets/ee39d9dc-ddf4-4faf-8281-5be3a07a54df HTTP/1.1" status: 200 len: 851 time: 0.0357938
2026-07-24 18:47:30.797 10 INFO neutron.wsgi [None req-aced21ed-03cf-48bd-9bd7-e8013affae27 af6cf6b7229b4c9eace48dd4220164e4 8498dd98b53f466e81ae586547e94771 - - default default] 199.19.213.152 "GET /v2.0/ports/3044314e-2c55-4830-92a3-0badbebb990c HTTP/1.1" status: 200 len: 1332 time: 0.0280323
2026-07-24 18:47:30.805 9 INFO neutron.wsgi [req-ac88493f-25ff-4f8d-bc7f-800778fb9193 req-0a3bb397-2e04-4cbb-9f01-f811297f64ea de74f2d4048c4ef78082d00e49736666 e2f20cd3df98453099bf504f9832b7c6 - - 6674caebc00f4e4b9a9fcb8cf9107f20 6674caebc00f4e4b9a9fcb8cf9107f20] 199.19.213.152 "GET /v2.0/networks/5b481b60-38a6-4663-bf1c-aab2c0a128a5?fields=provider%3Aphysical_network&fields=provider%3Anetwork_type HTTP/1.1" status: 200 len: 277 time: 0.0600526
2026-07-24 18:47:30.826 10 INFO neutron.wsgi [None req-3352ba2f-4f7c-4266-b198-e9893c490e1b af6cf6b7229b4c9eace48dd4220164e4 8498dd98b53f466e81ae586547e94771 - - default default] 199.19.213.152 "GET /v2.0/ports/e5cfa182-51ab-4cd3-8a6e-5650c59e88c6 HTTP/1.1" status: 200 len: 1469 time: 0.0251942
2026-07-24 18:47:30.869 10 INFO neutron.wsgi [None req-e5e485ad-938d-4fba-a9a8-e5cdf0a67712 af6cf6b7229b4c9eace48dd4220164e4 8498dd98b53f466e81ae586547e94771 - - default default] 199.19.213.152 "GET /v2.0/subnets/ee39d9dc-ddf4-4faf-8281-5be3a07a54df HTTP/1.1" status: 200 len: 851 time: 0.0382614
2026-07-24 18:47:30.936 10 INFO neutron.wsgi [None req-f970811a-21aa-4882-a317-4afff25ade34 af6cf6b7229b4c9eace48dd4220164e4 8498dd98b53f466e81ae586547e94771 - - default default] 199.19.213.152 "GET /v2.0/networks/5b481b60-38a6-4663-bf1c-aab2c0a128a5 HTTP/1.1" status: 200 len: 1002 time: 0.0601199
2026-07-24 18:47:30.972 10 INFO neutron.wsgi [None req-0a90053f-0b31-46e5-88e0-24344016e7b0 af6cf6b7229b4c9eace48dd4220164e4 8498dd98b53f466e81ae586547e94771 - - default default] 199.19.213.152 "GET /v2.0/ports/3044314e-2c55-4830-92a3-0badbebb990c HTTP/1.1" status: 200 len: 1332 time: 0.0270805
2026-07-24 18:47:31.019 10 INFO neutron.wsgi [None req-c32bf2e3-0c57-4d30-9154-65101b3a6af8 af6cf6b7229b4c9eace48dd4220164e4 8498dd98b53f466e81ae586547e94771 - - default default] 199.19.213.152 "GET /v2.0/subnets/ee39d9dc-ddf4-4faf-8281-5be3a07a54df HTTP/1.1" status: 200 len: 851 time: 0.0419772
2026-07-24 18:47:31.343 10 INFO neutron.notifiers.nova [-] Nova event matching ['req-ed442d22-6363-43f3-8623-28080cc18bd7'] response: {'server_uuid': '4e490256-84d2-4eb8-a065-e82646933293', 'name': 'network-vif-unplugged', 'status': 'completed', 'tag': 'bc6352cd-68a9-4662-a440-5c57f4fdc4ff', 'code': 200}
2026-07-24 18:47:31.343 10 INFO neutron.notifiers.nova [-] Nova event matching ['req-ed442d22-6363-43f3-8623-28080cc18bd7'] response: {'server_uuid': '4e490256-84d2-4eb8-a065-e82646933293', 'name': 'network-vif-plugged', 'status': 'completed', 'tag': 'bc6352cd-68a9-4662-a440-5c57f4fdc4ff', 'code': 200}
2026-07-24 18:47:39.174 10 INFO neutron.wsgi [-] 10.0.0.75 "GET / HTTP/1.1" status: 200 len: 246 time: 0.0032797
2026-07-24 18:47:39.175 9 INFO neutron.wsgi [-] 10.0.0.75 "GET / HTTP/1.1" status: 200 len: 246 time: 0.0040448
2026-07-24 18:47:39.958 10 INFO neutron.wsgi [None req-ad3932a3-f635-487e-bd28-20f6b4b34f93 af6cf6b7229b4c9eace48dd4220164e4 8498dd98b53f466e81ae586547e94771 - - default default] 199.19.213.152 "GET /v2.0/extensions/security-group HTTP/1.1" status: 200 len: 369 time: 0.0095387
2026-07-24 18:47:39.970 10 INFO neutron.wsgi [None req-5393ab14-a2be-4276-bae8-0ba67360af24 af6cf6b7229b4c9eace48dd4220164e4 8498dd98b53f466e81ae586547e94771 - - default default] 199.19.213.152 "GET /v2.0/extensions/dns-integration HTTP/1.1" status: 200 len: 371 time: 0.0063078
2026-07-24 18:47:39.994 10 INFO neutron.wsgi [None req-3275d547-c2fc-441b-91b3-c0f30f658f2f af6cf6b7229b4c9eace48dd4220164e4 8498dd98b53f466e81ae586547e94771 - - default default] 199.19.213.152 "GET /v2.0/extensions/qos HTTP/1.1" status: 200 len: 365 time: 0.0107651
2026-07-24 18:47:40.011 10 INFO neutron.wsgi [None req-8dc7b6c8-b9fe-49e4-ac6f-e9fa25009c0a af6cf6b7229b4c9eace48dd4220164e4 8498dd98b53f466e81ae586547e94771 - - default default] 199.19.213.152 "GET /v2.0/extensions/allowed-address-pairs HTTP/1.1" status: 200 len: 383 time: 0.0096288
2026-07-24 18:47:40.062 10 INFO neutron.wsgi [None req-4b140e0d-a248-41d9-a9df-b5ecc9564c90 af6cf6b7229b4c9eace48dd4220164e4 8498dd98b53f466e81ae586547e94771 - - default default] 199.19.213.152 "GET /v2.0/security-groups?name=lb-0f3179b3-dd8b-425b-83af-1d98817b790f HTTP/1.1" status: 200 len: 2941 time: 0.0403700
2026-07-24 18:47:40.094 10 INFO neutron.wsgi [None req-5d2c9924-1ab0-4ee8-aecc-c529a3894887 af6cf6b7229b4c9eace48dd4220164e4 8498dd98b53f466e81ae586547e94771 - - default default] 199.19.213.152 "GET /v2.0/security-group-rules?security_group_id=b0508db4-cadb-4adc-a94b-dd8004bbc754 HTTP/1.1" status: 200 len: 2406 time: 0.0264683
2026-07-24 18:47:40.223 10 INFO neutron.wsgi [None req-d04ee1f1-5528-48ee-9fcb-2b6755925327 af6cf6b7229b4c9eace48dd4220164e4 8498dd98b53f466e81ae586547e94771 - - - -] 199.19.213.152 "DELETE /v2.0/security-group-rules/49cf8915-f490-4cf3-92c4-3b4f798d72f9 HTTP/1.1" status: 204 len: 173 time: 0.1236143
2026-07-24 18:47:40.339 10 INFO neutron.wsgi [None req-66f1c3d8-1e56-4fc9-a7be-d200f63e0220 af6cf6b7229b4c9eace48dd4220164e4 8498dd98b53f466e81ae586547e94771 - - - -] 199.19.213.152 "DELETE /v2.0/security-group-rules/ad41f1dd-7ed7-4159-af6f-91ab81c37623 HTTP/1.1" status: 204 len: 173 time: 0.1113901
2026-07-24 18:47:44.765 10 INFO neutron.db.l3_db [None req-574410df-5dd1-4761-bc36-b4d85b667cc3 652ca3bda8bb484088747c253d53aa67 5f83ee4d92864e89b29c2fb4f0554007 - - - -] Floating IP 1ef653ab-a932-4984-b982-166221343f0d disassociated (deleted). External IP: 10.96.250.205, port: 3044314e-2c55-4830-92a3-0badbebb990c.
2026-07-24 18:47:44.845 10 INFO neutron.wsgi [None req-574410df-5dd1-4761-bc36-b4d85b667cc3 652ca3bda8bb484088747c253d53aa67 5f83ee4d92864e89b29c2fb4f0554007 - - - -] 10.0.0.195 "DELETE /v2.0/floatingips/1ef653ab-a932-4984-b982-166221343f0d HTTP/1.1" status: 204 len: 168 time: 0.5752022
2026-07-24 18:47:44.879 9 INFO neutron.api.v2.resource [None req-8c9f82c5-19b6-4d95-bdf5-686fc291eeed 652ca3bda8bb484088747c253d53aa67 5f83ee4d92864e89b29c2fb4f0554007 - - default default] show failed (client error): The resource could not be found.
2026-07-24 18:47:44.881 9 INFO neutron.wsgi [None req-8c9f82c5-19b6-4d95-bdf5-686fc291eeed 652ca3bda8bb484088747c253d53aa67 5f83ee4d92864e89b29c2fb4f0554007 - - default default] 10.0.0.195 "GET /v2.0/floatingips/1ef653ab-a932-4984-b982-166221343f0d HTTP/1.1" status: 404 len: 345 time: 0.0283151 /var/lib/openstack/lib/python3.10/site-packages/pycadf/identifier.py:71: UserWarning: Invalid uuid: neutron. To ensure interoperability, identifiers should be a valid uuid. warnings.warn(('Invalid uuid: %s. To ensure interoperability, '
2026-07-24 18:47:45.201 10 INFO neutron.wsgi [None req-602b28b3-54be-47ce-a7d2-597f609588d8 af6cf6b7229b4c9eace48dd4220164e4 8498dd98b53f466e81ae586547e94771 - - default default] 199.19.213.152 "GET /v2.0/extensions/security-group HTTP/1.1" status: 200 len: 369 time: 0.0106528
2026-07-24 18:47:45.216 10 INFO neutron.wsgi [None req-5a1a3301-0946-4f60-a70d-f7bcfe6bc11c af6cf6b7229b4c9eace48dd4220164e4 8498dd98b53f466e81ae586547e94771 - - default default] 199.19.213.152 "GET /v2.0/extensions/dns-integration HTTP/1.1" status: 200 len: 371 time: 0.0070560
2026-07-24 18:47:45.231 10 INFO neutron.wsgi [None req-429b9c12-9af9-4e08-93ab-45a4f053ed72 af6cf6b7229b4c9eace48dd4220164e4 8498dd98b53f466e81ae586547e94771 - - default default] 199.19.213.152 "GET /v2.0/extensions/qos HTTP/1.1" status: 200 len: 365 time: 0.0089991
2026-07-24 18:47:45.242 10 INFO neutron.wsgi [None req-e2626a3a-b777-4079-98df-1d8900ec9b39 af6cf6b7229b4c9eace48dd4220164e4 8498dd98b53f466e81ae586547e94771 - - default default] 199.19.213.152 "GET /v2.0/extensions/allowed-address-pairs HTTP/1.1" status: 200 len: 383 time: 0.0062370
2026-07-24 18:47:45.292 10 INFO neutron.wsgi [None req-47a6a27e-8dc8-4ab6-a657-ec3f37788465 af6cf6b7229b4c9eace48dd4220164e4 8498dd98b53f466e81ae586547e94771 - - default default] 199.19.213.152 "GET /v2.0/subnets/ee39d9dc-ddf4-4faf-8281-5be3a07a54df HTTP/1.1" status: 200 len: 851 time: 0.0443296
2026-07-24 18:47:45.344 10 INFO neutron.wsgi [None req-c4ad9e01-4fda-4bb1-a660-1f81313647e4 af6cf6b7229b4c9eace48dd4220164e4 8498dd98b53f466e81ae586547e94771 - - default default] 199.19.213.152 "GET /v2.0/ports?device_id=4e490256-84d2-4eb8-a065-e82646933293 HTTP/1.1" status: 200 len: 2630 time: 0.0437224
2026-07-24 18:47:45.393 10 INFO neutron.wsgi [None req-98e25228-f67c-4e27-b688-63ee5205f9d3 af6cf6b7229b4c9eace48dd4220164e4 8498dd98b53f466e81ae586547e94771 - - default default] 199.19.213.152 "GET /v2.0/ports?device_id=4e490256-84d2-4eb8-a065-e82646933293 HTTP/1.1" status: 200 len: 2630 time: 0.0388348
2026-07-24 18:47:45.503 10 INFO neutron.wsgi [None req-9639b9a5-baed-4275-b1a6-6a561c4f0cab af6cf6b7229b4c9eace48dd4220164e4 8498dd98b53f466e81ae586547e94771 - - default default] 199.19.213.152 "GET /v2.0/ports?device_id=4e490256-84d2-4eb8-a065-e82646933293 HTTP/1.1" status: 200 len: 2630 time: 0.0408022
2026-07-24 18:47:45.791 10 INFO neutron.plugins.ml2.drivers.ovn.mech_driver.mech_driver [None req-7df97af8-123e-4e21-8433-8871f533c43c - - - - - -] OVN reports status down for port: 3044314e-2c55-4830-92a3-0badbebb990c
2026-07-24 18:47:45.863 9 INFO neutron.wsgi [req-85346d90-0c18-403f-86f6-695a2364bde0 req-d074e293-c8ab-4bf3-a1e6-b962191712e3 de74f2d4048c4ef78082d00e49736666 e2f20cd3df98453099bf504f9832b7c6 - - 6674caebc00f4e4b9a9fcb8cf9107f20 6674caebc00f4e4b9a9fcb8cf9107f20] 199.19.213.152 "GET /v2.0/ports/e5cfa182-51ab-4cd3-8a6e-5650c59e88c6 HTTP/1.1" status: 200 len: 1469 time: 0.0456712
2026-07-24 18:47:45.913 9 INFO neutron.wsgi [req-85346d90-0c18-403f-86f6-695a2364bde0 req-6a540fa7-7521-4c59-b623-bb35b4e2cbf8 af6cf6b7229b4c9eace48dd4220164e4 8498dd98b53f466e81ae586547e94771 - - default default] 199.19.213.152 "GET /v2.0/ports/e5cfa182-51ab-4cd3-8a6e-5650c59e88c6?fields=binding%3Aprofile&fields=network_id HTTP/1.1" status: 200 len: 281 time: 0.0460732
2026-07-24 18:47:45.914 10 INFO neutron.plugins.ml2.drivers.ovn.mech_driver.mech_driver [None req-7df97af8-123e-4e21-8433-8871f533c43c - - - - - -] OVN reports status down for port: e5cfa182-51ab-4cd3-8a6e-5650c59e88c6
2026-07-24 18:47:46.029 9 INFO neutron.wsgi [req-85346d90-0c18-403f-86f6-695a2364bde0 req-f87f2604-0e1e-4f68-bb53-98fd9836b4c2 af6cf6b7229b4c9eace48dd4220164e4 8498dd98b53f466e81ae586547e94771 - - default default] 199.19.213.152 "GET /v2.0/networks/5b481b60-38a6-4663-bf1c-aab2c0a128a5?fields=dns_domain HTTP/1.1" status: 200 len: 227 time: 0.1101184
2026-07-24 18:47:46.049 10 INFO neutron.notifiers.nova [-] Nova event matching ['req-5d52e62e-3182-4e98-acc0-0c8a585c5bab'] response: {'server_uuid': '4e490256-84d2-4eb8-a065-e82646933293', 'name': 'network-vif-unplugged', 'status': 'completed', 'tag': 'e5cfa182-51ab-4cd3-8a6e-5650c59e88c6', 'code': 200}
2026-07-24 18:47:46.207 10 INFO neutron.db.ovn_revision_numbers_db [None req-7df97af8-123e-4e21-8433-8871f533c43c - - - - - -] Successfully bumped revision number for resource e5cfa182-51ab-4cd3-8a6e-5650c59e88c6 (type: ports) to 7
2026-07-24 18:47:46.435 9 INFO neutron.db.ovn_revision_numbers_db [None req-d92e85b4-70b9-4a6a-a352-75f2d575eb74 de74f2d4048c4ef78082d00e49736666 e2f20cd3df98453099bf504f9832b7c6 - - - -] Successfully bumped revision number for resource e5cfa182-51ab-4cd3-8a6e-5650c59e88c6 (type: ports) to 8
2026-07-24 18:47:46.454 9 INFO neutron.wsgi [None req-d92e85b4-70b9-4a6a-a352-75f2d575eb74 de74f2d4048c4ef78082d00e49736666 e2f20cd3df98453099bf504f9832b7c6 - - - -] 199.19.213.152 "PUT /v2.0/ports/e5cfa182-51ab-4cd3-8a6e-5650c59e88c6 HTTP/1.1" status: 200 len: 1349 time: 0.4198408 /var/lib/openstack/lib/python3.10/site-packages/pycadf/identifier.py:71: UserWarning: Invalid uuid: neutron. To ensure interoperability, identifiers should be a valid uuid. warnings.warn(('Invalid uuid: %s. To ensure interoperability, ' /var/lib/openstack/lib/python3.10/site-packages/pycadf/identifier.py:71: UserWarning: Invalid uuid: neutron. To ensure interoperability, identifiers should be a valid uuid. warnings.warn(('Invalid uuid: %s. To ensure interoperability, '
2026-07-24 18:47:46.543 9 INFO neutron.wsgi [req-85346d90-0c18-403f-86f6-695a2364bde0 req-8c446f19-e3fe-455b-8485-b3d25ace8a55 de74f2d4048c4ef78082d00e49736666 e2f20cd3df98453099bf504f9832b7c6 - - 6674caebc00f4e4b9a9fcb8cf9107f20 6674caebc00f4e4b9a9fcb8cf9107f20] 199.19.213.152 "GET /v2.0/ports?tenant_id=8498dd98b53f466e81ae586547e94771&device_id=4e490256-84d2-4eb8-a065-e82646933293 HTTP/1.1" status: 200 len: 1369 time: 0.0350618
2026-07-24 18:47:46.550 10 INFO neutron.wsgi [None req-20556766-a992-4b99-8e2a-abfa56a90baf af6cf6b7229b4c9eace48dd4220164e4 8498dd98b53f466e81ae586547e94771 - - default default] 199.19.213.152 "GET /v2.0/ports?device_id=4e490256-84d2-4eb8-a065-e82646933293 HTTP/1.1" status: 200 len: 1369 time: 0.0359306
2026-07-24 18:47:46.613 9 INFO neutron.wsgi [req-85346d90-0c18-403f-86f6-695a2364bde0 req-c4d3aa88-c2c4-4541-b1d4-f48e2c7fd467 de74f2d4048c4ef78082d00e49736666 e2f20cd3df98453099bf504f9832b7c6 - - 6674caebc00f4e4b9a9fcb8cf9107f20 6674caebc00f4e4b9a9fcb8cf9107f20] 199.19.213.152 "GET /v2.0/networks?id=e7756b86-b74d-414b-954f-afa6675857f7&id=5b481b60-38a6-4663-bf1c-aab2c0a128a5 HTTP/1.1" status: 200 len: 1730 time: 0.0633938
2026-07-24 18:47:46.926 10 INFO neutron.db.ovn_revision_numbers_db [None req-d93da763-3f9b-4118-8fa6-a0f43374c22b af6cf6b7229b4c9eace48dd4220164e4 8498dd98b53f466e81ae586547e94771 - - - -] Successfully bumped revision number for resource e5cfa182-51ab-4cd3-8a6e-5650c59e88c6 (type: ports) to 9
2026-07-24 18:47:46.940 10 INFO neutron.wsgi [None req-d93da763-3f9b-4118-8fa6-a0f43374c22b af6cf6b7229b4c9eace48dd4220164e4 8498dd98b53f466e81ae586547e94771 - - - -] 199.19.213.152 "PUT /v2.0/ports/e5cfa182-51ab-4cd3-8a6e-5650c59e88c6 HTTP/1.1" status: 200 len: 1290 time: 0.3839285 /var/lib/openstack/lib/python3.10/site-packages/pycadf/identifier.py:71: UserWarning: Invalid uuid: neutron. To ensure interoperability, identifiers should be a valid uuid. warnings.warn(('Invalid uuid: %s. To ensure interoperability, '
2026-07-24 18:47:46.978 10 INFO neutron.wsgi [None req-fabb8a82-78d9-432c-b963-f542220aadee af6cf6b7229b4c9eace48dd4220164e4 8498dd98b53f466e81ae586547e94771 - - default default] 199.19.213.152 "GET /v2.0/ports/e5cfa182-51ab-4cd3-8a6e-5650c59e88c6 HTTP/1.1" status: 200 len: 1290 time: 0.0324657
2026-07-24 18:47:47.043 9 INFO neutron.wsgi [req-85346d90-0c18-403f-86f6-695a2364bde0 req-b7a0f8fb-4587-4fb3-ac6a-0001c0133e62 de74f2d4048c4ef78082d00e49736666 e2f20cd3df98453099bf504f9832b7c6 - - 6674caebc00f4e4b9a9fcb8cf9107f20 6674caebc00f4e4b9a9fcb8cf9107f20] 199.19.213.152 "GET /v2.0/floatingips?fixed_ip_address=172.24.3.220&port_id=b4fd0dc5-feb8-4b76-bda9-78e776d84a46 HTTP/1.1" status: 200 len: 217 time: 0.4212463
2026-07-24 18:47:47.108 9 INFO neutron.wsgi [req-85346d90-0c18-403f-86f6-695a2364bde0 req-60730af8-c3de-4ac1-9ac3-0675f38ab7b2 de74f2d4048c4ef78082d00e49736666 e2f20cd3df98453099bf504f9832b7c6 - - 6674caebc00f4e4b9a9fcb8cf9107f20 6674caebc00f4e4b9a9fcb8cf9107f20] 199.19.213.152 "GET /v2.0/subnets?id=83e39df1-0401-42bf-899d-fad6ad51fb82 HTTP/1.1" status: 200 len: 829 time: 0.0474672
2026-07-24 18:47:47.143 9 INFO neutron.wsgi [req-85346d90-0c18-403f-86f6-695a2364bde0 req-585fd3dd-e6fd-4231-8d90-1ae5810b104d de74f2d4048c4ef78082d00e49736666 e2f20cd3df98453099bf504f9832b7c6 - - 6674caebc00f4e4b9a9fcb8cf9107f20 6674caebc00f4e4b9a9fcb8cf9107f20] 199.19.213.152 "GET /v2.0/ports?network_id=e7756b86-b74d-414b-954f-afa6675857f7&device_owner=network%3Adhcp HTTP/1.1" status: 200 len: 210 time: 0.0254140
2026-07-24 18:47:47.225 9 INFO neutron.wsgi [req-85346d90-0c18-403f-86f6-695a2364bde0 req-c7631d86-b201-4158-bb13-4c73e9f15cfa de74f2d4048c4ef78082d00e49736666 e2f20cd3df98453099bf504f9832b7c6 - - 6674caebc00f4e4b9a9fcb8cf9107f20 6674caebc00f4e4b9a9fcb8cf9107f20] 199.19.213.152 "GET /v2.0/networks/e7756b86-b74d-414b-954f-afa6675857f7?fields=segments HTTP/1.1" status: 200 len: 212 time: 0.0731559
2026-07-24 18:47:47.315 9 INFO neutron.wsgi [req-85346d90-0c18-403f-86f6-695a2364bde0 req-b2f9bd42-3523-499b-b83d-9e17fc1a0d44 de74f2d4048c4ef78082d00e49736666 e2f20cd3df98453099bf504f9832b7c6 - - 6674caebc00f4e4b9a9fcb8cf9107f20 6674caebc00f4e4b9a9fcb8cf9107f20] 199.19.213.152 "GET /v2.0/networks/e7756b86-b74d-414b-954f-afa6675857f7?fields=provider%3Aphysical_network&fields=provider%3Anetwork_type HTTP/1.1" status: 200 len: 277 time: 0.0818856
2026-07-24 18:47:47.348 10 INFO neutron.wsgi [None req-1bb5bf2a-1882-41ba-8a3a-8909cf714b14 af6cf6b7229b4c9eace48dd4220164e4 8498dd98b53f466e81ae586547e94771 - - - -] 199.19.213.152 "DELETE /v2.0/ports/e5cfa182-51ab-4cd3-8a6e-5650c59e88c6 HTTP/1.1" status: 204 len: 173 time: 0.3625882
2026-07-24 18:47:47.418 10 INFO neutron.wsgi [None req-55fe1f63-8734-495f-a5a2-f3d0448014b9 af6cf6b7229b4c9eace48dd4220164e4 8498dd98b53f466e81ae586547e94771 - - default default] 199.19.213.152 "GET /v2.0/extensions/security-group HTTP/1.1" status: 200 len: 369 time: 0.0058510
2026-07-24 18:47:47.429 10 INFO neutron.wsgi [None req-2b4d0dd7-656c-4c12-9d0a-ed02dad023ce af6cf6b7229b4c9eace48dd4220164e4 8498dd98b53f466e81ae586547e94771 - - default default] 199.19.213.152 "GET /v2.0/extensions/dns-integration HTTP/1.1" status: 200 len: 371 time: 0.0054431
2026-07-24 18:47:47.439 10 INFO neutron.wsgi [None req-39629d83-3e49-42f4-8c85-fe04005effbe af6cf6b7229b4c9eace48dd4220164e4 8498dd98b53f466e81ae586547e94771 - - default default] 199.19.213.152 "GET /v2.0/extensions/qos HTTP/1.1" status: 200 len: 365 time: 0.0053370
2026-07-24 18:47:47.452 10 INFO neutron.wsgi [None req-dce833bc-9a17-49a6-9920-b078676722f2 af6cf6b7229b4c9eace48dd4220164e4 8498dd98b53f466e81ae586547e94771 - - default default] 199.19.213.152 "GET /v2.0/extensions/allowed-address-pairs HTTP/1.1" status: 200 len: 383 time: 0.0084748
2026-07-24 18:47:47.481 10 INFO neutron.pecan_wsgi.hooks.translation [None req-e7517e73-f614-4d6b-ab37-c33d1bedd8b0 af6cf6b7229b4c9eace48dd4220164e4 8498dd98b53f466e81ae586547e94771 - - - -] DELETE failed (client error): The resource could not be found.
2026-07-24 18:47:47.485 10 INFO neutron.wsgi [None req-e7517e73-f614-4d6b-ab37-c33d1bedd8b0 af6cf6b7229b4c9eace48dd4220164e4 8498dd98b53f466e81ae586547e94771 - - - -] 199.19.213.152 "DELETE /v2.0/ports/e5cfa182-51ab-4cd3-8a6e-5650c59e88c6 HTTP/1.1" status: 404 len: 338 time: 0.0274742
2026-07-24 18:47:47.532 10 INFO neutron.wsgi [None req-90cc2f82-90df-4795-9acb-1c8a42d9fa5b af6cf6b7229b4c9eace48dd4220164e4 8498dd98b53f466e81ae586547e94771 - - default default] 199.19.213.152 "GET /v2.0/ports/3044314e-2c55-4830-92a3-0badbebb990c HTTP/1.1" status: 200 len: 1325 time: 0.0419016
2026-07-24 18:47:47.569 10 INFO neutron.wsgi [None req-df27e2ca-d755-4310-8820-ac6707d2aadf af6cf6b7229b4c9eace48dd4220164e4 8498dd98b53f466e81ae586547e94771 - - default default] 199.19.213.152 "GET /v2.0/security-groups?name=lb-0f3179b3-dd8b-425b-83af-1d98817b790f HTTP/1.1" status: 200 len: 1777 time: 0.0321932
2026-07-24 18:47:47.619 10 INFO neutron.wsgi [None req-4ee2e4da-550a-4615-bf01-e5c94f9eb30e af6cf6b7229b4c9eace48dd4220164e4 8498dd98b53f466e81ae586547e94771 - - default default] 199.19.213.152 "GET /v2.0/ports/3044314e-2c55-4830-92a3-0badbebb990c HTTP/1.1" status: 200 len: 1325 time: 0.0446937
2026-07-24 18:47:48.040 10 INFO neutron.db.ovn_revision_numbers_db [None req-8446efcb-afe2-4438-ad0b-001facee4d14 af6cf6b7229b4c9eace48dd4220164e4 8498dd98b53f466e81ae586547e94771 - - - -] Successfully bumped revision number for resource 3044314e-2c55-4830-92a3-0badbebb990c (type: ports) to 17
2026-07-24 18:47:48.068 10 INFO neutron.wsgi [None req-8446efcb-afe2-4438-ad0b-001facee4d14 af6cf6b7229b4c9eace48dd4220164e4 8498dd98b53f466e81ae586547e94771 - - - -] 199.19.213.152 "PUT /v2.0/ports/3044314e-2c55-4830-92a3-0badbebb990c HTTP/1.1" status: 200 len: 1287 time: 0.4417641
2026-07-24 18:47:48.106 10 INFO neutron.notifiers.nova [-] Nova event matching ['req-8f5e457e-dac4-4713-bbeb-562396385cf6'] response: {'server_uuid': '4e490256-84d2-4eb8-a065-e82646933293', 'name': 'network-vif-plugged', 'status': 'completed', 'tag': 'e5cfa182-51ab-4cd3-8a6e-5650c59e88c6', 'code': 200}
2026-07-24 18:47:48.185 10 INFO neutron.wsgi [None req-9dcad97a-98ab-474a-9bf1-5b7ba7a8acfd af6cf6b7229b4c9eace48dd4220164e4 8498dd98b53f466e81ae586547e94771 - - - -] 199.19.213.152 "DELETE /v2.0/security-groups/b0508db4-cadb-4adc-a94b-dd8004bbc754 HTTP/1.1" status: 204 len: 173 time: 0.1125793
2026-07-24 18:47:48.557 10 INFO neutron.wsgi [None req-39f33132-132a-44c3-bc54-db2505420604 af6cf6b7229b4c9eace48dd4220164e4 8498dd98b53f466e81ae586547e94771 - - - -] 199.19.213.152 "DELETE /v2.0/ports/3044314e-2c55-4830-92a3-0badbebb990c HTTP/1.1" status: 204 len: 173 time: 0.3639143
2026-07-24 18:47:48.840 10 INFO neutron.plugins.ml2.drivers.ovn.mech_driver.mech_driver [None req-7df97af8-123e-4e21-8433-8871f533c43c - - - - - -] OVN reports status down for port: b4fd0dc5-feb8-4b76-bda9-78e776d84a46
