2026-07-24 18:45:06.086 9 INFO neutron.wsgi [req-182dff03-346c-4937-a440-5910565f30d4 req-20d45a4e-6bb3-4bbd-9bd0-16a5cb028953 de74f2d4048c4ef78082d00e49736666 e2f20cd3df98453099bf504f9832b7c6 - - 6674caebc00f4e4b9a9fcb8cf9107f20 6674caebc00f4e4b9a9fcb8cf9107f20] 199.19.213.152 "GET /v2.0/floatingips?fixed_ip_address=10.2.1.69&port_id=a74b6fc9-c302-4311-8846-d9cc3755224a HTTP/1.1" status: 200 len: 217 time: 0.0336432
2026-07-24 18:45:06.129 9 INFO neutron.wsgi [req-182dff03-346c-4937-a440-5910565f30d4 req-7c7ea9f8-60dc-49fc-8491-1f3b0b5658e5 de74f2d4048c4ef78082d00e49736666 e2f20cd3df98453099bf504f9832b7c6 - - 6674caebc00f4e4b9a9fcb8cf9107f20 6674caebc00f4e4b9a9fcb8cf9107f20] 199.19.213.152 "GET /v2.0/floatingips?fixed_ip_address=fd7b%3Af9f7%3Afff%3A4eca%3A%3A250&port_id=a74b6fc9-c302-4311-8846-d9cc3755224a HTTP/1.1" status: 200 len: 217 time: 0.0352552
2026-07-24 18:45:06.178 9 INFO neutron.wsgi [req-182dff03-346c-4937-a440-5910565f30d4 req-53a1fe15-29e0-4f26-b7af-de0b750dd661 de74f2d4048c4ef78082d00e49736666 e2f20cd3df98453099bf504f9832b7c6 - - 6674caebc00f4e4b9a9fcb8cf9107f20 6674caebc00f4e4b9a9fcb8cf9107f20] 199.19.213.152 "GET /v2.0/subnets?id=8fc3fed2-6dc3-4084-95b3-26e1bca09abf&id=c88d0a2d-6a64-4f36-bc48-42614b54034c HTTP/1.1" status: 200 len: 1561 time: 0.0438690
2026-07-24 18:45:06.209 9 INFO neutron.wsgi [req-182dff03-346c-4937-a440-5910565f30d4 req-ff91aaaa-02af-40b2-9f71-9e1943e78fac de74f2d4048c4ef78082d00e49736666 e2f20cd3df98453099bf504f9832b7c6 - - 6674caebc00f4e4b9a9fcb8cf9107f20 6674caebc00f4e4b9a9fcb8cf9107f20] 199.19.213.152 "GET /v2.0/ports?network_id=34669529-8306-49e9-b7c2-93a4a637503e&device_owner=network%3Adhcp HTTP/1.1" status: 200 len: 210 time: 0.0242887
2026-07-24 18:45:06.238 9 INFO neutron.wsgi [req-182dff03-346c-4937-a440-5910565f30d4 req-bd0bf081-2c42-4f2c-a1b9-9a11e04e399b de74f2d4048c4ef78082d00e49736666 e2f20cd3df98453099bf504f9832b7c6 - - 6674caebc00f4e4b9a9fcb8cf9107f20 6674caebc00f4e4b9a9fcb8cf9107f20] 199.19.213.152 "GET /v2.0/ports?network_id=34669529-8306-49e9-b7c2-93a4a637503e&device_owner=network%3Adhcp HTTP/1.1" status: 200 len: 210 time: 0.0215714
2026-07-24 18:45:06.320 9 INFO neutron.wsgi [req-182dff03-346c-4937-a440-5910565f30d4 req-0f2d0b9e-60bd-4000-9e51-7bca3366fdc4 de74f2d4048c4ef78082d00e49736666 e2f20cd3df98453099bf504f9832b7c6 - - 6674caebc00f4e4b9a9fcb8cf9107f20 6674caebc00f4e4b9a9fcb8cf9107f20] 199.19.213.152 "GET /v2.0/networks/34669529-8306-49e9-b7c2-93a4a637503e?fields=segments HTTP/1.1" status: 200 len: 212 time: 0.0733647
2026-07-24 18:45:06.349 10 INFO neutron.db.ovn_revision_numbers_db [None req-a758e65d-19b1-439a-a508-523063cee82c b00445cbf974439bb15479d1a1484db1 13cc4fb73c834c78ad17d6461373d8da - - - -] Successfully bumped revision number for resource e41b0d56-d91a-4261-91f1-cd45a6feb02a (type: security_groups) to 1
2026-07-24 18:45:06.405 9 INFO neutron.wsgi [req-182dff03-346c-4937-a440-5910565f30d4 req-4c3d4557-b053-461f-b1eb-339c74ce2a22 de74f2d4048c4ef78082d00e49736666 e2f20cd3df98453099bf504f9832b7c6 - - 6674caebc00f4e4b9a9fcb8cf9107f20 6674caebc00f4e4b9a9fcb8cf9107f20] 199.19.213.152 "GET /v2.0/networks/34669529-8306-49e9-b7c2-93a4a637503e?fields=provider%3Aphysical_network&fields=provider%3Anetwork_type HTTP/1.1" status: 200 len: 277 time: 0.0763817
2026-07-24 18:45:06.447 10 INFO neutron.db.ovn_revision_numbers_db [None req-a758e65d-19b1-439a-a508-523063cee82c b00445cbf974439bb15479d1a1484db1 13cc4fb73c834c78ad17d6461373d8da - - - -] Successfully bumped revision number for resource 172fd56d-f13a-4333-a42d-c52c150b4223 (type: security_groups) to 1
2026-07-24 18:45:06.475 10 INFO neutron.wsgi [None req-a758e65d-19b1-439a-a508-523063cee82c b00445cbf974439bb15479d1a1484db1 13cc4fb73c834c78ad17d6461373d8da - - - -] 10.0.0.195 "POST /v2.0/security-groups HTTP/1.1" status: 201 len: 1739 time: 0.3664699
2026-07-24 18:45:06.510 10 INFO neutron.wsgi [None req-7c184e7c-92fa-4368-8d69-5440d3d254e6 b00445cbf974439bb15479d1a1484db1 13cc4fb73c834c78ad17d6461373d8da - - - -] 10.0.0.195 "PUT /v2.0/security-groups/172fd56d-f13a-4333-a42d-c52c150b4223/tags HTTP/1.1" status: 200 len: 218 time: 0.0270002
2026-07-24 18:45:06.521 9 INFO neutron.wsgi [req-16b8fc47-85be-4a00-a766-7fdd15dcda6c req-298ae837-8378-4f07-ac9c-40dd9ac7514e de74f2d4048c4ef78082d00e49736666 e2f20cd3df98453099bf504f9832b7c6 - - 6674caebc00f4e4b9a9fcb8cf9107f20 6674caebc00f4e4b9a9fcb8cf9107f20] 199.19.213.152 "GET /v2.0/ports?tenant_id=5f83ee4d92864e89b29c2fb4f0554007&device_id=7f490045-6b42-4a85-a27c-2b368658b6fd HTTP/1.1" status: 200 len: 1584 time: 0.0581875
2026-07-24 18:45:06.542 10 INFO neutron.wsgi [None req-645dbe7b-2e1e-4b35-a231-b4e4a369f8a3 b00445cbf974439bb15479d1a1484db1 13cc4fb73c834c78ad17d6461373d8da - - default default] 10.0.0.195 "GET /v2.0/security-groups/172fd56d-f13a-4333-a42d-c52c150b4223/tags HTTP/1.1" status: 200 len: 218 time: 0.0247355
2026-07-24 18:45:06.583 10 INFO neutron.wsgi [None req-03baebe7-3f76-491b-8e98-759953d9a76a b00445cbf974439bb15479d1a1484db1 13cc4fb73c834c78ad17d6461373d8da - - - -] 10.0.0.195 "PUT /v2.0/security-groups/172fd56d-f13a-4333-a42d-c52c150b4223/tags/green HTTP/1.1" status: 201 len: 201 time: 0.0336719
2026-07-24 18:45:06.634 9 INFO neutron.wsgi [req-16b8fc47-85be-4a00-a766-7fdd15dcda6c req-71c73d05-ffb1-4be8-84cf-11cf114a0c10 de74f2d4048c4ef78082d00e49736666 e2f20cd3df98453099bf504f9832b7c6 - - 6674caebc00f4e4b9a9fcb8cf9107f20 6674caebc00f4e4b9a9fcb8cf9107f20] 199.19.213.152 "GET /v2.0/networks?id=34669529-8306-49e9-b7c2-93a4a637503e HTTP/1.1" status: 200 len: 1003 time: 0.1066778
2026-07-24 18:45:06.639 10 INFO neutron.wsgi [None req-a63bf2f7-4c89-48d0-a293-c75597703547 b00445cbf974439bb15479d1a1484db1 13cc4fb73c834c78ad17d6461373d8da - - default default] 10.0.0.195 "GET /v2.0/security-groups/172fd56d-f13a-4333-a42d-c52c150b4223/tags HTTP/1.1" status: 200 len: 227 time: 0.0382552
2026-07-24 18:45:06.666 10 INFO neutron.plugins.ml2.drivers.ovn.mech_driver.mech_driver [None req-7df97af8-123e-4e21-8433-8871f533c43c - - - - - -] OVN reports status up for port: a74b6fc9-c302-4311-8846-d9cc3755224a
2026-07-24 18:45:06.671 10 INFO neutron.wsgi [None req-bdf6e54b-551b-4653-9a21-44b019e05e86 b00445cbf974439bb15479d1a1484db1 13cc4fb73c834c78ad17d6461373d8da - - - -] 10.0.0.195 "PUT /v2.0/security-groups/172fd56d-f13a-4333-a42d-c52c150b4223/tags/red HTTP/1.1" status: 201 len: 201 time: 0.0247128
2026-07-24 18:45:06.696 10 INFO neutron.plugins.ml2.plugin [None req-7df97af8-123e-4e21-8433-8871f533c43c - - - - - -] Attempt 1 to provision port a74b6fc9-c302-4311-8846-d9cc3755224a
2026-07-24 18:45:06.698 9 INFO neutron.wsgi [req-16b8fc47-85be-4a00-a766-7fdd15dcda6c req-6d3d9be4-a280-40a1-b41a-d626c7a5adc2 de74f2d4048c4ef78082d00e49736666 e2f20cd3df98453099bf504f9832b7c6 - - 6674caebc00f4e4b9a9fcb8cf9107f20 6674caebc00f4e4b9a9fcb8cf9107f20] 199.19.213.152 "GET /v2.0/floatingips?fixed_ip_address=10.2.1.69&port_id=a74b6fc9-c302-4311-8846-d9cc3755224a HTTP/1.1" status: 200 len: 217 time: 0.0538254
2026-07-24 18:45:06.701 10 INFO neutron.wsgi [None req-a6626542-141f-4757-a148-5d3874ccddea b00445cbf974439bb15479d1a1484db1 13cc4fb73c834c78ad17d6461373d8da - - default default] 10.0.0.195 "GET /v2.0/security-groups/172fd56d-f13a-4333-a42d-c52c150b4223/tags HTTP/1.1" status: 200 len: 227 time: 0.0200186
2026-07-24 18:45:06.753 9 INFO neutron.wsgi [req-16b8fc47-85be-4a00-a766-7fdd15dcda6c req-83f39b78-a872-410e-a9c4-7d7db8c93078 de74f2d4048c4ef78082d00e49736666 e2f20cd3df98453099bf504f9832b7c6 - - 6674caebc00f4e4b9a9fcb8cf9107f20 6674caebc00f4e4b9a9fcb8cf9107f20] 199.19.213.152 "GET /v2.0/floatingips?fixed_ip_address=fd7b%3Af9f7%3Afff%3A4eca%3A%3A250&port_id=a74b6fc9-c302-4311-8846-d9cc3755224a HTTP/1.1" status: 200 len: 217 time: 0.0436423
2026-07-24 18:45:06.791 9 INFO neutron.wsgi [None req-b30a9b81-ea15-4fcf-9045-b39d26cb58b1 b00445cbf974439bb15479d1a1484db1 13cc4fb73c834c78ad17d6461373d8da - - - -] 10.0.0.195 "PUT /v2.0/security-groups/172fd56d-f13a-4333-a42d-c52c150b4223/tags/black.or.white HTTP/1.1" status: 201 len: 201 time: 0.0830472
2026-07-24 18:45:06.821 9 INFO neutron.wsgi [req-16b8fc47-85be-4a00-a766-7fdd15dcda6c req-ccdc1334-0ad5-47d2-abb9-09ad59262280 de74f2d4048c4ef78082d00e49736666 e2f20cd3df98453099bf504f9832b7c6 - - 6674caebc00f4e4b9a9fcb8cf9107f20 6674caebc00f4e4b9a9fcb8cf9107f20] 199.19.213.152 "GET /v2.0/subnets?id=8fc3fed2-6dc3-4084-95b3-26e1bca09abf&id=c88d0a2d-6a64-4f36-bc48-42614b54034c HTTP/1.1" status: 200 len: 1561 time: 0.0608640
2026-07-24 18:45:06.824 9 INFO neutron.wsgi [None req-46dc615d-34b8-4132-8631-8530463867a0 b00445cbf974439bb15479d1a1484db1 13cc4fb73c834c78ad17d6461373d8da - - default default] 10.0.0.195 "GET /v2.0/security-groups/172fd56d-f13a-4333-a42d-c52c150b4223/tags HTTP/1.1" status: 200 len: 245 time: 0.0249226
2026-07-24 18:45:06.854 10 INFO neutron.notifiers.nova [-] Nova event matching ['req-11056b57-407c-41bd-8c12-a18436ba6c6b'] response: {'server_uuid': '7f490045-6b42-4a85-a27c-2b368658b6fd', 'name': 'network-vif-plugged', 'status': 'completed', 'tag': 'a74b6fc9-c302-4311-8846-d9cc3755224a', 'code': 200}
2026-07-24 18:45:06.859 9 INFO neutron.wsgi [req-16b8fc47-85be-4a00-a766-7fdd15dcda6c req-35476112-e355-4e36-8890-8a9a08a559e4 de74f2d4048c4ef78082d00e49736666 e2f20cd3df98453099bf504f9832b7c6 - - 6674caebc00f4e4b9a9fcb8cf9107f20 6674caebc00f4e4b9a9fcb8cf9107f20] 199.19.213.152 "GET /v2.0/ports?network_id=34669529-8306-49e9-b7c2-93a4a637503e&device_owner=network%3Adhcp HTTP/1.1" status: 200 len: 210 time: 0.0305152
2026-07-24 18:45:06.891 9 INFO neutron.wsgi [req-16b8fc47-85be-4a00-a766-7fdd15dcda6c req-ad723d58-7293-4c90-b007-ed4fd85e13c8 de74f2d4048c4ef78082d00e49736666 e2f20cd3df98453099bf504f9832b7c6 - - 6674caebc00f4e4b9a9fcb8cf9107f20 6674caebc00f4e4b9a9fcb8cf9107f20] 199.19.213.152 "GET /v2.0/ports?network_id=34669529-8306-49e9-b7c2-93a4a637503e&device_owner=network%3Adhcp HTTP/1.1" status: 200 len: 210 time: 0.0251901
2026-07-24 18:45:06.901 10 INFO neutron.wsgi [None req-1a409f55-360d-4b0a-b36c-b54150788ba9 b00445cbf974439bb15479d1a1484db1 13cc4fb73c834c78ad17d6461373d8da - - - -] 10.0.0.195 "PUT /v2.0/security-groups/172fd56d-f13a-4333-a42d-c52c150b4223/tags HTTP/1.1" status: 200 len: 230 time: 0.0653772
2026-07-24 18:45:06.926 10 INFO neutron.wsgi [None req-ae487ec0-c1ba-4116-97b2-f9fce59ce7cb b00445cbf974439bb15479d1a1484db1 13cc4fb73c834c78ad17d6461373d8da - - default default] 10.0.0.195 "GET /v2.0/security-groups/172fd56d-f13a-4333-a42d-c52c150b4223/tags HTTP/1.1" status: 200 len: 230 time: 0.0193591
2026-07-24 18:45:06.959 10 INFO neutron.wsgi [None req-3832bec6-e1db-4c9e-8313-7ab7889fe3c7 b00445cbf974439bb15479d1a1484db1 13cc4fb73c834c78ad17d6461373d8da - - default default] 10.0.0.195 "GET /v2.0/security-groups/172fd56d-f13a-4333-a42d-c52c150b4223/tags/red HTTP/1.1" status: 204 len: 168 time: 0.0281267
2026-07-24 18:45:06.981 9 INFO neutron.wsgi [req-16b8fc47-85be-4a00-a766-7fdd15dcda6c req-81af6ea7-dbb9-4df2-87c8-73f9e1825e87 de74f2d4048c4ef78082d00e49736666 e2f20cd3df98453099bf504f9832b7c6 - - 6674caebc00f4e4b9a9fcb8cf9107f20 6674caebc00f4e4b9a9fcb8cf9107f20] 199.19.213.152 "GET /v2.0/networks/34669529-8306-49e9-b7c2-93a4a637503e?fields=segments HTTP/1.1" status: 200 len: 212 time: 0.0812671
2026-07-24 18:45:06.986 9 INFO neutron.api.v2.resource [None req-863e4bc4-0a64-475f-82bf-88490f4ddd1d b00445cbf974439bb15479d1a1484db1 13cc4fb73c834c78ad17d6461373d8da - - default default] show failed (client error): The resource could not be found.
2026-07-24 18:45:06.987 9 INFO neutron.wsgi [None req-863e4bc4-0a64-475f-82bf-88490f4ddd1d b00445cbf974439bb15479d1a1484db1 13cc4fb73c834c78ad17d6461373d8da - - default default] 10.0.0.195 "GET /v2.0/security-groups/172fd56d-f13a-4333-a42d-c52c150b4223/tags/green HTTP/1.1" status: 404 len: 299 time: 0.0209785
2026-07-24 18:45:07.046 10 INFO neutron.wsgi [None req-d6d3542a-1984-447b-925e-445cb862e8ed b00445cbf974439bb15479d1a1484db1 13cc4fb73c834c78ad17d6461373d8da - - - -] 10.0.0.195 "DELETE /v2.0/security-groups/172fd56d-f13a-4333-a42d-c52c150b4223/tags/red HTTP/1.1" status: 204 len: 168 time: 0.0519266
2026-07-24 18:45:07.057 9 INFO neutron.wsgi [req-16b8fc47-85be-4a00-a766-7fdd15dcda6c req-295b5550-5f15-4f10-bf35-2e788a95f830 de74f2d4048c4ef78082d00e49736666 e2f20cd3df98453099bf504f9832b7c6 - - 6674caebc00f4e4b9a9fcb8cf9107f20 6674caebc00f4e4b9a9fcb8cf9107f20] 199.19.213.152 "GET /v2.0/networks/34669529-8306-49e9-b7c2-93a4a637503e?fields=provider%3Aphysical_network&fields=provider%3Anetwork_type HTTP/1.1" status: 200 len: 277 time: 0.0688787
2026-07-24 18:45:07.059 10 INFO neutron.db.ovn_revision_numbers_db [None req-7df97af8-123e-4e21-8433-8871f533c43c - - - - - -] Successfully bumped revision number for resource a74b6fc9-c302-4311-8846-d9cc3755224a (type: ports) to 4
2026-07-24 18:45:07.070 10 INFO neutron.wsgi [None req-060f7563-22ca-40f8-a718-57a585be086d b00445cbf974439bb15479d1a1484db1 13cc4fb73c834c78ad17d6461373d8da - - default default] 10.0.0.195 "GET /v2.0/security-groups/172fd56d-f13a-4333-a42d-c52c150b4223/tags HTTP/1.1" status: 200 len: 223 time: 0.0184412
2026-07-24 18:45:07.098 9 INFO neutron.api.v2.resource [None req-1ce48f5a-1606-4d72-b22a-7ed99abb604b b00445cbf974439bb15479d1a1484db1 13cc4fb73c834c78ad17d6461373d8da - - - -] delete failed (client error): The resource could not be found.
2026-07-24 18:45:07.099 9 INFO neutron.wsgi [None req-1ce48f5a-1606-4d72-b22a-7ed99abb604b b00445cbf974439bb15479d1a1484db1 13cc4fb73c834c78ad17d6461373d8da - - - -] 10.0.0.195 "DELETE /v2.0/security-groups/172fd56d-f13a-4333-a42d-c52c150b4223/tags/green HTTP/1.1" status: 404 len: 299 time: 0.0220928
2026-07-24 18:45:07.149 9 INFO neutron.wsgi [None req-64d2790b-0f62-405e-a8dc-d35777a751a2 b00445cbf974439bb15479d1a1484db1 13cc4fb73c834c78ad17d6461373d8da - - - -] 10.0.0.195 "DELETE /v2.0/security-groups/172fd56d-f13a-4333-a42d-c52c150b4223/tags HTTP/1.1" status: 204 len: 168 time: 0.0408285
2026-07-24 18:45:07.170 9 INFO neutron.wsgi [None req-674a1fe1-2500-461a-bffb-a059e65f2b05 b00445cbf974439bb15479d1a1484db1 13cc4fb73c834c78ad17d6461373d8da - - default default] 10.0.0.195 "GET /v2.0/security-groups/172fd56d-f13a-4333-a42d-c52c150b4223/tags HTTP/1.1" status: 200 len: 205 time: 0.0157926 /var/lib/openstack/lib/python3.10/site-packages/pycadf/identifier.py:71: UserWarning: Invalid uuid: neutron. To ensure interoperability, identifiers should be a valid uuid. warnings.warn(('Invalid uuid: %s. To ensure interoperability, '
2026-07-24 18:45:07.784 10 INFO neutron.wsgi [None req-4096cf14-c024-47b6-8e95-99ebfd7252fd b00445cbf974439bb15479d1a1484db1 13cc4fb73c834c78ad17d6461373d8da - - - -] 10.0.0.195 "DELETE /v2.0/security-groups/172fd56d-f13a-4333-a42d-c52c150b4223 HTTP/1.1" status: 204 len: 168 time: 0.6008971
2026-07-24 18:45:08.371 10 INFO neutron.wsgi [req-373d3275-5035-4cc1-bd5a-2a63bc349c7f req-fd288354-aa79-4c98-a104-ab390b26c8da 652ca3bda8bb484088747c253d53aa67 5f83ee4d92864e89b29c2fb4f0554007 - - default default] 10.0.0.3 "GET /v2.0/ports?device_id=7f490045-6b42-4a85-a27c-2b368658b6fd HTTP/1.1" status: 200 len: 1396 time: 0.1036851
2026-07-24 18:45:08.411 10 INFO neutron.wsgi [req-373d3275-5035-4cc1-bd5a-2a63bc349c7f req-32077e4e-7224-4e43-a2bd-10a043834a68 652ca3bda8bb484088747c253d53aa67 5f83ee4d92864e89b29c2fb4f0554007 - - default default] 10.0.0.3 "GET /v2.0/security-groups?id=fc5939d7-5c21-4096-a5f7-5da9be368231&fields=id&fields=name HTTP/1.1" status: 200 len: 310 time: 0.0327432
2026-07-24 18:45:08.518 10 INFO neutron.wsgi [None req-af689c96-8b11-423c-9163-4aa4421fefde 652ca3bda8bb484088747c253d53aa67 5f83ee4d92864e89b29c2fb4f0554007 - - default default] 10.0.0.195 "GET /v2.0/ports?network_id=34669529-8306-49e9-b7c2-93a4a637503e&mac_address=fa%3A16%3A3e%3A41%3Ad7%3A81 HTTP/1.1" status: 200 len: 1391 time: 0.0765998
2026-07-24 18:45:08.667 9 INFO neutron.wsgi [None req-adf2f402-e0bf-47e7-98ce-0342df528efb af6cf6b7229b4c9eace48dd4220164e4 8498dd98b53f466e81ae586547e94771 - - default default] 10.0.0.195 "GET /v2.0/security-groups?tenant_id=13cc4fb73c834c78ad17d6461373d8da&name=default HTTP/1.1" status: 200 len: 3000 time: 0.1341619
2026-07-24 18:45:08.831 10 WARNING neutron.scheduler.dhcp_agent_scheduler [None req-901738a5-7d67-4518-9dd1-0b30b9754d51 652ca3bda8bb484088747c253d53aa67 5f83ee4d92864e89b29c2fb4f0554007 - - - -] No more DHCP agents
2026-07-24 18:45:08.833 10 WARNING neutron.api.rpc.agentnotifiers.dhcp_rpc_agent_api [None req-901738a5-7d67-4518-9dd1-0b30b9754d51 652ca3bda8bb484088747c253d53aa67 5f83ee4d92864e89b29c2fb4f0554007 - - - -] Unable to schedule network 9edd62f8-6081-4780-bbb7-f7b6619461a6: no agents available; will retry on subsequent port and subnet creation events.
2026-07-24 18:45:08.881 9 INFO neutron.wsgi [None req-d8a68cee-7bb9-4187-b250-e227fc1816f1 af6cf6b7229b4c9eace48dd4220164e4 8498dd98b53f466e81ae586547e94771 - - - -] 10.0.0.195 "DELETE /v2.0/security-groups/e41b0d56-d91a-4261-91f1-cd45a6feb02a HTTP/1.1" status: 204 len: 168 time: 0.2066643
2026-07-24 18:45:08.892 10 INFO neutron.notifiers.nova [-] Nova event matching ['req-feddaa1f-69a9-411c-954e-9ec48483c19c'] response: {'server_uuid': '7f490045-6b42-4a85-a27c-2b368658b6fd', 'name': 'network-vif-plugged', 'status': 'completed', 'tag': 'a74b6fc9-c302-4311-8846-d9cc3755224a', 'code': 200}
2026-07-24 18:45:09.086 9 INFO neutron.db.ovn_revision_numbers_db [None req-81bb8f7b-89cf-42d1-ad27-e89af3d0ee41 af6cf6b7229b4c9eace48dd4220164e4 8498dd98b53f466e81ae586547e94771 - - default default] Successfully bumped revision number for resource 9854d58c-0f2d-46a4-8adb-4d961fb494ec (type: security_groups) to 1
2026-07-24 18:45:09.108 9 INFO neutron.wsgi [None req-81bb8f7b-89cf-42d1-ad27-e89af3d0ee41 af6cf6b7229b4c9eace48dd4220164e4 8498dd98b53f466e81ae586547e94771 - - default default] 10.0.0.195 "GET /v2.0/security-groups?tenant_id=28d1dfc58c8d43c1855e893a3673b88d&name=default HTTP/1.1" status: 200 len: 3000 time: 0.1147900
2026-07-24 18:45:09.172 10 INFO neutron.wsgi [-] 10.0.0.75 "GET / HTTP/1.1" status: 200 len: 246 time: 0.0016501
2026-07-24 18:45:09.174 10 INFO neutron.wsgi [-] 10.0.0.75 "GET / HTTP/1.1" status: 200 len: 246 time: 0.0015783
2026-07-24 18:45:09.289 10 INFO neutron.db.l3_db [None req-901738a5-7d67-4518-9dd1-0b30b9754d51 652ca3bda8bb484088747c253d53aa67 5f83ee4d92864e89b29c2fb4f0554007 - - - -] Floating IP d0680e8d-651a-479f-8901-f05d053bc388 associated. External IP: 10.96.250.210, port: a74b6fc9-c302-4311-8846-d9cc3755224a.
2026-07-24 18:45:09.321 9 INFO neutron.wsgi [None req-af4b302d-816f-48e5-8a1a-56d54ea76a88 af6cf6b7229b4c9eace48dd4220164e4 8498dd98b53f466e81ae586547e94771 - - - -] 10.0.0.195 "DELETE /v2.0/security-groups/9854d58c-0f2d-46a4-8adb-4d961fb494ec HTTP/1.1" status: 204 len: 168 time: 0.2068849
2026-07-24 18:45:09.560 10 INFO neutron.db.ovn_revision_numbers_db [None req-901738a5-7d67-4518-9dd1-0b30b9754d51 652ca3bda8bb484088747c253d53aa67 5f83ee4d92864e89b29c2fb4f0554007 - - - -] Successfully bumped revision number for resource d0680e8d-651a-479f-8901-f05d053bc388 (type: floatingips) to 0
2026-07-24 18:45:09.693 10 INFO neutron.db.ovn_revision_numbers_db [None req-901738a5-7d67-4518-9dd1-0b30b9754d51 652ca3bda8bb484088747c253d53aa67 5f83ee4d92864e89b29c2fb4f0554007 - - - -] Successfully bumped revision number for resource d0680e8d-651a-479f-8901-f05d053bc388 (type: floatingips) to 1
2026-07-24 18:45:09.784 10 INFO neutron.wsgi [None req-901738a5-7d67-4518-9dd1-0b30b9754d51 652ca3bda8bb484088747c253d53aa67 5f83ee4d92864e89b29c2fb4f0554007 - - - -] 10.0.0.195 "POST /v2.0/floatingips HTTP/1.1" status: 201 len: 1053 time: 1.2619798 /var/lib/openstack/lib/python3.10/site-packages/pycadf/identifier.py:71: UserWarning: Invalid uuid: neutron. To ensure interoperability, identifiers should be a valid uuid. warnings.warn(('Invalid uuid: %s. To ensure interoperability, '
2026-07-24 18:45:09.916 10 INFO neutron.wsgi [req-251eb7e4-f246-40ff-815f-c9d5492f3e1f req-da94872a-e2f6-4412-979b-f6a84c32c5ec 652ca3bda8bb484088747c253d53aa67 5f83ee4d92864e89b29c2fb4f0554007 - - default default] 10.0.0.3 "GET /v2.0/security-groups?name=tempest-lb_member_SG-439847300&fields=id&tenant_id=5f83ee4d92864e89b29c2fb4f0554007 HTTP/1.1" status: 200 len: 267 time: 0.0409710
2026-07-24 18:45:10.009 10 INFO neutron.wsgi [req-251eb7e4-f246-40ff-815f-c9d5492f3e1f req-176b83bd-7c36-4c99-8932-4a7568feaa01 652ca3bda8bb484088747c253d53aa67 5f83ee4d92864e89b29c2fb4f0554007 - - default default] 10.0.0.3 "GET /v2.0/networks?id=09f81d0f-9733-4e5e-933e-d351e9d3ccc5 HTTP/1.1" status: 200 len: 903 time: 0.0826466
2026-07-24 18:45:10.031 10 INFO neutron.wsgi [req-251eb7e4-f246-40ff-815f-c9d5492f3e1f req-29d2fbb4-6384-40e3-8e63-70bd16adbd2d 652ca3bda8bb484088747c253d53aa67 5f83ee4d92864e89b29c2fb4f0554007 - - default default] 10.0.0.3 "GET /v2.0/quotas/5f83ee4d92864e89b29c2fb4f0554007 HTTP/1.1" status: 200 len: 386 time: 0.0140011
2026-07-24 18:45:10.214 10 INFO neutron.wsgi [req-251eb7e4-f246-40ff-815f-c9d5492f3e1f req-9df6d490-f12c-4b63-8611-6c2dc19ea65b 652ca3bda8bb484088747c253d53aa67 5f83ee4d92864e89b29c2fb4f0554007 - - default default] 10.0.0.3 "GET /v2.0/ports?tenant_id=5f83ee4d92864e89b29c2fb4f0554007&fields=id HTTP/1.1" status: 200 len: 532 time: 0.1756575
2026-07-24 18:45:10.288 10 INFO neutron.wsgi [req-251eb7e4-f246-40ff-815f-c9d5492f3e1f req-790760fa-9efc-4aca-9c72-20cf609c9d54 de74f2d4048c4ef78082d00e49736666 e2f20cd3df98453099bf504f9832b7c6 - - 6674caebc00f4e4b9a9fcb8cf9107f20 6674caebc00f4e4b9a9fcb8cf9107f20] 10.0.0.3 "GET /v2.0/networks/09f81d0f-9733-4e5e-933e-d351e9d3ccc5?fields=segments HTTP/1.1" status: 200 len: 212 time: 0.0603189
2026-07-24 18:45:10.362 9 WARNING neutron.plugins.ml2.drivers.ovn.mech_driver.ovsdb.ovn_client [None req-446a6c98-7e52-4e02-ad18-1bd5f30e1b9e - - - - - -] No hosting information found for port 58b0221b-8e83-4817-ade3-5a7233b864ee: RuntimeError: No hosting information found for port 58b0221b-8e83-4817-ade3-5a7233b864ee
2026-07-24 18:45:10.387 10 INFO neutron.wsgi [req-251eb7e4-f246-40ff-815f-c9d5492f3e1f req-64a45773-ca63-4c8b-a075-e736ff900f61 de74f2d4048c4ef78082d00e49736666 e2f20cd3df98453099bf504f9832b7c6 - - 6674caebc00f4e4b9a9fcb8cf9107f20 6674caebc00f4e4b9a9fcb8cf9107f20] 10.0.0.3 "GET /v2.0/networks/09f81d0f-9733-4e5e-933e-d351e9d3ccc5?fields=provider%3Aphysical_network&fields=provider%3Anetwork_type HTTP/1.1" status: 200 len: 277 time: 0.0904024
2026-07-24 18:45:10.589 10 INFO neutron.wsgi [req-23f90b65-6344-4ac1-b538-5006afe2752e req-d50fb110-fbe4-49b1-a3b2-10ca91ed8794 652ca3bda8bb484088747c253d53aa67 5f83ee4d92864e89b29c2fb4f0554007 - - default default] 10.0.0.3 "GET /v2.0/ports?device_id=901b00ed-d368-4618-9fe2-db8e4c6b324e HTTP/1.1" status: 200 len: 210 time: 0.0253377
2026-07-24 18:45:10.944 10 INFO neutron.notifiers.nova [-] Nova event matching ['req-9f32dcd8-8849-413b-9a58-2d3432102e85'] response: {'name': 'network-changed', 'server_uuid': '7f490045-6b42-4a85-a27c-2b368658b6fd', 'tag': 'a74b6fc9-c302-4311-8846-d9cc3755224a', 'status': 'completed', 'code': 200}
2026-07-24 18:45:11.018 9 INFO neutron.wsgi [req-a1ddfa20-e0a6-4d86-aae8-b244b0a06e7d req-6c6a3884-bdc2-4e52-99ec-1e1453425d27 de74f2d4048c4ef78082d00e49736666 e2f20cd3df98453099bf504f9832b7c6 - - 6674caebc00f4e4b9a9fcb8cf9107f20 6674caebc00f4e4b9a9fcb8cf9107f20] 199.19.213.152 "GET /v2.0/ports?tenant_id=5f83ee4d92864e89b29c2fb4f0554007&device_id=7f490045-6b42-4a85-a27c-2b368658b6fd HTTP/1.1" status: 200 len: 1586 time: 0.0401311
2026-07-24 18:45:11.095 9 INFO neutron.wsgi [req-a1ddfa20-e0a6-4d86-aae8-b244b0a06e7d req-07922221-e264-4ee2-9ead-b75bed756411 de74f2d4048c4ef78082d00e49736666 e2f20cd3df98453099bf504f9832b7c6 - - 6674caebc00f4e4b9a9fcb8cf9107f20 6674caebc00f4e4b9a9fcb8cf9107f20] 199.19.213.152 "GET /v2.0/networks?id=34669529-8306-49e9-b7c2-93a4a637503e HTTP/1.1" status: 200 len: 1003 time: 0.0660412
2026-07-24 18:45:11.163 9 INFO neutron.wsgi [req-a1ddfa20-e0a6-4d86-aae8-b244b0a06e7d req-6b806b50-b83d-4feb-b513-e0bb7c60ab8a de74f2d4048c4ef78082d00e49736666 e2f20cd3df98453099bf504f9832b7c6 - - 6674caebc00f4e4b9a9fcb8cf9107f20 6674caebc00f4e4b9a9fcb8cf9107f20] 199.19.213.152 "GET /v2.0/floatingips?fixed_ip_address=10.2.1.69&port_id=a74b6fc9-c302-4311-8846-d9cc3755224a HTTP/1.1" status: 200 len: 1058 time: 0.0641048
2026-07-24 18:45:11.201 9 INFO neutron.wsgi [req-a1ddfa20-e0a6-4d86-aae8-b244b0a06e7d req-47f94eea-05f9-4da3-8317-4e512cffc2c0 de74f2d4048c4ef78082d00e49736666 e2f20cd3df98453099bf504f9832b7c6 - - 6674caebc00f4e4b9a9fcb8cf9107f20 6674caebc00f4e4b9a9fcb8cf9107f20] 199.19.213.152 "GET /v2.0/floatingips?fixed_ip_address=fd7b%3Af9f7%3Afff%3A4eca%3A%3A250&port_id=a74b6fc9-c302-4311-8846-d9cc3755224a HTTP/1.1" status: 200 len: 217 time: 0.0293972
2026-07-24 18:45:11.254 9 INFO neutron.wsgi [req-a1ddfa20-e0a6-4d86-aae8-b244b0a06e7d req-e40b308c-d5ea-4fc7-b6a0-217a129fda44 de74f2d4048c4ef78082d00e49736666 e2f20cd3df98453099bf504f9832b7c6 - - 6674caebc00f4e4b9a9fcb8cf9107f20 6674caebc00f4e4b9a9fcb8cf9107f20] 199.19.213.152 "GET /v2.0/subnets?id=8fc3fed2-6dc3-4084-95b3-26e1bca09abf&id=c88d0a2d-6a64-4f36-bc48-42614b54034c HTTP/1.1" status: 200 len: 1561 time: 0.0418224
2026-07-24 18:45:11.289 9 INFO neutron.wsgi [req-a1ddfa20-e0a6-4d86-aae8-b244b0a06e7d req-67c71cc9-3d00-4e5b-b9c0-d21d467dc47f de74f2d4048c4ef78082d00e49736666 e2f20cd3df98453099bf504f9832b7c6 - - 6674caebc00f4e4b9a9fcb8cf9107f20 6674caebc00f4e4b9a9fcb8cf9107f20] 199.19.213.152 "GET /v2.0/ports?network_id=34669529-8306-49e9-b7c2-93a4a637503e&device_owner=network%3Adhcp HTTP/1.1" status: 200 len: 210 time: 0.0287325
2026-07-24 18:45:11.334 9 INFO neutron.wsgi [req-a1ddfa20-e0a6-4d86-aae8-b244b0a06e7d req-61d81688-d538-40d6-957d-87c0b87c7257 de74f2d4048c4ef78082d00e49736666 e2f20cd3df98453099bf504f9832b7c6 - - 6674caebc00f4e4b9a9fcb8cf9107f20 6674caebc00f4e4b9a9fcb8cf9107f20] 199.19.213.152 "GET /v2.0/ports?network_id=34669529-8306-49e9-b7c2-93a4a637503e&device_owner=network%3Adhcp HTTP/1.1" status: 200 len: 210 time: 0.0368543
2026-07-24 18:45:11.423 9 INFO neutron.wsgi [req-a1ddfa20-e0a6-4d86-aae8-b244b0a06e7d req-99613d10-a24a-43e5-a0f1-393051cae226 de74f2d4048c4ef78082d00e49736666 e2f20cd3df98453099bf504f9832b7c6 - - 6674caebc00f4e4b9a9fcb8cf9107f20 6674caebc00f4e4b9a9fcb8cf9107f20] 199.19.213.152 "GET /v2.0/networks/34669529-8306-49e9-b7c2-93a4a637503e?fields=segments HTTP/1.1" status: 200 len: 212 time: 0.0774374
2026-07-24 18:45:11.536 9 INFO neutron.wsgi [req-a1ddfa20-e0a6-4d86-aae8-b244b0a06e7d req-02cb79db-5a45-432e-84a9-77a2b131fa22 de74f2d4048c4ef78082d00e49736666 e2f20cd3df98453099bf504f9832b7c6 - - 6674caebc00f4e4b9a9fcb8cf9107f20 6674caebc00f4e4b9a9fcb8cf9107f20] 199.19.213.152 "GET /v2.0/networks/34669529-8306-49e9-b7c2-93a4a637503e?fields=provider%3Aphysical_network&fields=provider%3Anetwork_type HTTP/1.1" status: 200 len: 277 time: 0.1053021
2026-07-24 18:45:11.540 9 INFO neutron.wsgi [req-251eb7e4-f246-40ff-815f-c9d5492f3e1f req-948fdca9-e87b-450b-a50e-7cd50b1018e8 652ca3bda8bb484088747c253d53aa67 5f83ee4d92864e89b29c2fb4f0554007 - - default default] 199.19.213.152 "GET /v2.0/networks?id=09f81d0f-9733-4e5e-933e-d351e9d3ccc5 HTTP/1.1" status: 200 len: 903 time: 0.0974593
2026-07-24 18:45:11.623 9 INFO neutron.wsgi [req-251eb7e4-f246-40ff-815f-c9d5492f3e1f req-d5ccaec9-a3eb-41bf-ba9c-9a9aa55ea37b 652ca3bda8bb484088747c253d53aa67 5f83ee4d92864e89b29c2fb4f0554007 - - default default] 199.19.213.152 "GET /v2.0/security-groups?fields=id&fields=name&tenant_id=5f83ee4d92864e89b29c2fb4f0554007 HTTP/1.1" status: 200 len: 377 time: 0.0757146
2026-07-24 18:45:12.110 9 WARNING neutron.scheduler.dhcp_agent_scheduler [None req-0fc6a7b8-73d2-4e32-9f4e-8f36636437fc 652ca3bda8bb484088747c253d53aa67 5f83ee4d92864e89b29c2fb4f0554007 - - - -] No more DHCP agents
2026-07-24 18:45:12.113 9 WARNING neutron.api.rpc.agentnotifiers.dhcp_rpc_agent_api [None req-0fc6a7b8-73d2-4e32-9f4e-8f36636437fc 652ca3bda8bb484088747c253d53aa67 5f83ee4d92864e89b29c2fb4f0554007 - - - -] Unable to schedule network 09f81d0f-9733-4e5e-933e-d351e9d3ccc5: no agents available; will retry on subsequent port and subnet creation events.
2026-07-24 18:45:12.706 9 INFO neutron.db.ovn_revision_numbers_db [None req-0fc6a7b8-73d2-4e32-9f4e-8f36636437fc 652ca3bda8bb484088747c253d53aa67 5f83ee4d92864e89b29c2fb4f0554007 - - - -] Successfully bumped revision number for resource 1a541ff7-056c-4b37-8a32-4db83677ab25 (type: ports) to 1
2026-07-24 18:45:12.733 9 INFO neutron.wsgi [None req-0fc6a7b8-73d2-4e32-9f4e-8f36636437fc 652ca3bda8bb484088747c253d53aa67 5f83ee4d92864e89b29c2fb4f0554007 - - - -] 199.19.213.152 "POST /v2.0/ports HTTP/1.1" status: 201 len: 1392 time: 1.0909750 /var/lib/openstack/lib/python3.10/site-packages/pycadf/identifier.py:71: UserWarning: Invalid uuid: neutron. To ensure interoperability, identifiers should be a valid uuid. warnings.warn(('Invalid uuid: %s. To ensure interoperability, '
2026-07-24 18:45:13.184 9 INFO neutron.db.ovn_revision_numbers_db [None req-dc86fec3-744f-49c6-a11c-9eff510ebac3 de74f2d4048c4ef78082d00e49736666 e2f20cd3df98453099bf504f9832b7c6 - - - -] Successfully bumped revision number for resource 1a541ff7-056c-4b37-8a32-4db83677ab25 (type: ports) to 2
2026-07-24 18:45:13.358 9 INFO neutron.db.ovn_revision_numbers_db [None req-dc86fec3-744f-49c6-a11c-9eff510ebac3 de74f2d4048c4ef78082d00e49736666 e2f20cd3df98453099bf504f9832b7c6 - - - -] Successfully bumped revision number for resource 1a541ff7-056c-4b37-8a32-4db83677ab25 (type: ports) to 2
2026-07-24 18:45:13.391 9 INFO neutron.wsgi [None req-dc86fec3-744f-49c6-a11c-9eff510ebac3 de74f2d4048c4ef78082d00e49736666 e2f20cd3df98453099bf504f9832b7c6 - - - -] 199.19.213.152 "PUT /v2.0/ports/1a541ff7-056c-4b37-8a32-4db83677ab25 HTTP/1.1" status: 200 len: 1561 time: 0.6506321
2026-07-24 18:45:13.432 9 INFO neutron.notifiers.nova [-] Nova event matching ['req-3f65a53a-aa53-4bf2-85ef-3c4c0d78f32e'] response: {'name': 'network-changed', 'server_uuid': '901b00ed-d368-4618-9fe2-db8e4c6b324e', 'tag': '1a541ff7-056c-4b37-8a32-4db83677ab25', 'status': 'completed', 'code': 200} /var/lib/openstack/lib/python3.10/site-packages/pycadf/identifier.py:71: UserWarning: Invalid uuid: neutron. To ensure interoperability, identifiers should be a valid uuid. warnings.warn(('Invalid uuid: %s. To ensure interoperability, '
2026-07-24 18:45:13.463 10 INFO neutron.db.ovn_revision_numbers_db [None req-1d398793-130e-4c72-9471-b65a3acc852c af6cf6b7229b4c9eace48dd4220164e4 8498dd98b53f466e81ae586547e94771 - - default default] Successfully bumped revision number for resource f6f36ecf-8cd7-4d10-967a-fa3bfdb8dfb0 (type: security_groups) to 1
2026-07-24 18:45:13.470 9 INFO neutron.wsgi [req-251eb7e4-f246-40ff-815f-c9d5492f3e1f req-7a59ffed-0586-4c9c-a306-70284a1ee319 de74f2d4048c4ef78082d00e49736666 e2f20cd3df98453099bf504f9832b7c6 - - 6674caebc00f4e4b9a9fcb8cf9107f20 6674caebc00f4e4b9a9fcb8cf9107f20] 199.19.213.152 "GET /v2.0/ports?tenant_id=5f83ee4d92864e89b29c2fb4f0554007&device_id=901b00ed-d368-4618-9fe2-db8e4c6b324e HTTP/1.1" status: 200 len: 1592 time: 0.0418909
2026-07-24 18:45:13.491 10 INFO neutron.wsgi [None req-1d398793-130e-4c72-9471-b65a3acc852c af6cf6b7229b4c9eace48dd4220164e4 8498dd98b53f466e81ae586547e94771 - - default default] 10.0.0.195 "GET /v2.0/security-groups?tenant_id=ccf404279a6d44a196a8ce01a8319c33&name=default HTTP/1.1" status: 200 len: 3000 time: 0.3057215
2026-07-24 18:45:13.506 9 INFO neutron.wsgi [req-251eb7e4-f246-40ff-815f-c9d5492f3e1f req-0907c542-8709-4b07-b34e-45e523ccd917 de74f2d4048c4ef78082d00e49736666 e2f20cd3df98453099bf504f9832b7c6 - - 6674caebc00f4e4b9a9fcb8cf9107f20 6674caebc00f4e4b9a9fcb8cf9107f20] 199.19.213.152 "GET /v2.0/floatingips?fixed_ip_address=10.2.2.223&port_id=1a541ff7-056c-4b37-8a32-4db83677ab25 HTTP/1.1" status: 200 len: 217 time: 0.0297785
2026-07-24 18:45:13.533 9 INFO neutron.wsgi [req-251eb7e4-f246-40ff-815f-c9d5492f3e1f req-ae5a8364-c480-46ee-b117-0bad9a210239 de74f2d4048c4ef78082d00e49736666 e2f20cd3df98453099bf504f9832b7c6 - - 6674caebc00f4e4b9a9fcb8cf9107f20 6674caebc00f4e4b9a9fcb8cf9107f20] 199.19.213.152 "GET /v2.0/floatingips?fixed_ip_address=fd77%3A1457%3A4cf0%3A26a8%3A%3A1b5&port_id=1a541ff7-056c-4b37-8a32-4db83677ab25 HTTP/1.1" status: 200 len: 217 time: 0.0207925
2026-07-24 18:45:13.583 9 INFO neutron.wsgi [req-251eb7e4-f246-40ff-815f-c9d5492f3e1f req-eabf142f-a19e-4b88-b4e4-cfb8ff0a5f63 de74f2d4048c4ef78082d00e49736666 e2f20cd3df98453099bf504f9832b7c6 - - 6674caebc00f4e4b9a9fcb8cf9107f20 6674caebc00f4e4b9a9fcb8cf9107f20] 199.19.213.152 "GET /v2.0/subnets?id=2d131ddd-aee2-4130-8c0e-adc5056ca29e&id=5e1ce358-17ba-47bc-953a-d7bddbb1dcbe HTTP/1.1" status: 200 len: 1566 time: 0.0451946
2026-07-24 18:45:13.624 9 INFO neutron.wsgi [req-251eb7e4-f246-40ff-815f-c9d5492f3e1f req-206b379d-f708-4aef-97c4-399141452701 de74f2d4048c4ef78082d00e49736666 e2f20cd3df98453099bf504f9832b7c6 - - 6674caebc00f4e4b9a9fcb8cf9107f20 6674caebc00f4e4b9a9fcb8cf9107f20] 199.19.213.152 "GET /v2.0/ports?network_id=09f81d0f-9733-4e5e-933e-d351e9d3ccc5&device_owner=network%3Adhcp HTTP/1.1" status: 200 len: 210 time: 0.0320504
2026-07-24 18:45:13.656 9 INFO neutron.wsgi [req-251eb7e4-f246-40ff-815f-c9d5492f3e1f req-63095533-2700-4622-924a-54e3f58f08cd de74f2d4048c4ef78082d00e49736666 e2f20cd3df98453099bf504f9832b7c6 - - 6674caebc00f4e4b9a9fcb8cf9107f20 6674caebc00f4e4b9a9fcb8cf9107f20] 199.19.213.152 "GET /v2.0/ports?network_id=09f81d0f-9733-4e5e-933e-d351e9d3ccc5&device_owner=network%3Adhcp HTTP/1.1" status: 200 len: 210 time: 0.0216784
2026-07-24 18:45:13.736 10 INFO neutron.wsgi [None req-fb3cc671-3734-451b-89a7-d719b84b32e2 af6cf6b7229b4c9eace48dd4220164e4 8498dd98b53f466e81ae586547e94771 - - - -] 10.0.0.195 "DELETE /v2.0/security-groups/f6f36ecf-8cd7-4d10-967a-fa3bfdb8dfb0 HTTP/1.1" status: 204 len: 168 time: 0.2395298
2026-07-24 18:45:13.748 9 INFO neutron.wsgi [req-251eb7e4-f246-40ff-815f-c9d5492f3e1f req-23c19537-8948-4371-984b-83804b8a7f39 de74f2d4048c4ef78082d00e49736666 e2f20cd3df98453099bf504f9832b7c6 - - 6674caebc00f4e4b9a9fcb8cf9107f20 6674caebc00f4e4b9a9fcb8cf9107f20] 199.19.213.152 "GET /v2.0/networks/09f81d0f-9733-4e5e-933e-d351e9d3ccc5?fields=segments HTTP/1.1" status: 200 len: 212 time: 0.0823083
2026-07-24 18:45:13.812 9 INFO neutron.wsgi [req-251eb7e4-f246-40ff-815f-c9d5492f3e1f req-0255ce20-228c-45fe-99c9-7f0625809b53 de74f2d4048c4ef78082d00e49736666 e2f20cd3df98453099bf504f9832b7c6 - - 6674caebc00f4e4b9a9fcb8cf9107f20 6674caebc00f4e4b9a9fcb8cf9107f20] 199.19.213.152 "GET /v2.0/networks/09f81d0f-9733-4e5e-933e-d351e9d3ccc5?fields=provider%3Aphysical_network&fields=provider%3Anetwork_type HTTP/1.1" status: 200 len: 277 time: 0.0584266
2026-07-24 18:45:13.900 9 INFO neutron.wsgi [req-10bdeb7f-61da-4af2-9016-b0132cd1d611 req-b82df57d-f305-4f90-8434-cbd3f910e3a7 de74f2d4048c4ef78082d00e49736666 e2f20cd3df98453099bf504f9832b7c6 - - 6674caebc00f4e4b9a9fcb8cf9107f20 6674caebc00f4e4b9a9fcb8cf9107f20] 199.19.213.152 "GET /v2.0/ports?tenant_id=5f83ee4d92864e89b29c2fb4f0554007&device_id=901b00ed-d368-4618-9fe2-db8e4c6b324e HTTP/1.1" status: 200 len: 1592 time: 0.0436757
2026-07-24 18:45:14.029 10 INFO neutron.plugins.ml2.drivers.ovn.mech_driver.mech_driver [None req-7df97af8-123e-4e21-8433-8871f533c43c - - - - - -] OVN reports status up for port: 1a541ff7-056c-4b37-8a32-4db83677ab25
2026-07-24 18:45:14.035 9 INFO neutron.wsgi [req-aabb4059-305d-4091-be4b-7e4778b37c3e req-6b19d5a7-97b7-40a2-95bb-e7acfce86eae de74f2d4048c4ef78082d00e49736666 e2f20cd3df98453099bf504f9832b7c6 - - 6674caebc00f4e4b9a9fcb8cf9107f20 6674caebc00f4e4b9a9fcb8cf9107f20] 199.19.213.152 "GET /v2.0/ports?device_id=7f490045-6b42-4a85-a27c-2b368658b6fd&fields=binding%3Ahost_id&fields=binding%3Avif_type HTTP/1.1" status: 200 len: 265 time: 0.0939178
2026-07-24 18:45:14.045 10 INFO neutron.plugins.ml2.plugin [None req-7df97af8-123e-4e21-8433-8871f533c43c - - - - - -] Attempt 1 to provision port 1a541ff7-056c-4b37-8a32-4db83677ab25
2026-07-24 18:45:14.058 9 INFO neutron.wsgi [req-10bdeb7f-61da-4af2-9016-b0132cd1d611 req-97c22f4b-1af8-4eab-94bf-cc1136fb9211 de74f2d4048c4ef78082d00e49736666 e2f20cd3df98453099bf504f9832b7c6 - - 6674caebc00f4e4b9a9fcb8cf9107f20 6674caebc00f4e4b9a9fcb8cf9107f20] 199.19.213.152 "GET /v2.0/networks?id=09f81d0f-9733-4e5e-933e-d351e9d3ccc5 HTTP/1.1" status: 200 len: 1001 time: 0.1517258
2026-07-24 18:45:14.070 9 INFO neutron.db.ovn_revision_numbers_db [None req-2ad25a33-6f45-4e3c-ac4b-ab4ed49f6e25 af6cf6b7229b4c9eace48dd4220164e4 8498dd98b53f466e81ae586547e94771 - - default default] Successfully bumped revision number for resource b87c9141-508f-4888-9cf7-5538483f2dcb (type: security_groups) to 1
2026-07-24 18:45:14.126 9 INFO neutron.wsgi [req-10bdeb7f-61da-4af2-9016-b0132cd1d611 req-bcb67ac2-aab9-46d4-baf7-f7b471c8f3a5 de74f2d4048c4ef78082d00e49736666 e2f20cd3df98453099bf504f9832b7c6 - - 6674caebc00f4e4b9a9fcb8cf9107f20 6674caebc00f4e4b9a9fcb8cf9107f20] 199.19.213.152 "GET /v2.0/floatingips?fixed_ip_address=10.2.2.223&port_id=1a541ff7-056c-4b37-8a32-4db83677ab25 HTTP/1.1" status: 200 len: 217 time: 0.0609050
2026-07-24 18:45:14.165 9 INFO neutron.wsgi [None req-2ad25a33-6f45-4e3c-ac4b-ab4ed49f6e25 af6cf6b7229b4c9eace48dd4220164e4 8498dd98b53f466e81ae586547e94771 - - default default] 10.0.0.195 "GET /v2.0/security-groups?tenant_id=b47c0cda984846c6849558a42538b159&name=default HTTP/1.1" status: 200 len: 3000 time: 0.3253438
2026-07-24 18:45:14.180 9 INFO neutron.wsgi [req-10bdeb7f-61da-4af2-9016-b0132cd1d611 req-8bfd4e42-ea7a-4d81-a17c-b365f0e51343 de74f2d4048c4ef78082d00e49736666 e2f20cd3df98453099bf504f9832b7c6 - - 6674caebc00f4e4b9a9fcb8cf9107f20 6674caebc00f4e4b9a9fcb8cf9107f20] 199.19.213.152 "GET /v2.0/floatingips?fixed_ip_address=fd77%3A1457%3A4cf0%3A26a8%3A%3A1b5&port_id=1a541ff7-056c-4b37-8a32-4db83677ab25 HTTP/1.1" status: 200 len: 217 time: 0.0406649
2026-07-24 18:45:14.187 9 INFO neutron.wsgi [req-aabb4059-305d-4091-be4b-7e4778b37c3e req-e0c9027f-1684-4f4f-a7a9-0a2fc8827b54 de74f2d4048c4ef78082d00e49736666 e2f20cd3df98453099bf504f9832b7c6 - - 6674caebc00f4e4b9a9fcb8cf9107f20 6674caebc00f4e4b9a9fcb8cf9107f20] 199.19.213.152 "GET /v2.0/ports?tenant_id=5f83ee4d92864e89b29c2fb4f0554007&device_id=7f490045-6b42-4a85-a27c-2b368658b6fd HTTP/1.1" status: 200 len: 1586 time: 0.0728326
2026-07-24 18:45:14.246 10 INFO neutron.notifiers.nova [-] Nova event matching ['req-24ff7cac-880d-464c-98c5-11e2042f023c'] response: {'server_uuid': '901b00ed-d368-4618-9fe2-db8e4c6b324e', 'name': 'network-vif-plugged', 'status': 'completed', 'tag': '1a541ff7-056c-4b37-8a32-4db83677ab25', 'code': 200}
2026-07-24 18:45:14.250 9 INFO neutron.wsgi [req-10bdeb7f-61da-4af2-9016-b0132cd1d611 req-9c038aa6-ce6a-4997-9479-0cb75d5b8ba0 de74f2d4048c4ef78082d00e49736666 e2f20cd3df98453099bf504f9832b7c6 - - 6674caebc00f4e4b9a9fcb8cf9107f20 6674caebc00f4e4b9a9fcb8cf9107f20] 199.19.213.152 "GET /v2.0/subnets?id=2d131ddd-aee2-4130-8c0e-adc5056ca29e&id=5e1ce358-17ba-47bc-953a-d7bddbb1dcbe HTTP/1.1" status: 200 len: 1566 time: 0.0575006
2026-07-24 18:45:14.296 9 INFO neutron.wsgi [req-10bdeb7f-61da-4af2-9016-b0132cd1d611 req-0e7c1c6c-f736-47c7-9ac4-51c80d20da00 de74f2d4048c4ef78082d00e49736666 e2f20cd3df98453099bf504f9832b7c6 - - 6674caebc00f4e4b9a9fcb8cf9107f20 6674caebc00f4e4b9a9fcb8cf9107f20] 199.19.213.152 "GET /v2.0/ports?network_id=09f81d0f-9733-4e5e-933e-d351e9d3ccc5&device_owner=network%3Adhcp HTTP/1.1" status: 200 len: 210 time: 0.0383158
2026-07-24 18:45:14.320 9 INFO neutron.wsgi [req-aabb4059-305d-4091-be4b-7e4778b37c3e req-e775ff5d-2d00-4578-a6dc-a9fcb444a3a7 de74f2d4048c4ef78082d00e49736666 e2f20cd3df98453099bf504f9832b7c6 - - 6674caebc00f4e4b9a9fcb8cf9107f20 6674caebc00f4e4b9a9fcb8cf9107f20] 199.19.213.152 "GET /v2.0/networks?id=34669529-8306-49e9-b7c2-93a4a637503e HTTP/1.1" status: 200 len: 1003 time: 0.0991430
2026-07-24 18:45:14.335 9 INFO neutron.wsgi [req-10bdeb7f-61da-4af2-9016-b0132cd1d611 req-a778046a-884a-4659-92ed-0b036e2d469a de74f2d4048c4ef78082d00e49736666 e2f20cd3df98453099bf504f9832b7c6 - - 6674caebc00f4e4b9a9fcb8cf9107f20 6674caebc00f4e4b9a9fcb8cf9107f20] 199.19.213.152 "GET /v2.0/ports?network_id=09f81d0f-9733-4e5e-933e-d351e9d3ccc5&device_owner=network%3Adhcp HTTP/1.1" status: 200 len: 210 time: 0.0298738
2026-07-24 18:45:14.408 9 INFO neutron.wsgi [req-aabb4059-305d-4091-be4b-7e4778b37c3e req-3ca80af0-7b0e-4f00-8f8e-d38efd1ee244 de74f2d4048c4ef78082d00e49736666 e2f20cd3df98453099bf504f9832b7c6 - - 6674caebc00f4e4b9a9fcb8cf9107f20 6674caebc00f4e4b9a9fcb8cf9107f20] 199.19.213.152 "GET /v2.0/floatingips?fixed_ip_address=10.2.1.69&port_id=a74b6fc9-c302-4311-8846-d9cc3755224a HTTP/1.1" status: 200 len: 1058 time: 0.0763748
2026-07-24 18:45:14.441 10 INFO neutron.db.ovn_revision_numbers_db [None req-7df97af8-123e-4e21-8433-8871f533c43c - - - - - -] Successfully bumped revision number for resource 1a541ff7-056c-4b37-8a32-4db83677ab25 (type: ports) to 4
2026-07-24 18:45:14.448 9 INFO neutron.wsgi [req-aabb4059-305d-4091-be4b-7e4778b37c3e req-24c16256-27c0-46fc-9d31-d439111f7acf de74f2d4048c4ef78082d00e49736666 e2f20cd3df98453099bf504f9832b7c6 - - 6674caebc00f4e4b9a9fcb8cf9107f20 6674caebc00f4e4b9a9fcb8cf9107f20] 199.19.213.152 "GET /v2.0/floatingips?fixed_ip_address=fd7b%3Af9f7%3Afff%3A4eca%3A%3A250&port_id=a74b6fc9-c302-4311-8846-d9cc3755224a HTTP/1.1" status: 200 len: 217 time: 0.0251298
2026-07-24 18:45:14.452 9 INFO neutron.wsgi [req-10bdeb7f-61da-4af2-9016-b0132cd1d611 req-4fdee686-9ce5-4631-ad24-e4cf225d658c de74f2d4048c4ef78082d00e49736666 e2f20cd3df98453099bf504f9832b7c6 - - 6674caebc00f4e4b9a9fcb8cf9107f20 6674caebc00f4e4b9a9fcb8cf9107f20] 199.19.213.152 "GET /v2.0/networks/09f81d0f-9733-4e5e-933e-d351e9d3ccc5?fields=segments HTTP/1.1" status: 200 len: 212 time: 0.1078322
2026-07-24 18:45:14.506 9 INFO neutron.wsgi [req-aabb4059-305d-4091-be4b-7e4778b37c3e req-23c14b10-b5b3-4b06-b779-fe7d22187c1b de74f2d4048c4ef78082d00e49736666 e2f20cd3df98453099bf504f9832b7c6 - - 6674caebc00f4e4b9a9fcb8cf9107f20 6674caebc00f4e4b9a9fcb8cf9107f20] 199.19.213.152 "GET /v2.0/subnets?id=8fc3fed2-6dc3-4084-95b3-26e1bca09abf&id=c88d0a2d-6a64-4f36-bc48-42614b54034c HTTP/1.1" status: 200 len: 1561 time: 0.0466228
2026-07-24 18:45:14.510 10 INFO neutron.wsgi [None req-620f43bc-61f8-42e0-968a-92ae6935f62b af6cf6b7229b4c9eace48dd4220164e4 8498dd98b53f466e81ae586547e94771 - - - -] 10.0.0.195 "DELETE /v2.0/security-groups/b87c9141-508f-4888-9cf7-5538483f2dcb HTTP/1.1" status: 204 len: 168 time: 0.3372798
2026-07-24 18:45:14.541 9 INFO neutron.wsgi [req-aabb4059-305d-4091-be4b-7e4778b37c3e req-9491bd3d-d597-40a5-ab2e-f2c7a078523b de74f2d4048c4ef78082d00e49736666 e2f20cd3df98453099bf504f9832b7c6 - - 6674caebc00f4e4b9a9fcb8cf9107f20 6674caebc00f4e4b9a9fcb8cf9107f20] 199.19.213.152 "GET /v2.0/ports?network_id=34669529-8306-49e9-b7c2-93a4a637503e&device_owner=network%3Adhcp HTTP/1.1" status: 200 len: 210 time: 0.0248365
2026-07-24 18:45:14.547 9 INFO neutron.wsgi [req-10bdeb7f-61da-4af2-9016-b0132cd1d611 req-ac1abb69-9889-463e-8607-1d043c9d6021 de74f2d4048c4ef78082d00e49736666 e2f20cd3df98453099bf504f9832b7c6 - - 6674caebc00f4e4b9a9fcb8cf9107f20 6674caebc00f4e4b9a9fcb8cf9107f20] 199.19.213.152 "GET /v2.0/networks/09f81d0f-9733-4e5e-933e-d351e9d3ccc5?fields=provider%3Aphysical_network&fields=provider%3Anetwork_type HTTP/1.1" status: 200 len: 277 time: 0.0867078
2026-07-24 18:45:14.575 9 INFO neutron.wsgi [req-aabb4059-305d-4091-be4b-7e4778b37c3e req-8a89fac5-2509-42ed-926d-6ddac949d673 de74f2d4048c4ef78082d00e49736666 e2f20cd3df98453099bf504f9832b7c6 - - 6674caebc00f4e4b9a9fcb8cf9107f20 6674caebc00f4e4b9a9fcb8cf9107f20] 199.19.213.152 "GET /v2.0/ports?network_id=34669529-8306-49e9-b7c2-93a4a637503e&device_owner=network%3Adhcp HTTP/1.1" status: 200 len: 210 time: 0.0224502
2026-07-24 18:45:14.648 9 INFO neutron.wsgi [req-aabb4059-305d-4091-be4b-7e4778b37c3e req-e0a3f400-62c9-43b2-bdf7-51e0d740ad5a de74f2d4048c4ef78082d00e49736666 e2f20cd3df98453099bf504f9832b7c6 - - 6674caebc00f4e4b9a9fcb8cf9107f20 6674caebc00f4e4b9a9fcb8cf9107f20] 199.19.213.152 "GET /v2.0/networks/34669529-8306-49e9-b7c2-93a4a637503e?fields=segments HTTP/1.1" status: 200 len: 212 time: 0.0649264
2026-07-24 18:45:14.729 9 INFO neutron.wsgi [req-aabb4059-305d-4091-be4b-7e4778b37c3e req-16628d43-dc86-4282-afff-b2d5152a71a5 de74f2d4048c4ef78082d00e49736666 e2f20cd3df98453099bf504f9832b7c6 - - 6674caebc00f4e4b9a9fcb8cf9107f20 6674caebc00f4e4b9a9fcb8cf9107f20] 199.19.213.152 "GET /v2.0/networks/34669529-8306-49e9-b7c2-93a4a637503e?fields=provider%3Aphysical_network&fields=provider%3Anetwork_type HTTP/1.1" status: 200 len: 277 time: 0.0734990 /var/lib/openstack/lib/python3.10/site-packages/pycadf/identifier.py:71: UserWarning: Invalid uuid: neutron. To ensure interoperability, identifiers should be a valid uuid. warnings.warn(('Invalid uuid: %s. To ensure interoperability, '
2026-07-24 18:45:15.799 10 INFO neutron.wsgi [req-84309668-0ce3-4af5-b691-1565121ff397 req-266442b5-76f6-4bc1-b382-ba55ca315980 652ca3bda8bb484088747c253d53aa67 5f83ee4d92864e89b29c2fb4f0554007 - - default default] 10.0.0.3 "GET /v2.0/ports?device_id=901b00ed-d368-4618-9fe2-db8e4c6b324e HTTP/1.1" status: 200 len: 1404 time: 0.1190538
2026-07-24 18:45:15.847 10 INFO neutron.wsgi [req-84309668-0ce3-4af5-b691-1565121ff397 req-4aab5c3b-38cd-45ca-90f6-cb24d91dd664 652ca3bda8bb484088747c253d53aa67 5f83ee4d92864e89b29c2fb4f0554007 - - default default] 10.0.0.3 "GET /v2.0/security-groups?id=fc5939d7-5c21-4096-a5f7-5da9be368231&fields=id&fields=name HTTP/1.1" status: 200 len: 310 time: 0.0433486
2026-07-24 18:45:15.924 10 INFO neutron.wsgi [None req-c001c5a3-75cd-48cf-814e-a246630c444f 652ca3bda8bb484088747c253d53aa67 5f83ee4d92864e89b29c2fb4f0554007 - - default default] 10.0.0.195 "GET /v2.0/ports?network_id=09f81d0f-9733-4e5e-933e-d351e9d3ccc5&mac_address=fa%3A16%3A3e%3A08%3Aac%3A84 HTTP/1.1" status: 200 len: 1399 time: 0.0440829
2026-07-24 18:45:16.213 10 WARNING neutron.scheduler.dhcp_agent_scheduler [None req-efe405b7-d05c-4d84-9cd9-b75551463006 652ca3bda8bb484088747c253d53aa67 5f83ee4d92864e89b29c2fb4f0554007 - - - -] No more DHCP agents
2026-07-24 18:45:16.222 10 WARNING neutron.api.rpc.agentnotifiers.dhcp_rpc_agent_api [None req-efe405b7-d05c-4d84-9cd9-b75551463006 652ca3bda8bb484088747c253d53aa67 5f83ee4d92864e89b29c2fb4f0554007 - - - -] Unable to schedule network 9edd62f8-6081-4780-bbb7-f7b6619461a6: no agents available; will retry on subsequent port and subnet creation events.
2026-07-24 18:45:16.287 10 INFO neutron.notifiers.nova [-] Nova event matching ['req-f57f8e3c-396e-4f3c-9c30-1c9fd98b1fbd'] response: {'server_uuid': '901b00ed-d368-4618-9fe2-db8e4c6b324e', 'name': 'network-vif-plugged', 'status': 'completed', 'tag': '1a541ff7-056c-4b37-8a32-4db83677ab25', 'code': 200}
2026-07-24 18:45:16.732 10 INFO neutron.db.l3_db [None req-efe405b7-d05c-4d84-9cd9-b75551463006 652ca3bda8bb484088747c253d53aa67 5f83ee4d92864e89b29c2fb4f0554007 - - - -] Floating IP ba2ddbc8-c880-4dc2-8f41-7747e1de98d4 associated. External IP: 10.96.250.219, port: 1a541ff7-056c-4b37-8a32-4db83677ab25.
2026-07-24 18:45:16.987 10 INFO neutron.db.ovn_revision_numbers_db [None req-efe405b7-d05c-4d84-9cd9-b75551463006 652ca3bda8bb484088747c253d53aa67 5f83ee4d92864e89b29c2fb4f0554007 - - - -] Successfully bumped revision number for resource ba2ddbc8-c880-4dc2-8f41-7747e1de98d4 (type: floatingips) to 0
2026-07-24 18:45:17.083 10 INFO neutron.db.ovn_revision_numbers_db [None req-efe405b7-d05c-4d84-9cd9-b75551463006 652ca3bda8bb484088747c253d53aa67 5f83ee4d92864e89b29c2fb4f0554007 - - - -] Successfully bumped revision number for resource ba2ddbc8-c880-4dc2-8f41-7747e1de98d4 (type: floatingips) to 1
2026-07-24 18:45:17.122 10 INFO neutron.wsgi [None req-efe405b7-d05c-4d84-9cd9-b75551463006 652ca3bda8bb484088747c253d53aa67 5f83ee4d92864e89b29c2fb4f0554007 - - - -] 10.0.0.195 "POST /v2.0/floatingips HTTP/1.1" status: 201 len: 1054 time: 1.1901269
2026-07-24 18:45:18.328 10 INFO neutron.notifiers.nova [-] Nova event matching ['req-6acc274f-51d6-4bca-b2b3-a5fd3506eea3'] response: {'name': 'network-changed', 'server_uuid': '901b00ed-d368-4618-9fe2-db8e4c6b324e', 'tag': '1a541ff7-056c-4b37-8a32-4db83677ab25', 'status': 'completed', 'code': 200} /var/lib/openstack/lib/python3.10/site-packages/pycadf/identifier.py:71: UserWarning: Invalid uuid: neutron. To ensure interoperability, identifiers should be a valid uuid. warnings.warn(('Invalid uuid: %s. To ensure interoperability, '
2026-07-24 18:45:18.398 9 INFO neutron.wsgi [req-e0a78bdd-f049-4d3a-a689-0183618374fe req-cdf87422-4864-43cc-9f32-5184a7fd5014 de74f2d4048c4ef78082d00e49736666 e2f20cd3df98453099bf504f9832b7c6 - - 6674caebc00f4e4b9a9fcb8cf9107f20 6674caebc00f4e4b9a9fcb8cf9107f20] 199.19.213.152 "GET /v2.0/ports?tenant_id=5f83ee4d92864e89b29c2fb4f0554007&device_id=901b00ed-d368-4618-9fe2-db8e4c6b324e HTTP/1.1" status: 200 len: 1594 time: 0.0404210
2026-07-24 18:45:18.502 9 INFO neutron.wsgi [req-e0a78bdd-f049-4d3a-a689-0183618374fe req-4d1e2431-3669-412f-9321-2b026ace6bf2 de74f2d4048c4ef78082d00e49736666 e2f20cd3df98453099bf504f9832b7c6 - - 6674caebc00f4e4b9a9fcb8cf9107f20 6674caebc00f4e4b9a9fcb8cf9107f20] 199.19.213.152 "GET /v2.0/networks?id=09f81d0f-9733-4e5e-933e-d351e9d3ccc5 HTTP/1.1" status: 200 len: 1001 time: 0.0937238
2026-07-24 18:45:18.570 9 INFO neutron.wsgi [req-e0a78bdd-f049-4d3a-a689-0183618374fe req-69c628a7-9a37-4c38-ada1-aa72b9621438 de74f2d4048c4ef78082d00e49736666 e2f20cd3df98453099bf504f9832b7c6 - - 6674caebc00f4e4b9a9fcb8cf9107f20 6674caebc00f4e4b9a9fcb8cf9107f20] 199.19.213.152 "GET /v2.0/floatingips?fixed_ip_address=10.2.2.223&port_id=1a541ff7-056c-4b37-8a32-4db83677ab25 HTTP/1.1" status: 200 len: 1059 time: 0.0596819
