2026-07-24 18:41:10.385 9 INFO neutron.wsgi [req-f34050fa-32b0-436c-9c77-6feda92218e2 req-2786aa88-fda4-4810-a9ab-a05b2d5e0862 de74f2d4048c4ef78082d00e49736666 e2f20cd3df98453099bf504f9832b7c6 - - 6674caebc00f4e4b9a9fcb8cf9107f20 6674caebc00f4e4b9a9fcb8cf9107f20] 199.19.213.152 "GET /v2.0/floatingips?fixed_ip_address=10.100.0.9&port_id=4eacf3ad-3c97-4532-8e38-d4eddb68e938 HTTP/1.1" status: 200 len: 217 time: 0.0381181
2026-07-24 18:41:10.431 9 INFO neutron.wsgi [req-f34050fa-32b0-436c-9c77-6feda92218e2 req-ad3f2b28-3bb8-4f33-9b0f-e9cd919df965 de74f2d4048c4ef78082d00e49736666 e2f20cd3df98453099bf504f9832b7c6 - - 6674caebc00f4e4b9a9fcb8cf9107f20 6674caebc00f4e4b9a9fcb8cf9107f20] 199.19.213.152 "GET /v2.0/subnets?id=161efb0a-a774-4736-a98a-7014df577932 HTTP/1.1" status: 200 len: 868 time: 0.0396101
2026-07-24 18:41:10.473 9 INFO neutron.wsgi [req-f34050fa-32b0-436c-9c77-6feda92218e2 req-27660e55-901e-415f-8fef-39963af9ea84 de74f2d4048c4ef78082d00e49736666 e2f20cd3df98453099bf504f9832b7c6 - - 6674caebc00f4e4b9a9fcb8cf9107f20 6674caebc00f4e4b9a9fcb8cf9107f20] 199.19.213.152 "GET /v2.0/ports?network_id=ee794dbf-bfe6-4087-870f-a49107e147c8&device_owner=network%3Adhcp HTTP/1.1" status: 200 len: 210 time: 0.0269759
2026-07-24 18:41:10.543 9 INFO neutron.wsgi [req-f34050fa-32b0-436c-9c77-6feda92218e2 req-d665d362-6dae-4193-b0db-de44641aedc0 de74f2d4048c4ef78082d00e49736666 e2f20cd3df98453099bf504f9832b7c6 - - 6674caebc00f4e4b9a9fcb8cf9107f20 6674caebc00f4e4b9a9fcb8cf9107f20] 199.19.213.152 "GET /v2.0/networks/ee794dbf-bfe6-4087-870f-a49107e147c8?fields=segments HTTP/1.1" status: 200 len: 212 time: 0.0644672
2026-07-24 18:41:10.620 9 INFO neutron.wsgi [req-f34050fa-32b0-436c-9c77-6feda92218e2 req-a5b718f2-9e47-45c9-8d67-267c61249cdb de74f2d4048c4ef78082d00e49736666 e2f20cd3df98453099bf504f9832b7c6 - - 6674caebc00f4e4b9a9fcb8cf9107f20 6674caebc00f4e4b9a9fcb8cf9107f20] 199.19.213.152 "GET /v2.0/networks/ee794dbf-bfe6-4087-870f-a49107e147c8?fields=provider%3Aphysical_network&fields=provider%3Anetwork_type HTTP/1.1" status: 200 len: 277 time: 0.0626042
2026-07-24 18:41:10.850 9 INFO neutron.plugins.ml2.drivers.ovn.mech_driver.mech_driver [None req-446a6c98-7e52-4e02-ad18-1bd5f30e1b9e - - - - - -] OVN reports status up for port: 4eacf3ad-3c97-4532-8e38-d4eddb68e938
2026-07-24 18:41:10.868 9 INFO neutron.plugins.ml2.plugin [None req-446a6c98-7e52-4e02-ad18-1bd5f30e1b9e - - - - - -] Attempt 1 to provision port 4eacf3ad-3c97-4532-8e38-d4eddb68e938
2026-07-24 18:41:11.092 10 INFO neutron.notifiers.nova [-] Nova event matching ['req-99e5dcc3-e838-4d29-9ca9-c71d80dcd725'] response: {'server_uuid': 'b793e446-ce12-4b63-937c-25862543f84a', 'name': 'network-vif-plugged', 'status': 'completed', 'tag': '1240bb52-a9f1-4395-975f-1b158d44e012', 'code': 200}
2026-07-24 18:41:11.095 10 INFO neutron.notifiers.nova [-] Nova event matching ['req-99e5dcc3-e838-4d29-9ca9-c71d80dcd725'] response: {'server_uuid': 'b793e446-ce12-4b63-937c-25862543f84a', 'name': 'network-vif-plugged', 'status': 'completed', 'tag': '1240bb52-a9f1-4395-975f-1b158d44e012', 'code': 200}
2026-07-24 18:41:11.095 10 INFO neutron.notifiers.nova [-] Nova event matching ['req-99e5dcc3-e838-4d29-9ca9-c71d80dcd725'] response: {'server_uuid': 'b793e446-ce12-4b63-937c-25862543f84a', 'name': 'network-vif-plugged', 'status': 'completed', 'tag': '1240bb52-a9f1-4395-975f-1b158d44e012', 'code': 200}
2026-07-24 18:41:11.096 10 INFO neutron.notifiers.nova [-] Nova event matching ['req-99e5dcc3-e838-4d29-9ca9-c71d80dcd725'] response: {'server_uuid': 'b793e446-ce12-4b63-937c-25862543f84a', 'name': 'network-vif-unplugged', 'status': 'completed', 'tag': '1240bb52-a9f1-4395-975f-1b158d44e012', 'code': 200}
2026-07-24 18:41:11.096 10 INFO neutron.notifiers.nova [-] Nova event matching ['req-99e5dcc3-e838-4d29-9ca9-c71d80dcd725'] response: {'server_uuid': 'b793e446-ce12-4b63-937c-25862543f84a', 'name': 'network-vif-plugged', 'status': 'completed', 'tag': '1240bb52-a9f1-4395-975f-1b158d44e012', 'code': 200}
2026-07-24 18:41:11.196 9 INFO neutron.db.ovn_revision_numbers_db [None req-446a6c98-7e52-4e02-ad18-1bd5f30e1b9e - - - - - -] Successfully bumped revision number for resource 4eacf3ad-3c97-4532-8e38-d4eddb68e938 (type: ports) to 4 /var/lib/openstack/lib/python3.10/site-packages/pycadf/identifier.py:71: UserWarning: Invalid uuid: neutron. To ensure interoperability, identifiers should be a valid uuid. warnings.warn(('Invalid uuid: %s. To ensure interoperability, '
2026-07-24 18:41:11.320 10 INFO neutron.wsgi [req-573ad1ea-303e-48f5-bc5a-03c716f6f4b6 req-9961aca7-a7c7-4aa6-94a3-130f5b9182bb 876eaad00882460db3ea98d9e5df357d 393659d14ae1459a9a94059651c426c8 - - default default] 10.0.0.3 "GET /v2.0/ports?device_id=bb866ffb-0f54-4562-b4c5-04f5affe2cd8 HTTP/1.1" status: 200 len: 1170 time: 0.1379762
2026-07-24 18:41:11.372 10 INFO neutron.wsgi [req-573ad1ea-303e-48f5-bc5a-03c716f6f4b6 req-b9a1aa64-d1b9-40a4-a957-273453f7472a 876eaad00882460db3ea98d9e5df357d 393659d14ae1459a9a94059651c426c8 - - default default] 10.0.0.3 "GET /v2.0/security-groups?id=98a92935-db04-4785-b156-835448be6c11&fields=id&fields=name HTTP/1.1" status: 200 len: 312 time: 0.0392907
2026-07-24 18:41:11.476 9 INFO neutron.wsgi [None req-8b02db29-622e-418c-b0d9-dcb106b7bf4b fe20d2c800aa406dafa789a51a3e897f bf9aef7524834cf98928967a9ddeac3b - - - -] 10.0.0.195 "DELETE /v2.0/security-groups/272b809d-f6da-4a71-baf4-3f303412ff3f HTTP/1.1" status: 204 len: 168 time: 0.1752198
2026-07-24 18:41:11.495 9 INFO neutron.api.v2.resource [None req-6976f3c7-0dab-4488-9bef-adb01732f384 fe20d2c800aa406dafa789a51a3e897f bf9aef7524834cf98928967a9ddeac3b - - default default] show failed (client error): The resource could not be found.
2026-07-24 18:41:11.496 9 INFO neutron.wsgi [None req-6976f3c7-0dab-4488-9bef-adb01732f384 fe20d2c800aa406dafa789a51a3e897f bf9aef7524834cf98928967a9ddeac3b - - default default] 10.0.0.195 "GET /v2.0/security-groups/272b809d-f6da-4a71-baf4-3f303412ff3f HTTP/1.1" status: 404 len: 347 time: 0.0145841
2026-07-24 18:41:11.949 9 INFO neutron.wsgi [None req-d95424ff-7186-4401-93db-4317a9e509c4 fe20d2c800aa406dafa789a51a3e897f bf9aef7524834cf98928967a9ddeac3b - - - -] 10.0.0.195 "DELETE /v2.0/floatingips/fb39b4cd-d737-43b1-a474-5448c5155a0a HTTP/1.1" status: 204 len: 168 time: 0.4464426
2026-07-24 18:41:12.226 10 INFO neutron.db.ovn_revision_numbers_db [None req-7de42d09-fe99-4d6f-b956-6b1b79dbb6b4 c1e45152b54f488ea47063c28224d498 53d62699c3f246d895b142a6a784044d - - - -] Successfully bumped revision number for resource bb45b80b-8e8b-48f3-b8cd-988049057891 (type: security_groups) to 1
2026-07-24 18:41:12.279 10 INFO neutron.db.segments_db [None req-7de42d09-fe99-4d6f-b956-6b1b79dbb6b4 c1e45152b54f488ea47063c28224d498 53d62699c3f246d895b142a6a784044d - - - -] Added segment 7495b60d-277e-4c13-b17d-7a570a67790d of type geneve for network 1eb1d935-7f43-4cb0-a1c5-7e4aaf71f48d
2026-07-24 18:41:12.354 9 INFO neutron.notifiers.nova [-] Nova event matching ['req-09cf18d5-0267-4810-a3ef-c3389dbcbdfb'] response: {'name': 'network-changed', 'server_uuid': 'bb866ffb-0f54-4562-b4c5-04f5affe2cd8', 'tag': '4eacf3ad-3c97-4532-8e38-d4eddb68e938', 'status': 'completed', 'code': 200}
2026-07-24 18:41:12.354 9 INFO neutron.notifiers.nova [-] Nova event matching ['req-09cf18d5-0267-4810-a3ef-c3389dbcbdfb'] response: {'server_uuid': 'bb866ffb-0f54-4562-b4c5-04f5affe2cd8', 'name': 'network-vif-plugged', 'status': 'completed', 'tag': '4eacf3ad-3c97-4532-8e38-d4eddb68e938', 'code': 200}
2026-07-24 18:41:12.354 9 INFO neutron.notifiers.nova [-] Nova event matching ['req-09cf18d5-0267-4810-a3ef-c3389dbcbdfb'] response: {'server_uuid': 'bb866ffb-0f54-4562-b4c5-04f5affe2cd8', 'name': 'network-vif-plugged', 'status': 'completed', 'tag': '4eacf3ad-3c97-4532-8e38-d4eddb68e938', 'code': 200}
2026-07-24 18:41:12.427 10 INFO neutron.db.ovn_revision_numbers_db [None req-7de42d09-fe99-4d6f-b956-6b1b79dbb6b4 c1e45152b54f488ea47063c28224d498 53d62699c3f246d895b142a6a784044d - - - -] Successfully bumped revision number for resource 1eb1d935-7f43-4cb0-a1c5-7e4aaf71f48d (type: networks) to 1
2026-07-24 18:41:12.439 9 INFO neutron.wsgi [req-2bcbb063-6d3c-4e02-8f1d-e00e5fc09726 req-2b8c1974-f2f6-4015-a7e9-626ccda6b17e de74f2d4048c4ef78082d00e49736666 e2f20cd3df98453099bf504f9832b7c6 - - 6674caebc00f4e4b9a9fcb8cf9107f20 6674caebc00f4e4b9a9fcb8cf9107f20] 199.19.213.152 "GET /v2.0/ports?tenant_id=393659d14ae1459a9a94059651c426c8&device_id=bb866ffb-0f54-4562-b4c5-04f5affe2cd8 HTTP/1.1" status: 200 len: 1361 time: 0.0633457
2026-07-24 18:41:12.487 10 INFO neutron.wsgi [req-d4645776-287d-4ec6-bcd1-cd06b7ffdb24 req-7660d391-7e21-4a49-a0af-3319c49022dc 876eaad00882460db3ea98d9e5df357d 393659d14ae1459a9a94059651c426c8 - - default default] 10.0.0.3 "GET /v2.0/ports?device_id=bb866ffb-0f54-4562-b4c5-04f5affe2cd8 HTTP/1.1" status: 200 len: 1170 time: 0.0439255
2026-07-24 18:41:12.539 9 INFO neutron.wsgi [req-2bcbb063-6d3c-4e02-8f1d-e00e5fc09726 req-7342701a-5b00-4295-a999-1c26607fd5af de74f2d4048c4ef78082d00e49736666 e2f20cd3df98453099bf504f9832b7c6 - - 6674caebc00f4e4b9a9fcb8cf9107f20 6674caebc00f4e4b9a9fcb8cf9107f20] 199.19.213.152 "GET /v2.0/networks?id=ee794dbf-bfe6-4087-870f-a49107e147c8 HTTP/1.1" status: 200 len: 973 time: 0.0924633
2026-07-24 18:41:12.563 10 INFO neutron.wsgi [req-d4645776-287d-4ec6-bcd1-cd06b7ffdb24 req-b987655d-7132-45e7-8bf7-2618f600687e 876eaad00882460db3ea98d9e5df357d 393659d14ae1459a9a94059651c426c8 - - default default] 10.0.0.3 "GET /v2.0/security-groups?id=98a92935-db04-4785-b156-835448be6c11&fields=id&fields=name HTTP/1.1" status: 200 len: 312 time: 0.0686157
2026-07-24 18:41:12.578 9 INFO neutron.wsgi [req-2bcbb063-6d3c-4e02-8f1d-e00e5fc09726 req-e2312717-e3a2-404b-a6be-5eef15a0a08e de74f2d4048c4ef78082d00e49736666 e2f20cd3df98453099bf504f9832b7c6 - - 6674caebc00f4e4b9a9fcb8cf9107f20 6674caebc00f4e4b9a9fcb8cf9107f20] 199.19.213.152 "GET /v2.0/floatingips?fixed_ip_address=10.100.0.9&port_id=4eacf3ad-3c97-4532-8e38-d4eddb68e938 HTTP/1.1" status: 200 len: 217 time: 0.0285161
2026-07-24 18:41:12.659 9 INFO neutron.wsgi [req-2bcbb063-6d3c-4e02-8f1d-e00e5fc09726 req-8f19a68b-0891-4d5c-a66c-c783cf77f6e2 de74f2d4048c4ef78082d00e49736666 e2f20cd3df98453099bf504f9832b7c6 - - 6674caebc00f4e4b9a9fcb8cf9107f20 6674caebc00f4e4b9a9fcb8cf9107f20] 199.19.213.152 "GET /v2.0/subnets?id=161efb0a-a774-4736-a98a-7014df577932 HTTP/1.1" status: 200 len: 868 time: 0.0665121
2026-07-24 18:41:12.693 10 WARNING neutron.scheduler.dhcp_agent_scheduler [None req-7de42d09-fe99-4d6f-b956-6b1b79dbb6b4 c1e45152b54f488ea47063c28224d498 53d62699c3f246d895b142a6a784044d - - - -] No more DHCP agents
2026-07-24 18:41:12.697 10 WARNING neutron.api.rpc.agentnotifiers.dhcp_rpc_agent_api [None req-7de42d09-fe99-4d6f-b956-6b1b79dbb6b4 c1e45152b54f488ea47063c28224d498 53d62699c3f246d895b142a6a784044d - - - -] Unable to schedule network 1eb1d935-7f43-4cb0-a1c5-7e4aaf71f48d: no agents available; will retry on subsequent port and subnet creation events.
2026-07-24 18:41:12.703 9 INFO neutron.wsgi [req-2bcbb063-6d3c-4e02-8f1d-e00e5fc09726 req-b3f0daf1-3106-4c27-88b3-176ba94fc2c7 de74f2d4048c4ef78082d00e49736666 e2f20cd3df98453099bf504f9832b7c6 - - 6674caebc00f4e4b9a9fcb8cf9107f20 6674caebc00f4e4b9a9fcb8cf9107f20] 199.19.213.152 "GET /v2.0/ports?network_id=ee794dbf-bfe6-4087-870f-a49107e147c8&device_owner=network%3Adhcp HTTP/1.1" status: 200 len: 210 time: 0.0351260
2026-07-24 18:41:12.773 10 INFO neutron.db.ovn_revision_numbers_db [None req-7de42d09-fe99-4d6f-b956-6b1b79dbb6b4 c1e45152b54f488ea47063c28224d498 53d62699c3f246d895b142a6a784044d - - - -] Successfully bumped revision number for resource 4b8481ca-98df-44d2-8ff7-278308c7355b (type: ports) to 1
2026-07-24 18:41:12.792 9 INFO neutron.wsgi [req-2bcbb063-6d3c-4e02-8f1d-e00e5fc09726 req-2cffbcdb-102a-4579-9b96-5c1751d4d231 de74f2d4048c4ef78082d00e49736666 e2f20cd3df98453099bf504f9832b7c6 - - 6674caebc00f4e4b9a9fcb8cf9107f20 6674caebc00f4e4b9a9fcb8cf9107f20] 199.19.213.152 "GET /v2.0/networks/ee794dbf-bfe6-4087-870f-a49107e147c8?fields=segments HTTP/1.1" status: 200 len: 212 time: 0.0824640
2026-07-24 18:41:12.797 10 INFO neutron.wsgi [None req-7de42d09-fe99-4d6f-b956-6b1b79dbb6b4 c1e45152b54f488ea47063c28224d498 53d62699c3f246d895b142a6a784044d - - - -] 10.0.0.195 "POST /v2.0/networks HTTP/1.1" status: 201 len: 844 time: 0.8833439
2026-07-24 18:41:13.103 10 WARNING neutron.scheduler.dhcp_agent_scheduler [None req-b263118d-a151-4b87-8b4b-886fb40791dc c1e45152b54f488ea47063c28224d498 53d62699c3f246d895b142a6a784044d - - - -] No more DHCP agents
2026-07-24 18:41:13.108 10 WARNING neutron.api.rpc.agentnotifiers.dhcp_rpc_agent_api [None req-b263118d-a151-4b87-8b4b-886fb40791dc c1e45152b54f488ea47063c28224d498 53d62699c3f246d895b142a6a784044d - - - -] Unable to schedule network 1eb1d935-7f43-4cb0-a1c5-7e4aaf71f48d: no agents available; will retry on subsequent port and subnet creation events.
2026-07-24 18:41:13.183 10 INFO neutron.db.ovn_revision_numbers_db [None req-b263118d-a151-4b87-8b4b-886fb40791dc c1e45152b54f488ea47063c28224d498 53d62699c3f246d895b142a6a784044d - - - -] Successfully bumped revision number for resource de72fed9-15d5-4faf-9777-c31a63e329a6 (type: ports) to 1
2026-07-24 18:41:13.207 10 INFO neutron.wsgi [None req-b263118d-a151-4b87-8b4b-886fb40791dc c1e45152b54f488ea47063c28224d498 53d62699c3f246d895b142a6a784044d - - - -] 10.0.0.195 "POST /v2.0/ports HTTP/1.1" status: 201 len: 974 time: 0.4040289 /var/lib/openstack/lib/python3.10/site-packages/pycadf/identifier.py:71: UserWarning: Invalid uuid: neutron. To ensure interoperability, identifiers should be a valid uuid. warnings.warn(('Invalid uuid: %s. To ensure interoperability, '
2026-07-24 18:41:13.330 10 INFO neutron.db.segments_db [None req-e7be5051-e85a-49f3-a235-d675a9f4be07 c1e45152b54f488ea47063c28224d498 53d62699c3f246d895b142a6a784044d - - - -] Added segment e114e995-b08e-40fc-a78a-7a73c45719c9 of type geneve for network 7488e651-dfd6-4744-9a9d-a02090731ec4
2026-07-24 18:41:13.344 9 INFO neutron.wsgi [req-2bcbb063-6d3c-4e02-8f1d-e00e5fc09726 req-7dfcd0b9-ac71-44ce-9d29-120edffac856 de74f2d4048c4ef78082d00e49736666 e2f20cd3df98453099bf504f9832b7c6 - - 6674caebc00f4e4b9a9fcb8cf9107f20 6674caebc00f4e4b9a9fcb8cf9107f20] 199.19.213.152 "GET /v2.0/networks/ee794dbf-bfe6-4087-870f-a49107e147c8?fields=provider%3Aphysical_network&fields=provider%3Anetwork_type HTTP/1.1" status: 200 len: 277 time: 0.5464089
2026-07-24 18:41:13.528 10 INFO neutron.db.ovn_revision_numbers_db [None req-e7be5051-e85a-49f3-a235-d675a9f4be07 c1e45152b54f488ea47063c28224d498 53d62699c3f246d895b142a6a784044d - - - -] Successfully bumped revision number for resource 7488e651-dfd6-4744-9a9d-a02090731ec4 (type: networks) to 1
2026-07-24 18:41:13.726 10 INFO neutron.wsgi [req-6703bdd7-f50b-45e4-acaa-cac3f2430589 req-82233bd0-0bd6-4398-a3ab-519b2c1e41e7 876eaad00882460db3ea98d9e5df357d 393659d14ae1459a9a94059651c426c8 - - default default] 10.0.0.3 "GET /v2.0/ports?device_id=bb866ffb-0f54-4562-b4c5-04f5affe2cd8 HTTP/1.1" status: 200 len: 1170 time: 0.0875092
2026-07-24 18:41:13.797 10 INFO neutron.wsgi [req-6703bdd7-f50b-45e4-acaa-cac3f2430589 req-6af9ebe2-163c-45c5-b757-f54bfc25e1a6 876eaad00882460db3ea98d9e5df357d 393659d14ae1459a9a94059651c426c8 - - default default] 10.0.0.3 "GET /v2.0/security-groups?id=98a92935-db04-4785-b156-835448be6c11&fields=id&fields=name HTTP/1.1" status: 200 len: 312 time: 0.0636923
2026-07-24 18:41:13.804 10 WARNING neutron.scheduler.dhcp_agent_scheduler [None req-e7be5051-e85a-49f3-a235-d675a9f4be07 c1e45152b54f488ea47063c28224d498 53d62699c3f246d895b142a6a784044d - - - -] No more DHCP agents
2026-07-24 18:41:13.807 10 WARNING neutron.api.rpc.agentnotifiers.dhcp_rpc_agent_api [None req-e7be5051-e85a-49f3-a235-d675a9f4be07 c1e45152b54f488ea47063c28224d498 53d62699c3f246d895b142a6a784044d - - - -] Unable to schedule network 7488e651-dfd6-4744-9a9d-a02090731ec4: no agents available; will retry on subsequent port and subnet creation events.
2026-07-24 18:41:13.908 10 INFO neutron.wsgi [req-fd9c7c4e-8d5f-4b8e-9de1-daf0c8333cf4 req-af557f4c-e913-40e6-8519-e79b993b09a9 876eaad00882460db3ea98d9e5df357d 393659d14ae1459a9a94059651c426c8 - - default default] 10.0.0.3 "GET /v2.0/ports?device_id=bb866ffb-0f54-4562-b4c5-04f5affe2cd8 HTTP/1.1" status: 200 len: 1170 time: 0.0442510
2026-07-24 18:41:13.911 10 INFO neutron.db.ovn_revision_numbers_db [None req-e7be5051-e85a-49f3-a235-d675a9f4be07 c1e45152b54f488ea47063c28224d498 53d62699c3f246d895b142a6a784044d - - - -] Successfully bumped revision number for resource 56163aa8-32b1-4ae5-a4a5-b71be1f243e0 (type: ports) to 1
2026-07-24 18:41:13.911 9 INFO neutron.wsgi [None req-0e2d7ad8-f97d-4b3d-8b41-3ad8ff9bc3ca af6cf6b7229b4c9eace48dd4220164e4 8498dd98b53f466e81ae586547e94771 - - - -] 10.0.0.195 "PUT /v2.0/routers/5a080aa0-3f30-4f8d-92e3-6361de5d9608/remove_router_interface HTTP/1.1" status: 200 len: 503 time: 1.8746178 /var/lib/openstack/lib/python3.10/site-packages/pycadf/identifier.py:71: UserWarning: Invalid uuid: neutron. To ensure interoperability, identifiers should be a valid uuid. warnings.warn(('Invalid uuid: %s. To ensure interoperability, '
2026-07-24 18:41:13.970 10 INFO neutron.wsgi [None req-e7be5051-e85a-49f3-a235-d675a9f4be07 c1e45152b54f488ea47063c28224d498 53d62699c3f246d895b142a6a784044d - - - -] 10.0.0.195 "POST /v2.0/networks HTTP/1.1" status: 201 len: 830 time: 0.7564740
2026-07-24 18:41:14.158 10 INFO neutron.db.l3_db [None req-bfa23e6e-b430-4501-8051-5aade7cdad6b 876eaad00882460db3ea98d9e5df357d 393659d14ae1459a9a94059651c426c8 - - - -] Floating IP 0b838923-9928-44c3-ba01-85e8ec587cec associated. External IP: 10.96.250.215, port: 4eacf3ad-3c97-4532-8e38-d4eddb68e938.
2026-07-24 18:41:14.357 10 INFO neutron.db.ovn_revision_numbers_db [None req-bfa23e6e-b430-4501-8051-5aade7cdad6b 876eaad00882460db3ea98d9e5df357d 393659d14ae1459a9a94059651c426c8 - - - -] Successfully bumped revision number for resource 0b838923-9928-44c3-ba01-85e8ec587cec (type: floatingips) to 1
2026-07-24 18:41:14.375 9 WARNING neutron.scheduler.dhcp_agent_scheduler [None req-101aedb6-4327-4f2d-88fc-91538fa8199a c1e45152b54f488ea47063c28224d498 53d62699c3f246d895b142a6a784044d - - - -] No more DHCP agents
2026-07-24 18:41:14.377 9 WARNING neutron.api.rpc.agentnotifiers.dhcp_rpc_agent_api [None req-101aedb6-4327-4f2d-88fc-91538fa8199a c1e45152b54f488ea47063c28224d498 53d62699c3f246d895b142a6a784044d - - - -] Unable to schedule network 7488e651-dfd6-4744-9a9d-a02090731ec4: no agents available; will retry on subsequent port and subnet creation events.
2026-07-24 18:41:14.815 9 INFO neutron.wsgi [None req-1ff00752-e32a-4646-8cab-ecfa2e3e540b af6cf6b7229b4c9eace48dd4220164e4 8498dd98b53f466e81ae586547e94771 - - - -] 10.0.0.195 "DELETE /v2.0/routers/5a080aa0-3f30-4f8d-92e3-6361de5d9608 HTTP/1.1" status: 204 len: 168 time: 0.8961461
2026-07-24 18:41:14.847 10 INFO neutron.db.ovn_revision_numbers_db [None req-bfa23e6e-b430-4501-8051-5aade7cdad6b 876eaad00882460db3ea98d9e5df357d 393659d14ae1459a9a94059651c426c8 - - - -] Successfully bumped revision number for resource 0b838923-9928-44c3-ba01-85e8ec587cec (type: floatingips) to 2
2026-07-24 18:41:14.872 10 INFO neutron.wsgi [None req-bfa23e6e-b430-4501-8051-5aade7cdad6b 876eaad00882460db3ea98d9e5df357d 393659d14ae1459a9a94059651c426c8 - - - -] 10.0.0.195 "PUT /v2.0/floatingips/0b838923-9928-44c3-ba01-85e8ec587cec HTTP/1.1" status: 200 len: 1049 time: 0.9532821
2026-07-24 18:41:14.916 10 INFO neutron.notifiers.nova [-] Nova event matching ['req-4220ee2f-e298-47df-8fc8-b091c3fb40be'] response: {'name': 'network-changed', 'server_uuid': 'bb866ffb-0f54-4562-b4c5-04f5affe2cd8', 'tag': '4eacf3ad-3c97-4532-8e38-d4eddb68e938', 'status': 'completed', 'code': 200}
2026-07-24 18:41:15.025 9 INFO neutron.wsgi [req-0bc70877-21f2-4d47-94e6-bc4a77329013 req-b470a558-fadf-4569-b922-3139ce2da7fc de74f2d4048c4ef78082d00e49736666 e2f20cd3df98453099bf504f9832b7c6 - - 6674caebc00f4e4b9a9fcb8cf9107f20 6674caebc00f4e4b9a9fcb8cf9107f20] 199.19.213.152 "GET /v2.0/ports?tenant_id=393659d14ae1459a9a94059651c426c8&device_id=bb866ffb-0f54-4562-b4c5-04f5affe2cd8 HTTP/1.1" status: 200 len: 1361 time: 0.0721214
2026-07-24 18:41:15.119 9 INFO neutron.db.ovn_revision_numbers_db [None req-101aedb6-4327-4f2d-88fc-91538fa8199a c1e45152b54f488ea47063c28224d498 53d62699c3f246d895b142a6a784044d - - - -] Successfully bumped revision number for resource 56163aa8-32b1-4ae5-a4a5-b71be1f243e0 (type: ports) to 2
2026-07-24 18:41:15.130 9 INFO neutron.wsgi [req-0bc70877-21f2-4d47-94e6-bc4a77329013 req-2278c570-e31e-45f1-91bc-12345ce3d6b9 de74f2d4048c4ef78082d00e49736666 e2f20cd3df98453099bf504f9832b7c6 - - 6674caebc00f4e4b9a9fcb8cf9107f20 6674caebc00f4e4b9a9fcb8cf9107f20] 199.19.213.152 "GET /v2.0/networks?id=ee794dbf-bfe6-4087-870f-a49107e147c8 HTTP/1.1" status: 200 len: 973 time: 0.0955427
2026-07-24 18:41:15.155 9 INFO neutron.wsgi [None req-b09a1f9c-2efb-4868-9305-1b9efe79fe52 af6cf6b7229b4c9eace48dd4220164e4 8498dd98b53f466e81ae586547e94771 - - - -] 10.0.0.195 "DELETE /v2.0/subnets/bdc75a21-afbe-4bd9-b63a-0174a46dbf58 HTTP/1.1" status: 204 len: 168 time: 0.3356781
2026-07-24 18:41:15.157 9 INFO neutron.db.ovn_revision_numbers_db [None req-101aedb6-4327-4f2d-88fc-91538fa8199a c1e45152b54f488ea47063c28224d498 53d62699c3f246d895b142a6a784044d - - - -] Successfully bumped revision number for resource 535d6f81-37d0-483d-a85d-b3a66a310e13 (type: subnets) to 0
2026-07-24 18:41:15.206 9 INFO neutron.wsgi [None req-101aedb6-4327-4f2d-88fc-91538fa8199a c1e45152b54f488ea47063c28224d498 53d62699c3f246d895b142a6a784044d - - - -] 10.0.0.195 "POST /v2.0/subnets HTTP/1.1" status: 201 len: 801 time: 1.2210884 /var/lib/openstack/lib/python3.10/site-packages/pycadf/identifier.py:71: UserWarning: Invalid uuid: neutron. To ensure interoperability, identifiers should be a valid uuid. warnings.warn(('Invalid uuid: %s. To ensure interoperability, '
2026-07-24 18:41:15.229 9 INFO neutron.wsgi [req-0bc70877-21f2-4d47-94e6-bc4a77329013 req-f72718e7-9aeb-4019-8f28-3826c1674ccf de74f2d4048c4ef78082d00e49736666 e2f20cd3df98453099bf504f9832b7c6 - - 6674caebc00f4e4b9a9fcb8cf9107f20 6674caebc00f4e4b9a9fcb8cf9107f20] 199.19.213.152 "GET /v2.0/floatingips?fixed_ip_address=10.100.0.9&port_id=4eacf3ad-3c97-4532-8e38-d4eddb68e938 HTTP/1.1" status: 200 len: 1059 time: 0.0908220
2026-07-24 18:41:15.283 9 INFO neutron.wsgi [req-0bc70877-21f2-4d47-94e6-bc4a77329013 req-aed104cf-9a53-4bad-be2d-29f6c8478a08 de74f2d4048c4ef78082d00e49736666 e2f20cd3df98453099bf504f9832b7c6 - - 6674caebc00f4e4b9a9fcb8cf9107f20 6674caebc00f4e4b9a9fcb8cf9107f20] 199.19.213.152 "GET /v2.0/subnets?id=161efb0a-a774-4736-a98a-7014df577932 HTTP/1.1" status: 200 len: 868 time: 0.0465431
2026-07-24 18:41:15.314 9 INFO neutron.wsgi [req-0bc70877-21f2-4d47-94e6-bc4a77329013 req-a5e3171f-99f2-40cc-a84e-e2b4a96bcd8b de74f2d4048c4ef78082d00e49736666 e2f20cd3df98453099bf504f9832b7c6 - - 6674caebc00f4e4b9a9fcb8cf9107f20 6674caebc00f4e4b9a9fcb8cf9107f20] 199.19.213.152 "GET /v2.0/ports?network_id=ee794dbf-bfe6-4087-870f-a49107e147c8&device_owner=network%3Adhcp HTTP/1.1" status: 200 len: 210 time: 0.0244870
2026-07-24 18:41:15.409 9 INFO neutron.wsgi [req-0bc70877-21f2-4d47-94e6-bc4a77329013 req-8b077b21-7f1b-4c1e-9efa-6c4689151263 de74f2d4048c4ef78082d00e49736666 e2f20cd3df98453099bf504f9832b7c6 - - 6674caebc00f4e4b9a9fcb8cf9107f20 6674caebc00f4e4b9a9fcb8cf9107f20] 199.19.213.152 "GET /v2.0/networks/ee794dbf-bfe6-4087-870f-a49107e147c8?fields=segments HTTP/1.1" status: 200 len: 212 time: 0.0850749
2026-07-24 18:41:15.502 9 INFO neutron.wsgi [req-0bc70877-21f2-4d47-94e6-bc4a77329013 req-2dd14cfc-c1ee-4d68-a1c0-ef721fbb923d de74f2d4048c4ef78082d00e49736666 e2f20cd3df98453099bf504f9832b7c6 - - 6674caebc00f4e4b9a9fcb8cf9107f20 6674caebc00f4e4b9a9fcb8cf9107f20] 199.19.213.152 "GET /v2.0/networks/ee794dbf-bfe6-4087-870f-a49107e147c8?fields=provider%3Aphysical_network&fields=provider%3Anetwork_type HTTP/1.1" status: 200 len: 277 time: 0.0791738
2026-07-24 18:41:15.575 10 WARNING neutron.scheduler.dhcp_agent_scheduler [None req-5e013962-9155-4996-b355-db2ae090c87f c1e45152b54f488ea47063c28224d498 53d62699c3f246d895b142a6a784044d - - - -] No more DHCP agents
2026-07-24 18:41:15.578 10 WARNING neutron.api.rpc.agentnotifiers.dhcp_rpc_agent_api [None req-5e013962-9155-4996-b355-db2ae090c87f c1e45152b54f488ea47063c28224d498 53d62699c3f246d895b142a6a784044d - - - -] Unable to schedule network 7488e651-dfd6-4744-9a9d-a02090731ec4: no agents available; will retry on subsequent port and subnet creation events.
2026-07-24 18:41:15.651 9 INFO neutron.services.segments.plugin [-] Segment c23347ed-f308-486a-bd8e-0febcba0acab resource provider aggregate not found
2026-07-24 18:41:15.659 9 INFO neutron.services.segments.plugin [-] Segment c23347ed-f308-486a-bd8e-0febcba0acab resource provider aggregate not found
2026-07-24 18:41:15.687 9 INFO neutron.services.segments.plugin [-] Segment c23347ed-f308-486a-bd8e-0febcba0acab resource provider not found; error: Placement Client Error (4xx): {"errors": [{"status": 404, "title": "Not Found", "detail": "The resource could not be found.\n\n No resource provider with uuid c23347ed-f308-486a-bd8e-0febcba0acab found for delete ", "request_id": "req-2ee41f7a-7bf4-433d-95b6-b967afd487d2"}]}
2026-07-24 18:41:15.690 9 INFO neutron.services.segments.plugin [-] Segment c23347ed-f308-486a-bd8e-0febcba0acab resource provider not found; error: Placement Client Error (4xx): {"errors": [{"status": 404, "title": "Not Found", "detail": "The resource could not be found.\n\n No resource provider with uuid c23347ed-f308-486a-bd8e-0febcba0acab found for delete ", "request_id": "req-e932dd8e-5a6b-4686-a198-dc158667b846"}]}
2026-07-24 18:41:15.723 9 INFO neutron.wsgi [None req-26245dd4-f1fd-4571-bcc1-2a8325adae71 af6cf6b7229b4c9eace48dd4220164e4 8498dd98b53f466e81ae586547e94771 - - - -] 10.0.0.195 "DELETE /v2.0/networks/58109e48-576d-4a0a-8641-50c5701d4985 HTTP/1.1" status: 204 len: 168 time: 0.5605235
2026-07-24 18:41:15.754 10 INFO neutron.db.ovn_revision_numbers_db [None req-5e013962-9155-4996-b355-db2ae090c87f c1e45152b54f488ea47063c28224d498 53d62699c3f246d895b142a6a784044d - - - -] Successfully bumped revision number for resource 29a2fa7e-bbc5-4f11-b7e3-3338bdd28d9c (type: ports) to 1
2026-07-24 18:41:15.779 10 INFO neutron.wsgi [None req-5e013962-9155-4996-b355-db2ae090c87f c1e45152b54f488ea47063c28224d498 53d62699c3f246d895b142a6a784044d - - - -] 10.0.0.195 "POST /v2.0/ports HTTP/1.1" status: 201 len: 1153 time: 0.5653076 /var/lib/openstack/lib/python3.10/site-packages/pycadf/identifier.py:71: UserWarning: Invalid uuid: neutron. To ensure interoperability, identifiers should be a valid uuid. warnings.warn(('Invalid uuid: %s. To ensure interoperability, '
2026-07-24 18:41:15.949 9 INFO neutron.wsgi [None req-ca9d7480-c544-4966-bba2-e19c8ffb9278 af6cf6b7229b4c9eace48dd4220164e4 8498dd98b53f466e81ae586547e94771 - - default default] 10.0.0.195 "GET /v2.0/security-groups?tenant_id=bf9aef7524834cf98928967a9ddeac3b&name=default HTTP/1.1" status: 200 len: 2992 time: 0.0536265
2026-07-24 18:41:16.160 10 INFO neutron.wsgi [None req-71cca758-8bac-4d6c-bb1a-217c9d51ba1b c1e45152b54f488ea47063c28224d498 53d62699c3f246d895b142a6a784044d - - - -] 10.0.0.195 "DELETE /v2.0/ports/29a2fa7e-bbc5-4f11-b7e3-3338bdd28d9c HTTP/1.1" status: 204 len: 168 time: 0.3751538
2026-07-24 18:41:16.160 9 INFO neutron.wsgi [None req-e84506c2-a8c1-469d-b0bb-026eba2d70e1 af6cf6b7229b4c9eace48dd4220164e4 8498dd98b53f466e81ae586547e94771 - - - -] 10.0.0.195 "DELETE /v2.0/security-groups/15bc1127-8385-4059-9098-d6ef6bdbe12e HTTP/1.1" status: 204 len: 168 time: 0.2053027
2026-07-24 18:41:16.184 9 INFO neutron.pecan_wsgi.hooks.translation [None req-9808e5d8-2073-4efb-b03e-3ea7a1b75b57 c1e45152b54f488ea47063c28224d498 53d62699c3f246d895b142a6a784044d - - - -] DELETE failed (client error): The resource could not be found.
2026-07-24 18:41:16.187 9 INFO neutron.wsgi [None req-9808e5d8-2073-4efb-b03e-3ea7a1b75b57 c1e45152b54f488ea47063c28224d498 53d62699c3f246d895b142a6a784044d - - - -] 10.0.0.195 "DELETE /v2.0/ports/29a2fa7e-bbc5-4f11-b7e3-3338bdd28d9c HTTP/1.1" status: 404 len: 333 time: 0.0225730
2026-07-24 18:41:16.596 9 INFO neutron.pecan_wsgi.hooks.translation [None req-71ea2311-be37-480d-90be-fcfa44ee8e71 c1e45152b54f488ea47063c28224d498 53d62699c3f246d895b142a6a784044d - - default default] GET failed (client error): The resource could not be found.
2026-07-24 18:41:16.597 9 INFO neutron.wsgi [None req-71ea2311-be37-480d-90be-fcfa44ee8e71 c1e45152b54f488ea47063c28224d498 53d62699c3f246d895b142a6a784044d - - default default] 10.0.0.195 "GET /v2.0/ports/29a2fa7e-bbc5-4f11-b7e3-3338bdd28d9c HTTP/1.1" status: 404 len: 333 time: 0.4053752
2026-07-24 18:41:16.885 9 INFO neutron.wsgi [None req-00033d13-7ec5-4490-a95f-f5d301169131 c1e45152b54f488ea47063c28224d498 53d62699c3f246d895b142a6a784044d - - - -] 10.0.0.195 "DELETE /v2.0/subnets/535d6f81-37d0-483d-a85d-b3a66a310e13 HTTP/1.1" status: 204 len: 168 time: 0.2812569
2026-07-24 18:41:17.390 9 INFO neutron.wsgi [None req-bf40cb36-d85e-40dc-b649-adde6be89e0c c1e45152b54f488ea47063c28224d498 53d62699c3f246d895b142a6a784044d - - - -] 10.0.0.195 "DELETE /v2.0/networks/7488e651-dfd6-4744-9a9d-a02090731ec4 HTTP/1.1" status: 204 len: 168 time: 0.4983931
2026-07-24 18:41:17.492 9 INFO neutron.db.segments_db [None req-bfd89a5f-5a56-4f44-b421-7dea38297269 c1e45152b54f488ea47063c28224d498 53d62699c3f246d895b142a6a784044d - - - -] Added segment 3829acd6-1abc-4197-b50f-dfa27a96d089 of type geneve for network 77c0e90d-7d95-4d81-aa42-6e26578b09d5
2026-07-24 18:41:17.619 9 INFO neutron.db.ovn_revision_numbers_db [None req-bfd89a5f-5a56-4f44-b421-7dea38297269 c1e45152b54f488ea47063c28224d498 53d62699c3f246d895b142a6a784044d - - - -] Successfully bumped revision number for resource 77c0e90d-7d95-4d81-aa42-6e26578b09d5 (type: networks) to 1
2026-07-24 18:41:17.746 9 INFO neutron.services.segments.plugin [-] Segment e114e995-b08e-40fc-a78a-7a73c45719c9 resource provider aggregate not found
2026-07-24 18:41:17.753 9 INFO neutron.services.segments.plugin [-] Segment e114e995-b08e-40fc-a78a-7a73c45719c9 resource provider aggregate not found
2026-07-24 18:41:17.771 9 INFO neutron.services.segments.plugin [-] Segment e114e995-b08e-40fc-a78a-7a73c45719c9 resource provider not found; error: Placement Client Error (4xx): {"errors": [{"status": 404, "title": "Not Found", "detail": "The resource could not be found.\n\n No resource provider with uuid e114e995-b08e-40fc-a78a-7a73c45719c9 found for delete ", "request_id": "req-445bbb96-7a61-445e-9cb1-40bd50c9eab3"}]}
2026-07-24 18:41:17.777 9 INFO neutron.services.segments.plugin [-] Segment e114e995-b08e-40fc-a78a-7a73c45719c9 resource provider not found; error: Placement Client Error (4xx): {"errors": [{"status": 404, "title": "Not Found", "detail": "The resource could not be found.\n\n No resource provider with uuid e114e995-b08e-40fc-a78a-7a73c45719c9 found for delete ", "request_id": "req-3f3dcd66-a67e-4e64-bd1c-6ec1cf68b80e"}]}
2026-07-24 18:41:17.875 9 WARNING neutron.scheduler.dhcp_agent_scheduler [None req-bfd89a5f-5a56-4f44-b421-7dea38297269 c1e45152b54f488ea47063c28224d498 53d62699c3f246d895b142a6a784044d - - - -] No more DHCP agents
2026-07-24 18:41:17.878 9 WARNING neutron.api.rpc.agentnotifiers.dhcp_rpc_agent_api [None req-bfd89a5f-5a56-4f44-b421-7dea38297269 c1e45152b54f488ea47063c28224d498 53d62699c3f246d895b142a6a784044d - - - -] Unable to schedule network 77c0e90d-7d95-4d81-aa42-6e26578b09d5: no agents available; will retry on subsequent port and subnet creation events.
2026-07-24 18:41:17.950 9 INFO neutron.db.ovn_revision_numbers_db [None req-bfd89a5f-5a56-4f44-b421-7dea38297269 c1e45152b54f488ea47063c28224d498 53d62699c3f246d895b142a6a784044d - - - -] Successfully bumped revision number for resource fcce1937-2359-482f-96c6-1f54ba059f40 (type: ports) to 1
2026-07-24 18:41:17.972 9 INFO neutron.wsgi [None req-bfd89a5f-5a56-4f44-b421-7dea38297269 c1e45152b54f488ea47063c28224d498 53d62699c3f246d895b142a6a784044d - - - -] 10.0.0.195 "POST /v2.0/networks HTTP/1.1" status: 201 len: 831 time: 0.5697551
2026-07-24 18:41:18.249 10 WARNING neutron.scheduler.dhcp_agent_scheduler [None req-ee58903f-3260-47ca-9834-5ee10e96ec39 c1e45152b54f488ea47063c28224d498 53d62699c3f246d895b142a6a784044d - - - -] No more DHCP agents
2026-07-24 18:41:18.251 10 WARNING neutron.api.rpc.agentnotifiers.dhcp_rpc_agent_api [None req-ee58903f-3260-47ca-9834-5ee10e96ec39 c1e45152b54f488ea47063c28224d498 53d62699c3f246d895b142a6a784044d - - - -] Unable to schedule network 77c0e90d-7d95-4d81-aa42-6e26578b09d5: no agents available; will retry on subsequent port and subnet creation events.
2026-07-24 18:41:18.364 9 INFO neutron.db.ovn_revision_numbers_db [None req-3d513532-c38e-4daa-938e-91ddea7cadd6 af6cf6b7229b4c9eace48dd4220164e4 8498dd98b53f466e81ae586547e94771 - - - -] Successfully bumped revision number for resource df246786-70c7-40b9-9ff2-aedc178a1d5e (type: security_groups) to 1
2026-07-24 18:41:18.425 9 INFO neutron.db.segments_db [None req-3d513532-c38e-4daa-938e-91ddea7cadd6 af6cf6b7229b4c9eace48dd4220164e4 8498dd98b53f466e81ae586547e94771 - - - -] Added segment dba34199-b1a1-4884-85b4-0ef2a2078a85 of type geneve for network b4f6fbda-8c8d-49c9-973c-16374408342e
2026-07-24 18:41:18.563 9 INFO neutron.db.ovn_revision_numbers_db [None req-3d513532-c38e-4daa-938e-91ddea7cadd6 af6cf6b7229b4c9eace48dd4220164e4 8498dd98b53f466e81ae586547e94771 - - - -] Successfully bumped revision number for resource b4f6fbda-8c8d-49c9-973c-16374408342e (type: networks) to 1
2026-07-24 18:41:18.810 9 WARNING neutron.scheduler.dhcp_agent_scheduler [None req-3d513532-c38e-4daa-938e-91ddea7cadd6 af6cf6b7229b4c9eace48dd4220164e4 8498dd98b53f466e81ae586547e94771 - - - -] No more DHCP agents
2026-07-24 18:41:18.813 9 WARNING neutron.api.rpc.agentnotifiers.dhcp_rpc_agent_api [None req-3d513532-c38e-4daa-938e-91ddea7cadd6 af6cf6b7229b4c9eace48dd4220164e4 8498dd98b53f466e81ae586547e94771 - - - -] Unable to schedule network b4f6fbda-8c8d-49c9-973c-16374408342e: no agents available; will retry on subsequent port and subnet creation events.
2026-07-24 18:41:18.817 10 INFO neutron.db.ovn_revision_numbers_db [None req-ee58903f-3260-47ca-9834-5ee10e96ec39 c1e45152b54f488ea47063c28224d498 53d62699c3f246d895b142a6a784044d - - - -] Successfully bumped revision number for resource fcce1937-2359-482f-96c6-1f54ba059f40 (type: ports) to 2
2026-07-24 18:41:18.835 10 INFO neutron.db.ovn_revision_numbers_db [None req-ee58903f-3260-47ca-9834-5ee10e96ec39 c1e45152b54f488ea47063c28224d498 53d62699c3f246d895b142a6a784044d - - - -] Successfully bumped revision number for resource 589f69f5-e3cc-419d-b0b1-d3965bd9c49c (type: subnets) to 0
2026-07-24 18:41:18.856 10 INFO neutron.wsgi [None req-ee58903f-3260-47ca-9834-5ee10e96ec39 c1e45152b54f488ea47063c28224d498 53d62699c3f246d895b142a6a784044d - - - -] 10.0.0.195 "POST /v2.0/subnets HTTP/1.1" status: 201 len: 801 time: 0.8761313
2026-07-24 18:41:18.905 9 INFO neutron.db.ovn_revision_numbers_db [None req-3d513532-c38e-4daa-938e-91ddea7cadd6 af6cf6b7229b4c9eace48dd4220164e4 8498dd98b53f466e81ae586547e94771 - - - -] Successfully bumped revision number for resource 2d78b7b4-e558-4cfa-82fb-cb80c887bd15 (type: ports) to 1
2026-07-24 18:41:18.927 9 INFO neutron.wsgi [None req-3d513532-c38e-4daa-938e-91ddea7cadd6 af6cf6b7229b4c9eace48dd4220164e4 8498dd98b53f466e81ae586547e94771 - - - -] 10.0.0.195 "POST /v2.0/networks HTTP/1.1" status: 201 len: 950 time: 0.8881450
2026-07-24 18:41:19.121 9 WARNING neutron.scheduler.dhcp_agent_scheduler [None req-3dc317b0-5cb1-4fee-aa84-03d847705ae5 af6cf6b7229b4c9eace48dd4220164e4 8498dd98b53f466e81ae586547e94771 - - - -] No more DHCP agents
2026-07-24 18:41:19.124 9 WARNING neutron.api.rpc.agentnotifiers.dhcp_rpc_agent_api [None req-3dc317b0-5cb1-4fee-aa84-03d847705ae5 af6cf6b7229b4c9eace48dd4220164e4 8498dd98b53f466e81ae586547e94771 - - - -] Unable to schedule network b4f6fbda-8c8d-49c9-973c-16374408342e: no agents available; will retry on subsequent port and subnet creation events.
2026-07-24 18:41:19.178 10 WARNING neutron.scheduler.dhcp_agent_scheduler [None req-a9728f89-c644-4a17-9af8-c30c36dfa41f c1e45152b54f488ea47063c28224d498 53d62699c3f246d895b142a6a784044d - - - -] No more DHCP agents
2026-07-24 18:41:19.182 10 WARNING neutron.api.rpc.agentnotifiers.dhcp_rpc_agent_api [None req-a9728f89-c644-4a17-9af8-c30c36dfa41f c1e45152b54f488ea47063c28224d498 53d62699c3f246d895b142a6a784044d - - - -] Unable to schedule network 77c0e90d-7d95-4d81-aa42-6e26578b09d5: no agents available; will retry on subsequent port and subnet creation events.
2026-07-24 18:41:19.326 10 INFO neutron.db.ovn_revision_numbers_db [None req-a9728f89-c644-4a17-9af8-c30c36dfa41f c1e45152b54f488ea47063c28224d498 53d62699c3f246d895b142a6a784044d - - - -] Successfully bumped revision number for resource 1767d934-680a-47ac-bdee-e9059c828dcd (type: ports) to 1
2026-07-24 18:41:19.355 10 INFO neutron.wsgi [None req-a9728f89-c644-4a17-9af8-c30c36dfa41f c1e45152b54f488ea47063c28224d498 53d62699c3f246d895b142a6a784044d - - - -] 10.0.0.195 "POST /v2.0/ports HTTP/1.1" status: 201 len: 1111 time: 0.4940982
2026-07-24 18:41:19.696 9 INFO neutron.db.ovn_revision_numbers_db [None req-3dc317b0-5cb1-4fee-aa84-03d847705ae5 af6cf6b7229b4c9eace48dd4220164e4 8498dd98b53f466e81ae586547e94771 - - - -] Successfully bumped revision number for resource 2d78b7b4-e558-4cfa-82fb-cb80c887bd15 (type: ports) to 2
2026-07-24 18:41:19.719 9 INFO neutron.db.ovn_revision_numbers_db [None req-3dc317b0-5cb1-4fee-aa84-03d847705ae5 af6cf6b7229b4c9eace48dd4220164e4 8498dd98b53f466e81ae586547e94771 - - - -] Successfully bumped revision number for resource 3841e7a8-7ef4-433e-be54-d2205d32dca5 (type: subnets) to 0
2026-07-24 18:41:19.739 9 INFO neutron.wsgi [None req-3dc317b0-5cb1-4fee-aa84-03d847705ae5 af6cf6b7229b4c9eace48dd4220164e4 8498dd98b53f466e81ae586547e94771 - - - -] 10.0.0.195 "POST /v2.0/subnets HTTP/1.1" status: 201 len: 870 time: 0.8046129
2026-07-24 18:41:19.789 10 INFO neutron.wsgi [None req-eba8b7dc-8e8d-4f47-865d-8dc13c86d669 c1e45152b54f488ea47063c28224d498 53d62699c3f246d895b142a6a784044d - - - -] 10.0.0.195 "DELETE /v2.0/ports/1767d934-680a-47ac-bdee-e9059c828dcd HTTP/1.1" status: 204 len: 168 time: 0.4262793
2026-07-24 18:41:19.822 10 INFO neutron.pecan_wsgi.hooks.translation [None req-206aae01-7130-4a05-804c-9fa523682fcb c1e45152b54f488ea47063c28224d498 53d62699c3f246d895b142a6a784044d - - default default] GET failed (client error): The resource could not be found.
2026-07-24 18:41:19.824 10 INFO neutron.wsgi [None req-206aae01-7130-4a05-804c-9fa523682fcb c1e45152b54f488ea47063c28224d498 53d62699c3f246d895b142a6a784044d - - default default] 10.0.0.195 "GET /v2.0/ports/1767d934-680a-47ac-bdee-e9059c828dcd HTTP/1.1" status: 404 len: 333 time: 0.0246334
2026-07-24 18:41:20.158 9 INFO neutron.wsgi [None req-7ecd3aa9-006d-49f5-9b0c-071ee627a04c c1e45152b54f488ea47063c28224d498 53d62699c3f246d895b142a6a784044d - - - -] 10.0.0.195 "DELETE /v2.0/subnets/589f69f5-e3cc-419d-b0b1-d3965bd9c49c HTTP/1.1" status: 204 len: 168 time: 0.3277075
2026-07-24 18:41:20.297 9 WARNING neutron.scheduler.dhcp_agent_scheduler [None req-fab6418c-05d6-4073-b90a-06ef64d4e45e af6cf6b7229b4c9eace48dd4220164e4 8498dd98b53f466e81ae586547e94771 - - - -] No more DHCP agents
2026-07-24 18:41:20.301 9 WARNING neutron.api.rpc.agentnotifiers.dhcp_rpc_agent_api [None req-fab6418c-05d6-4073-b90a-06ef64d4e45e af6cf6b7229b4c9eace48dd4220164e4 8498dd98b53f466e81ae586547e94771 - - - -] Unable to schedule network 9edd62f8-6081-4780-bbb7-f7b6619461a6: no agents available; will retry on subsequent port and subnet creation events.
2026-07-24 18:41:20.467 9 INFO neutron.db.ovn_revision_numbers_db [None req-fab6418c-05d6-4073-b90a-06ef64d4e45e af6cf6b7229b4c9eace48dd4220164e4 8498dd98b53f466e81ae586547e94771 - - - -] Successfully bumped revision number for resource 897350ff-f203-47ec-bc5e-4b0010877739 (type: ports) to 1
2026-07-24 18:41:20.544 10 INFO neutron.services.segments.plugin [-] Segment 3829acd6-1abc-4197-b50f-dfa27a96d089 resource provider aggregate not found
2026-07-24 18:41:20.551 10 INFO neutron.services.segments.plugin [-] Segment 3829acd6-1abc-4197-b50f-dfa27a96d089 resource provider aggregate not found
2026-07-24 18:41:20.574 10 INFO neutron.services.segments.plugin [-] Segment 3829acd6-1abc-4197-b50f-dfa27a96d089 resource provider not found; error: Placement Client Error (4xx): {"errors": [{"status": 404, "title": "Not Found", "detail": "The resource could not be found.\n\n No resource provider with uuid 3829acd6-1abc-4197-b50f-dfa27a96d089 found for delete ", "request_id": "req-2c41295d-bb33-449a-8896-9712803504b5"}]}
2026-07-24 18:41:20.588 10 INFO neutron.services.segments.plugin [-] Segment 3829acd6-1abc-4197-b50f-dfa27a96d089 resource provider not found; error: Placement Client Error (4xx): {"errors": [{"status": 404, "title": "Not Found", "detail": "The resource could not be found.\n\n No resource provider with uuid 3829acd6-1abc-4197-b50f-dfa27a96d089 found for delete ", "request_id": "req-718c40df-59b7-4ebc-9351-3f172fce9f14"}]}
2026-07-24 18:41:20.609 10 INFO neutron.wsgi [None req-d727f5f1-7368-4ca1-9be3-a9ed1ddce3db c1e45152b54f488ea47063c28224d498 53d62699c3f246d895b142a6a784044d - - - -] 10.0.0.195 "DELETE /v2.0/networks/77c0e90d-7d95-4d81-aa42-6e26578b09d5 HTTP/1.1" status: 204 len: 168 time: 0.4442344
2026-07-24 18:41:20.934 10 WARNING neutron.scheduler.dhcp_agent_scheduler [None req-4f4a0bd3-95ce-4fe0-94b0-c1c43c721527 c1e45152b54f488ea47063c28224d498 53d62699c3f246d895b142a6a784044d - - - -] No more DHCP agents
2026-07-24 18:41:20.937 10 WARNING neutron.api.rpc.agentnotifiers.dhcp_rpc_agent_api [None req-4f4a0bd3-95ce-4fe0-94b0-c1c43c721527 c1e45152b54f488ea47063c28224d498 53d62699c3f246d895b142a6a784044d - - - -] Unable to schedule network 1eb1d935-7f43-4cb0-a1c5-7e4aaf71f48d: no agents available; will retry on subsequent port and subnet creation events.
2026-07-24 18:41:21.009 10 INFO neutron.db.ovn_revision_numbers_db [None req-4f4a0bd3-95ce-4fe0-94b0-c1c43c721527 c1e45152b54f488ea47063c28224d498 53d62699c3f246d895b142a6a784044d - - - -] Successfully bumped revision number for resource e3df4bd5-0693-486b-81aa-bcdba3639a0f (type: ports) to 1
2026-07-24 18:41:21.035 10 INFO neutron.wsgi [None req-4f4a0bd3-95ce-4fe0-94b0-c1c43c721527 c1e45152b54f488ea47063c28224d498 53d62699c3f246d895b142a6a784044d - - - -] 10.0.0.195 "POST /v2.0/ports HTTP/1.1" status: 201 len: 973 time: 0.4158478 /var/lib/openstack/lib/python3.10/site-packages/pycadf/identifier.py:71: UserWarning: Invalid uuid: neutron. To ensure interoperability, identifiers should be a valid uuid. warnings.warn(('Invalid uuid: %s. To ensure interoperability, '
2026-07-24 18:41:21.126 9 INFO neutron.db.ovn_revision_numbers_db [None req-fab6418c-05d6-4073-b90a-06ef64d4e45e af6cf6b7229b4c9eace48dd4220164e4 8498dd98b53f466e81ae586547e94771 - - - -] Successfully bumped revision number for resource 897350ff-f203-47ec-bc5e-4b0010877739 (type: router_ports) to 1
2026-07-24 18:41:21.127 10 INFO neutron.plugins.ml2.drivers.ovn.mech_driver.mech_driver [None req-7df97af8-123e-4e21-8433-8871f533c43c - - - - - -] OVN reports status up for port: 897350ff-f203-47ec-bc5e-4b0010877739
2026-07-24 18:41:21.143 9 INFO neutron.plugins.ml2.drivers.ovn.mech_driver.ovsdb.ovsdb_monitor [None req-a9d90697-cd75-43f2-ac10-7e597e44e17a - - - - - -] Router a370df90-6af0-4508-bf45-409b414e7581 is bound to host instance
2026-07-24 18:41:21.152 10 INFO neutron.plugins.ml2.plugin [None req-7df97af8-123e-4e21-8433-8871f533c43c - - - - - -] Attempt 1 to provision port 897350ff-f203-47ec-bc5e-4b0010877739 /var/lib/openstack/lib/python3.10/site-packages/pycadf/identifier.py:71: UserWarning: Invalid uuid: neutron. To ensure interoperability, identifiers should be a valid uuid. warnings.warn(('Invalid uuid: %s. To ensure interoperability, '
2026-07-24 18:41:21.390 10 INFO neutron.db.ovn_revision_numbers_db [None req-66cfb0c6-66e5-4c5f-a23a-e94ba8b6939e c1e45152b54f488ea47063c28224d498 53d62699c3f246d895b142a6a784044d - - - -] Successfully bumped revision number for resource e3df4bd5-0693-486b-81aa-bcdba3639a0f (type: ports) to 2
2026-07-24 18:41:21.406 10 INFO neutron.wsgi [None req-66cfb0c6-66e5-4c5f-a23a-e94ba8b6939e c1e45152b54f488ea47063c28224d498 53d62699c3f246d895b142a6a784044d - - - -] 10.0.0.195 "PUT /v2.0/ports/e3df4bd5-0693-486b-81aa-bcdba3639a0f HTTP/1.1" status: 200 len: 946 time: 0.3642762
2026-07-24 18:41:21.587 10 INFO neutron.db.ovn_revision_numbers_db [None req-7bc23377-71c6-4a8e-b6fa-0048c4fd0ec5 af6cf6b7229b4c9eace48dd4220164e4 8498dd98b53f466e81ae586547e94771 - - default default] Successfully bumped revision number for resource 7c03b777-8a71-467c-b15a-36f68d705761 (type: security_groups) to 1
2026-07-24 18:41:21.616 9 INFO neutron.db.ovn_revision_numbers_db [None req-fab6418c-05d6-4073-b90a-06ef64d4e45e af6cf6b7229b4c9eace48dd4220164e4 8498dd98b53f466e81ae586547e94771 - - - -] Successfully bumped revision number for resource a370df90-6af0-4508-bf45-409b414e7581 (type: routers) to 3
2026-07-24 18:41:21.639 10 INFO neutron.wsgi [None req-7bc23377-71c6-4a8e-b6fa-0048c4fd0ec5 af6cf6b7229b4c9eace48dd4220164e4 8498dd98b53f466e81ae586547e94771 - - default default] 10.0.0.195 "GET /v2.0/security-groups?tenant_id=db15568323354ab7977aefdee2968bcb&name=default HTTP/1.1" status: 200 len: 2996 time: 0.4302905
2026-07-24 18:41:21.648 9 INFO neutron.wsgi [None req-fab6418c-05d6-4073-b90a-06ef64d4e45e af6cf6b7229b4c9eace48dd4220164e4 8498dd98b53f466e81ae586547e94771 - - - -] 10.0.0.195 "POST /v2.0/routers HTTP/1.1" status: 201 len: 881 time: 1.9019389
2026-07-24 18:41:21.808 10 INFO neutron.wsgi [None req-92fb7ccd-fc24-422b-bcb4-eeb8b115fb92 c1e45152b54f488ea47063c28224d498 53d62699c3f246d895b142a6a784044d - - - -] 10.0.0.195 "DELETE /v2.0/ports/e3df4bd5-0693-486b-81aa-bcdba3639a0f HTTP/1.1" status: 204 len: 168 time: 0.3947995
2026-07-24 18:41:21.930 10 INFO neutron.wsgi [None req-56cdee0a-2e11-43fd-833e-1109628a837d c1e45152b54f488ea47063c28224d498 53d62699c3f246d895b142a6a784044d - - default default] 10.0.0.195 "GET /v2.0/ports HTTP/1.1" status: 200 len: 1729 time: 0.1089120
2026-07-24 18:41:21.975 10 INFO neutron.pecan_wsgi.hooks.translation [None req-da59adcb-5d93-4a37-858d-9ca9e5d33f3b c1e45152b54f488ea47063c28224d498 53d62699c3f246d895b142a6a784044d - - default default] GET failed (client error): The resource could not be found.
2026-07-24 18:41:21.978 10 INFO neutron.wsgi [None req-da59adcb-5d93-4a37-858d-9ca9e5d33f3b c1e45152b54f488ea47063c28224d498 53d62699c3f246d895b142a6a784044d - - default default] 10.0.0.195 "GET /v2.0/ports/e3df4bd5-0693-486b-81aa-bcdba3639a0f HTTP/1.1" status: 404 len: 333 time: 0.0262408
2026-07-24 18:41:22.025 10 INFO neutron.wsgi [None req-f15bbe8a-7882-4e37-bd05-e5806a261508 af6cf6b7229b4c9eace48dd4220164e4 8498dd98b53f466e81ae586547e94771 - - - -] 10.0.0.195 "DELETE /v2.0/security-groups/7c03b777-8a71-467c-b15a-36f68d705761 HTTP/1.1" status: 204 len: 168 time: 0.3755679
2026-07-24 18:41:22.037 10 INFO neutron.wsgi [None req-065e1aba-fb08-49ff-9d36-6d91b869e5e2 c1e45152b54f488ea47063c28224d498 53d62699c3f246d895b142a6a784044d - - default default] 10.0.0.195 "GET /v2.0/ports HTTP/1.1" status: 200 len: 1729 time: 0.0509970
2026-07-24 18:41:22.104 10 INFO neutron.wsgi [None req-7ebcf538-431f-4b3d-88e4-e8fedb1ed4c3 c1e45152b54f488ea47063c28224d498 53d62699c3f246d895b142a6a784044d - - default default] 10.0.0.195 "GET /v2.0/ports/de72fed9-15d5-4faf-9777-c31a63e329a6 HTTP/1.1" status: 200 len: 969 time: 0.0561800
2026-07-24 18:41:22.145 9 INFO neutron.pecan_wsgi.hooks.translation [None req-cc700519-ce7e-4ab0-8f97-42db7f6b46e5 c1e45152b54f488ea47063c28224d498 53d62699c3f246d895b142a6a784044d - - - -] DELETE failed (client error): The resource could not be found.
2026-07-24 18:41:22.148 9 INFO neutron.wsgi [None req-cc700519-ce7e-4ab0-8f97-42db7f6b46e5 c1e45152b54f488ea47063c28224d498 53d62699c3f246d895b142a6a784044d - - - -] 10.0.0.195 "DELETE /v2.0/ports/1767d934-680a-47ac-bdee-e9059c828dcd HTTP/1.1" status: 404 len: 333 time: 0.0352466
2026-07-24 18:41:22.208 9 INFO neutron.pecan_wsgi.hooks.translation [None req-9e58529f-1bde-41db-8dd7-8914c576685d c1e45152b54f488ea47063c28224d498 53d62699c3f246d895b142a6a784044d - - - -] DELETE failed (client error): The resource could not be found.
2026-07-24 18:41:22.212 9 INFO neutron.wsgi [None req-9e58529f-1bde-41db-8dd7-8914c576685d c1e45152b54f488ea47063c28224d498 53d62699c3f246d895b142a6a784044d - - - -] 10.0.0.195 "DELETE /v2.0/subnets/589f69f5-e3cc-419d-b0b1-d3965bd9c49c HTTP/1.1" status: 404 len: 337 time: 0.0543964
2026-07-24 18:41:22.251 10 INFO neutron.pecan_wsgi.hooks.translation [None req-b0fe15cf-e607-473a-a05e-a944ccf41ffb c1e45152b54f488ea47063c28224d498 53d62699c3f246d895b142a6a784044d - - - -] DELETE failed (client error): The resource could not be found.
2026-07-24 18:41:22.253 10 INFO neutron.wsgi [None req-b0fe15cf-e607-473a-a05e-a944ccf41ffb c1e45152b54f488ea47063c28224d498 53d62699c3f246d895b142a6a784044d - - - -] 10.0.0.195 "DELETE /v2.0/subnets/535d6f81-37d0-483d-a85d-b3a66a310e13 HTTP/1.1" status: 404 len: 337 time: 0.0328338
2026-07-24 18:41:22.400 9 WARNING neutron.scheduler.dhcp_agent_scheduler [None req-14af9aca-61a3-4dcf-b815-5d5e1dc6cba2 af6cf6b7229b4c9eace48dd4220164e4 8498dd98b53f466e81ae586547e94771 - - default default] No more DHCP agents
2026-07-24 18:41:22.403 9 INFO neutron.db.ovn_revision_numbers_db [None req-a9d90697-cd75-43f2-ac10-7e597e44e17a - - - - - -] Successfully bumped revision number for resource 897350ff-f203-47ec-bc5e-4b0010877739 (type: ports) to 1
