2026-07-24 18:44:09.831 9 INFO neutron.wsgi [None req-d2075ac4-c330-4e45-806b-e8ec6ca6d922 a350ba6e1ca342afa22e71d79003f762 bf764b5e16ab47289eef062ebdcda2e4 - - - -] 10.0.0.195 "DELETE /v2.0/ports/4bed0f0a-7e69-416a-afd1-a193cb21308d HTTP/1.1" status: 204 len: 168 time: 0.7160981
2026-07-24 18:44:09.887 10 INFO neutron.wsgi [None req-9fbcb309-35c4-4022-9bfd-86263dfd445c e61f7932225b4ad5bc6119bf55542d0a 5b23b81fd3334dc9a09030b9adae9e66 - - - -] 10.0.0.195 "DELETE /v2.0/qos/policies/1e834c89-d97f-4e1c-b25d-4c08b38a7164 HTTP/1.1" status: 204 len: 168 time: 0.0541263
2026-07-24 18:44:09.953 10 INFO neutron.wsgi [None req-50a4a5d1-5472-4e57-a075-db88b1ae4d9d e61f7932225b4ad5bc6119bf55542d0a 5b23b81fd3334dc9a09030b9adae9e66 - - - -] 10.0.0.195 "DELETE /v2.0/qos/policies/51b165b3-f229-4493-bcf9-3111d9c6a55a HTTP/1.1" status: 204 len: 168 time: 0.0596182
2026-07-24 18:44:10.019 10 INFO neutron.wsgi [None req-e828cd04-92c8-4114-adbb-0208989a993c e61f7932225b4ad5bc6119bf55542d0a 5b23b81fd3334dc9a09030b9adae9e66 - - - -] 10.0.0.195 "DELETE /v2.0/qos/policies/c210e39f-6453-4998-98c0-0c62e284fcbb HTTP/1.1" status: 204 len: 168 time: 0.0601397
2026-07-24 18:44:10.040 10 INFO neutron.wsgi [-] 10.0.0.195 "GET / HTTP/1.1" status: 200 len: 279 time: 0.0024164
2026-07-24 18:44:10.083 10 INFO neutron.wsgi [None req-15e4ae25-12bc-42fd-85e7-78d6faa5777a e61f7932225b4ad5bc6119bf55542d0a 5b23b81fd3334dc9a09030b9adae9e66 - - - -] 10.0.0.195 "DELETE /v2.0/qos/policies/e57f991e-7aa7-4cd3-80e3-0a1022734f1f HTTP/1.1" status: 204 len: 168 time: 0.0592301
2026-07-24 18:44:10.140 9 INFO neutron.wsgi [None req-b372b334-868c-4221-8aa0-5136dde2238b a350ba6e1ca342afa22e71d79003f762 bf764b5e16ab47289eef062ebdcda2e4 - - - -] 10.0.0.195 "DELETE /v2.0/ports/ec051e23-db40-4feb-94bd-75f1dc3c84ed HTTP/1.1" status: 204 len: 168 time: 0.3028357
2026-07-24 18:44:10.228 9 INFO neutron.wsgi [None req-8a03c5d6-b9ba-4202-9c30-6ef0158eb868 a3562cdb4acc4ccf89ce006d5bbb5c6f 805f6b12a7a144258c95fdb50cd0d4b5 - - default default] 10.0.0.195 "GET /v2.0/ HTTP/1.1" status: 200 len: 826 time: 0.1822505
2026-07-24 18:44:10.416 9 INFO neutron.wsgi [None req-c8fc2be7-dc56-4937-ad60-3f2406b5d05e a350ba6e1ca342afa22e71d79003f762 bf764b5e16ab47289eef062ebdcda2e4 - - - -] 10.0.0.195 "DELETE /v2.0/ports/3dfaab05-bf5c-410e-a5c9-29913b9a6988 HTTP/1.1" status: 204 len: 168 time: 0.2702720
2026-07-24 18:44:10.702 9 INFO neutron.wsgi [None req-1521f4cf-01e4-4d7f-8343-1ff2b3917969 a350ba6e1ca342afa22e71d79003f762 bf764b5e16ab47289eef062ebdcda2e4 - - - -] 10.0.0.195 "DELETE /v2.0/ports/d9b90b81-1302-41e5-a216-7369930787c5 HTTP/1.1" status: 204 len: 168 time: 0.2798414
2026-07-24 18:44:10.959 10 INFO neutron.wsgi [None req-8656d3f0-a510-4005-9534-4fa131a914f0 a350ba6e1ca342afa22e71d79003f762 bf764b5e16ab47289eef062ebdcda2e4 - - - -] 10.0.0.195 "DELETE /v2.0/ports/a5fc69ff-fe80-43ca-8308-7c05bd694add HTTP/1.1" status: 204 len: 168 time: 0.2505217
2026-07-24 18:44:11.067 10 INFO neutron.db.ovn_revision_numbers_db [None req-bf576814-8021-4cf3-b349-4229e1db73b6 af6cf6b7229b4c9eace48dd4220164e4 8498dd98b53f466e81ae586547e94771 - - default default] Successfully bumped revision number for resource 811d272e-38cd-44e1-acd1-5cb19519ea9b (type: security_groups) to 1
2026-07-24 18:44:11.088 10 INFO neutron.wsgi [None req-bf576814-8021-4cf3-b349-4229e1db73b6 af6cf6b7229b4c9eace48dd4220164e4 8498dd98b53f466e81ae586547e94771 - - default default] 10.0.0.195 "GET /v2.0/security-groups?tenant_id=805f6b12a7a144258c95fdb50cd0d4b5&name=default HTTP/1.1" status: 200 len: 2996 time: 0.3018763
2026-07-24 18:44:11.205 9 INFO neutron.db.ovn_revision_numbers_db [None req-4fb3dabf-4edb-47d2-938c-af74f5fbfc99 af6cf6b7229b4c9eace48dd4220164e4 8498dd98b53f466e81ae586547e94771 - - default default] Successfully bumped revision number for resource fe1c2fa7-f476-4348-96d4-cda875ad1116 (type: security_groups) to 1
2026-07-24 18:44:11.275 9 INFO neutron.wsgi [None req-4fb3dabf-4edb-47d2-938c-af74f5fbfc99 af6cf6b7229b4c9eace48dd4220164e4 8498dd98b53f466e81ae586547e94771 - - default default] 10.0.0.195 "GET /v2.0/security-groups?tenant_id=af3323306cc54453a09d33875a453be4&name=default HTTP/1.1" status: 200 len: 2996 time: 0.3500535
2026-07-24 18:44:11.500 10 INFO neutron.wsgi [None req-ab7e3637-3af6-41f9-a4c5-c30c63f87daa af6cf6b7229b4c9eace48dd4220164e4 8498dd98b53f466e81ae586547e94771 - - - -] 10.0.0.195 "DELETE /v2.0/security-groups/fe1c2fa7-f476-4348-96d4-cda875ad1116 HTTP/1.1" status: 204 len: 168 time: 0.2187827
2026-07-24 18:44:11.531 9 INFO neutron.services.segments.plugin [-] Segment 856d24bb-c789-4df9-a12f-9a16af53076c resource provider aggregate not found
2026-07-24 18:44:11.581 9 INFO neutron.services.segments.plugin [-] Segment 856d24bb-c789-4df9-a12f-9a16af53076c resource provider aggregate not found
2026-07-24 18:44:11.589 9 INFO neutron.services.segments.plugin [-] Segment 856d24bb-c789-4df9-a12f-9a16af53076c resource provider not found; error: Placement Client Error (4xx): {"errors": [{"status": 404, "title": "Not Found", "detail": "The resource could not be found.\n\n No resource provider with uuid 856d24bb-c789-4df9-a12f-9a16af53076c found for delete ", "request_id": "req-567ccc1d-2243-4b68-b41e-6fd7ff25b4ee"}]}
2026-07-24 18:44:11.606 9 INFO neutron.wsgi [None req-eb3c28b5-da4c-41bd-ad2b-be73e807d513 af6cf6b7229b4c9eace48dd4220164e4 8498dd98b53f466e81ae586547e94771 - - - -] 10.0.0.195 "DELETE /v2.0/security-groups/811d272e-38cd-44e1-acd1-5cb19519ea9b HTTP/1.1" status: 204 len: 168 time: 0.5110216
2026-07-24 18:44:11.608 9 INFO neutron.services.segments.plugin [-] Segment 856d24bb-c789-4df9-a12f-9a16af53076c resource provider not found; error: Placement Client Error (4xx): {"errors": [{"status": 404, "title": "Not Found", "detail": "The resource could not be found.\n\n No resource provider with uuid 856d24bb-c789-4df9-a12f-9a16af53076c found for delete ", "request_id": "req-5b0609c4-eb74-4821-bce3-36db534daa3c"}]}
2026-07-24 18:44:11.664 9 INFO neutron.wsgi [None req-4593530b-cee2-4d48-b135-2bf60ff449ea a350ba6e1ca342afa22e71d79003f762 bf764b5e16ab47289eef062ebdcda2e4 - - - -] 10.0.0.195 "DELETE /v2.0/networks/2267559a-934f-45db-9b76-3823949c4c55 HTTP/1.1" status: 204 len: 168 time: 0.6974211
2026-07-24 18:44:11.736 9 INFO neutron.db.ovn_revision_numbers_db [None req-c3398b3d-7c9d-4262-b173-9488fad9529e 60bf963352f440fa92f582cde1c88928 af2899c90dba49f59f39dee7da2460d4 - - - -] Successfully bumped revision number for resource 0076fee6-535d-47c4-9049-7a1dd12afa6a (type: routers) to 1
2026-07-24 18:44:11.760 9 INFO neutron.wsgi [None req-c3398b3d-7c9d-4262-b173-9488fad9529e 60bf963352f440fa92f582cde1c88928 af2899c90dba49f59f39dee7da2460d4 - - - -] 10.0.0.195 "POST /v2.0/routers HTTP/1.1" status: 201 len: 654 time: 0.4187438
2026-07-24 18:44:11.799 10 INFO neutron.db.ovn_revision_numbers_db [None req-9c01bd86-9768-4786-8452-4f4ea9b91ce6 af6cf6b7229b4c9eace48dd4220164e4 8498dd98b53f466e81ae586547e94771 - - default default] Successfully bumped revision number for resource faeee635-0020-4118-bbbd-b7746718f8ae (type: security_groups) to 1
2026-07-24 18:44:11.823 10 INFO neutron.wsgi [None req-9c01bd86-9768-4786-8452-4f4ea9b91ce6 af6cf6b7229b4c9eace48dd4220164e4 8498dd98b53f466e81ae586547e94771 - - default default] 10.0.0.195 "GET /v2.0/security-groups?tenant_id=5b23b81fd3334dc9a09030b9adae9e66&name=default HTTP/1.1" status: 200 len: 2996 time: 0.1970968
2026-07-24 18:44:11.868 9 INFO neutron.wsgi [None req-7ca0670e-107a-42c3-a54f-fc7ad19302ca 60bf963352f440fa92f582cde1c88928 af2899c90dba49f59f39dee7da2460d4 - - - -] 10.0.0.195 "PUT /v2.0/routers/0076fee6-535d-47c4-9049-7a1dd12afa6a/tags HTTP/1.1" status: 200 len: 218 time: 0.0993128
2026-07-24 18:44:11.932 9 INFO neutron.wsgi [None req-9ec1eb32-b89f-4d06-9867-2efdee2925fe 60bf963352f440fa92f582cde1c88928 af2899c90dba49f59f39dee7da2460d4 - - default default] 10.0.0.195 "GET /v2.0/routers/0076fee6-535d-47c4-9049-7a1dd12afa6a/tags HTTP/1.1" status: 200 len: 218 time: 0.0586164
2026-07-24 18:44:12.003 9 INFO neutron.wsgi [None req-941f6faf-ac16-4851-adda-174c09ab1064 60bf963352f440fa92f582cde1c88928 af2899c90dba49f59f39dee7da2460d4 - - - -] 10.0.0.195 "PUT /v2.0/routers/0076fee6-535d-47c4-9049-7a1dd12afa6a/tags/green HTTP/1.1" status: 201 len: 201 time: 0.0629606
2026-07-24 18:44:12.065 9 INFO neutron.wsgi [None req-55992db0-9e36-47f6-a7c2-f4de213ca141 60bf963352f440fa92f582cde1c88928 af2899c90dba49f59f39dee7da2460d4 - - default default] 10.0.0.195 "GET /v2.0/routers/0076fee6-535d-47c4-9049-7a1dd12afa6a/tags HTTP/1.1" status: 200 len: 227 time: 0.0559323
2026-07-24 18:44:12.121 9 INFO neutron.wsgi [None req-b2b180c6-da56-430e-992c-6719e6d53d5c 60bf963352f440fa92f582cde1c88928 af2899c90dba49f59f39dee7da2460d4 - - - -] 10.0.0.195 "PUT /v2.0/routers/0076fee6-535d-47c4-9049-7a1dd12afa6a/tags/red HTTP/1.1" status: 201 len: 201 time: 0.0508914
2026-07-24 18:44:12.175 9 INFO neutron.wsgi [None req-47e043d1-2ec8-45fa-a759-3ffddbebf4cc 60bf963352f440fa92f582cde1c88928 af2899c90dba49f59f39dee7da2460d4 - - default default] 10.0.0.195 "GET /v2.0/routers/0076fee6-535d-47c4-9049-7a1dd12afa6a/tags HTTP/1.1" status: 200 len: 227 time: 0.0475731
2026-07-24 18:44:12.246 9 INFO neutron.wsgi [None req-cf94a80d-e90f-48b9-a230-ed8f8878e021 60bf963352f440fa92f582cde1c88928 af2899c90dba49f59f39dee7da2460d4 - - - -] 10.0.0.195 "PUT /v2.0/routers/0076fee6-535d-47c4-9049-7a1dd12afa6a/tags/black.or.white HTTP/1.1" status: 201 len: 201 time: 0.0633404
2026-07-24 18:44:12.311 9 INFO neutron.wsgi [None req-dd9c1aff-d757-4204-936c-5480729ab1f5 60bf963352f440fa92f582cde1c88928 af2899c90dba49f59f39dee7da2460d4 - - default default] 10.0.0.195 "GET /v2.0/routers/0076fee6-535d-47c4-9049-7a1dd12afa6a/tags HTTP/1.1" status: 200 len: 245 time: 0.0573356
2026-07-24 18:44:12.379 9 INFO neutron.wsgi [None req-137dd21b-65d4-46df-9364-24b357422474 60bf963352f440fa92f582cde1c88928 af2899c90dba49f59f39dee7da2460d4 - - - -] 10.0.0.195 "PUT /v2.0/routers/0076fee6-535d-47c4-9049-7a1dd12afa6a/tags HTTP/1.1" status: 200 len: 230 time: 0.0634108
2026-07-24 18:44:12.441 9 INFO neutron.wsgi [None req-2735a108-eed2-4e29-9b9d-ba53b4b15abc 60bf963352f440fa92f582cde1c88928 af2899c90dba49f59f39dee7da2460d4 - - default default] 10.0.0.195 "GET /v2.0/routers/0076fee6-535d-47c4-9049-7a1dd12afa6a/tags HTTP/1.1" status: 200 len: 230 time: 0.0570061
2026-07-24 18:44:12.462 10 INFO neutron.wsgi [None req-53156298-3089-4a80-8f51-9b6712854715 af6cf6b7229b4c9eace48dd4220164e4 8498dd98b53f466e81ae586547e94771 - - - -] 10.0.0.195 "DELETE /v2.0/security-groups/faeee635-0020-4118-bbbd-b7746718f8ae HTTP/1.1" status: 204 len: 168 time: 0.6308019
2026-07-24 18:44:12.476 10 INFO neutron.services.segments.plugin [-] Segment dd54a5df-f649-4389-bdf8-3c509ae38d21 resource provider aggregate not found
2026-07-24 18:44:12.480 10 INFO neutron.services.segments.plugin [-] Segment dd54a5df-f649-4389-bdf8-3c509ae38d21 resource provider aggregate not found
2026-07-24 18:44:12.499 10 INFO neutron.services.segments.plugin [-] Segment dd54a5df-f649-4389-bdf8-3c509ae38d21 resource provider not found; error: Placement Client Error (4xx): {"errors": [{"status": 404, "title": "Not Found", "detail": "The resource could not be found.\n\n No resource provider with uuid dd54a5df-f649-4389-bdf8-3c509ae38d21 found for delete ", "request_id": "req-f3c97165-1692-4c40-ada4-86cf60da44dc"}]}
2026-07-24 18:44:12.500 10 INFO neutron.services.segments.plugin [-] Segment dd54a5df-f649-4389-bdf8-3c509ae38d21 resource provider not found; error: Placement Client Error (4xx): {"errors": [{"status": 404, "title": "Not Found", "detail": "The resource could not be found.\n\n No resource provider with uuid dd54a5df-f649-4389-bdf8-3c509ae38d21 found for delete ", "request_id": "req-2a1f29df-1e61-448f-8ce4-1daff9f5d564"}]}
2026-07-24 18:44:12.504 9 INFO neutron.wsgi [None req-48ff0c55-18ca-4cd5-aedb-64285d481368 60bf963352f440fa92f582cde1c88928 af2899c90dba49f59f39dee7da2460d4 - - default default] 10.0.0.195 "GET /v2.0/routers/0076fee6-535d-47c4-9049-7a1dd12afa6a/tags/red HTTP/1.1" status: 204 len: 168 time: 0.0586896
2026-07-24 18:44:12.512 10 INFO neutron.wsgi [None req-ded516f6-a0ad-4912-9254-6058e8478440 a350ba6e1ca342afa22e71d79003f762 bf764b5e16ab47289eef062ebdcda2e4 - - - -] 10.0.0.195 "DELETE /v2.0/networks/75be06ab-0fc5-4c55-a4f1-611031285416 HTTP/1.1" status: 204 len: 168 time: 0.8374810
2026-07-24 18:44:12.573 9 INFO neutron.api.v2.resource [None req-794faf03-93bb-46d1-8674-17d9f448cc66 60bf963352f440fa92f582cde1c88928 af2899c90dba49f59f39dee7da2460d4 - - default default] show failed (client error): The resource could not be found.
2026-07-24 18:44:12.574 9 INFO neutron.wsgi [None req-794faf03-93bb-46d1-8674-17d9f448cc66 60bf963352f440fa92f582cde1c88928 af2899c90dba49f59f39dee7da2460d4 - - default default] 10.0.0.195 "GET /v2.0/routers/0076fee6-535d-47c4-9049-7a1dd12afa6a/tags/green HTTP/1.1" status: 404 len: 299 time: 0.0650396
2026-07-24 18:44:12.697 9 INFO neutron.wsgi [None req-8ea50a3a-e88f-4a77-99af-ad0010c9e012 60bf963352f440fa92f582cde1c88928 af2899c90dba49f59f39dee7da2460d4 - - - -] 10.0.0.195 "DELETE /v2.0/routers/0076fee6-535d-47c4-9049-7a1dd12afa6a/tags/red HTTP/1.1" status: 204 len: 168 time: 0.1153729
2026-07-24 18:44:12.777 9 INFO neutron.wsgi [None req-3f697e5a-4589-4fac-af0e-99a7508a6bdb 60bf963352f440fa92f582cde1c88928 af2899c90dba49f59f39dee7da2460d4 - - default default] 10.0.0.195 "GET /v2.0/routers/0076fee6-535d-47c4-9049-7a1dd12afa6a/tags HTTP/1.1" status: 200 len: 223 time: 0.0734642
2026-07-24 18:44:12.873 10 INFO neutron.api.v2.resource [None req-49afdf26-797d-4822-ab8e-caf27dd25ca7 60bf963352f440fa92f582cde1c88928 af2899c90dba49f59f39dee7da2460d4 - - - -] delete failed (client error): The resource could not be found.
2026-07-24 18:44:12.874 10 INFO neutron.wsgi [None req-49afdf26-797d-4822-ab8e-caf27dd25ca7 60bf963352f440fa92f582cde1c88928 af2899c90dba49f59f39dee7da2460d4 - - - -] 10.0.0.195 "DELETE /v2.0/routers/0076fee6-535d-47c4-9049-7a1dd12afa6a/tags/green HTTP/1.1" status: 404 len: 299 time: 0.0805237
2026-07-24 18:44:12.957 10 INFO neutron.wsgi [None req-8da1ec6b-f645-43e8-aa68-6416b9115ba8 60bf963352f440fa92f582cde1c88928 af2899c90dba49f59f39dee7da2460d4 - - - -] 10.0.0.195 "DELETE /v2.0/routers/0076fee6-535d-47c4-9049-7a1dd12afa6a/tags HTTP/1.1" status: 204 len: 168 time: 0.0777502
2026-07-24 18:44:13.026 10 INFO neutron.wsgi [None req-79bb4ab3-35b0-4cfa-90db-0bda615efe21 60bf963352f440fa92f582cde1c88928 af2899c90dba49f59f39dee7da2460d4 - - default default] 10.0.0.195 "GET /v2.0/routers/0076fee6-535d-47c4-9049-7a1dd12afa6a/tags HTTP/1.1" status: 200 len: 205 time: 0.0579109
2026-07-24 18:44:13.097 10 INFO neutron.wsgi [None req-2298772b-9cb9-4bea-81bc-5fb999605ed3 60bf963352f440fa92f582cde1c88928 af2899c90dba49f59f39dee7da2460d4 - - default default] 10.0.0.195 "GET /v2.0/routers/0076fee6-535d-47c4-9049-7a1dd12afa6a HTTP/1.1" status: 200 len: 655 time: 0.0635252
2026-07-24 18:44:13.208 9 INFO neutron.db.ovn_revision_numbers_db [None req-c9aac372-7b4a-4dbd-8e7f-34b829c9dea4 af6cf6b7229b4c9eace48dd4220164e4 8498dd98b53f466e81ae586547e94771 - - default default] Successfully bumped revision number for resource 6cbde646-d4c8-4360-8c51-ec47fc77f6cf (type: security_groups) to 1
2026-07-24 18:44:13.251 9 INFO neutron.wsgi [None req-c9aac372-7b4a-4dbd-8e7f-34b829c9dea4 af6cf6b7229b4c9eace48dd4220164e4 8498dd98b53f466e81ae586547e94771 - - default default] 10.0.0.195 "GET /v2.0/security-groups?tenant_id=eb014a1ab49b42079452f60e0ac0b0a6&name=default HTTP/1.1" status: 200 len: 2996 time: 0.6802969
2026-07-24 18:44:13.491 9 INFO neutron.wsgi [None req-3149302a-41f7-4374-bfe6-0a0334d87f34 a350ba6e1ca342afa22e71d79003f762 bf764b5e16ab47289eef062ebdcda2e4 - - - -] 10.0.0.195 "DELETE /v2.0/networks/23f4edb9-f507-47eb-8f10-6c295266031b HTTP/1.1" status: 204 len: 168 time: 0.9741802
2026-07-24 18:44:13.561 9 INFO neutron.wsgi [None req-bc6575b4-4a4d-4af2-92e6-57f17ff55475 af6cf6b7229b4c9eace48dd4220164e4 8498dd98b53f466e81ae586547e94771 - - - -] 10.0.0.195 "DELETE /v2.0/security-groups/6cbde646-d4c8-4360-8c51-ec47fc77f6cf HTTP/1.1" status: 204 len: 168 time: 0.3046954
2026-07-24 18:44:13.617 9 INFO neutron.services.segments.plugin [-] Segment c8b2a1bd-a3a0-499c-be79-4000a929cd7b resource provider aggregate not found
2026-07-24 18:44:13.637 9 INFO neutron.services.segments.plugin [-] Segment c8b2a1bd-a3a0-499c-be79-4000a929cd7b resource provider aggregate not found
2026-07-24 18:44:13.644 9 INFO neutron.services.segments.plugin [-] Segment c8b2a1bd-a3a0-499c-be79-4000a929cd7b resource provider not found; error: Placement Client Error (4xx): {"errors": [{"status": 404, "title": "Not Found", "detail": "The resource could not be found.\n\n No resource provider with uuid c8b2a1bd-a3a0-499c-be79-4000a929cd7b found for delete ", "request_id": "req-b4998419-19ff-43ae-b040-444ee2868131"}]}
2026-07-24 18:44:13.655 10 INFO neutron.db.ovn_revision_numbers_db [None req-bb412503-fd97-4d23-93ff-a9367bc2887f 60bf963352f440fa92f582cde1c88928 af2899c90dba49f59f39dee7da2460d4 - - - -] Successfully bumped revision number for resource 0076fee6-535d-47c4-9049-7a1dd12afa6a (type: routers) to 9
2026-07-24 18:44:13.660 10 INFO neutron.wsgi [None req-bb412503-fd97-4d23-93ff-a9367bc2887f 60bf963352f440fa92f582cde1c88928 af2899c90dba49f59f39dee7da2460d4 - - - -] 10.0.0.195 "PUT /v2.0/routers/0076fee6-535d-47c4-9049-7a1dd12afa6a HTTP/1.1" status: 200 len: 655 time: 0.5537965
2026-07-24 18:44:13.667 9 INFO neutron.services.segments.plugin [-] Segment c8b2a1bd-a3a0-499c-be79-4000a929cd7b resource provider not found; error: Placement Client Error (4xx): {"errors": [{"status": 404, "title": "Not Found", "detail": "The resource could not be found.\n\n No resource provider with uuid c8b2a1bd-a3a0-499c-be79-4000a929cd7b found for delete ", "request_id": "req-ef16bd06-944d-4dfd-89ca-ee0b933b9546"}]}
2026-07-24 18:44:13.702 10 INFO neutron.wsgi [None req-7dd14423-76bb-48c7-8309-a9042dce928d 60bf963352f440fa92f582cde1c88928 af2899c90dba49f59f39dee7da2460d4 - - default default] 10.0.0.195 "GET /v2.0/ports?device_id=0076fee6-535d-47c4-9049-7a1dd12afa6a HTTP/1.1" status: 200 len: 205 time: 0.0354486
2026-07-24 18:44:13.965 9 INFO neutron.wsgi [None req-85ffdf80-b306-4666-a027-8683c8be040f a350ba6e1ca342afa22e71d79003f762 bf764b5e16ab47289eef062ebdcda2e4 - - - -] 10.0.0.195 "DELETE /v2.0/networks/74f14634-a92f-47c5-a7ee-2c0c7480891e HTTP/1.1" status: 204 len: 168 time: 0.4639463
2026-07-24 18:44:13.977 10 INFO neutron.wsgi [None req-9451642a-4925-4626-81b5-abf9047232ea 60bf963352f440fa92f582cde1c88928 af2899c90dba49f59f39dee7da2460d4 - - - -] 10.0.0.195 "DELETE /v2.0/routers/0076fee6-535d-47c4-9049-7a1dd12afa6a HTTP/1.1" status: 204 len: 168 time: 0.2694523
2026-07-24 18:44:14.382 9 INFO neutron.wsgi [None req-52ffae37-4287-4acf-a61d-67ea7bcc36e1 a350ba6e1ca342afa22e71d79003f762 bf764b5e16ab47289eef062ebdcda2e4 - - - -] 10.0.0.195 "DELETE /v2.0/networks/a76a61f6-ef59-41c7-9d6d-fd89fedf1468 HTTP/1.1" status: 204 len: 168 time: 0.4069834
2026-07-24 18:44:15.032 9 INFO neutron.db.ovn_revision_numbers_db [None req-81e30097-2f2b-428e-ae8f-f9bd2020f6b9 af6cf6b7229b4c9eace48dd4220164e4 8498dd98b53f466e81ae586547e94771 - - default default] Successfully bumped revision number for resource 18b9e0cf-b4b3-4b3e-aa21-52277f94bda4 (type: security_groups) to 1
2026-07-24 18:44:15.055 9 INFO neutron.wsgi [None req-81e30097-2f2b-428e-ae8f-f9bd2020f6b9 af6cf6b7229b4c9eace48dd4220164e4 8498dd98b53f466e81ae586547e94771 - - default default] 10.0.0.195 "GET /v2.0/security-groups?tenant_id=af2899c90dba49f59f39dee7da2460d4&name=default HTTP/1.1" status: 200 len: 2996 time: 0.3353398
2026-07-24 18:44:15.295 9 INFO neutron.wsgi [None req-004e8d9a-0dec-4a4b-b9df-1308e2bf7bf3 af6cf6b7229b4c9eace48dd4220164e4 8498dd98b53f466e81ae586547e94771 - - - -] 10.0.0.195 "DELETE /v2.0/security-groups/18b9e0cf-b4b3-4b3e-aa21-52277f94bda4 HTTP/1.1" status: 204 len: 168 time: 0.2315745
2026-07-24 18:44:15.608 9 INFO neutron.db.ovn_revision_numbers_db [None req-1768c358-ddf5-4f40-8d0f-b046a9c61258 af6cf6b7229b4c9eace48dd4220164e4 8498dd98b53f466e81ae586547e94771 - - default default] Successfully bumped revision number for resource e875554c-82a1-4b34-880e-644079600913 (type: security_groups) to 1
2026-07-24 18:44:15.638 9 INFO neutron.wsgi [None req-1768c358-ddf5-4f40-8d0f-b046a9c61258 af6cf6b7229b4c9eace48dd4220164e4 8498dd98b53f466e81ae586547e94771 - - default default] 10.0.0.195 "GET /v2.0/security-groups?tenant_id=726ec55cc9b142c8849ac542a2aaa64f&name=default HTTP/1.1" status: 200 len: 2996 time: 0.1492870
2026-07-24 18:44:15.667 9 INFO neutron.services.segments.plugin [-] Segment 18f99aab-a1d3-463d-af1f-eaf9f7191122 resource provider aggregate not found
2026-07-24 18:44:15.697 9 INFO neutron.services.segments.plugin [-] Segment 18f99aab-a1d3-463d-af1f-eaf9f7191122 resource provider aggregate not found
2026-07-24 18:44:15.704 9 INFO neutron.services.segments.plugin [-] Segment 18f99aab-a1d3-463d-af1f-eaf9f7191122 resource provider not found; error: Placement Client Error (4xx): {"errors": [{"status": 404, "title": "Not Found", "detail": "The resource could not be found.\n\n No resource provider with uuid 18f99aab-a1d3-463d-af1f-eaf9f7191122 found for delete ", "request_id": "req-99f4f60b-689e-4ca7-9fd4-c660417e856c"}]}
2026-07-24 18:44:15.727 9 INFO neutron.services.segments.plugin [-] Segment 18f99aab-a1d3-463d-af1f-eaf9f7191122 resource provider not found; error: Placement Client Error (4xx): {"errors": [{"status": 404, "title": "Not Found", "detail": "The resource could not be found.\n\n No resource provider with uuid 18f99aab-a1d3-463d-af1f-eaf9f7191122 found for delete ", "request_id": "req-f9a10ba3-cc2a-4545-aedb-459152ddffd1"}]}
2026-07-24 18:44:15.735 9 INFO neutron.services.segments.plugin [-] Segment c60e6a85-33bd-4f9f-9d1b-2a0d30615f5d resource provider aggregate not found
2026-07-24 18:44:15.756 9 INFO neutron.services.segments.plugin [-] Segment c60e6a85-33bd-4f9f-9d1b-2a0d30615f5d resource provider aggregate not found
2026-07-24 18:44:15.767 9 INFO neutron.services.segments.plugin [-] Segment c60e6a85-33bd-4f9f-9d1b-2a0d30615f5d resource provider not found; error: Placement Client Error (4xx): {"errors": [{"status": 404, "title": "Not Found", "detail": "The resource could not be found.\n\n No resource provider with uuid c60e6a85-33bd-4f9f-9d1b-2a0d30615f5d found for delete ", "request_id": "req-cc3dacd7-8d8b-4229-9117-cf5f1f0df889"}]}
2026-07-24 18:44:15.781 9 INFO neutron.services.segments.plugin [-] Segment c60e6a85-33bd-4f9f-9d1b-2a0d30615f5d resource provider not found; error: Placement Client Error (4xx): {"errors": [{"status": 404, "title": "Not Found", "detail": "The resource could not be found.\n\n No resource provider with uuid c60e6a85-33bd-4f9f-9d1b-2a0d30615f5d found for delete ", "request_id": "req-56f0bf60-bb63-46f0-b51b-ca38f6f356e4"}]}
2026-07-24 18:44:15.822 10 INFO neutron.wsgi [None req-971694c8-f774-447d-8f1c-8ba0481a8196 af6cf6b7229b4c9eace48dd4220164e4 8498dd98b53f466e81ae586547e94771 - - default default] 10.0.0.195 "GET /v2.0/security-groups?tenant_id=bf764b5e16ab47289eef062ebdcda2e4&name=default HTTP/1.1" status: 200 len: 2996 time: 0.4741311
2026-07-24 18:44:15.948 9 INFO neutron.wsgi [None req-6899aa2b-254d-4a70-99de-22362215fbf9 af6cf6b7229b4c9eace48dd4220164e4 8498dd98b53f466e81ae586547e94771 - - - -] 10.0.0.195 "DELETE /v2.0/security-groups/e875554c-82a1-4b34-880e-644079600913 HTTP/1.1" status: 204 len: 168 time: 0.2968557
2026-07-24 18:44:16.047 10 INFO neutron.wsgi [None req-f1785219-db50-4c7b-aafa-9a75f5c8abee af6cf6b7229b4c9eace48dd4220164e4 8498dd98b53f466e81ae586547e94771 - - - -] 10.0.0.195 "DELETE /v2.0/security-groups/3f007a9c-a7e4-48e6-9b1e-a1ed53a5272f HTTP/1.1" status: 204 len: 168 time: 0.2185214
2026-07-24 18:44:16.337 10 INFO neutron.db.ovn_revision_numbers_db [None req-891a9a66-358e-4538-ac21-410f5c476e71 af6cf6b7229b4c9eace48dd4220164e4 8498dd98b53f466e81ae586547e94771 - - default default] Successfully bumped revision number for resource 2d68cd1c-f3ae-4486-aef0-136b0d827c10 (type: security_groups) to 1
2026-07-24 18:44:16.363 10 INFO neutron.wsgi [None req-891a9a66-358e-4538-ac21-410f5c476e71 af6cf6b7229b4c9eace48dd4220164e4 8498dd98b53f466e81ae586547e94771 - - default default] 10.0.0.195 "GET /v2.0/security-groups?tenant_id=19745f78391f4ee18c0d8e26a98d8fe7&name=default HTTP/1.1" status: 200 len: 2996 time: 0.1255627
2026-07-24 18:44:16.579 10 INFO neutron.wsgi [None req-1fd44e90-6da1-4019-8119-4438618408e0 af6cf6b7229b4c9eace48dd4220164e4 8498dd98b53f466e81ae586547e94771 - - - -] 10.0.0.195 "DELETE /v2.0/security-groups/2d68cd1c-f3ae-4486-aef0-136b0d827c10 HTTP/1.1" status: 204 len: 168 time: 0.2112315
2026-07-24 18:44:16.909 10 INFO neutron.db.ovn_revision_numbers_db [None req-677989f1-418b-48a2-a88a-fc9985a786a2 af6cf6b7229b4c9eace48dd4220164e4 8498dd98b53f466e81ae586547e94771 - - default default] Successfully bumped revision number for resource 4d406212-6d68-4123-90da-15219a9d16d1 (type: security_groups) to 1
2026-07-24 18:44:16.955 10 INFO neutron.wsgi [None req-677989f1-418b-48a2-a88a-fc9985a786a2 af6cf6b7229b4c9eace48dd4220164e4 8498dd98b53f466e81ae586547e94771 - - default default] 10.0.0.195 "GET /v2.0/security-groups?tenant_id=19addc2cb5894fd4a4833f981b0b9787&name=default HTTP/1.1" status: 200 len: 2996 time: 0.1609261
2026-07-24 18:44:17.191 10 INFO neutron.wsgi [None req-63091077-fed6-4d0a-a45a-cd0886997e97 af6cf6b7229b4c9eace48dd4220164e4 8498dd98b53f466e81ae586547e94771 - - - -] 10.0.0.195 "DELETE /v2.0/security-groups/4d406212-6d68-4123-90da-15219a9d16d1 HTTP/1.1" status: 204 len: 168 time: 0.2291739
2026-07-24 18:44:17.353 9 INFO neutron.db.ovn_revision_numbers_db [None req-8a9bcbbf-4793-491d-a669-d64901909735 af6cf6b7229b4c9eace48dd4220164e4 8498dd98b53f466e81ae586547e94771 - - default default] Successfully bumped revision number for resource 0e1c5fdc-3f3f-4d25-b5c4-dedd87ee2b41 (type: security_groups) to 1
2026-07-24 18:44:17.374 9 INFO neutron.wsgi [None req-8a9bcbbf-4793-491d-a669-d64901909735 af6cf6b7229b4c9eace48dd4220164e4 8498dd98b53f466e81ae586547e94771 - - default default] 10.0.0.195 "GET /v2.0/security-groups?tenant_id=665a8ecb221e442e848e4ff5e6a5a8d5&name=default HTTP/1.1" status: 200 len: 2996 time: 0.3035724
2026-07-24 18:44:17.559 9 INFO neutron.wsgi [None req-2d68ff24-3243-48b6-a795-3229dbe5119b af6cf6b7229b4c9eace48dd4220164e4 8498dd98b53f466e81ae586547e94771 - - - -] 10.0.0.195 "DELETE /v2.0/security-groups/0e1c5fdc-3f3f-4d25-b5c4-dedd87ee2b41 HTTP/1.1" status: 204 len: 168 time: 0.1785901
2026-07-24 18:44:17.822 9 INFO neutron.db.ovn_revision_numbers_db [None req-4809daf3-0538-47f3-a2ad-03f07aba3ff1 af6cf6b7229b4c9eace48dd4220164e4 8498dd98b53f466e81ae586547e94771 - - default default] Successfully bumped revision number for resource 80d5292d-f9d4-4525-af24-187e8400c5e3 (type: security_groups) to 1
2026-07-24 18:44:17.863 9 INFO neutron.wsgi [None req-4809daf3-0538-47f3-a2ad-03f07aba3ff1 af6cf6b7229b4c9eace48dd4220164e4 8498dd98b53f466e81ae586547e94771 - - default default] 10.0.0.195 "GET /v2.0/security-groups?tenant_id=24307a7713fa4686968a51ab84b3dad9&name=default HTTP/1.1" status: 200 len: 2996 time: 0.1305244
2026-07-24 18:44:18.063 9 INFO neutron.wsgi [None req-7010df5c-d627-496d-b35a-d27b4e9ff225 af6cf6b7229b4c9eace48dd4220164e4 8498dd98b53f466e81ae586547e94771 - - - -] 10.0.0.195 "DELETE /v2.0/security-groups/80d5292d-f9d4-4525-af24-187e8400c5e3 HTTP/1.1" status: 204 len: 168 time: 0.1959884
2026-07-24 18:44:18.553 10 INFO neutron.wsgi [None req-5ee80cae-85b4-4e39-8579-fd3273a9e9e8 90d8b797f3704f7b921122b86d6c4e00 fce23310944145ff9c0ec62b78a14732 - - - -] 10.0.0.195 "POST /v2.0/subnetpools HTTP/1.1" status: 201 len: 715 time: 0.1940696
2026-07-24 18:44:18.641 10 INFO neutron.wsgi [None req-4b358a4a-b53f-4d79-abce-6fd8952e833b 90d8b797f3704f7b921122b86d6c4e00 fce23310944145ff9c0ec62b78a14732 - - - -] 10.0.0.195 "POST /v2.0/subnetpools HTTP/1.1" status: 201 len: 715 time: 0.0815327
2026-07-24 18:44:18.739 10 INFO neutron.wsgi [None req-0ef6c80c-9ab3-4a2d-829e-02e794f7c7a1 90d8b797f3704f7b921122b86d6c4e00 fce23310944145ff9c0ec62b78a14732 - - - -] 10.0.0.195 "POST /v2.0/subnetpools HTTP/1.1" status: 201 len: 715 time: 0.0926971
2026-07-24 18:44:18.803 10 INFO neutron.wsgi [None req-6f53cb73-4015-4515-a6f0-b8f23838b639 90d8b797f3704f7b921122b86d6c4e00 fce23310944145ff9c0ec62b78a14732 - - - -] 10.0.0.195 "POST /v2.0/subnetpools HTTP/1.1" status: 201 len: 715 time: 0.0591483
2026-07-24 18:44:18.883 10 INFO neutron.wsgi [None req-2c9c1818-a2b1-4196-b278-b3ee1bf3b0d2 90d8b797f3704f7b921122b86d6c4e00 fce23310944145ff9c0ec62b78a14732 - - - -] 10.0.0.195 "POST /v2.0/subnetpools HTTP/1.1" status: 201 len: 715 time: 0.0678542
2026-07-24 18:44:18.927 10 INFO neutron.wsgi [None req-33dad010-47e2-4f3f-ba36-72fef82f562a 90d8b797f3704f7b921122b86d6c4e00 fce23310944145ff9c0ec62b78a14732 - - - -] 10.0.0.195 "PUT /v2.0/subnetpools/bfd66cbc-2e77-412d-b3e2-843d7d265f25/tags HTTP/1.1" status: 200 len: 210 time: 0.0385802
2026-07-24 18:44:18.965 10 INFO neutron.wsgi [None req-8e813b20-77d9-45a4-bca4-d989350adda2 90d8b797f3704f7b921122b86d6c4e00 fce23310944145ff9c0ec62b78a14732 - - - -] 10.0.0.195 "PUT /v2.0/subnetpools/9b8f11e3-9a77-4a3a-8e76-54d6ba3da737/tags HTTP/1.1" status: 200 len: 218 time: 0.0308738
2026-07-24 18:44:19.002 10 INFO neutron.wsgi [None req-b3516a17-04fd-4a94-b4a3-2536bee903bd 90d8b797f3704f7b921122b86d6c4e00 fce23310944145ff9c0ec62b78a14732 - - - -] 10.0.0.195 "PUT /v2.0/subnetpools/70d3ce11-5827-4c94-ba54-528ede9d3809/tags HTTP/1.1" status: 200 len: 227 time: 0.0328500
2026-07-24 18:44:19.038 10 INFO neutron.wsgi [None req-d236de24-a84a-4a16-9ffa-51dc1ecbe229 90d8b797f3704f7b921122b86d6c4e00 fce23310944145ff9c0ec62b78a14732 - - - -] 10.0.0.195 "PUT /v2.0/subnetpools/bb4cf919-fa19-4e60-89e3-f0f88618e6ce/tags HTTP/1.1" status: 200 len: 212 time: 0.0308235
2026-07-24 18:44:19.075 10 INFO neutron.wsgi [None req-b3cc2995-600e-44c6-9350-683b6d5eccd3 90d8b797f3704f7b921122b86d6c4e00 fce23310944145ff9c0ec62b78a14732 - - default default] 10.0.0.195 "GET /v2.0/subnetpools?tags=red HTTP/1.1" status: 200 len: 1758 time: 0.0312436
2026-07-24 18:44:19.118 10 INFO neutron.wsgi [None req-ddfe911d-0c81-4b95-8e27-a67d3ebbab5b 90d8b797f3704f7b921122b86d6c4e00 fce23310944145ff9c0ec62b78a14732 - - default default] 10.0.0.195 "GET /v2.0/subnetpools?tags=red%2Cblue HTTP/1.1" status: 200 len: 1251 time: 0.0337117
2026-07-24 18:44:19.158 10 INFO neutron.wsgi [None req-c1ba1435-0e45-4a9e-8f40-1f98ddd4b4ec 90d8b797f3704f7b921122b86d6c4e00 fce23310944145ff9c0ec62b78a14732 - - default default] 10.0.0.195 "GET /v2.0/subnetpools?tags-any=blue HTTP/1.1" status: 200 len: 1251 time: 0.0327415
2026-07-24 18:44:19.188 10 INFO neutron.wsgi [None req-fd06ed70-0c89-441d-b907-6581dc272aff 90d8b797f3704f7b921122b86d6c4e00 fce23310944145ff9c0ec62b78a14732 - - default default] 10.0.0.195 "GET /v2.0/subnetpools?tags-any=red%2Cblue HTTP/1.1" status: 200 len: 1758 time: 0.0242479
2026-07-24 18:44:19.225 10 INFO neutron.wsgi [None req-8dcf3be7-0d63-4c70-83b6-dd10cf7eac5f 90d8b797f3704f7b921122b86d6c4e00 fce23310944145ff9c0ec62b78a14732 - - default default] 10.0.0.195 "GET /v2.0/subnetpools?not-tags=red HTTP/1.1" status: 200 len: 1223 time: 0.0314384
2026-07-24 18:44:19.266 10 INFO neutron.wsgi [None req-ccf63e21-8871-4884-9ba7-00c4328f9e72 90d8b797f3704f7b921122b86d6c4e00 fce23310944145ff9c0ec62b78a14732 - - default default] 10.0.0.195 "GET /v2.0/subnetpools?not-tags=red%2Cblue HTTP/1.1" status: 200 len: 1730 time: 0.0347941
2026-07-24 18:44:19.306 10 INFO neutron.wsgi [None req-c3cc502d-fdab-47a6-aa80-7488bfbca476 90d8b797f3704f7b921122b86d6c4e00 fce23310944145ff9c0ec62b78a14732 - - default default] 10.0.0.195 "GET /v2.0/subnetpools?not-tags-any=blue HTTP/1.1" status: 200 len: 1730 time: 0.0326383
2026-07-24 18:44:19.344 10 INFO neutron.wsgi [None req-6fb892f8-887f-43fd-9582-aa575c854696 90d8b797f3704f7b921122b86d6c4e00 fce23310944145ff9c0ec62b78a14732 - - default default] 10.0.0.195 "GET /v2.0/subnetpools?not-tags-any=red%2Cblue HTTP/1.1" status: 200 len: 1223 time: 0.0339022
2026-07-24 18:44:19.407 10 INFO neutron.wsgi [None req-b61b7fd2-33b5-4310-a509-17eecbf4b546 90d8b797f3704f7b921122b86d6c4e00 fce23310944145ff9c0ec62b78a14732 - - - -] 10.0.0.195 "DELETE /v2.0/subnetpools/bfd66cbc-2e77-412d-b3e2-843d7d265f25 HTTP/1.1" status: 204 len: 168 time: 0.0552108
2026-07-24 18:44:19.467 10 INFO neutron.wsgi [None req-1e6f09d9-abbb-4db1-b757-9cdb91d3a4a4 90d8b797f3704f7b921122b86d6c4e00 fce23310944145ff9c0ec62b78a14732 - - - -] 10.0.0.195 "DELETE /v2.0/subnetpools/9b8f11e3-9a77-4a3a-8e76-54d6ba3da737 HTTP/1.1" status: 204 len: 168 time: 0.0552404
2026-07-24 18:44:19.540 10 INFO neutron.wsgi [None req-f1d605b5-d96d-46f6-bcbd-3595fee3214d 90d8b797f3704f7b921122b86d6c4e00 fce23310944145ff9c0ec62b78a14732 - - - -] 10.0.0.195 "DELETE /v2.0/subnetpools/70d3ce11-5827-4c94-ba54-528ede9d3809 HTTP/1.1" status: 204 len: 168 time: 0.0673435
2026-07-24 18:44:19.613 10 INFO neutron.wsgi [None req-a1d0177f-d540-4cb2-8d79-e4cfab539106 90d8b797f3704f7b921122b86d6c4e00 fce23310944145ff9c0ec62b78a14732 - - - -] 10.0.0.195 "DELETE /v2.0/subnetpools/bb4cf919-fa19-4e60-89e3-f0f88618e6ce HTTP/1.1" status: 204 len: 168 time: 0.0645087
2026-07-24 18:44:19.718 10 INFO neutron.wsgi [None req-da2f3bca-f7f6-4a46-9383-4a91bf876c74 90d8b797f3704f7b921122b86d6c4e00 fce23310944145ff9c0ec62b78a14732 - - - -] 10.0.0.195 "DELETE /v2.0/subnetpools/1dde264e-ee54-44f1-a041-1ab5e381b0ba HTTP/1.1" status: 204 len: 168 time: 0.0959871
2026-07-24 18:44:19.903 9 INFO neutron.wsgi [None req-a9c2c2df-90ea-46d6-8a2e-75d148ea250c 1a713306c45f4ef696a7f3fc6da27356 bdfe8aa839a04c639d8be5e6fdaec9ee - - - -] 10.0.0.195 "POST /v2.0/subnetpools HTTP/1.1" status: 201 len: 715 time: 0.2185955
2026-07-24 18:44:19.950 9 INFO neutron.wsgi [None req-bfd92c02-96fe-43c8-858c-73f2188e17c4 1a713306c45f4ef696a7f3fc6da27356 bdfe8aa839a04c639d8be5e6fdaec9ee - - - -] 10.0.0.195 "PUT /v2.0/subnetpools/9c9f7294-16cb-49fe-ae2c-5c947f7ec75f/tags HTTP/1.1" status: 200 len: 218 time: 0.0409782
2026-07-24 18:44:19.974 9 INFO neutron.wsgi [None req-6c5c96a5-5c0c-441d-bf82-8223117bbae8 1a713306c45f4ef696a7f3fc6da27356 bdfe8aa839a04c639d8be5e6fdaec9ee - - default default] 10.0.0.195 "GET /v2.0/subnetpools/9c9f7294-16cb-49fe-ae2c-5c947f7ec75f/tags HTTP/1.1" status: 200 len: 218 time: 0.0197370
2026-07-24 18:44:20.007 9 INFO neutron.wsgi [None req-d00b77f4-d06d-4f28-8ab3-a447fbde1cb6 1a713306c45f4ef696a7f3fc6da27356 bdfe8aa839a04c639d8be5e6fdaec9ee - - - -] 10.0.0.195 "PUT /v2.0/subnetpools/9c9f7294-16cb-49fe-ae2c-5c947f7ec75f/tags/green HTTP/1.1" status: 201 len: 201 time: 0.0282955
2026-07-24 18:44:20.028 9 INFO neutron.wsgi [None req-db516009-d3cd-43c0-9730-627fc76be6f5 1a713306c45f4ef696a7f3fc6da27356 bdfe8aa839a04c639d8be5e6fdaec9ee - - default default] 10.0.0.195 "GET /v2.0/subnetpools/9c9f7294-16cb-49fe-ae2c-5c947f7ec75f/tags HTTP/1.1" status: 200 len: 227 time: 0.0145442
2026-07-24 18:44:20.047 9 INFO neutron.wsgi [None req-72f9ee3c-f01f-4119-b4e3-8a79660068c7 1a713306c45f4ef696a7f3fc6da27356 bdfe8aa839a04c639d8be5e6fdaec9ee - - - -] 10.0.0.195 "PUT /v2.0/subnetpools/9c9f7294-16cb-49fe-ae2c-5c947f7ec75f/tags/red HTTP/1.1" status: 201 len: 201 time: 0.0162971
2026-07-24 18:44:20.071 9 INFO neutron.wsgi [None req-ecac8fb1-b59d-4750-8497-56a4c4a0386f 1a713306c45f4ef696a7f3fc6da27356 bdfe8aa839a04c639d8be5e6fdaec9ee - - default default] 10.0.0.195 "GET /v2.0/subnetpools/9c9f7294-16cb-49fe-ae2c-5c947f7ec75f/tags HTTP/1.1" status: 200 len: 227 time: 0.0192239
2026-07-24 18:44:20.103 9 INFO neutron.wsgi [None req-48ec0217-8ab2-4dcf-8e9a-a0bddc71c552 1a713306c45f4ef696a7f3fc6da27356 bdfe8aa839a04c639d8be5e6fdaec9ee - - - -] 10.0.0.195 "PUT /v2.0/subnetpools/9c9f7294-16cb-49fe-ae2c-5c947f7ec75f/tags/black.or.white HTTP/1.1" status: 201 len: 201 time: 0.0280423
2026-07-24 18:44:20.136 9 INFO neutron.wsgi [None req-671c425f-a93f-40e0-bec4-393202632bce 1a713306c45f4ef696a7f3fc6da27356 bdfe8aa839a04c639d8be5e6fdaec9ee - - default default] 10.0.0.195 "GET /v2.0/subnetpools/9c9f7294-16cb-49fe-ae2c-5c947f7ec75f/tags HTTP/1.1" status: 200 len: 245 time: 0.0296566
2026-07-24 18:44:20.177 9 INFO neutron.wsgi [None req-0c13272b-9e49-438d-9460-ca5e1ea6d3fc 1a713306c45f4ef696a7f3fc6da27356 bdfe8aa839a04c639d8be5e6fdaec9ee - - - -] 10.0.0.195 "PUT /v2.0/subnetpools/9c9f7294-16cb-49fe-ae2c-5c947f7ec75f/tags HTTP/1.1" status: 200 len: 230 time: 0.0349216
2026-07-24 18:44:20.204 9 INFO neutron.wsgi [None req-e2ea0b8f-537a-4c95-8278-438a7b45ea66 1a713306c45f4ef696a7f3fc6da27356 bdfe8aa839a04c639d8be5e6fdaec9ee - - default default] 10.0.0.195 "GET /v2.0/subnetpools/9c9f7294-16cb-49fe-ae2c-5c947f7ec75f/tags HTTP/1.1" status: 200 len: 230 time: 0.0223730
2026-07-24 18:44:20.227 9 INFO neutron.wsgi [None req-e293d045-328f-4621-8b73-55bd24b8480a 1a713306c45f4ef696a7f3fc6da27356 bdfe8aa839a04c639d8be5e6fdaec9ee - - default default] 10.0.0.195 "GET /v2.0/subnetpools/9c9f7294-16cb-49fe-ae2c-5c947f7ec75f/tags/red HTTP/1.1" status: 204 len: 168 time: 0.0164764
2026-07-24 18:44:20.251 9 INFO neutron.api.v2.resource [None req-33452f36-93c1-4304-a6a8-343edcefd099 1a713306c45f4ef696a7f3fc6da27356 bdfe8aa839a04c639d8be5e6fdaec9ee - - default default] show failed (client error): The resource could not be found.
2026-07-24 18:44:20.252 9 INFO neutron.wsgi [None req-33452f36-93c1-4304-a6a8-343edcefd099 1a713306c45f4ef696a7f3fc6da27356 bdfe8aa839a04c639d8be5e6fdaec9ee - - default default] 10.0.0.195 "GET /v2.0/subnetpools/9c9f7294-16cb-49fe-ae2c-5c947f7ec75f/tags/green HTTP/1.1" status: 404 len: 299 time: 0.0191867
2026-07-24 18:44:20.286 9 INFO neutron.wsgi [None req-a507011d-b840-460f-b5c8-18aaefcc38f0 1a713306c45f4ef696a7f3fc6da27356 bdfe8aa839a04c639d8be5e6fdaec9ee - - - -] 10.0.0.195 "DELETE /v2.0/subnetpools/9c9f7294-16cb-49fe-ae2c-5c947f7ec75f/tags/red HTTP/1.1" status: 204 len: 168 time: 0.0280550
2026-07-24 18:44:20.313 9 INFO neutron.wsgi [None req-bba75014-9886-4c96-b444-00ca7d2cdd5b 1a713306c45f4ef696a7f3fc6da27356 bdfe8aa839a04c639d8be5e6fdaec9ee - - default default] 10.0.0.195 "GET /v2.0/subnetpools/9c9f7294-16cb-49fe-ae2c-5c947f7ec75f/tags HTTP/1.1" status: 200 len: 223 time: 0.0185328
2026-07-24 18:44:20.341 9 INFO neutron.api.v2.resource [None req-ba0f4544-474f-43cd-9eb3-e08495ffe7f6 1a713306c45f4ef696a7f3fc6da27356 bdfe8aa839a04c639d8be5e6fdaec9ee - - - -] delete failed (client error): The resource could not be found.
2026-07-24 18:44:20.342 9 INFO neutron.wsgi [None req-ba0f4544-474f-43cd-9eb3-e08495ffe7f6 1a713306c45f4ef696a7f3fc6da27356 bdfe8aa839a04c639d8be5e6fdaec9ee - - - -] 10.0.0.195 "DELETE /v2.0/subnetpools/9c9f7294-16cb-49fe-ae2c-5c947f7ec75f/tags/green HTTP/1.1" status: 404 len: 299 time: 0.0240409
2026-07-24 18:44:20.381 9 INFO neutron.wsgi [None req-8e9a0930-6ed5-49e5-8803-cb1de49c2b34 1a713306c45f4ef696a7f3fc6da27356 bdfe8aa839a04c639d8be5e6fdaec9ee - - - -] 10.0.0.195 "DELETE /v2.0/subnetpools/9c9f7294-16cb-49fe-ae2c-5c947f7ec75f/tags HTTP/1.1" status: 204 len: 168 time: 0.0325205
2026-07-24 18:44:20.419 9 INFO neutron.wsgi [None req-a9176345-ec1a-44da-a517-d0d197fa94e6 1a713306c45f4ef696a7f3fc6da27356 bdfe8aa839a04c639d8be5e6fdaec9ee - - default default] 10.0.0.195 "GET /v2.0/subnetpools/9c9f7294-16cb-49fe-ae2c-5c947f7ec75f/tags HTTP/1.1" status: 200 len: 205 time: 0.0313425
2026-07-24 18:44:20.489 9 INFO neutron.wsgi [None req-09941f7b-f097-4bb3-a5b3-b63163461a4b 1a713306c45f4ef696a7f3fc6da27356 bdfe8aa839a04c639d8be5e6fdaec9ee - - - -] 10.0.0.195 "DELETE /v2.0/subnetpools/9c9f7294-16cb-49fe-ae2c-5c947f7ec75f HTTP/1.1" status: 204 len: 168 time: 0.0589430
2026-07-24 18:44:20.822 10 INFO neutron.db.ovn_revision_numbers_db [None req-656de221-0e2d-4ed3-a8f4-ae57e683733d af6cf6b7229b4c9eace48dd4220164e4 8498dd98b53f466e81ae586547e94771 - - default default] Successfully bumped revision number for resource 8c420a89-5552-4f00-9bfd-91ace0c05bc9 (type: security_groups) to 1
2026-07-24 18:44:20.858 10 INFO neutron.wsgi [None req-656de221-0e2d-4ed3-a8f4-ae57e683733d af6cf6b7229b4c9eace48dd4220164e4 8498dd98b53f466e81ae586547e94771 - - default default] 10.0.0.195 "GET /v2.0/security-groups?tenant_id=fce23310944145ff9c0ec62b78a14732&name=default HTTP/1.1" status: 200 len: 2996 time: 0.2714305
2026-07-24 18:44:21.038 10 WARNING neutron.scheduler.dhcp_agent_scheduler [None req-ebd52848-76ce-4a3b-b284-fcd4855b0f3b 454ef147a3094f5fbbc1d6db3ca5dbf3 6e53c594b89c4e5492534b1e28749be3 - - - -] No more DHCP agents
2026-07-24 18:44:21.040 10 WARNING neutron.api.rpc.agentnotifiers.dhcp_rpc_agent_api [None req-ebd52848-76ce-4a3b-b284-fcd4855b0f3b 454ef147a3094f5fbbc1d6db3ca5dbf3 6e53c594b89c4e5492534b1e28749be3 - - - -] Unable to schedule network 9edd62f8-6081-4780-bbb7-f7b6619461a6: no agents available; will retry on subsequent port and subnet creation events.
2026-07-24 18:44:21.093 9 INFO neutron.wsgi [None req-16b5f01c-9d1c-4cf9-8280-ee16a73a9698 af6cf6b7229b4c9eace48dd4220164e4 8498dd98b53f466e81ae586547e94771 - - - -] 10.0.0.195 "DELETE /v2.0/security-groups/8c420a89-5552-4f00-9bfd-91ace0c05bc9 HTTP/1.1" status: 204 len: 168 time: 0.2284272
2026-07-24 18:44:21.380 9 INFO neutron.db.ovn_revision_numbers_db [None req-75aa090a-af7b-4c12-9637-8672a0c16c85 af6cf6b7229b4c9eace48dd4220164e4 8498dd98b53f466e81ae586547e94771 - - default default] Successfully bumped revision number for resource d6447ede-7a4b-49b6-ab04-630702fc3a2a (type: security_groups) to 1
2026-07-24 18:44:21.406 9 INFO neutron.wsgi [None req-75aa090a-af7b-4c12-9637-8672a0c16c85 af6cf6b7229b4c9eace48dd4220164e4 8498dd98b53f466e81ae586547e94771 - - default default] 10.0.0.195 "GET /v2.0/security-groups?tenant_id=1666a135befa4dec90c83b5f8d30461e&name=default HTTP/1.1" status: 200 len: 2996 time: 0.1396821
2026-07-24 18:44:21.429 10 INFO neutron.db.ovn_revision_numbers_db [None req-ebd52848-76ce-4a3b-b284-fcd4855b0f3b 454ef147a3094f5fbbc1d6db3ca5dbf3 6e53c594b89c4e5492534b1e28749be3 - - - -] Successfully bumped revision number for resource e3a5fdfa-8254-4025-9af6-392179ba3109 (type: floatingips) to 0
2026-07-24 18:44:21.442 10 INFO neutron.wsgi [None req-ebd52848-76ce-4a3b-b284-fcd4855b0f3b 454ef147a3094f5fbbc1d6db3ca5dbf3 6e53c594b89c4e5492534b1e28749be3 - - - -] 10.0.0.195 "POST /v2.0/floatingips HTTP/1.1" status: 201 len: 751 time: 1.0161259
2026-07-24 18:44:21.496 10 INFO neutron.wsgi [None req-94959060-4bc8-4fd5-b94e-2fe07d960c8a 454ef147a3094f5fbbc1d6db3ca5dbf3 6e53c594b89c4e5492534b1e28749be3 - - - -] 10.0.0.195 "PUT /v2.0/floatingips/e3a5fdfa-8254-4025-9af6-392179ba3109/tags HTTP/1.1" status: 200 len: 218 time: 0.0476875
2026-07-24 18:44:21.535 10 INFO neutron.wsgi [None req-26623e6f-bea8-4f23-957e-962a4867aaf6 454ef147a3094f5fbbc1d6db3ca5dbf3 6e53c594b89c4e5492534b1e28749be3 - - default default] 10.0.0.195 "GET /v2.0/floatingips/e3a5fdfa-8254-4025-9af6-392179ba3109/tags HTTP/1.1" status: 200 len: 218 time: 0.0319254
2026-07-24 18:44:21.597 10 INFO neutron.wsgi [None req-dfc794b8-9fb7-4dfb-b894-428ed22841e2 454ef147a3094f5fbbc1d6db3ca5dbf3 6e53c594b89c4e5492534b1e28749be3 - - - -] 10.0.0.195 "PUT /v2.0/floatingips/e3a5fdfa-8254-4025-9af6-392179ba3109/tags/green HTTP/1.1" status: 201 len: 201 time: 0.0556028
2026-07-24 18:44:21.599 9 INFO neutron.db.ovn_revision_numbers_db [None req-614dd32c-eb2e-47dc-a9b2-9097397d3921 af6cf6b7229b4c9eace48dd4220164e4 8498dd98b53f466e81ae586547e94771 - - default default] Successfully bumped revision number for resource 65aeb857-c36d-41ed-8c80-b2276416c203 (type: security_groups) to 1
2026-07-24 18:44:21.632 9 INFO neutron.wsgi [None req-614dd32c-eb2e-47dc-a9b2-9097397d3921 af6cf6b7229b4c9eace48dd4220164e4 8498dd98b53f466e81ae586547e94771 - - default default] 10.0.0.195 "GET /v2.0/security-groups?tenant_id=bdfe8aa839a04c639d8be5e6fdaec9ee&name=default HTTP/1.1" status: 200 len: 2996 time: 0.4281068
2026-07-24 18:44:21.636 10 INFO neutron.wsgi [None req-b9068002-7850-4554-a95b-790b3ab321ea 454ef147a3094f5fbbc1d6db3ca5dbf3 6e53c594b89c4e5492534b1e28749be3 - - default default] 10.0.0.195 "GET /v2.0/floatingips/e3a5fdfa-8254-4025-9af6-392179ba3109/tags HTTP/1.1" status: 200 len: 227 time: 0.0331912
2026-07-24 18:44:21.662 9 INFO neutron.wsgi [None req-90218fac-9221-41c7-856f-e070bbcbd10e af6cf6b7229b4c9eace48dd4220164e4 8498dd98b53f466e81ae586547e94771 - - - -] 10.0.0.195 "DELETE /v2.0/security-groups/d6447ede-7a4b-49b6-ab04-630702fc3a2a HTTP/1.1" status: 204 len: 168 time: 0.2497272
2026-07-24 18:44:21.675 10 INFO neutron.wsgi [None req-f1d2ca09-6178-44af-8d66-9ec8ca5d144c 454ef147a3094f5fbbc1d6db3ca5dbf3 6e53c594b89c4e5492534b1e28749be3 - - - -] 10.0.0.195 "PUT /v2.0/floatingips/e3a5fdfa-8254-4025-9af6-392179ba3109/tags/red HTTP/1.1" status: 201 len: 201 time: 0.0337443
2026-07-24 18:44:21.719 10 INFO neutron.wsgi [None req-88784511-fe93-4614-8f97-f827c195f3eb 454ef147a3094f5fbbc1d6db3ca5dbf3 6e53c594b89c4e5492534b1e28749be3 - - default default] 10.0.0.195 "GET /v2.0/floatingips/e3a5fdfa-8254-4025-9af6-392179ba3109/tags HTTP/1.1" status: 200 len: 227 time: 0.0398538
2026-07-24 18:44:21.785 10 INFO neutron.wsgi [None req-3c30b910-6438-459b-b26d-83af7179d270 454ef147a3094f5fbbc1d6db3ca5dbf3 6e53c594b89c4e5492534b1e28749be3 - - - -] 10.0.0.195 "PUT /v2.0/floatingips/e3a5fdfa-8254-4025-9af6-392179ba3109/tags/black.or.white HTTP/1.1" status: 201 len: 201 time: 0.0607166
2026-07-24 18:44:21.827 10 INFO neutron.wsgi [None req-2b599010-01db-4153-af57-471170f26952 454ef147a3094f5fbbc1d6db3ca5dbf3 6e53c594b89c4e5492534b1e28749be3 - - default default] 10.0.0.195 "GET /v2.0/floatingips/e3a5fdfa-8254-4025-9af6-392179ba3109/tags HTTP/1.1" status: 200 len: 245 time: 0.0362473
2026-07-24 18:44:21.911 9 INFO neutron.wsgi [None req-15f060f8-9886-4967-a003-60a13538601d 454ef147a3094f5fbbc1d6db3ca5dbf3 6e53c594b89c4e5492534b1e28749be3 - - - -] 10.0.0.195 "PUT /v2.0/floatingips/e3a5fdfa-8254-4025-9af6-392179ba3109/tags HTTP/1.1" status: 200 len: 230 time: 0.0774376
2026-07-24 18:44:21.950 9 INFO neutron.wsgi [None req-47e086d7-1b27-4aff-bca4-8c5ba82a8654 454ef147a3094f5fbbc1d6db3ca5dbf3 6e53c594b89c4e5492534b1e28749be3 - - default default] 10.0.0.195 "GET /v2.0/floatingips/e3a5fdfa-8254-4025-9af6-392179ba3109/tags HTTP/1.1" status: 200 len: 230 time: 0.0337522
2026-07-24 18:44:21.974 10 INFO neutron.db.ovn_revision_numbers_db [None req-08560d01-1b72-4c48-b1d8-47ba768b809b af6cf6b7229b4c9eace48dd4220164e4 8498dd98b53f466e81ae586547e94771 - - default default] Successfully bumped revision number for resource ca9c4e24-c850-4fbe-a224-044da027cf57 (type: security_groups) to 1
2026-07-24 18:44:21.997 9 INFO neutron.wsgi [None req-33e7acdb-1dc4-4c6d-bba5-2b3631a92a57 454ef147a3094f5fbbc1d6db3ca5dbf3 6e53c594b89c4e5492534b1e28749be3 - - default default] 10.0.0.195 "GET /v2.0/floatingips/e3a5fdfa-8254-4025-9af6-392179ba3109/tags/red HTTP/1.1" status: 204 len: 168 time: 0.0386870
2026-07-24 18:44:21.997 10 INFO neutron.wsgi [None req-08560d01-1b72-4c48-b1d8-47ba768b809b af6cf6b7229b4c9eace48dd4220164e4 8498dd98b53f466e81ae586547e94771 - - default default] 10.0.0.195 "GET /v2.0/security-groups?tenant_id=c59b8d876f334e5c90ea803225d3f64e&name=default HTTP/1.1" status: 200 len: 2996 time: 0.1186271
2026-07-24 18:44:22.004 9 INFO neutron.wsgi [None req-9ac799fd-c903-41b5-a9dc-bcb4895d85ee af6cf6b7229b4c9eace48dd4220164e4 8498dd98b53f466e81ae586547e94771 - - - -] 10.0.0.195 "DELETE /v2.0/security-groups/65aeb857-c36d-41ed-8c80-b2276416c203 HTTP/1.1" status: 204 len: 168 time: 0.3656173
2026-07-24 18:44:22.035 9 INFO neutron.db.ovn_revision_numbers_db [None req-bea39f9f-5e2c-42ec-b4e0-df71afa2e36d af6cf6b7229b4c9eace48dd4220164e4 8498dd98b53f466e81ae586547e94771 - - default default] Successfully bumped revision number for resource c1738457-8e0d-4354-b20a-df7b5f854c56 (type: security_groups) to 1
2026-07-24 18:44:22.074 9 INFO neutron.wsgi [None req-bea39f9f-5e2c-42ec-b4e0-df71afa2e36d af6cf6b7229b4c9eace48dd4220164e4 8498dd98b53f466e81ae586547e94771 - - default default] 10.0.0.195 "GET /v2.0/security-groups?tenant_id=62ae37633f5441b5963c54a3bcfc9316&name=default HTTP/1.1" status: 200 len: 2996 time: 0.3626149
2026-07-24 18:44:22.084 10 INFO neutron.api.v2.resource [None req-ba75a1c3-848e-409a-afea-b9de0c82001c 454ef147a3094f5fbbc1d6db3ca5dbf3 6e53c594b89c4e5492534b1e28749be3 - - default default] show failed (client error): The resource could not be found.
2026-07-24 18:44:22.087 10 INFO neutron.wsgi [None req-ba75a1c3-848e-409a-afea-b9de0c82001c 454ef147a3094f5fbbc1d6db3ca5dbf3 6e53c594b89c4e5492534b1e28749be3 - - default default] 10.0.0.195 "GET /v2.0/floatingips/e3a5fdfa-8254-4025-9af6-392179ba3109/tags/green HTTP/1.1" status: 404 len: 299 time: 0.0827816
2026-07-24 18:44:22.172 10 INFO neutron.wsgi [None req-702569f3-1090-416c-8cb6-935d5483d444 454ef147a3094f5fbbc1d6db3ca5dbf3 6e53c594b89c4e5492534b1e28749be3 - - - -] 10.0.0.195 "DELETE /v2.0/floatingips/e3a5fdfa-8254-4025-9af6-392179ba3109/tags/red HTTP/1.1" status: 204 len: 168 time: 0.0754721
2026-07-24 18:44:22.214 9 INFO neutron.wsgi [None req-0f1d88b7-cb10-42e9-9ee3-c62ed53018db 454ef147a3094f5fbbc1d6db3ca5dbf3 6e53c594b89c4e5492534b1e28749be3 - - default default] 10.0.0.195 "GET /v2.0/floatingips/e3a5fdfa-8254-4025-9af6-392179ba3109/tags HTTP/1.1" status: 200 len: 223 time: 0.0340915
2026-07-24 18:44:22.273 10 INFO neutron.api.v2.resource [None req-7adb6510-64f7-45ab-8f25-ca1ae30aba9b 454ef147a3094f5fbbc1d6db3ca5dbf3 6e53c594b89c4e5492534b1e28749be3 - - - -] delete failed (client error): The resource could not be found.
2026-07-24 18:44:22.274 10 INFO neutron.wsgi [None req-7adb6510-64f7-45ab-8f25-ca1ae30aba9b 454ef147a3094f5fbbc1d6db3ca5dbf3 6e53c594b89c4e5492534b1e28749be3 - - - -] 10.0.0.195 "DELETE /v2.0/floatingips/e3a5fdfa-8254-4025-9af6-392179ba3109/tags/green HTTP/1.1" status: 404 len: 299 time: 0.0491042
