2026-07-24 18:37:10.271 7 INFO placement.requestlog [req-52630daf-b454-4f14-a076-c390e5776aba req-77d8b0bf-787d-475d-9b6e-fbac67de7404 f1c0df4839c94f82b9f5bff83eab5051 e2f20cd3df98453099bf504f9832b7c6 - - 6674caebc00f4e4b9a9fcb8cf9107f20 6674caebc00f4e4b9a9fcb8cf9107f20] 199.19.213.152 "GET /resource_providers/69ff66f2-bdbf-43b5-9297-70073417bcd1/allocations" status: 200 len: 54 microversion: 1.0 [pid: 7|app: 0|req: 292/582] 199.19.213.152 () {32 vars in 857 bytes} [Fri Jul 24 18:37:10 2026] GET /resource_providers/69ff66f2-bdbf-43b5-9297-70073417bcd1/allocations => generated 54 bytes in 15 msecs (HTTP/1.1 200) 6 headers in 223 bytes (1 switches on core 0)
2026-07-24 18:37:10.302 8 INFO placement.requestlog [req-52630daf-b454-4f14-a076-c390e5776aba req-99091408-3fe6-4b17-a255-bf88c4532e60 f1c0df4839c94f82b9f5bff83eab5051 e2f20cd3df98453099bf504f9832b7c6 - - 6674caebc00f4e4b9a9fcb8cf9107f20 6674caebc00f4e4b9a9fcb8cf9107f20] 199.19.213.152 "GET /resource_providers/69ff66f2-bdbf-43b5-9297-70073417bcd1/allocations" status: 200 len: 54 microversion: 1.0 [pid: 8|app: 0|req: 291/583] 199.19.213.152 () {32 vars in 857 bytes} [Fri Jul 24 18:37:10 2026] GET /resource_providers/69ff66f2-bdbf-43b5-9297-70073417bcd1/allocations => generated 54 bytes in 20 msecs (HTTP/1.1 200) 6 headers in 223 bytes (1 switches on core 0)
2026-07-24 18:37:17.821 7 INFO placement.requestlog [None req-bf64fadb-fc42-4dfb-ad9c-af753a3b8e5f - - - - - -] 10.0.0.75 "GET /" status: 200 len: 136 microversion: 1.0
2026-07-24 18:37:17.822 8 INFO placement.requestlog [None req-7eee1215-f5ff-499b-a87b-bd4451793fd5 - - - - - -] 10.0.0.75 "GET /" status: 200 len: 136 microversion: 1.0
2026-07-24 18:37:27.821 8 INFO placement.requestlog [None req-73ddc537-e9c6-410e-ad63-ee9d8887eb52 - - - - - -] 10.0.0.75 "GET /" status: 200 len: 136 microversion: 1.0
2026-07-24 18:37:27.822 7 INFO placement.requestlog [None req-58b62ee8-54a4-47eb-ba3f-67907d3052db - - - - - -] 10.0.0.75 "GET /" status: 200 len: 136 microversion: 1.0
2026-07-24 18:37:37.821 8 INFO placement.requestlog [None req-680b7ff9-a729-4d35-a198-b2cb4b13d7bb - - - - - -] 10.0.0.75 "GET /" status: 200 len: 136 microversion: 1.0
2026-07-24 18:37:37.821 7 INFO placement.requestlog [None req-2cb4a9fe-b152-4a14-936a-ecc4c57d495e - - - - - -] 10.0.0.75 "GET /" status: 200 len: 136 microversion: 1.0
2026-07-24 18:37:47.821 7 INFO placement.requestlog [None req-512a6046-ad3e-4c4c-ac5c-2f05d0bb26c2 - - - - - -] 10.0.0.75 "GET /" status: 200 len: 136 microversion: 1.0
2026-07-24 18:37:47.821 8 INFO placement.requestlog [None req-ff649aed-0784-416c-a9a2-d056ef315f32 - - - - - -] 10.0.0.75 "GET /" status: 200 len: 136 microversion: 1.0
2026-07-24 18:37:57.821 7 INFO placement.requestlog [None req-29c87387-0e43-495b-a418-75296ad52b0a - - - - - -] 10.0.0.75 "GET /" status: 200 len: 136 microversion: 1.0
2026-07-24 18:37:57.822 8 INFO placement.requestlog [None req-86fd244e-c839-4073-999c-ad2859f1d0bb - - - - - -] 10.0.0.75 "GET /" status: 200 len: 136 microversion: 1.0
2026-07-24 18:38:07.821 7 INFO placement.requestlog [None req-80f1ae4d-92b8-4b83-9180-a70c755ce5dd - - - - - -] 10.0.0.75 "GET /" status: 200 len: 136 microversion: 1.0
2026-07-24 18:38:07.821 8 INFO placement.requestlog [None req-d135aa71-b467-46c4-ad71-02ebcd0bf876 - - - - - -] 10.0.0.75 "GET /" status: 200 len: 136 microversion: 1.0
2026-07-24 18:38:12.265 7 INFO placement.requestlog [req-833120dd-567b-4640-9021-e7a950bd279e req-fa93e675-e238-4f68-8f0b-e2488377c450 f1c0df4839c94f82b9f5bff83eab5051 e2f20cd3df98453099bf504f9832b7c6 - - 6674caebc00f4e4b9a9fcb8cf9107f20 6674caebc00f4e4b9a9fcb8cf9107f20] 199.19.213.152 "GET /resource_providers/69ff66f2-bdbf-43b5-9297-70073417bcd1/allocations" status: 200 len: 54 microversion: 1.0 [pid: 7|app: 0|req: 299/596] 199.19.213.152 () {32 vars in 857 bytes} [Fri Jul 24 18:38:12 2026] GET /resource_providers/69ff66f2-bdbf-43b5-9297-70073417bcd1/allocations => generated 54 bytes in 21 msecs (HTTP/1.1 200) 6 headers in 223 bytes (1 switches on core 0)
2026-07-24 18:38:12.297 8 INFO placement.requestlog [req-833120dd-567b-4640-9021-e7a950bd279e req-56c50558-6acb-4adc-a70e-ddf0a3e45e49 f1c0df4839c94f82b9f5bff83eab5051 e2f20cd3df98453099bf504f9832b7c6 - - 6674caebc00f4e4b9a9fcb8cf9107f20 6674caebc00f4e4b9a9fcb8cf9107f20] 199.19.213.152 "GET /resource_providers/69ff66f2-bdbf-43b5-9297-70073417bcd1/allocations" status: 200 len: 54 microversion: 1.0 [pid: 8|app: 0|req: 298/597] 199.19.213.152 () {32 vars in 857 bytes} [Fri Jul 24 18:38:12 2026] GET /resource_providers/69ff66f2-bdbf-43b5-9297-70073417bcd1/allocations => generated 54 bytes in 19 msecs (HTTP/1.1 200) 6 headers in 223 bytes (1 switches on core 0)
2026-07-24 18:38:17.821 7 INFO placement.requestlog [None req-46077a91-4ecf-4bdc-8c31-fdb11489990b - - - - - -] 10.0.0.75 "GET /" status: 200 len: 136 microversion: 1.0
2026-07-24 18:38:17.821 8 INFO placement.requestlog [None req-1bf23fbe-079a-4bcb-8281-b2d4e472899b - - - - - -] 10.0.0.75 "GET /" status: 200 len: 136 microversion: 1.0
2026-07-24 18:38:27.821 8 INFO placement.requestlog [None req-67e85cd3-0174-492f-8ed9-9f124992ef80 - - - - - -] 10.0.0.75 "GET /" status: 200 len: 136 microversion: 1.0
2026-07-24 18:38:27.822 7 INFO placement.requestlog [None req-10e6e42a-1c85-4e0e-a5a1-6f12b9ff9dfb - - - - - -] 10.0.0.75 "GET /" status: 200 len: 136 microversion: 1.0
2026-07-24 18:38:37.821 8 INFO placement.requestlog [None req-5d541fcd-d303-4ea0-b511-0de7e2bd4260 - - - - - -] 10.0.0.75 "GET /" status: 200 len: 136 microversion: 1.0
2026-07-24 18:38:37.822 7 INFO placement.requestlog [None req-6d27529e-44fd-4694-88df-0030972de5c2 - - - - - -] 10.0.0.75 "GET /" status: 200 len: 136 microversion: 1.0
2026-07-24 18:38:47.821 7 INFO placement.requestlog [None req-193f1c8b-f44c-45e3-8c7a-48d979c21206 - - - - - -] 10.0.0.75 "GET /" status: 200 len: 136 microversion: 1.0
2026-07-24 18:38:47.821 8 INFO placement.requestlog [None req-cfe3f90a-78d0-4c57-9122-008c6ad9984c - - - - - -] 10.0.0.75 "GET /" status: 200 len: 136 microversion: 1.0
2026-07-24 18:38:57.821 7 INFO placement.requestlog [None req-5bfc9821-fd97-43d5-81ba-7273989f40fe - - - - - -] 10.0.0.75 "GET /" status: 200 len: 136 microversion: 1.0
2026-07-24 18:38:57.821 8 INFO placement.requestlog [None req-2c7a625f-835b-4a86-ad60-a32c8537d6c1 - - - - - -] 10.0.0.75 "GET /" status: 200 len: 136 microversion: 1.0
2026-07-24 18:39:07.821 8 INFO placement.requestlog [None req-3b2f39a7-717c-4796-ae30-ef61f22c252e - - - - - -] 10.0.0.75 "GET /" status: 200 len: 136 microversion: 1.0
2026-07-24 18:39:07.821 7 INFO placement.requestlog [None req-37e88a98-5fc7-43d9-9146-1cdbe73d4ee9 - - - - - -] 10.0.0.75 "GET /" status: 200 len: 136 microversion: 1.0
2026-07-24 18:39:14.270 8 INFO placement.requestlog [req-f415a252-0653-432a-889a-d183df561322 req-67284061-931c-4e20-bfae-8de91df47d8b f1c0df4839c94f82b9f5bff83eab5051 e2f20cd3df98453099bf504f9832b7c6 - - 6674caebc00f4e4b9a9fcb8cf9107f20 6674caebc00f4e4b9a9fcb8cf9107f20] 199.19.213.152 "GET /resource_providers/69ff66f2-bdbf-43b5-9297-70073417bcd1/allocations" status: 200 len: 54 microversion: 1.0 [pid: 8|app: 0|req: 305/610] 199.19.213.152 () {32 vars in 857 bytes} [Fri Jul 24 18:39:14 2026] GET /resource_providers/69ff66f2-bdbf-43b5-9297-70073417bcd1/allocations => generated 54 bytes in 17 msecs (HTTP/1.1 200) 6 headers in 223 bytes (1 switches on core 0)
2026-07-24 18:39:14.301 7 INFO placement.requestlog [req-f415a252-0653-432a-889a-d183df561322 req-fda8d99c-0c54-4793-a753-427700a73e19 f1c0df4839c94f82b9f5bff83eab5051 e2f20cd3df98453099bf504f9832b7c6 - - 6674caebc00f4e4b9a9fcb8cf9107f20 6674caebc00f4e4b9a9fcb8cf9107f20] 199.19.213.152 "GET /resource_providers/69ff66f2-bdbf-43b5-9297-70073417bcd1/allocations" status: 200 len: 54 microversion: 1.0 [pid: 7|app: 0|req: 306/611] 199.19.213.152 () {32 vars in 857 bytes} [Fri Jul 24 18:39:14 2026] GET /resource_providers/69ff66f2-bdbf-43b5-9297-70073417bcd1/allocations => generated 54 bytes in 18 msecs (HTTP/1.1 200) 6 headers in 223 bytes (1 switches on core 0)
2026-07-24 18:39:17.821 7 INFO placement.requestlog [None req-eaabee3f-1122-4803-9a8b-1884a1037375 - - - - - -] 10.0.0.75 "GET /" status: 200 len: 136 microversion: 1.0
2026-07-24 18:39:17.821 8 INFO placement.requestlog [None req-f61307b9-69b2-4942-9a40-83682ea25dd2 - - - - - -] 10.0.0.75 "GET /" status: 200 len: 136 microversion: 1.0
2026-07-24 18:39:27.820 7 INFO placement.requestlog [None req-d27f3f73-5aa5-4012-b0ac-23a4dbcab912 - - - - - -] 10.0.0.75 "GET /" status: 200 len: 136 microversion: 1.0
2026-07-24 18:39:27.821 8 INFO placement.requestlog [None req-1ffe0168-2e8f-4368-843e-dbb45df88bb2 - - - - - -] 10.0.0.75 "GET /" status: 200 len: 136 microversion: 1.0
2026-07-24 18:39:37.821 7 INFO placement.requestlog [None req-178474ad-58c0-4d70-825e-68a2587a4a54 - - - - - -] 10.0.0.75 "GET /" status: 200 len: 136 microversion: 1.0
2026-07-24 18:39:37.822 8 INFO placement.requestlog [None req-cd1dc7db-4ed1-4ae7-8156-c012edb22a2e - - - - - -] 10.0.0.75 "GET /" status: 200 len: 136 microversion: 1.0
2026-07-24 18:39:47.821 8 INFO placement.requestlog [None req-d2f4c170-2db9-430e-b867-088afebb1761 - - - - - -] 10.0.0.75 "GET /" status: 200 len: 136 microversion: 1.0
2026-07-24 18:39:47.821 7 INFO placement.requestlog [None req-6408d1b3-40ad-4835-ade6-20365d7580c9 - - - - - -] 10.0.0.75 "GET /" status: 200 len: 136 microversion: 1.0
2026-07-24 18:39:57.821 7 INFO placement.requestlog [None req-161905ca-3044-43c8-a733-279cddfb116f - - - - - -] 10.0.0.75 "GET /" status: 200 len: 136 microversion: 1.0
2026-07-24 18:39:57.821 8 INFO placement.requestlog [None req-df50209b-07cf-4486-87d6-a7a50a07fa1b - - - - - -] 10.0.0.75 "GET /" status: 200 len: 136 microversion: 1.0
2026-07-24 18:40:07.821 8 INFO placement.requestlog [None req-0aa60e0d-8469-4e2e-b76b-61d295aca075 - - - - - -] 10.0.0.75 "GET /" status: 200 len: 136 microversion: 1.0
2026-07-24 18:40:07.822 7 INFO placement.requestlog [None req-07ffb5ad-aa6b-47ae-a6fc-f986168bee8e - - - - - -] 10.0.0.75 "GET /" status: 200 len: 136 microversion: 1.0
2026-07-24 18:40:15.212 8 INFO placement.requestlog [req-4c0e7647-61b2-4c9d-9f4a-88ea24346117 req-7ad780a4-6b67-4993-ad85-ce0e2c6295f0 f1c0df4839c94f82b9f5bff83eab5051 e2f20cd3df98453099bf504f9832b7c6 - - 6674caebc00f4e4b9a9fcb8cf9107f20 6674caebc00f4e4b9a9fcb8cf9107f20] 199.19.213.152 "GET /resource_providers/69ff66f2-bdbf-43b5-9297-70073417bcd1/allocations" status: 200 len: 54 microversion: 1.0 [pid: 8|app: 0|req: 312/624] 199.19.213.152 () {32 vars in 857 bytes} [Fri Jul 24 18:40:15 2026] GET /resource_providers/69ff66f2-bdbf-43b5-9297-70073417bcd1/allocations => generated 54 bytes in 22 msecs (HTTP/1.1 200) 6 headers in 223 bytes (1 switches on core 0)
2026-07-24 18:40:15.264 7 INFO placement.requestlog [req-4c0e7647-61b2-4c9d-9f4a-88ea24346117 req-18062027-ace8-459a-b814-b85e0c4c66ec f1c0df4839c94f82b9f5bff83eab5051 e2f20cd3df98453099bf504f9832b7c6 - - 6674caebc00f4e4b9a9fcb8cf9107f20 6674caebc00f4e4b9a9fcb8cf9107f20] 199.19.213.152 "GET /resource_providers/69ff66f2-bdbf-43b5-9297-70073417bcd1/allocations" status: 200 len: 54 microversion: 1.0 [pid: 7|app: 0|req: 313/625] 199.19.213.152 () {32 vars in 857 bytes} [Fri Jul 24 18:40:15 2026] GET /resource_providers/69ff66f2-bdbf-43b5-9297-70073417bcd1/allocations => generated 54 bytes in 18 msecs (HTTP/1.1 200) 6 headers in 223 bytes (1 switches on core 0)
2026-07-24 18:40:17.821 7 INFO placement.requestlog [None req-22e72d1e-be2f-4f53-8f54-18136dad44fd - - - - - -] 10.0.0.75 "GET /" status: 200 len: 136 microversion: 1.0
2026-07-24 18:40:17.822 8 INFO placement.requestlog [None req-6a9d0d18-8548-49df-8603-5c4a6345915a - - - - - -] 10.0.0.75 "GET /" status: 200 len: 136 microversion: 1.0
2026-07-24 18:40:27.821 7 INFO placement.requestlog [None req-f4690f7b-cfca-4925-90f9-a1dcfa4fe615 - - - - - -] 10.0.0.75 "GET /" status: 200 len: 136 microversion: 1.0
2026-07-24 18:40:27.822 8 INFO placement.requestlog [None req-21061430-d379-4a1f-af5a-f397d132db02 - - - - - -] 10.0.0.75 "GET /" status: 200 len: 136 microversion: 1.0
2026-07-24 18:40:35.419 8 INFO placement.requestlog [None req-89a855b9-e258-42c8-8cdb-cdfe609acbb5 de74f2d4048c4ef78082d00e49736666 e2f20cd3df98453099bf504f9832b7c6 - - 6674caebc00f4e4b9a9fcb8cf9107f20 6674caebc00f4e4b9a9fcb8cf9107f20] 10.0.0.64 "GET /resource_providers/29686c5d-41f8-4229-9e92-0bf2e7364310/aggregates" status: 404 len: 235 microversion: 1.1 [pid: 8|app: 0|req: 315/630] 10.0.0.64 () {32 vars in 824 bytes} [Fri Jul 24 18:40:35 2026] GET /resource_providers/29686c5d-41f8-4229-9e92-0bf2e7364310/aggregates => generated 235 bytes in 184 msecs (HTTP/1.1 404) 5 headers in 202 bytes (1 switches on core 0)
2026-07-24 18:40:35.424 7 INFO placement.requestlog [None req-35302e2a-c1d8-4562-9f5b-88649a5a7e6e de74f2d4048c4ef78082d00e49736666 e2f20cd3df98453099bf504f9832b7c6 - - 6674caebc00f4e4b9a9fcb8cf9107f20 6674caebc00f4e4b9a9fcb8cf9107f20] 10.0.0.64 "GET /resource_providers/29686c5d-41f8-4229-9e92-0bf2e7364310/aggregates" status: 404 len: 235 microversion: 1.1 [pid: 7|app: 0|req: 316/631] 10.0.0.64 () {32 vars in 824 bytes} [Fri Jul 24 18:40:35 2026] GET /resource_providers/29686c5d-41f8-4229-9e92-0bf2e7364310/aggregates => generated 235 bytes in 214 msecs (HTTP/1.1 404) 5 headers in 202 bytes (1 switches on core 0)
2026-07-24 18:40:35.525 7 INFO placement.requestlog [None req-b6797672-9280-4c04-89a3-2c09aa96495b de74f2d4048c4ef78082d00e49736666 e2f20cd3df98453099bf504f9832b7c6 - - 6674caebc00f4e4b9a9fcb8cf9107f20 6674caebc00f4e4b9a9fcb8cf9107f20] 10.0.0.64 "DELETE /resource_providers/29686c5d-41f8-4229-9e92-0bf2e7364310" status: 404 len: 246 microversion: 1.1 [pid: 7|app: 0|req: 317/632] 10.0.0.64 () {34 vars in 824 bytes} [Fri Jul 24 18:40:35 2026] DELETE /resource_providers/29686c5d-41f8-4229-9e92-0bf2e7364310 => generated 246 bytes in 12 msecs (HTTP/1.1 404) 6 headers in 231 bytes (1 switches on core 0)
2026-07-24 18:40:35.535 7 INFO placement.requestlog [None req-0317d813-8b26-4dea-b1c7-f389819d9f13 de74f2d4048c4ef78082d00e49736666 e2f20cd3df98453099bf504f9832b7c6 - - 6674caebc00f4e4b9a9fcb8cf9107f20 6674caebc00f4e4b9a9fcb8cf9107f20] 10.0.0.64 "DELETE /resource_providers/29686c5d-41f8-4229-9e92-0bf2e7364310" status: 404 len: 246 microversion: 1.1 [pid: 7|app: 0|req: 318/633] 10.0.0.64 () {34 vars in 824 bytes} [Fri Jul 24 18:40:35 2026] DELETE /resource_providers/29686c5d-41f8-4229-9e92-0bf2e7364310 => generated 246 bytes in 9 msecs (HTTP/1.1 404) 6 headers in 231 bytes (1 switches on core 0)
2026-07-24 18:40:35.556 8 INFO placement.requestlog [req-da84eaef-c345-48fe-a058-38dd4aa02c54 req-44f09fe3-ccfa-449f-9596-7f4b3cf1876d f1c0df4839c94f82b9f5bff83eab5051 e2f20cd3df98453099bf504f9832b7c6 - - 6674caebc00f4e4b9a9fcb8cf9107f20 6674caebc00f4e4b9a9fcb8cf9107f20] 10.0.0.79 "GET /allocation_candidates?limit=1000&resources=DISK_GB%3A1%2CMEMORY_MB%3A512%2CVCPU%3A1&root_required=%21COMPUTE_STATUS_DISABLED" status: 200 len: 2147 microversion: 1.36 [pid: 8|app: 0|req: 316/634] 10.0.0.79 () {34 vars in 1011 bytes} [Fri Jul 24 18:40:35 2026] GET /allocation_candidates?limit=1000&resources=DISK_GB%3A1%2CMEMORY_MB%3A512%2CVCPU%3A1&root_required=%21COMPUTE_STATUS_DISABLED => generated 2147 bytes in 136 msecs (HTTP/1.1 200) 8 headers in 297 bytes (1 switches on core 0)
2026-07-24 18:40:35.606 7 INFO placement.requestlog [req-da84eaef-c345-48fe-a058-38dd4aa02c54 req-40da8b51-3e83-47de-9944-67c60488b72e f1c0df4839c94f82b9f5bff83eab5051 e2f20cd3df98453099bf504f9832b7c6 - - 6674caebc00f4e4b9a9fcb8cf9107f20 6674caebc00f4e4b9a9fcb8cf9107f20] 10.0.0.79 "GET /allocations/b793e446-ce12-4b63-937c-25862543f84a" status: 200 len: 19 microversion: 1.28 [pid: 7|app: 0|req: 319/635] 10.0.0.79 () {34 vars in 860 bytes} [Fri Jul 24 18:40:35 2026] GET /allocations/b793e446-ce12-4b63-937c-25862543f84a => generated 19 bytes in 17 msecs (HTTP/1.1 200) 8 headers in 295 bytes (1 switches on core 0)
2026-07-24 18:40:35.714 8 INFO placement.requestlog [req-da84eaef-c345-48fe-a058-38dd4aa02c54 req-63f2127b-4d02-4435-9187-17e9d131cccc f1c0df4839c94f82b9f5bff83eab5051 e2f20cd3df98453099bf504f9832b7c6 - - 6674caebc00f4e4b9a9fcb8cf9107f20 6674caebc00f4e4b9a9fcb8cf9107f20] 10.0.0.79 "PUT /allocations/b793e446-ce12-4b63-937c-25862543f84a" status: 204 len: 0 microversion: 1.36 [pid: 8|app: 0|req: 317/636] 10.0.0.79 () {38 vars in 913 bytes} [Fri Jul 24 18:40:35 2026] PUT /allocations/b793e446-ce12-4b63-937c-25862543f84a => generated 0 bytes in 94 msecs (HTTP/1.1 204) 5 headers in 199 bytes (1 switches on core 0)
2026-07-24 18:40:36.185 7 INFO placement.requestlog [req-da84eaef-c345-48fe-a058-38dd4aa02c54 req-8a471ea7-2dcf-415b-9b83-6cf40f4eb6fc f1c0df4839c94f82b9f5bff83eab5051 e2f20cd3df98453099bf504f9832b7c6 - - 6674caebc00f4e4b9a9fcb8cf9107f20 6674caebc00f4e4b9a9fcb8cf9107f20] 199.19.213.152 "GET /allocations/b793e446-ce12-4b63-937c-25862543f84a" status: 200 len: 257 microversion: 1.28 [pid: 7|app: 0|req: 320/637] 199.19.213.152 () {34 vars in 863 bytes} [Fri Jul 24 18:40:36 2026] GET /allocations/b793e446-ce12-4b63-937c-25862543f84a => generated 257 bytes in 19 msecs (HTTP/1.1 200) 8 headers in 296 bytes (1 switches on core 0)
2026-07-24 18:40:36.342 8 INFO placement.requestlog [req-da84eaef-c345-48fe-a058-38dd4aa02c54 req-e817e7de-e3e9-4d42-8254-fecb06c9415d f1c0df4839c94f82b9f5bff83eab5051 e2f20cd3df98453099bf504f9832b7c6 - - 6674caebc00f4e4b9a9fcb8cf9107f20 6674caebc00f4e4b9a9fcb8cf9107f20] 199.19.213.152 "GET /resource_providers/69ff66f2-bdbf-43b5-9297-70073417bcd1/allocations" status: 200 len: 152 microversion: 1.0 [pid: 8|app: 0|req: 318/638] 199.19.213.152 () {32 vars in 857 bytes} [Fri Jul 24 18:40:36 2026] GET /resource_providers/69ff66f2-bdbf-43b5-9297-70073417bcd1/allocations => generated 152 bytes in 18 msecs (HTTP/1.1 200) 6 headers in 224 bytes (1 switches on core 0)
2026-07-24 18:40:36.364 7 INFO placement.requestlog [req-da84eaef-c345-48fe-a058-38dd4aa02c54 req-d55bbe83-271c-4107-bcd5-c64343cfefc5 f1c0df4839c94f82b9f5bff83eab5051 e2f20cd3df98453099bf504f9832b7c6 - - 6674caebc00f4e4b9a9fcb8cf9107f20 6674caebc00f4e4b9a9fcb8cf9107f20] 199.19.213.152 "GET /allocations/b793e446-ce12-4b63-937c-25862543f84a" status: 200 len: 257 microversion: 1.28 [pid: 7|app: 0|req: 321/639] 199.19.213.152 () {34 vars in 863 bytes} [Fri Jul 24 18:40:36 2026] GET /allocations/b793e446-ce12-4b63-937c-25862543f84a => generated 257 bytes in 14 msecs (HTTP/1.1 200) 8 headers in 296 bytes (1 switches on core 0)
2026-07-24 18:40:37.820 8 INFO placement.requestlog [None req-5a6d3b84-50e7-4bab-a810-5aa782854838 - - - - - -] 10.0.0.75 "GET /" status: 200 len: 136 microversion: 1.0
2026-07-24 18:40:37.821 7 INFO placement.requestlog [None req-3b4316d6-f2fd-49a3-a910-8576df88b776 - - - - - -] 10.0.0.75 "GET /" status: 200 len: 136 microversion: 1.0
2026-07-24 18:40:44.798 8 INFO placement.requestlog [None req-fac1fa67-0a12-478c-9a9c-12d43b68d020 de74f2d4048c4ef78082d00e49736666 e2f20cd3df98453099bf504f9832b7c6 - - 6674caebc00f4e4b9a9fcb8cf9107f20 6674caebc00f4e4b9a9fcb8cf9107f20] 10.0.0.64 "GET /resource_providers/ff2fd06b-85ef-4095-be5e-862008071e58/aggregates" status: 404 len: 235 microversion: 1.1 [pid: 8|app: 0|req: 320/642] 10.0.0.64 () {32 vars in 824 bytes} [Fri Jul 24 18:40:44 2026] GET /resource_providers/ff2fd06b-85ef-4095-be5e-862008071e58/aggregates => generated 235 bytes in 150 msecs (HTTP/1.1 404) 5 headers in 202 bytes (1 switches on core 0)
2026-07-24 18:40:44.807 7 INFO placement.requestlog [None req-4a15ea7c-03c8-4a85-a327-888d2de911d2 de74f2d4048c4ef78082d00e49736666 e2f20cd3df98453099bf504f9832b7c6 - - 6674caebc00f4e4b9a9fcb8cf9107f20 6674caebc00f4e4b9a9fcb8cf9107f20] 10.0.0.64 "GET /resource_providers/ff2fd06b-85ef-4095-be5e-862008071e58/aggregates" status: 404 len: 235 microversion: 1.1 [pid: 7|app: 0|req: 323/643] 10.0.0.64 () {32 vars in 824 bytes} [Fri Jul 24 18:40:44 2026] GET /resource_providers/ff2fd06b-85ef-4095-be5e-862008071e58/aggregates => generated 235 bytes in 144 msecs (HTTP/1.1 404) 5 headers in 202 bytes (1 switches on core 0)
2026-07-24 18:40:44.834 7 INFO placement.requestlog [None req-cd87e21f-19cd-4c56-bc87-cceb41ec97ec de74f2d4048c4ef78082d00e49736666 e2f20cd3df98453099bf504f9832b7c6 - - 6674caebc00f4e4b9a9fcb8cf9107f20 6674caebc00f4e4b9a9fcb8cf9107f20] 10.0.0.64 "DELETE /resource_providers/ff2fd06b-85ef-4095-be5e-862008071e58" status: 404 len: 246 microversion: 1.1 [pid: 7|app: 0|req: 324/644] 10.0.0.64 () {34 vars in 824 bytes} [Fri Jul 24 18:40:44 2026] DELETE /resource_providers/ff2fd06b-85ef-4095-be5e-862008071e58 => generated 246 bytes in 13 msecs (HTTP/1.1 404) 6 headers in 231 bytes (1 switches on core 0)
2026-07-24 18:40:44.835 8 INFO placement.requestlog [None req-aaac3b96-7416-433b-80f9-b2fbb57c8f36 de74f2d4048c4ef78082d00e49736666 e2f20cd3df98453099bf504f9832b7c6 - - 6674caebc00f4e4b9a9fcb8cf9107f20 6674caebc00f4e4b9a9fcb8cf9107f20] 10.0.0.64 "DELETE /resource_providers/ff2fd06b-85ef-4095-be5e-862008071e58" status: 404 len: 246 microversion: 1.1 [pid: 8|app: 0|req: 321/645] 10.0.0.64 () {34 vars in 824 bytes} [Fri Jul 24 18:40:44 2026] DELETE /resource_providers/ff2fd06b-85ef-4095-be5e-862008071e58 => generated 246 bytes in 16 msecs (HTTP/1.1 404) 6 headers in 231 bytes (1 switches on core 0)
2026-07-24 18:40:46.865 7 INFO placement.requestlog [None req-515846ac-c549-494e-916f-58bbfd14fc2a de74f2d4048c4ef78082d00e49736666 e2f20cd3df98453099bf504f9832b7c6 - - 6674caebc00f4e4b9a9fcb8cf9107f20 6674caebc00f4e4b9a9fcb8cf9107f20] 10.0.0.64 "GET /resource_providers/e1f2ab4e-18b5-4321-af76-d9745d82c6d4/aggregates" status: 404 len: 235 microversion: 1.1 [pid: 7|app: 0|req: 325/646] 10.0.0.64 () {32 vars in 824 bytes} [Fri Jul 24 18:40:46 2026] GET /resource_providers/e1f2ab4e-18b5-4321-af76-d9745d82c6d4/aggregates => generated 235 bytes in 12 msecs (HTTP/1.1 404) 5 headers in 202 bytes (1 switches on core 0)
2026-07-24 18:40:46.865 8 INFO placement.requestlog [None req-5e2ae3bf-fab9-483f-b4d8-c54c3dfee442 de74f2d4048c4ef78082d00e49736666 e2f20cd3df98453099bf504f9832b7c6 - - 6674caebc00f4e4b9a9fcb8cf9107f20 6674caebc00f4e4b9a9fcb8cf9107f20] 10.0.0.64 "GET /resource_providers/e1f2ab4e-18b5-4321-af76-d9745d82c6d4/aggregates" status: 404 len: 235 microversion: 1.1 [pid: 8|app: 0|req: 322/647] 10.0.0.64 () {32 vars in 824 bytes} [Fri Jul 24 18:40:46 2026] GET /resource_providers/e1f2ab4e-18b5-4321-af76-d9745d82c6d4/aggregates => generated 235 bytes in 11 msecs (HTTP/1.1 404) 5 headers in 202 bytes (1 switches on core 0)
2026-07-24 18:40:46.899 7 INFO placement.requestlog [None req-e6f95658-0bd1-4013-a112-a51cdfbe1fed de74f2d4048c4ef78082d00e49736666 e2f20cd3df98453099bf504f9832b7c6 - - 6674caebc00f4e4b9a9fcb8cf9107f20 6674caebc00f4e4b9a9fcb8cf9107f20] 10.0.0.64 "DELETE /resource_providers/e1f2ab4e-18b5-4321-af76-d9745d82c6d4" status: 404 len: 246 microversion: 1.1 [pid: 7|app: 0|req: 326/648] 10.0.0.64 () {34 vars in 824 bytes} [Fri Jul 24 18:40:46 2026] DELETE /resource_providers/e1f2ab4e-18b5-4321-af76-d9745d82c6d4 => generated 246 bytes in 11 msecs (HTTP/1.1 404) 6 headers in 231 bytes (1 switches on core 0)
2026-07-24 18:40:46.901 8 INFO placement.requestlog [None req-39e86bb1-b56f-4d50-b717-838556b0cd70 de74f2d4048c4ef78082d00e49736666 e2f20cd3df98453099bf504f9832b7c6 - - 6674caebc00f4e4b9a9fcb8cf9107f20 6674caebc00f4e4b9a9fcb8cf9107f20] 10.0.0.64 "DELETE /resource_providers/e1f2ab4e-18b5-4321-af76-d9745d82c6d4" status: 404 len: 246 microversion: 1.1 [pid: 8|app: 0|req: 323/649] 10.0.0.64 () {34 vars in 824 bytes} [Fri Jul 24 18:40:46 2026] DELETE /resource_providers/e1f2ab4e-18b5-4321-af76-d9745d82c6d4 => generated 246 bytes in 14 msecs (HTTP/1.1 404) 6 headers in 231 bytes (1 switches on core 0)
2026-07-24 18:40:47.821 8 INFO placement.requestlog [None req-a27f21ba-519f-4d59-a993-5aedfc7483ee - - - - - -] 10.0.0.75 "GET /" status: 200 len: 136 microversion: 1.0
2026-07-24 18:40:47.821 7 INFO placement.requestlog [None req-0015946e-ef0c-484a-9a3c-c9aab9108f1a - - - - - -] 10.0.0.75 "GET /" status: 200 len: 136 microversion: 1.0
2026-07-24 18:40:52.457 8 INFO placement.requestlog [None req-d782ad66-dd58-4ad8-b153-f50f887dd3b9 de74f2d4048c4ef78082d00e49736666 e2f20cd3df98453099bf504f9832b7c6 - - 6674caebc00f4e4b9a9fcb8cf9107f20 6674caebc00f4e4b9a9fcb8cf9107f20] 10.0.0.64 "GET /resource_providers/c57dd1e1-891e-4624-bb4e-35fae283b084/aggregates" status: 404 len: 235 microversion: 1.1 [pid: 8|app: 0|req: 325/652] 10.0.0.64 () {32 vars in 824 bytes} [Fri Jul 24 18:40:52 2026] GET /resource_providers/c57dd1e1-891e-4624-bb4e-35fae283b084/aggregates => generated 235 bytes in 11 msecs (HTTP/1.1 404) 5 headers in 202 bytes (1 switches on core 0)
2026-07-24 18:40:52.468 7 INFO placement.requestlog [None req-866b7ff2-6aa8-48e7-88ba-4aa424a7f6ca de74f2d4048c4ef78082d00e49736666 e2f20cd3df98453099bf504f9832b7c6 - - 6674caebc00f4e4b9a9fcb8cf9107f20 6674caebc00f4e4b9a9fcb8cf9107f20] 10.0.0.64 "GET /resource_providers/c57dd1e1-891e-4624-bb4e-35fae283b084/aggregates" status: 404 len: 235 microversion: 1.1 [pid: 7|app: 0|req: 328/653] 10.0.0.64 () {32 vars in 824 bytes} [Fri Jul 24 18:40:52 2026] GET /resource_providers/c57dd1e1-891e-4624-bb4e-35fae283b084/aggregates => generated 235 bytes in 17 msecs (HTTP/1.1 404) 5 headers in 202 bytes (1 switches on core 0)
2026-07-24 18:40:52.484 8 INFO placement.requestlog [None req-9d8ab7fe-6d61-489e-a2b0-f13078c1eec2 de74f2d4048c4ef78082d00e49736666 e2f20cd3df98453099bf504f9832b7c6 - - 6674caebc00f4e4b9a9fcb8cf9107f20 6674caebc00f4e4b9a9fcb8cf9107f20] 10.0.0.64 "DELETE /resource_providers/c57dd1e1-891e-4624-bb4e-35fae283b084" status: 404 len: 246 microversion: 1.1 [pid: 8|app: 0|req: 326/654] 10.0.0.64 () {34 vars in 824 bytes} [Fri Jul 24 18:40:52 2026] DELETE /resource_providers/c57dd1e1-891e-4624-bb4e-35fae283b084 => generated 246 bytes in 15 msecs (HTTP/1.1 404) 6 headers in 231 bytes (1 switches on core 0)
2026-07-24 18:40:52.495 7 INFO placement.requestlog [None req-98f571fb-adce-4c01-afae-66fa96391d77 de74f2d4048c4ef78082d00e49736666 e2f20cd3df98453099bf504f9832b7c6 - - 6674caebc00f4e4b9a9fcb8cf9107f20 6674caebc00f4e4b9a9fcb8cf9107f20] 10.0.0.64 "DELETE /resource_providers/c57dd1e1-891e-4624-bb4e-35fae283b084" status: 404 len: 246 microversion: 1.1 [pid: 7|app: 0|req: 329/655] 10.0.0.64 () {34 vars in 824 bytes} [Fri Jul 24 18:40:52 2026] DELETE /resource_providers/c57dd1e1-891e-4624-bb4e-35fae283b084 => generated 246 bytes in 11 msecs (HTTP/1.1 404) 6 headers in 231 bytes (1 switches on core 0)
2026-07-24 18:40:54.510 8 INFO placement.requestlog [None req-5059e32b-2bc7-411e-b812-c79264bc8f04 de74f2d4048c4ef78082d00e49736666 e2f20cd3df98453099bf504f9832b7c6 - - 6674caebc00f4e4b9a9fcb8cf9107f20 6674caebc00f4e4b9a9fcb8cf9107f20] 10.0.0.64 "GET /resource_providers/bd5b5b49-b06d-4b97-ac54-5cb3633efc94/aggregates" status: 404 len: 235 microversion: 1.1 [pid: 8|app: 0|req: 327/656] 10.0.0.64 () {32 vars in 824 bytes} [Fri Jul 24 18:40:54 2026] GET /resource_providers/bd5b5b49-b06d-4b97-ac54-5cb3633efc94/aggregates => generated 235 bytes in 12 msecs (HTTP/1.1 404) 5 headers in 202 bytes (1 switches on core 0)
2026-07-24 18:40:54.515 7 INFO placement.requestlog [None req-b7a2f089-5186-4029-8933-aaf0cf2c38a0 de74f2d4048c4ef78082d00e49736666 e2f20cd3df98453099bf504f9832b7c6 - - 6674caebc00f4e4b9a9fcb8cf9107f20 6674caebc00f4e4b9a9fcb8cf9107f20] 10.0.0.64 "GET /resource_providers/bd5b5b49-b06d-4b97-ac54-5cb3633efc94/aggregates" status: 404 len: 235 microversion: 1.1 [pid: 7|app: 0|req: 330/657] 10.0.0.64 () {32 vars in 824 bytes} [Fri Jul 24 18:40:54 2026] GET /resource_providers/bd5b5b49-b06d-4b97-ac54-5cb3633efc94/aggregates => generated 235 bytes in 12 msecs (HTTP/1.1 404) 5 headers in 202 bytes (1 switches on core 0)
2026-07-24 18:40:54.533 8 INFO placement.requestlog [None req-05e08d1f-c44e-44ba-af76-7f4d78d11e3f de74f2d4048c4ef78082d00e49736666 e2f20cd3df98453099bf504f9832b7c6 - - 6674caebc00f4e4b9a9fcb8cf9107f20 6674caebc00f4e4b9a9fcb8cf9107f20] 10.0.0.64 "DELETE /resource_providers/bd5b5b49-b06d-4b97-ac54-5cb3633efc94" status: 404 len: 246 microversion: 1.1 [pid: 8|app: 0|req: 328/658] 10.0.0.64 () {34 vars in 824 bytes} [Fri Jul 24 18:40:54 2026] DELETE /resource_providers/bd5b5b49-b06d-4b97-ac54-5cb3633efc94 => generated 246 bytes in 14 msecs (HTTP/1.1 404) 6 headers in 231 bytes (1 switches on core 0)
2026-07-24 18:40:54.535 7 INFO placement.requestlog [None req-de4670f1-6428-4b52-82dc-64a625e89a54 de74f2d4048c4ef78082d00e49736666 e2f20cd3df98453099bf504f9832b7c6 - - 6674caebc00f4e4b9a9fcb8cf9107f20 6674caebc00f4e4b9a9fcb8cf9107f20] 10.0.0.64 "DELETE /resource_providers/bd5b5b49-b06d-4b97-ac54-5cb3633efc94" status: 404 len: 246 microversion: 1.1 [pid: 7|app: 0|req: 331/659] 10.0.0.64 () {34 vars in 824 bytes} [Fri Jul 24 18:40:54 2026] DELETE /resource_providers/bd5b5b49-b06d-4b97-ac54-5cb3633efc94 => generated 246 bytes in 11 msecs (HTTP/1.1 404) 6 headers in 231 bytes (1 switches on core 0)
2026-07-24 18:40:54.981 8 INFO placement.requestlog [None req-a6cd5d90-48e4-47c8-adca-08e97af3cf0c de74f2d4048c4ef78082d00e49736666 e2f20cd3df98453099bf504f9832b7c6 - - 6674caebc00f4e4b9a9fcb8cf9107f20 6674caebc00f4e4b9a9fcb8cf9107f20] 10.0.0.64 "GET /resource_providers/b25c5469-4eab-4cb5-8a76-0d1d8a1bc5cf/aggregates" status: 404 len: 235 microversion: 1.1 [pid: 8|app: 0|req: 329/660] 10.0.0.64 () {32 vars in 824 bytes} [Fri Jul 24 18:40:54 2026] GET /resource_providers/b25c5469-4eab-4cb5-8a76-0d1d8a1bc5cf/aggregates => generated 235 bytes in 14 msecs (HTTP/1.1 404) 5 headers in 202 bytes (1 switches on core 0)
2026-07-24 18:40:54.985 7 INFO placement.requestlog [None req-ab9ba550-0d4c-472e-b89f-ddfc3369a46c de74f2d4048c4ef78082d00e49736666 e2f20cd3df98453099bf504f9832b7c6 - - 6674caebc00f4e4b9a9fcb8cf9107f20 6674caebc00f4e4b9a9fcb8cf9107f20] 10.0.0.64 "GET /resource_providers/b25c5469-4eab-4cb5-8a76-0d1d8a1bc5cf/aggregates" status: 404 len: 235 microversion: 1.1 [pid: 7|app: 0|req: 332/661] 10.0.0.64 () {32 vars in 824 bytes} [Fri Jul 24 18:40:54 2026] GET /resource_providers/b25c5469-4eab-4cb5-8a76-0d1d8a1bc5cf/aggregates => generated 235 bytes in 12 msecs (HTTP/1.1 404) 5 headers in 202 bytes (1 switches on core 0)
2026-07-24 18:40:55.005 8 INFO placement.requestlog [None req-d8dbae66-9915-4f9b-b4e6-275fc0fefbaf de74f2d4048c4ef78082d00e49736666 e2f20cd3df98453099bf504f9832b7c6 - - 6674caebc00f4e4b9a9fcb8cf9107f20 6674caebc00f4e4b9a9fcb8cf9107f20] 10.0.0.64 "DELETE /resource_providers/b25c5469-4eab-4cb5-8a76-0d1d8a1bc5cf" status: 404 len: 246 microversion: 1.1 [pid: 8|app: 0|req: 330/662] 10.0.0.64 () {34 vars in 824 bytes} [Fri Jul 24 18:40:54 2026] DELETE /resource_providers/b25c5469-4eab-4cb5-8a76-0d1d8a1bc5cf => generated 246 bytes in 11 msecs (HTTP/1.1 404) 6 headers in 231 bytes (1 switches on core 0)
2026-07-24 18:40:55.006 7 INFO placement.requestlog [None req-06715c3b-a3b7-48f7-8c52-c037c179510c de74f2d4048c4ef78082d00e49736666 e2f20cd3df98453099bf504f9832b7c6 - - 6674caebc00f4e4b9a9fcb8cf9107f20 6674caebc00f4e4b9a9fcb8cf9107f20] 10.0.0.64 "DELETE /resource_providers/b25c5469-4eab-4cb5-8a76-0d1d8a1bc5cf" status: 404 len: 246 microversion: 1.1 [pid: 7|app: 0|req: 333/663] 10.0.0.64 () {34 vars in 824 bytes} [Fri Jul 24 18:40:54 2026] DELETE /resource_providers/b25c5469-4eab-4cb5-8a76-0d1d8a1bc5cf => generated 246 bytes in 13 msecs (HTTP/1.1 404) 6 headers in 231 bytes (1 switches on core 0)
2026-07-24 18:40:56.613 8 INFO placement.requestlog [None req-e2aedd91-3e53-4f5f-a1b6-c1a4a4d273a6 de74f2d4048c4ef78082d00e49736666 e2f20cd3df98453099bf504f9832b7c6 - - 6674caebc00f4e4b9a9fcb8cf9107f20 6674caebc00f4e4b9a9fcb8cf9107f20] 10.0.0.64 "GET /resource_providers/d2bbde64-fa1f-4902-8fa6-960a28435044/aggregates" status: 404 len: 235 microversion: 1.1 [pid: 8|app: 0|req: 331/664] 10.0.0.64 () {32 vars in 824 bytes} [Fri Jul 24 18:40:56 2026] GET /resource_providers/d2bbde64-fa1f-4902-8fa6-960a28435044/aggregates => generated 235 bytes in 13 msecs (HTTP/1.1 404) 5 headers in 202 bytes (1 switches on core 0)
2026-07-24 18:40:56.618 7 INFO placement.requestlog [None req-e40aaaba-2118-46e3-8682-ffa006957b1e de74f2d4048c4ef78082d00e49736666 e2f20cd3df98453099bf504f9832b7c6 - - 6674caebc00f4e4b9a9fcb8cf9107f20 6674caebc00f4e4b9a9fcb8cf9107f20] 10.0.0.64 "GET /resource_providers/d2bbde64-fa1f-4902-8fa6-960a28435044/aggregates" status: 404 len: 235 microversion: 1.1 [pid: 7|app: 0|req: 334/665] 10.0.0.64 () {32 vars in 824 bytes} [Fri Jul 24 18:40:56 2026] GET /resource_providers/d2bbde64-fa1f-4902-8fa6-960a28435044/aggregates => generated 235 bytes in 15 msecs (HTTP/1.1 404) 5 headers in 202 bytes (1 switches on core 0)
2026-07-24 18:40:56.658 8 INFO placement.requestlog [None req-447dd107-cd5d-4d9c-b706-da5feb96ac4f de74f2d4048c4ef78082d00e49736666 e2f20cd3df98453099bf504f9832b7c6 - - 6674caebc00f4e4b9a9fcb8cf9107f20 6674caebc00f4e4b9a9fcb8cf9107f20] 10.0.0.64 "DELETE /resource_providers/d2bbde64-fa1f-4902-8fa6-960a28435044" status: 404 len: 246 microversion: 1.1 [pid: 8|app: 0|req: 332/666] 10.0.0.64 () {34 vars in 824 bytes} [Fri Jul 24 18:40:56 2026] DELETE /resource_providers/d2bbde64-fa1f-4902-8fa6-960a28435044 => generated 246 bytes in 12 msecs (HTTP/1.1 404) 6 headers in 231 bytes (1 switches on core 0)
2026-07-24 18:40:56.660 7 INFO placement.requestlog [None req-8ce3f0a7-c57e-4270-9e8c-cfc1ddb0ad34 de74f2d4048c4ef78082d00e49736666 e2f20cd3df98453099bf504f9832b7c6 - - 6674caebc00f4e4b9a9fcb8cf9107f20 6674caebc00f4e4b9a9fcb8cf9107f20] 10.0.0.64 "DELETE /resource_providers/d2bbde64-fa1f-4902-8fa6-960a28435044" status: 404 len: 246 microversion: 1.1 [pid: 7|app: 0|req: 335/667] 10.0.0.64 () {34 vars in 824 bytes} [Fri Jul 24 18:40:56 2026] DELETE /resource_providers/d2bbde64-fa1f-4902-8fa6-960a28435044 => generated 246 bytes in 14 msecs (HTTP/1.1 404) 6 headers in 231 bytes (1 switches on core 0)
2026-07-24 18:40:57.040 8 INFO placement.requestlog [None req-5a2b4813-6a76-4923-99ab-398ee93b8580 de74f2d4048c4ef78082d00e49736666 e2f20cd3df98453099bf504f9832b7c6 - - 6674caebc00f4e4b9a9fcb8cf9107f20 6674caebc00f4e4b9a9fcb8cf9107f20] 10.0.0.64 "GET /resource_providers/78ebdca0-b59d-4c2b-ab18-6844a990639e/aggregates" status: 404 len: 235 microversion: 1.1 [pid: 8|app: 0|req: 333/668] 10.0.0.64 () {32 vars in 824 bytes} [Fri Jul 24 18:40:57 2026] GET /resource_providers/78ebdca0-b59d-4c2b-ab18-6844a990639e/aggregates => generated 235 bytes in 13 msecs (HTTP/1.1 404) 5 headers in 202 bytes (1 switches on core 0)
2026-07-24 18:40:57.042 7 INFO placement.requestlog [None req-365b2615-5fea-4d56-b69b-9a4a12eedb54 de74f2d4048c4ef78082d00e49736666 e2f20cd3df98453099bf504f9832b7c6 - - 6674caebc00f4e4b9a9fcb8cf9107f20 6674caebc00f4e4b9a9fcb8cf9107f20] 10.0.0.64 "GET /resource_providers/78ebdca0-b59d-4c2b-ab18-6844a990639e/aggregates" status: 404 len: 235 microversion: 1.1 [pid: 7|app: 0|req: 336/669] 10.0.0.64 () {32 vars in 824 bytes} [Fri Jul 24 18:40:57 2026] GET /resource_providers/78ebdca0-b59d-4c2b-ab18-6844a990639e/aggregates => generated 235 bytes in 15 msecs (HTTP/1.1 404) 5 headers in 202 bytes (1 switches on core 0)
2026-07-24 18:40:57.067 8 INFO placement.requestlog [None req-6e41e018-7491-4ae8-8f2f-fb5eceb74408 de74f2d4048c4ef78082d00e49736666 e2f20cd3df98453099bf504f9832b7c6 - - 6674caebc00f4e4b9a9fcb8cf9107f20 6674caebc00f4e4b9a9fcb8cf9107f20] 10.0.0.64 "DELETE /resource_providers/78ebdca0-b59d-4c2b-ab18-6844a990639e" status: 404 len: 246 microversion: 1.1 [pid: 8|app: 0|req: 334/670] 10.0.0.64 () {34 vars in 824 bytes} [Fri Jul 24 18:40:57 2026] DELETE /resource_providers/78ebdca0-b59d-4c2b-ab18-6844a990639e => generated 246 bytes in 12 msecs (HTTP/1.1 404) 6 headers in 231 bytes (1 switches on core 0)
2026-07-24 18:40:57.069 7 INFO placement.requestlog [None req-b758395d-38fe-4fde-9f42-de9af1e47dc3 de74f2d4048c4ef78082d00e49736666 e2f20cd3df98453099bf504f9832b7c6 - - 6674caebc00f4e4b9a9fcb8cf9107f20 6674caebc00f4e4b9a9fcb8cf9107f20] 10.0.0.64 "DELETE /resource_providers/78ebdca0-b59d-4c2b-ab18-6844a990639e" status: 404 len: 246 microversion: 1.1 [pid: 7|app: 0|req: 337/671] 10.0.0.64 () {34 vars in 824 bytes} [Fri Jul 24 18:40:57 2026] DELETE /resource_providers/78ebdca0-b59d-4c2b-ab18-6844a990639e => generated 246 bytes in 13 msecs (HTTP/1.1 404) 6 headers in 231 bytes (1 switches on core 0)
2026-07-24 18:40:57.821 8 INFO placement.requestlog [None req-c5338a0d-29a2-477b-be59-6a27218d17c4 - - - - - -] 10.0.0.75 "GET /" status: 200 len: 136 microversion: 1.0
2026-07-24 18:40:57.821 7 INFO placement.requestlog [None req-d5ed0de1-115b-48bc-b475-d934c63f1d67 - - - - - -] 10.0.0.75 "GET /" status: 200 len: 136 microversion: 1.0
2026-07-24 18:40:58.695 8 INFO placement.requestlog [None req-f6afabbb-9726-4e2d-aa6e-3a849cede07c de74f2d4048c4ef78082d00e49736666 e2f20cd3df98453099bf504f9832b7c6 - - 6674caebc00f4e4b9a9fcb8cf9107f20 6674caebc00f4e4b9a9fcb8cf9107f20] 10.0.0.64 "GET /resource_providers/e60cdd1c-2a67-43e1-8e2f-a53b0d1bb756/aggregates" status: 404 len: 235 microversion: 1.1 [pid: 8|app: 0|req: 336/674] 10.0.0.64 () {32 vars in 824 bytes} [Fri Jul 24 18:40:58 2026] GET /resource_providers/e60cdd1c-2a67-43e1-8e2f-a53b0d1bb756/aggregates => generated 235 bytes in 12 msecs (HTTP/1.1 404) 5 headers in 202 bytes (1 switches on core 0)
2026-07-24 18:40:58.717 7 INFO placement.requestlog [None req-79869776-6b53-4bdc-ad17-99f693308d37 de74f2d4048c4ef78082d00e49736666 e2f20cd3df98453099bf504f9832b7c6 - - 6674caebc00f4e4b9a9fcb8cf9107f20 6674caebc00f4e4b9a9fcb8cf9107f20] 10.0.0.64 "GET /resource_providers/e60cdd1c-2a67-43e1-8e2f-a53b0d1bb756/aggregates" status: 404 len: 235 microversion: 1.1 [pid: 7|app: 0|req: 339/675] 10.0.0.64 () {32 vars in 824 bytes} [Fri Jul 24 18:40:58 2026] GET /resource_providers/e60cdd1c-2a67-43e1-8e2f-a53b0d1bb756/aggregates => generated 235 bytes in 18 msecs (HTTP/1.1 404) 5 headers in 202 bytes (1 switches on core 0)
2026-07-24 18:40:58.722 8 INFO placement.requestlog [None req-e7409db9-4d6e-42a5-aeea-68d00fd6a54b de74f2d4048c4ef78082d00e49736666 e2f20cd3df98453099bf504f9832b7c6 - - 6674caebc00f4e4b9a9fcb8cf9107f20 6674caebc00f4e4b9a9fcb8cf9107f20] 10.0.0.64 "DELETE /resource_providers/e60cdd1c-2a67-43e1-8e2f-a53b0d1bb756" status: 404 len: 246 microversion: 1.1 [pid: 8|app: 0|req: 337/676] 10.0.0.64 () {34 vars in 824 bytes} [Fri Jul 24 18:40:58 2026] DELETE /resource_providers/e60cdd1c-2a67-43e1-8e2f-a53b0d1bb756 => generated 246 bytes in 11 msecs (HTTP/1.1 404) 6 headers in 231 bytes (1 switches on core 0)
2026-07-24 18:40:58.742 7 INFO placement.requestlog [None req-17a70a20-c84b-4391-977e-5df2fe55afed de74f2d4048c4ef78082d00e49736666 e2f20cd3df98453099bf504f9832b7c6 - - 6674caebc00f4e4b9a9fcb8cf9107f20 6674caebc00f4e4b9a9fcb8cf9107f20] 10.0.0.64 "DELETE /resource_providers/e60cdd1c-2a67-43e1-8e2f-a53b0d1bb756" status: 404 len: 246 microversion: 1.1 [pid: 7|app: 0|req: 340/677] 10.0.0.64 () {34 vars in 824 bytes} [Fri Jul 24 18:40:58 2026] DELETE /resource_providers/e60cdd1c-2a67-43e1-8e2f-a53b0d1bb756 => generated 246 bytes in 16 msecs (HTTP/1.1 404) 6 headers in 231 bytes (1 switches on core 0)
2026-07-24 18:41:01.419 7 INFO placement.requestlog [None req-2a7bd072-217a-4977-82a1-c6c889302127 de74f2d4048c4ef78082d00e49736666 e2f20cd3df98453099bf504f9832b7c6 - - 6674caebc00f4e4b9a9fcb8cf9107f20 6674caebc00f4e4b9a9fcb8cf9107f20] 10.0.0.64 "GET /resource_providers/ddbbb7c4-daca-4b52-a2e2-7bad0459d652/aggregates" status: 404 len: 235 microversion: 1.1 [pid: 7|app: 0|req: 341/678] 10.0.0.64 () {32 vars in 824 bytes} [Fri Jul 24 18:41:01 2026] GET /resource_providers/ddbbb7c4-daca-4b52-a2e2-7bad0459d652/aggregates => generated 235 bytes in 17 msecs (HTTP/1.1 404) 5 headers in 202 bytes (1 switches on core 0)
2026-07-24 18:41:01.422 8 INFO placement.requestlog [None req-b1987621-cbae-48ea-8342-0f548aaecf68 de74f2d4048c4ef78082d00e49736666 e2f20cd3df98453099bf504f9832b7c6 - - 6674caebc00f4e4b9a9fcb8cf9107f20 6674caebc00f4e4b9a9fcb8cf9107f20] 10.0.0.64 "GET /resource_providers/ddbbb7c4-daca-4b52-a2e2-7bad0459d652/aggregates" status: 404 len: 235 microversion: 1.1 [pid: 8|app: 0|req: 338/679] 10.0.0.64 () {32 vars in 824 bytes} [Fri Jul 24 18:41:01 2026] GET /resource_providers/ddbbb7c4-daca-4b52-a2e2-7bad0459d652/aggregates => generated 235 bytes in 19 msecs (HTTP/1.1 404) 5 headers in 202 bytes (1 switches on core 0)
2026-07-24 18:41:01.453 7 INFO placement.requestlog [None req-9634a154-f065-4e1f-998b-7885d00c5bd0 de74f2d4048c4ef78082d00e49736666 e2f20cd3df98453099bf504f9832b7c6 - - 6674caebc00f4e4b9a9fcb8cf9107f20 6674caebc00f4e4b9a9fcb8cf9107f20] 10.0.0.64 "DELETE /resource_providers/ddbbb7c4-daca-4b52-a2e2-7bad0459d652" status: 404 len: 246 microversion: 1.1 [pid: 7|app: 0|req: 342/680] 10.0.0.64 () {34 vars in 824 bytes} [Fri Jul 24 18:41:01 2026] DELETE /resource_providers/ddbbb7c4-daca-4b52-a2e2-7bad0459d652 => generated 246 bytes in 13 msecs (HTTP/1.1 404) 6 headers in 231 bytes (1 switches on core 0)
2026-07-24 18:41:01.455 8 INFO placement.requestlog [None req-843ce074-eb5c-4345-8816-62c7423a4d1f de74f2d4048c4ef78082d00e49736666 e2f20cd3df98453099bf504f9832b7c6 - - 6674caebc00f4e4b9a9fcb8cf9107f20 6674caebc00f4e4b9a9fcb8cf9107f20] 10.0.0.64 "DELETE /resource_providers/ddbbb7c4-daca-4b52-a2e2-7bad0459d652" status: 404 len: 246 microversion: 1.1 [pid: 8|app: 0|req: 339/681] 10.0.0.64 () {34 vars in 824 bytes} [Fri Jul 24 18:41:01 2026] DELETE /resource_providers/ddbbb7c4-daca-4b52-a2e2-7bad0459d652 => generated 246 bytes in 15 msecs (HTTP/1.1 404) 6 headers in 231 bytes (1 switches on core 0)
2026-07-24 18:41:03.599 8 INFO placement.requestlog [None req-b2cce3a8-681d-416c-b953-9487944c14fc de74f2d4048c4ef78082d00e49736666 e2f20cd3df98453099bf504f9832b7c6 - - 6674caebc00f4e4b9a9fcb8cf9107f20 6674caebc00f4e4b9a9fcb8cf9107f20] 10.0.0.64 "GET /resource_providers/2ac4653f-3fde-4a7f-af73-ae633a541c1d/aggregates" status: 404 len: 235 microversion: 1.1 [pid: 8|app: 0|req: 340/682] 10.0.0.64 () {32 vars in 824 bytes} [Fri Jul 24 18:41:03 2026] GET /resource_providers/2ac4653f-3fde-4a7f-af73-ae633a541c1d/aggregates => generated 235 bytes in 13 msecs (HTTP/1.1 404) 5 headers in 202 bytes (1 switches on core 0)
2026-07-24 18:41:03.607 7 INFO placement.requestlog [None req-836b6e9c-9b66-441d-9977-fa8444aab374 de74f2d4048c4ef78082d00e49736666 e2f20cd3df98453099bf504f9832b7c6 - - 6674caebc00f4e4b9a9fcb8cf9107f20 6674caebc00f4e4b9a9fcb8cf9107f20] 10.0.0.64 "GET /resource_providers/2ac4653f-3fde-4a7f-af73-ae633a541c1d/aggregates" status: 404 len: 235 microversion: 1.1 [pid: 7|app: 0|req: 343/683] 10.0.0.64 () {32 vars in 824 bytes} [Fri Jul 24 18:41:03 2026] GET /resource_providers/2ac4653f-3fde-4a7f-af73-ae633a541c1d/aggregates => generated 235 bytes in 26 msecs (HTTP/1.1 404) 5 headers in 202 bytes (1 switches on core 0)
2026-07-24 18:41:03.647 8 INFO placement.requestlog [None req-1e73f305-82a7-4a20-a14d-f599a692a4ed de74f2d4048c4ef78082d00e49736666 e2f20cd3df98453099bf504f9832b7c6 - - 6674caebc00f4e4b9a9fcb8cf9107f20 6674caebc00f4e4b9a9fcb8cf9107f20] 10.0.0.64 "DELETE /resource_providers/2ac4653f-3fde-4a7f-af73-ae633a541c1d" status: 404 len: 246 microversion: 1.1 [pid: 8|app: 0|req: 341/684] 10.0.0.64 () {34 vars in 824 bytes} [Fri Jul 24 18:41:03 2026] DELETE /resource_providers/2ac4653f-3fde-4a7f-af73-ae633a541c1d => generated 246 bytes in 12 msecs (HTTP/1.1 404) 6 headers in 231 bytes (1 switches on core 0)
2026-07-24 18:41:03.653 7 INFO placement.requestlog [None req-3690cbc0-6c25-4ffa-889d-f75d8493100d de74f2d4048c4ef78082d00e49736666 e2f20cd3df98453099bf504f9832b7c6 - - 6674caebc00f4e4b9a9fcb8cf9107f20 6674caebc00f4e4b9a9fcb8cf9107f20] 10.0.0.64 "DELETE /resource_providers/2ac4653f-3fde-4a7f-af73-ae633a541c1d" status: 404 len: 246 microversion: 1.1 [pid: 7|app: 0|req: 344/685] 10.0.0.64 () {34 vars in 824 bytes} [Fri Jul 24 18:41:03 2026] DELETE /resource_providers/2ac4653f-3fde-4a7f-af73-ae633a541c1d => generated 246 bytes in 12 msecs (HTTP/1.1 404) 6 headers in 231 bytes (1 switches on core 0)
2026-07-24 18:41:06.452 7 INFO placement.requestlog [None req-4e53ac0f-a716-4e1e-9ec7-6108fcdf79b5 de74f2d4048c4ef78082d00e49736666 e2f20cd3df98453099bf504f9832b7c6 - - 6674caebc00f4e4b9a9fcb8cf9107f20 6674caebc00f4e4b9a9fcb8cf9107f20] 10.0.0.64 "GET /resource_providers/e2300543-6142-4154-9cbd-7fad63a5bf4e/aggregates" status: 404 len: 235 microversion: 1.1 [pid: 7|app: 0|req: 345/686] 10.0.0.64 () {32 vars in 824 bytes} [Fri Jul 24 18:41:06 2026] GET /resource_providers/e2300543-6142-4154-9cbd-7fad63a5bf4e/aggregates => generated 235 bytes in 12 msecs (HTTP/1.1 404) 5 headers in 202 bytes (1 switches on core 0)
2026-07-24 18:41:06.465 7 INFO placement.requestlog [None req-6b2f420c-6960-4038-a72e-2640cc0a0e51 de74f2d4048c4ef78082d00e49736666 e2f20cd3df98453099bf504f9832b7c6 - - 6674caebc00f4e4b9a9fcb8cf9107f20 6674caebc00f4e4b9a9fcb8cf9107f20] 10.0.0.64 "GET /resource_providers/e2300543-6142-4154-9cbd-7fad63a5bf4e/aggregates" status: 404 len: 235 microversion: 1.1 [pid: 7|app: 0|req: 346/687] 10.0.0.64 () {32 vars in 824 bytes} [Fri Jul 24 18:41:06 2026] GET /resource_providers/e2300543-6142-4154-9cbd-7fad63a5bf4e/aggregates => generated 235 bytes in 9 msecs (HTTP/1.1 404) 5 headers in 202 bytes (1 switches on core 0)
2026-07-24 18:41:06.481 7 INFO placement.requestlog [None req-186b2782-7860-4a0b-9450-e4a30e899774 de74f2d4048c4ef78082d00e49736666 e2f20cd3df98453099bf504f9832b7c6 - - 6674caebc00f4e4b9a9fcb8cf9107f20 6674caebc00f4e4b9a9fcb8cf9107f20] 10.0.0.64 "DELETE /resource_providers/e2300543-6142-4154-9cbd-7fad63a5bf4e" status: 404 len: 246 microversion: 1.1 [pid: 7|app: 0|req: 347/688] 10.0.0.64 () {34 vars in 824 bytes} [Fri Jul 24 18:41:06 2026] DELETE /resource_providers/e2300543-6142-4154-9cbd-7fad63a5bf4e => generated 246 bytes in 10 msecs (HTTP/1.1 404) 6 headers in 231 bytes (1 switches on core 0)
2026-07-24 18:41:06.491 8 INFO placement.requestlog [req-f34050fa-32b0-436c-9c77-6feda92218e2 req-8966f9e7-f0a9-405b-b24b-ad940df420be f1c0df4839c94f82b9f5bff83eab5051 e2f20cd3df98453099bf504f9832b7c6 - - 6674caebc00f4e4b9a9fcb8cf9107f20 6674caebc00f4e4b9a9fcb8cf9107f20] 10.0.0.79 "GET /allocation_candidates?limit=1000&resources=DISK_GB%3A1%2CMEMORY_MB%3A512%2CVCPU%3A1&root_required=%21COMPUTE_STATUS_DISABLED" status: 200 len: 2149 microversion: 1.36 [pid: 8|app: 0|req: 342/689] 10.0.0.79 () {34 vars in 1011 bytes} [Fri Jul 24 18:41:06 2026] GET /allocation_candidates?limit=1000&resources=DISK_GB%3A1%2CMEMORY_MB%3A512%2CVCPU%3A1&root_required=%21COMPUTE_STATUS_DISABLED => generated 2149 bytes in 57 msecs (HTTP/1.1 200) 8 headers in 297 bytes (1 switches on core 0)
2026-07-24 18:41:06.508 7 INFO placement.requestlog [None req-333ba9b2-ef11-4d7e-8a8b-c710340c4d59 de74f2d4048c4ef78082d00e49736666 e2f20cd3df98453099bf504f9832b7c6 - - 6674caebc00f4e4b9a9fcb8cf9107f20 6674caebc00f4e4b9a9fcb8cf9107f20] 10.0.0.64 "DELETE /resource_providers/e2300543-6142-4154-9cbd-7fad63a5bf4e" status: 404 len: 246 microversion: 1.1 [pid: 7|app: 0|req: 348/690] 10.0.0.64 () {34 vars in 824 bytes} [Fri Jul 24 18:41:06 2026] DELETE /resource_providers/e2300543-6142-4154-9cbd-7fad63a5bf4e => generated 246 bytes in 20 msecs (HTTP/1.1 404) 6 headers in 231 bytes (1 switches on core 0)
2026-07-24 18:41:06.536 8 INFO placement.requestlog [req-f34050fa-32b0-436c-9c77-6feda92218e2 req-c1d52303-b73c-42da-ad76-2346debdfab7 f1c0df4839c94f82b9f5bff83eab5051 e2f20cd3df98453099bf504f9832b7c6 - - 6674caebc00f4e4b9a9fcb8cf9107f20 6674caebc00f4e4b9a9fcb8cf9107f20] 10.0.0.79 "GET /allocations/bb866ffb-0f54-4562-b4c5-04f5affe2cd8" status: 200 len: 19 microversion: 1.28 [pid: 8|app: 0|req: 343/691] 10.0.0.79 () {34 vars in 860 bytes} [Fri Jul 24 18:41:06 2026] GET /allocations/bb866ffb-0f54-4562-b4c5-04f5affe2cd8 => generated 19 bytes in 13 msecs (HTTP/1.1 200) 8 headers in 295 bytes (1 switches on core 0)
2026-07-24 18:41:06.641 7 INFO placement.requestlog [req-f34050fa-32b0-436c-9c77-6feda92218e2 req-f70fb72e-20c1-41c3-852d-8aa1427fa361 f1c0df4839c94f82b9f5bff83eab5051 e2f20cd3df98453099bf504f9832b7c6 - - 6674caebc00f4e4b9a9fcb8cf9107f20 6674caebc00f4e4b9a9fcb8cf9107f20] 10.0.0.79 "PUT /allocations/bb866ffb-0f54-4562-b4c5-04f5affe2cd8" status: 204 len: 0 microversion: 1.36 [pid: 7|app: 0|req: 349/692] 10.0.0.79 () {38 vars in 913 bytes} [Fri Jul 24 18:41:06 2026] PUT /allocations/bb866ffb-0f54-4562-b4c5-04f5affe2cd8 => generated 0 bytes in 98 msecs (HTTP/1.1 204) 5 headers in 199 bytes (1 switches on core 0)
2026-07-24 18:41:07.250 8 INFO placement.requestlog [req-f34050fa-32b0-436c-9c77-6feda92218e2 req-e40516ce-b600-4eb1-9c80-2c3ce9cad832 f1c0df4839c94f82b9f5bff83eab5051 e2f20cd3df98453099bf504f9832b7c6 - - 6674caebc00f4e4b9a9fcb8cf9107f20 6674caebc00f4e4b9a9fcb8cf9107f20] 199.19.213.152 "GET /allocations/bb866ffb-0f54-4562-b4c5-04f5affe2cd8" status: 200 len: 257 microversion: 1.28 [pid: 8|app: 0|req: 344/693] 199.19.213.152 () {34 vars in 863 bytes} [Fri Jul 24 18:41:07 2026] GET /allocations/bb866ffb-0f54-4562-b4c5-04f5affe2cd8 => generated 257 bytes in 192 msecs (HTTP/1.1 200) 8 headers in 296 bytes (1 switches on core 0)
2026-07-24 18:41:07.388 7 INFO placement.requestlog [req-f34050fa-32b0-436c-9c77-6feda92218e2 req-b9415cd7-b5ab-4cd9-82e1-505ac0d0b971 f1c0df4839c94f82b9f5bff83eab5051 e2f20cd3df98453099bf504f9832b7c6 - - 6674caebc00f4e4b9a9fcb8cf9107f20 6674caebc00f4e4b9a9fcb8cf9107f20] 199.19.213.152 "GET /resource_providers/69ff66f2-bdbf-43b5-9297-70073417bcd1/allocations" status: 200 len: 252 microversion: 1.0 [pid: 7|app: 0|req: 350/694] 199.19.213.152 () {32 vars in 857 bytes} [Fri Jul 24 18:41:07 2026] GET /resource_providers/69ff66f2-bdbf-43b5-9297-70073417bcd1/allocations => generated 252 bytes in 21 msecs (HTTP/1.1 200) 6 headers in 224 bytes (1 switches on core 0)
