2026-07-22 23:22:39.683 10 INFO neutron.wsgi [req-6293f2cc-05a0-49e7-a9dc-fa4fec5e36da req-2300493b-7aa1-4d13-8947-923619b06725 404045f7f66148ca87b33c3deb64ffac e48df614e2a542a690e1cc22a276933b - - 5e99659270f44b0f8c46fcb0fc3691df 5e99659270f44b0f8c46fcb0fc3691df] 199.19.213.74 "GET /v2.0/ports?tenant_id=a95fb2e09ebe46d282f429652af4b6ca&device_id=7efcdf65-d8e0-43e4-81f4-785bf6ee853f HTTP/1.1" status: 200 len: 1363 time: 0.0327303
2026-07-22 23:22:39.753 10 INFO neutron.wsgi [req-6293f2cc-05a0-49e7-a9dc-fa4fec5e36da req-1331617b-4089-414d-995c-f1c9ffd8dfac 404045f7f66148ca87b33c3deb64ffac e48df614e2a542a690e1cc22a276933b - - 5e99659270f44b0f8c46fcb0fc3691df 5e99659270f44b0f8c46fcb0fc3691df] 199.19.213.74 "GET /v2.0/networks?id=b78e26b0-4b9a-49f6-ac10-06c48ead53fc HTTP/1.1" status: 200 len: 958 time: 0.0630646
2026-07-22 23:22:39.789 10 INFO neutron.wsgi [req-6293f2cc-05a0-49e7-a9dc-fa4fec5e36da req-10b8660c-9ee2-4d1f-bd02-b1503e3f9a02 404045f7f66148ca87b33c3deb64ffac e48df614e2a542a690e1cc22a276933b - - 5e99659270f44b0f8c46fcb0fc3691df 5e99659270f44b0f8c46fcb0fc3691df] 199.19.213.74 "GET /v2.0/floatingips?fixed_ip_address=10.100.0.11&port_id=e4272823-1c70-4df0-88c6-eaf71412a47b HTTP/1.1" status: 200 len: 217 time: 0.0300221
2026-07-22 23:22:39.804 9 INFO neutron.plugins.ml2.drivers.ovn.mech_driver.mech_driver [None req-e94773ee-e484-46ec-9ae7-301148bfd26a - - - - - -] OVN reports status up for port: e4272823-1c70-4df0-88c6-eaf71412a47b
2026-07-22 23:22:39.826 9 INFO neutron.plugins.ml2.plugin [None req-e94773ee-e484-46ec-9ae7-301148bfd26a - - - - - -] Attempt 1 to provision port e4272823-1c70-4df0-88c6-eaf71412a47b
2026-07-22 23:22:39.850 10 INFO neutron.wsgi [req-6293f2cc-05a0-49e7-a9dc-fa4fec5e36da req-d9304bb7-878b-4d01-aac0-891f48636ee6 404045f7f66148ca87b33c3deb64ffac e48df614e2a542a690e1cc22a276933b - - 5e99659270f44b0f8c46fcb0fc3691df 5e99659270f44b0f8c46fcb0fc3691df] 199.19.213.74 "GET /v2.0/subnets?id=8f4948e4-1814-40e3-b747-00b6bd1c14ea HTTP/1.1" status: 200 len: 853 time: 0.0334604
2026-07-22 23:22:39.855 9 WARNING neutron.scheduler.dhcp_agent_scheduler [None req-83f353ff-2d90-4432-a685-5ec2e38e2258 6c06e6f3e68b4415b9ad23ef55b18ee3 5dc9833f98cf43309117530d33ffbeb8 - - - -] No more DHCP agents
2026-07-22 23:22:39.864 9 WARNING neutron.api.rpc.agentnotifiers.dhcp_rpc_agent_api [None req-83f353ff-2d90-4432-a685-5ec2e38e2258 6c06e6f3e68b4415b9ad23ef55b18ee3 5dc9833f98cf43309117530d33ffbeb8 - - - -] Unable to schedule network 84f3fa8d-617d-40f7-a7e5-79989cc68dd7: no agents available; will retry on subsequent port and subnet creation events.
2026-07-22 23:22:39.892 10 INFO neutron.wsgi [req-6293f2cc-05a0-49e7-a9dc-fa4fec5e36da req-3a98b218-2c39-451a-9210-a84ace003ac6 404045f7f66148ca87b33c3deb64ffac e48df614e2a542a690e1cc22a276933b - - 5e99659270f44b0f8c46fcb0fc3691df 5e99659270f44b0f8c46fcb0fc3691df] 199.19.213.74 "GET /v2.0/ports?network_id=b78e26b0-4b9a-49f6-ac10-06c48ead53fc&device_owner=network%3Adhcp HTTP/1.1" status: 200 len: 210 time: 0.0324805
2026-07-22 23:22:39.896 9 INFO neutron.db.ovn_revision_numbers_db [None req-83f353ff-2d90-4432-a685-5ec2e38e2258 6c06e6f3e68b4415b9ad23ef55b18ee3 5dc9833f98cf43309117530d33ffbeb8 - - - -] Successfully bumped revision number for resource 48e8e450-6c5d-412c-afea-d4010d8f08da (type: subnets) to 0
2026-07-22 23:22:39.925 9 INFO neutron.wsgi [None req-83f353ff-2d90-4432-a685-5ec2e38e2258 6c06e6f3e68b4415b9ad23ef55b18ee3 5dc9833f98cf43309117530d33ffbeb8 - - - -] 10.0.0.216 "POST /v2.0/subnets HTTP/1.1" status: 201 len: 821 time: 0.4153984
2026-07-22 23:22:39.958 10 INFO neutron.wsgi [req-6293f2cc-05a0-49e7-a9dc-fa4fec5e36da req-5c670a95-b354-4495-9bfc-a3eed1c7e3a0 404045f7f66148ca87b33c3deb64ffac e48df614e2a542a690e1cc22a276933b - - 5e99659270f44b0f8c46fcb0fc3691df 5e99659270f44b0f8c46fcb0fc3691df] 199.19.213.74 "GET /v2.0/networks/b78e26b0-4b9a-49f6-ac10-06c48ead53fc?fields=segments HTTP/1.1" status: 200 len: 212 time: 0.0615370
2026-07-22 23:22:39.998 9 INFO neutron.notifiers.nova [-] Nova event matching ['req-78fd8e0b-57b1-44e8-982b-3f12487b3fdd'] response: {'server_uuid': '7efcdf65-d8e0-43e4-81f4-785bf6ee853f', 'name': 'network-vif-plugged', 'status': 'completed', 'tag': 'e4272823-1c70-4df0-88c6-eaf71412a47b', 'code': 200}
2026-07-22 23:22:40.029 10 INFO neutron.wsgi [req-6293f2cc-05a0-49e7-a9dc-fa4fec5e36da req-888190be-0b92-4828-8a8a-a91b067f4372 404045f7f66148ca87b33c3deb64ffac e48df614e2a542a690e1cc22a276933b - - 5e99659270f44b0f8c46fcb0fc3691df 5e99659270f44b0f8c46fcb0fc3691df] 199.19.213.74 "GET /v2.0/networks/b78e26b0-4b9a-49f6-ac10-06c48ead53fc?fields=provider%3Aphysical_network&fields=provider%3Anetwork_type HTTP/1.1" status: 200 len: 277 time: 0.0641677
2026-07-22 23:22:40.094 9 INFO neutron.db.ovn_revision_numbers_db [None req-d9bb9025-5ffd-49d2-987e-8aa20efe1f44 cf73f69d1f7e49a59cf81fa0f22f15b3 54c749f18dbc43a79f6dd70b33b72377 - - default default] Successfully bumped revision number for resource db091ed5-2a7d-4d01-85b1-f9589d1dd731 (type: security_groups) to 1
2026-07-22 23:22:40.141 9 INFO neutron.wsgi [None req-d9bb9025-5ffd-49d2-987e-8aa20efe1f44 cf73f69d1f7e49a59cf81fa0f22f15b3 54c749f18dbc43a79f6dd70b33b72377 - - default default] 10.0.0.216 "GET /v2.0/security-groups?tenant_id=3f17d6d8c5eb4d30a870e71719b8aafc&name=default HTTP/1.1" status: 200 len: 2996 time: 0.5532262
2026-07-22 23:22:40.197 9 INFO neutron.db.ovn_revision_numbers_db [None req-aa6ba4cf-a2d8-48e2-80d7-d0b1d3dc3837 6c06e6f3e68b4415b9ad23ef55b18ee3 5dc9833f98cf43309117530d33ffbeb8 - - - -] Successfully bumped revision number for resource 55004406-167e-4343-b2a2-432fa1950a80 (type: routers) to 1
2026-07-22 23:22:40.222 9 INFO neutron.wsgi [None req-aa6ba4cf-a2d8-48e2-80d7-d0b1d3dc3837 6c06e6f3e68b4415b9ad23ef55b18ee3 5dc9833f98cf43309117530d33ffbeb8 - - - -] 10.0.0.216 "POST /v2.0/routers HTTP/1.1" status: 201 len: 690 time: 0.2901840
2026-07-22 23:22:40.348 9 INFO neutron.db.ovn_revision_numbers_db [None req-e94773ee-e484-46ec-9ae7-301148bfd26a - - - - - -] Successfully bumped revision number for resource e4272823-1c70-4df0-88c6-eaf71412a47b (type: ports) to 4
2026-07-22 23:22:40.387 10 INFO neutron.wsgi [None req-ceb5abc0-8c91-4223-a848-9bd6c282315f cf73f69d1f7e49a59cf81fa0f22f15b3 54c749f18dbc43a79f6dd70b33b72377 - - - -] 10.0.0.216 "DELETE /v2.0/security-groups/db091ed5-2a7d-4d01-85b1-f9589d1dd731 HTTP/1.1" status: 204 len: 168 time: 0.2411134
2026-07-22 23:22:40.462 10 INFO neutron.wsgi [req-b4c1a94f-55f6-4ca4-b88e-ff75ad8b99c7 req-a4269457-38fd-4396-acbe-16fbb2e4ec1d 22923918ffc14c87b5f60ad42d46b458 a95fb2e09ebe46d282f429652af4b6ca - - default default] 10.0.0.112 "GET /v2.0/ports?device_id=7efcdf65-d8e0-43e4-81f4-785bf6ee853f HTTP/1.1" status: 200 len: 1174 time: 0.0393682
2026-07-22 23:22:40.503 10 INFO neutron.wsgi [req-b4c1a94f-55f6-4ca4-b88e-ff75ad8b99c7 req-2efa4efe-f899-49bf-9524-e3aac0b0169c 22923918ffc14c87b5f60ad42d46b458 a95fb2e09ebe46d282f429652af4b6ca - - default default] 10.0.0.112 "GET /v2.0/security-groups?id=fd7eec25-34cf-4706-8387-7aa53043c87e&fields=id&fields=name HTTP/1.1" status: 200 len: 313 time: 0.0335851 /var/lib/openstack/lib/python3.10/site-packages/pycadf/identifier.py:71: UserWarning: Invalid uuid: neutron. To ensure interoperability, identifiers should be a valid uuid. warnings.warn(('Invalid uuid: %s. To ensure interoperability, '
2026-07-22 23:22:40.561 10 WARNING neutron.plugins.ml2.drivers.ovn.mech_driver.ovsdb.ovn_client [None req-bc687c49-6adf-4944-a055-3629312b5243 - - - - - -] No hosting information found for port 6cbc2be9-b19a-4f46-bde4-a9c2e41b8bb1: RuntimeError: No hosting information found for port 6cbc2be9-b19a-4f46-bde4-a9c2e41b8bb1
2026-07-22 23:22:40.561 10 INFO neutron.plugins.ml2.drivers.ovn.mech_driver.mech_driver [None req-bc687c49-6adf-4944-a055-3629312b5243 - - - - - -] OVN reports status up for port: 7ce1e023-63dc-4bfe-9670-5ba30aa5171e
2026-07-22 23:22:40.702 9 INFO neutron.db.ovn_revision_numbers_db [None req-8970c380-9f6d-4b11-b1dc-d04c029930b3 cf73f69d1f7e49a59cf81fa0f22f15b3 54c749f18dbc43a79f6dd70b33b72377 - - default default] Successfully bumped revision number for resource d1fe4cf8-670a-4274-ad96-0695ebf343df (type: security_groups) to 1
2026-07-22 23:22:40.728 9 INFO neutron.wsgi [None req-8970c380-9f6d-4b11-b1dc-d04c029930b3 cf73f69d1f7e49a59cf81fa0f22f15b3 54c749f18dbc43a79f6dd70b33b72377 - - default default] 10.0.0.216 "GET /v2.0/security-groups?tenant_id=d09b8c91226a40eeb8522ac1f117ebc0&name=default HTTP/1.1" status: 200 len: 2996 time: 0.1854324
2026-07-22 23:22:40.810 9 WARNING neutron.scheduler.dhcp_agent_scheduler [None req-7a95c4e8-5f2c-4c87-a92d-b39ff15c0256 6c06e6f3e68b4415b9ad23ef55b18ee3 5dc9833f98cf43309117530d33ffbeb8 - - default default] No more DHCP agents
2026-07-22 23:22:40.815 9 WARNING neutron.api.rpc.agentnotifiers.dhcp_rpc_agent_api [None req-7a95c4e8-5f2c-4c87-a92d-b39ff15c0256 6c06e6f3e68b4415b9ad23ef55b18ee3 5dc9833f98cf43309117530d33ffbeb8 - - default default] Unable to schedule network 84f3fa8d-617d-40f7-a7e5-79989cc68dd7: no agents available; will retry on subsequent port and subnet creation events.
2026-07-22 23:22:40.910 9 INFO neutron.db.ovn_revision_numbers_db [None req-7a95c4e8-5f2c-4c87-a92d-b39ff15c0256 6c06e6f3e68b4415b9ad23ef55b18ee3 5dc9833f98cf43309117530d33ffbeb8 - - default default] Successfully bumped revision number for resource eba6b290-0bac-4d17-8048-d595db8d2df4 (type: ports) to 1
2026-07-22 23:22:40.999 9 INFO neutron.wsgi [None req-64a41482-2658-4428-aef5-b4c101efd7b2 cf73f69d1f7e49a59cf81fa0f22f15b3 54c749f18dbc43a79f6dd70b33b72377 - - - -] 10.0.0.216 "DELETE /v2.0/security-groups/d1fe4cf8-670a-4274-ad96-0695ebf343df HTTP/1.1" status: 204 len: 168 time: 0.2662363
2026-07-22 23:22:41.299 10 INFO neutron.plugins.ml2.drivers.ovn.mech_driver.mech_driver [None req-bc687c49-6adf-4944-a055-3629312b5243 - - - - - -] OVN reports status up for port: eba6b290-0bac-4d17-8048-d595db8d2df4
2026-07-22 23:22:41.303 9 INFO neutron.db.ovn_revision_numbers_db [None req-7a95c4e8-5f2c-4c87-a92d-b39ff15c0256 6c06e6f3e68b4415b9ad23ef55b18ee3 5dc9833f98cf43309117530d33ffbeb8 - - default default] Successfully bumped revision number for resource eba6b290-0bac-4d17-8048-d595db8d2df4 (type: router_ports) to 2
2026-07-22 23:22:41.311 10 INFO neutron.plugins.ml2.plugin [None req-bc687c49-6adf-4944-a055-3629312b5243 - - - - - -] Attempt 1 to provision port eba6b290-0bac-4d17-8048-d595db8d2df4
2026-07-22 23:22:41.585 9 INFO neutron.db.ovn_revision_numbers_db [None req-7a95c4e8-5f2c-4c87-a92d-b39ff15c0256 6c06e6f3e68b4415b9ad23ef55b18ee3 5dc9833f98cf43309117530d33ffbeb8 - - default default] Successfully bumped revision number for resource eba6b290-0bac-4d17-8048-d595db8d2df4 (type: ports) to 2
2026-07-22 23:22:41.607 10 INFO neutron.db.ovn_revision_numbers_db [None req-bc687c49-6adf-4944-a055-3629312b5243 - - - - - -] Successfully bumped revision number for resource eba6b290-0bac-4d17-8048-d595db8d2df4 (type: ports) to 3
2026-07-22 23:22:41.695 9 INFO neutron.wsgi [req-80bbc1e2-4545-403a-8efa-a1a92d012345 req-e2f3b3ef-5426-486d-9b73-a183dd0040e1 22923918ffc14c87b5f60ad42d46b458 a95fb2e09ebe46d282f429652af4b6ca - - default default] 10.0.0.112 "GET /v2.0/ports?device_id=7efcdf65-d8e0-43e4-81f4-785bf6ee853f HTTP/1.1" status: 200 len: 1174 time: 0.1080427
2026-07-22 23:22:41.696 9 WARNING neutron.scheduler.dhcp_agent_scheduler [None req-7a95c4e8-5f2c-4c87-a92d-b39ff15c0256 6c06e6f3e68b4415b9ad23ef55b18ee3 5dc9833f98cf43309117530d33ffbeb8 - - default default] No more DHCP agents
2026-07-22 23:22:41.698 9 WARNING neutron.api.rpc.agentnotifiers.dhcp_rpc_agent_api [None req-7a95c4e8-5f2c-4c87-a92d-b39ff15c0256 6c06e6f3e68b4415b9ad23ef55b18ee3 5dc9833f98cf43309117530d33ffbeb8 - - default default] Unable to schedule network 84f3fa8d-617d-40f7-a7e5-79989cc68dd7: no agents available; will retry on subsequent port and subnet creation events.
2026-07-22 23:22:41.721 10 INFO neutron.db.ovn_revision_numbers_db [None req-bc687c49-6adf-4944-a055-3629312b5243 - - - - - -] Successfully bumped revision number for resource eba6b290-0bac-4d17-8048-d595db8d2df4 (type: router_ports) to 3
2026-07-22 23:22:41.753 9 INFO neutron.wsgi [req-80bbc1e2-4545-403a-8efa-a1a92d012345 req-c9219812-12fd-4def-9e01-5790b2e96dc7 22923918ffc14c87b5f60ad42d46b458 a95fb2e09ebe46d282f429652af4b6ca - - default default] 10.0.0.112 "GET /v2.0/security-groups?id=fd7eec25-34cf-4706-8387-7aa53043c87e&fields=id&fields=name HTTP/1.1" status: 200 len: 313 time: 0.0515752
2026-07-22 23:22:41.860 9 INFO neutron.db.ovn_revision_numbers_db [None req-7a95c4e8-5f2c-4c87-a92d-b39ff15c0256 6c06e6f3e68b4415b9ad23ef55b18ee3 5dc9833f98cf43309117530d33ffbeb8 - - - -] Successfully bumped revision number for resource eba6b290-0bac-4d17-8048-d595db8d2df4 (type: router_ports) to 3
2026-07-22 23:22:41.863 9 INFO neutron.wsgi [None req-7a95c4e8-5f2c-4c87-a92d-b39ff15c0256 6c06e6f3e68b4415b9ad23ef55b18ee3 5dc9833f98cf43309117530d33ffbeb8 - - - -] 10.0.0.216 "PUT /v2.0/routers/55004406-167e-4343-b2a2-432fa1950a80/add_router_interface HTTP/1.1" status: 200 len: 503 time: 1.6340585
2026-07-22 23:22:41.904 9 INFO neutron.wsgi [None req-6e49e011-70e9-43f0-bcca-010562aeff2b 6c06e6f3e68b4415b9ad23ef55b18ee3 5dc9833f98cf43309117530d33ffbeb8 - - default default] 10.0.0.216 "GET /v2.0/ports/eba6b290-0bac-4d17-8048-d595db8d2df4 HTTP/1.1" status: 200 len: 1141 time: 0.0324459
2026-07-22 23:22:41.934 10 INFO neutron.wsgi [req-4d33648b-d79b-4a28-8c0c-cfb7786cb71d req-4c7b4b44-8518-4f0f-a96d-fe61dd7e3859 22923918ffc14c87b5f60ad42d46b458 a95fb2e09ebe46d282f429652af4b6ca - - default default] 10.0.0.112 "GET /v2.0/ports?device_id=7efcdf65-d8e0-43e4-81f4-785bf6ee853f HTTP/1.1" status: 200 len: 1174 time: 0.1134069
2026-07-22 23:22:41.940 9 INFO neutron.wsgi [None req-cf0edefb-3c2f-4636-87ac-a98bda4a4ce3 6c06e6f3e68b4415b9ad23ef55b18ee3 5dc9833f98cf43309117530d33ffbeb8 - - default default] 10.0.0.216 "GET /v2.0/ports/eba6b290-0bac-4d17-8048-d595db8d2df4 HTTP/1.1" status: 200 len: 1141 time: 0.0317831
2026-07-22 23:22:41.983 10 INFO neutron.wsgi [req-4d33648b-d79b-4a28-8c0c-cfb7786cb71d req-e1b05da4-59f6-4fbb-9c22-4b6938c2feb2 22923918ffc14c87b5f60ad42d46b458 a95fb2e09ebe46d282f429652af4b6ca - - default default] 10.0.0.112 "GET /v2.0/security-groups?id=fd7eec25-34cf-4706-8387-7aa53043c87e&fields=id&fields=name HTTP/1.1" status: 200 len: 313 time: 0.0424647
2026-07-22 23:22:42.038 9 INFO neutron.notifiers.nova [-] Nova event matching ['req-86faf5b2-35cf-454b-812a-e0a03a67c1ca'] response: {'server_uuid': '7efcdf65-d8e0-43e4-81f4-785bf6ee853f', 'name': 'network-vif-plugged', 'status': 'completed', 'tag': 'e4272823-1c70-4df0-88c6-eaf71412a47b', 'code': 200}
2026-07-22 23:22:42.061 10 INFO neutron.wsgi [None req-602cbb7b-eac4-4ea6-8068-579b32c7817f 12cff960db1542e38a5b2d52d8c94e3c 491ef249cd7643ada911d3630a168d1d - - default default] 10.0.0.216 "GET /v2.0/ports?device_id=7efcdf65-d8e0-43e4-81f4-785bf6ee853f HTTP/1.1" status: 200 len: 1360 time: 0.0562036
2026-07-22 23:22:42.346 10 WARNING neutron.scheduler.dhcp_agent_scheduler [None req-d1a319ef-b398-4c13-bfae-798e58e0c809 22923918ffc14c87b5f60ad42d46b458 a95fb2e09ebe46d282f429652af4b6ca - - - -] No more DHCP agents
2026-07-22 23:22:42.349 10 WARNING neutron.api.rpc.agentnotifiers.dhcp_rpc_agent_api [None req-d1a319ef-b398-4c13-bfae-798e58e0c809 22923918ffc14c87b5f60ad42d46b458 a95fb2e09ebe46d282f429652af4b6ca - - - -] Unable to schedule network 7c15f7fc-5f92-4a46-bbbe-3da8a40c9bad: no agents available; will retry on subsequent port and subnet creation events.
2026-07-22 23:22:42.630 9 INFO neutron.wsgi [None req-9ddbec94-ffa5-48cb-adc4-fde202093592 6c06e6f3e68b4415b9ad23ef55b18ee3 5dc9833f98cf43309117530d33ffbeb8 - - - -] 10.0.0.216 "PUT /v2.0/routers/55004406-167e-4343-b2a2-432fa1950a80/remove_router_interface HTTP/1.1" status: 200 len: 503 time: 0.6848187 /var/lib/openstack/lib/python3.10/site-packages/pycadf/identifier.py:71: UserWarning: Invalid uuid: neutron. To ensure interoperability, identifiers should be a valid uuid. warnings.warn(('Invalid uuid: %s. To ensure interoperability, '
2026-07-22 23:22:42.658 9 INFO neutron.wsgi [None req-dd57fe2d-f1dc-4f06-9f7f-c639a4636197 6c06e6f3e68b4415b9ad23ef55b18ee3 5dc9833f98cf43309117530d33ffbeb8 - - default default] 10.0.0.216 "GET /v2.0/ports?device_id=55004406-167e-4343-b2a2-432fa1950a80 HTTP/1.1" status: 200 len: 205 time: 0.0241315
2026-07-22 23:22:42.791 10 INFO neutron.wsgi [req-4da440d0-0a9c-4cd1-afda-4ec1c17ec8b2 req-23f24b01-2739-4e28-920d-f01fb6b401ca 404045f7f66148ca87b33c3deb64ffac e48df614e2a542a690e1cc22a276933b - - 5e99659270f44b0f8c46fcb0fc3691df 5e99659270f44b0f8c46fcb0fc3691df] 199.19.213.74 "GET /v2.0/ports?device_id=7efcdf65-d8e0-43e4-81f4-785bf6ee853f&fields=binding%3Ahost_id&fields=binding%3Avif_type HTTP/1.1" status: 200 len: 265 time: 0.3094153
2026-07-22 23:22:42.873 9 INFO neutron.wsgi [None req-514722ba-d8ba-4de4-bc2b-0cc6219072b1 6c06e6f3e68b4415b9ad23ef55b18ee3 5dc9833f98cf43309117530d33ffbeb8 - - - -] 10.0.0.216 "DELETE /v2.0/routers/55004406-167e-4343-b2a2-432fa1950a80 HTTP/1.1" status: 204 len: 168 time: 0.2108684
2026-07-22 23:22:42.873 10 INFO neutron.wsgi [req-4da440d0-0a9c-4cd1-afda-4ec1c17ec8b2 req-affa2a8c-be46-425b-acec-21e41da47df1 404045f7f66148ca87b33c3deb64ffac e48df614e2a542a690e1cc22a276933b - - 5e99659270f44b0f8c46fcb0fc3691df 5e99659270f44b0f8c46fcb0fc3691df] 199.19.213.74 "GET /v2.0/ports?tenant_id=a95fb2e09ebe46d282f429652af4b6ca&device_id=7efcdf65-d8e0-43e4-81f4-785bf6ee853f HTTP/1.1" status: 200 len: 1365 time: 0.0495775
2026-07-22 23:22:42.960 10 INFO neutron.wsgi [req-4da440d0-0a9c-4cd1-afda-4ec1c17ec8b2 req-04c107bf-7f71-48f5-9b78-dd2f55e766a5 404045f7f66148ca87b33c3deb64ffac e48df614e2a542a690e1cc22a276933b - - 5e99659270f44b0f8c46fcb0fc3691df 5e99659270f44b0f8c46fcb0fc3691df] 199.19.213.74 "GET /v2.0/networks?id=b78e26b0-4b9a-49f6-ac10-06c48ead53fc HTTP/1.1" status: 200 len: 958 time: 0.0655758
2026-07-22 23:22:43.027 9 INFO neutron.wsgi [None req-3c522de5-0e6a-4eb4-ad37-3bdb057b0fa2 6c06e6f3e68b4415b9ad23ef55b18ee3 5dc9833f98cf43309117530d33ffbeb8 - - - -] 10.0.0.216 "DELETE /v2.0/subnets/48e8e450-6c5d-412c-afea-d4010d8f08da HTTP/1.1" status: 204 len: 168 time: 0.1494553
2026-07-22 23:22:43.029 10 INFO neutron.wsgi [req-4da440d0-0a9c-4cd1-afda-4ec1c17ec8b2 req-8796a702-9d33-4b3d-97d2-fa714e0c0e38 404045f7f66148ca87b33c3deb64ffac e48df614e2a542a690e1cc22a276933b - - 5e99659270f44b0f8c46fcb0fc3691df 5e99659270f44b0f8c46fcb0fc3691df] 199.19.213.74 "GET /v2.0/floatingips?fixed_ip_address=10.100.0.11&port_id=e4272823-1c70-4df0-88c6-eaf71412a47b HTTP/1.1" status: 200 len: 1058 time: 0.0630155
2026-07-22 23:22:43.131 10 INFO neutron.wsgi [req-4da440d0-0a9c-4cd1-afda-4ec1c17ec8b2 req-83e2efea-3b20-47e7-9308-753f8c3c4d12 404045f7f66148ca87b33c3deb64ffac e48df614e2a542a690e1cc22a276933b - - 5e99659270f44b0f8c46fcb0fc3691df 5e99659270f44b0f8c46fcb0fc3691df] 199.19.213.74 "GET /v2.0/subnets?id=8f4948e4-1814-40e3-b747-00b6bd1c14ea HTTP/1.1" status: 200 len: 853 time: 0.0871503
2026-07-22 23:22:43.163 10 INFO neutron.wsgi [req-4da440d0-0a9c-4cd1-afda-4ec1c17ec8b2 req-b65baea2-3a97-4423-8b33-264aa29fb467 404045f7f66148ca87b33c3deb64ffac e48df614e2a542a690e1cc22a276933b - - 5e99659270f44b0f8c46fcb0fc3691df 5e99659270f44b0f8c46fcb0fc3691df] 199.19.213.74 "GET /v2.0/ports?network_id=b78e26b0-4b9a-49f6-ac10-06c48ead53fc&device_owner=network%3Adhcp HTTP/1.1" status: 200 len: 210 time: 0.0272212
2026-07-22 23:22:43.226 10 INFO neutron.db.l3_db [None req-d1a319ef-b398-4c13-bfae-798e58e0c809 22923918ffc14c87b5f60ad42d46b458 a95fb2e09ebe46d282f429652af4b6ca - - - -] Floating IP 352861e1-2c12-489e-881f-22e47943240d associated. External IP: 10.96.250.215, port: e4272823-1c70-4df0-88c6-eaf71412a47b.
2026-07-22 23:22:43.290 10 INFO neutron.wsgi [req-4da440d0-0a9c-4cd1-afda-4ec1c17ec8b2 req-65eca520-8229-41a8-923a-a7ab16113599 404045f7f66148ca87b33c3deb64ffac e48df614e2a542a690e1cc22a276933b - - 5e99659270f44b0f8c46fcb0fc3691df 5e99659270f44b0f8c46fcb0fc3691df] 199.19.213.74 "GET /v2.0/networks/b78e26b0-4b9a-49f6-ac10-06c48ead53fc?fields=segments HTTP/1.1" status: 200 len: 212 time: 0.1129296
2026-07-22 23:22:43.420 10 INFO neutron.wsgi [req-4da440d0-0a9c-4cd1-afda-4ec1c17ec8b2 req-4fc31b1a-cfca-43d7-8e7d-049f091922d9 404045f7f66148ca87b33c3deb64ffac e48df614e2a542a690e1cc22a276933b - - 5e99659270f44b0f8c46fcb0fc3691df 5e99659270f44b0f8c46fcb0fc3691df] 199.19.213.74 "GET /v2.0/networks/b78e26b0-4b9a-49f6-ac10-06c48ead53fc?fields=provider%3Aphysical_network&fields=provider%3Anetwork_type HTTP/1.1" status: 200 len: 277 time: 0.1184053
2026-07-22 23:22:43.495 10 INFO neutron.db.ovn_revision_numbers_db [None req-d1a319ef-b398-4c13-bfae-798e58e0c809 22923918ffc14c87b5f60ad42d46b458 a95fb2e09ebe46d282f429652af4b6ca - - - -] Successfully bumped revision number for resource 352861e1-2c12-489e-881f-22e47943240d (type: floatingips) to 0
2026-07-22 23:22:43.625 10 INFO neutron.db.ovn_revision_numbers_db [None req-d1a319ef-b398-4c13-bfae-798e58e0c809 22923918ffc14c87b5f60ad42d46b458 a95fb2e09ebe46d282f429652af4b6ca - - - -] Successfully bumped revision number for resource 352861e1-2c12-489e-881f-22e47943240d (type: floatingips) to 1 /var/lib/openstack/lib/python3.10/site-packages/pycadf/identifier.py:71: UserWarning: Invalid uuid: neutron. To ensure interoperability, identifiers should be a valid uuid. warnings.warn(('Invalid uuid: %s. To ensure interoperability, '
2026-07-22 23:22:43.680 10 INFO neutron.services.segments.plugin [-] Segment ab4dc86a-b6af-40f7-bfdc-6f2c329ec6a8 resource provider aggregate not found
2026-07-22 23:22:43.703 10 INFO neutron.services.segments.plugin [-] Segment ab4dc86a-b6af-40f7-bfdc-6f2c329ec6a8 resource provider aggregate not found
2026-07-22 23:22:43.717 10 INFO neutron.wsgi [None req-d1a319ef-b398-4c13-bfae-798e58e0c809 22923918ffc14c87b5f60ad42d46b458 a95fb2e09ebe46d282f429652af4b6ca - - - -] 10.0.0.216 "POST /v2.0/floatingips HTTP/1.1" status: 201 len: 1055 time: 1.6499009
2026-07-22 23:22:43.718 10 INFO neutron.services.segments.plugin [-] Segment ab4dc86a-b6af-40f7-bfdc-6f2c329ec6a8 resource provider not found; error: Placement Client Error (4xx): {"errors": [{"status": 404, "title": "Not Found", "detail": "The resource could not be found.\n\n No resource provider with uuid ab4dc86a-b6af-40f7-bfdc-6f2c329ec6a8 found for delete ", "request_id": "req-0423167f-734a-4cd3-b017-75f962f59c17"}]}
2026-07-22 23:22:43.725 10 INFO neutron.services.segments.plugin [-] Segment ab4dc86a-b6af-40f7-bfdc-6f2c329ec6a8 resource provider not found; error: Placement Client Error (4xx): {"errors": [{"status": 404, "title": "Not Found", "detail": "The resource could not be found.\n\n No resource provider with uuid ab4dc86a-b6af-40f7-bfdc-6f2c329ec6a8 found for delete ", "request_id": "req-77feee3b-d408-4f15-9b7c-bbda053c4030"}]}
2026-07-22 23:22:43.748 10 INFO neutron.wsgi [None req-2faabc1b-4b3a-4a53-9601-185cf3960457 6c06e6f3e68b4415b9ad23ef55b18ee3 5dc9833f98cf43309117530d33ffbeb8 - - - -] 10.0.0.216 "DELETE /v2.0/networks/84f3fa8d-617d-40f7-a7e5-79989cc68dd7 HTTP/1.1" status: 204 len: 168 time: 0.7126083
2026-07-22 23:22:43.756 10 INFO neutron.notifiers.nova [-] Nova event matching ['req-c5d28ed5-68b0-4198-abc2-d45425963933'] response: {'name': 'network-changed', 'server_uuid': '7efcdf65-d8e0-43e4-81f4-785bf6ee853f', 'tag': 'e4272823-1c70-4df0-88c6-eaf71412a47b', 'status': 'completed', 'code': 200}
2026-07-22 23:22:43.809 9 INFO neutron.wsgi [None req-a025eeb9-fb2c-49b9-a93e-3a95bcf245ad 22923918ffc14c87b5f60ad42d46b458 a95fb2e09ebe46d282f429652af4b6ca - - default default] 10.0.0.216 "GET /v2.0/floatingips/352861e1-2c12-489e-881f-22e47943240d HTTP/1.1" status: 200 len: 1052 time: 0.0856857
2026-07-22 23:22:43.814 10 INFO neutron.wsgi [req-73695a24-726a-495f-aa63-30a5d8eaa598 req-4c7f57f8-99b9-44c8-a18e-db55c21310ad 404045f7f66148ca87b33c3deb64ffac e48df614e2a542a690e1cc22a276933b - - 5e99659270f44b0f8c46fcb0fc3691df 5e99659270f44b0f8c46fcb0fc3691df] 199.19.213.74 "GET /v2.0/ports?tenant_id=a95fb2e09ebe46d282f429652af4b6ca&device_id=7efcdf65-d8e0-43e4-81f4-785bf6ee853f HTTP/1.1" status: 200 len: 1365 time: 0.0386379
2026-07-22 23:22:43.833 9 INFO neutron.db.ovn_revision_numbers_db [None req-3bc6718e-c144-4fac-8775-df55e4b8cd27 cf73f69d1f7e49a59cf81fa0f22f15b3 54c749f18dbc43a79f6dd70b33b72377 - - default default] Successfully bumped revision number for resource 242b0882-860e-405a-8b85-2cfdb31c9424 (type: security_groups) to 1
2026-07-22 23:22:43.856 9 INFO neutron.wsgi [None req-3bc6718e-c144-4fac-8775-df55e4b8cd27 cf73f69d1f7e49a59cf81fa0f22f15b3 54c749f18dbc43a79f6dd70b33b72377 - - default default] 10.0.0.216 "GET /v2.0/security-groups?tenant_id=77fda0f974624595a2e749bb09490b4c&name=default HTTP/1.1" status: 200 len: 2996 time: 0.4066463
2026-07-22 23:22:43.927 10 INFO neutron.wsgi [req-73695a24-726a-495f-aa63-30a5d8eaa598 req-8c5bd9b8-7d37-4cd5-a1ec-33052c2b1047 404045f7f66148ca87b33c3deb64ffac e48df614e2a542a690e1cc22a276933b - - 5e99659270f44b0f8c46fcb0fc3691df 5e99659270f44b0f8c46fcb0fc3691df] 199.19.213.74 "GET /v2.0/networks?id=b78e26b0-4b9a-49f6-ac10-06c48ead53fc HTTP/1.1" status: 200 len: 958 time: 0.1070926
2026-07-22 23:22:44.019 10 INFO neutron.wsgi [req-73695a24-726a-495f-aa63-30a5d8eaa598 req-838c9894-5136-4267-bd03-68b0b2e557b7 404045f7f66148ca87b33c3deb64ffac e48df614e2a542a690e1cc22a276933b - - 5e99659270f44b0f8c46fcb0fc3691df 5e99659270f44b0f8c46fcb0fc3691df] 199.19.213.74 "GET /v2.0/floatingips?fixed_ip_address=10.100.0.11&port_id=e4272823-1c70-4df0-88c6-eaf71412a47b HTTP/1.1" status: 200 len: 1060 time: 0.0731118
2026-07-22 23:22:44.078 10 INFO neutron.wsgi [req-73695a24-726a-495f-aa63-30a5d8eaa598 req-02424c0c-9629-4d84-9a51-7b98de3ab6d5 404045f7f66148ca87b33c3deb64ffac e48df614e2a542a690e1cc22a276933b - - 5e99659270f44b0f8c46fcb0fc3691df 5e99659270f44b0f8c46fcb0fc3691df] 199.19.213.74 "GET /v2.0/subnets?id=8f4948e4-1814-40e3-b747-00b6bd1c14ea HTTP/1.1" status: 200 len: 853 time: 0.0526175
2026-07-22 23:22:44.105 9 INFO neutron.wsgi [None req-30fd7596-69da-4ad8-833b-b04aeac0699a cf73f69d1f7e49a59cf81fa0f22f15b3 54c749f18dbc43a79f6dd70b33b72377 - - - -] 10.0.0.216 "DELETE /v2.0/security-groups/242b0882-860e-405a-8b85-2cfdb31c9424 HTTP/1.1" status: 204 len: 168 time: 0.2417219
2026-07-22 23:22:44.134 10 INFO neutron.wsgi [req-73695a24-726a-495f-aa63-30a5d8eaa598 req-478de698-edce-495c-a201-f231c39ccb38 404045f7f66148ca87b33c3deb64ffac e48df614e2a542a690e1cc22a276933b - - 5e99659270f44b0f8c46fcb0fc3691df 5e99659270f44b0f8c46fcb0fc3691df] 199.19.213.74 "GET /v2.0/ports?network_id=b78e26b0-4b9a-49f6-ac10-06c48ead53fc&device_owner=network%3Adhcp HTTP/1.1" status: 200 len: 210 time: 0.0497880
2026-07-22 23:22:44.228 10 INFO neutron.wsgi [req-73695a24-726a-495f-aa63-30a5d8eaa598 req-8c4b0fe1-5a86-4d29-9831-890b7b76d99b 404045f7f66148ca87b33c3deb64ffac e48df614e2a542a690e1cc22a276933b - - 5e99659270f44b0f8c46fcb0fc3691df 5e99659270f44b0f8c46fcb0fc3691df] 199.19.213.74 "GET /v2.0/networks/b78e26b0-4b9a-49f6-ac10-06c48ead53fc?fields=segments HTTP/1.1" status: 200 len: 212 time: 0.0779893
2026-07-22 23:22:44.303 10 INFO neutron.wsgi [req-73695a24-726a-495f-aa63-30a5d8eaa598 req-0ed4b362-88cc-46a1-8330-e4d3040fb4da 404045f7f66148ca87b33c3deb64ffac e48df614e2a542a690e1cc22a276933b - - 5e99659270f44b0f8c46fcb0fc3691df 5e99659270f44b0f8c46fcb0fc3691df] 199.19.213.74 "GET /v2.0/networks/b78e26b0-4b9a-49f6-ac10-06c48ead53fc?fields=provider%3Aphysical_network&fields=provider%3Anetwork_type HTTP/1.1" status: 200 len: 277 time: 0.0671806
2026-07-22 23:22:44.419 10 WARNING neutron.scheduler.dhcp_agent_scheduler [None req-c3ada076-6e58-4245-b34a-88884f6d2018 6c06e6f3e68b4415b9ad23ef55b18ee3 5dc9833f98cf43309117530d33ffbeb8 - - - -] No more DHCP agents
2026-07-22 23:22:44.421 10 WARNING neutron.api.rpc.agentnotifiers.dhcp_rpc_agent_api [None req-c3ada076-6e58-4245-b34a-88884f6d2018 6c06e6f3e68b4415b9ad23ef55b18ee3 5dc9833f98cf43309117530d33ffbeb8 - - - -] Unable to schedule network 7c15f7fc-5f92-4a46-bbbe-3da8a40c9bad: no agents available; will retry on subsequent port and subnet creation events.
2026-07-22 23:22:44.506 9 INFO neutron.db.ovn_revision_numbers_db [None req-84dba744-8efc-48ed-9492-e5aef3456eb8 cf73f69d1f7e49a59cf81fa0f22f15b3 54c749f18dbc43a79f6dd70b33b72377 - - default default] Successfully bumped revision number for resource 21e6eaec-802f-439f-9904-d05e6d3b4c4b (type: security_groups) to 1
2026-07-22 23:22:44.537 9 INFO neutron.wsgi [None req-84dba744-8efc-48ed-9492-e5aef3456eb8 cf73f69d1f7e49a59cf81fa0f22f15b3 54c749f18dbc43a79f6dd70b33b72377 - - default default] 10.0.0.216 "GET /v2.0/security-groups?tenant_id=a525cbefb1bb4468abc65d6e0b93be8b&name=default HTTP/1.1" status: 200 len: 2996 time: 0.1284370
2026-07-22 23:22:44.566 10 INFO neutron.db.ovn_revision_numbers_db [None req-c3ada076-6e58-4245-b34a-88884f6d2018 6c06e6f3e68b4415b9ad23ef55b18ee3 5dc9833f98cf43309117530d33ffbeb8 - - - -] Successfully bumped revision number for resource c3135b40-8a85-48fe-82c8-a295ed6b1a2f (type: ports) to 1
2026-07-22 23:22:44.738 9 INFO neutron.wsgi [None req-79ad4e35-516f-4db3-9994-62ed3354e974 cf73f69d1f7e49a59cf81fa0f22f15b3 54c749f18dbc43a79f6dd70b33b72377 - - - -] 10.0.0.216 "DELETE /v2.0/security-groups/21e6eaec-802f-439f-9904-d05e6d3b4c4b HTTP/1.1" status: 204 len: 168 time: 0.1969056
2026-07-22 23:22:45.430 9 INFO neutron.plugins.ml2.drivers.ovn.mech_driver.mech_driver [None req-e94773ee-e484-46ec-9ae7-301148bfd26a - - - - - -] OVN reports status up for port: c3135b40-8a85-48fe-82c8-a295ed6b1a2f
2026-07-22 23:22:45.442 9 INFO neutron.plugins.ml2.plugin [None req-e94773ee-e484-46ec-9ae7-301148bfd26a - - - - - -] Attempt 1 to provision port c3135b40-8a85-48fe-82c8-a295ed6b1a2f
2026-07-22 23:22:45.442 10 INFO neutron.db.ovn_revision_numbers_db [None req-c3ada076-6e58-4245-b34a-88884f6d2018 6c06e6f3e68b4415b9ad23ef55b18ee3 5dc9833f98cf43309117530d33ffbeb8 - - - -] Successfully bumped revision number for resource c3135b40-8a85-48fe-82c8-a295ed6b1a2f (type: router_ports) to 1
2026-07-22 23:22:45.544 10 INFO neutron.db.ovn_revision_numbers_db [None req-c3ada076-6e58-4245-b34a-88884f6d2018 6c06e6f3e68b4415b9ad23ef55b18ee3 5dc9833f98cf43309117530d33ffbeb8 - - - -] Successfully bumped revision number for resource cd617967-0f80-42c8-869d-1bc0084cd9b6 (type: routers) to 3
2026-07-22 23:22:45.562 10 INFO neutron.wsgi [None req-c3ada076-6e58-4245-b34a-88884f6d2018 6c06e6f3e68b4415b9ad23ef55b18ee3 5dc9833f98cf43309117530d33ffbeb8 - - - -] 10.0.0.216 "POST /v2.0/routers HTTP/1.1" status: 201 len: 872 time: 1.7892601
2026-07-22 23:22:45.649 10 INFO neutron.wsgi [None req-8e4f7efc-6e25-4582-9d4c-6a41aab70d34 6c06e6f3e68b4415b9ad23ef55b18ee3 5dc9833f98cf43309117530d33ffbeb8 - - default default] 10.0.0.216 "GET /v2.0/routers/cd617967-0f80-42c8-869d-1bc0084cd9b6 HTTP/1.1" status: 200 len: 873 time: 0.0827224
2026-07-22 23:22:45.764 10 INFO neutron.wsgi [None req-f8abf7d8-bc4c-4026-a6d2-99ef9a761f25 6c06e6f3e68b4415b9ad23ef55b18ee3 5dc9833f98cf43309117530d33ffbeb8 - - default default] 10.0.0.216 "GET /v2.0/routers HTTP/1.1" status: 200 len: 876 time: 0.1102858
2026-07-22 23:22:46.179 10 INFO neutron.db.ovn_revision_numbers_db [None req-9950248b-2a1d-494d-89ad-21e067147583 6c06e6f3e68b4415b9ad23ef55b18ee3 5dc9833f98cf43309117530d33ffbeb8 - - - -] Successfully bumped revision number for resource cd617967-0f80-42c8-869d-1bc0084cd9b6 (type: routers) to 4
2026-07-22 23:22:46.184 10 INFO neutron.wsgi [None req-9950248b-2a1d-494d-89ad-21e067147583 6c06e6f3e68b4415b9ad23ef55b18ee3 5dc9833f98cf43309117530d33ffbeb8 - - - -] 10.0.0.216 "PUT /v2.0/routers/cd617967-0f80-42c8-869d-1bc0084cd9b6 HTTP/1.1" status: 200 len: 880 time: 0.4154260
2026-07-22 23:22:46.277 10 INFO neutron.wsgi [None req-769ea855-28c9-4d85-b0db-6c71fda70fcd 6c06e6f3e68b4415b9ad23ef55b18ee3 5dc9833f98cf43309117530d33ffbeb8 - - default default] 10.0.0.216 "GET /v2.0/routers/cd617967-0f80-42c8-869d-1bc0084cd9b6 HTTP/1.1" status: 200 len: 880 time: 0.0874090
2026-07-22 23:22:46.311 10 INFO neutron.wsgi [None req-08b8c472-7295-4b01-8522-476280793c64 6c06e6f3e68b4415b9ad23ef55b18ee3 5dc9833f98cf43309117530d33ffbeb8 - - default default] 10.0.0.216 "GET /v2.0/ports?device_id=cd617967-0f80-42c8-869d-1bc0084cd9b6 HTTP/1.1" status: 200 len: 205 time: 0.0260770
2026-07-22 23:22:46.942 10 INFO neutron.wsgi [None req-f39a418a-8a7e-443d-8031-b391cbebae3e 6c06e6f3e68b4415b9ad23ef55b18ee3 5dc9833f98cf43309117530d33ffbeb8 - - - -] 10.0.0.216 "DELETE /v2.0/routers/cd617967-0f80-42c8-869d-1bc0084cd9b6 HTTP/1.1" status: 204 len: 168 time: 0.6282763
2026-07-22 23:22:46.976 9 INFO neutron.wsgi [None req-726fa0c1-c2eb-4d2b-a31d-f2f3e8b66a51 6c06e6f3e68b4415b9ad23ef55b18ee3 5dc9833f98cf43309117530d33ffbeb8 - - default default] 10.0.0.216 "GET /v2.0/ports?device_id=cd617967-0f80-42c8-869d-1bc0084cd9b6 HTTP/1.1" status: 200 len: 205 time: 0.0268173
2026-07-22 23:22:47.009 9 INFO neutron.api.v2.resource [None req-0eeeaa7b-92ec-4614-9fba-8cff0a884533 6c06e6f3e68b4415b9ad23ef55b18ee3 5dc9833f98cf43309117530d33ffbeb8 - - - -] delete failed (client error): The resource could not be found.
2026-07-22 23:22:47.010 9 INFO neutron.wsgi [None req-0eeeaa7b-92ec-4614-9fba-8cff0a884533 6c06e6f3e68b4415b9ad23ef55b18ee3 5dc9833f98cf43309117530d33ffbeb8 - - - -] 10.0.0.216 "DELETE /v2.0/routers/cd617967-0f80-42c8-869d-1bc0084cd9b6 HTTP/1.1" status: 404 len: 336 time: 0.0286977
2026-07-22 23:22:47.051 10 INFO neutron.wsgi [None req-deef846a-b6c9-42c0-bbc1-80670c2c1f9c 6c06e6f3e68b4415b9ad23ef55b18ee3 5dc9833f98cf43309117530d33ffbeb8 - - default default] 10.0.0.216 "GET /v2.0/ports?device_id=55004406-167e-4343-b2a2-432fa1950a80 HTTP/1.1" status: 200 len: 205 time: 0.0247936
2026-07-22 23:22:47.080 10 INFO neutron.api.v2.resource [None req-3a3c296a-97d5-40d2-bcaf-13f2eae76b6c 6c06e6f3e68b4415b9ad23ef55b18ee3 5dc9833f98cf43309117530d33ffbeb8 - - - -] delete failed (client error): The resource could not be found.
2026-07-22 23:22:47.082 10 INFO neutron.wsgi [None req-3a3c296a-97d5-40d2-bcaf-13f2eae76b6c 6c06e6f3e68b4415b9ad23ef55b18ee3 5dc9833f98cf43309117530d33ffbeb8 - - - -] 10.0.0.216 "DELETE /v2.0/routers/55004406-167e-4343-b2a2-432fa1950a80 HTTP/1.1" status: 404 len: 336 time: 0.0254629
2026-07-22 23:22:47.102 10 INFO neutron.pecan_wsgi.hooks.translation [None req-aa984a34-a0cf-43af-beaf-bd269ea9fff3 6c06e6f3e68b4415b9ad23ef55b18ee3 5dc9833f98cf43309117530d33ffbeb8 - - - -] DELETE failed (client error): The resource could not be found.
2026-07-22 23:22:47.104 10 INFO neutron.wsgi [None req-aa984a34-a0cf-43af-beaf-bd269ea9fff3 6c06e6f3e68b4415b9ad23ef55b18ee3 5dc9833f98cf43309117530d33ffbeb8 - - - -] 10.0.0.216 "DELETE /v2.0/subnets/48e8e450-6c5d-412c-afea-d4010d8f08da HTTP/1.1" status: 404 len: 337 time: 0.0182247
2026-07-22 23:22:47.132 10 INFO neutron.wsgi [None req-49c7b56a-1e5e-4acd-9cf9-5bb2fd820dd4 6c06e6f3e68b4415b9ad23ef55b18ee3 5dc9833f98cf43309117530d33ffbeb8 - - default default] 10.0.0.216 "GET /v2.0/ports?device_id=b59ca932-3bd5-47a4-898c-3bfc7f627072 HTTP/1.1" status: 200 len: 205 time: 0.0223689
2026-07-22 23:22:47.168 10 INFO neutron.api.v2.resource [None req-913d2acc-8940-4c4f-8c09-a297de883d62 6c06e6f3e68b4415b9ad23ef55b18ee3 5dc9833f98cf43309117530d33ffbeb8 - - - -] delete failed (client error): The resource could not be found.
2026-07-22 23:22:47.169 10 INFO neutron.wsgi [None req-913d2acc-8940-4c4f-8c09-a297de883d62 6c06e6f3e68b4415b9ad23ef55b18ee3 5dc9833f98cf43309117530d33ffbeb8 - - - -] 10.0.0.216 "DELETE /v2.0/routers/b59ca932-3bd5-47a4-898c-3bfc7f627072 HTTP/1.1" status: 404 len: 336 time: 0.0310476
2026-07-22 23:22:47.190 9 INFO neutron.pecan_wsgi.hooks.translation [None req-c362332f-c4b0-4e34-9bbb-e2926e2bc387 6c06e6f3e68b4415b9ad23ef55b18ee3 5dc9833f98cf43309117530d33ffbeb8 - - - -] DELETE failed (client error): The resource could not be found.
2026-07-22 23:22:47.192 9 INFO neutron.wsgi [None req-c362332f-c4b0-4e34-9bbb-e2926e2bc387 6c06e6f3e68b4415b9ad23ef55b18ee3 5dc9833f98cf43309117530d33ffbeb8 - - - -] 10.0.0.216 "DELETE /v2.0/subnets/df161b34-fa50-4660-b82a-3519906feefa HTTP/1.1" status: 404 len: 337 time: 0.0196311
2026-07-22 23:22:47.229 9 INFO neutron.wsgi [None req-a7b2a3d2-872e-4e76-8ec8-46873e2cbf95 6c06e6f3e68b4415b9ad23ef55b18ee3 5dc9833f98cf43309117530d33ffbeb8 - - default default] 10.0.0.216 "GET /v2.0/ports?device_id=4e25df8e-ab74-4411-8b61-cb78920f2f9b HTTP/1.1" status: 200 len: 205 time: 0.0313928
2026-07-22 23:22:47.475 9 INFO neutron.api.v2.resource [None req-5e5afa7f-5e63-480e-be16-c2151a2dcd0e 6c06e6f3e68b4415b9ad23ef55b18ee3 5dc9833f98cf43309117530d33ffbeb8 - - - -] delete failed (client error): The resource could not be found.
2026-07-22 23:22:47.476 9 INFO neutron.wsgi [None req-5e5afa7f-5e63-480e-be16-c2151a2dcd0e 6c06e6f3e68b4415b9ad23ef55b18ee3 5dc9833f98cf43309117530d33ffbeb8 - - - -] 10.0.0.216 "DELETE /v2.0/routers/4e25df8e-ab74-4411-8b61-cb78920f2f9b HTTP/1.1" status: 404 len: 336 time: 0.2425623
2026-07-22 23:22:47.502 10 INFO neutron.pecan_wsgi.hooks.translation [None req-b16aacf1-aba9-43fe-9b17-b34c3e42e2d7 6c06e6f3e68b4415b9ad23ef55b18ee3 5dc9833f98cf43309117530d33ffbeb8 - - - -] DELETE failed (client error): The resource could not be found.
2026-07-22 23:22:47.505 10 INFO neutron.wsgi [None req-b16aacf1-aba9-43fe-9b17-b34c3e42e2d7 6c06e6f3e68b4415b9ad23ef55b18ee3 5dc9833f98cf43309117530d33ffbeb8 - - - -] 10.0.0.216 "DELETE /v2.0/subnets/a52d839e-4061-4289-a437-3be3dfa6d7a3 HTTP/1.1" status: 404 len: 337 time: 0.0245807
2026-07-22 23:22:47.532 10 INFO neutron.pecan_wsgi.hooks.translation [None req-0406611f-5ebb-4280-86a1-39482d0fe4da 6c06e6f3e68b4415b9ad23ef55b18ee3 5dc9833f98cf43309117530d33ffbeb8 - - - -] DELETE failed (client error): The resource could not be found.
2026-07-22 23:22:47.535 10 INFO neutron.wsgi [None req-0406611f-5ebb-4280-86a1-39482d0fe4da 6c06e6f3e68b4415b9ad23ef55b18ee3 5dc9833f98cf43309117530d33ffbeb8 - - - -] 10.0.0.216 "DELETE /v2.0/subnets/629c7f2c-a270-48b1-a275-32270675ff14 HTTP/1.1" status: 404 len: 337 time: 0.0248010
2026-07-22 23:22:47.571 9 INFO neutron.db.ovn_revision_numbers_db [None req-b65728f2-ac8f-4192-b2ef-cfd0fd095366 cf73f69d1f7e49a59cf81fa0f22f15b3 54c749f18dbc43a79f6dd70b33b72377 - - default default] Successfully bumped revision number for resource 0ab8e41f-7b6a-4557-a9d4-4a65a81d09f7 (type: security_groups) to 1
2026-07-22 23:22:47.580 10 WARNING neutron.plugins.ml2.drivers.ovn.mech_driver.ovsdb.ovn_client [None req-bc687c49-6adf-4944-a055-3629312b5243 - - - - - -] No port found with ID eba6b290-0bac-4d17-8048-d595db8d2df4: RuntimeError: No port found with ID eba6b290-0bac-4d17-8048-d595db8d2df4
2026-07-22 23:22:47.595 9 INFO neutron.wsgi [None req-b65728f2-ac8f-4192-b2ef-cfd0fd095366 cf73f69d1f7e49a59cf81fa0f22f15b3 54c749f18dbc43a79f6dd70b33b72377 - - default default] 10.0.0.216 "GET /v2.0/security-groups?tenant_id=bf2fd6aeab514804baa99d8417a84abb&name=default HTTP/1.1" status: 200 len: 2996 time: 0.4528756
2026-07-22 23:22:47.773 9 INFO neutron.wsgi [None req-89a192d4-52dd-459d-8163-ef26ca3b2c09 cf73f69d1f7e49a59cf81fa0f22f15b3 54c749f18dbc43a79f6dd70b33b72377 - - - -] 10.0.0.216 "DELETE /v2.0/security-groups/0ab8e41f-7b6a-4557-a9d4-4a65a81d09f7 HTTP/1.1" status: 204 len: 168 time: 0.1717951
2026-07-22 23:22:48.135 9 INFO neutron.db.ovn_revision_numbers_db [None req-cdf3057f-d057-47e7-9ae2-a7052afaf81f cf73f69d1f7e49a59cf81fa0f22f15b3 54c749f18dbc43a79f6dd70b33b72377 - - default default] Successfully bumped revision number for resource 4bdd3070-b0c7-46fa-bd85-fbc9e5e6584d (type: security_groups) to 1
2026-07-22 23:22:48.158 9 INFO neutron.wsgi [None req-cdf3057f-d057-47e7-9ae2-a7052afaf81f cf73f69d1f7e49a59cf81fa0f22f15b3 54c749f18dbc43a79f6dd70b33b72377 - - default default] 10.0.0.216 "GET /v2.0/security-groups?tenant_id=42866f65d20d4c2f91db7faceb25deff&name=default HTTP/1.1" status: 200 len: 2996 time: 0.1348848
2026-07-22 23:22:48.239 10 INFO neutron.wsgi [None req-a9be4773-64da-45d7-aced-4eda884f25a8 cf73f69d1f7e49a59cf81fa0f22f15b3 54c749f18dbc43a79f6dd70b33b72377 - - default default] 10.0.0.216 "GET /v2.0/security-groups?tenant_id=5dc9833f98cf43309117530d33ffbeb8&name=default HTTP/1.1" status: 200 len: 2996 time: 0.1773832
2026-07-22 23:22:48.362 9 INFO neutron.wsgi [None req-bfc95758-0b10-4b06-ab58-7a745453e5e5 cf73f69d1f7e49a59cf81fa0f22f15b3 54c749f18dbc43a79f6dd70b33b72377 - - - -] 10.0.0.216 "DELETE /v2.0/security-groups/4bdd3070-b0c7-46fa-bd85-fbc9e5e6584d HTTP/1.1" status: 204 len: 168 time: 0.1984472
2026-07-22 23:22:48.462 10 INFO neutron.wsgi [None req-fb9782d5-7c4c-4851-b8cd-e9e8d00307fb cf73f69d1f7e49a59cf81fa0f22f15b3 54c749f18dbc43a79f6dd70b33b72377 - - - -] 10.0.0.216 "DELETE /v2.0/security-groups/df099dc9-9d32-4214-b27b-5daf0c84fb8a HTTP/1.1" status: 204 len: 168 time: 0.2124388
2026-07-22 23:22:49.395 9 INFO neutron.wsgi [-] 10.0.0.59 "GET / HTTP/1.1" status: 200 len: 246 time: 0.0020568
2026-07-22 23:22:49.397 10 INFO neutron.wsgi [-] 10.0.0.59 "GET / HTTP/1.1" status: 200 len: 246 time: 0.0035748
2026-07-22 23:22:49.485 9 INFO neutron.db.ovn_revision_numbers_db [None req-b2355f73-96bf-476e-b3ee-3d07cd6b4eec cf73f69d1f7e49a59cf81fa0f22f15b3 54c749f18dbc43a79f6dd70b33b72377 - - default default] Successfully bumped revision number for resource 86ffef01-ef40-4644-a029-ec6a252e0ed0 (type: security_groups) to 1
2026-07-22 23:22:49.516 9 INFO neutron.wsgi [None req-b2355f73-96bf-476e-b3ee-3d07cd6b4eec cf73f69d1f7e49a59cf81fa0f22f15b3 54c749f18dbc43a79f6dd70b33b72377 - - default default] 10.0.0.216 "GET /v2.0/security-groups?tenant_id=97096a705e774a359b4bcf469ee8f242&name=default HTTP/1.1" status: 200 len: 2996 time: 0.3481631
2026-07-22 23:22:49.734 9 INFO neutron.wsgi [None req-05c81f3d-c5df-45b3-8604-a94801995839 cf73f69d1f7e49a59cf81fa0f22f15b3 54c749f18dbc43a79f6dd70b33b72377 - - - -] 10.0.0.216 "DELETE /v2.0/security-groups/86ffef01-ef40-4644-a029-ec6a252e0ed0 HTTP/1.1" status: 204 len: 168 time: 0.2150323
2026-07-22 23:22:49.988 10 INFO neutron.db.ovn_revision_numbers_db [None req-57b5226e-11c1-4ffc-bd4d-24d672b510c1 cf73f69d1f7e49a59cf81fa0f22f15b3 54c749f18dbc43a79f6dd70b33b72377 - - default default] Successfully bumped revision number for resource 951bf6f3-ef9c-49d0-862f-7ec714dbf2cc (type: security_groups) to 1
2026-07-22 23:22:50.012 10 INFO neutron.wsgi [None req-57b5226e-11c1-4ffc-bd4d-24d672b510c1 cf73f69d1f7e49a59cf81fa0f22f15b3 54c749f18dbc43a79f6dd70b33b72377 - - default default] 10.0.0.216 "GET /v2.0/security-groups?tenant_id=f504115cd17d47999569ab8a7aa0702e&name=default HTTP/1.1" status: 200 len: 2996 time: 0.1294384
2026-07-22 23:22:50.143 9 WARNING neutron.plugins.ml2.drivers.ovn.mech_driver.ovsdb.ovn_client [None req-e94773ee-e484-46ec-9ae7-301148bfd26a - - - - - -] No port found with ID c3135b40-8a85-48fe-82c8-a295ed6b1a2f: RuntimeError: No port found with ID c3135b40-8a85-48fe-82c8-a295ed6b1a2f
2026-07-22 23:22:50.192 10 INFO neutron.wsgi [None req-e201257d-26f1-4d20-b0a4-7a3ba81f5df5 cf73f69d1f7e49a59cf81fa0f22f15b3 54c749f18dbc43a79f6dd70b33b72377 - - - -] 10.0.0.216 "DELETE /v2.0/security-groups/951bf6f3-ef9c-49d0-862f-7ec714dbf2cc HTTP/1.1" status: 204 len: 168 time: 0.1741025
2026-07-22 23:22:50.386 9 INFO neutron.db.ovn_revision_numbers_db [None req-e9c2be86-e88d-48fd-8bef-bda277e30685 0e12ee40739d4de9a9e3bc8ed1ed8b72 cb0658c4ce49471abd2ade90d2e91634 - - - -] Successfully bumped revision number for resource 45007f89-90e6-460e-b448-e6fe64330a6f (type: security_groups) to 1
2026-07-22 23:22:50.448 9 INFO neutron.db.segments_db [None req-e9c2be86-e88d-48fd-8bef-bda277e30685 0e12ee40739d4de9a9e3bc8ed1ed8b72 cb0658c4ce49471abd2ade90d2e91634 - - - -] Added segment 0756cbaa-8cc7-4aa4-a9bc-deb8d6989ef5 of type geneve for network 05b1255a-0e03-4cd9-814a-96ca9f706d29
2026-07-22 23:22:50.581 9 INFO neutron.db.segments_db [None req-e9c2be86-e88d-48fd-8bef-bda277e30685 0e12ee40739d4de9a9e3bc8ed1ed8b72 cb0658c4ce49471abd2ade90d2e91634 - - - -] Added segment 1cd45787-5ca9-4f61-a323-32edc106bf04 of type geneve for network 078253b8-b6d8-4d81-825c-460016e27694
2026-07-22 23:22:50.612 10 INFO neutron.db.ovn_revision_numbers_db [None req-f0734d2c-e5ea-49ac-be20-0ee625306940 1d4a96cdbc3e44d1ae8ed3b74bac7f47 f2b71255363a47fabf7554d9bb0ea6db - - - -] Successfully bumped revision number for resource 2de015ea-6742-4787-9ebc-7fa35c1610aa (type: security_groups) to 1
2026-07-22 23:22:50.672 10 INFO neutron.db.ovn_revision_numbers_db [None req-f0734d2c-e5ea-49ac-be20-0ee625306940 1d4a96cdbc3e44d1ae8ed3b74bac7f47 f2b71255363a47fabf7554d9bb0ea6db - - - -] Successfully bumped revision number for resource a03e52a7-8ffa-431a-a071-23295a4c8a97 (type: security_groups) to 1
2026-07-22 23:22:50.692 10 INFO neutron.wsgi [None req-f0734d2c-e5ea-49ac-be20-0ee625306940 1d4a96cdbc3e44d1ae8ed3b74bac7f47 f2b71255363a47fabf7554d9bb0ea6db - - - -] 10.0.0.216 "POST /v2.0/security-groups HTTP/1.1" status: 201 len: 1760 time: 0.2967513
2026-07-22 23:22:50.720 9 INFO neutron.db.ovn_revision_numbers_db [None req-e9c2be86-e88d-48fd-8bef-bda277e30685 0e12ee40739d4de9a9e3bc8ed1ed8b72 cb0658c4ce49471abd2ade90d2e91634 - - - -] Successfully bumped revision number for resource 05b1255a-0e03-4cd9-814a-96ca9f706d29 (type: networks) to 1
2026-07-22 23:22:50.734 10 INFO neutron.wsgi [None req-3887c9cb-9043-40b4-8996-f27db98ceeb8 1d4a96cdbc3e44d1ae8ed3b74bac7f47 f2b71255363a47fabf7554d9bb0ea6db - - default default] 10.0.0.216 "GET /v2.0/security-groups HTTP/1.1" status: 200 len: 4538 time: 0.0361733
2026-07-22 23:22:50.870 9 INFO neutron.db.ovn_revision_numbers_db [None req-185d27b6-75b6-443c-a2e4-47dbc8f96b3a 1d4a96cdbc3e44d1ae8ed3b74bac7f47 f2b71255363a47fabf7554d9bb0ea6db - - - -] Successfully bumped revision number for resource a03e52a7-8ffa-431a-a071-23295a4c8a97 (type: security_groups) to 2
2026-07-22 23:22:50.873 9 INFO neutron.wsgi [None req-185d27b6-75b6-443c-a2e4-47dbc8f96b3a 1d4a96cdbc3e44d1ae8ed3b74bac7f47 f2b71255363a47fabf7554d9bb0ea6db - - - -] 10.0.0.216 "PUT /v2.0/security-groups/a03e52a7-8ffa-431a-a071-23295a4c8a97 HTTP/1.1" status: 200 len: 1793 time: 0.1348560
2026-07-22 23:22:50.917 10 INFO neutron.wsgi [None req-bdb38d49-fecd-43a5-aad6-cec493c1dc36 1d4a96cdbc3e44d1ae8ed3b74bac7f47 f2b71255363a47fabf7554d9bb0ea6db - - default default] 10.0.0.216 "GET /v2.0/security-groups/a03e52a7-8ffa-431a-a071-23295a4c8a97 HTTP/1.1" status: 200 len: 1793 time: 0.0391595
2026-07-22 23:22:50.949 9 WARNING neutron.scheduler.dhcp_agent_scheduler [None req-e9c2be86-e88d-48fd-8bef-bda277e30685 0e12ee40739d4de9a9e3bc8ed1ed8b72 cb0658c4ce49471abd2ade90d2e91634 - - - -] No more DHCP agents
2026-07-22 23:22:50.952 9 WARNING neutron.api.rpc.agentnotifiers.dhcp_rpc_agent_api [None req-e9c2be86-e88d-48fd-8bef-bda277e30685 0e12ee40739d4de9a9e3bc8ed1ed8b72 cb0658c4ce49471abd2ade90d2e91634 - - - -] Unable to schedule network 05b1255a-0e03-4cd9-814a-96ca9f706d29: no agents available; will retry on subsequent port and subnet creation events.
2026-07-22 23:22:51.031 9 INFO neutron.db.ovn_revision_numbers_db [None req-e9c2be86-e88d-48fd-8bef-bda277e30685 0e12ee40739d4de9a9e3bc8ed1ed8b72 cb0658c4ce49471abd2ade90d2e91634 - - - -] Successfully bumped revision number for resource 4926a3cd-8838-49dd-90c7-393d24e8758d (type: ports) to 1
2026-07-22 23:22:51.050 10 INFO neutron.wsgi [None req-0dfbb244-6f27-4457-9e16-dac9843cf625 1d4a96cdbc3e44d1ae8ed3b74bac7f47 f2b71255363a47fabf7554d9bb0ea6db - - - -] 10.0.0.216 "DELETE /v2.0/security-groups/a03e52a7-8ffa-431a-a071-23295a4c8a97 HTTP/1.1" status: 204 len: 168 time: 0.1289165
2026-07-22 23:22:51.086 9 INFO neutron.db.ovn_revision_numbers_db [None req-e9c2be86-e88d-48fd-8bef-bda277e30685 0e12ee40739d4de9a9e3bc8ed1ed8b72 cb0658c4ce49471abd2ade90d2e91634 - - - -] Successfully bumped revision number for resource 078253b8-b6d8-4d81-825c-460016e27694 (type: networks) to 1
2026-07-22 23:22:51.088 10 INFO neutron.wsgi [None req-7bbe9f43-19e5-4c9c-9c00-e19ccb906c1d 1d4a96cdbc3e44d1ae8ed3b74bac7f47 f2b71255363a47fabf7554d9bb0ea6db - - default default] 10.0.0.216 "GET /v2.0/security-groups HTTP/1.1" status: 200 len: 2996 time: 0.0349815
2026-07-22 23:22:51.104 10 INFO neutron.api.v2.resource [None req-67622ba1-7c1d-4881-bc99-26dd358b64aa 1d4a96cdbc3e44d1ae8ed3b74bac7f47 f2b71255363a47fabf7554d9bb0ea6db - - - -] delete failed (client error): The resource could not be found.
2026-07-22 23:22:51.106 10 INFO neutron.wsgi [None req-67622ba1-7c1d-4881-bc99-26dd358b64aa 1d4a96cdbc3e44d1ae8ed3b74bac7f47 f2b71255363a47fabf7554d9bb0ea6db - - - -] 10.0.0.216 "DELETE /v2.0/security-groups/a03e52a7-8ffa-431a-a071-23295a4c8a97 HTTP/1.1" status: 404 len: 347 time: 0.0129459
2026-07-22 23:22:51.275 9 WARNING neutron.scheduler.dhcp_agent_scheduler [None req-e9c2be86-e88d-48fd-8bef-bda277e30685 0e12ee40739d4de9a9e3bc8ed1ed8b72 cb0658c4ce49471abd2ade90d2e91634 - - - -] No more DHCP agents
2026-07-22 23:22:51.278 9 WARNING neutron.api.rpc.agentnotifiers.dhcp_rpc_agent_api [None req-e9c2be86-e88d-48fd-8bef-bda277e30685 0e12ee40739d4de9a9e3bc8ed1ed8b72 cb0658c4ce49471abd2ade90d2e91634 - - - -] Unable to schedule network 078253b8-b6d8-4d81-825c-460016e27694: no agents available; will retry on subsequent port and subnet creation events.
2026-07-22 23:22:51.360 9 INFO neutron.db.ovn_revision_numbers_db [None req-e9c2be86-e88d-48fd-8bef-bda277e30685 0e12ee40739d4de9a9e3bc8ed1ed8b72 cb0658c4ce49471abd2ade90d2e91634 - - - -] Successfully bumped revision number for resource 214c9a07-6537-454a-9f61-8fe3e46bcc72 (type: ports) to 1
2026-07-22 23:22:51.386 9 INFO neutron.wsgi [None req-e9c2be86-e88d-48fd-8bef-bda277e30685 0e12ee40739d4de9a9e3bc8ed1ed8b72 cb0658c4ce49471abd2ade90d2e91634 - - - -] 10.0.0.216 "POST /v2.0/networks HTTP/1.1" status: 201 len: 1444 time: 1.3653274
2026-07-22 23:22:51.493 9 INFO neutron.wsgi [None req-c6d54e0a-4665-4b41-a2e3-b238c065c168 0e12ee40739d4de9a9e3bc8ed1ed8b72 cb0658c4ce49471abd2ade90d2e91634 - - default default] 10.0.0.216 "GET /v2.0/networks HTTP/1.1" status: 200 len: 2050 time: 0.1028333
