2026-07-22 23:23:43.844 10 INFO neutron.notifiers.nova [-] Nova event matching ['req-225b9aa7-cc4d-408c-8f27-5c449c85ec27'] response: {'server_uuid': '255186d6-1b65-42ea-8260-8a35a80867ac', 'name': 'network-vif-plugged', 'status': 'completed', 'tag': '7a4e7c83-caa0-4197-86a7-89564476ae2f', 'code': 200}
2026-07-22 23:23:43.845 10 INFO neutron.notifiers.nova [-] Nova event matching ['req-225b9aa7-cc4d-408c-8f27-5c449c85ec27'] response: {'server_uuid': '255186d6-1b65-42ea-8260-8a35a80867ac', 'name': 'network-vif-plugged', 'status': 'completed', 'tag': '7a4e7c83-caa0-4197-86a7-89564476ae2f', 'code': 200}
2026-07-22 23:23:44.131 9 INFO neutron.db.ovn_revision_numbers_db [None req-e95cd475-3e73-48b8-9cec-61c892e6825c d0a9287aa40a4cfdb04caad2ca0b6080 387275315d7f40758b3fff59217293ff - - - -] Successfully bumped revision number for resource 7e0486dc-347a-4e74-93fc-114d840a54b8 (type: ports) to 2
2026-07-22 23:23:44.145 9 INFO neutron.db.ovn_revision_numbers_db [None req-e95cd475-3e73-48b8-9cec-61c892e6825c d0a9287aa40a4cfdb04caad2ca0b6080 387275315d7f40758b3fff59217293ff - - - -] Successfully bumped revision number for resource a7a77b51-d247-43ea-bd24-c696425ff67f (type: subnets) to 0
2026-07-22 23:23:44.164 9 INFO neutron.wsgi [None req-e95cd475-3e73-48b8-9cec-61c892e6825c d0a9287aa40a4cfdb04caad2ca0b6080 387275315d7f40758b3fff59217293ff - - - -] 10.0.0.216 "POST /v2.0/subnets HTTP/1.1" status: 201 len: 804 time: 0.7729092
2026-07-22 23:23:44.255 9 INFO neutron.wsgi [req-a5791b3e-f6d6-406a-988b-c3116af4c088 req-cd5aac01-7b2e-4338-9414-598895540cfc bfb1ae5b1ea14ec9ba32338557837bb1 50d58f21d61b4a4cbd4e7f4d6aa62f13 - - default default] 10.0.0.112 "GET /v2.0/ports?device_id=255186d6-1b65-42ea-8260-8a35a80867ac HTTP/1.1" status: 200 len: 1174 time: 0.0535100
2026-07-22 23:23:44.261 9 INFO neutron.wsgi [None req-be849cb5-6ff0-4d5b-8e7d-fc3ae5a1ab28 d0a9287aa40a4cfdb04caad2ca0b6080 387275315d7f40758b3fff59217293ff - - - -] 10.0.0.216 "PUT /v2.0/subnets/5677ffa5-7bd3-411e-bfc7-41238e373548/tags HTTP/1.1" status: 200 len: 210 time: 0.0926583
2026-07-22 23:23:44.333 9 INFO neutron.wsgi [req-a5791b3e-f6d6-406a-988b-c3116af4c088 req-ffe6d84a-e170-4ca3-b655-280764b4eb0f bfb1ae5b1ea14ec9ba32338557837bb1 50d58f21d61b4a4cbd4e7f4d6aa62f13 - - default default] 10.0.0.112 "GET /v2.0/security-groups?id=224aa632-dd2d-47e8-a82f-d91138ff88c3&fields=id&fields=name HTTP/1.1" status: 200 len: 286 time: 0.0711899
2026-07-22 23:23:44.347 9 INFO neutron.wsgi [None req-c70e95f7-0992-4ff7-8ba9-23dde088e6d7 d0a9287aa40a4cfdb04caad2ca0b6080 387275315d7f40758b3fff59217293ff - - - -] 10.0.0.216 "PUT /v2.0/subnets/d74b2115-c97e-4595-911b-7883d72f6065/tags HTTP/1.1" status: 200 len: 218 time: 0.0818534
2026-07-22 23:23:44.410 9 INFO neutron.wsgi [None req-f8615e65-c996-4a88-97d6-2cd6f7ac78b5 d0a9287aa40a4cfdb04caad2ca0b6080 387275315d7f40758b3fff59217293ff - - - -] 10.0.0.216 "PUT /v2.0/subnets/13c00274-eee3-454b-80fe-0fc6b7d0f2fc/tags HTTP/1.1" status: 200 len: 227 time: 0.0539734
2026-07-22 23:23:44.474 9 INFO neutron.wsgi [None req-21e93184-2fe0-4eb6-9fb5-c1f3e6a2001b d0a9287aa40a4cfdb04caad2ca0b6080 387275315d7f40758b3fff59217293ff - - - -] 10.0.0.216 "PUT /v2.0/subnets/2f176870-7cb7-42ca-8c06-ba2da07c96f1/tags HTTP/1.1" status: 200 len: 212 time: 0.0540726
2026-07-22 23:23:44.566 9 INFO neutron.wsgi [None req-a1e051df-aa03-414f-a650-e201bfec5cf0 d0a9287aa40a4cfdb04caad2ca0b6080 387275315d7f40758b3fff59217293ff - - default default] 10.0.0.216 "GET /v2.0/subnets?tags=red HTTP/1.1" status: 200 len: 2027 time: 0.0857625
2026-07-22 23:23:44.645 9 INFO neutron.wsgi [None req-0c279224-e9dd-4585-b1d1-9bce7501d6f4 d0a9287aa40a4cfdb04caad2ca0b6080 387275315d7f40758b3fff59217293ff - - default default] 10.0.0.216 "GET /v2.0/subnets?tags=red%2Cblue HTTP/1.1" status: 200 len: 1430 time: 0.0714607
2026-07-22 23:23:44.905 10 INFO neutron.plugins.ml2.drivers.ovn.mech_driver.mech_driver [None req-bc687c49-6adf-4944-a055-3629312b5243 - - - - - -] OVN reports status down for port: 7a4e7c83-caa0-4197-86a7-89564476ae2f
2026-07-22 23:23:45.022 9 INFO neutron.wsgi [req-f3ac170d-9fbe-4331-9155-80ba6b4f7a8d req-0e53c722-425d-4a7a-ae12-78bef10542b9 bfb1ae5b1ea14ec9ba32338557837bb1 50d58f21d61b4a4cbd4e7f4d6aa62f13 - - default default] 10.0.0.112 "GET /v2.0/ports?device_id=255186d6-1b65-42ea-8260-8a35a80867ac HTTP/1.1" status: 200 len: 1174 time: 0.0663471
2026-07-22 23:23:45.028 9 INFO neutron.wsgi [None req-d8ba135e-fd84-40d1-8eb0-1b344431e360 d0a9287aa40a4cfdb04caad2ca0b6080 387275315d7f40758b3fff59217293ff - - default default] 10.0.0.216 "GET /v2.0/subnets?tags-any=blue HTTP/1.1" status: 200 len: 1430 time: 0.3753009
2026-07-22 23:23:45.074 9 INFO neutron.wsgi [req-f3ac170d-9fbe-4331-9155-80ba6b4f7a8d req-eaef20ee-5b55-48b4-845c-732cdf3e0f9a bfb1ae5b1ea14ec9ba32338557837bb1 50d58f21d61b4a4cbd4e7f4d6aa62f13 - - default default] 10.0.0.112 "GET /v2.0/security-groups?id=224aa632-dd2d-47e8-a82f-d91138ff88c3&fields=id&fields=name HTTP/1.1" status: 200 len: 286 time: 0.0442395
2026-07-22 23:23:45.089 9 INFO neutron.wsgi [None req-2253e639-caf3-40e3-bfb7-556c25396222 d0a9287aa40a4cfdb04caad2ca0b6080 387275315d7f40758b3fff59217293ff - - default default] 10.0.0.216 "GET /v2.0/subnets?tags-any=red%2Cblue HTTP/1.1" status: 200 len: 2027 time: 0.0503716
2026-07-22 23:23:45.175 9 INFO neutron.wsgi [None req-23d3eb01-501c-4b20-a228-ec3a3615d23a d0a9287aa40a4cfdb04caad2ca0b6080 387275315d7f40758b3fff59217293ff - - default default] 10.0.0.216 "GET /v2.0/subnets?not-tags=red HTTP/1.1" status: 200 len: 2018 time: 0.0821598
2026-07-22 23:23:45.182 10 INFO neutron.db.ovn_revision_numbers_db [None req-bc687c49-6adf-4944-a055-3629312b5243 - - - - - -] Successfully bumped revision number for resource 7a4e7c83-caa0-4197-86a7-89564476ae2f (type: ports) to 5
2026-07-22 23:23:45.277 9 INFO neutron.wsgi [None req-c67621fd-d2b1-488c-be6a-6fe831dcdf3f d0a9287aa40a4cfdb04caad2ca0b6080 387275315d7f40758b3fff59217293ff - - default default] 10.0.0.216 "GET /v2.0/subnets?not-tags=red%2Cblue HTTP/1.1" status: 200 len: 2615 time: 0.0964682
2026-07-22 23:23:45.331 10 INFO neutron.wsgi [req-b095ade2-4c6e-4551-86a3-2f673d58cb7c req-f919ae08-59d2-4deb-9bf9-a41379369ea7 bfb1ae5b1ea14ec9ba32338557837bb1 50d58f21d61b4a4cbd4e7f4d6aa62f13 - - default default] 199.19.213.74 "GET /v2.0/ports?device_id=255186d6-1b65-42ea-8260-8a35a80867ac HTTP/1.1" status: 200 len: 1172 time: 0.1294734 /var/lib/openstack/lib/python3.10/site-packages/pycadf/identifier.py:71: UserWarning: Invalid uuid: neutron. To ensure interoperability, identifiers should be a valid uuid. warnings.warn(('Invalid uuid: %s. To ensure interoperability, '
2026-07-22 23:23:45.350 9 INFO neutron.wsgi [None req-a9944c91-021f-446c-b54e-52c3f966909a d0a9287aa40a4cfdb04caad2ca0b6080 387275315d7f40758b3fff59217293ff - - default default] 10.0.0.216 "GET /v2.0/subnets?not-tags-any=blue HTTP/1.1" status: 200 len: 2615 time: 0.0694184
2026-07-22 23:23:45.409 9 INFO neutron.wsgi [None req-4c24f500-d715-4847-914e-d12f653b90d8 d0a9287aa40a4cfdb04caad2ca0b6080 387275315d7f40758b3fff59217293ff - - default default] 10.0.0.216 "GET /v2.0/subnets?not-tags-any=red%2Cblue HTTP/1.1" status: 200 len: 2018 time: 0.0553150
2026-07-22 23:23:45.642 9 INFO neutron.wsgi [None req-7f272e1e-836d-48c8-a65c-4ece96963d78 d0a9287aa40a4cfdb04caad2ca0b6080 387275315d7f40758b3fff59217293ff - - - -] 10.0.0.216 "DELETE /v2.0/subnets/5677ffa5-7bd3-411e-bfc7-41238e373548 HTTP/1.1" status: 204 len: 168 time: 0.2283754
2026-07-22 23:23:45.692 10 INFO neutron.wsgi [None req-1077fce8-4b9f-490e-97d2-85fb4cd78773 bfb1ae5b1ea14ec9ba32338557837bb1 50d58f21d61b4a4cbd4e7f4d6aa62f13 - - - -] 199.19.213.74 "DELETE /v2.0/ports/7a4e7c83-caa0-4197-86a7-89564476ae2f HTTP/1.1" status: 204 len: 173 time: 0.3562176
2026-07-22 23:23:45.884 10 INFO neutron.notifiers.nova [-] Nova event matching ['req-de39a650-6660-4031-985d-cec008e97430'] response: {'server_uuid': '255186d6-1b65-42ea-8260-8a35a80867ac', 'name': 'network-vif-unplugged', 'status': 'completed', 'tag': '7a4e7c83-caa0-4197-86a7-89564476ae2f', 'code': 200}
2026-07-22 23:23:45.884 10 INFO neutron.notifiers.nova [-] Nova event matching ['req-de39a650-6660-4031-985d-cec008e97430'] response: {'server_uuid': '255186d6-1b65-42ea-8260-8a35a80867ac', 'name': 'network-vif-plugged', 'status': 'completed', 'tag': '7a4e7c83-caa0-4197-86a7-89564476ae2f', 'code': 200}
2026-07-22 23:23:45.885 10 INFO neutron.notifiers.nova [-] Nova event matching ['req-de39a650-6660-4031-985d-cec008e97430'] response: {'server_uuid': '255186d6-1b65-42ea-8260-8a35a80867ac', 'name': 'network-vif-deleted', 'tag': '7a4e7c83-caa0-4197-86a7-89564476ae2f', 'status': 'completed', 'code': 200}
2026-07-22 23:23:45.950 10 INFO neutron.wsgi [None req-c93095e9-9907-4e93-ace1-77b57dc74cb4 d0a9287aa40a4cfdb04caad2ca0b6080 387275315d7f40758b3fff59217293ff - - - -] 10.0.0.216 "DELETE /v2.0/subnets/d74b2115-c97e-4595-911b-7883d72f6065 HTTP/1.1" status: 204 len: 168 time: 0.2986348
2026-07-22 23:23:45.987 10 WARNING neutron.scheduler.dhcp_agent_scheduler [None req-fd22f4f7-4ff1-4551-8081-cf8a851c4f80 3cab8895f6e24b488c73c0422ec3916d 6c3cd3de7aa244ca8a43704314b27af7 - - - -] No more DHCP agents
2026-07-22 23:23:46.007 10 WARNING neutron.api.rpc.agentnotifiers.dhcp_rpc_agent_api [None req-fd22f4f7-4ff1-4551-8081-cf8a851c4f80 3cab8895f6e24b488c73c0422ec3916d 6c3cd3de7aa244ca8a43704314b27af7 - - - -] Unable to schedule network 7c15f7fc-5f92-4a46-bbbe-3da8a40c9bad: no agents available; will retry on subsequent port and subnet creation events.
2026-07-22 23:23:46.331 10 INFO neutron.wsgi [None req-9ea7d352-4ca0-46a2-a09d-cdf7f9a07951 d0a9287aa40a4cfdb04caad2ca0b6080 387275315d7f40758b3fff59217293ff - - - -] 10.0.0.216 "DELETE /v2.0/subnets/13c00274-eee3-454b-80fe-0fc6b7d0f2fc HTTP/1.1" status: 204 len: 168 time: 0.3719008
2026-07-22 23:23:46.425 10 INFO neutron.db.ovn_revision_numbers_db [None req-fd22f4f7-4ff1-4551-8081-cf8a851c4f80 3cab8895f6e24b488c73c0422ec3916d 6c3cd3de7aa244ca8a43704314b27af7 - - - -] Successfully bumped revision number for resource 1630426a-5661-42f3-a327-78c715a31abf (type: floatingips) to 0
2026-07-22 23:23:46.440 10 INFO neutron.wsgi [None req-fd22f4f7-4ff1-4551-8081-cf8a851c4f80 3cab8895f6e24b488c73c0422ec3916d 6c3cd3de7aa244ca8a43704314b27af7 - - - -] 10.0.0.216 "POST /v2.0/floatingips HTTP/1.1" status: 201 len: 751 time: 0.9773598
2026-07-22 23:23:46.548 9 INFO neutron.wsgi [None req-15b8e51e-5ada-4197-8405-12fb5e78c0a6 d0a9287aa40a4cfdb04caad2ca0b6080 387275315d7f40758b3fff59217293ff - - - -] 10.0.0.216 "DELETE /v2.0/subnets/2f176870-7cb7-42ca-8c06-ba2da07c96f1 HTTP/1.1" status: 204 len: 168 time: 0.2124217
2026-07-22 23:23:46.722 10 WARNING neutron.scheduler.dhcp_agent_scheduler [None req-71b44d81-7f46-4c9f-ab9a-157a4fc141ab 3cab8895f6e24b488c73c0422ec3916d 6c3cd3de7aa244ca8a43704314b27af7 - - - -] No more DHCP agents
2026-07-22 23:23:46.723 10 WARNING neutron.api.rpc.agentnotifiers.dhcp_rpc_agent_api [None req-71b44d81-7f46-4c9f-ab9a-157a4fc141ab 3cab8895f6e24b488c73c0422ec3916d 6c3cd3de7aa244ca8a43704314b27af7 - - - -] Unable to schedule network 7c15f7fc-5f92-4a46-bbbe-3da8a40c9bad: no agents available; will retry on subsequent port and subnet creation events.
2026-07-22 23:23:46.778 9 INFO neutron.wsgi [None req-606891dc-bba5-4249-a3ad-7c1e322cfcca d0a9287aa40a4cfdb04caad2ca0b6080 387275315d7f40758b3fff59217293ff - - - -] 10.0.0.216 "DELETE /v2.0/subnets/a7a77b51-d247-43ea-bd24-c696425ff67f HTTP/1.1" status: 204 len: 168 time: 0.2238603
2026-07-22 23:23:47.010 10 INFO neutron.db.ovn_revision_numbers_db [None req-71b44d81-7f46-4c9f-ab9a-157a4fc141ab 3cab8895f6e24b488c73c0422ec3916d 6c3cd3de7aa244ca8a43704314b27af7 - - - -] Successfully bumped revision number for resource 65d7ee7a-d7d7-4096-a016-f2e68bbbd844 (type: floatingips) to 0
2026-07-22 23:23:47.026 10 INFO neutron.wsgi [None req-71b44d81-7f46-4c9f-ab9a-157a4fc141ab 3cab8895f6e24b488c73c0422ec3916d 6c3cd3de7aa244ca8a43704314b27af7 - - - -] 10.0.0.216 "POST /v2.0/floatingips HTTP/1.1" status: 201 len: 751 time: 0.5793073
2026-07-22 23:23:47.188 9 INFO neutron.services.segments.plugin [-] Segment 5940fb07-df83-41fe-94bf-db2f4cc571f0 resource provider aggregate not found
2026-07-22 23:23:47.195 9 INFO neutron.services.segments.plugin [-] Segment 5940fb07-df83-41fe-94bf-db2f4cc571f0 resource provider aggregate not found
2026-07-22 23:23:47.216 9 INFO neutron.services.segments.plugin [-] Segment 5940fb07-df83-41fe-94bf-db2f4cc571f0 resource provider not found; error: Placement Client Error (4xx): {"errors": [{"status": 404, "title": "Not Found", "detail": "The resource could not be found.\n\n No resource provider with uuid 5940fb07-df83-41fe-94bf-db2f4cc571f0 found for delete ", "request_id": "req-b567891e-14a2-4f00-9066-e58e2fad33fb"}]}
2026-07-22 23:23:47.217 9 INFO neutron.services.segments.plugin [-] Segment 5940fb07-df83-41fe-94bf-db2f4cc571f0 resource provider not found; error: Placement Client Error (4xx): {"errors": [{"status": 404, "title": "Not Found", "detail": "The resource could not be found.\n\n No resource provider with uuid 5940fb07-df83-41fe-94bf-db2f4cc571f0 found for delete ", "request_id": "req-8647b68b-82ef-45c8-add3-9cf18cc58120"}]}
2026-07-22 23:23:47.247 9 INFO neutron.wsgi [None req-7df32c24-3df9-4aa0-8c75-55ac11621a45 d0a9287aa40a4cfdb04caad2ca0b6080 387275315d7f40758b3fff59217293ff - - - -] 10.0.0.216 "DELETE /v2.0/networks/41da985a-500b-4087-a6ce-ec8e7d59d216 HTTP/1.1" status: 204 len: 168 time: 0.4622948
2026-07-22 23:23:47.368 10 WARNING neutron.scheduler.dhcp_agent_scheduler [None req-b205c3ee-b501-400a-885c-818b0d44b18c 3cab8895f6e24b488c73c0422ec3916d 6c3cd3de7aa244ca8a43704314b27af7 - - - -] No more DHCP agents
2026-07-22 23:23:47.370 10 WARNING neutron.api.rpc.agentnotifiers.dhcp_rpc_agent_api [None req-b205c3ee-b501-400a-885c-818b0d44b18c 3cab8895f6e24b488c73c0422ec3916d 6c3cd3de7aa244ca8a43704314b27af7 - - - -] Unable to schedule network 7c15f7fc-5f92-4a46-bbbe-3da8a40c9bad: no agents available; will retry on subsequent port and subnet creation events.
2026-07-22 23:23:47.721 10 INFO neutron.services.segments.plugin [-] Segment c08f7173-e375-4597-8fcd-26626afdc4b1 resource provider aggregate not found
2026-07-22 23:23:47.729 10 INFO neutron.services.segments.plugin [-] Segment c08f7173-e375-4597-8fcd-26626afdc4b1 resource provider aggregate not found
2026-07-22 23:23:47.745 10 INFO neutron.services.segments.plugin [-] Segment c08f7173-e375-4597-8fcd-26626afdc4b1 resource provider not found; error: Placement Client Error (4xx): {"errors": [{"status": 404, "title": "Not Found", "detail": "The resource could not be found.\n\n No resource provider with uuid c08f7173-e375-4597-8fcd-26626afdc4b1 found for delete ", "request_id": "req-ab629eac-c10a-483e-8a6b-47a1870d333f"}]}
2026-07-22 23:23:47.758 10 INFO neutron.services.segments.plugin [-] Segment c08f7173-e375-4597-8fcd-26626afdc4b1 resource provider not found; error: Placement Client Error (4xx): {"errors": [{"status": 404, "title": "Not Found", "detail": "The resource could not be found.\n\n No resource provider with uuid c08f7173-e375-4597-8fcd-26626afdc4b1 found for delete ", "request_id": "req-f8e6b39e-7f7d-4e24-8ddc-560625995759"}]}
2026-07-22 23:23:47.803 10 INFO neutron.wsgi [None req-77a6ab98-ae01-4b26-90c6-57eb6516e57f d0a9287aa40a4cfdb04caad2ca0b6080 387275315d7f40758b3fff59217293ff - - - -] 10.0.0.216 "DELETE /v2.0/networks/048c807b-e699-4b38-92fc-87494e45ef57 HTTP/1.1" status: 204 len: 168 time: 0.5518816
2026-07-22 23:23:47.806 10 INFO neutron.db.ovn_revision_numbers_db [None req-b205c3ee-b501-400a-885c-818b0d44b18c 3cab8895f6e24b488c73c0422ec3916d 6c3cd3de7aa244ca8a43704314b27af7 - - - -] Successfully bumped revision number for resource 6706c3fa-018e-4800-b1d3-02dea9d55a71 (type: floatingips) to 0
2026-07-22 23:23:47.825 10 INFO neutron.wsgi [None req-b205c3ee-b501-400a-885c-818b0d44b18c 3cab8895f6e24b488c73c0422ec3916d 6c3cd3de7aa244ca8a43704314b27af7 - - - -] 10.0.0.216 "POST /v2.0/floatingips HTTP/1.1" status: 201 len: 751 time: 0.7934506
2026-07-22 23:23:48.072 10 INFO neutron.db.ovn_revision_numbers_db [None req-5163613f-5bea-47f5-93b0-bdb4c27ff372 f8dcbf00d0e24dd4b2ed9bf41d91b3d8 b7efc1d1183d4ef5a8c7a8bd8f788dd0 - - - -] Successfully bumped revision number for resource 986ed092-19ce-4cf4-be2d-1f0f0b67cdf5 (type: security_groups) to 1
2026-07-22 23:23:48.136 10 INFO neutron.db.segments_db [None req-5163613f-5bea-47f5-93b0-bdb4c27ff372 f8dcbf00d0e24dd4b2ed9bf41d91b3d8 b7efc1d1183d4ef5a8c7a8bd8f788dd0 - - - -] Added segment f4adb17e-7ec1-40ea-b33d-bef127a54499 of type geneve for network d4a7d190-ae7b-46f5-8fbb-e8460b0fd4b7
2026-07-22 23:23:48.185 10 WARNING neutron.scheduler.dhcp_agent_scheduler [None req-6a619437-a271-4826-be5e-750564390720 3cab8895f6e24b488c73c0422ec3916d 6c3cd3de7aa244ca8a43704314b27af7 - - - -] No more DHCP agents
2026-07-22 23:23:48.187 10 WARNING neutron.api.rpc.agentnotifiers.dhcp_rpc_agent_api [None req-6a619437-a271-4826-be5e-750564390720 3cab8895f6e24b488c73c0422ec3916d 6c3cd3de7aa244ca8a43704314b27af7 - - - -] Unable to schedule network 7c15f7fc-5f92-4a46-bbbe-3da8a40c9bad: no agents available; will retry on subsequent port and subnet creation events.
2026-07-22 23:23:48.322 10 INFO neutron.db.ovn_revision_numbers_db [None req-5163613f-5bea-47f5-93b0-bdb4c27ff372 f8dcbf00d0e24dd4b2ed9bf41d91b3d8 b7efc1d1183d4ef5a8c7a8bd8f788dd0 - - - -] Successfully bumped revision number for resource d4a7d190-ae7b-46f5-8fbb-e8460b0fd4b7 (type: networks) to 1
2026-07-22 23:23:48.849 9 INFO neutron.wsgi [None req-17e6bb09-d56b-43ef-9db3-31b59e478793 d0a9287aa40a4cfdb04caad2ca0b6080 387275315d7f40758b3fff59217293ff - - - -] 10.0.0.216 "DELETE /v2.0/networks/f1265784-fb08-4627-b65b-66043e87ae91 HTTP/1.1" status: 204 len: 168 time: 1.0388436
2026-07-22 23:23:48.868 10 WARNING neutron.scheduler.dhcp_agent_scheduler [None req-5163613f-5bea-47f5-93b0-bdb4c27ff372 f8dcbf00d0e24dd4b2ed9bf41d91b3d8 b7efc1d1183d4ef5a8c7a8bd8f788dd0 - - - -] No more DHCP agents
2026-07-22 23:23:48.870 10 WARNING neutron.api.rpc.agentnotifiers.dhcp_rpc_agent_api [None req-5163613f-5bea-47f5-93b0-bdb4c27ff372 f8dcbf00d0e24dd4b2ed9bf41d91b3d8 b7efc1d1183d4ef5a8c7a8bd8f788dd0 - - - -] Unable to schedule network d4a7d190-ae7b-46f5-8fbb-e8460b0fd4b7: no agents available; will retry on subsequent port and subnet creation events.
2026-07-22 23:23:48.955 10 INFO neutron.db.ovn_revision_numbers_db [None req-5163613f-5bea-47f5-93b0-bdb4c27ff372 f8dcbf00d0e24dd4b2ed9bf41d91b3d8 b7efc1d1183d4ef5a8c7a8bd8f788dd0 - - - -] Successfully bumped revision number for resource e531a74a-11c6-4ca9-902b-13273e5efe57 (type: ports) to 1
2026-07-22 23:23:48.959 10 INFO neutron.db.ovn_revision_numbers_db [None req-6a619437-a271-4826-be5e-750564390720 3cab8895f6e24b488c73c0422ec3916d 6c3cd3de7aa244ca8a43704314b27af7 - - - -] Successfully bumped revision number for resource 224d67e9-1650-4362-849b-7b1b944b46a4 (type: floatingips) to 0
2026-07-22 23:23:48.977 10 INFO neutron.wsgi [None req-6a619437-a271-4826-be5e-750564390720 3cab8895f6e24b488c73c0422ec3916d 6c3cd3de7aa244ca8a43704314b27af7 - - - -] 10.0.0.216 "POST /v2.0/floatingips HTTP/1.1" status: 201 len: 751 time: 1.1464386
2026-07-22 23:23:48.979 9 INFO neutron.wsgi [None req-d0b9e767-9631-4d69-a560-7b48fb0d614d cf73f69d1f7e49a59cf81fa0f22f15b3 54c749f18dbc43a79f6dd70b33b72377 - - - -] 10.0.0.216 "PUT /v2.0/routers/e081e51f-7551-4e60-9ce2-f282bf4e8f47/remove_router_interface HTTP/1.1" status: 200 len: 503 time: 1.6453929 /var/lib/openstack/lib/python3.10/site-packages/pycadf/identifier.py:71: UserWarning: Invalid uuid: neutron. To ensure interoperability, identifiers should be a valid uuid. warnings.warn(('Invalid uuid: %s. To ensure interoperability, '
2026-07-22 23:23:48.989 10 INFO neutron.wsgi [None req-5163613f-5bea-47f5-93b0-bdb4c27ff372 f8dcbf00d0e24dd4b2ed9bf41d91b3d8 b7efc1d1183d4ef5a8c7a8bd8f788dd0 - - - -] 10.0.0.216 "POST /v2.0/networks HTTP/1.1" status: 201 len: 830 time: 1.2980709
2026-07-22 23:23:49.241 9 INFO neutron.services.segments.plugin [-] Segment 22cfa006-6ebd-4e04-bcc4-11c80c341bd3 resource provider aggregate not found
2026-07-22 23:23:49.262 10 WARNING neutron.scheduler.dhcp_agent_scheduler [None req-41383557-b252-4d14-b1fa-2c00658f854d 3cab8895f6e24b488c73c0422ec3916d 6c3cd3de7aa244ca8a43704314b27af7 - - - -] No more DHCP agents
2026-07-22 23:23:49.262 9 INFO neutron.services.segments.plugin [-] Segment 22cfa006-6ebd-4e04-bcc4-11c80c341bd3 resource provider not found; error: Placement Client Error (4xx): {"errors": [{"status": 404, "title": "Not Found", "detail": "The resource could not be found.\n\n No resource provider with uuid 22cfa006-6ebd-4e04-bcc4-11c80c341bd3 found for delete ", "request_id": "req-2d42affe-abd7-4e79-aaeb-fc3f509c1b16"}]}
2026-07-22 23:23:49.264 9 INFO neutron.services.segments.plugin [-] Segment 22cfa006-6ebd-4e04-bcc4-11c80c341bd3 resource provider aggregate not found
2026-07-22 23:23:49.264 10 WARNING neutron.api.rpc.agentnotifiers.dhcp_rpc_agent_api [None req-41383557-b252-4d14-b1fa-2c00658f854d 3cab8895f6e24b488c73c0422ec3916d 6c3cd3de7aa244ca8a43704314b27af7 - - - -] Unable to schedule network 7c15f7fc-5f92-4a46-bbbe-3da8a40c9bad: no agents available; will retry on subsequent port and subnet creation events.
2026-07-22 23:23:49.305 9 INFO neutron.services.segments.plugin [-] Segment 22cfa006-6ebd-4e04-bcc4-11c80c341bd3 resource provider not found; error: Placement Client Error (4xx): {"errors": [{"status": 404, "title": "Not Found", "detail": "The resource could not be found.\n\n No resource provider with uuid 22cfa006-6ebd-4e04-bcc4-11c80c341bd3 found for delete ", "request_id": "req-3582dac4-e2a0-4917-9132-f66afaf460ba"}]}
2026-07-22 23:23:49.395 10 INFO neutron.wsgi [-] 10.0.0.59 "GET / HTTP/1.1" status: 200 len: 246 time: 0.0018671
2026-07-22 23:23:49.397 10 INFO neutron.wsgi [-] 10.0.0.59 "GET / HTTP/1.1" status: 200 len: 246 time: 0.0013103
2026-07-22 23:23:49.485 9 WARNING neutron.scheduler.dhcp_agent_scheduler [None req-629e2e86-060e-497a-a6cd-07649f73b836 f8dcbf00d0e24dd4b2ed9bf41d91b3d8 b7efc1d1183d4ef5a8c7a8bd8f788dd0 - - - -] No more DHCP agents
2026-07-22 23:23:49.492 9 WARNING neutron.api.rpc.agentnotifiers.dhcp_rpc_agent_api [None req-629e2e86-060e-497a-a6cd-07649f73b836 f8dcbf00d0e24dd4b2ed9bf41d91b3d8 b7efc1d1183d4ef5a8c7a8bd8f788dd0 - - - -] Unable to schedule network d4a7d190-ae7b-46f5-8fbb-e8460b0fd4b7: no agents available; will retry on subsequent port and subnet creation events.
2026-07-22 23:23:49.578 10 INFO neutron.db.ovn_revision_numbers_db [None req-41383557-b252-4d14-b1fa-2c00658f854d 3cab8895f6e24b488c73c0422ec3916d 6c3cd3de7aa244ca8a43704314b27af7 - - - -] Successfully bumped revision number for resource 39b0a061-a2d4-46f7-b45e-09fd0148506b (type: floatingips) to 0
2026-07-22 23:23:49.596 10 INFO neutron.wsgi [None req-41383557-b252-4d14-b1fa-2c00658f854d 3cab8895f6e24b488c73c0422ec3916d 6c3cd3de7aa244ca8a43704314b27af7 - - - -] 10.0.0.216 "POST /v2.0/floatingips HTTP/1.1" status: 201 len: 751 time: 0.6157384
2026-07-22 23:23:49.608 9 INFO neutron.db.ovn_revision_numbers_db [None req-629e2e86-060e-497a-a6cd-07649f73b836 f8dcbf00d0e24dd4b2ed9bf41d91b3d8 b7efc1d1183d4ef5a8c7a8bd8f788dd0 - - - -] Successfully bumped revision number for resource d9e29611-4ac3-41f0-acb9-9a18aca1ed10 (type: ports) to 1
2026-07-22 23:23:49.622 9 INFO neutron.wsgi [None req-395d0eda-39f0-4eb3-924e-6e4ff768588c d0a9287aa40a4cfdb04caad2ca0b6080 387275315d7f40758b3fff59217293ff - - - -] 10.0.0.216 "DELETE /v2.0/networks/0c8889cb-579b-4646-9464-2ef08a613b0e HTTP/1.1" status: 204 len: 168 time: 0.7650819 /var/lib/openstack/lib/python3.10/site-packages/pycadf/identifier.py:71: UserWarning: Invalid uuid: neutron. To ensure interoperability, identifiers should be a valid uuid. warnings.warn(('Invalid uuid: %s. To ensure interoperability, '
2026-07-22 23:23:49.651 10 INFO neutron.wsgi [None req-bd98ac3b-6dde-4783-bd25-a547c02d0299 3cab8895f6e24b488c73c0422ec3916d 6c3cd3de7aa244ca8a43704314b27af7 - - - -] 10.0.0.216 "PUT /v2.0/floatingips/1630426a-5661-42f3-a327-78c715a31abf/tags HTTP/1.1" status: 200 len: 210 time: 0.0498557
2026-07-22 23:23:49.665 9 INFO neutron.wsgi [None req-629e2e86-060e-497a-a6cd-07649f73b836 f8dcbf00d0e24dd4b2ed9bf41d91b3d8 b7efc1d1183d4ef5a8c7a8bd8f788dd0 - - - -] 10.0.0.216 "POST /v2.0/ports HTTP/1.1" status: 201 len: 942 time: 0.6566048
2026-07-22 23:23:49.692 10 INFO neutron.wsgi [None req-99eba760-d910-4220-a741-bfef68778589 3cab8895f6e24b488c73c0422ec3916d 6c3cd3de7aa244ca8a43704314b27af7 - - - -] 10.0.0.216 "PUT /v2.0/floatingips/65d7ee7a-d7d7-4096-a016-f2e68bbbd844/tags HTTP/1.1" status: 200 len: 218 time: 0.0360711
2026-07-22 23:23:49.733 10 INFO neutron.wsgi [None req-66b54a47-d0bf-43bb-ae53-3932fad2dfb5 3cab8895f6e24b488c73c0422ec3916d 6c3cd3de7aa244ca8a43704314b27af7 - - - -] 10.0.0.216 "PUT /v2.0/floatingips/6706c3fa-018e-4800-b1d3-02dea9d55a71/tags HTTP/1.1" status: 200 len: 227 time: 0.0376337
2026-07-22 23:23:49.775 10 INFO neutron.wsgi [None req-d5daf98e-e9af-4c58-84d1-89a8bee81ec0 3cab8895f6e24b488c73c0422ec3916d 6c3cd3de7aa244ca8a43704314b27af7 - - - -] 10.0.0.216 "PUT /v2.0/floatingips/224d67e9-1650-4362-849b-7b1b944b46a4/tags HTTP/1.1" status: 200 len: 212 time: 0.0371273
2026-07-22 23:23:49.833 10 INFO neutron.wsgi [None req-9bc97d9e-20b1-4e21-8d7e-1101289c5f64 3cab8895f6e24b488c73c0422ec3916d 6c3cd3de7aa244ca8a43704314b27af7 - - default default] 10.0.0.216 "GET /v2.0/floatingips?tags=red HTTP/1.1" status: 200 len: 1866 time: 0.0484064
2026-07-22 23:23:49.893 10 INFO neutron.wsgi [None req-97880978-b873-4f44-8de0-18c4d431b226 3cab8895f6e24b488c73c0422ec3916d 6c3cd3de7aa244ca8a43704314b27af7 - - default default] 10.0.0.216 "GET /v2.0/floatingips?tags=red%2Cblue HTTP/1.1" status: 200 len: 1323 time: 0.0546305
2026-07-22 23:23:49.947 10 INFO neutron.wsgi [None req-331b646e-2ffa-40eb-b710-f23f8f21a4a7 3cab8895f6e24b488c73c0422ec3916d 6c3cd3de7aa244ca8a43704314b27af7 - - default default] 10.0.0.216 "GET /v2.0/floatingips?tags-any=blue HTTP/1.1" status: 200 len: 1323 time: 0.0492921
2026-07-22 23:23:49.996 10 INFO neutron.wsgi [None req-44296483-f8c4-4187-a979-ba7901a98420 3cab8895f6e24b488c73c0422ec3916d 6c3cd3de7aa244ca8a43704314b27af7 - - default default] 10.0.0.216 "GET /v2.0/floatingips?tags-any=red%2Cblue HTTP/1.1" status: 200 len: 1866 time: 0.0432596
2026-07-22 23:23:50.052 10 INFO neutron.wsgi [None req-3a84e439-0708-404b-b530-8ebbac309707 3cab8895f6e24b488c73c0422ec3916d 6c3cd3de7aa244ca8a43704314b27af7 - - default default] 10.0.0.216 "GET /v2.0/floatingips?not-tags=red HTTP/1.1" status: 200 len: 1295 time: 0.0519612
2026-07-22 23:23:50.122 10 INFO neutron.wsgi [None req-ed619a10-6c8e-4b35-a000-f06745dda3c1 3cab8895f6e24b488c73c0422ec3916d 6c3cd3de7aa244ca8a43704314b27af7 - - default default] 10.0.0.216 "GET /v2.0/floatingips?not-tags=red%2Cblue HTTP/1.1" status: 200 len: 1838 time: 0.0656090
2026-07-22 23:23:50.182 10 INFO neutron.wsgi [None req-91aaae75-34da-494f-a395-bc98e107a85f 3cab8895f6e24b488c73c0422ec3916d 6c3cd3de7aa244ca8a43704314b27af7 - - default default] 10.0.0.216 "GET /v2.0/floatingips?not-tags-any=blue HTTP/1.1" status: 200 len: 1838 time: 0.0513370
2026-07-22 23:23:50.230 10 INFO neutron.wsgi [None req-4d2c9792-14bc-4744-ac9d-5d1b12dd6e1d 3cab8895f6e24b488c73c0422ec3916d 6c3cd3de7aa244ca8a43704314b27af7 - - default default] 10.0.0.216 "GET /v2.0/floatingips?not-tags-any=red%2Cblue HTTP/1.1" status: 200 len: 1295 time: 0.0412300
2026-07-22 23:23:50.412 9 INFO neutron.wsgi [None req-7c212611-b785-42b8-bcc1-a3bd70331bbf f8dcbf00d0e24dd4b2ed9bf41d91b3d8 b7efc1d1183d4ef5a8c7a8bd8f788dd0 - - - -] 10.0.0.216 "POST /v2.0/trunks HTTP/1.1" status: 201 len: 608 time: 0.7392595
2026-07-22 23:23:50.423 9 INFO neutron.wsgi [None req-13ad21e3-ae98-4823-bb64-69c793b4fad9 cf73f69d1f7e49a59cf81fa0f22f15b3 54c749f18dbc43a79f6dd70b33b72377 - - - -] 10.0.0.216 "DELETE /v2.0/routers/e081e51f-7551-4e60-9ce2-f282bf4e8f47 HTTP/1.1" status: 204 len: 168 time: 1.4371727
2026-07-22 23:23:50.561 10 INFO neutron.db.segments_db [None req-ce297042-05a7-404b-9631-8181deee7741 f8dcbf00d0e24dd4b2ed9bf41d91b3d8 b7efc1d1183d4ef5a8c7a8bd8f788dd0 - - - -] Added segment 842d0432-c8dd-4b84-98ec-67847cc222be of type geneve for network 38746ba6-0145-438d-8c05-d0826abcdca9
2026-07-22 23:23:50.583 9 INFO neutron.wsgi [None req-2fc1be58-dc8e-4ac7-9d34-5ba7bd9c2273 d0a9287aa40a4cfdb04caad2ca0b6080 387275315d7f40758b3fff59217293ff - - - -] 10.0.0.216 "DELETE /v2.0/networks/48e3297e-a7c2-498d-a88f-84029b1a01da HTTP/1.1" status: 204 len: 168 time: 0.9557197
2026-07-22 23:23:50.998 10 INFO neutron.wsgi [None req-36d8940b-a171-4a0b-980b-577c62f017eb cf73f69d1f7e49a59cf81fa0f22f15b3 54c749f18dbc43a79f6dd70b33b72377 - - - -] 10.0.0.216 "DELETE /v2.0/subnets/cf233181-2630-48cd-b418-97a892d7a073 HTTP/1.1" status: 204 len: 168 time: 0.5675423
2026-07-22 23:23:50.999 10 INFO neutron.db.ovn_revision_numbers_db [None req-ce297042-05a7-404b-9631-8181deee7741 f8dcbf00d0e24dd4b2ed9bf41d91b3d8 b7efc1d1183d4ef5a8c7a8bd8f788dd0 - - - -] Successfully bumped revision number for resource 38746ba6-0145-438d-8c05-d0826abcdca9 (type: networks) to 1
2026-07-22 23:23:51.035 10 INFO neutron.wsgi [None req-2de09b78-00a6-4deb-834d-dc220f3656d2 3cab8895f6e24b488c73c0422ec3916d 6c3cd3de7aa244ca8a43704314b27af7 - - - -] 10.0.0.216 "DELETE /v2.0/floatingips/1630426a-5661-42f3-a327-78c715a31abf HTTP/1.1" status: 204 len: 168 time: 0.7969723
2026-07-22 23:23:51.265 10 WARNING neutron.scheduler.dhcp_agent_scheduler [None req-ce297042-05a7-404b-9631-8181deee7741 f8dcbf00d0e24dd4b2ed9bf41d91b3d8 b7efc1d1183d4ef5a8c7a8bd8f788dd0 - - - -] No more DHCP agents
2026-07-22 23:23:51.270 10 WARNING neutron.api.rpc.agentnotifiers.dhcp_rpc_agent_api [None req-ce297042-05a7-404b-9631-8181deee7741 f8dcbf00d0e24dd4b2ed9bf41d91b3d8 b7efc1d1183d4ef5a8c7a8bd8f788dd0 - - - -] Unable to schedule network 38746ba6-0145-438d-8c05-d0826abcdca9: no agents available; will retry on subsequent port and subnet creation events.
2026-07-22 23:23:51.292 9 INFO neutron.services.segments.plugin [-] Segment 6f1e0341-f71f-4834-ab91-499c192e39b4 resource provider aggregate not found
2026-07-22 23:23:51.317 9 INFO neutron.services.segments.plugin [-] Segment 6f1e0341-f71f-4834-ab91-499c192e39b4 resource provider not found; error: Placement Client Error (4xx): {"errors": [{"status": 404, "title": "Not Found", "detail": "The resource could not be found.\n\n No resource provider with uuid 6f1e0341-f71f-4834-ab91-499c192e39b4 found for delete ", "request_id": "req-d5ebd117-6fa9-434d-b7a7-b6f92c8c9337"}]}
2026-07-22 23:23:51.329 9 INFO neutron.services.segments.plugin [-] Segment 6f1e0341-f71f-4834-ab91-499c192e39b4 resource provider aggregate not found
2026-07-22 23:23:51.339 9 INFO neutron.services.segments.plugin [-] Segment c4dfc1d2-2e18-451a-8b57-874e409627a2 resource provider aggregate not found
2026-07-22 23:23:51.348 9 INFO neutron.services.segments.plugin [-] Segment 6f1e0341-f71f-4834-ab91-499c192e39b4 resource provider not found; error: Placement Client Error (4xx): {"errors": [{"status": 404, "title": "Not Found", "detail": "The resource could not be found.\n\n No resource provider with uuid 6f1e0341-f71f-4834-ab91-499c192e39b4 found for delete ", "request_id": "req-9c84b7d2-d7a6-424e-aeda-3966cf4b6c63"}]}
2026-07-22 23:23:51.376 9 INFO neutron.services.segments.plugin [-] Segment c4dfc1d2-2e18-451a-8b57-874e409627a2 resource provider not found; error: Placement Client Error (4xx): {"errors": [{"status": 404, "title": "Not Found", "detail": "The resource could not be found.\n\n No resource provider with uuid c4dfc1d2-2e18-451a-8b57-874e409627a2 found for delete ", "request_id": "req-109e9f44-13d8-4382-893f-366cf949167c"}]}
2026-07-22 23:23:51.378 9 INFO neutron.services.segments.plugin [-] Segment c4dfc1d2-2e18-451a-8b57-874e409627a2 resource provider aggregate not found
2026-07-22 23:23:51.379 10 INFO neutron.db.ovn_revision_numbers_db [None req-ce297042-05a7-404b-9631-8181deee7741 f8dcbf00d0e24dd4b2ed9bf41d91b3d8 b7efc1d1183d4ef5a8c7a8bd8f788dd0 - - - -] Successfully bumped revision number for resource 7763b201-efd9-4dbd-99b5-0897ddffd97c (type: ports) to 1
2026-07-22 23:23:51.401 9 INFO neutron.services.segments.plugin [-] Segment c4dfc1d2-2e18-451a-8b57-874e409627a2 resource provider not found; error: Placement Client Error (4xx): {"errors": [{"status": 404, "title": "Not Found", "detail": "The resource could not be found.\n\n No resource provider with uuid c4dfc1d2-2e18-451a-8b57-874e409627a2 found for delete ", "request_id": "req-e2f526e5-356b-48c0-90e2-94179391560e"}]}
2026-07-22 23:23:51.442 10 INFO neutron.wsgi [None req-ce297042-05a7-404b-9631-8181deee7741 f8dcbf00d0e24dd4b2ed9bf41d91b3d8 b7efc1d1183d4ef5a8c7a8bd8f788dd0 - - - -] 10.0.0.216 "POST /v2.0/networks HTTP/1.1" status: 201 len: 831 time: 1.0244625
2026-07-22 23:23:51.480 9 INFO neutron.wsgi [None req-607e4342-8ef4-4111-811f-789e096c898f 3cab8895f6e24b488c73c0422ec3916d 6c3cd3de7aa244ca8a43704314b27af7 - - - -] 10.0.0.216 "DELETE /v2.0/floatingips/65d7ee7a-d7d7-4096-a016-f2e68bbbd844 HTTP/1.1" status: 204 len: 168 time: 0.4392867
2026-07-22 23:23:51.511 10 INFO neutron.services.segments.plugin [-] Segment c679f50e-19cb-4bce-9d12-d879ae25f8e7 resource provider aggregate not found
2026-07-22 23:23:51.525 10 INFO neutron.services.segments.plugin [-] Segment c679f50e-19cb-4bce-9d12-d879ae25f8e7 resource provider aggregate not found
2026-07-22 23:23:51.541 10 INFO neutron.services.segments.plugin [-] Segment c679f50e-19cb-4bce-9d12-d879ae25f8e7 resource provider not found; error: Placement Client Error (4xx): {"errors": [{"status": 404, "title": "Not Found", "detail": "The resource could not be found.\n\n No resource provider with uuid c679f50e-19cb-4bce-9d12-d879ae25f8e7 found for delete ", "request_id": "req-f219f8b7-1ce0-420d-acce-dd7c16a10151"}]}
2026-07-22 23:23:51.548 10 INFO neutron.services.segments.plugin [-] Segment c679f50e-19cb-4bce-9d12-d879ae25f8e7 resource provider not found; error: Placement Client Error (4xx): {"errors": [{"status": 404, "title": "Not Found", "detail": "The resource could not be found.\n\n No resource provider with uuid c679f50e-19cb-4bce-9d12-d879ae25f8e7 found for delete ", "request_id": "req-22629baa-a238-4e67-b89b-c56df9d76fd2"}]}
2026-07-22 23:23:51.563 10 INFO neutron.wsgi [None req-722a76be-422d-42fb-aeca-e730f403896c cf73f69d1f7e49a59cf81fa0f22f15b3 54c749f18dbc43a79f6dd70b33b72377 - - - -] 10.0.0.216 "DELETE /v2.0/networks/c761c8e0-f15b-426e-973a-ae9e4b7920f5 HTTP/1.1" status: 204 len: 168 time: 0.5601485
2026-07-22 23:23:51.634 9 INFO neutron.wsgi [None req-2cc8fb0b-80bc-4098-93cd-cdfd8388e47c cf73f69d1f7e49a59cf81fa0f22f15b3 54c749f18dbc43a79f6dd70b33b72377 - - default default] 10.0.0.216 "GET /v2.0/security-groups?tenant_id=387275315d7f40758b3fff59217293ff&name=default HTTP/1.1" status: 200 len: 2996 time: 0.2018893
2026-07-22 23:23:51.700 9 INFO neutron.wsgi [None req-7c21809a-009e-4b91-9ff3-e6af178d5d16 cf73f69d1f7e49a59cf81fa0f22f15b3 54c749f18dbc43a79f6dd70b33b72377 - - default default] 10.0.0.216 "GET /v2.0/security-groups?tenant_id=50d58f21d61b4a4cbd4e7f4d6aa62f13&name=default HTTP/1.1" status: 200 len: 2996 time: 0.0352914
2026-07-22 23:23:51.719 10 WARNING neutron.scheduler.dhcp_agent_scheduler [None req-99811eb7-e404-44e2-86e2-ed36386f62c7 f8dcbf00d0e24dd4b2ed9bf41d91b3d8 b7efc1d1183d4ef5a8c7a8bd8f788dd0 - - - -] No more DHCP agents
2026-07-22 23:23:51.724 10 WARNING neutron.api.rpc.agentnotifiers.dhcp_rpc_agent_api [None req-99811eb7-e404-44e2-86e2-ed36386f62c7 f8dcbf00d0e24dd4b2ed9bf41d91b3d8 b7efc1d1183d4ef5a8c7a8bd8f788dd0 - - - -] Unable to schedule network 38746ba6-0145-438d-8c05-d0826abcdca9: no agents available; will retry on subsequent port and subnet creation events.
2026-07-22 23:23:51.792 10 INFO neutron.db.ovn_revision_numbers_db [None req-99811eb7-e404-44e2-86e2-ed36386f62c7 f8dcbf00d0e24dd4b2ed9bf41d91b3d8 b7efc1d1183d4ef5a8c7a8bd8f788dd0 - - - -] Successfully bumped revision number for resource 2a17c063-d35d-4118-a141-4f40071214d9 (type: ports) to 1
2026-07-22 23:23:51.818 10 INFO neutron.wsgi [None req-99811eb7-e404-44e2-86e2-ed36386f62c7 f8dcbf00d0e24dd4b2ed9bf41d91b3d8 b7efc1d1183d4ef5a8c7a8bd8f788dd0 - - - -] 10.0.0.216 "POST /v2.0/ports HTTP/1.1" status: 201 len: 942 time: 0.3687351 /var/lib/openstack/lib/python3.10/site-packages/pycadf/identifier.py:71: UserWarning: Invalid uuid: neutron. To ensure interoperability, identifiers should be a valid uuid. warnings.warn(('Invalid uuid: %s. To ensure interoperability, '
2026-07-22 23:23:51.877 9 INFO neutron.wsgi [None req-bccedcdc-c71f-4786-a606-c9cc5225cca4 3cab8895f6e24b488c73c0422ec3916d 6c3cd3de7aa244ca8a43704314b27af7 - - - -] 10.0.0.216 "DELETE /v2.0/floatingips/6706c3fa-018e-4800-b1d3-02dea9d55a71 HTTP/1.1" status: 204 len: 168 time: 0.3908455
2026-07-22 23:23:51.966 9 INFO neutron.wsgi [None req-f73548b7-7853-4482-ad19-68fa25bc5e38 cf73f69d1f7e49a59cf81fa0f22f15b3 54c749f18dbc43a79f6dd70b33b72377 - - - -] 10.0.0.216 "DELETE /v2.0/security-groups/2955e9d3-c43d-4334-a1dc-b5a79ec4dc88 HTTP/1.1" status: 204 len: 168 time: 0.3269863
2026-07-22 23:23:51.991 9 INFO neutron.wsgi [None req-361b30f3-8286-4e9d-9371-39ac7c08dbce cf73f69d1f7e49a59cf81fa0f22f15b3 54c749f18dbc43a79f6dd70b33b72377 - - - -] 10.0.0.216 "DELETE /v2.0/security-groups/224aa632-dd2d-47e8-a82f-d91138ff88c3 HTTP/1.1" status: 204 len: 168 time: 0.2824521
2026-07-22 23:23:52.063 10 INFO neutron.wsgi [None req-55ecf049-3f89-444e-a63c-03b0eedb6696 f8dcbf00d0e24dd4b2ed9bf41d91b3d8 b7efc1d1183d4ef5a8c7a8bd8f788dd0 - - - -] 10.0.0.216 "POST /v2.0/trunks HTTP/1.1" status: 201 len: 608 time: 0.2395222
2026-07-22 23:23:52.151 10 INFO neutron.db.segments_db [None req-54ac7074-6dea-4620-82c7-9af223a93314 f8dcbf00d0e24dd4b2ed9bf41d91b3d8 b7efc1d1183d4ef5a8c7a8bd8f788dd0 - - - -] Added segment 5fb055d2-3173-4f78-9ae1-3574ce5d7ed3 of type geneve for network 5848fd97-574d-4d6a-9fb6-a42eb32a2911
2026-07-22 23:23:52.263 9 INFO neutron.wsgi [None req-5fb3de0b-cc6c-4704-a60f-f42411abf1d1 3cab8895f6e24b488c73c0422ec3916d 6c3cd3de7aa244ca8a43704314b27af7 - - - -] 10.0.0.216 "DELETE /v2.0/floatingips/224d67e9-1650-4362-849b-7b1b944b46a4 HTTP/1.1" status: 204 len: 168 time: 0.3786986
2026-07-22 23:23:52.314 10 INFO neutron.db.ovn_revision_numbers_db [None req-54ac7074-6dea-4620-82c7-9af223a93314 f8dcbf00d0e24dd4b2ed9bf41d91b3d8 b7efc1d1183d4ef5a8c7a8bd8f788dd0 - - - -] Successfully bumped revision number for resource 5848fd97-574d-4d6a-9fb6-a42eb32a2911 (type: networks) to 1
2026-07-22 23:23:52.357 10 INFO neutron.db.ovn_revision_numbers_db [None req-8f2ed11f-7e34-4a85-9c4e-796d0a3bd655 cf73f69d1f7e49a59cf81fa0f22f15b3 54c749f18dbc43a79f6dd70b33b72377 - - default default] Successfully bumped revision number for resource 19405277-8c85-48f9-83f0-4a5b1a9bb4f3 (type: security_groups) to 1
2026-07-22 23:23:52.384 10 INFO neutron.wsgi [None req-8f2ed11f-7e34-4a85-9c4e-796d0a3bd655 cf73f69d1f7e49a59cf81fa0f22f15b3 54c749f18dbc43a79f6dd70b33b72377 - - default default] 10.0.0.216 "GET /v2.0/security-groups?tenant_id=64fc3055b99348d390f4d2b2e7243af1&name=default HTTP/1.1" status: 200 len: 2996 time: 0.2244585
2026-07-22 23:23:52.577 10 WARNING neutron.scheduler.dhcp_agent_scheduler [None req-54ac7074-6dea-4620-82c7-9af223a93314 f8dcbf00d0e24dd4b2ed9bf41d91b3d8 b7efc1d1183d4ef5a8c7a8bd8f788dd0 - - - -] No more DHCP agents
2026-07-22 23:23:52.580 10 WARNING neutron.api.rpc.agentnotifiers.dhcp_rpc_agent_api [None req-54ac7074-6dea-4620-82c7-9af223a93314 f8dcbf00d0e24dd4b2ed9bf41d91b3d8 b7efc1d1183d4ef5a8c7a8bd8f788dd0 - - - -] Unable to schedule network 5848fd97-574d-4d6a-9fb6-a42eb32a2911: no agents available; will retry on subsequent port and subnet creation events.
2026-07-22 23:23:52.655 10 INFO neutron.db.ovn_revision_numbers_db [None req-54ac7074-6dea-4620-82c7-9af223a93314 f8dcbf00d0e24dd4b2ed9bf41d91b3d8 b7efc1d1183d4ef5a8c7a8bd8f788dd0 - - - -] Successfully bumped revision number for resource 8e7806d9-3b34-4980-839f-2f092879e78c (type: ports) to 1
2026-07-22 23:23:52.679 9 INFO neutron.wsgi [None req-765d6e95-00da-429c-b9df-cc339d9ea00e 3cab8895f6e24b488c73c0422ec3916d 6c3cd3de7aa244ca8a43704314b27af7 - - - -] 10.0.0.216 "DELETE /v2.0/floatingips/39b0a061-a2d4-46f7-b45e-09fd0148506b HTTP/1.1" status: 204 len: 168 time: 0.4126053
2026-07-22 23:23:52.683 9 INFO neutron.wsgi [None req-a1b1d2fc-ba72-42f5-9612-2c8c710bb742 cf73f69d1f7e49a59cf81fa0f22f15b3 54c749f18dbc43a79f6dd70b33b72377 - - - -] 10.0.0.216 "DELETE /v2.0/security-groups/19405277-8c85-48f9-83f0-4a5b1a9bb4f3 HTTP/1.1" status: 204 len: 168 time: 0.2894239
2026-07-22 23:23:52.685 10 INFO neutron.wsgi [None req-54ac7074-6dea-4620-82c7-9af223a93314 f8dcbf00d0e24dd4b2ed9bf41d91b3d8 b7efc1d1183d4ef5a8c7a8bd8f788dd0 - - - -] 10.0.0.216 "POST /v2.0/networks HTTP/1.1" status: 201 len: 830 time: 0.6165688
2026-07-22 23:23:52.944 10 INFO neutron.db.ovn_revision_numbers_db [None req-85d2bd08-ea0b-42a3-a46a-e1b13d4eeaa5 cf73f69d1f7e49a59cf81fa0f22f15b3 54c749f18dbc43a79f6dd70b33b72377 - - default default] Successfully bumped revision number for resource e063a81f-b6fe-4de7-9628-1c49799da58a (type: security_groups) to 1
2026-07-22 23:23:52.970 10 INFO neutron.wsgi [None req-85d2bd08-ea0b-42a3-a46a-e1b13d4eeaa5 cf73f69d1f7e49a59cf81fa0f22f15b3 54c749f18dbc43a79f6dd70b33b72377 - - default default] 10.0.0.216 "GET /v2.0/security-groups?tenant_id=2a43e15537bb4eb783adc0ed63d48323&name=default HTTP/1.1" status: 200 len: 2996 time: 0.1482406
2026-07-22 23:23:53.154 10 INFO neutron.wsgi [None req-955e9915-a38d-44f4-943d-7d5059d30da4 cf73f69d1f7e49a59cf81fa0f22f15b3 54c749f18dbc43a79f6dd70b33b72377 - - - -] 10.0.0.216 "DELETE /v2.0/security-groups/e063a81f-b6fe-4de7-9628-1c49799da58a HTTP/1.1" status: 204 len: 168 time: 0.1778238
2026-07-22 23:23:53.209 9 WARNING neutron.scheduler.dhcp_agent_scheduler [None req-606f96db-fc82-440e-8dab-721814f9949e f8dcbf00d0e24dd4b2ed9bf41d91b3d8 b7efc1d1183d4ef5a8c7a8bd8f788dd0 - - - -] No more DHCP agents
2026-07-22 23:23:53.212 9 WARNING neutron.api.rpc.agentnotifiers.dhcp_rpc_agent_api [None req-606f96db-fc82-440e-8dab-721814f9949e f8dcbf00d0e24dd4b2ed9bf41d91b3d8 b7efc1d1183d4ef5a8c7a8bd8f788dd0 - - - -] Unable to schedule network 5848fd97-574d-4d6a-9fb6-a42eb32a2911: no agents available; will retry on subsequent port and subnet creation events.
2026-07-22 23:23:53.302 9 INFO neutron.db.ovn_revision_numbers_db [None req-606f96db-fc82-440e-8dab-721814f9949e f8dcbf00d0e24dd4b2ed9bf41d91b3d8 b7efc1d1183d4ef5a8c7a8bd8f788dd0 - - - -] Successfully bumped revision number for resource 316916e5-200b-4091-a60d-4f8d1dd5fa50 (type: ports) to 1
2026-07-22 23:23:53.330 9 INFO neutron.wsgi [None req-606f96db-fc82-440e-8dab-721814f9949e f8dcbf00d0e24dd4b2ed9bf41d91b3d8 b7efc1d1183d4ef5a8c7a8bd8f788dd0 - - - -] 10.0.0.216 "POST /v2.0/ports HTTP/1.1" status: 201 len: 942 time: 0.6387269 /var/lib/openstack/lib/python3.10/site-packages/pycadf/identifier.py:71: UserWarning: Invalid uuid: neutron. To ensure interoperability, identifiers should be a valid uuid. warnings.warn(('Invalid uuid: %s. To ensure interoperability, '
2026-07-22 23:23:53.547 9 INFO neutron.wsgi [None req-f8a4d035-fd1e-437c-99d3-195c70c42527 f8dcbf00d0e24dd4b2ed9bf41d91b3d8 b7efc1d1183d4ef5a8c7a8bd8f788dd0 - - - -] 10.0.0.216 "POST /v2.0/trunks HTTP/1.1" status: 201 len: 608 time: 0.2142465
2026-07-22 23:23:53.632 9 INFO neutron.db.segments_db [None req-47451876-f76f-43e1-99a7-161e4e6a8db3 f8dcbf00d0e24dd4b2ed9bf41d91b3d8 b7efc1d1183d4ef5a8c7a8bd8f788dd0 - - - -] Added segment 2da351ba-4945-4e16-8778-1aa8e78589f3 of type geneve for network 4a75964e-1743-4d66-9ff4-4f5de39ca7e7
2026-07-22 23:23:53.752 9 INFO neutron.db.ovn_revision_numbers_db [None req-47451876-f76f-43e1-99a7-161e4e6a8db3 f8dcbf00d0e24dd4b2ed9bf41d91b3d8 b7efc1d1183d4ef5a8c7a8bd8f788dd0 - - - -] Successfully bumped revision number for resource 4a75964e-1743-4d66-9ff4-4f5de39ca7e7 (type: networks) to 1
2026-07-22 23:23:53.888 10 INFO neutron.db.ovn_revision_numbers_db [None req-a7406a38-07c4-410e-a4d3-58a3221a4811 cf73f69d1f7e49a59cf81fa0f22f15b3 54c749f18dbc43a79f6dd70b33b72377 - - default default] Successfully bumped revision number for resource d342b706-b7d3-47f5-a690-6ba099272da3 (type: security_groups) to 1
2026-07-22 23:23:53.912 10 INFO neutron.wsgi [None req-a7406a38-07c4-410e-a4d3-58a3221a4811 cf73f69d1f7e49a59cf81fa0f22f15b3 54c749f18dbc43a79f6dd70b33b72377 - - default default] 10.0.0.216 "GET /v2.0/security-groups?tenant_id=1a9e211d38eb45ec9e2ba58dd84c8c91&name=default HTTP/1.1" status: 200 len: 2996 time: 0.2752674
2026-07-22 23:23:53.960 9 WARNING neutron.scheduler.dhcp_agent_scheduler [None req-47451876-f76f-43e1-99a7-161e4e6a8db3 f8dcbf00d0e24dd4b2ed9bf41d91b3d8 b7efc1d1183d4ef5a8c7a8bd8f788dd0 - - - -] No more DHCP agents
2026-07-22 23:23:53.962 9 WARNING neutron.api.rpc.agentnotifiers.dhcp_rpc_agent_api [None req-47451876-f76f-43e1-99a7-161e4e6a8db3 f8dcbf00d0e24dd4b2ed9bf41d91b3d8 b7efc1d1183d4ef5a8c7a8bd8f788dd0 - - - -] Unable to schedule network 4a75964e-1743-4d66-9ff4-4f5de39ca7e7: no agents available; will retry on subsequent port and subnet creation events.
2026-07-22 23:23:54.031 9 INFO neutron.db.ovn_revision_numbers_db [None req-47451876-f76f-43e1-99a7-161e4e6a8db3 f8dcbf00d0e24dd4b2ed9bf41d91b3d8 b7efc1d1183d4ef5a8c7a8bd8f788dd0 - - - -] Successfully bumped revision number for resource 5b3c3b88-db18-4e52-abd5-9c13436567d4 (type: ports) to 1
2026-07-22 23:23:54.052 9 INFO neutron.wsgi [None req-47451876-f76f-43e1-99a7-161e4e6a8db3 f8dcbf00d0e24dd4b2ed9bf41d91b3d8 b7efc1d1183d4ef5a8c7a8bd8f788dd0 - - - -] 10.0.0.216 "POST /v2.0/networks HTTP/1.1" status: 201 len: 831 time: 0.4983621
2026-07-22 23:23:54.117 10 INFO neutron.wsgi [None req-ec50cb58-7c23-4179-810e-98979250cad9 cf73f69d1f7e49a59cf81fa0f22f15b3 54c749f18dbc43a79f6dd70b33b72377 - - - -] 10.0.0.216 "DELETE /v2.0/security-groups/d342b706-b7d3-47f5-a690-6ba099272da3 HTTP/1.1" status: 204 len: 168 time: 0.1972711
2026-07-22 23:23:54.330 10 WARNING neutron.scheduler.dhcp_agent_scheduler [None req-7880693c-9b5e-4e16-aef3-d7824f644b0d f8dcbf00d0e24dd4b2ed9bf41d91b3d8 b7efc1d1183d4ef5a8c7a8bd8f788dd0 - - - -] No more DHCP agents
2026-07-22 23:23:54.332 10 WARNING neutron.api.rpc.agentnotifiers.dhcp_rpc_agent_api [None req-7880693c-9b5e-4e16-aef3-d7824f644b0d f8dcbf00d0e24dd4b2ed9bf41d91b3d8 b7efc1d1183d4ef5a8c7a8bd8f788dd0 - - - -] Unable to schedule network 4a75964e-1743-4d66-9ff4-4f5de39ca7e7: no agents available; will retry on subsequent port and subnet creation events.
2026-07-22 23:23:54.349 9 INFO neutron.db.ovn_revision_numbers_db [None req-28d82552-4931-453e-9f26-3bd917d65ed5 cf73f69d1f7e49a59cf81fa0f22f15b3 54c749f18dbc43a79f6dd70b33b72377 - - default default] Successfully bumped revision number for resource 0d36a558-c5fa-4ba4-9ffc-c39ef0b7b403 (type: security_groups) to 1
2026-07-22 23:23:54.371 9 INFO neutron.wsgi [None req-28d82552-4931-453e-9f26-3bd917d65ed5 cf73f69d1f7e49a59cf81fa0f22f15b3 54c749f18dbc43a79f6dd70b33b72377 - - default default] 10.0.0.216 "GET /v2.0/security-groups?tenant_id=6c3cd3de7aa244ca8a43704314b27af7&name=default HTTP/1.1" status: 200 len: 2996 time: 0.1207659
2026-07-22 23:23:54.393 10 INFO neutron.db.ovn_revision_numbers_db [None req-7880693c-9b5e-4e16-aef3-d7824f644b0d f8dcbf00d0e24dd4b2ed9bf41d91b3d8 b7efc1d1183d4ef5a8c7a8bd8f788dd0 - - - -] Successfully bumped revision number for resource cc84abfb-2442-474c-9ec9-3347a5b5db61 (type: ports) to 1
2026-07-22 23:23:54.414 10 INFO neutron.wsgi [None req-7880693c-9b5e-4e16-aef3-d7824f644b0d f8dcbf00d0e24dd4b2ed9bf41d91b3d8 b7efc1d1183d4ef5a8c7a8bd8f788dd0 - - - -] 10.0.0.216 "POST /v2.0/ports HTTP/1.1" status: 201 len: 942 time: 0.3573713
2026-07-22 23:23:54.630 9 INFO neutron.wsgi [None req-cab07d1f-6e1d-4c01-af29-1ab4decdde55 cf73f69d1f7e49a59cf81fa0f22f15b3 54c749f18dbc43a79f6dd70b33b72377 - - - -] 10.0.0.216 "DELETE /v2.0/security-groups/0d36a558-c5fa-4ba4-9ffc-c39ef0b7b403 HTTP/1.1" status: 204 len: 168 time: 0.2550349
2026-07-22 23:23:54.634 9 INFO neutron.wsgi [None req-5c018945-d87c-477f-9919-7a69eedbafa4 f8dcbf00d0e24dd4b2ed9bf41d91b3d8 b7efc1d1183d4ef5a8c7a8bd8f788dd0 - - - -] 10.0.0.216 "POST /v2.0/trunks HTTP/1.1" status: 201 len: 608 time: 0.2156420
2026-07-22 23:23:54.721 9 INFO neutron.db.segments_db [None req-09b5ff9c-0049-4066-8bb9-d85a22857954 f8dcbf00d0e24dd4b2ed9bf41d91b3d8 b7efc1d1183d4ef5a8c7a8bd8f788dd0 - - - -] Added segment acfdc7b7-8328-46ec-b781-475349b22945 of type geneve for network 8e73d9a9-e363-483b-96bc-34acfaf9f246 /var/lib/openstack/lib/python3.10/site-packages/pycadf/identifier.py:71: UserWarning: Invalid uuid: neutron. To ensure interoperability, identifiers should be a valid uuid. warnings.warn(('Invalid uuid: %s. To ensure interoperability, '
2026-07-22 23:23:54.843 9 INFO neutron.db.ovn_revision_numbers_db [None req-09b5ff9c-0049-4066-8bb9-d85a22857954 f8dcbf00d0e24dd4b2ed9bf41d91b3d8 b7efc1d1183d4ef5a8c7a8bd8f788dd0 - - - -] Successfully bumped revision number for resource 8e73d9a9-e363-483b-96bc-34acfaf9f246 (type: networks) to 1
2026-07-22 23:23:54.904 10 INFO neutron.db.ovn_revision_numbers_db [None req-b2473710-c190-4a02-a830-758dc7f765d4 cf73f69d1f7e49a59cf81fa0f22f15b3 54c749f18dbc43a79f6dd70b33b72377 - - default default] Successfully bumped revision number for resource 1cf24208-a17d-471f-b06d-40ed23069d65 (type: security_groups) to 1
2026-07-22 23:23:54.930 10 INFO neutron.wsgi [None req-b2473710-c190-4a02-a830-758dc7f765d4 cf73f69d1f7e49a59cf81fa0f22f15b3 54c749f18dbc43a79f6dd70b33b72377 - - default default] 10.0.0.216 "GET /v2.0/security-groups?tenant_id=bfab49ede80e4c468ef4302f0e8228f7&name=default HTTP/1.1" status: 200 len: 2996 time: 0.1224594
2026-07-22 23:23:55.066 9 WARNING neutron.scheduler.dhcp_agent_scheduler [None req-09b5ff9c-0049-4066-8bb9-d85a22857954 f8dcbf00d0e24dd4b2ed9bf41d91b3d8 b7efc1d1183d4ef5a8c7a8bd8f788dd0 - - - -] No more DHCP agents
