2026-07-22 23:24:04.398 9 INFO neutron.wsgi [-] 10.0.0.59 "GET / HTTP/1.1" status: 200 len: 246 time: 0.0012779
2026-07-22 23:24:04.413 10 INFO neutron.wsgi [None req-7415dd0c-e1fe-47af-ba17-fdfdbc5ba3ce cf73f69d1f7e49a59cf81fa0f22f15b3 54c749f18dbc43a79f6dd70b33b72377 - - - -] 10.0.0.216 "DELETE /v2.0/security-groups/986ed092-19ce-4cf4-be2d-1f0f0b67cdf5 HTTP/1.1" status: 204 len: 168 time: 0.4105880
2026-07-22 23:24:04.717 10 WARNING neutron.scheduler.dhcp_agent_scheduler [None req-b44588f3-1405-4767-9dec-a6f85829d1e5 29ef89646f1f4a18a5495817d24654fb aaa1c65cdb81488e80afaa693f2f720c - - - -] No more DHCP agents
2026-07-22 23:24:04.722 10 WARNING neutron.api.rpc.agentnotifiers.dhcp_rpc_agent_api [None req-b44588f3-1405-4767-9dec-a6f85829d1e5 29ef89646f1f4a18a5495817d24654fb aaa1c65cdb81488e80afaa693f2f720c - - - -] Unable to schedule network d8f70692-743e-4772-8244-8123b478d2d0: no agents available; will retry on subsequent port and subnet creation events.
2026-07-22 23:24:05.037 10 INFO neutron.db.ovn_revision_numbers_db [None req-c0ebf928-0d75-4289-a29c-2198561f939b 5e5cdf3711bf49b2bc82e46826d5f5d0 307f399e5ec64ec2abacb7ee8bea953a - - - -] Successfully bumped revision number for resource 16dfc4af-3b8a-4cb6-873c-b4b93a0e0e3a (type: routers) to 9
2026-07-22 23:24:05.040 10 INFO neutron.wsgi [None req-c0ebf928-0d75-4289-a29c-2198561f939b 5e5cdf3711bf49b2bc82e46826d5f5d0 307f399e5ec64ec2abacb7ee8bea953a - - - -] 10.0.0.216 "PUT /v2.0/routers/16dfc4af-3b8a-4cb6-873c-b4b93a0e0e3a HTTP/1.1" status: 200 len: 655 time: 0.8125100 /var/lib/openstack/lib/python3.10/site-packages/pycadf/identifier.py:71: UserWarning: Invalid uuid: neutron. To ensure interoperability, identifiers should be a valid uuid. warnings.warn(('Invalid uuid: %s. To ensure interoperability, '
2026-07-22 23:24:05.083 10 INFO neutron.db.ovn_revision_numbers_db [None req-b44588f3-1405-4767-9dec-a6f85829d1e5 29ef89646f1f4a18a5495817d24654fb aaa1c65cdb81488e80afaa693f2f720c - - - -] Successfully bumped revision number for resource f8b4d12f-9c9d-4880-bc5d-8a909918c128 (type: ports) to 1
2026-07-22 23:24:05.086 10 INFO neutron.wsgi [None req-d2181781-b5bf-4c5d-8c49-bf123b431622 5e5cdf3711bf49b2bc82e46826d5f5d0 307f399e5ec64ec2abacb7ee8bea953a - - default default] 10.0.0.216 "GET /v2.0/ports?device_id=16dfc4af-3b8a-4cb6-873c-b4b93a0e0e3a HTTP/1.1" status: 200 len: 205 time: 0.0382063
2026-07-22 23:24:05.142 10 INFO neutron.wsgi [None req-b44588f3-1405-4767-9dec-a6f85829d1e5 29ef89646f1f4a18a5495817d24654fb aaa1c65cdb81488e80afaa693f2f720c - - - -] 10.0.0.216 "POST /v2.0/ports HTTP/1.1" status: 201 len: 942 time: 0.8342762
2026-07-22 23:24:05.256 10 INFO neutron.wsgi [None req-e3d2244a-f4de-4585-b2b6-8ce3835b40f5 29ef89646f1f4a18a5495817d24654fb aaa1c65cdb81488e80afaa693f2f720c - - - -] 10.0.0.216 "PUT /v2.0/ports/59517643-bc27-4d26-bef9-cf6e6e278ed7/tags HTTP/1.1" status: 200 len: 210 time: 0.1085501
2026-07-22 23:24:05.317 9 INFO neutron.wsgi [None req-4d330e3a-043a-4365-8800-477930574d16 29ef89646f1f4a18a5495817d24654fb aaa1c65cdb81488e80afaa693f2f720c - - - -] 10.0.0.216 "PUT /v2.0/ports/e5871a9d-af1b-4ef5-9e0f-df483194862a/tags HTTP/1.1" status: 200 len: 218 time: 0.0548215
2026-07-22 23:24:05.367 9 INFO neutron.wsgi [None req-31a4efe8-bdfc-4b8b-81cf-6e5969b1b377 29ef89646f1f4a18a5495817d24654fb aaa1c65cdb81488e80afaa693f2f720c - - - -] 10.0.0.216 "PUT /v2.0/ports/d7412efe-b85f-4667-bdc5-e1e53605ff75/tags HTTP/1.1" status: 200 len: 227 time: 0.0446191
2026-07-22 23:24:05.381 10 INFO neutron.wsgi [None req-9668c069-6eeb-461d-bf13-f5026d75b7da 5e5cdf3711bf49b2bc82e46826d5f5d0 307f399e5ec64ec2abacb7ee8bea953a - - - -] 10.0.0.216 "DELETE /v2.0/routers/16dfc4af-3b8a-4cb6-873c-b4b93a0e0e3a HTTP/1.1" status: 204 len: 168 time: 0.2914350
2026-07-22 23:24:05.407 9 INFO neutron.wsgi [None req-e5847a67-ba0e-44a7-b066-fa1886a18a7d 29ef89646f1f4a18a5495817d24654fb aaa1c65cdb81488e80afaa693f2f720c - - - -] 10.0.0.216 "PUT /v2.0/ports/61a8f5c5-3428-4c02-9f48-015b66a3ec10/tags HTTP/1.1" status: 200 len: 212 time: 0.0355494
2026-07-22 23:24:05.843 9 INFO neutron.wsgi [None req-31cf69f1-c3e5-4ad0-b3ac-bf0e517dcecd 29ef89646f1f4a18a5495817d24654fb aaa1c65cdb81488e80afaa693f2f720c - - default default] 10.0.0.216 "GET /v2.0/ports?tags=red HTTP/1.1" status: 200 len: 2448 time: 0.4310300
2026-07-22 23:24:05.905 9 INFO neutron.wsgi [None req-ef97623c-9fb3-43a4-98cd-f7122c8e9ace 29ef89646f1f4a18a5495817d24654fb aaa1c65cdb81488e80afaa693f2f720c - - default default] 10.0.0.216 "GET /v2.0/ports?tags=red%2Cblue HTTP/1.1" status: 200 len: 1708 time: 0.0561199
2026-07-22 23:24:05.916 9 INFO neutron.db.ovn_revision_numbers_db [None req-133b4150-fbd4-4cfe-8638-a8160177ea66 cf73f69d1f7e49a59cf81fa0f22f15b3 54c749f18dbc43a79f6dd70b33b72377 - - default default] Successfully bumped revision number for resource bb3d4ac0-3dd9-471d-aa70-8b090ac8af76 (type: security_groups) to 1
2026-07-22 23:24:05.967 9 INFO neutron.wsgi [None req-133b4150-fbd4-4cfe-8638-a8160177ea66 cf73f69d1f7e49a59cf81fa0f22f15b3 54c749f18dbc43a79f6dd70b33b72377 - - default default] 10.0.0.216 "GET /v2.0/security-groups?tenant_id=bd14e67e87454e18aa71c36d4b811d7b&name=default HTTP/1.1" status: 200 len: 2996 time: 0.6248219
2026-07-22 23:24:05.977 9 INFO neutron.wsgi [None req-9f78e931-9ad2-4076-8281-630087ea325e 29ef89646f1f4a18a5495817d24654fb aaa1c65cdb81488e80afaa693f2f720c - - default default] 10.0.0.216 "GET /v2.0/ports?tags-any=blue HTTP/1.1" status: 200 len: 1708 time: 0.0678871
2026-07-22 23:24:06.019 9 INFO neutron.wsgi [None req-d8893365-7a0f-4eaa-b452-8b8adcad2e2f 29ef89646f1f4a18a5495817d24654fb aaa1c65cdb81488e80afaa693f2f720c - - default default] 10.0.0.216 "GET /v2.0/ports?tags-any=red%2Cblue HTTP/1.1" status: 200 len: 2448 time: 0.0356455
2026-07-22 23:24:06.189 10 INFO neutron.wsgi [None req-e7629fbf-7038-4300-bd50-64f6bc9578c4 cf73f69d1f7e49a59cf81fa0f22f15b3 54c749f18dbc43a79f6dd70b33b72377 - - - -] 10.0.0.216 "DELETE /v2.0/security-groups/bb3d4ac0-3dd9-471d-aa70-8b090ac8af76 HTTP/1.1" status: 204 len: 168 time: 0.2151687
2026-07-22 23:24:06.201 9 INFO neutron.wsgi [None req-08d3ff03-9881-4233-823f-39f011277818 29ef89646f1f4a18a5495817d24654fb aaa1c65cdb81488e80afaa693f2f720c - - default default] 10.0.0.216 "GET /v2.0/ports?not-tags=red HTTP/1.1" status: 200 len: 5463 time: 0.1782410
2026-07-22 23:24:06.398 9 INFO neutron.db.ovn_revision_numbers_db [None req-3335a2e5-9651-4b82-96d7-b6f93ec97f75 cf73f69d1f7e49a59cf81fa0f22f15b3 54c749f18dbc43a79f6dd70b33b72377 - - default default] Successfully bumped revision number for resource f731cdb8-a4f6-4a42-914e-490ff0c8c6a1 (type: security_groups) to 1
2026-07-22 23:24:06.419 9 INFO neutron.wsgi [None req-3335a2e5-9651-4b82-96d7-b6f93ec97f75 cf73f69d1f7e49a59cf81fa0f22f15b3 54c749f18dbc43a79f6dd70b33b72377 - - default default] 10.0.0.216 "GET /v2.0/security-groups?tenant_id=6b858e593dc34d169ec6bffa9ec39dab&name=default HTTP/1.1" status: 200 len: 2996 time: 0.3445351
2026-07-22 23:24:06.592 10 INFO neutron.wsgi [None req-7f0a56fb-7b70-4674-bd8a-deffa0895a07 29ef89646f1f4a18a5495817d24654fb aaa1c65cdb81488e80afaa693f2f720c - - default default] 10.0.0.216 "GET /v2.0/ports?not-tags=red%2Cblue HTTP/1.1" status: 200 len: 6203 time: 0.3793416
2026-07-22 23:24:06.595 9 INFO neutron.wsgi [None req-c89fc89e-b1c0-44f9-8ef3-dace4133b8d3 cf73f69d1f7e49a59cf81fa0f22f15b3 54c749f18dbc43a79f6dd70b33b72377 - - - -] 10.0.0.216 "DELETE /v2.0/security-groups/f731cdb8-a4f6-4a42-914e-490ff0c8c6a1 HTTP/1.1" status: 204 len: 168 time: 0.1704195
2026-07-22 23:24:06.678 10 INFO neutron.wsgi [None req-b3d050ee-d0bf-45c6-8ce8-3027433b681c 29ef89646f1f4a18a5495817d24654fb aaa1c65cdb81488e80afaa693f2f720c - - default default] 10.0.0.216 "GET /v2.0/ports?not-tags-any=blue HTTP/1.1" status: 200 len: 6203 time: 0.0812902
2026-07-22 23:24:06.753 10 INFO neutron.wsgi [None req-ad90eaa2-7244-440a-91e4-7d6d093dccc6 29ef89646f1f4a18a5495817d24654fb aaa1c65cdb81488e80afaa693f2f720c - - default default] 10.0.0.216 "GET /v2.0/ports?not-tags-any=red%2Cblue HTTP/1.1" status: 200 len: 5463 time: 0.0687358
2026-07-22 23:24:06.801 9 INFO neutron.db.ovn_revision_numbers_db [None req-d6ba106c-8d3a-47f2-8bf6-b566bd9887b3 cf73f69d1f7e49a59cf81fa0f22f15b3 54c749f18dbc43a79f6dd70b33b72377 - - default default] Successfully bumped revision number for resource e0d926fb-5b23-4512-994d-250b99933558 (type: security_groups) to 1
2026-07-22 23:24:06.838 9 INFO neutron.wsgi [None req-d6ba106c-8d3a-47f2-8bf6-b566bd9887b3 cf73f69d1f7e49a59cf81fa0f22f15b3 54c749f18dbc43a79f6dd70b33b72377 - - default default] 10.0.0.216 "GET /v2.0/security-groups?tenant_id=307f399e5ec64ec2abacb7ee8bea953a&name=default HTTP/1.1" status: 200 len: 2996 time: 0.1515870
2026-07-22 23:24:06.994 10 INFO neutron.wsgi [None req-106ff293-8158-4f70-aa26-4f9c57b58bd3 29ef89646f1f4a18a5495817d24654fb aaa1c65cdb81488e80afaa693f2f720c - - - -] 10.0.0.216 "DELETE /v2.0/ports/59517643-bc27-4d26-bef9-cf6e6e278ed7 HTTP/1.1" status: 204 len: 168 time: 0.2336156
2026-07-22 23:24:07.033 9 INFO neutron.wsgi [None req-49e6d9f8-0617-496f-8a31-2faeacd5daaf cf73f69d1f7e49a59cf81fa0f22f15b3 54c749f18dbc43a79f6dd70b33b72377 - - - -] 10.0.0.216 "DELETE /v2.0/security-groups/e0d926fb-5b23-4512-994d-250b99933558 HTTP/1.1" status: 204 len: 168 time: 0.1907768
2026-07-22 23:24:07.242 10 INFO neutron.wsgi [None req-5428c068-a42a-4860-94a1-b286ed4a1ce2 29ef89646f1f4a18a5495817d24654fb aaa1c65cdb81488e80afaa693f2f720c - - - -] 10.0.0.216 "DELETE /v2.0/ports/e5871a9d-af1b-4ef5-9e0f-df483194862a HTTP/1.1" status: 204 len: 168 time: 0.2423823
2026-07-22 23:24:07.494 10 INFO neutron.wsgi [None req-2d7ef761-fc9e-4768-b799-39cafa7adae3 29ef89646f1f4a18a5495817d24654fb aaa1c65cdb81488e80afaa693f2f720c - - - -] 10.0.0.216 "DELETE /v2.0/ports/d7412efe-b85f-4667-bdc5-e1e53605ff75 HTTP/1.1" status: 204 len: 168 time: 0.2458544
2026-07-22 23:24:07.769 10 INFO neutron.wsgi [None req-b5e0b935-d6fa-4f64-9f26-5e716324ad78 29ef89646f1f4a18a5495817d24654fb aaa1c65cdb81488e80afaa693f2f720c - - - -] 10.0.0.216 "DELETE /v2.0/ports/61a8f5c5-3428-4c02-9f48-015b66a3ec10 HTTP/1.1" status: 204 len: 168 time: 0.2693284
2026-07-22 23:24:07.999 10 INFO neutron.wsgi [None req-8139f495-763c-4c49-bab7-9af501516f7c 29ef89646f1f4a18a5495817d24654fb aaa1c65cdb81488e80afaa693f2f720c - - - -] 10.0.0.216 "DELETE /v2.0/ports/f8b4d12f-9c9d-4880-bc5d-8a909918c128 HTTP/1.1" status: 204 len: 168 time: 0.2254138
2026-07-22 23:24:08.300 10 INFO neutron.db.ovn_revision_numbers_db [None req-a4df4b0b-b732-48cd-99d3-cf3ee861279c cf73f69d1f7e49a59cf81fa0f22f15b3 54c749f18dbc43a79f6dd70b33b72377 - - - -] Successfully bumped revision number for resource 4587c751-b6ce-4902-9670-8ebbea5aef88 (type: security_groups) to 1
2026-07-22 23:24:08.339 9 INFO neutron.db.ovn_revision_numbers_db [None req-31b467bd-514a-4bce-9445-4cd8089d29d8 9a4f1fa22e194aa0963acbca57634496 1a2368cd9d464263b9cc0d334f1a5eb9 - - - -] Successfully bumped revision number for resource 4482202a-0130-45fa-b7b7-51a3215063e1 (type: security_groups) to 1
2026-07-22 23:24:08.407 9 INFO neutron.db.segments_db [None req-31b467bd-514a-4bce-9445-4cd8089d29d8 9a4f1fa22e194aa0963acbca57634496 1a2368cd9d464263b9cc0d334f1a5eb9 - - - -] Added segment 4dcf0347-8ccd-461c-ad1e-708878bc77ce of type geneve for network 93c98c42-6b99-48c1-a50b-5746eb8d3989
2026-07-22 23:24:08.583 9 INFO neutron.db.ovn_revision_numbers_db [None req-31b467bd-514a-4bce-9445-4cd8089d29d8 9a4f1fa22e194aa0963acbca57634496 1a2368cd9d464263b9cc0d334f1a5eb9 - - - -] Successfully bumped revision number for resource 93c98c42-6b99-48c1-a50b-5746eb8d3989 (type: networks) to 1
2026-07-22 23:24:08.621 10 INFO neutron.db.segments_db [None req-a4df4b0b-b732-48cd-99d3-cf3ee861279c cf73f69d1f7e49a59cf81fa0f22f15b3 54c749f18dbc43a79f6dd70b33b72377 - - - -] Added segment 0b6c5d13-a551-43f6-aebd-bfb6ceb86dff of type geneve for network a06ba51a-109a-45b4-a7ef-c0cb6316f721
2026-07-22 23:24:08.709 10 INFO neutron.services.segments.plugin [-] Segment 6751b641-1926-4be8-bcf4-dedcd17a0906 resource provider aggregate not found
2026-07-22 23:24:08.715 10 INFO neutron.services.segments.plugin [-] Segment 6751b641-1926-4be8-bcf4-dedcd17a0906 resource provider aggregate not found
2026-07-22 23:24:08.725 10 INFO neutron.services.segments.plugin [-] Segment 6751b641-1926-4be8-bcf4-dedcd17a0906 resource provider not found; error: Placement Client Error (4xx): {"errors": [{"status": 404, "title": "Not Found", "detail": "The resource could not be found.\n\n No resource provider with uuid 6751b641-1926-4be8-bcf4-dedcd17a0906 found for delete ", "request_id": "req-688af9d3-fea5-421b-8336-28213c77992d"}]}
2026-07-22 23:24:08.740 10 INFO neutron.services.segments.plugin [-] Segment 6751b641-1926-4be8-bcf4-dedcd17a0906 resource provider not found; error: Placement Client Error (4xx): {"errors": [{"status": 404, "title": "Not Found", "detail": "The resource could not be found.\n\n No resource provider with uuid 6751b641-1926-4be8-bcf4-dedcd17a0906 found for delete ", "request_id": "req-b9cf914c-7e75-4576-90bb-a91b68c309b8"}]}
2026-07-22 23:24:08.756 10 INFO neutron.wsgi [None req-ab158c4f-e98f-4eae-9530-9208e3e720dd 29ef89646f1f4a18a5495817d24654fb aaa1c65cdb81488e80afaa693f2f720c - - - -] 10.0.0.216 "DELETE /v2.0/networks/ab988521-c82f-4c2f-90fb-a41cf02a5915 HTTP/1.1" status: 204 len: 168 time: 0.7528625
2026-07-22 23:24:08.803 10 INFO neutron.db.ovn_revision_numbers_db [None req-a4df4b0b-b732-48cd-99d3-cf3ee861279c cf73f69d1f7e49a59cf81fa0f22f15b3 54c749f18dbc43a79f6dd70b33b72377 - - - -] Successfully bumped revision number for resource a06ba51a-109a-45b4-a7ef-c0cb6316f721 (type: networks) to 1
2026-07-22 23:24:08.836 9 WARNING neutron.scheduler.dhcp_agent_scheduler [None req-31b467bd-514a-4bce-9445-4cd8089d29d8 9a4f1fa22e194aa0963acbca57634496 1a2368cd9d464263b9cc0d334f1a5eb9 - - - -] No more DHCP agents
2026-07-22 23:24:08.839 9 WARNING neutron.api.rpc.agentnotifiers.dhcp_rpc_agent_api [None req-31b467bd-514a-4bce-9445-4cd8089d29d8 9a4f1fa22e194aa0963acbca57634496 1a2368cd9d464263b9cc0d334f1a5eb9 - - - -] Unable to schedule network 93c98c42-6b99-48c1-a50b-5746eb8d3989: no agents available; will retry on subsequent port and subnet creation events.
2026-07-22 23:24:08.907 9 INFO neutron.db.ovn_revision_numbers_db [None req-31b467bd-514a-4bce-9445-4cd8089d29d8 9a4f1fa22e194aa0963acbca57634496 1a2368cd9d464263b9cc0d334f1a5eb9 - - - -] Successfully bumped revision number for resource 80d98f9c-8557-4607-aab6-d5287b3e22c3 (type: ports) to 1
2026-07-22 23:24:08.942 9 INFO neutron.wsgi [None req-31b467bd-514a-4bce-9445-4cd8089d29d8 9a4f1fa22e194aa0963acbca57634496 1a2368cd9d464263b9cc0d334f1a5eb9 - - - -] 10.0.0.216 "POST /v2.0/networks HTTP/1.1" status: 201 len: 831 time: 0.9253757
2026-07-22 23:24:08.984 10 WARNING neutron.scheduler.dhcp_agent_scheduler [None req-a4df4b0b-b732-48cd-99d3-cf3ee861279c cf73f69d1f7e49a59cf81fa0f22f15b3 54c749f18dbc43a79f6dd70b33b72377 - - - -] No more DHCP agents
2026-07-22 23:24:08.986 10 WARNING neutron.api.rpc.agentnotifiers.dhcp_rpc_agent_api [None req-a4df4b0b-b732-48cd-99d3-cf3ee861279c cf73f69d1f7e49a59cf81fa0f22f15b3 54c749f18dbc43a79f6dd70b33b72377 - - - -] Unable to schedule network a06ba51a-109a-45b4-a7ef-c0cb6316f721: no agents available; will retry on subsequent port and subnet creation events.
2026-07-22 23:24:09.019 9 INFO neutron.wsgi [None req-853523f1-144a-4dc3-9728-690696acc484 9a4f1fa22e194aa0963acbca57634496 1a2368cd9d464263b9cc0d334f1a5eb9 - - - -] 10.0.0.216 "PUT /v2.0/networks/93c98c42-6b99-48c1-a50b-5746eb8d3989/tags HTTP/1.1" status: 200 len: 218 time: 0.0705941
2026-07-22 23:24:09.041 10 INFO neutron.db.ovn_revision_numbers_db [None req-a4df4b0b-b732-48cd-99d3-cf3ee861279c cf73f69d1f7e49a59cf81fa0f22f15b3 54c749f18dbc43a79f6dd70b33b72377 - - - -] Successfully bumped revision number for resource 06e1e45b-aa8e-4db3-b5cb-3d25e6d6693d (type: ports) to 1
2026-07-22 23:24:09.054 10 INFO neutron.wsgi [None req-a4df4b0b-b732-48cd-99d3-cf3ee861279c cf73f69d1f7e49a59cf81fa0f22f15b3 54c749f18dbc43a79f6dd70b33b72377 - - - -] 10.0.0.216 "POST /v2.0/networks HTTP/1.1" status: 201 len: 942 time: 1.1127374
2026-07-22 23:24:09.064 9 INFO neutron.wsgi [None req-1374b65f-0809-4e2d-96d7-0e63b60c8e32 9a4f1fa22e194aa0963acbca57634496 1a2368cd9d464263b9cc0d334f1a5eb9 - - default default] 10.0.0.216 "GET /v2.0/networks/93c98c42-6b99-48c1-a50b-5746eb8d3989/tags HTTP/1.1" status: 200 len: 218 time: 0.0392427
2026-07-22 23:24:09.134 10 INFO neutron.wsgi [None req-9c636550-4c0f-49e1-945a-0b3570a615c8 9a4f1fa22e194aa0963acbca57634496 1a2368cd9d464263b9cc0d334f1a5eb9 - - - -] 10.0.0.216 "PUT /v2.0/networks/93c98c42-6b99-48c1-a50b-5746eb8d3989/tags/green HTTP/1.1" status: 201 len: 201 time: 0.0626702
2026-07-22 23:24:09.181 10 INFO neutron.wsgi [None req-bcd96588-a9dc-4a19-bf0d-3d4e356ce953 9a4f1fa22e194aa0963acbca57634496 1a2368cd9d464263b9cc0d334f1a5eb9 - - default default] 10.0.0.216 "GET /v2.0/networks/93c98c42-6b99-48c1-a50b-5746eb8d3989/tags HTTP/1.1" status: 200 len: 227 time: 0.0418158
2026-07-22 23:24:09.220 9 INFO neutron.services.segments.plugin [-] Segment b1f034fa-3c3a-4e8a-9e6d-6e1c1b134e0f resource provider aggregate not found
2026-07-22 23:24:09.226 9 INFO neutron.services.segments.plugin [-] Segment b1f034fa-3c3a-4e8a-9e6d-6e1c1b134e0f resource provider aggregate not found
2026-07-22 23:24:09.245 9 INFO neutron.services.segments.plugin [-] Segment b1f034fa-3c3a-4e8a-9e6d-6e1c1b134e0f resource provider not found; error: Placement Client Error (4xx): {"errors": [{"status": 404, "title": "Not Found", "detail": "The resource could not be found.\n\n No resource provider with uuid b1f034fa-3c3a-4e8a-9e6d-6e1c1b134e0f found for delete ", "request_id": "req-4f1bdbb5-17f9-4b6c-9ef8-990a93c742c3"}]}
2026-07-22 23:24:09.248 9 INFO neutron.services.segments.plugin [-] Segment b1f034fa-3c3a-4e8a-9e6d-6e1c1b134e0f resource provider not found; error: Placement Client Error (4xx): {"errors": [{"status": 404, "title": "Not Found", "detail": "The resource could not be found.\n\n No resource provider with uuid b1f034fa-3c3a-4e8a-9e6d-6e1c1b134e0f found for delete ", "request_id": "req-57471299-256d-4d99-80f7-f23ea61d05a1"}]}
2026-07-22 23:24:09.258 9 INFO neutron.wsgi [None req-3f55bfbf-47fb-4568-88bc-e064db51eb03 29ef89646f1f4a18a5495817d24654fb aaa1c65cdb81488e80afaa693f2f720c - - - -] 10.0.0.216 "DELETE /v2.0/networks/6d73689b-df59-4897-a19d-5f63f06bbd53 HTTP/1.1" status: 204 len: 168 time: 0.4950409
2026-07-22 23:24:09.261 10 INFO neutron.wsgi [None req-951d8071-fafb-4a94-87cd-0e88e4f9aae1 9a4f1fa22e194aa0963acbca57634496 1a2368cd9d464263b9cc0d334f1a5eb9 - - - -] 10.0.0.216 "PUT /v2.0/networks/93c98c42-6b99-48c1-a50b-5746eb8d3989/tags/red HTTP/1.1" status: 201 len: 201 time: 0.0748961
2026-07-22 23:24:09.281 10 WARNING neutron.scheduler.dhcp_agent_scheduler [None req-2d929e3d-f64b-460a-8ecb-418255b384a5 cf73f69d1f7e49a59cf81fa0f22f15b3 54c749f18dbc43a79f6dd70b33b72377 - - - -] No more DHCP agents
2026-07-22 23:24:09.284 10 WARNING neutron.api.rpc.agentnotifiers.dhcp_rpc_agent_api [None req-2d929e3d-f64b-460a-8ecb-418255b384a5 cf73f69d1f7e49a59cf81fa0f22f15b3 54c749f18dbc43a79f6dd70b33b72377 - - - -] Unable to schedule network a06ba51a-109a-45b4-a7ef-c0cb6316f721: no agents available; will retry on subsequent port and subnet creation events.
2026-07-22 23:24:09.318 10 INFO neutron.wsgi [None req-052398b0-ab88-42e9-b29f-0f50da5f3b34 9a4f1fa22e194aa0963acbca57634496 1a2368cd9d464263b9cc0d334f1a5eb9 - - default default] 10.0.0.216 "GET /v2.0/networks/93c98c42-6b99-48c1-a50b-5746eb8d3989/tags HTTP/1.1" status: 200 len: 227 time: 0.0493498
2026-07-22 23:24:09.389 9 INFO neutron.wsgi [None req-7f5caf33-5b49-491d-b8ab-de60bb4506e0 9a4f1fa22e194aa0963acbca57634496 1a2368cd9d464263b9cc0d334f1a5eb9 - - - -] 10.0.0.216 "PUT /v2.0/networks/93c98c42-6b99-48c1-a50b-5746eb8d3989/tags/black.or.white HTTP/1.1" status: 201 len: 201 time: 0.0637178
2026-07-22 23:24:09.450 9 INFO neutron.wsgi [None req-15676cde-daf9-48db-bb28-2d7ab3520238 9a4f1fa22e194aa0963acbca57634496 1a2368cd9d464263b9cc0d334f1a5eb9 - - default default] 10.0.0.216 "GET /v2.0/networks/93c98c42-6b99-48c1-a50b-5746eb8d3989/tags HTTP/1.1" status: 200 len: 245 time: 0.0537438
2026-07-22 23:24:09.535 9 INFO neutron.wsgi [None req-e0bebf2e-bf90-42a9-ab35-a7d96cc547f3 9a4f1fa22e194aa0963acbca57634496 1a2368cd9d464263b9cc0d334f1a5eb9 - - - -] 10.0.0.216 "PUT /v2.0/networks/93c98c42-6b99-48c1-a50b-5746eb8d3989/tags HTTP/1.1" status: 200 len: 230 time: 0.0802028
2026-07-22 23:24:09.591 9 INFO neutron.wsgi [None req-f592bad8-ae24-4b65-b274-0ea2d2c04b96 9a4f1fa22e194aa0963acbca57634496 1a2368cd9d464263b9cc0d334f1a5eb9 - - default default] 10.0.0.216 "GET /v2.0/networks/93c98c42-6b99-48c1-a50b-5746eb8d3989/tags HTTP/1.1" status: 200 len: 230 time: 0.0514991
2026-07-22 23:24:09.635 9 INFO neutron.wsgi [None req-f97f81ea-a704-436e-9ba8-40f94d255f7a 9a4f1fa22e194aa0963acbca57634496 1a2368cd9d464263b9cc0d334f1a5eb9 - - default default] 10.0.0.216 "GET /v2.0/networks/93c98c42-6b99-48c1-a50b-5746eb8d3989/tags/red HTTP/1.1" status: 204 len: 168 time: 0.0380230
2026-07-22 23:24:09.693 10 INFO neutron.api.v2.resource [None req-78b97c9d-e6e3-411e-bb0a-03d7830009ba 9a4f1fa22e194aa0963acbca57634496 1a2368cd9d464263b9cc0d334f1a5eb9 - - default default] show failed (client error): The resource could not be found.
2026-07-22 23:24:09.694 10 INFO neutron.wsgi [None req-78b97c9d-e6e3-411e-bb0a-03d7830009ba 9a4f1fa22e194aa0963acbca57634496 1a2368cd9d464263b9cc0d334f1a5eb9 - - default default] 10.0.0.216 "GET /v2.0/networks/93c98c42-6b99-48c1-a50b-5746eb8d3989/tags/green HTTP/1.1" status: 404 len: 299 time: 0.0548978
2026-07-22 23:24:09.774 9 INFO neutron.wsgi [None req-395fe94d-5a1d-4313-ae7c-ceff1c664214 9a4f1fa22e194aa0963acbca57634496 1a2368cd9d464263b9cc0d334f1a5eb9 - - - -] 10.0.0.216 "DELETE /v2.0/networks/93c98c42-6b99-48c1-a50b-5746eb8d3989/tags/red HTTP/1.1" status: 204 len: 168 time: 0.0718856
2026-07-22 23:24:09.816 9 INFO neutron.wsgi [None req-dd2ff2db-7d8f-4743-ba6a-27be93fbcf68 29ef89646f1f4a18a5495817d24654fb aaa1c65cdb81488e80afaa693f2f720c - - - -] 10.0.0.216 "DELETE /v2.0/networks/0ab2dc9b-f127-46a0-9e4d-fc7fd6a4220a HTTP/1.1" status: 204 len: 168 time: 0.5508678
2026-07-22 23:24:09.822 10 INFO neutron.db.ovn_revision_numbers_db [None req-2d929e3d-f64b-460a-8ecb-418255b384a5 cf73f69d1f7e49a59cf81fa0f22f15b3 54c749f18dbc43a79f6dd70b33b72377 - - - -] Successfully bumped revision number for resource 06e1e45b-aa8e-4db3-b5cb-3d25e6d6693d (type: ports) to 2
2026-07-22 23:24:09.848 10 INFO neutron.db.ovn_revision_numbers_db [None req-2d929e3d-f64b-460a-8ecb-418255b384a5 cf73f69d1f7e49a59cf81fa0f22f15b3 54c749f18dbc43a79f6dd70b33b72377 - - - -] Successfully bumped revision number for resource aa08aa67-6393-4f82-8647-ef2792e21930 (type: subnets) to 0
2026-07-22 23:24:09.852 9 INFO neutron.wsgi [None req-ca9fd9cc-f5a8-47ba-a3cd-d79fa6760f63 9a4f1fa22e194aa0963acbca57634496 1a2368cd9d464263b9cc0d334f1a5eb9 - - default default] 10.0.0.216 "GET /v2.0/networks/93c98c42-6b99-48c1-a50b-5746eb8d3989/tags HTTP/1.1" status: 200 len: 223 time: 0.0727050
2026-07-22 23:24:09.867 10 INFO neutron.wsgi [None req-2d929e3d-f64b-460a-8ecb-418255b384a5 cf73f69d1f7e49a59cf81fa0f22f15b3 54c749f18dbc43a79f6dd70b33b72377 - - - -] 10.0.0.216 "POST /v2.0/subnets HTTP/1.1" status: 201 len: 862 time: 0.8074682
2026-07-22 23:24:09.903 9 INFO neutron.api.v2.resource [None req-e3ccee56-d4e3-4b97-86c8-4bce94f943e3 9a4f1fa22e194aa0963acbca57634496 1a2368cd9d464263b9cc0d334f1a5eb9 - - - -] delete failed (client error): The resource could not be found.
2026-07-22 23:24:09.904 9 INFO neutron.wsgi [None req-e3ccee56-d4e3-4b97-86c8-4bce94f943e3 9a4f1fa22e194aa0963acbca57634496 1a2368cd9d464263b9cc0d334f1a5eb9 - - - -] 10.0.0.216 "DELETE /v2.0/networks/93c98c42-6b99-48c1-a50b-5746eb8d3989/tags/green HTTP/1.1" status: 404 len: 299 time: 0.0467131
2026-07-22 23:24:10.218 9 INFO neutron.wsgi [None req-83cd7702-294a-4abf-979e-a8edc83e3f35 9a4f1fa22e194aa0963acbca57634496 1a2368cd9d464263b9cc0d334f1a5eb9 - - - -] 10.0.0.216 "DELETE /v2.0/networks/93c98c42-6b99-48c1-a50b-5746eb8d3989/tags HTTP/1.1" status: 204 len: 168 time: 0.3076239
2026-07-22 23:24:10.272 10 INFO neutron.wsgi [None req-f217673f-d073-45c7-a8f4-e1da6cfc6130 29ef89646f1f4a18a5495817d24654fb aaa1c65cdb81488e80afaa693f2f720c - - - -] 10.0.0.216 "DELETE /v2.0/networks/4b11fbd8-a2f2-4e32-8bdd-6712298d017c HTTP/1.1" status: 204 len: 168 time: 0.4379644
2026-07-22 23:24:10.304 9 INFO neutron.wsgi [None req-99ee6bd6-6474-459a-ba8c-db3af62f301a 9a4f1fa22e194aa0963acbca57634496 1a2368cd9d464263b9cc0d334f1a5eb9 - - default default] 10.0.0.216 "GET /v2.0/networks/93c98c42-6b99-48c1-a50b-5746eb8d3989/tags HTTP/1.1" status: 200 len: 205 time: 0.0671251
2026-07-22 23:24:10.654 10 INFO neutron.wsgi [None req-dcaa75aa-df85-48bc-9b98-95ff1b628d9c 29ef89646f1f4a18a5495817d24654fb aaa1c65cdb81488e80afaa693f2f720c - - - -] 10.0.0.216 "DELETE /v2.0/networks/d8f70692-743e-4772-8244-8123b478d2d0 HTTP/1.1" status: 204 len: 168 time: 0.3750587
2026-07-22 23:24:10.733 9 WARNING neutron.scheduler.dhcp_agent_scheduler [None req-aab5032d-edc1-41a3-befd-84dd8d7c4835 cf73f69d1f7e49a59cf81fa0f22f15b3 54c749f18dbc43a79f6dd70b33b72377 - - - -] No more DHCP agents
2026-07-22 23:24:10.740 9 WARNING neutron.api.rpc.agentnotifiers.dhcp_rpc_agent_api [None req-aab5032d-edc1-41a3-befd-84dd8d7c4835 cf73f69d1f7e49a59cf81fa0f22f15b3 54c749f18dbc43a79f6dd70b33b72377 - - - -] Unable to schedule network 7c15f7fc-5f92-4a46-bbbe-3da8a40c9bad: no agents available; will retry on subsequent port and subnet creation events.
2026-07-22 23:24:10.749 10 INFO neutron.services.segments.plugin [-] Segment 77944970-7c39-46a8-a3e3-52cc8180a0ac resource provider aggregate not found
2026-07-22 23:24:10.762 10 INFO neutron.services.segments.plugin [-] Segment 77944970-7c39-46a8-a3e3-52cc8180a0ac resource provider aggregate not found
2026-07-22 23:24:10.767 10 INFO neutron.services.segments.plugin [-] Segment 77944970-7c39-46a8-a3e3-52cc8180a0ac resource provider not found; error: Placement Client Error (4xx): {"errors": [{"status": 404, "title": "Not Found", "detail": "The resource could not be found.\n\n No resource provider with uuid 77944970-7c39-46a8-a3e3-52cc8180a0ac found for delete ", "request_id": "req-2db09633-ef56-4388-9f79-a662829d629f"}]}
2026-07-22 23:24:10.782 10 INFO neutron.services.segments.plugin [-] Segment c80ef57f-d0a4-47d3-92cd-805809a2705e resource provider aggregate not found
2026-07-22 23:24:10.787 10 INFO neutron.services.segments.plugin [-] Segment 77944970-7c39-46a8-a3e3-52cc8180a0ac resource provider not found; error: Placement Client Error (4xx): {"errors": [{"status": 404, "title": "Not Found", "detail": "The resource could not be found.\n\n No resource provider with uuid 77944970-7c39-46a8-a3e3-52cc8180a0ac found for delete ", "request_id": "req-99b160ec-5fc5-48bd-842f-0be43588434c"}]}
2026-07-22 23:24:10.798 10 INFO neutron.services.segments.plugin [-] Segment c80ef57f-d0a4-47d3-92cd-805809a2705e resource provider not found; error: Placement Client Error (4xx): {"errors": [{"status": 404, "title": "Not Found", "detail": "The resource could not be found.\n\n No resource provider with uuid c80ef57f-d0a4-47d3-92cd-805809a2705e found for delete ", "request_id": "req-973548f9-1950-4d2c-a6d3-b9f90b37fa13"}]}
2026-07-22 23:24:10.809 10 INFO neutron.services.segments.plugin [-] Segment c80ef57f-d0a4-47d3-92cd-805809a2705e resource provider aggregate not found
2026-07-22 23:24:10.829 10 INFO neutron.services.segments.plugin [-] Segment c80ef57f-d0a4-47d3-92cd-805809a2705e resource provider not found; error: Placement Client Error (4xx): {"errors": [{"status": 404, "title": "Not Found", "detail": "The resource could not be found.\n\n No resource provider with uuid c80ef57f-d0a4-47d3-92cd-805809a2705e found for delete ", "request_id": "req-9929c006-e704-43dd-ad13-86186479b743"}]}
2026-07-22 23:24:10.840 9 INFO neutron.wsgi [None req-2920881f-4865-4026-873d-d3cc9050ce6a 9a4f1fa22e194aa0963acbca57634496 1a2368cd9d464263b9cc0d334f1a5eb9 - - - -] 10.0.0.216 "DELETE /v2.0/networks/93c98c42-6b99-48c1-a50b-5746eb8d3989 HTTP/1.1" status: 204 len: 168 time: 0.5229926
2026-07-22 23:24:10.899 9 INFO neutron.db.ovn_revision_numbers_db [None req-aab5032d-edc1-41a3-befd-84dd8d7c4835 cf73f69d1f7e49a59cf81fa0f22f15b3 54c749f18dbc43a79f6dd70b33b72377 - - - -] Successfully bumped revision number for resource 474e0d34-e6a3-4963-8fc7-0f58202dd30d (type: ports) to 1
2026-07-22 23:24:11.275 9 INFO neutron.services.segments.plugin [-] Segment 77de7d3c-6b7b-469c-bfd2-f57f44776bfb resource provider aggregate not found
2026-07-22 23:24:11.297 9 INFO neutron.services.segments.plugin [-] Segment 77de7d3c-6b7b-469c-bfd2-f57f44776bfb resource provider aggregate not found
2026-07-22 23:24:11.303 9 INFO neutron.services.segments.plugin [-] Segment 77de7d3c-6b7b-469c-bfd2-f57f44776bfb resource provider not found; error: Placement Client Error (4xx): {"errors": [{"status": 404, "title": "Not Found", "detail": "The resource could not be found.\n\n No resource provider with uuid 77de7d3c-6b7b-469c-bfd2-f57f44776bfb found for delete ", "request_id": "req-a8c4bf61-d0e4-4886-a966-58905fd39f5c"}]}
2026-07-22 23:24:11.326 9 INFO neutron.services.segments.plugin [-] Segment 4dcf0347-8ccd-461c-ad1e-708878bc77ce resource provider aggregate not found
2026-07-22 23:24:11.332 9 INFO neutron.services.segments.plugin [-] Segment 77de7d3c-6b7b-469c-bfd2-f57f44776bfb resource provider not found; error: Placement Client Error (4xx): {"errors": [{"status": 404, "title": "Not Found", "detail": "The resource could not be found.\n\n No resource provider with uuid 77de7d3c-6b7b-469c-bfd2-f57f44776bfb found for delete ", "request_id": "req-7889a653-123c-4d67-b51d-6b3a92ab5eee"}]}
2026-07-22 23:24:11.348 9 INFO neutron.services.segments.plugin [-] Segment 4dcf0347-8ccd-461c-ad1e-708878bc77ce resource provider aggregate not found
2026-07-22 23:24:11.353 9 INFO neutron.services.segments.plugin [-] Segment 4dcf0347-8ccd-461c-ad1e-708878bc77ce resource provider not found; error: Placement Client Error (4xx): {"errors": [{"status": 404, "title": "Not Found", "detail": "The resource could not be found.\n\n No resource provider with uuid 4dcf0347-8ccd-461c-ad1e-708878bc77ce found for delete ", "request_id": "req-3e43a1f1-6767-4fd2-b31b-fca39aa0c306"}]}
2026-07-22 23:24:11.366 9 INFO neutron.services.segments.plugin [-] Segment 4dcf0347-8ccd-461c-ad1e-708878bc77ce resource provider not found; error: Placement Client Error (4xx): {"errors": [{"status": 404, "title": "Not Found", "detail": "The resource could not be found.\n\n No resource provider with uuid 4dcf0347-8ccd-461c-ad1e-708878bc77ce found for delete ", "request_id": "req-d32aacfb-4759-4280-93c5-b30e025a1193"}]}
2026-07-22 23:24:11.536 9 INFO neutron.db.ovn_revision_numbers_db [None req-aab5032d-edc1-41a3-befd-84dd8d7c4835 cf73f69d1f7e49a59cf81fa0f22f15b3 54c749f18dbc43a79f6dd70b33b72377 - - - -] Successfully bumped revision number for resource 474e0d34-e6a3-4963-8fc7-0f58202dd30d (type: router_ports) to 1
2026-07-22 23:24:11.550 10 INFO neutron.plugins.ml2.drivers.ovn.mech_driver.mech_driver [None req-bc687c49-6adf-4944-a055-3629312b5243 - - - - - -] OVN reports status up for port: 474e0d34-e6a3-4963-8fc7-0f58202dd30d
2026-07-22 23:24:11.562 10 INFO neutron.plugins.ml2.drivers.ovn.mech_driver.ovsdb.ovsdb_monitor [None req-3d65cf31-be1a-40d1-a3ed-638be7ca5365 - - - - - -] Router ddbe6b37-db1d-4ded-b06f-c4b5cddaf184 is bound to host instance
2026-07-22 23:24:11.581 10 INFO neutron.plugins.ml2.plugin [None req-bc687c49-6adf-4944-a055-3629312b5243 - - - - - -] Attempt 1 to provision port 474e0d34-e6a3-4963-8fc7-0f58202dd30d
2026-07-22 23:24:11.606 9 INFO neutron.wsgi [None req-e44c384f-ce6e-4e95-b94d-39ea44470de5 cf73f69d1f7e49a59cf81fa0f22f15b3 54c749f18dbc43a79f6dd70b33b72377 - - default default] 10.0.0.216 "GET /v2.0/security-groups?tenant_id=1a2368cd9d464263b9cc0d334f1a5eb9&name=default HTTP/1.1" status: 200 len: 2996 time: 0.1699138
2026-07-22 23:24:11.634 9 INFO neutron.db.ovn_revision_numbers_db [None req-aab5032d-edc1-41a3-befd-84dd8d7c4835 cf73f69d1f7e49a59cf81fa0f22f15b3 54c749f18dbc43a79f6dd70b33b72377 - - - -] Successfully bumped revision number for resource ddbe6b37-db1d-4ded-b06f-c4b5cddaf184 (type: routers) to 3
2026-07-22 23:24:11.659 9 INFO neutron.wsgi [None req-aab5032d-edc1-41a3-befd-84dd8d7c4835 cf73f69d1f7e49a59cf81fa0f22f15b3 54c749f18dbc43a79f6dd70b33b72377 - - - -] 10.0.0.216 "POST /v2.0/routers HTTP/1.1" status: 201 len: 873 time: 1.7877378
2026-07-22 23:24:11.778 10 INFO neutron.db.ovn_revision_numbers_db [None req-73d0d6b9-b4b5-4f1e-9001-2415da5b0427 cf73f69d1f7e49a59cf81fa0f22f15b3 54c749f18dbc43a79f6dd70b33b72377 - - default default] Successfully bumped revision number for resource 051e917c-feab-4b4f-a54c-ebd0b3c2531e (type: security_groups) to 1
2026-07-22 23:24:11.806 10 INFO neutron.wsgi [None req-73d0d6b9-b4b5-4f1e-9001-2415da5b0427 cf73f69d1f7e49a59cf81fa0f22f15b3 54c749f18dbc43a79f6dd70b33b72377 - - default default] 10.0.0.216 "GET /v2.0/security-groups?tenant_id=a3577455042a4b878649b53c09742abe&name=default HTTP/1.1" status: 200 len: 2996 time: 0.3143575
2026-07-22 23:24:12.064 10 INFO neutron.wsgi [None req-3664e567-ffe8-460e-afdb-519e8383ffb4 cf73f69d1f7e49a59cf81fa0f22f15b3 54c749f18dbc43a79f6dd70b33b72377 - - - -] 10.0.0.216 "DELETE /v2.0/security-groups/051e917c-feab-4b4f-a54c-ebd0b3c2531e HTTP/1.1" status: 204 len: 168 time: 0.2468777
2026-07-22 23:24:12.121 9 INFO neutron.wsgi [None req-24b6f338-da12-444a-8650-38f5c7d561bc cf73f69d1f7e49a59cf81fa0f22f15b3 54c749f18dbc43a79f6dd70b33b72377 - - - -] 10.0.0.216 "DELETE /v2.0/security-groups/4482202a-0130-45fa-b7b7-51a3215063e1 HTTP/1.1" status: 204 len: 168 time: 0.5094962
2026-07-22 23:24:12.136 10 INFO neutron.db.ovn_revision_numbers_db [None req-3d65cf31-be1a-40d1-a3ed-638be7ca5365 - - - - - -] Successfully bumped revision number for resource 474e0d34-e6a3-4963-8fc7-0f58202dd30d (type: ports) to 1
2026-07-22 23:24:12.333 10 INFO neutron.wsgi [None req-55a1363a-ef05-429e-92ca-3d115365400e cf73f69d1f7e49a59cf81fa0f22f15b3 54c749f18dbc43a79f6dd70b33b72377 - - default default] 10.0.0.216 "GET /v2.0/security-groups?tenant_id=aaa1c65cdb81488e80afaa693f2f720c&name=default HTTP/1.1" status: 200 len: 2996 time: 0.0690806
2026-07-22 23:24:12.350 9 WARNING neutron.scheduler.dhcp_agent_scheduler [None req-17acaeb0-152e-472b-b916-454a26b5743a cf73f69d1f7e49a59cf81fa0f22f15b3 54c749f18dbc43a79f6dd70b33b72377 - - default default] No more DHCP agents
2026-07-22 23:24:12.352 9 WARNING neutron.api.rpc.agentnotifiers.dhcp_rpc_agent_api [None req-17acaeb0-152e-472b-b916-454a26b5743a cf73f69d1f7e49a59cf81fa0f22f15b3 54c749f18dbc43a79f6dd70b33b72377 - - default default] Unable to schedule network a06ba51a-109a-45b4-a7ef-c0cb6316f721: no agents available; will retry on subsequent port and subnet creation events.
2026-07-22 23:24:12.447 10 INFO neutron.db.ovn_revision_numbers_db [None req-3d65cf31-be1a-40d1-a3ed-638be7ca5365 - - - - - -] Successfully bumped revision number for resource 474e0d34-e6a3-4963-8fc7-0f58202dd30d (type: router_ports) to 3
2026-07-22 23:24:12.484 9 INFO neutron.db.ovn_revision_numbers_db [None req-1e6d2732-60cc-4014-82cb-895d7eec7b45 cf73f69d1f7e49a59cf81fa0f22f15b3 54c749f18dbc43a79f6dd70b33b72377 - - default default] Successfully bumped revision number for resource d457b004-146a-4263-baeb-3a2158c7645e (type: security_groups) to 1
2026-07-22 23:24:12.515 9 INFO neutron.wsgi [None req-1e6d2732-60cc-4014-82cb-895d7eec7b45 cf73f69d1f7e49a59cf81fa0f22f15b3 54c749f18dbc43a79f6dd70b33b72377 - - default default] 10.0.0.216 "GET /v2.0/security-groups?tenant_id=ec54d4b0b4f141a79f47933a8ec6995b&name=default HTTP/1.1" status: 200 len: 2996 time: 0.2050979
2026-07-22 23:24:12.528 9 INFO neutron.db.ovn_revision_numbers_db [None req-17acaeb0-152e-472b-b916-454a26b5743a cf73f69d1f7e49a59cf81fa0f22f15b3 54c749f18dbc43a79f6dd70b33b72377 - - default default] Successfully bumped revision number for resource db6ef247-331f-4633-b429-ee1126d1d3c4 (type: ports) to 1
2026-07-22 23:24:12.907 10 INFO neutron.db.ovn_revision_numbers_db [None req-3d65cf31-be1a-40d1-a3ed-638be7ca5365 - - - - - -] Successfully bumped revision number for resource 474e0d34-e6a3-4963-8fc7-0f58202dd30d (type: ports) to 2
2026-07-22 23:24:12.973 10 INFO neutron.wsgi [None req-a56e8e8b-0133-41ff-b050-4cfc5a2bf74b cf73f69d1f7e49a59cf81fa0f22f15b3 54c749f18dbc43a79f6dd70b33b72377 - - - -] 10.0.0.216 "DELETE /v2.0/security-groups/685acaef-93a4-4be3-8f88-adafaf766dd6 HTTP/1.1" status: 204 len: 168 time: 0.6336827
2026-07-22 23:24:12.997 9 INFO neutron.db.ovn_revision_numbers_db [None req-17acaeb0-152e-472b-b916-454a26b5743a cf73f69d1f7e49a59cf81fa0f22f15b3 54c749f18dbc43a79f6dd70b33b72377 - - default default] Successfully bumped revision number for resource db6ef247-331f-4633-b429-ee1126d1d3c4 (type: router_ports) to 2
2026-07-22 23:24:13.122 10 INFO neutron.wsgi [None req-e9cfe656-dce7-43f3-848b-bf524f5d57a9 cf73f69d1f7e49a59cf81fa0f22f15b3 54c749f18dbc43a79f6dd70b33b72377 - - - -] 10.0.0.216 "DELETE /v2.0/security-groups/d457b004-146a-4263-baeb-3a2158c7645e HTTP/1.1" status: 204 len: 168 time: 0.6015873
2026-07-22 23:24:13.136 9 INFO neutron.db.ovn_revision_numbers_db [None req-17acaeb0-152e-472b-b916-454a26b5743a cf73f69d1f7e49a59cf81fa0f22f15b3 54c749f18dbc43a79f6dd70b33b72377 - - default default] Successfully bumped revision number for resource db6ef247-331f-4633-b429-ee1126d1d3c4 (type: ports) to 2
2026-07-22 23:24:13.161 10 INFO neutron.db.ovn_revision_numbers_db [None req-3d65cf31-be1a-40d1-a3ed-638be7ca5365 - - - - - -] Successfully bumped revision number for resource 474e0d34-e6a3-4963-8fc7-0f58202dd30d (type: ports) to 4
2026-07-22 23:24:13.232 9 WARNING neutron.scheduler.dhcp_agent_scheduler [None req-17acaeb0-152e-472b-b916-454a26b5743a cf73f69d1f7e49a59cf81fa0f22f15b3 54c749f18dbc43a79f6dd70b33b72377 - - default default] No more DHCP agents
2026-07-22 23:24:13.234 9 WARNING neutron.api.rpc.agentnotifiers.dhcp_rpc_agent_api [None req-17acaeb0-152e-472b-b916-454a26b5743a cf73f69d1f7e49a59cf81fa0f22f15b3 54c749f18dbc43a79f6dd70b33b72377 - - default default] Unable to schedule network a06ba51a-109a-45b4-a7ef-c0cb6316f721: no agents available; will retry on subsequent port and subnet creation events.
2026-07-22 23:24:13.370 9 INFO neutron.db.ovn_revision_numbers_db [None req-392a7d41-1055-427a-b634-730b6b32cc9e cf73f69d1f7e49a59cf81fa0f22f15b3 54c749f18dbc43a79f6dd70b33b72377 - - default default] Successfully bumped revision number for resource 7572d50e-3642-4f33-b392-0fbad3468e28 (type: security_groups) to 1
2026-07-22 23:24:13.399 9 INFO neutron.wsgi [None req-392a7d41-1055-427a-b634-730b6b32cc9e cf73f69d1f7e49a59cf81fa0f22f15b3 54c749f18dbc43a79f6dd70b33b72377 - - default default] 10.0.0.216 "GET /v2.0/security-groups?tenant_id=c0b538f3558e417eb5d60e57f16fcf9a&name=default HTTP/1.1" status: 200 len: 2996 time: 0.2082117
2026-07-22 23:24:13.473 10 INFO neutron.db.ovn_revision_numbers_db [None req-3d65cf31-be1a-40d1-a3ed-638be7ca5365 - - - - - -] Successfully bumped revision number for resource 474e0d34-e6a3-4963-8fc7-0f58202dd30d (type: router_ports) to 4
2026-07-22 23:24:13.510 10 INFO neutron.wsgi [None req-ce12e0de-40b8-4b54-b210-fef13fcea37d cf73f69d1f7e49a59cf81fa0f22f15b3 54c749f18dbc43a79f6dd70b33b72377 - - default default] 10.0.0.31 "GET /v2.0/agents HTTP/1.1" status: 200 len: 997 time: 0.3192470
2026-07-22 23:24:13.585 10 INFO neutron.wsgi [None req-71ebd195-0f54-4270-99d6-700972949736 cf73f69d1f7e49a59cf81fa0f22f15b3 54c749f18dbc43a79f6dd70b33b72377 - - default default] 10.0.0.31 "GET /v2.0/subnets HTTP/1.1" status: 200 len: 2090 time: 0.0715501
2026-07-22 23:24:13.602 10 INFO neutron.wsgi [None req-94f1d071-a622-484c-bd06-b79a1c47dc46 cf73f69d1f7e49a59cf81fa0f22f15b3 54c749f18dbc43a79f6dd70b33b72377 - - default default] 10.0.0.31 "GET /v2.0/subnetpools HTTP/1.1" status: 200 len: 193 time: 0.0140903
2026-07-22 23:24:13.633 10 INFO neutron.wsgi [None req-e51f860c-6ac6-4b28-aa4c-b636d6093e6f cf73f69d1f7e49a59cf81fa0f22f15b3 54c749f18dbc43a79f6dd70b33b72377 - - default default] 10.0.0.31 "GET /v2.0/subnets HTTP/1.1" status: 200 len: 2090 time: 0.0309973
2026-07-22 23:24:13.728 10 INFO neutron.wsgi [None req-2902625b-14cb-4d55-bbd4-a349421aa6fb cf73f69d1f7e49a59cf81fa0f22f15b3 54c749f18dbc43a79f6dd70b33b72377 - - default default] 10.0.0.31 "GET /v2.0/security-groups HTTP/1.1" status: 200 len: 22355 time: 0.0941114
2026-07-22 23:24:13.740 9 INFO neutron.wsgi [None req-8cf8da38-f19c-4a75-bf21-c0a880c3388c cf73f69d1f7e49a59cf81fa0f22f15b3 54c749f18dbc43a79f6dd70b33b72377 - - - -] 10.0.0.216 "DELETE /v2.0/security-groups/7572d50e-3642-4f33-b392-0fbad3468e28 HTTP/1.1" status: 204 len: 168 time: 0.3358779
2026-07-22 23:24:13.756 9 INFO neutron.db.ovn_revision_numbers_db [None req-17acaeb0-152e-472b-b916-454a26b5743a cf73f69d1f7e49a59cf81fa0f22f15b3 54c749f18dbc43a79f6dd70b33b72377 - - - -] Successfully bumped revision number for resource db6ef247-331f-4633-b429-ee1126d1d3c4 (type: router_ports) to 2
2026-07-22 23:24:13.759 9 INFO neutron.wsgi [None req-17acaeb0-152e-472b-b916-454a26b5743a cf73f69d1f7e49a59cf81fa0f22f15b3 54c749f18dbc43a79f6dd70b33b72377 - - - -] 10.0.0.216 "PUT /v2.0/routers/ddbe6b37-db1d-4ded-b06f-c4b5cddaf184/add_router_interface HTTP/1.1" status: 200 len: 503 time: 2.0932565
2026-07-22 23:24:13.858 10 INFO neutron.plugins.ml2.drivers.ovn.mech_driver.mech_driver [None req-bc687c49-6adf-4944-a055-3629312b5243 - - - - - -] OVN reports status up for port: db6ef247-331f-4633-b429-ee1126d1d3c4
2026-07-22 23:24:13.876 10 INFO neutron.plugins.ml2.plugin [None req-bc687c49-6adf-4944-a055-3629312b5243 - - - - - -] Attempt 1 to provision port db6ef247-331f-4633-b429-ee1126d1d3c4
2026-07-22 23:24:13.898 10 INFO neutron.wsgi [None req-324c2c1c-ba9e-4258-ad5b-3a522150128b cf73f69d1f7e49a59cf81fa0f22f15b3 54c749f18dbc43a79f6dd70b33b72377 - - default default] 10.0.0.31 "GET /v2.0/routers HTTP/1.1" status: 200 len: 858 time: 0.1649332
2026-07-22 23:24:13.913 10 INFO neutron.wsgi [None req-0b0000b5-ce6e-4af8-b280-29ac01ad972c cf73f69d1f7e49a59cf81fa0f22f15b3 54c749f18dbc43a79f6dd70b33b72377 - - default default] 10.0.0.31 "GET /v2.0/agents?binary=ovn-controller HTTP/1.1" status: 200 len: 591 time: 0.0135360
2026-07-22 23:24:13.960 10 INFO neutron.wsgi [None req-68251236-b70b-4b86-9ea8-fa8e9879de70 cf73f69d1f7e49a59cf81fa0f22f15b3 54c749f18dbc43a79f6dd70b33b72377 - - default default] 10.0.0.31 "GET /v2.0/floatingips HTTP/1.1" status: 200 len: 193 time: 0.0387847
2026-07-22 23:24:14.017 10 INFO neutron.wsgi [None req-701f9972-0683-4fbd-aadc-8099e1f90c50 cf73f69d1f7e49a59cf81fa0f22f15b3 54c749f18dbc43a79f6dd70b33b72377 - - default default] 10.0.0.31 "GET /v2.0/ports HTTP/1.1" status: 200 len: 8422 time: 0.0541704
2026-07-22 23:24:14.042 10 INFO neutron.wsgi [None req-26ef341e-aaa4-4609-a31b-b270acbb5b26 cf73f69d1f7e49a59cf81fa0f22f15b3 54c749f18dbc43a79f6dd70b33b72377 - - default default] 10.0.0.31 "GET /v2.0/network-ip-availabilities HTTP/1.1" status: 200 len: 1750 time: 0.0197310
2026-07-22 23:24:14.145 10 INFO neutron.wsgi [None req-dc873ca0-714b-44e0-8723-8fa644fc761e cf73f69d1f7e49a59cf81fa0f22f15b3 54c749f18dbc43a79f6dd70b33b72377 - - default default] 10.0.0.31 "GET /v2.0/networks HTTP/1.1" status: 200 len: 3105 time: 0.1022367
2026-07-22 23:24:14.245 10 INFO neutron.db.ovn_revision_numbers_db [None req-bc687c49-6adf-4944-a055-3629312b5243 - - - - - -] Successfully bumped revision number for resource db6ef247-331f-4633-b429-ee1126d1d3c4 (type: ports) to 3
2026-07-22 23:24:14.373 10 INFO neutron.db.ovn_revision_numbers_db [None req-bc687c49-6adf-4944-a055-3629312b5243 - - - - - -] Successfully bumped revision number for resource db6ef247-331f-4633-b429-ee1126d1d3c4 (type: router_ports) to 3
2026-07-22 23:24:15.043 10 INFO neutron.db.ovn_revision_numbers_db [None req-fd14f8d5-c76b-48ab-86b4-ef73d465ae39 cf73f69d1f7e49a59cf81fa0f22f15b3 54c749f18dbc43a79f6dd70b33b72377 - - - -] Successfully bumped revision number for resource f72deef5-b515-4fd4-9a37-bacd779a19f0 (type: security_groups) to 1
2026-07-22 23:24:15.105 10 INFO neutron.db.segments_db [None req-fd14f8d5-c76b-48ab-86b4-ef73d465ae39 cf73f69d1f7e49a59cf81fa0f22f15b3 54c749f18dbc43a79f6dd70b33b72377 - - - -] Added segment bdcf63b4-49a1-4a52-aa09-398e07d86800 of type geneve for network 3ae4419d-abce-41be-9702-1ba8f4ecc54e
2026-07-22 23:24:15.238 10 INFO neutron.db.ovn_revision_numbers_db [None req-fd14f8d5-c76b-48ab-86b4-ef73d465ae39 cf73f69d1f7e49a59cf81fa0f22f15b3 54c749f18dbc43a79f6dd70b33b72377 - - - -] Successfully bumped revision number for resource 3ae4419d-abce-41be-9702-1ba8f4ecc54e (type: networks) to 1
2026-07-22 23:24:15.430 10 WARNING neutron.scheduler.dhcp_agent_scheduler [None req-fd14f8d5-c76b-48ab-86b4-ef73d465ae39 cf73f69d1f7e49a59cf81fa0f22f15b3 54c749f18dbc43a79f6dd70b33b72377 - - - -] No more DHCP agents
2026-07-22 23:24:15.431 10 WARNING neutron.api.rpc.agentnotifiers.dhcp_rpc_agent_api [None req-fd14f8d5-c76b-48ab-86b4-ef73d465ae39 cf73f69d1f7e49a59cf81fa0f22f15b3 54c749f18dbc43a79f6dd70b33b72377 - - - -] Unable to schedule network 3ae4419d-abce-41be-9702-1ba8f4ecc54e: no agents available; will retry on subsequent port and subnet creation events.
2026-07-22 23:24:15.503 10 INFO neutron.db.ovn_revision_numbers_db [None req-fd14f8d5-c76b-48ab-86b4-ef73d465ae39 cf73f69d1f7e49a59cf81fa0f22f15b3 54c749f18dbc43a79f6dd70b33b72377 - - - -] Successfully bumped revision number for resource e4f8dc37-5412-4e56-840e-32e4076aefe8 (type: ports) to 1
2026-07-22 23:24:15.543 10 INFO neutron.wsgi [None req-fd14f8d5-c76b-48ab-86b4-ef73d465ae39 cf73f69d1f7e49a59cf81fa0f22f15b3 54c749f18dbc43a79f6dd70b33b72377 - - - -] 10.0.0.216 "POST /v2.0/networks HTTP/1.1" status: 201 len: 942 time: 0.6254015
2026-07-22 23:24:15.746 10 WARNING neutron.scheduler.dhcp_agent_scheduler [None req-88e6c6d3-4233-4853-b221-dd25597f592d cf73f69d1f7e49a59cf81fa0f22f15b3 54c749f18dbc43a79f6dd70b33b72377 - - - -] No more DHCP agents
2026-07-22 23:24:15.748 10 WARNING neutron.api.rpc.agentnotifiers.dhcp_rpc_agent_api [None req-88e6c6d3-4233-4853-b221-dd25597f592d cf73f69d1f7e49a59cf81fa0f22f15b3 54c749f18dbc43a79f6dd70b33b72377 - - - -] Unable to schedule network 3ae4419d-abce-41be-9702-1ba8f4ecc54e: no agents available; will retry on subsequent port and subnet creation events.
2026-07-22 23:24:16.546 10 INFO neutron.db.ovn_revision_numbers_db [None req-88e6c6d3-4233-4853-b221-dd25597f592d cf73f69d1f7e49a59cf81fa0f22f15b3 54c749f18dbc43a79f6dd70b33b72377 - - - -] Successfully bumped revision number for resource e4f8dc37-5412-4e56-840e-32e4076aefe8 (type: ports) to 2
2026-07-22 23:24:16.561 10 INFO neutron.db.ovn_revision_numbers_db [None req-88e6c6d3-4233-4853-b221-dd25597f592d cf73f69d1f7e49a59cf81fa0f22f15b3 54c749f18dbc43a79f6dd70b33b72377 - - - -] Successfully bumped revision number for resource 042b28ab-7ca3-4c8f-8e4e-517198203647 (type: subnets) to 0
2026-07-22 23:24:16.575 10 INFO neutron.wsgi [None req-88e6c6d3-4233-4853-b221-dd25597f592d cf73f69d1f7e49a59cf81fa0f22f15b3 54c749f18dbc43a79f6dd70b33b72377 - - - -] 10.0.0.216 "POST /v2.0/subnets HTTP/1.1" status: 201 len: 862 time: 1.0255828
2026-07-22 23:24:17.048 10 WARNING neutron.scheduler.dhcp_agent_scheduler [None req-53b7cb3e-9666-4a95-a7f5-2cbd8dc580da cf73f69d1f7e49a59cf81fa0f22f15b3 54c749f18dbc43a79f6dd70b33b72377 - - - -] No more DHCP agents
2026-07-22 23:24:17.050 10 WARNING neutron.api.rpc.agentnotifiers.dhcp_rpc_agent_api [None req-53b7cb3e-9666-4a95-a7f5-2cbd8dc580da cf73f69d1f7e49a59cf81fa0f22f15b3 54c749f18dbc43a79f6dd70b33b72377 - - - -] Unable to schedule network 7c15f7fc-5f92-4a46-bbbe-3da8a40c9bad: no agents available; will retry on subsequent port and subnet creation events.
2026-07-22 23:24:17.112 9 INFO neutron.db.ovn_revision_numbers_db [None req-f9319220-09f2-494c-abbf-20372b249e5b d8d3b43df15c4a55bf77c57bb6571987 a94ab11217a74ce6bb2df4a8887dd458 - - - -] Successfully bumped revision number for resource df098333-58e7-420a-a518-1f3f75f93135 (type: security_groups) to 1
2026-07-22 23:24:17.173 9 INFO neutron.db.segments_db [None req-f9319220-09f2-494c-abbf-20372b249e5b d8d3b43df15c4a55bf77c57bb6571987 a94ab11217a74ce6bb2df4a8887dd458 - - - -] Added segment a0d29834-63ce-4c33-bd69-5e74d4fada83 of type geneve for network 791a4e53-2882-4f00-8ef0-875a82473d6d
2026-07-22 23:24:17.215 10 INFO neutron.db.ovn_revision_numbers_db [None req-53b7cb3e-9666-4a95-a7f5-2cbd8dc580da cf73f69d1f7e49a59cf81fa0f22f15b3 54c749f18dbc43a79f6dd70b33b72377 - - - -] Successfully bumped revision number for resource 549c3b3d-8040-4d4e-ab26-e9513b66ad84 (type: ports) to 1
2026-07-22 23:24:17.359 9 INFO neutron.db.ovn_revision_numbers_db [None req-f9319220-09f2-494c-abbf-20372b249e5b d8d3b43df15c4a55bf77c57bb6571987 a94ab11217a74ce6bb2df4a8887dd458 - - - -] Successfully bumped revision number for resource 791a4e53-2882-4f00-8ef0-875a82473d6d (type: networks) to 1
2026-07-22 23:24:17.554 9 WARNING neutron.scheduler.dhcp_agent_scheduler [None req-f9319220-09f2-494c-abbf-20372b249e5b d8d3b43df15c4a55bf77c57bb6571987 a94ab11217a74ce6bb2df4a8887dd458 - - - -] No more DHCP agents
2026-07-22 23:24:17.558 9 WARNING neutron.api.rpc.agentnotifiers.dhcp_rpc_agent_api [None req-f9319220-09f2-494c-abbf-20372b249e5b d8d3b43df15c4a55bf77c57bb6571987 a94ab11217a74ce6bb2df4a8887dd458 - - - -] Unable to schedule network 791a4e53-2882-4f00-8ef0-875a82473d6d: no agents available; will retry on subsequent port and subnet creation events.
2026-07-22 23:24:17.587 10 INFO neutron.db.ovn_revision_numbers_db [None req-77f63e95-e66f-4baf-a8a2-efad9bf83f29 49bcf7eb5c7b441d8b867f0be0e65ccc 380685955c034a3781b3da8357c51553 - - - -] Successfully bumped revision number for resource 67508670-f5c1-4fe1-97ca-b0db7504d5ff (type: security_groups) to 1
