2026-07-22 23:22:51.530 10 INFO neutron.db.ovn_revision_numbers_db [None req-2a80736c-5dd6-48f1-9970-0568fa0396a8 1d4a96cdbc3e44d1ae8ed3b74bac7f47 f2b71255363a47fabf7554d9bb0ea6db - - - -] Successfully bumped revision number for resource a85280fd-1bd8-4528-b4e3-6a7c44f7030e (type: security_groups) to 1
2026-07-22 23:22:51.561 10 INFO neutron.wsgi [None req-2a80736c-5dd6-48f1-9970-0568fa0396a8 1d4a96cdbc3e44d1ae8ed3b74bac7f47 f2b71255363a47fabf7554d9bb0ea6db - - - -] 10.0.0.216 "POST /v2.0/security-groups HTTP/1.1" status: 201 len: 1761 time: 0.4493940
2026-07-22 23:22:51.673 10 INFO neutron.db.ovn_revision_numbers_db [None req-dc0c15ee-5529-4328-bc94-f9cfc1dfb9d3 1d4a96cdbc3e44d1ae8ed3b74bac7f47 f2b71255363a47fabf7554d9bb0ea6db - - - -] Successfully bumped revision number for resource c94d70d6-7494-490c-a47b-cf64ed47952d (type: security_group_rules) to 0
2026-07-22 23:22:51.700 10 INFO neutron.wsgi [None req-dc0c15ee-5529-4328-bc94-f9cfc1dfb9d3 1d4a96cdbc3e44d1ae8ed3b74bac7f47 f2b71255363a47fabf7554d9bb0ea6db - - - -] 10.0.0.216 "POST /v2.0/security-group-rules HTTP/1.1" status: 201 len: 768 time: 0.1325440
2026-07-22 23:22:51.724 10 INFO neutron.wsgi [None req-a456f603-e8f3-4991-b602-bad88ff708a0 1d4a96cdbc3e44d1ae8ed3b74bac7f47 f2b71255363a47fabf7554d9bb0ea6db - - default default] 10.0.0.216 "GET /v2.0/security-group-rules/c94d70d6-7494-490c-a47b-cf64ed47952d HTTP/1.1" status: 200 len: 763 time: 0.0189755
2026-07-22 23:22:51.764 10 INFO neutron.wsgi [None req-1415b643-1e34-41c1-9163-e963c794f1a4 1d4a96cdbc3e44d1ae8ed3b74bac7f47 f2b71255363a47fabf7554d9bb0ea6db - - default default] 10.0.0.216 "GET /v2.0/security-group-rules HTTP/1.1" status: 200 len: 4113 time: 0.0352952
2026-07-22 23:22:51.853 9 INFO neutron.services.segments.plugin [-] Segment 0756cbaa-8cc7-4aa4-a9bc-deb8d6989ef5 resource provider aggregate not found
2026-07-22 23:22:51.860 9 INFO neutron.services.segments.plugin [-] Segment 0756cbaa-8cc7-4aa4-a9bc-deb8d6989ef5 resource provider aggregate not found
2026-07-22 23:22:51.874 10 INFO neutron.wsgi [None req-88ed39c7-1d02-44fc-ba2d-783d3f37de67 1d4a96cdbc3e44d1ae8ed3b74bac7f47 f2b71255363a47fabf7554d9bb0ea6db - - - -] 10.0.0.216 "DELETE /v2.0/security-group-rules/c94d70d6-7494-490c-a47b-cf64ed47952d HTTP/1.1" status: 204 len: 168 time: 0.1037328
2026-07-22 23:22:51.888 9 INFO neutron.services.segments.plugin [-] Segment 0756cbaa-8cc7-4aa4-a9bc-deb8d6989ef5 resource provider not found; error: Placement Client Error (4xx): {"errors": [{"status": 404, "title": "Not Found", "detail": "The resource could not be found.\n\n No resource provider with uuid 0756cbaa-8cc7-4aa4-a9bc-deb8d6989ef5 found for delete ", "request_id": "req-5b2a1f44-605e-4313-8b74-d0924cdf9fd3"}]}
2026-07-22 23:22:51.902 9 INFO neutron.services.segments.plugin [-] Segment 0756cbaa-8cc7-4aa4-a9bc-deb8d6989ef5 resource provider not found; error: Placement Client Error (4xx): {"errors": [{"status": 404, "title": "Not Found", "detail": "The resource could not be found.\n\n No resource provider with uuid 0756cbaa-8cc7-4aa4-a9bc-deb8d6989ef5 found for delete ", "request_id": "req-8f5b7a35-7de6-4d2c-9800-c4dae3a2fa68"}]}
2026-07-22 23:22:51.916 9 INFO neutron.wsgi [None req-6de54e23-a9f3-4d02-9cae-cde41bd8d958 0e12ee40739d4de9a9e3bc8ed1ed8b72 cb0658c4ce49471abd2ade90d2e91634 - - - -] 10.0.0.216 "DELETE /v2.0/networks/05b1255a-0e03-4cd9-814a-96ca9f706d29 HTTP/1.1" status: 204 len: 168 time: 0.4095528
2026-07-22 23:22:51.917 10 INFO neutron.wsgi [None req-77346418-f8d8-4cd2-b0ac-a714f6f784f5 1d4a96cdbc3e44d1ae8ed3b74bac7f47 f2b71255363a47fabf7554d9bb0ea6db - - default default] 10.0.0.216 "GET /v2.0/security-group-rules HTTP/1.1" status: 200 len: 3567 time: 0.0365815
2026-07-22 23:22:52.027 9 INFO neutron.db.ovn_revision_numbers_db [None req-76b5bdfe-17c4-42ec-8bdd-4c77f25d5319 1d4a96cdbc3e44d1ae8ed3b74bac7f47 f2b71255363a47fabf7554d9bb0ea6db - - - -] Successfully bumped revision number for resource a07e0afc-3886-4779-89ca-efb1e141dba7 (type: security_group_rules) to 0
2026-07-22 23:22:52.050 9 INFO neutron.wsgi [None req-76b5bdfe-17c4-42ec-8bdd-4c77f25d5319 1d4a96cdbc3e44d1ae8ed3b74bac7f47 f2b71255363a47fabf7554d9bb0ea6db - - - -] 10.0.0.216 "POST /v2.0/security-group-rules HTTP/1.1" status: 201 len: 768 time: 0.1252728
2026-07-22 23:22:52.072 9 INFO neutron.wsgi [None req-2d3dfe0d-b579-4da1-995a-d6f19a96814c 1d4a96cdbc3e44d1ae8ed3b74bac7f47 f2b71255363a47fabf7554d9bb0ea6db - - default default] 10.0.0.216 "GET /v2.0/security-group-rules/a07e0afc-3886-4779-89ca-efb1e141dba7 HTTP/1.1" status: 200 len: 763 time: 0.0173845
2026-07-22 23:22:52.115 9 INFO neutron.wsgi [None req-dc3af79d-838b-4595-81f1-24253ded96ef 1d4a96cdbc3e44d1ae8ed3b74bac7f47 f2b71255363a47fabf7554d9bb0ea6db - - default default] 10.0.0.216 "GET /v2.0/security-group-rules HTTP/1.1" status: 200 len: 4113 time: 0.0359917
2026-07-22 23:22:52.230 9 INFO neutron.wsgi [None req-0147c679-08ed-46ef-9041-9f9ba383df2b 1d4a96cdbc3e44d1ae8ed3b74bac7f47 f2b71255363a47fabf7554d9bb0ea6db - - - -] 10.0.0.216 "DELETE /v2.0/security-group-rules/a07e0afc-3886-4779-89ca-efb1e141dba7 HTTP/1.1" status: 204 len: 168 time: 0.1100831
2026-07-22 23:22:52.291 10 INFO neutron.services.segments.plugin [-] Segment 1cd45787-5ca9-4f61-a323-32edc106bf04 resource provider aggregate not found
2026-07-22 23:22:52.303 10 INFO neutron.services.segments.plugin [-] Segment 1cd45787-5ca9-4f61-a323-32edc106bf04 resource provider aggregate not found
2026-07-22 23:22:52.323 10 INFO neutron.services.segments.plugin [-] Segment 1cd45787-5ca9-4f61-a323-32edc106bf04 resource provider not found; error: Placement Client Error (4xx): {"errors": [{"status": 404, "title": "Not Found", "detail": "The resource could not be found.\n\n No resource provider with uuid 1cd45787-5ca9-4f61-a323-32edc106bf04 found for delete ", "request_id": "req-9c24904a-cb32-4acc-b7ac-9d46a737bbc1"}]}
2026-07-22 23:22:52.329 10 INFO neutron.services.segments.plugin [-] Segment 1cd45787-5ca9-4f61-a323-32edc106bf04 resource provider not found; error: Placement Client Error (4xx): {"errors": [{"status": 404, "title": "Not Found", "detail": "The resource could not be found.\n\n No resource provider with uuid 1cd45787-5ca9-4f61-a323-32edc106bf04 found for delete ", "request_id": "req-ba22a6c5-674b-4196-82a1-5019fcaade58"}]}
2026-07-22 23:22:52.336 10 INFO neutron.wsgi [None req-7bd0ad99-b3dc-403f-ab20-555515901fa7 1d4a96cdbc3e44d1ae8ed3b74bac7f47 f2b71255363a47fabf7554d9bb0ea6db - - default default] 10.0.0.216 "GET /v2.0/security-group-rules HTTP/1.1" status: 200 len: 3567 time: 0.1004591
2026-07-22 23:22:52.374 10 INFO neutron.wsgi [None req-97a726a2-cf93-4df7-b2ac-5bdc9a7d4901 0e12ee40739d4de9a9e3bc8ed1ed8b72 cb0658c4ce49471abd2ade90d2e91634 - - - -] 10.0.0.216 "DELETE /v2.0/networks/078253b8-b6d8-4d81-825c-460016e27694 HTTP/1.1" status: 204 len: 168 time: 0.4522569
2026-07-22 23:22:52.459 9 INFO neutron.wsgi [None req-c61a6037-8ef1-4fc1-b741-9e23337d6fa6 0e12ee40739d4de9a9e3bc8ed1ed8b72 cb0658c4ce49471abd2ade90d2e91634 - - default default] 10.0.0.216 "GET /v2.0/networks HTTP/1.1" status: 200 len: 845 time: 0.0790377
2026-07-22 23:22:52.465 10 INFO neutron.db.ovn_revision_numbers_db [None req-49082843-3f42-4b9e-a3a7-9c8b0d8a4951 1d4a96cdbc3e44d1ae8ed3b74bac7f47 f2b71255363a47fabf7554d9bb0ea6db - - - -] Successfully bumped revision number for resource e25e4c8a-7c53-4431-8d86-da72c478e24e (type: security_group_rules) to 0
2026-07-22 23:22:52.489 10 INFO neutron.wsgi [None req-49082843-3f42-4b9e-a3a7-9c8b0d8a4951 1d4a96cdbc3e44d1ae8ed3b74bac7f47 f2b71255363a47fabf7554d9bb0ea6db - - - -] 10.0.0.216 "POST /v2.0/security-group-rules HTTP/1.1" status: 201 len: 769 time: 0.1478844
2026-07-22 23:22:52.531 10 INFO neutron.wsgi [None req-5e4f898f-2645-4a70-8f3d-03302b056a26 1d4a96cdbc3e44d1ae8ed3b74bac7f47 f2b71255363a47fabf7554d9bb0ea6db - - default default] 10.0.0.216 "GET /v2.0/security-group-rules/e25e4c8a-7c53-4431-8d86-da72c478e24e HTTP/1.1" status: 200 len: 764 time: 0.0370045
2026-07-22 23:22:52.553 9 INFO neutron.db.segments_db [None req-a1256f19-6b6b-438a-877b-460e0b4849a5 0e12ee40739d4de9a9e3bc8ed1ed8b72 cb0658c4ce49471abd2ade90d2e91634 - - - -] Added segment 77b1e28a-0292-468c-8c6e-028bb47502ed of type geneve for network 95f0ebd8-c0a6-4f4a-a5cf-545263c09f5e
2026-07-22 23:22:52.574 10 INFO neutron.wsgi [None req-0ca3ad99-c548-4c11-b9c2-681a52c8d0a5 1d4a96cdbc3e44d1ae8ed3b74bac7f47 f2b71255363a47fabf7554d9bb0ea6db - - default default] 10.0.0.216 "GET /v2.0/security-group-rules HTTP/1.1" status: 200 len: 4114 time: 0.0374854
2026-07-22 23:22:52.711 9 INFO neutron.db.ovn_revision_numbers_db [None req-a1256f19-6b6b-438a-877b-460e0b4849a5 0e12ee40739d4de9a9e3bc8ed1ed8b72 cb0658c4ce49471abd2ade90d2e91634 - - - -] Successfully bumped revision number for resource 95f0ebd8-c0a6-4f4a-a5cf-545263c09f5e (type: networks) to 1
2026-07-22 23:22:52.774 9 INFO neutron.wsgi [None req-c817467e-75b6-4bed-8746-75fad5cb66dd 1d4a96cdbc3e44d1ae8ed3b74bac7f47 f2b71255363a47fabf7554d9bb0ea6db - - - -] 10.0.0.216 "DELETE /v2.0/security-group-rules/e25e4c8a-7c53-4431-8d86-da72c478e24e HTTP/1.1" status: 204 len: 168 time: 0.1906781
2026-07-22 23:22:52.810 10 INFO neutron.wsgi [None req-f73a1536-cc35-475f-903c-54b1e7ca92a2 1d4a96cdbc3e44d1ae8ed3b74bac7f47 f2b71255363a47fabf7554d9bb0ea6db - - default default] 10.0.0.216 "GET /v2.0/security-group-rules HTTP/1.1" status: 200 len: 3567 time: 0.0266366
2026-07-22 23:22:52.887 9 WARNING neutron.scheduler.dhcp_agent_scheduler [None req-a1256f19-6b6b-438a-877b-460e0b4849a5 0e12ee40739d4de9a9e3bc8ed1ed8b72 cb0658c4ce49471abd2ade90d2e91634 - - - -] No more DHCP agents
2026-07-22 23:22:52.890 9 WARNING neutron.api.rpc.agentnotifiers.dhcp_rpc_agent_api [None req-a1256f19-6b6b-438a-877b-460e0b4849a5 0e12ee40739d4de9a9e3bc8ed1ed8b72 cb0658c4ce49471abd2ade90d2e91634 - - - -] Unable to schedule network 95f0ebd8-c0a6-4f4a-a5cf-545263c09f5e: no agents available; will retry on subsequent port and subnet creation events.
2026-07-22 23:22:52.949 10 INFO neutron.db.ovn_revision_numbers_db [None req-8887ac34-a3bc-404a-891a-44e295ad013d cf73f69d1f7e49a59cf81fa0f22f15b3 54c749f18dbc43a79f6dd70b33b72377 - - default default] Successfully bumped revision number for resource 68b1112a-09fd-48df-811b-c1f5ca0d2421 (type: security_groups) to 1
2026-07-22 23:22:52.953 9 INFO neutron.db.ovn_revision_numbers_db [None req-a1256f19-6b6b-438a-877b-460e0b4849a5 0e12ee40739d4de9a9e3bc8ed1ed8b72 cb0658c4ce49471abd2ade90d2e91634 - - - -] Successfully bumped revision number for resource 5d4cf479-2cfe-426d-805b-98903307ae0a (type: ports) to 1
2026-07-22 23:22:52.974 10 INFO neutron.wsgi [None req-8d5a1af4-13f9-4649-88e9-fda12728f94d 1d4a96cdbc3e44d1ae8ed3b74bac7f47 f2b71255363a47fabf7554d9bb0ea6db - - - -] 10.0.0.216 "DELETE /v2.0/security-groups/a85280fd-1bd8-4528-b4e3-6a7c44f7030e HTTP/1.1" status: 204 len: 168 time: 0.1596072
2026-07-22 23:22:52.975 9 INFO neutron.wsgi [None req-a1256f19-6b6b-438a-877b-460e0b4849a5 0e12ee40739d4de9a9e3bc8ed1ed8b72 cb0658c4ce49471abd2ade90d2e91634 - - - -] 10.0.0.216 "POST /v2.0/networks HTTP/1.1" status: 201 len: 853 time: 0.5061951
2026-07-22 23:22:52.978 10 INFO neutron.wsgi [None req-8887ac34-a3bc-404a-891a-44e295ad013d cf73f69d1f7e49a59cf81fa0f22f15b3 54c749f18dbc43a79f6dd70b33b72377 - - default default] 10.0.0.216 "GET /v2.0/security-groups?tenant_id=87edc9f091c54a7c8680bed5c74bec43&name=default HTTP/1.1" status: 200 len: 2996 time: 0.3067007
2026-07-22 23:22:53.020 10 INFO neutron.wsgi [None req-a415ddc1-5f2d-4773-82c2-31ad38543475 1d4a96cdbc3e44d1ae8ed3b74bac7f47 f2b71255363a47fabf7554d9bb0ea6db - - default default] 10.0.0.216 "GET /v2.0/security-groups HTTP/1.1" status: 200 len: 2996 time: 0.0394065
2026-07-22 23:22:53.063 10 INFO neutron.wsgi [None req-ae3aee0f-539c-4d1d-9228-2f4e0d4674d1 1d4a96cdbc3e44d1ae8ed3b74bac7f47 f2b71255363a47fabf7554d9bb0ea6db - - default default] 10.0.0.216 "GET /v2.0/security-groups HTTP/1.1" status: 200 len: 2996 time: 0.0385575
2026-07-22 23:22:53.076 9 INFO neutron.db.segments_db [None req-1fb40519-663b-4176-bd93-99c2a0be5397 0e12ee40739d4de9a9e3bc8ed1ed8b72 cb0658c4ce49471abd2ade90d2e91634 - - - -] Added segment da251089-e6a4-45e6-93aa-6b1f0cee858f of type geneve for network d497924c-b942-4e47-9bdf-e3b2f83afd97
2026-07-22 23:22:53.220 10 INFO neutron.wsgi [None req-c04b2269-99bc-4214-80fc-8fc96a976313 cf73f69d1f7e49a59cf81fa0f22f15b3 54c749f18dbc43a79f6dd70b33b72377 - - - -] 10.0.0.216 "DELETE /v2.0/security-groups/68b1112a-09fd-48df-811b-c1f5ca0d2421 HTTP/1.1" status: 204 len: 168 time: 0.2334311
2026-07-22 23:22:53.260 9 INFO neutron.db.ovn_revision_numbers_db [None req-1fb40519-663b-4176-bd93-99c2a0be5397 0e12ee40739d4de9a9e3bc8ed1ed8b72 cb0658c4ce49471abd2ade90d2e91634 - - - -] Successfully bumped revision number for resource d497924c-b942-4e47-9bdf-e3b2f83afd97 (type: networks) to 1
2026-07-22 23:22:53.466 9 WARNING neutron.scheduler.dhcp_agent_scheduler [None req-1fb40519-663b-4176-bd93-99c2a0be5397 0e12ee40739d4de9a9e3bc8ed1ed8b72 cb0658c4ce49471abd2ade90d2e91634 - - - -] No more DHCP agents
2026-07-22 23:22:53.469 9 WARNING neutron.api.rpc.agentnotifiers.dhcp_rpc_agent_api [None req-1fb40519-663b-4176-bd93-99c2a0be5397 0e12ee40739d4de9a9e3bc8ed1ed8b72 cb0658c4ce49471abd2ade90d2e91634 - - - -] Unable to schedule network d497924c-b942-4e47-9bdf-e3b2f83afd97: no agents available; will retry on subsequent port and subnet creation events.
2026-07-22 23:22:53.546 9 INFO neutron.db.ovn_revision_numbers_db [None req-1fb40519-663b-4176-bd93-99c2a0be5397 0e12ee40739d4de9a9e3bc8ed1ed8b72 cb0658c4ce49471abd2ade90d2e91634 - - - -] Successfully bumped revision number for resource d9e6b032-eba1-44d0-bf78-654eef66fa2b (type: ports) to 1
2026-07-22 23:22:53.575 9 INFO neutron.wsgi [None req-1fb40519-663b-4176-bd93-99c2a0be5397 0e12ee40739d4de9a9e3bc8ed1ed8b72 cb0658c4ce49471abd2ade90d2e91634 - - - -] 10.0.0.216 "POST /v2.0/networks HTTP/1.1" status: 201 len: 853 time: 0.5929472
2026-07-22 23:22:53.664 9 INFO neutron.wsgi [None req-9f1995af-d05e-41b0-b884-3d55b9c3ca78 cf73f69d1f7e49a59cf81fa0f22f15b3 54c749f18dbc43a79f6dd70b33b72377 - - default default] 10.0.0.216 "GET /v2.0/security-groups?tenant_id=f2b71255363a47fabf7554d9bb0ea6db&name=default HTTP/1.1" status: 200 len: 2996 time: 0.0979900
2026-07-22 23:22:53.731 10 INFO neutron.wsgi [req-a871bcbb-12b7-46f8-b72b-41521f7907cd req-46f698e2-4445-45e2-8ca6-e8b4f1720c41 404045f7f66148ca87b33c3deb64ffac e48df614e2a542a690e1cc22a276933b - - 5e99659270f44b0f8c46fcb0fc3691df 5e99659270f44b0f8c46fcb0fc3691df] 10.0.0.141 "GET /v2.0/ports?device_id=7efcdf65-d8e0-43e4-81f4-785bf6ee853f HTTP/1.1" status: 200 len: 1365 time: 0.3535793
2026-07-22 23:22:53.774 10 INFO neutron.wsgi [req-a871bcbb-12b7-46f8-b72b-41521f7907cd req-665e5357-c172-4a4e-b642-63c97c865e6d 404045f7f66148ca87b33c3deb64ffac e48df614e2a542a690e1cc22a276933b - - 5e99659270f44b0f8c46fcb0fc3691df 5e99659270f44b0f8c46fcb0fc3691df] 10.0.0.141 "GET /v2.0/security-groups?id=fd7eec25-34cf-4706-8387-7aa53043c87e&fields=id&fields=name HTTP/1.1" status: 200 len: 313 time: 0.0327303
2026-07-22 23:22:53.864 10 INFO neutron.wsgi [None req-0afd13d6-2da5-4f05-a028-f05b9e265c64 cf73f69d1f7e49a59cf81fa0f22f15b3 54c749f18dbc43a79f6dd70b33b72377 - - - -] 10.0.0.216 "DELETE /v2.0/security-groups/2de015ea-6742-4787-9ebc-7fa35c1610aa HTTP/1.1" status: 204 len: 168 time: 0.1954141
2026-07-22 23:22:54.298 9 WARNING neutron.scheduler.dhcp_agent_scheduler [None req-cc69db43-24aa-4c88-bda8-6176bef757dd 0e12ee40739d4de9a9e3bc8ed1ed8b72 cb0658c4ce49471abd2ade90d2e91634 - - - -] No more DHCP agents
2026-07-22 23:22:54.301 9 WARNING neutron.api.rpc.agentnotifiers.dhcp_rpc_agent_api [None req-cc69db43-24aa-4c88-bda8-6176bef757dd 0e12ee40739d4de9a9e3bc8ed1ed8b72 cb0658c4ce49471abd2ade90d2e91634 - - - -] Unable to schedule network 95f0ebd8-c0a6-4f4a-a5cf-545263c09f5e: no agents available; will retry on subsequent port and subnet creation events.
2026-07-22 23:22:54.376 9 INFO neutron.db.ovn_revision_numbers_db [None req-cc69db43-24aa-4c88-bda8-6176bef757dd 0e12ee40739d4de9a9e3bc8ed1ed8b72 cb0658c4ce49471abd2ade90d2e91634 - - - -] Successfully bumped revision number for resource 9c1f2156-3236-4b37-a05e-4ebef5f8be8c (type: ports) to 1
2026-07-22 23:22:54.412 9 WARNING neutron.scheduler.dhcp_agent_scheduler [None req-cc69db43-24aa-4c88-bda8-6176bef757dd 0e12ee40739d4de9a9e3bc8ed1ed8b72 cb0658c4ce49471abd2ade90d2e91634 - - - -] No more DHCP agents
2026-07-22 23:22:54.414 9 WARNING neutron.api.rpc.agentnotifiers.dhcp_rpc_agent_api [None req-cc69db43-24aa-4c88-bda8-6176bef757dd 0e12ee40739d4de9a9e3bc8ed1ed8b72 cb0658c4ce49471abd2ade90d2e91634 - - - -] Unable to schedule network d497924c-b942-4e47-9bdf-e3b2f83afd97: no agents available; will retry on subsequent port and subnet creation events.
2026-07-22 23:22:54.482 9 INFO neutron.db.ovn_revision_numbers_db [None req-cc69db43-24aa-4c88-bda8-6176bef757dd 0e12ee40739d4de9a9e3bc8ed1ed8b72 cb0658c4ce49471abd2ade90d2e91634 - - - -] Successfully bumped revision number for resource 0c5f273d-691a-4824-ab93-ebf8060369f5 (type: ports) to 1
2026-07-22 23:22:54.505 9 INFO neutron.wsgi [None req-cc69db43-24aa-4c88-bda8-6176bef757dd 0e12ee40739d4de9a9e3bc8ed1ed8b72 cb0658c4ce49471abd2ade90d2e91634 - - - -] 10.0.0.216 "POST /v2.0/ports HTTP/1.1" status: 201 len: 1706 time: 0.9236171 /var/lib/openstack/lib/python3.10/site-packages/pycadf/identifier.py:71: UserWarning: Invalid uuid: neutron. To ensure interoperability, identifiers should be a valid uuid. warnings.warn(('Invalid uuid: %s. To ensure interoperability, '
2026-07-22 23:22:54.670 9 INFO neutron.wsgi [None req-955524f9-ec60-4174-83d9-6d9e733488c5 0e12ee40739d4de9a9e3bc8ed1ed8b72 cb0658c4ce49471abd2ade90d2e91634 - - default default] 10.0.0.216 "GET /v2.0/ports HTTP/1.1" status: 200 len: 3213 time: 0.1595876
2026-07-22 23:22:54.697 9 INFO neutron.wsgi [None req-11ab3787-c87a-4849-8555-98889ed293cb 12cff960db1542e38a5b2d52d8c94e3c 491ef249cd7643ada911d3630a168d1d - - default default] 10.0.0.216 "GET /v2.0/ports?project_id=a95fb2e09ebe46d282f429652af4b6ca&network_id=b78e26b0-4b9a-49f6-ac10-06c48ead53fc HTTP/1.1" status: 200 len: 3466 time: 0.0531173
2026-07-22 23:22:54.936 10 INFO neutron.wsgi [None req-47f89b2b-dcdc-45d7-ad7c-c4cf5376a0f0 0e12ee40739d4de9a9e3bc8ed1ed8b72 cb0658c4ce49471abd2ade90d2e91634 - - - -] 10.0.0.216 "DELETE /v2.0/ports/9c1f2156-3236-4b37-a05e-4ebef5f8be8c HTTP/1.1" status: 204 len: 168 time: 0.2609684
2026-07-22 23:22:54.945 9 INFO neutron.wsgi [None req-2b73983c-1434-4c45-8315-be3494ceefee 12cff960db1542e38a5b2d52d8c94e3c 491ef249cd7643ada911d3630a168d1d - - default default] 10.0.0.216 "GET /v2.0/subnets?network_id=7c15f7fc-5f92-4a46-bbbe-3da8a40c9bad HTTP/1.1" status: 200 len: 838 time: 0.0394332
2026-07-22 23:22:55.165 10 INFO neutron.wsgi [None req-4c9a2c7e-8178-417a-a962-7b42507e4399 0e12ee40739d4de9a9e3bc8ed1ed8b72 cb0658c4ce49471abd2ade90d2e91634 - - - -] 10.0.0.216 "DELETE /v2.0/ports/0c5f273d-691a-4824-ab93-ebf8060369f5 HTTP/1.1" status: 204 len: 168 time: 0.2221761
2026-07-22 23:22:55.310 9 INFO neutron.db.l3_db [None req-7c7169b5-2444-4954-b8a4-6a279e1b1b74 22923918ffc14c87b5f60ad42d46b458 a95fb2e09ebe46d282f429652af4b6ca - - - -] Floating IP 352861e1-2c12-489e-881f-22e47943240d disassociated. External IP: 10.96.250.215, port: e4272823-1c70-4df0-88c6-eaf71412a47b.
2026-07-22 23:22:55.317 10 INFO neutron.wsgi [None req-682f43b0-d6d8-400d-8200-3d5faf2ac3c7 0e12ee40739d4de9a9e3bc8ed1ed8b72 cb0658c4ce49471abd2ade90d2e91634 - - default default] 10.0.0.216 "GET /v2.0/ports HTTP/1.1" status: 200 len: 1718 time: 0.1481724
2026-07-22 23:22:55.357 9 INFO neutron.db.ovn_revision_numbers_db [None req-7c7169b5-2444-4954-b8a4-6a279e1b1b74 22923918ffc14c87b5f60ad42d46b458 a95fb2e09ebe46d282f429652af4b6ca - - - -] Successfully bumped revision number for resource 352861e1-2c12-489e-881f-22e47943240d (type: floatingips) to 2
2026-07-22 23:22:55.422 10 INFO neutron.db.segments_db [None req-c1f59bfa-cb22-4e49-bf56-653163771400 0e12ee40739d4de9a9e3bc8ed1ed8b72 cb0658c4ce49471abd2ade90d2e91634 - - - -] Added segment 97adfd25-8071-4ccc-a495-49d74c04f287 of type geneve for network 012a2529-ac0f-405f-b79f-6488383fc97e
2026-07-22 23:22:55.437 9 INFO neutron.wsgi [None req-7c7169b5-2444-4954-b8a4-6a279e1b1b74 22923918ffc14c87b5f60ad42d46b458 a95fb2e09ebe46d282f429652af4b6ca - - - -] 10.0.0.216 "PUT /v2.0/floatingips/352861e1-2c12-489e-881f-22e47943240d HTTP/1.1" status: 200 len: 748 time: 0.3045506
2026-07-22 23:22:55.473 9 INFO neutron.notifiers.nova [-] Nova event matching ['req-c22e7d70-27c7-437d-a579-f04bcb5c367a'] response: {'name': 'network-changed', 'server_uuid': '7efcdf65-d8e0-43e4-81f4-785bf6ee853f', 'tag': 'e4272823-1c70-4df0-88c6-eaf71412a47b', 'status': 'completed', 'code': 200}
2026-07-22 23:22:55.479 10 INFO neutron.wsgi [None req-dc032d02-b85f-453a-99b1-fac218ed6f2c 22923918ffc14c87b5f60ad42d46b458 a95fb2e09ebe46d282f429652af4b6ca - - default default] 10.0.0.216 "GET /v2.0/floatingips/352861e1-2c12-489e-881f-22e47943240d HTTP/1.1" status: 200 len: 746 time: 0.0369463
2026-07-22 23:22:55.538 10 INFO neutron.wsgi [req-4b2b559f-66c0-4b23-b6ab-6f776ef43b1d req-682e77c1-1f0e-471c-a1a0-defc3a2bbd5e 404045f7f66148ca87b33c3deb64ffac e48df614e2a542a690e1cc22a276933b - - 5e99659270f44b0f8c46fcb0fc3691df 5e99659270f44b0f8c46fcb0fc3691df] 199.19.213.74 "GET /v2.0/ports?tenant_id=a95fb2e09ebe46d282f429652af4b6ca&device_id=7efcdf65-d8e0-43e4-81f4-785bf6ee853f HTTP/1.1" status: 200 len: 1365 time: 0.0456345
2026-07-22 23:22:55.611 10 INFO neutron.db.ovn_revision_numbers_db [None req-c1f59bfa-cb22-4e49-bf56-653163771400 0e12ee40739d4de9a9e3bc8ed1ed8b72 cb0658c4ce49471abd2ade90d2e91634 - - - -] Successfully bumped revision number for resource 012a2529-ac0f-405f-b79f-6488383fc97e (type: networks) to 1
2026-07-22 23:22:55.644 10 INFO neutron.wsgi [req-4b2b559f-66c0-4b23-b6ab-6f776ef43b1d req-f2f4d51f-3a0b-4f75-a273-9c056b505cc0 404045f7f66148ca87b33c3deb64ffac e48df614e2a542a690e1cc22a276933b - - 5e99659270f44b0f8c46fcb0fc3691df 5e99659270f44b0f8c46fcb0fc3691df] 199.19.213.74 "GET /v2.0/networks?id=b78e26b0-4b9a-49f6-ac10-06c48ead53fc HTTP/1.1" status: 200 len: 958 time: 0.0972476
2026-07-22 23:22:55.684 10 INFO neutron.wsgi [req-4b2b559f-66c0-4b23-b6ab-6f776ef43b1d req-402b66cb-a279-4e91-9f23-4628d1918b3f 404045f7f66148ca87b33c3deb64ffac e48df614e2a542a690e1cc22a276933b - - 5e99659270f44b0f8c46fcb0fc3691df 5e99659270f44b0f8c46fcb0fc3691df] 199.19.213.74 "GET /v2.0/floatingips?fixed_ip_address=10.100.0.11&port_id=e4272823-1c70-4df0-88c6-eaf71412a47b HTTP/1.1" status: 200 len: 217 time: 0.0324779 /var/lib/openstack/lib/python3.10/site-packages/pycadf/identifier.py:71: UserWarning: Invalid uuid: neutron. To ensure interoperability, identifiers should be a valid uuid. warnings.warn(('Invalid uuid: %s. To ensure interoperability, '
2026-07-22 23:22:55.745 10 INFO neutron.wsgi [req-4b2b559f-66c0-4b23-b6ab-6f776ef43b1d req-438757a9-5de7-410c-879a-0fba9be88825 404045f7f66148ca87b33c3deb64ffac e48df614e2a542a690e1cc22a276933b - - 5e99659270f44b0f8c46fcb0fc3691df 5e99659270f44b0f8c46fcb0fc3691df] 199.19.213.74 "GET /v2.0/subnets?id=8f4948e4-1814-40e3-b747-00b6bd1c14ea HTTP/1.1" status: 200 len: 853 time: 0.0546107
2026-07-22 23:22:55.799 10 INFO neutron.wsgi [req-4b2b559f-66c0-4b23-b6ab-6f776ef43b1d req-1c6a6644-e481-470e-b74f-6ee2b1426620 404045f7f66148ca87b33c3deb64ffac e48df614e2a542a690e1cc22a276933b - - 5e99659270f44b0f8c46fcb0fc3691df 5e99659270f44b0f8c46fcb0fc3691df] 199.19.213.74 "GET /v2.0/ports?network_id=b78e26b0-4b9a-49f6-ac10-06c48ead53fc&device_owner=network%3Adhcp HTTP/1.1" status: 200 len: 210 time: 0.0429385
2026-07-22 23:22:55.816 9 INFO neutron.db.ovn_revision_numbers_db [None req-f5553331-2b9c-436e-97ed-11ec41d58e94 cf73f69d1f7e49a59cf81fa0f22f15b3 54c749f18dbc43a79f6dd70b33b72377 - - default default] Successfully bumped revision number for resource 07398778-ba01-4424-918e-a3e5ef4fc892 (type: security_groups) to 1
2026-07-22 23:22:55.843 9 INFO neutron.wsgi [None req-f5553331-2b9c-436e-97ed-11ec41d58e94 cf73f69d1f7e49a59cf81fa0f22f15b3 54c749f18dbc43a79f6dd70b33b72377 - - default default] 10.0.0.216 "GET /v2.0/security-groups?tenant_id=23a2297d6d00497e8d769bc2b7e2c552&name=default HTTP/1.1" status: 200 len: 2996 time: 0.3651977
2026-07-22 23:22:55.911 10 INFO neutron.wsgi [req-4b2b559f-66c0-4b23-b6ab-6f776ef43b1d req-100086c7-bf16-4260-8b04-ce2c96b9c944 404045f7f66148ca87b33c3deb64ffac e48df614e2a542a690e1cc22a276933b - - 5e99659270f44b0f8c46fcb0fc3691df 5e99659270f44b0f8c46fcb0fc3691df] 199.19.213.74 "GET /v2.0/networks/b78e26b0-4b9a-49f6-ac10-06c48ead53fc?fields=segments HTTP/1.1" status: 200 len: 212 time: 0.1005485
2026-07-22 23:22:55.922 10 WARNING neutron.scheduler.dhcp_agent_scheduler [None req-c1f59bfa-cb22-4e49-bf56-653163771400 0e12ee40739d4de9a9e3bc8ed1ed8b72 cb0658c4ce49471abd2ade90d2e91634 - - - -] No more DHCP agents
2026-07-22 23:22:55.930 10 WARNING neutron.api.rpc.agentnotifiers.dhcp_rpc_agent_api [None req-c1f59bfa-cb22-4e49-bf56-653163771400 0e12ee40739d4de9a9e3bc8ed1ed8b72 cb0658c4ce49471abd2ade90d2e91634 - - - -] Unable to schedule network 012a2529-ac0f-405f-b79f-6488383fc97e: no agents available; will retry on subsequent port and subnet creation events.
2026-07-22 23:22:56.011 10 INFO neutron.wsgi [req-4b2b559f-66c0-4b23-b6ab-6f776ef43b1d req-1e908714-e2bc-45a5-9a96-9af1884cf115 404045f7f66148ca87b33c3deb64ffac e48df614e2a542a690e1cc22a276933b - - 5e99659270f44b0f8c46fcb0fc3691df 5e99659270f44b0f8c46fcb0fc3691df] 199.19.213.74 "GET /v2.0/networks/b78e26b0-4b9a-49f6-ac10-06c48ead53fc?fields=provider%3Aphysical_network&fields=provider%3Anetwork_type HTTP/1.1" status: 200 len: 277 time: 0.0937719
2026-07-22 23:22:56.014 10 INFO neutron.db.ovn_revision_numbers_db [None req-c1f59bfa-cb22-4e49-bf56-653163771400 0e12ee40739d4de9a9e3bc8ed1ed8b72 cb0658c4ce49471abd2ade90d2e91634 - - - -] Successfully bumped revision number for resource 2a6c5668-ff9e-475c-a318-2aa65e60a854 (type: ports) to 1
2026-07-22 23:22:56.035 9 INFO neutron.wsgi [None req-ff663572-9a4f-4598-bdf7-111c7ec52dbe cf73f69d1f7e49a59cf81fa0f22f15b3 54c749f18dbc43a79f6dd70b33b72377 - - - -] 10.0.0.216 "DELETE /v2.0/security-groups/07398778-ba01-4424-918e-a3e5ef4fc892 HTTP/1.1" status: 204 len: 168 time: 0.1847262
2026-07-22 23:22:56.037 10 INFO neutron.wsgi [None req-c1f59bfa-cb22-4e49-bf56-653163771400 0e12ee40739d4de9a9e3bc8ed1ed8b72 cb0658c4ce49471abd2ade90d2e91634 - - - -] 10.0.0.216 "POST /v2.0/networks HTTP/1.1" status: 201 len: 853 time: 0.7078359
2026-07-22 23:22:56.062 10 INFO neutron.wsgi [None req-0385321e-74ee-4f79-be22-a4fe6b0892cc 71432d490327419e8b442be61dd3ed53 221f733a6f1e4dc0b09c7fd41c9c715f - - - -] 10.0.0.216 "POST /v2.0/subnetpools HTTP/1.1" status: 201 len: 747 time: 0.1725383
2026-07-22 23:22:56.092 10 INFO neutron.wsgi [None req-60f2416e-917b-4f8d-9c90-1e31fa6751e8 71432d490327419e8b442be61dd3ed53 221f733a6f1e4dc0b09c7fd41c9c715f - - default default] 10.0.0.216 "GET /v2.0/subnetpools/2e2be2a3-1455-4a67-ac98-2e136528f2fe HTTP/1.1" status: 200 len: 742 time: 0.0253420
2026-07-22 23:22:56.130 9 INFO neutron.db.segments_db [None req-9c49a33e-6a28-4af3-aa90-a0dbf4aa0a49 0e12ee40739d4de9a9e3bc8ed1ed8b72 cb0658c4ce49471abd2ade90d2e91634 - - - -] Added segment 7e4994f1-bf69-4b03-b013-f85fb7a9c7b6 of type geneve for network eedfa855-b19c-4792-be9a-155b5f1e5127
2026-07-22 23:22:56.161 10 INFO neutron.wsgi [None req-066998dd-2569-4fac-aead-60ced65f7650 71432d490327419e8b442be61dd3ed53 221f733a6f1e4dc0b09c7fd41c9c715f - - - -] 10.0.0.216 "PUT /v2.0/subnetpools/2e2be2a3-1455-4a67-ac98-2e136528f2fe HTTP/1.1" status: 200 len: 694 time: 0.0648379
2026-07-22 23:22:56.244 10 INFO neutron.wsgi [None req-24b6014d-a02b-48cf-8a75-ed2fb9f88b71 71432d490327419e8b442be61dd3ed53 221f733a6f1e4dc0b09c7fd41c9c715f - - - -] 10.0.0.216 "DELETE /v2.0/subnetpools/2e2be2a3-1455-4a67-ac98-2e136528f2fe HTTP/1.1" status: 204 len: 168 time: 0.0678191
2026-07-22 23:22:56.276 10 INFO neutron.api.v2.resource [None req-305e093c-982d-4e4e-8156-71f9a9ffc697 71432d490327419e8b442be61dd3ed53 221f733a6f1e4dc0b09c7fd41c9c715f - - default default] show failed (client error): The resource could not be found.
2026-07-22 23:22:56.277 10 INFO neutron.wsgi [None req-305e093c-982d-4e4e-8156-71f9a9ffc697 71432d490327419e8b442be61dd3ed53 221f733a6f1e4dc0b09c7fd41c9c715f - - default default] 10.0.0.216 "GET /v2.0/subnetpools/2e2be2a3-1455-4a67-ac98-2e136528f2fe HTTP/1.1" status: 404 len: 346 time: 0.0206456
2026-07-22 23:22:56.285 9 INFO neutron.db.ovn_revision_numbers_db [None req-9c49a33e-6a28-4af3-aa90-a0dbf4aa0a49 0e12ee40739d4de9a9e3bc8ed1ed8b72 cb0658c4ce49471abd2ade90d2e91634 - - - -] Successfully bumped revision number for resource eedfa855-b19c-4792-be9a-155b5f1e5127 (type: networks) to 1
2026-07-22 23:22:56.293 10 INFO neutron.api.v2.resource [None req-84155ba2-c449-4b46-a5e8-87a4910aace1 71432d490327419e8b442be61dd3ed53 221f733a6f1e4dc0b09c7fd41c9c715f - - - -] delete failed (client error): The resource could not be found.
2026-07-22 23:22:56.295 10 INFO neutron.wsgi [None req-84155ba2-c449-4b46-a5e8-87a4910aace1 71432d490327419e8b442be61dd3ed53 221f733a6f1e4dc0b09c7fd41c9c715f - - - -] 10.0.0.216 "DELETE /v2.0/subnetpools/2e2be2a3-1455-4a67-ac98-2e136528f2fe HTTP/1.1" status: 404 len: 346 time: 0.0140111
2026-07-22 23:22:56.476 9 WARNING neutron.scheduler.dhcp_agent_scheduler [None req-9c49a33e-6a28-4af3-aa90-a0dbf4aa0a49 0e12ee40739d4de9a9e3bc8ed1ed8b72 cb0658c4ce49471abd2ade90d2e91634 - - - -] No more DHCP agents
2026-07-22 23:22:56.479 9 WARNING neutron.api.rpc.agentnotifiers.dhcp_rpc_agent_api [None req-9c49a33e-6a28-4af3-aa90-a0dbf4aa0a49 0e12ee40739d4de9a9e3bc8ed1ed8b72 cb0658c4ce49471abd2ade90d2e91634 - - - -] Unable to schedule network eedfa855-b19c-4792-be9a-155b5f1e5127: no agents available; will retry on subsequent port and subnet creation events.
2026-07-22 23:22:56.545 9 INFO neutron.db.ovn_revision_numbers_db [None req-9c49a33e-6a28-4af3-aa90-a0dbf4aa0a49 0e12ee40739d4de9a9e3bc8ed1ed8b72 cb0658c4ce49471abd2ade90d2e91634 - - - -] Successfully bumped revision number for resource ce35ecb3-88ed-4147-a6bc-ff011e331e79 (type: ports) to 1
2026-07-22 23:22:56.590 9 INFO neutron.wsgi [None req-9c49a33e-6a28-4af3-aa90-a0dbf4aa0a49 0e12ee40739d4de9a9e3bc8ed1ed8b72 cb0658c4ce49471abd2ade90d2e91634 - - - -] 10.0.0.216 "POST /v2.0/networks HTTP/1.1" status: 201 len: 853 time: 0.5465260
2026-07-22 23:22:56.745 9 INFO neutron.db.ovn_revision_numbers_db [None req-c0343c1a-04ee-4faf-b362-d47b43b3c67f 22923918ffc14c87b5f60ad42d46b458 a95fb2e09ebe46d282f429652af4b6ca - - - -] Successfully bumped revision number for resource ff88a0e5-4def-4e4d-9452-f448b56cc50d (type: security_groups) to 1
2026-07-22 23:22:56.769 9 INFO neutron.wsgi [None req-c0343c1a-04ee-4faf-b362-d47b43b3c67f 22923918ffc14c87b5f60ad42d46b458 a95fb2e09ebe46d282f429652af4b6ca - - - -] 10.0.0.216 "POST /v2.0/security-groups HTTP/1.1" status: 201 len: 1809 time: 0.2000387
2026-07-22 23:22:56.892 9 INFO neutron.db.ovn_revision_numbers_db [None req-deeaba54-7f65-494f-babb-d274ca5067a6 22923918ffc14c87b5f60ad42d46b458 a95fb2e09ebe46d282f429652af4b6ca - - - -] Successfully bumped revision number for resource a79c1489-5914-4db8-821d-70cb9d3fefe8 (type: security_group_rules) to 0
2026-07-22 23:22:56.915 9 INFO neutron.wsgi [None req-deeaba54-7f65-494f-babb-d274ca5067a6 22923918ffc14c87b5f60ad42d46b458 a95fb2e09ebe46d282f429652af4b6ca - - - -] 10.0.0.216 "POST /v2.0/security-group-rules HTTP/1.1" status: 201 len: 764 time: 0.1424625
2026-07-22 23:22:57.059 9 INFO neutron.db.ovn_revision_numbers_db [None req-7149c791-b911-430e-b2d2-e20fc988db16 22923918ffc14c87b5f60ad42d46b458 a95fb2e09ebe46d282f429652af4b6ca - - - -] Successfully bumped revision number for resource 4a8659a6-dea7-44b8-89fa-0e2029201b28 (type: security_group_rules) to 0
2026-07-22 23:22:57.089 9 INFO neutron.db.ovn_revision_numbers_db [None req-2a42af79-58b7-4ec2-b990-5f319dbb72dc cf73f69d1f7e49a59cf81fa0f22f15b3 54c749f18dbc43a79f6dd70b33b72377 - - default default] Successfully bumped revision number for resource cd619cf2-ecd0-4238-a5ec-b90a04a99252 (type: security_groups) to 1
2026-07-22 23:22:57.101 9 INFO neutron.wsgi [None req-7149c791-b911-430e-b2d2-e20fc988db16 22923918ffc14c87b5f60ad42d46b458 a95fb2e09ebe46d282f429652af4b6ca - - - -] 10.0.0.216 "POST /v2.0/security-group-rules HTTP/1.1" status: 201 len: 763 time: 0.1814570
2026-07-22 23:22:57.131 9 INFO neutron.wsgi [None req-2a42af79-58b7-4ec2-b990-5f319dbb72dc cf73f69d1f7e49a59cf81fa0f22f15b3 54c749f18dbc43a79f6dd70b33b72377 - - default default] 10.0.0.216 "GET /v2.0/security-groups?tenant_id=221f733a6f1e4dc0b09c7fd41c9c715f&name=default HTTP/1.1" status: 200 len: 2996 time: 0.2885523
2026-07-22 23:22:57.311 10 INFO neutron.db.ovn_revision_numbers_db [None req-d6fd4589-68ef-4802-b505-595f027f535c 22923918ffc14c87b5f60ad42d46b458 a95fb2e09ebe46d282f429652af4b6ca - - - -] Successfully bumped revision number for resource d5477deb-beaf-41a5-a87d-5bf8b300cc48 (type: security_group_rules) to 0
2026-07-22 23:22:57.341 10 INFO neutron.wsgi [None req-d6fd4589-68ef-4802-b505-595f027f535c 22923918ffc14c87b5f60ad42d46b458 a95fb2e09ebe46d282f429652af4b6ca - - - -] 10.0.0.216 "POST /v2.0/security-group-rules HTTP/1.1" status: 201 len: 769 time: 0.2341704
2026-07-22 23:22:57.441 10 INFO neutron.wsgi [None req-b76c75b0-b2e7-46c5-a024-847bc6528383 cf73f69d1f7e49a59cf81fa0f22f15b3 54c749f18dbc43a79f6dd70b33b72377 - - - -] 10.0.0.216 "DELETE /v2.0/security-groups/cd619cf2-ecd0-4238-a5ec-b90a04a99252 HTTP/1.1" status: 204 len: 168 time: 0.3053582
2026-07-22 23:22:57.473 10 INFO neutron.db.ovn_revision_numbers_db [None req-c807bf55-ad06-431d-a62f-5f52d08e9fe9 22923918ffc14c87b5f60ad42d46b458 a95fb2e09ebe46d282f429652af4b6ca - - - -] Successfully bumped revision number for resource fac426ba-a04c-4dba-8cfc-dc1b473079bc (type: security_group_rules) to 0
2026-07-22 23:22:57.498 10 INFO neutron.wsgi [None req-c807bf55-ad06-431d-a62f-5f52d08e9fe9 22923918ffc14c87b5f60ad42d46b458 a95fb2e09ebe46d282f429652af4b6ca - - - -] 10.0.0.216 "POST /v2.0/security-group-rules HTTP/1.1" status: 201 len: 768 time: 0.1518965
2026-07-22 23:22:57.525 10 INFO neutron.db.securitygroups_db [None req-54217864-984d-4e55-8ac1-0e0d54ffb27b 22923918ffc14c87b5f60ad42d46b458 a95fb2e09ebe46d282f429652af4b6ca - - - -] Project a95fb2e09ebe46d282f429652af4b6ca added a security group rule with legacy IPv6 ICMP protocol name icmp, ipv6-icmp should be used instead. It was automatically converted.
2026-07-22 23:22:57.606 10 INFO neutron.db.ovn_revision_numbers_db [None req-54217864-984d-4e55-8ac1-0e0d54ffb27b 22923918ffc14c87b5f60ad42d46b458 a95fb2e09ebe46d282f429652af4b6ca - - - -] Successfully bumped revision number for resource 593c5bf8-f70b-4c2f-a0d2-7ef7e67c227e (type: security_group_rules) to 0
2026-07-22 23:22:57.635 10 INFO neutron.wsgi [None req-54217864-984d-4e55-8ac1-0e0d54ffb27b 22923918ffc14c87b5f60ad42d46b458 a95fb2e09ebe46d282f429652af4b6ca - - - -] 10.0.0.216 "POST /v2.0/security-group-rules HTTP/1.1" status: 201 len: 774 time: 0.1320271
2026-07-22 23:22:57.652 9 WARNING neutron.scheduler.dhcp_agent_scheduler [None req-b10083c7-bdcc-4a97-b3d6-768a4860509b 0e12ee40739d4de9a9e3bc8ed1ed8b72 cb0658c4ce49471abd2ade90d2e91634 - - - -] No more DHCP agents
2026-07-22 23:22:57.654 9 WARNING neutron.api.rpc.agentnotifiers.dhcp_rpc_agent_api [None req-b10083c7-bdcc-4a97-b3d6-768a4860509b 0e12ee40739d4de9a9e3bc8ed1ed8b72 cb0658c4ce49471abd2ade90d2e91634 - - - -] Unable to schedule network 012a2529-ac0f-405f-b79f-6488383fc97e: no agents available; will retry on subsequent port and subnet creation events.
2026-07-22 23:22:57.663 10 INFO neutron.db.securitygroups_db [None req-24f9de12-2427-4e2a-912e-35b18f4a37c8 22923918ffc14c87b5f60ad42d46b458 a95fb2e09ebe46d282f429652af4b6ca - - - -] Project a95fb2e09ebe46d282f429652af4b6ca added a security group rule with legacy IPv6 ICMP protocol name icmp, ipv6-icmp should be used instead. It was automatically converted.
2026-07-22 23:22:57.667 9 INFO neutron.db.ovn_revision_numbers_db [None req-b10083c7-bdcc-4a97-b3d6-768a4860509b 0e12ee40739d4de9a9e3bc8ed1ed8b72 cb0658c4ce49471abd2ade90d2e91634 - - - -] Successfully bumped revision number for resource fe9d9711-1e66-4dc3-b100-940aff2debf6 (type: subnets) to 0
2026-07-22 23:22:57.690 9 WARNING neutron.scheduler.dhcp_agent_scheduler [None req-b10083c7-bdcc-4a97-b3d6-768a4860509b 0e12ee40739d4de9a9e3bc8ed1ed8b72 cb0658c4ce49471abd2ade90d2e91634 - - - -] No more DHCP agents
2026-07-22 23:22:57.692 9 WARNING neutron.api.rpc.agentnotifiers.dhcp_rpc_agent_api [None req-b10083c7-bdcc-4a97-b3d6-768a4860509b 0e12ee40739d4de9a9e3bc8ed1ed8b72 cb0658c4ce49471abd2ade90d2e91634 - - - -] Unable to schedule network eedfa855-b19c-4792-be9a-155b5f1e5127: no agents available; will retry on subsequent port and subnet creation events.
2026-07-22 23:22:57.706 9 INFO neutron.db.ovn_revision_numbers_db [None req-b10083c7-bdcc-4a97-b3d6-768a4860509b 0e12ee40739d4de9a9e3bc8ed1ed8b72 cb0658c4ce49471abd2ade90d2e91634 - - - -] Successfully bumped revision number for resource f07e383a-3c4d-469d-95e4-8151918b9417 (type: subnets) to 0
2026-07-22 23:22:57.723 9 INFO neutron.wsgi [None req-b10083c7-bdcc-4a97-b3d6-768a4860509b 0e12ee40739d4de9a9e3bc8ed1ed8b72 cb0658c4ce49471abd2ade90d2e91634 - - - -] 10.0.0.216 "POST /v2.0/subnets HTTP/1.1" status: 201 len: 1476 time: 0.6434715
2026-07-22 23:22:57.761 10 INFO neutron.db.ovn_revision_numbers_db [None req-24f9de12-2427-4e2a-912e-35b18f4a37c8 22923918ffc14c87b5f60ad42d46b458 a95fb2e09ebe46d282f429652af4b6ca - - - -] Successfully bumped revision number for resource 01ca48d4-5c38-4a03-9fab-41dd593aa69d (type: security_group_rules) to 0
2026-07-22 23:22:57.784 9 INFO neutron.wsgi [None req-a3553a30-927d-44b7-9769-ed9508cf9d30 0e12ee40739d4de9a9e3bc8ed1ed8b72 cb0658c4ce49471abd2ade90d2e91634 - - default default] 10.0.0.216 "GET /v2.0/subnets HTTP/1.1" status: 200 len: 2084 time: 0.0554779
2026-07-22 23:22:57.791 10 INFO neutron.wsgi [None req-24f9de12-2427-4e2a-912e-35b18f4a37c8 22923918ffc14c87b5f60ad42d46b458 a95fb2e09ebe46d282f429652af4b6ca - - - -] 10.0.0.216 "POST /v2.0/security-group-rules HTTP/1.1" status: 201 len: 773 time: 0.1486979
2026-07-22 23:22:57.989 10 INFO neutron.wsgi [None req-fc75dcf3-d38f-4c5e-9c55-b5baf2b58c6a 0e12ee40739d4de9a9e3bc8ed1ed8b72 cb0658c4ce49471abd2ade90d2e91634 - - - -] 10.0.0.216 "DELETE /v2.0/subnets/fe9d9711-1e66-4dc3-b100-940aff2debf6 HTTP/1.1" status: 204 len: 168 time: 0.1949406
2026-07-22 23:22:58.134 9 INFO neutron.db.ovn_revision_numbers_db [None req-87edd664-8c73-40b7-b613-57ebe735d4ee 0c3ddadbcf43466dbd7bd2530467e5b1 554cd625b1a4414cadbad8ef66f7d718 - - - -] Successfully bumped revision number for resource 48f401ea-5885-48f4-af43-4c63f2aafe58 (type: security_groups) to 1
2026-07-22 23:22:58.199 9 INFO neutron.db.segments_db [None req-87edd664-8c73-40b7-b613-57ebe735d4ee 0c3ddadbcf43466dbd7bd2530467e5b1 554cd625b1a4414cadbad8ef66f7d718 - - - -] Added segment 8afe2818-1e21-4d12-84f9-28f08103c0ca of type geneve for network a104313b-6349-4318-864e-357b101c68d8
2026-07-22 23:22:58.202 9 INFO neutron.wsgi [None req-07968ee5-02cf-4434-bc2d-57c4103cbbaf 0e12ee40739d4de9a9e3bc8ed1ed8b72 cb0658c4ce49471abd2ade90d2e91634 - - - -] 10.0.0.216 "DELETE /v2.0/subnets/f07e383a-3c4d-469d-95e4-8151918b9417 HTTP/1.1" status: 204 len: 168 time: 0.2054539
2026-07-22 23:22:58.282 10 INFO neutron.wsgi [None req-49f157f3-5ead-48c0-98f6-eb91191afe0b 0e12ee40739d4de9a9e3bc8ed1ed8b72 cb0658c4ce49471abd2ade90d2e91634 - - default default] 10.0.0.216 "GET /v2.0/subnets HTTP/1.1" status: 200 len: 820 time: 0.0703835
2026-07-22 23:22:58.366 9 INFO neutron.db.ovn_revision_numbers_db [None req-87edd664-8c73-40b7-b613-57ebe735d4ee 0c3ddadbcf43466dbd7bd2530467e5b1 554cd625b1a4414cadbad8ef66f7d718 - - - -] Successfully bumped revision number for resource a104313b-6349-4318-864e-357b101c68d8 (type: networks) to 1
2026-07-22 23:22:58.375 10 INFO neutron.wsgi [None req-0f316180-ee1a-4e26-9ae7-375d7ab50c7c 22923918ffc14c87b5f60ad42d46b458 a95fb2e09ebe46d282f429652af4b6ca - - default default] 10.0.0.216 "GET /v2.0/networks HTTP/1.1" status: 200 len: 1492 time: 0.1815834
2026-07-22 23:22:58.496 10 INFO neutron.wsgi [req-1a5d0502-51d1-42a6-9f8f-8bc81bdf1220 req-43caa2e3-2318-4030-9451-a184305e79e7 22923918ffc14c87b5f60ad42d46b458 a95fb2e09ebe46d282f429652af4b6ca - - default default] 10.0.0.112 "GET /v2.0/security-groups?name=tempest-secgroup-smoke-795034735&fields=id&tenant_id=a95fb2e09ebe46d282f429652af4b6ca HTTP/1.1" status: 200 len: 267 time: 0.0375223
2026-07-22 23:22:58.580 10 INFO neutron.wsgi [req-1a5d0502-51d1-42a6-9f8f-8bc81bdf1220 req-eeab6eea-db1b-45fa-9d18-d35690ac0d63 22923918ffc14c87b5f60ad42d46b458 a95fb2e09ebe46d282f429652af4b6ca - - default default] 10.0.0.112 "GET /v2.0/networks?id=b78e26b0-4b9a-49f6-ac10-06c48ead53fc HTTP/1.1" status: 200 len: 859 time: 0.0757000
2026-07-22 23:22:58.596 10 INFO neutron.wsgi [req-1a5d0502-51d1-42a6-9f8f-8bc81bdf1220 req-ff04de97-7558-4910-a951-7f2c25b82f89 22923918ffc14c87b5f60ad42d46b458 a95fb2e09ebe46d282f429652af4b6ca - - default default] 10.0.0.112 "GET /v2.0/quotas/a95fb2e09ebe46d282f429652af4b6ca HTTP/1.1" status: 200 len: 386 time: 0.0101969
2026-07-22 23:22:58.628 9 WARNING neutron.scheduler.dhcp_agent_scheduler [None req-87edd664-8c73-40b7-b613-57ebe735d4ee 0c3ddadbcf43466dbd7bd2530467e5b1 554cd625b1a4414cadbad8ef66f7d718 - - - -] No more DHCP agents
2026-07-22 23:22:58.629 9 WARNING neutron.api.rpc.agentnotifiers.dhcp_rpc_agent_api [None req-87edd664-8c73-40b7-b613-57ebe735d4ee 0c3ddadbcf43466dbd7bd2530467e5b1 554cd625b1a4414cadbad8ef66f7d718 - - - -] Unable to schedule network a104313b-6349-4318-864e-357b101c68d8: no agents available; will retry on subsequent port and subnet creation events.
2026-07-22 23:22:58.705 9 INFO neutron.db.ovn_revision_numbers_db [None req-87edd664-8c73-40b7-b613-57ebe735d4ee 0c3ddadbcf43466dbd7bd2530467e5b1 554cd625b1a4414cadbad8ef66f7d718 - - - -] Successfully bumped revision number for resource 3742ea71-6e1d-4261-8a8f-f9fced640d1e (type: ports) to 1
2026-07-22 23:22:58.707 10 INFO neutron.wsgi [req-1a5d0502-51d1-42a6-9f8f-8bc81bdf1220 req-ef07d7c1-55b0-40a5-9ddf-d937a2bbdfce 22923918ffc14c87b5f60ad42d46b458 a95fb2e09ebe46d282f429652af4b6ca - - default default] 10.0.0.112 "GET /v2.0/ports?tenant_id=a95fb2e09ebe46d282f429652af4b6ca&fields=id HTTP/1.1" status: 200 len: 348 time: 0.1066682
2026-07-22 23:22:58.737 9 INFO neutron.wsgi [None req-87edd664-8c73-40b7-b613-57ebe735d4ee 0c3ddadbcf43466dbd7bd2530467e5b1 554cd625b1a4414cadbad8ef66f7d718 - - - -] 10.0.0.216 "POST /v2.0/networks HTTP/1.1" status: 201 len: 848 time: 0.8927031
2026-07-22 23:22:58.815 10 INFO neutron.wsgi [req-1a5d0502-51d1-42a6-9f8f-8bc81bdf1220 req-b1e94f8d-18ad-4303-ae41-06063b39eee3 404045f7f66148ca87b33c3deb64ffac e48df614e2a542a690e1cc22a276933b - - 5e99659270f44b0f8c46fcb0fc3691df 5e99659270f44b0f8c46fcb0fc3691df] 10.0.0.112 "GET /v2.0/networks/b78e26b0-4b9a-49f6-ac10-06c48ead53fc?fields=segments HTTP/1.1" status: 200 len: 212 time: 0.0942147
2026-07-22 23:22:58.821 9 INFO neutron.services.segments.plugin [-] Segment 7e4994f1-bf69-4b03-b013-f85fb7a9c7b6 resource provider aggregate not found
2026-07-22 23:22:58.826 9 INFO neutron.services.segments.plugin [-] Segment 7e4994f1-bf69-4b03-b013-f85fb7a9c7b6 resource provider aggregate not found
2026-07-22 23:22:58.902 10 INFO neutron.wsgi [req-1a5d0502-51d1-42a6-9f8f-8bc81bdf1220 req-910cd503-5fdb-48f2-974f-1c507d4f6324 404045f7f66148ca87b33c3deb64ffac e48df614e2a542a690e1cc22a276933b - - 5e99659270f44b0f8c46fcb0fc3691df 5e99659270f44b0f8c46fcb0fc3691df] 10.0.0.112 "GET /v2.0/networks/b78e26b0-4b9a-49f6-ac10-06c48ead53fc?fields=provider%3Aphysical_network&fields=provider%3Anetwork_type HTTP/1.1" status: 200 len: 277 time: 0.0781629
2026-07-22 23:22:59.036 10 WARNING neutron.scheduler.dhcp_agent_scheduler [None req-7c76ed23-9317-4dae-80a8-e35cf26a8061 0c3ddadbcf43466dbd7bd2530467e5b1 554cd625b1a4414cadbad8ef66f7d718 - - - -] No more DHCP agents
2026-07-22 23:22:59.040 10 WARNING neutron.api.rpc.agentnotifiers.dhcp_rpc_agent_api [None req-7c76ed23-9317-4dae-80a8-e35cf26a8061 0c3ddadbcf43466dbd7bd2530467e5b1 554cd625b1a4414cadbad8ef66f7d718 - - - -] Unable to schedule network a104313b-6349-4318-864e-357b101c68d8: no agents available; will retry on subsequent port and subnet creation events.
2026-07-22 23:22:59.070 9 INFO neutron.services.segments.plugin [-] Segment 7e4994f1-bf69-4b03-b013-f85fb7a9c7b6 resource provider not found; error: Placement Client Error (4xx): {"errors": [{"status": 404, "title": "Not Found", "detail": "The resource could not be found.\n\n No resource provider with uuid 7e4994f1-bf69-4b03-b013-f85fb7a9c7b6 found for delete ", "request_id": "req-d61673bb-6045-495c-91ae-7a22f92790ca"}]}
2026-07-22 23:22:59.070 9 INFO neutron.services.segments.plugin [-] Segment 7e4994f1-bf69-4b03-b013-f85fb7a9c7b6 resource provider not found; error: Placement Client Error (4xx): {"errors": [{"status": 404, "title": "Not Found", "detail": "The resource could not be found.\n\n No resource provider with uuid 7e4994f1-bf69-4b03-b013-f85fb7a9c7b6 found for delete ", "request_id": "req-a8d4ebbe-dfbe-4ddd-b184-792dc0b59694"}]}
2026-07-22 23:22:59.090 9 INFO neutron.wsgi [req-f9d8ef01-9a11-4d78-bc08-360944caa347 req-990c46e2-5a66-4a58-a0d0-7d5ffb0d4dce 22923918ffc14c87b5f60ad42d46b458 a95fb2e09ebe46d282f429652af4b6ca - - default default] 10.0.0.112 "GET /v2.0/ports?device_id=0733ba4f-f693-419a-9bb1-83e760c1bef4 HTTP/1.1" status: 200 len: 210 time: 0.0195875
2026-07-22 23:22:59.113 10 INFO neutron.db.ovn_revision_numbers_db [None req-7c76ed23-9317-4dae-80a8-e35cf26a8061 0c3ddadbcf43466dbd7bd2530467e5b1 554cd625b1a4414cadbad8ef66f7d718 - - - -] Successfully bumped revision number for resource 8ad36817-fafc-455c-9dfd-c773cd1eed93 (type: ports) to 1
2026-07-22 23:22:59.118 9 INFO neutron.wsgi [None req-5e0ed585-2db1-43f4-b00c-b18f7c143b37 0e12ee40739d4de9a9e3bc8ed1ed8b72 cb0658c4ce49471abd2ade90d2e91634 - - - -] 10.0.0.216 "DELETE /v2.0/networks/eedfa855-b19c-4792-be9a-155b5f1e5127 HTTP/1.1" status: 204 len: 168 time: 0.8248253 /var/lib/openstack/lib/python3.10/site-packages/pycadf/identifier.py:71: UserWarning: Invalid uuid: neutron. To ensure interoperability, identifiers should be a valid uuid. warnings.warn(('Invalid uuid: %s. To ensure interoperability, '
2026-07-22 23:22:59.151 10 INFO neutron.wsgi [None req-7c76ed23-9317-4dae-80a8-e35cf26a8061 0c3ddadbcf43466dbd7bd2530467e5b1 554cd625b1a4414cadbad8ef66f7d718 - - - -] 10.0.0.216 "POST /v2.0/ports HTTP/1.1" status: 201 len: 977 time: 0.4072590
2026-07-22 23:22:59.242 9 INFO neutron.db.segments_db [None req-8c14e4d5-038b-4967-a886-3b00c82005f3 0c3ddadbcf43466dbd7bd2530467e5b1 554cd625b1a4414cadbad8ef66f7d718 - - - -] Added segment 1faf1f12-2618-48d7-b708-f409369bea2e of type geneve for network 145d2827-4ea3-4958-96d5-436d52483a51
2026-07-22 23:22:59.381 9 INFO neutron.db.ovn_revision_numbers_db [None req-8c14e4d5-038b-4967-a886-3b00c82005f3 0c3ddadbcf43466dbd7bd2530467e5b1 554cd625b1a4414cadbad8ef66f7d718 - - - -] Successfully bumped revision number for resource 145d2827-4ea3-4958-96d5-436d52483a51 (type: networks) to 1
2026-07-22 23:22:59.594 9 WARNING neutron.scheduler.dhcp_agent_scheduler [None req-8c14e4d5-038b-4967-a886-3b00c82005f3 0c3ddadbcf43466dbd7bd2530467e5b1 554cd625b1a4414cadbad8ef66f7d718 - - - -] No more DHCP agents
2026-07-22 23:22:59.597 9 WARNING neutron.api.rpc.agentnotifiers.dhcp_rpc_agent_api [None req-8c14e4d5-038b-4967-a886-3b00c82005f3 0c3ddadbcf43466dbd7bd2530467e5b1 554cd625b1a4414cadbad8ef66f7d718 - - - -] Unable to schedule network 145d2827-4ea3-4958-96d5-436d52483a51: no agents available; will retry on subsequent port and subnet creation events.
2026-07-22 23:22:59.666 9 INFO neutron.db.ovn_revision_numbers_db [None req-8c14e4d5-038b-4967-a886-3b00c82005f3 0c3ddadbcf43466dbd7bd2530467e5b1 554cd625b1a4414cadbad8ef66f7d718 - - - -] Successfully bumped revision number for resource 2259dbba-dd15-416e-84cf-ebefbb48baaa (type: ports) to 1
2026-07-22 23:22:59.687 9 INFO neutron.wsgi [None req-8c14e4d5-038b-4967-a886-3b00c82005f3 0c3ddadbcf43466dbd7bd2530467e5b1 554cd625b1a4414cadbad8ef66f7d718 - - - -] 10.0.0.216 "POST /v2.0/networks HTTP/1.1" status: 201 len: 834 time: 0.5305715
2026-07-22 23:22:59.861 10 INFO neutron.services.segments.plugin [-] Segment 97adfd25-8071-4ccc-a495-49d74c04f287 resource provider aggregate not found
2026-07-22 23:22:59.869 10 INFO neutron.services.segments.plugin [-] Segment 97adfd25-8071-4ccc-a495-49d74c04f287 resource provider aggregate not found
2026-07-22 23:22:59.897 10 INFO neutron.services.segments.plugin [-] Segment 97adfd25-8071-4ccc-a495-49d74c04f287 resource provider not found; error: Placement Client Error (4xx): {"errors": [{"status": 404, "title": "Not Found", "detail": "The resource could not be found.\n\n No resource provider with uuid 97adfd25-8071-4ccc-a495-49d74c04f287 found for delete ", "request_id": "req-48dcfe07-b0b2-4e08-adfe-7c2e6edfacb9"}]}
2026-07-22 23:22:59.909 10 INFO neutron.wsgi [req-1a5d0502-51d1-42a6-9f8f-8bc81bdf1220 req-8bc56191-7a27-4b29-8996-65b0a201a040 22923918ffc14c87b5f60ad42d46b458 a95fb2e09ebe46d282f429652af4b6ca - - default default] 199.19.213.74 "GET /v2.0/networks?id=b78e26b0-4b9a-49f6-ac10-06c48ead53fc HTTP/1.1" status: 200 len: 859 time: 0.1213074
2026-07-22 23:22:59.914 10 INFO neutron.services.segments.plugin [-] Segment 97adfd25-8071-4ccc-a495-49d74c04f287 resource provider not found; error: Placement Client Error (4xx): {"errors": [{"status": 404, "title": "Not Found", "detail": "The resource could not be found.\n\n No resource provider with uuid 97adfd25-8071-4ccc-a495-49d74c04f287 found for delete ", "request_id": "req-2d1c5665-f926-44d6-a78c-8ecb85f051d1"}]}
