2026-07-22 23:24:17.615 9 INFO neutron.db.ovn_revision_numbers_db [None req-f9319220-09f2-494c-abbf-20372b249e5b d8d3b43df15c4a55bf77c57bb6571987 a94ab11217a74ce6bb2df4a8887dd458 - - - -] Successfully bumped revision number for resource b4055658-4a18-41fe-afc2-a956f3fb2330 (type: ports) to 1
2026-07-22 23:24:17.640 10 INFO neutron.db.segments_db [None req-77f63e95-e66f-4baf-a8a2-efad9bf83f29 49bcf7eb5c7b441d8b867f0be0e65ccc 380685955c034a3781b3da8357c51553 - - - -] Added segment d6fae970-855d-43ae-8559-f7771d628abd of type geneve for network 109c2287-324f-4331-b5be-d3e9bfe5dc51
2026-07-22 23:24:17.651 9 INFO neutron.wsgi [None req-f9319220-09f2-494c-abbf-20372b249e5b d8d3b43df15c4a55bf77c57bb6571987 a94ab11217a74ce6bb2df4a8887dd458 - - - -] 10.0.0.216 "POST /v2.0/networks HTTP/1.1" status: 201 len: 831 time: 0.8489530
2026-07-22 23:24:17.845 10 INFO neutron.db.ovn_revision_numbers_db [None req-77f63e95-e66f-4baf-a8a2-efad9bf83f29 49bcf7eb5c7b441d8b867f0be0e65ccc 380685955c034a3781b3da8357c51553 - - - -] Successfully bumped revision number for resource 109c2287-324f-4331-b5be-d3e9bfe5dc51 (type: networks) to 1
2026-07-22 23:24:17.955 9 WARNING neutron.scheduler.dhcp_agent_scheduler [None req-58688e56-a844-40fe-b9c3-35f19030d5db d8d3b43df15c4a55bf77c57bb6571987 a94ab11217a74ce6bb2df4a8887dd458 - - - -] No more DHCP agents
2026-07-22 23:24:17.957 9 WARNING neutron.api.rpc.agentnotifiers.dhcp_rpc_agent_api [None req-58688e56-a844-40fe-b9c3-35f19030d5db d8d3b43df15c4a55bf77c57bb6571987 a94ab11217a74ce6bb2df4a8887dd458 - - - -] Unable to schedule network 791a4e53-2882-4f00-8ef0-875a82473d6d: no agents available; will retry on subsequent port and subnet creation events.
2026-07-22 23:24:17.984 9 INFO neutron.plugins.ml2.drivers.ovn.mech_driver.mech_driver [None req-e94773ee-e484-46ec-9ae7-301148bfd26a - - - - - -] OVN reports status up for port: 549c3b3d-8040-4d4e-ab26-e9513b66ad84
2026-07-22 23:24:17.988 9 INFO neutron.plugins.ml2.drivers.ovn.mech_driver.ovsdb.ovsdb_monitor [None req-5a33034c-4f5a-4700-bba1-5be1127be8a4 - - - - - -] Router 2e673340-551a-47d3-a8ba-bf338df5bba3 is bound to host instance
2026-07-22 23:24:18.012 9 INFO neutron.plugins.ml2.plugin [None req-e94773ee-e484-46ec-9ae7-301148bfd26a - - - - - -] Attempt 1 to provision port 549c3b3d-8040-4d4e-ab26-e9513b66ad84
2026-07-22 23:24:18.033 10 INFO neutron.db.ovn_revision_numbers_db [None req-53b7cb3e-9666-4a95-a7f5-2cbd8dc580da cf73f69d1f7e49a59cf81fa0f22f15b3 54c749f18dbc43a79f6dd70b33b72377 - - - -] Successfully bumped revision number for resource 549c3b3d-8040-4d4e-ab26-e9513b66ad84 (type: router_ports) to 1
2026-07-22 23:24:18.113 10 WARNING neutron.scheduler.dhcp_agent_scheduler [None req-77f63e95-e66f-4baf-a8a2-efad9bf83f29 49bcf7eb5c7b441d8b867f0be0e65ccc 380685955c034a3781b3da8357c51553 - - - -] No more DHCP agents
2026-07-22 23:24:18.115 10 INFO neutron.db.ovn_revision_numbers_db [None req-53b7cb3e-9666-4a95-a7f5-2cbd8dc580da cf73f69d1f7e49a59cf81fa0f22f15b3 54c749f18dbc43a79f6dd70b33b72377 - - - -] Successfully bumped revision number for resource 2e673340-551a-47d3-a8ba-bf338df5bba3 (type: routers) to 3
2026-07-22 23:24:18.116 10 WARNING neutron.api.rpc.agentnotifiers.dhcp_rpc_agent_api [None req-77f63e95-e66f-4baf-a8a2-efad9bf83f29 49bcf7eb5c7b441d8b867f0be0e65ccc 380685955c034a3781b3da8357c51553 - - - -] Unable to schedule network 109c2287-324f-4331-b5be-d3e9bfe5dc51: no agents available; will retry on subsequent port and subnet creation events.
2026-07-22 23:24:18.140 10 INFO neutron.wsgi [None req-53b7cb3e-9666-4a95-a7f5-2cbd8dc580da cf73f69d1f7e49a59cf81fa0f22f15b3 54c749f18dbc43a79f6dd70b33b72377 - - - -] 10.0.0.216 "POST /v2.0/routers HTTP/1.1" status: 201 len: 873 time: 1.5585186
2026-07-22 23:24:18.214 10 INFO neutron.db.ovn_revision_numbers_db [None req-77f63e95-e66f-4baf-a8a2-efad9bf83f29 49bcf7eb5c7b441d8b867f0be0e65ccc 380685955c034a3781b3da8357c51553 - - - -] Successfully bumped revision number for resource e982b39e-4fd0-49b6-a12b-b411d79f3274 (type: ports) to 1
2026-07-22 23:24:18.241 10 INFO neutron.wsgi [None req-77f63e95-e66f-4baf-a8a2-efad9bf83f29 49bcf7eb5c7b441d8b867f0be0e65ccc 380685955c034a3781b3da8357c51553 - - - -] 10.0.0.216 "POST /v2.0/networks HTTP/1.1" status: 201 len: 838 time: 0.9743598
2026-07-22 23:24:18.382 10 INFO neutron.wsgi [None req-4fa6cefa-9bf4-4a8d-8986-e88c5ff85d94 957edd414e3740df8f0e9c001326e5e2 ad2fc1b0d3a1456fa0bc6b40384022a0 - - - -] 10.0.0.216 "POST /v2.0/qos/policies HTTP/1.1" status: 201 len: 558 time: 0.2546616
2026-07-22 23:24:18.491 10 INFO neutron.wsgi [None req-d228f770-92f9-44fe-8358-7c601b7a0932 957edd414e3740df8f0e9c001326e5e2 ad2fc1b0d3a1456fa0bc6b40384022a0 - - - -] 10.0.0.216 "POST /v2.0/qos/policies HTTP/1.1" status: 201 len: 558 time: 0.1013355
2026-07-22 23:24:18.583 10 INFO neutron.wsgi [None req-a469638e-8728-4083-b896-bed8dead6546 957edd414e3740df8f0e9c001326e5e2 ad2fc1b0d3a1456fa0bc6b40384022a0 - - - -] 10.0.0.216 "POST /v2.0/qos/policies HTTP/1.1" status: 201 len: 558 time: 0.0853586
2026-07-22 23:24:18.652 10 WARNING neutron.scheduler.dhcp_agent_scheduler [None req-a5a77dc1-6aea-47e2-acee-84fa3df09917 49bcf7eb5c7b441d8b867f0be0e65ccc 380685955c034a3781b3da8357c51553 - - - -] No more DHCP agents
2026-07-22 23:24:18.655 10 INFO neutron.wsgi [None req-28fe171c-1583-4727-9a08-8b3285de862e 957edd414e3740df8f0e9c001326e5e2 ad2fc1b0d3a1456fa0bc6b40384022a0 - - - -] 10.0.0.216 "POST /v2.0/qos/policies HTTP/1.1" status: 201 len: 558 time: 0.0667942
2026-07-22 23:24:18.658 10 WARNING neutron.api.rpc.agentnotifiers.dhcp_rpc_agent_api [None req-a5a77dc1-6aea-47e2-acee-84fa3df09917 49bcf7eb5c7b441d8b867f0be0e65ccc 380685955c034a3781b3da8357c51553 - - - -] Unable to schedule network 109c2287-324f-4331-b5be-d3e9bfe5dc51: no agents available; will retry on subsequent port and subnet creation events.
2026-07-22 23:24:18.739 10 INFO neutron.wsgi [None req-057ff387-b2eb-4310-a964-5bd87d2e8b1d 957edd414e3740df8f0e9c001326e5e2 ad2fc1b0d3a1456fa0bc6b40384022a0 - - - -] 10.0.0.216 "POST /v2.0/qos/policies HTTP/1.1" status: 201 len: 558 time: 0.0752096
2026-07-22 23:24:18.791 10 INFO neutron.wsgi [None req-e3fcb433-3b51-4b12-8d8c-110e58db1268 957edd414e3740df8f0e9c001326e5e2 ad2fc1b0d3a1456fa0bc6b40384022a0 - - - -] 10.0.0.216 "PUT /v2.0/policies/ca4d0327-8109-499c-b5a0-04f05f7a00c6/tags HTTP/1.1" status: 200 len: 210 time: 0.0336113
2026-07-22 23:24:18.857 9 INFO neutron.wsgi [None req-6641086a-63ae-4456-96eb-2696a7d0b91a 957edd414e3740df8f0e9c001326e5e2 ad2fc1b0d3a1456fa0bc6b40384022a0 - - - -] 10.0.0.216 "PUT /v2.0/policies/85d25d33-fa47-4a2d-8891-2277019ef5d2/tags HTTP/1.1" status: 200 len: 218 time: 0.0587525
2026-07-22 23:24:18.919 9 INFO neutron.wsgi [None req-f6c2e48a-c3dd-4bea-8b69-16fa1089d56b 957edd414e3740df8f0e9c001326e5e2 ad2fc1b0d3a1456fa0bc6b40384022a0 - - - -] 10.0.0.216 "PUT /v2.0/policies/e94d98a6-8301-4f1a-9f98-3328a358e4ec/tags HTTP/1.1" status: 200 len: 227 time: 0.0545719
2026-07-22 23:24:18.979 9 INFO neutron.wsgi [None req-eb7b1f02-6c63-45c7-8c06-947b1a9373a4 957edd414e3740df8f0e9c001326e5e2 ad2fc1b0d3a1456fa0bc6b40384022a0 - - - -] 10.0.0.216 "PUT /v2.0/policies/033e2978-8ec1-47f3-9029-d85d17c40000/tags HTTP/1.1" status: 200 len: 212 time: 0.0547082
2026-07-22 23:24:18.996 9 INFO neutron.db.ovn_revision_numbers_db [None req-58688e56-a844-40fe-b9c3-35f19030d5db d8d3b43df15c4a55bf77c57bb6571987 a94ab11217a74ce6bb2df4a8887dd458 - - - -] Successfully bumped revision number for resource b4055658-4a18-41fe-afc2-a956f3fb2330 (type: ports) to 2
2026-07-22 23:24:19.029 9 INFO neutron.db.ovn_revision_numbers_db [None req-58688e56-a844-40fe-b9c3-35f19030d5db d8d3b43df15c4a55bf77c57bb6571987 a94ab11217a74ce6bb2df4a8887dd458 - - - -] Successfully bumped revision number for resource 6e5f0861-eab0-4c98-95c0-b8ac6738fa29 (type: subnets) to 0
2026-07-22 23:24:19.048 9 INFO neutron.wsgi [None req-58688e56-a844-40fe-b9c3-35f19030d5db d8d3b43df15c4a55bf77c57bb6571987 a94ab11217a74ce6bb2df4a8887dd458 - - - -] 10.0.0.216 "POST /v2.0/subnets HTTP/1.1" status: 201 len: 801 time: 1.3915477
2026-07-22 23:24:19.052 9 INFO neutron.db.ovn_revision_numbers_db [None req-5a33034c-4f5a-4700-bba1-5be1127be8a4 - - - - - -] Successfully bumped revision number for resource 549c3b3d-8040-4d4e-ab26-e9513b66ad84 (type: ports) to 1
2026-07-22 23:24:19.101 10 WARNING neutron.scheduler.dhcp_agent_scheduler [None req-6e2faa11-baec-4455-9242-da2bc3da5a35 cf73f69d1f7e49a59cf81fa0f22f15b3 54c749f18dbc43a79f6dd70b33b72377 - - default default] No more DHCP agents
2026-07-22 23:24:19.103 9 INFO neutron.wsgi [None req-1831ae83-bd45-4b55-ad37-8937ea906ac9 d8d3b43df15c4a55bf77c57bb6571987 a94ab11217a74ce6bb2df4a8887dd458 - - - -] 10.0.0.216 "PUT /v2.0/subnets/6e5f0861-eab0-4c98-95c0-b8ac6738fa29/tags HTTP/1.1" status: 200 len: 218 time: 0.0486417
2026-07-22 23:24:19.104 10 WARNING neutron.api.rpc.agentnotifiers.dhcp_rpc_agent_api [None req-6e2faa11-baec-4455-9242-da2bc3da5a35 cf73f69d1f7e49a59cf81fa0f22f15b3 54c749f18dbc43a79f6dd70b33b72377 - - default default] Unable to schedule network 3ae4419d-abce-41be-9702-1ba8f4ecc54e: no agents available; will retry on subsequent port and subnet creation events.
2026-07-22 23:24:19.148 9 INFO neutron.wsgi [None req-7ab61866-0e6a-4f94-984b-61d80327e077 d8d3b43df15c4a55bf77c57bb6571987 a94ab11217a74ce6bb2df4a8887dd458 - - default default] 10.0.0.216 "GET /v2.0/subnets/6e5f0861-eab0-4c98-95c0-b8ac6738fa29/tags HTTP/1.1" status: 200 len: 218 time: 0.0355179
2026-07-22 23:24:19.246 9 INFO neutron.wsgi [None req-0a1e3b19-b458-41c3-a4b3-2655cd1fe142 d8d3b43df15c4a55bf77c57bb6571987 a94ab11217a74ce6bb2df4a8887dd458 - - - -] 10.0.0.216 "PUT /v2.0/subnets/6e5f0861-eab0-4c98-95c0-b8ac6738fa29/tags/green HTTP/1.1" status: 201 len: 201 time: 0.0908539
2026-07-22 23:24:19.302 9 INFO neutron.wsgi [None req-2c9857f3-e812-4e62-a3b6-2675541fc50b d8d3b43df15c4a55bf77c57bb6571987 a94ab11217a74ce6bb2df4a8887dd458 - - default default] 10.0.0.216 "GET /v2.0/subnets/6e5f0861-eab0-4c98-95c0-b8ac6738fa29/tags HTTP/1.1" status: 200 len: 227 time: 0.0519342
2026-07-22 23:24:19.313 10 INFO neutron.db.ovn_revision_numbers_db [None req-6e2faa11-baec-4455-9242-da2bc3da5a35 cf73f69d1f7e49a59cf81fa0f22f15b3 54c749f18dbc43a79f6dd70b33b72377 - - default default] Successfully bumped revision number for resource e9693fc6-db74-4d03-99be-bfd75fe5cca5 (type: ports) to 1
2026-07-22 23:24:19.395 9 INFO neutron.wsgi [-] 10.0.0.59 "GET / HTTP/1.1" status: 200 len: 246 time: 0.0016706
2026-07-22 23:24:19.397 9 INFO neutron.wsgi [-] 10.0.0.59 "GET / HTTP/1.1" status: 200 len: 246 time: 0.0014498
2026-07-22 23:24:19.399 9 INFO neutron.db.ovn_revision_numbers_db [None req-5a33034c-4f5a-4700-bba1-5be1127be8a4 - - - - - -] Successfully bumped revision number for resource 549c3b3d-8040-4d4e-ab26-e9513b66ad84 (type: router_ports) to 3
2026-07-22 23:24:19.417 10 INFO neutron.wsgi [None req-76d419f2-0022-4e90-80d0-0f685b7b2edc d8d3b43df15c4a55bf77c57bb6571987 a94ab11217a74ce6bb2df4a8887dd458 - - - -] 10.0.0.216 "PUT /v2.0/subnets/6e5f0861-eab0-4c98-95c0-b8ac6738fa29/tags/red HTTP/1.1" status: 201 len: 201 time: 0.1059895
2026-07-22 23:24:19.483 9 INFO neutron.wsgi [None req-d9648089-bb31-4c0b-9813-15126886d71c d8d3b43df15c4a55bf77c57bb6571987 a94ab11217a74ce6bb2df4a8887dd458 - - default default] 10.0.0.216 "GET /v2.0/subnets/6e5f0861-eab0-4c98-95c0-b8ac6738fa29/tags HTTP/1.1" status: 200 len: 227 time: 0.0587993
2026-07-22 23:24:19.560 9 INFO neutron.wsgi [None req-c5dd1132-cc36-43fc-aa15-ec6801aaa37e d8d3b43df15c4a55bf77c57bb6571987 a94ab11217a74ce6bb2df4a8887dd458 - - - -] 10.0.0.216 "PUT /v2.0/subnets/6e5f0861-eab0-4c98-95c0-b8ac6738fa29/tags/black.or.white HTTP/1.1" status: 201 len: 201 time: 0.0703862
2026-07-22 23:24:19.606 9 INFO neutron.db.ovn_revision_numbers_db [None req-5a33034c-4f5a-4700-bba1-5be1127be8a4 - - - - - -] Successfully bumped revision number for resource 549c3b3d-8040-4d4e-ab26-e9513b66ad84 (type: ports) to 2
2026-07-22 23:24:19.620 9 INFO neutron.wsgi [None req-e8b145af-1fce-4d1e-8229-f3bec62241db 0beed1216bd143bfa642bab0016e8473 1638e0b2388c4b99a7d9cce1ff2ad5de - - default default] 10.0.0.216 "GET /v2.0/qos/policies?tags=red HTTP/1.1" status: 200 len: 1296 time: 0.2219963
2026-07-22 23:24:19.634 10 INFO neutron.wsgi [None req-4cfbca3f-8581-4905-9607-252016965693 d8d3b43df15c4a55bf77c57bb6571987 a94ab11217a74ce6bb2df4a8887dd458 - - default default] 10.0.0.216 "GET /v2.0/subnets/6e5f0861-eab0-4c98-95c0-b8ac6738fa29/tags HTTP/1.1" status: 200 len: 245 time: 0.0662658
2026-07-22 23:24:19.700 10 INFO neutron.db.ovn_revision_numbers_db [None req-a5a77dc1-6aea-47e2-acee-84fa3df09917 49bcf7eb5c7b441d8b867f0be0e65ccc 380685955c034a3781b3da8357c51553 - - - -] Successfully bumped revision number for resource e982b39e-4fd0-49b6-a12b-b411d79f3274 (type: ports) to 2
2026-07-22 23:24:19.704 9 INFO neutron.wsgi [None req-18446320-beab-4c9b-8ca3-749c3173dd55 0beed1216bd143bfa642bab0016e8473 1638e0b2388c4b99a7d9cce1ff2ad5de - - default default] 10.0.0.216 "GET /v2.0/qos/policies?tags=red%2Cblue HTTP/1.1" status: 200 len: 941 time: 0.0750365
2026-07-22 23:24:19.709 10 INFO neutron.wsgi [None req-10bee80a-f594-4aeb-9246-da9bc8b2f41c d8d3b43df15c4a55bf77c57bb6571987 a94ab11217a74ce6bb2df4a8887dd458 - - - -] 10.0.0.216 "PUT /v2.0/subnets/6e5f0861-eab0-4c98-95c0-b8ac6738fa29/tags HTTP/1.1" status: 200 len: 230 time: 0.0690377
2026-07-22 23:24:19.733 10 INFO neutron.db.ovn_revision_numbers_db [None req-a5a77dc1-6aea-47e2-acee-84fa3df09917 49bcf7eb5c7b441d8b867f0be0e65ccc 380685955c034a3781b3da8357c51553 - - - -] Successfully bumped revision number for resource a7562bf4-3737-44e8-9d58-1aa617553f40 (type: subnets) to 0
2026-07-22 23:24:19.748 9 INFO neutron.wsgi [None req-c03e4f09-1c97-48e3-8778-5fdb3779e04a d8d3b43df15c4a55bf77c57bb6571987 a94ab11217a74ce6bb2df4a8887dd458 - - default default] 10.0.0.216 "GET /v2.0/subnets/6e5f0861-eab0-4c98-95c0-b8ac6738fa29/tags HTTP/1.1" status: 200 len: 230 time: 0.0328653
2026-07-22 23:24:19.768 10 INFO neutron.wsgi [None req-a5a77dc1-6aea-47e2-acee-84fa3df09917 49bcf7eb5c7b441d8b867f0be0e65ccc 380685955c034a3781b3da8357c51553 - - - -] 10.0.0.216 "POST /v2.0/subnets HTTP/1.1" status: 201 len: 832 time: 1.4975681
2026-07-22 23:24:19.792 9 INFO neutron.wsgi [None req-3255b55c-7665-44c8-a241-5d2c27253fbd d8d3b43df15c4a55bf77c57bb6571987 a94ab11217a74ce6bb2df4a8887dd458 - - default default] 10.0.0.216 "GET /v2.0/subnets/6e5f0861-eab0-4c98-95c0-b8ac6738fa29/tags/red HTTP/1.1" status: 204 len: 168 time: 0.0364726
2026-07-22 23:24:19.824 10 INFO neutron.wsgi [None req-fa9680f3-d0a9-4125-bea3-a8753df61fa5 0beed1216bd143bfa642bab0016e8473 1638e0b2388c4b99a7d9cce1ff2ad5de - - default default] 10.0.0.216 "GET /v2.0/qos/policies?tags-any=blue HTTP/1.1" status: 200 len: 941 time: 0.1137817
2026-07-22 23:24:19.845 9 INFO neutron.api.v2.resource [None req-56ebd96c-586f-4b61-a292-ac1f7b99c7a1 d8d3b43df15c4a55bf77c57bb6571987 a94ab11217a74ce6bb2df4a8887dd458 - - default default] show failed (client error): The resource could not be found.
2026-07-22 23:24:19.846 9 INFO neutron.wsgi [None req-56ebd96c-586f-4b61-a292-ac1f7b99c7a1 d8d3b43df15c4a55bf77c57bb6571987 a94ab11217a74ce6bb2df4a8887dd458 - - default default] 10.0.0.216 "GET /v2.0/subnets/6e5f0861-eab0-4c98-95c0-b8ac6738fa29/tags/green HTTP/1.1" status: 404 len: 299 time: 0.0495563
2026-07-22 23:24:19.886 10 WARNING neutron.plugins.ml2.drivers.ovn.mech_driver.ovsdb.ovn_client [None req-bc687c49-6adf-4944-a055-3629312b5243 - - - - - -] No hosting information found for port db6ef247-331f-4633-b429-ee1126d1d3c4: RuntimeError: No hosting information found for port db6ef247-331f-4633-b429-ee1126d1d3c4
2026-07-22 23:24:19.887 9 INFO neutron.db.ovn_revision_numbers_db [None req-5a33034c-4f5a-4700-bba1-5be1127be8a4 - - - - - -] Successfully bumped revision number for resource 549c3b3d-8040-4d4e-ab26-e9513b66ad84 (type: ports) to 4
2026-07-22 23:24:19.894 10 INFO neutron.wsgi [None req-3d62552b-6076-4930-bac9-56f67020c5b4 efc148192ac24e33bee7f33f85240446 1772283e263b4a86b3567c7cb9fc5a28 - - default default] 10.0.0.216 "GET /v2.0/subnetpools?name=shared-default-subnetpool-v6 HTTP/1.1" status: 200 len: 212 time: 0.1210251
2026-07-22 23:24:19.897 9 INFO neutron.wsgi [None req-f1ef11d7-508c-41c4-ad19-6c7bf01ecb6e d8d3b43df15c4a55bf77c57bb6571987 a94ab11217a74ce6bb2df4a8887dd458 - - - -] 10.0.0.216 "DELETE /v2.0/subnets/6e5f0861-eab0-4c98-95c0-b8ac6738fa29/tags/red HTTP/1.1" status: 204 len: 168 time: 0.0442882
2026-07-22 23:24:20.015 10 INFO neutron.plugins.ml2.drivers.ovn.mech_driver.mech_driver [None req-bc687c49-6adf-4944-a055-3629312b5243 - - - - - -] OVN reports status up for port: e9693fc6-db74-4d03-99be-bfd75fe5cca5
2026-07-22 23:24:20.026 10 INFO neutron.db.ovn_revision_numbers_db [None req-6e2faa11-baec-4455-9242-da2bc3da5a35 cf73f69d1f7e49a59cf81fa0f22f15b3 54c749f18dbc43a79f6dd70b33b72377 - - default default] Successfully bumped revision number for resource e9693fc6-db74-4d03-99be-bfd75fe5cca5 (type: router_ports) to 2
2026-07-22 23:24:20.029 10 INFO neutron.plugins.ml2.plugin [None req-bc687c49-6adf-4944-a055-3629312b5243 - - - - - -] Attempt 1 to provision port e9693fc6-db74-4d03-99be-bfd75fe5cca5
2026-07-22 23:24:20.034 10 INFO neutron.wsgi [None req-457ce73a-95fd-4521-9464-4dcfc668e564 0beed1216bd143bfa642bab0016e8473 1638e0b2388c4b99a7d9cce1ff2ad5de - - default default] 10.0.0.216 "GET /v2.0/qos/policies?tags-any=red%2Cblue HTTP/1.1" status: 200 len: 1296 time: 0.2042494
2026-07-22 23:24:20.161 10 INFO neutron.wsgi [None req-fd0481bd-842b-40e0-87f5-edf27340a189 0beed1216bd143bfa642bab0016e8473 1638e0b2388c4b99a7d9cce1ff2ad5de - - default default] 10.0.0.216 "GET /v2.0/qos/policies?not-tags=red HTTP/1.1" status: 200 len: 913 time: 0.1169853
2026-07-22 23:24:20.280 10 INFO neutron.db.ovn_revision_numbers_db [None req-6e2faa11-baec-4455-9242-da2bc3da5a35 cf73f69d1f7e49a59cf81fa0f22f15b3 54c749f18dbc43a79f6dd70b33b72377 - - default default] Successfully bumped revision number for resource e9693fc6-db74-4d03-99be-bfd75fe5cca5 (type: ports) to 2
2026-07-22 23:24:20.298 9 INFO neutron.wsgi [None req-5760d9b7-b902-4c71-94ab-a1a0d9ddab93 d8d3b43df15c4a55bf77c57bb6571987 a94ab11217a74ce6bb2df4a8887dd458 - - default default] 10.0.0.216 "GET /v2.0/subnets/6e5f0861-eab0-4c98-95c0-b8ac6738fa29/tags HTTP/1.1" status: 200 len: 223 time: 0.3934271
2026-07-22 23:24:20.382 10 INFO neutron.wsgi [None req-338bbcf9-cadd-4f99-bec7-9cc63de0eb21 0beed1216bd143bfa642bab0016e8473 1638e0b2388c4b99a7d9cce1ff2ad5de - - default default] 10.0.0.216 "GET /v2.0/qos/policies?not-tags=red%2Cblue HTTP/1.1" status: 200 len: 1268 time: 0.2134433
2026-07-22 23:24:20.397 10 INFO neutron.api.v2.resource [None req-97098c17-c3ef-41b4-92eb-9ec0f78c38cb d8d3b43df15c4a55bf77c57bb6571987 a94ab11217a74ce6bb2df4a8887dd458 - - - -] delete failed (client error): The resource could not be found.
2026-07-22 23:24:20.398 10 INFO neutron.wsgi [None req-97098c17-c3ef-41b4-92eb-9ec0f78c38cb d8d3b43df15c4a55bf77c57bb6571987 a94ab11217a74ce6bb2df4a8887dd458 - - - -] 10.0.0.216 "DELETE /v2.0/subnets/6e5f0861-eab0-4c98-95c0-b8ac6738fa29/tags/green HTTP/1.1" status: 404 len: 299 time: 0.0913403
2026-07-22 23:24:20.424 10 WARNING neutron.scheduler.dhcp_agent_scheduler [None req-6e2faa11-baec-4455-9242-da2bc3da5a35 cf73f69d1f7e49a59cf81fa0f22f15b3 54c749f18dbc43a79f6dd70b33b72377 - - default default] No more DHCP agents
2026-07-22 23:24:20.429 10 WARNING neutron.api.rpc.agentnotifiers.dhcp_rpc_agent_api [None req-6e2faa11-baec-4455-9242-da2bc3da5a35 cf73f69d1f7e49a59cf81fa0f22f15b3 54c749f18dbc43a79f6dd70b33b72377 - - default default] Unable to schedule network 3ae4419d-abce-41be-9702-1ba8f4ecc54e: no agents available; will retry on subsequent port and subnet creation events.
2026-07-22 23:24:20.460 10 INFO neutron.db.ovn_revision_numbers_db [None req-bc687c49-6adf-4944-a055-3629312b5243 - - - - - -] Successfully bumped revision number for resource e9693fc6-db74-4d03-99be-bfd75fe5cca5 (type: ports) to 3
2026-07-22 23:24:20.484 10 INFO neutron.wsgi [None req-8c566256-aa1b-41f5-9f9b-f87b66964365 d8d3b43df15c4a55bf77c57bb6571987 a94ab11217a74ce6bb2df4a8887dd458 - - - -] 10.0.0.216 "DELETE /v2.0/subnets/6e5f0861-eab0-4c98-95c0-b8ac6738fa29/tags HTTP/1.1" status: 204 len: 168 time: 0.0797687
2026-07-22 23:24:20.541 9 INFO neutron.wsgi [None req-2add1d9b-d0b7-42df-bc21-b03ee79ede18 d8d3b43df15c4a55bf77c57bb6571987 a94ab11217a74ce6bb2df4a8887dd458 - - default default] 10.0.0.216 "GET /v2.0/subnets/6e5f0861-eab0-4c98-95c0-b8ac6738fa29/tags HTTP/1.1" status: 200 len: 205 time: 0.0511038
2026-07-22 23:24:20.569 9 INFO neutron.db.ovn_revision_numbers_db [None req-5a33034c-4f5a-4700-bba1-5be1127be8a4 - - - - - -] Successfully bumped revision number for resource 549c3b3d-8040-4d4e-ab26-e9513b66ad84 (type: router_ports) to 4
2026-07-22 23:24:20.622 10 INFO neutron.db.ovn_revision_numbers_db [None req-bc687c49-6adf-4944-a055-3629312b5243 - - - - - -] Successfully bumped revision number for resource e9693fc6-db74-4d03-99be-bfd75fe5cca5 (type: router_ports) to 3
2026-07-22 23:24:20.624 9 INFO neutron.wsgi [None req-6810b1bb-506f-40d4-8c72-231b9ca11ca1 0beed1216bd143bfa642bab0016e8473 1638e0b2388c4b99a7d9cce1ff2ad5de - - default default] 10.0.0.216 "GET /v2.0/qos/policies?not-tags-any=blue HTTP/1.1" status: 200 len: 1268 time: 0.2320206
2026-07-22 23:24:20.808 9 WARNING neutron.scheduler.dhcp_agent_scheduler [None req-5425e311-2068-4fe7-b407-db8ad8e0d814 49bcf7eb5c7b441d8b867f0be0e65ccc 380685955c034a3781b3da8357c51553 - - - -] No more DHCP agents
2026-07-22 23:24:20.814 9 WARNING neutron.api.rpc.agentnotifiers.dhcp_rpc_agent_api [None req-5425e311-2068-4fe7-b407-db8ad8e0d814 49bcf7eb5c7b441d8b867f0be0e65ccc 380685955c034a3781b3da8357c51553 - - - -] Unable to schedule network 109c2287-324f-4331-b5be-d3e9bfe5dc51: no agents available; will retry on subsequent port and subnet creation events.
2026-07-22 23:24:20.820 9 INFO neutron.wsgi [None req-cc24bb55-2313-4810-a529-ac0f0a5b4961 0beed1216bd143bfa642bab0016e8473 1638e0b2388c4b99a7d9cce1ff2ad5de - - default default] 10.0.0.216 "GET /v2.0/qos/policies?not-tags-any=red%2Cblue HTTP/1.1" status: 200 len: 913 time: 0.1883886
2026-07-22 23:24:20.843 9 INFO neutron.db.ovn_revision_numbers_db [None req-5425e311-2068-4fe7-b407-db8ad8e0d814 49bcf7eb5c7b441d8b867f0be0e65ccc 380685955c034a3781b3da8357c51553 - - - -] Successfully bumped revision number for resource c2ff8caf-b03a-4078-a61c-a2a2b903997a (type: subnets) to 0
2026-07-22 23:24:20.858 9 INFO neutron.wsgi [None req-5425e311-2068-4fe7-b407-db8ad8e0d814 49bcf7eb5c7b441d8b867f0be0e65ccc 380685955c034a3781b3da8357c51553 - - - -] 10.0.0.216 "POST /v2.0/subnets HTTP/1.1" status: 201 len: 906 time: 0.9591396
2026-07-22 23:24:20.891 9 INFO neutron.wsgi [None req-e344dfc0-559c-4bc1-839e-e13dc3cd4547 d8d3b43df15c4a55bf77c57bb6571987 a94ab11217a74ce6bb2df4a8887dd458 - - - -] 10.0.0.216 "DELETE /v2.0/subnets/6e5f0861-eab0-4c98-95c0-b8ac6738fa29 HTTP/1.1" status: 204 len: 168 time: 0.3317850
2026-07-22 23:24:20.951 10 INFO neutron.wsgi [None req-bee9e074-f074-4b0b-847e-5088a94588c8 957edd414e3740df8f0e9c001326e5e2 ad2fc1b0d3a1456fa0bc6b40384022a0 - - - -] 10.0.0.216 "DELETE /v2.0/qos/policies/ca4d0327-8109-499c-b5a0-04f05f7a00c6 HTTP/1.1" status: 204 len: 168 time: 0.1247058
2026-07-22 23:24:20.975 9 INFO neutron.db.segments_db [None req-f90d6f0b-6521-40aa-8d58-981f980a41b2 49bcf7eb5c7b441d8b867f0be0e65ccc 380685955c034a3781b3da8357c51553 - - - -] Added segment 14301027-50c5-499b-a931-2cecd3e07ab6 of type geneve for network 118e93e3-6ed6-4fab-b8ae-0afba851b19f
2026-07-22 23:24:21.054 9 INFO neutron.wsgi [None req-30d9c5c1-9517-4b50-bc97-dee6440516f1 957edd414e3740df8f0e9c001326e5e2 ad2fc1b0d3a1456fa0bc6b40384022a0 - - - -] 10.0.0.216 "DELETE /v2.0/qos/policies/85d25d33-fa47-4a2d-8891-2277019ef5d2 HTTP/1.1" status: 204 len: 168 time: 0.0980618
2026-07-22 23:24:21.123 9 INFO neutron.db.ovn_revision_numbers_db [None req-f90d6f0b-6521-40aa-8d58-981f980a41b2 49bcf7eb5c7b441d8b867f0be0e65ccc 380685955c034a3781b3da8357c51553 - - - -] Successfully bumped revision number for resource 118e93e3-6ed6-4fab-b8ae-0afba851b19f (type: networks) to 1
2026-07-22 23:24:21.182 9 INFO neutron.wsgi [None req-2568add6-0735-4b4f-afb4-7fb5f9e1602f 957edd414e3740df8f0e9c001326e5e2 ad2fc1b0d3a1456fa0bc6b40384022a0 - - - -] 10.0.0.216 "DELETE /v2.0/qos/policies/e94d98a6-8301-4f1a-9f98-3328a358e4ec HTTP/1.1" status: 204 len: 168 time: 0.1223662
2026-07-22 23:24:21.284 9 INFO neutron.wsgi [None req-8857d4f0-a487-47d8-9d03-dc6e2f3ae253 957edd414e3740df8f0e9c001326e5e2 ad2fc1b0d3a1456fa0bc6b40384022a0 - - - -] 10.0.0.216 "DELETE /v2.0/qos/policies/033e2978-8ec1-47f3-9029-d85d17c40000 HTTP/1.1" status: 204 len: 168 time: 0.0955660
2026-07-22 23:24:21.305 9 WARNING neutron.scheduler.dhcp_agent_scheduler [None req-f90d6f0b-6521-40aa-8d58-981f980a41b2 49bcf7eb5c7b441d8b867f0be0e65ccc 380685955c034a3781b3da8357c51553 - - - -] No more DHCP agents
2026-07-22 23:24:21.308 9 WARNING neutron.api.rpc.agentnotifiers.dhcp_rpc_agent_api [None req-f90d6f0b-6521-40aa-8d58-981f980a41b2 49bcf7eb5c7b441d8b867f0be0e65ccc 380685955c034a3781b3da8357c51553 - - - -] Unable to schedule network 118e93e3-6ed6-4fab-b8ae-0afba851b19f: no agents available; will retry on subsequent port and subnet creation events.
2026-07-22 23:24:21.367 9 INFO neutron.wsgi [None req-b1d31199-4fe2-45e4-b1cb-5cd566d9399b 957edd414e3740df8f0e9c001326e5e2 ad2fc1b0d3a1456fa0bc6b40384022a0 - - - -] 10.0.0.216 "DELETE /v2.0/qos/policies/ff12fcb9-0ee9-4457-a7da-24d961073e6b HTTP/1.1" status: 204 len: 168 time: 0.0765798
2026-07-22 23:24:21.374 9 INFO neutron.db.ovn_revision_numbers_db [None req-f90d6f0b-6521-40aa-8d58-981f980a41b2 49bcf7eb5c7b441d8b867f0be0e65ccc 380685955c034a3781b3da8357c51553 - - - -] Successfully bumped revision number for resource ceb26373-8bb6-4f4e-b993-f15539162c35 (type: ports) to 1
2026-07-22 23:24:21.396 9 INFO neutron.wsgi [None req-f90d6f0b-6521-40aa-8d58-981f980a41b2 49bcf7eb5c7b441d8b867f0be0e65ccc 380685955c034a3781b3da8357c51553 - - - -] 10.0.0.216 "POST /v2.0/networks HTTP/1.1" status: 201 len: 836 time: 0.5324087
2026-07-22 23:24:21.425 10 INFO neutron.db.ovn_revision_numbers_db [None req-6e2faa11-baec-4455-9242-da2bc3da5a35 cf73f69d1f7e49a59cf81fa0f22f15b3 54c749f18dbc43a79f6dd70b33b72377 - - - -] Successfully bumped revision number for resource e9693fc6-db74-4d03-99be-bfd75fe5cca5 (type: router_ports) to 3
2026-07-22 23:24:21.427 10 INFO neutron.wsgi [None req-6e2faa11-baec-4455-9242-da2bc3da5a35 cf73f69d1f7e49a59cf81fa0f22f15b3 54c749f18dbc43a79f6dd70b33b72377 - - - -] 10.0.0.216 "PUT /v2.0/routers/2e673340-551a-47d3-a8ba-bf338df5bba3/add_router_interface HTTP/1.1" status: 200 len: 503 time: 3.2822678
2026-07-22 23:24:21.635 9 WARNING neutron.scheduler.dhcp_agent_scheduler [None req-b0254f2e-0259-4a7e-b5d5-424043de1960 49bcf7eb5c7b441d8b867f0be0e65ccc 380685955c034a3781b3da8357c51553 - - - -] No more DHCP agents
2026-07-22 23:24:21.636 9 WARNING neutron.api.rpc.agentnotifiers.dhcp_rpc_agent_api [None req-b0254f2e-0259-4a7e-b5d5-424043de1960 49bcf7eb5c7b441d8b867f0be0e65ccc 380685955c034a3781b3da8357c51553 - - - -] Unable to schedule network 118e93e3-6ed6-4fab-b8ae-0afba851b19f: no agents available; will retry on subsequent port and subnet creation events.
2026-07-22 23:24:21.638 10 INFO neutron.services.segments.plugin [-] Segment a0d29834-63ce-4c33-bd69-5e74d4fada83 resource provider aggregate not found
2026-07-22 23:24:21.650 10 INFO neutron.services.segments.plugin [-] Segment a0d29834-63ce-4c33-bd69-5e74d4fada83 resource provider aggregate not found
2026-07-22 23:24:21.670 10 INFO neutron.services.segments.plugin [-] Segment a0d29834-63ce-4c33-bd69-5e74d4fada83 resource provider not found; error: Placement Client Error (4xx): {"errors": [{"status": 404, "title": "Not Found", "detail": "The resource could not be found.\n\n No resource provider with uuid a0d29834-63ce-4c33-bd69-5e74d4fada83 found for delete ", "request_id": "req-c5b16ae4-f5a1-4ce9-95d8-fd584939763e"}]}
2026-07-22 23:24:21.671 10 INFO neutron.services.segments.plugin [-] Segment a0d29834-63ce-4c33-bd69-5e74d4fada83 resource provider not found; error: Placement Client Error (4xx): {"errors": [{"status": 404, "title": "Not Found", "detail": "The resource could not be found.\n\n No resource provider with uuid a0d29834-63ce-4c33-bd69-5e74d4fada83 found for delete ", "request_id": "req-532c592d-2e7c-4b81-add3-7d1efc0af72d"}]}
2026-07-22 23:24:21.702 10 INFO neutron.wsgi [None req-b25a5a2d-38c3-4406-bef4-08835a8cc585 d8d3b43df15c4a55bf77c57bb6571987 a94ab11217a74ce6bb2df4a8887dd458 - - - -] 10.0.0.216 "DELETE /v2.0/networks/791a4e53-2882-4f00-8ef0-875a82473d6d HTTP/1.1" status: 204 len: 168 time: 0.8038995
2026-07-22 23:24:22.084 9 INFO neutron.db.ovn_revision_numbers_db [None req-b0254f2e-0259-4a7e-b5d5-424043de1960 49bcf7eb5c7b441d8b867f0be0e65ccc 380685955c034a3781b3da8357c51553 - - - -] Successfully bumped revision number for resource ceb26373-8bb6-4f4e-b993-f15539162c35 (type: ports) to 2
2026-07-22 23:24:22.116 9 INFO neutron.db.ovn_revision_numbers_db [None req-b0254f2e-0259-4a7e-b5d5-424043de1960 49bcf7eb5c7b441d8b867f0be0e65ccc 380685955c034a3781b3da8357c51553 - - - -] Successfully bumped revision number for resource c5cc7085-fc52-4f91-a34a-884f90bf17ff (type: subnets) to 0
2026-07-22 23:24:22.138 9 INFO neutron.wsgi [None req-b0254f2e-0259-4a7e-b5d5-424043de1960 49bcf7eb5c7b441d8b867f0be0e65ccc 380685955c034a3781b3da8357c51553 - - - -] 10.0.0.216 "POST /v2.0/subnets HTTP/1.1" status: 201 len: 830 time: 0.7377751
2026-07-22 23:24:22.251 9 INFO neutron.db.ovn_revision_numbers_db [None req-f640f756-8e8d-493d-aaf4-2354b4e7044a bcf5f09bbc944c749de0e93ea08a5545 df8601d3a87f4cad9aa1a792c787b4bb - - - -] Successfully bumped revision number for resource 77a35c4a-d070-4666-8ebe-a1a9d7179ff5 (type: security_groups) to 1
2026-07-22 23:24:22.276 9 INFO neutron.wsgi [None req-f640f756-8e8d-493d-aaf4-2354b4e7044a bcf5f09bbc944c749de0e93ea08a5545 df8601d3a87f4cad9aa1a792c787b4bb - - - -] 10.0.0.216 "POST /v2.0/security-groups HTTP/1.1" status: 201 len: 1811 time: 0.1787064
2026-07-22 23:24:22.415 9 INFO neutron.db.ovn_revision_numbers_db [None req-fb635bbc-183c-4599-bd86-26f66b13e024 bcf5f09bbc944c749de0e93ea08a5545 df8601d3a87f4cad9aa1a792c787b4bb - - - -] Successfully bumped revision number for resource 26a3421e-ad1f-44d6-9fc7-ea8324b3886a (type: security_group_rules) to 0
2026-07-22 23:24:22.451 9 INFO neutron.wsgi [None req-fb635bbc-183c-4599-bd86-26f66b13e024 bcf5f09bbc944c749de0e93ea08a5545 df8601d3a87f4cad9aa1a792c787b4bb - - - -] 10.0.0.216 "POST /v2.0/security-group-rules HTTP/1.1" status: 201 len: 764 time: 0.1684921
2026-07-22 23:24:22.494 10 WARNING neutron.scheduler.dhcp_agent_scheduler [None req-96f20357-2c72-4ccc-8cc8-2f974f0e832a 49bcf7eb5c7b441d8b867f0be0e65ccc 380685955c034a3781b3da8357c51553 - - - -] No more DHCP agents
2026-07-22 23:24:22.499 10 WARNING neutron.api.rpc.agentnotifiers.dhcp_rpc_agent_api [None req-96f20357-2c72-4ccc-8cc8-2f974f0e832a 49bcf7eb5c7b441d8b867f0be0e65ccc 380685955c034a3781b3da8357c51553 - - - -] Unable to schedule network 118e93e3-6ed6-4fab-b8ae-0afba851b19f: no agents available; will retry on subsequent port and subnet creation events.
2026-07-22 23:24:22.517 10 INFO neutron.db.ovn_revision_numbers_db [None req-96f20357-2c72-4ccc-8cc8-2f974f0e832a 49bcf7eb5c7b441d8b867f0be0e65ccc 380685955c034a3781b3da8357c51553 - - - -] Successfully bumped revision number for resource 4e4d5485-14fe-47c6-a07c-ec4125beedb7 (type: subnets) to 0
2026-07-22 23:24:22.550 9 INFO neutron.db.ovn_revision_numbers_db [None req-c4a998b2-4d02-429a-b6df-5f7f0edd5079 cf73f69d1f7e49a59cf81fa0f22f15b3 54c749f18dbc43a79f6dd70b33b72377 - - default default] Successfully bumped revision number for resource 015f457b-4496-4d29-96bc-5df8dcaf0356 (type: security_groups) to 1
2026-07-22 23:24:22.552 10 INFO neutron.wsgi [None req-96f20357-2c72-4ccc-8cc8-2f974f0e832a 49bcf7eb5c7b441d8b867f0be0e65ccc 380685955c034a3781b3da8357c51553 - - - -] 10.0.0.216 "POST /v2.0/subnets HTTP/1.1" status: 201 len: 900 time: 0.4064653
2026-07-22 23:24:22.563 9 INFO neutron.db.ovn_revision_numbers_db [None req-764d8f94-de1d-4a58-84b7-80a48f664bae cf73f69d1f7e49a59cf81fa0f22f15b3 54c749f18dbc43a79f6dd70b33b72377 - - default default] Successfully bumped revision number for resource 936eb5cb-20f7-4233-8409-0de4c0f09364 (type: security_groups) to 1
2026-07-22 23:24:22.576 9 INFO neutron.wsgi [None req-c4a998b2-4d02-429a-b6df-5f7f0edd5079 cf73f69d1f7e49a59cf81fa0f22f15b3 54c749f18dbc43a79f6dd70b33b72377 - - default default] 10.0.0.216 "GET /v2.0/security-groups?tenant_id=ad2fc1b0d3a1456fa0bc6b40384022a0&name=default HTTP/1.1" status: 200 len: 2996 time: 0.3102024
2026-07-22 23:24:22.588 9 INFO neutron.wsgi [None req-764d8f94-de1d-4a58-84b7-80a48f664bae cf73f69d1f7e49a59cf81fa0f22f15b3 54c749f18dbc43a79f6dd70b33b72377 - - default default] 10.0.0.216 "GET /v2.0/security-groups?tenant_id=28c13bec834a4d548944c1a272f533c5&name=default HTTP/1.1" status: 200 len: 2996 time: 0.2353451
2026-07-22 23:24:22.620 10 INFO neutron.db.ovn_revision_numbers_db [None req-8e4204f9-7ec3-40eb-b4a5-371ab6c458bf bcf5f09bbc944c749de0e93ea08a5545 df8601d3a87f4cad9aa1a792c787b4bb - - - -] Successfully bumped revision number for resource fa8918c1-424f-418a-bad8-b17375539690 (type: security_group_rules) to 0
2026-07-22 23:24:22.649 10 INFO neutron.wsgi [None req-8e4204f9-7ec3-40eb-b4a5-371ab6c458bf bcf5f09bbc944c749de0e93ea08a5545 df8601d3a87f4cad9aa1a792c787b4bb - - - -] 10.0.0.216 "POST /v2.0/security-group-rules HTTP/1.1" status: 201 len: 763 time: 0.1934662
2026-07-22 23:24:22.666 10 INFO neutron.db.segments_db [None req-c2be6315-ed65-4d7e-8cf1-b396ab7eb62b 49bcf7eb5c7b441d8b867f0be0e65ccc 380685955c034a3781b3da8357c51553 - - - -] Added segment df51ef26-aff4-4d4a-8812-3b617ba8e5a4 of type geneve for network d7e6147f-c3a7-4bd2-8cda-551bdd52a04c
2026-07-22 23:24:22.798 9 INFO neutron.db.ovn_revision_numbers_db [None req-cfa59234-fa1a-4e41-9695-6f8487d0f18e bcf5f09bbc944c749de0e93ea08a5545 df8601d3a87f4cad9aa1a792c787b4bb - - - -] Successfully bumped revision number for resource 4629e326-8a92-4a89-a9b9-d7aee2bb8d6f (type: security_group_rules) to 0
2026-07-22 23:24:22.813 10 INFO neutron.db.ovn_revision_numbers_db [None req-c2be6315-ed65-4d7e-8cf1-b396ab7eb62b 49bcf7eb5c7b441d8b867f0be0e65ccc 380685955c034a3781b3da8357c51553 - - - -] Successfully bumped revision number for resource d7e6147f-c3a7-4bd2-8cda-551bdd52a04c (type: networks) to 1
2026-07-22 23:24:22.823 9 INFO neutron.wsgi [None req-734fedf1-a71e-43c5-821c-9ce683cc539f cf73f69d1f7e49a59cf81fa0f22f15b3 54c749f18dbc43a79f6dd70b33b72377 - - - -] 10.0.0.216 "DELETE /v2.0/security-groups/936eb5cb-20f7-4233-8409-0de4c0f09364 HTTP/1.1" status: 204 len: 168 time: 0.2284517
2026-07-22 23:24:22.831 9 INFO neutron.wsgi [None req-cfa59234-fa1a-4e41-9695-6f8487d0f18e bcf5f09bbc944c749de0e93ea08a5545 df8601d3a87f4cad9aa1a792c787b4bb - - - -] 10.0.0.216 "POST /v2.0/security-group-rules HTTP/1.1" status: 201 len: 769 time: 0.1777339
2026-07-22 23:24:22.889 10 INFO neutron.wsgi [None req-b9f2975a-8996-4bc4-b1e3-ca966b09b7e5 cf73f69d1f7e49a59cf81fa0f22f15b3 54c749f18dbc43a79f6dd70b33b72377 - - - -] 10.0.0.216 "DELETE /v2.0/security-groups/015f457b-4496-4d29-96bc-5df8dcaf0356 HTTP/1.1" status: 204 len: 168 time: 0.3073993
2026-07-22 23:24:22.977 9 INFO neutron.wsgi [None req-3506eabf-2674-4657-b1d4-f79e2e3b5ff3 cf73f69d1f7e49a59cf81fa0f22f15b3 54c749f18dbc43a79f6dd70b33b72377 - - default default] 10.0.0.216 "GET /v2.0/security-groups?tenant_id=a94ab11217a74ce6bb2df4a8887dd458&name=default HTTP/1.1" status: 200 len: 2996 time: 0.0494893
2026-07-22 23:24:22.991 9 INFO neutron.db.ovn_revision_numbers_db [None req-7abf02d8-7501-4b74-b798-d6e48cb45566 bcf5f09bbc944c749de0e93ea08a5545 df8601d3a87f4cad9aa1a792c787b4bb - - - -] Successfully bumped revision number for resource 1107410a-25ea-4279-a3af-73ad5e64b78f (type: security_group_rules) to 0
2026-07-22 23:24:23.014 10 WARNING neutron.scheduler.dhcp_agent_scheduler [None req-c2be6315-ed65-4d7e-8cf1-b396ab7eb62b 49bcf7eb5c7b441d8b867f0be0e65ccc 380685955c034a3781b3da8357c51553 - - - -] No more DHCP agents
2026-07-22 23:24:23.016 10 WARNING neutron.api.rpc.agentnotifiers.dhcp_rpc_agent_api [None req-c2be6315-ed65-4d7e-8cf1-b396ab7eb62b 49bcf7eb5c7b441d8b867f0be0e65ccc 380685955c034a3781b3da8357c51553 - - - -] Unable to schedule network d7e6147f-c3a7-4bd2-8cda-551bdd52a04c: no agents available; will retry on subsequent port and subnet creation events.
2026-07-22 23:24:23.024 9 INFO neutron.wsgi [None req-7abf02d8-7501-4b74-b798-d6e48cb45566 bcf5f09bbc944c749de0e93ea08a5545 df8601d3a87f4cad9aa1a792c787b4bb - - - -] 10.0.0.216 "POST /v2.0/security-group-rules HTTP/1.1" status: 201 len: 768 time: 0.1871305
2026-07-22 23:24:23.060 9 INFO neutron.db.securitygroups_db [None req-f6a6557f-b9a9-4f79-b7ee-0f9dd6007ace bcf5f09bbc944c749de0e93ea08a5545 df8601d3a87f4cad9aa1a792c787b4bb - - - -] Project df8601d3a87f4cad9aa1a792c787b4bb added a security group rule with legacy IPv6 ICMP protocol name icmp, ipv6-icmp should be used instead. It was automatically converted.
2026-07-22 23:24:23.089 10 INFO neutron.db.ovn_revision_numbers_db [None req-c2be6315-ed65-4d7e-8cf1-b396ab7eb62b 49bcf7eb5c7b441d8b867f0be0e65ccc 380685955c034a3781b3da8357c51553 - - - -] Successfully bumped revision number for resource e58a80cd-031c-455e-80de-ab2ca779a003 (type: ports) to 1
2026-07-22 23:24:23.115 10 INFO neutron.wsgi [None req-c2be6315-ed65-4d7e-8cf1-b396ab7eb62b 49bcf7eb5c7b441d8b867f0be0e65ccc 380685955c034a3781b3da8357c51553 - - - -] 10.0.0.216 "POST /v2.0/networks HTTP/1.1" status: 201 len: 837 time: 0.5592027
2026-07-22 23:24:23.166 9 INFO neutron.db.ovn_revision_numbers_db [None req-f6a6557f-b9a9-4f79-b7ee-0f9dd6007ace bcf5f09bbc944c749de0e93ea08a5545 df8601d3a87f4cad9aa1a792c787b4bb - - - -] Successfully bumped revision number for resource dadad0d4-e9bd-4ab8-81e8-a9e20d0e0302 (type: security_group_rules) to 0
2026-07-22 23:24:23.184 10 INFO neutron.db.ovn_revision_numbers_db [None req-adad8b46-d531-4070-9be7-533ae9b58ec2 cf73f69d1f7e49a59cf81fa0f22f15b3 54c749f18dbc43a79f6dd70b33b72377 - - default default] Successfully bumped revision number for resource 7bcf4331-a79a-4dd8-893f-f18352c88327 (type: security_groups) to 1
2026-07-22 23:24:23.195 9 INFO neutron.wsgi [None req-f6a6557f-b9a9-4f79-b7ee-0f9dd6007ace bcf5f09bbc944c749de0e93ea08a5545 df8601d3a87f4cad9aa1a792c787b4bb - - - -] 10.0.0.216 "POST /v2.0/security-group-rules HTTP/1.1" status: 201 len: 774 time: 0.1663966
2026-07-22 23:24:23.206 10 INFO neutron.wsgi [None req-adad8b46-d531-4070-9be7-533ae9b58ec2 cf73f69d1f7e49a59cf81fa0f22f15b3 54c749f18dbc43a79f6dd70b33b72377 - - default default] 10.0.0.216 "GET /v2.0/security-groups?tenant_id=f075a3adda354793948f1fa6f5f1f54e&name=default HTTP/1.1" status: 200 len: 3000 time: 0.1427042
2026-07-22 23:24:23.213 9 INFO neutron.wsgi [None req-79090bcf-063b-4e46-89af-aa6abc897abf cf73f69d1f7e49a59cf81fa0f22f15b3 54c749f18dbc43a79f6dd70b33b72377 - - - -] 10.0.0.216 "DELETE /v2.0/security-groups/df098333-58e7-420a-a518-1f3f75f93135 HTTP/1.1" status: 204 len: 168 time: 0.2313933
2026-07-22 23:24:23.240 9 INFO neutron.db.securitygroups_db [None req-583e1a8d-3546-4731-9df0-e7c248b3e9d5 bcf5f09bbc944c749de0e93ea08a5545 df8601d3a87f4cad9aa1a792c787b4bb - - - -] Project df8601d3a87f4cad9aa1a792c787b4bb added a security group rule with legacy IPv6 ICMP protocol name icmp, ipv6-icmp should be used instead. It was automatically converted.
2026-07-22 23:24:23.361 9 INFO neutron.db.ovn_revision_numbers_db [None req-583e1a8d-3546-4731-9df0-e7c248b3e9d5 bcf5f09bbc944c749de0e93ea08a5545 df8601d3a87f4cad9aa1a792c787b4bb - - - -] Successfully bumped revision number for resource e154b320-92ae-4268-84b3-6a6192e3f41c (type: security_group_rules) to 0
2026-07-22 23:24:23.390 9 INFO neutron.wsgi [None req-583e1a8d-3546-4731-9df0-e7c248b3e9d5 bcf5f09bbc944c749de0e93ea08a5545 df8601d3a87f4cad9aa1a792c787b4bb - - - -] 10.0.0.216 "POST /v2.0/security-group-rules HTTP/1.1" status: 201 len: 773 time: 0.1888402
2026-07-22 23:24:23.439 10 WARNING neutron.scheduler.dhcp_agent_scheduler [None req-58ee6e4b-fbcb-4b17-a8ed-0bfd9e836746 49bcf7eb5c7b441d8b867f0be0e65ccc 380685955c034a3781b3da8357c51553 - - - -] No more DHCP agents
2026-07-22 23:24:23.442 10 WARNING neutron.api.rpc.agentnotifiers.dhcp_rpc_agent_api [None req-58ee6e4b-fbcb-4b17-a8ed-0bfd9e836746 49bcf7eb5c7b441d8b867f0be0e65ccc 380685955c034a3781b3da8357c51553 - - - -] Unable to schedule network d7e6147f-c3a7-4bd2-8cda-551bdd52a04c: no agents available; will retry on subsequent port and subnet creation events.
2026-07-22 23:24:23.456 9 INFO neutron.wsgi [None req-97380739-2cff-4b1d-a5b4-8ef9aac69842 cf73f69d1f7e49a59cf81fa0f22f15b3 54c749f18dbc43a79f6dd70b33b72377 - - - -] 10.0.0.216 "DELETE /v2.0/security-groups/7bcf4331-a79a-4dd8-893f-f18352c88327 HTTP/1.1" status: 204 len: 168 time: 0.2394867
2026-07-22 23:24:23.701 9 INFO neutron.db.ovn_revision_numbers_db [None req-2db0582e-b22c-4262-b49c-d0e2bf56d4e4 cf73f69d1f7e49a59cf81fa0f22f15b3 54c749f18dbc43a79f6dd70b33b72377 - - default default] Successfully bumped revision number for resource edca78da-70db-4ca9-88c6-971cc547ed2e (type: security_groups) to 1
2026-07-22 23:24:23.723 9 INFO neutron.wsgi [None req-2db0582e-b22c-4262-b49c-d0e2bf56d4e4 cf73f69d1f7e49a59cf81fa0f22f15b3 54c749f18dbc43a79f6dd70b33b72377 - - default default] 10.0.0.216 "GET /v2.0/security-groups?tenant_id=1638e0b2388c4b99a7d9cce1ff2ad5de&name=default HTTP/1.1" status: 200 len: 3000 time: 0.1158309
2026-07-22 23:24:23.906 10 INFO neutron.db.ovn_revision_numbers_db [None req-9bd71cd1-03ec-460b-b658-4a6484da502a bcf5f09bbc944c749de0e93ea08a5545 df8601d3a87f4cad9aa1a792c787b4bb - - - -] Successfully bumped revision number for resource 52e8ce9c-4681-431a-82a0-584cc63e64af (type: security_groups) to 1
2026-07-22 23:24:23.906 9 INFO neutron.wsgi [None req-fac835cf-dd85-4616-925f-3d0ca7ccb4f2 cf73f69d1f7e49a59cf81fa0f22f15b3 54c749f18dbc43a79f6dd70b33b72377 - - - -] 10.0.0.216 "DELETE /v2.0/security-groups/edca78da-70db-4ca9-88c6-971cc547ed2e HTTP/1.1" status: 204 len: 168 time: 0.1784408
2026-07-22 23:24:23.925 10 INFO neutron.wsgi [None req-9bd71cd1-03ec-460b-b658-4a6484da502a bcf5f09bbc944c749de0e93ea08a5545 df8601d3a87f4cad9aa1a792c787b4bb - - - -] 10.0.0.216 "POST /v2.0/security-groups HTTP/1.1" status: 201 len: 1798 time: 0.1489370
2026-07-22 23:24:23.931 10 INFO neutron.db.ovn_revision_numbers_db [None req-58ee6e4b-fbcb-4b17-a8ed-0bfd9e836746 49bcf7eb5c7b441d8b867f0be0e65ccc 380685955c034a3781b3da8357c51553 - - - -] Successfully bumped revision number for resource e58a80cd-031c-455e-80de-ab2ca779a003 (type: ports) to 2
2026-07-22 23:24:23.952 10 INFO neutron.db.ovn_revision_numbers_db [None req-58ee6e4b-fbcb-4b17-a8ed-0bfd9e836746 49bcf7eb5c7b441d8b867f0be0e65ccc 380685955c034a3781b3da8357c51553 - - - -] Successfully bumped revision number for resource fd2228c3-e709-464f-8793-4964af93f6cc (type: subnets) to 0
2026-07-22 23:24:23.976 10 INFO neutron.wsgi [None req-58ee6e4b-fbcb-4b17-a8ed-0bfd9e836746 49bcf7eb5c7b441d8b867f0be0e65ccc 380685955c034a3781b3da8357c51553 - - - -] 10.0.0.216 "POST /v2.0/subnets HTTP/1.1" status: 201 len: 831 time: 0.8535218
2026-07-22 23:24:24.060 10 INFO neutron.db.ovn_revision_numbers_db [None req-c1e066d3-cb62-4e3d-ac65-b77c612e071f bcf5f09bbc944c749de0e93ea08a5545 df8601d3a87f4cad9aa1a792c787b4bb - - - -] Successfully bumped revision number for resource 6c4d98d5-4fb8-4c9d-a57b-261710f50095 (type: security_group_rules) to 0
2026-07-22 23:24:24.084 10 INFO neutron.wsgi [None req-c1e066d3-cb62-4e3d-ac65-b77c612e071f bcf5f09bbc944c749de0e93ea08a5545 df8601d3a87f4cad9aa1a792c787b4bb - - - -] 10.0.0.216 "POST /v2.0/security-group-rules HTTP/1.1" status: 201 len: 764 time: 0.1533604
2026-07-22 23:24:24.214 10 INFO neutron.db.ovn_revision_numbers_db [None req-02424a07-9120-4543-b0ae-3cb5fa1ab7f8 bcf5f09bbc944c749de0e93ea08a5545 df8601d3a87f4cad9aa1a792c787b4bb - - - -] Successfully bumped revision number for resource 40cb3c86-daeb-49a6-86f2-b3cdc1740840 (type: security_group_rules) to 0
2026-07-22 23:24:24.246 10 INFO neutron.wsgi [None req-02424a07-9120-4543-b0ae-3cb5fa1ab7f8 bcf5f09bbc944c749de0e93ea08a5545 df8601d3a87f4cad9aa1a792c787b4bb - - - -] 10.0.0.216 "POST /v2.0/security-group-rules HTTP/1.1" status: 201 len: 769 time: 0.1575210
2026-07-22 23:24:24.275 9 WARNING neutron.scheduler.dhcp_agent_scheduler [None req-2885ca66-b074-4683-b242-085af3643972 49bcf7eb5c7b441d8b867f0be0e65ccc 380685955c034a3781b3da8357c51553 - - - -] No more DHCP agents
2026-07-22 23:24:24.282 9 WARNING neutron.api.rpc.agentnotifiers.dhcp_rpc_agent_api [None req-2885ca66-b074-4683-b242-085af3643972 49bcf7eb5c7b441d8b867f0be0e65ccc 380685955c034a3781b3da8357c51553 - - - -] Unable to schedule network d7e6147f-c3a7-4bd2-8cda-551bdd52a04c: no agents available; will retry on subsequent port and subnet creation events.
2026-07-22 23:24:24.306 9 INFO neutron.db.ovn_revision_numbers_db [None req-2885ca66-b074-4683-b242-085af3643972 49bcf7eb5c7b441d8b867f0be0e65ccc 380685955c034a3781b3da8357c51553 - - - -] Successfully bumped revision number for resource 2f29ded2-aafd-4ca8-bab5-74d7ee1c4bb6 (type: subnets) to 0
2026-07-22 23:24:24.328 9 INFO neutron.wsgi [None req-2885ca66-b074-4683-b242-085af3643972 49bcf7eb5c7b441d8b867f0be0e65ccc 380685955c034a3781b3da8357c51553 - - - -] 10.0.0.216 "POST /v2.0/subnets HTTP/1.1" status: 201 len: 905 time: 0.3438480
2026-07-22 23:24:24.518 10 WARNING neutron.scheduler.dhcp_agent_scheduler [None req-56cb9fa9-8519-4383-9719-1ec3b07c62b8 bcf5f09bbc944c749de0e93ea08a5545 df8601d3a87f4cad9aa1a792c787b4bb - - - -] No more DHCP agents
2026-07-22 23:24:24.521 10 WARNING neutron.api.rpc.agentnotifiers.dhcp_rpc_agent_api [None req-56cb9fa9-8519-4383-9719-1ec3b07c62b8 bcf5f09bbc944c749de0e93ea08a5545 df8601d3a87f4cad9aa1a792c787b4bb - - - -] Unable to schedule network 7c15f7fc-5f92-4a46-bbbe-3da8a40c9bad: no agents available; will retry on subsequent port and subnet creation events.
2026-07-22 23:24:24.842 10 INFO neutron.db.ovn_revision_numbers_db [None req-56cb9fa9-8519-4383-9719-1ec3b07c62b8 bcf5f09bbc944c749de0e93ea08a5545 df8601d3a87f4cad9aa1a792c787b4bb - - - -] Successfully bumped revision number for resource b2f1c62b-6b49-4fd8-88a3-ec396bd7af5a (type: floatingips) to 0
2026-07-22 23:24:24.857 10 INFO neutron.wsgi [None req-56cb9fa9-8519-4383-9719-1ec3b07c62b8 bcf5f09bbc944c749de0e93ea08a5545 df8601d3a87f4cad9aa1a792c787b4bb - - - -] 10.0.0.216 "POST /v2.0/floatingips HTTP/1.1" status: 201 len: 751 time: 0.6056211
2026-07-22 23:24:24.966 10 INFO neutron.wsgi [req-2a648638-7b3c-40f2-954f-1fe3625295f3 req-12a6c713-c43a-4ab7-a7b1-ec5c6ac0c427 bcf5f09bbc944c749de0e93ea08a5545 df8601d3a87f4cad9aa1a792c787b4bb - - default default] 10.0.0.112 "GET /v2.0/security-groups?name=tempest-secgroup-smoke-1693905430&fields=id&tenant_id=df8601d3a87f4cad9aa1a792c787b4bb HTTP/1.1" status: 200 len: 267 time: 0.0396850
2026-07-22 23:24:25.011 10 INFO neutron.wsgi [req-2a648638-7b3c-40f2-954f-1fe3625295f3 req-0248b542-827d-455a-bd98-9e6ec7a20ec7 bcf5f09bbc944c749de0e93ea08a5545 df8601d3a87f4cad9aa1a792c787b4bb - - default default] 10.0.0.112 "GET /v2.0/security-groups?name=tempest-securitygroup--1287290593&fields=id&tenant_id=df8601d3a87f4cad9aa1a792c787b4bb HTTP/1.1" status: 200 len: 267 time: 0.0380423
2026-07-22 23:24:25.094 10 INFO neutron.wsgi [req-2a648638-7b3c-40f2-954f-1fe3625295f3 req-0ea764d5-bc15-4d5a-83cf-82a45fec6aa9 bcf5f09bbc944c749de0e93ea08a5545 df8601d3a87f4cad9aa1a792c787b4bb - - default default] 10.0.0.112 "GET /v2.0/networks?id=a06ba51a-109a-45b4-a7ef-c0cb6316f721 HTTP/1.1" status: 200 len: 871 time: 0.0774913
2026-07-22 23:24:25.121 9 WARNING neutron.scheduler.dhcp_agent_scheduler [None req-c519e301-880e-4829-885b-49f3c3a4a722 49bcf7eb5c7b441d8b867f0be0e65ccc 380685955c034a3781b3da8357c51553 - - - -] No more DHCP agents
2026-07-22 23:24:25.123 9 WARNING neutron.api.rpc.agentnotifiers.dhcp_rpc_agent_api [None req-c519e301-880e-4829-885b-49f3c3a4a722 49bcf7eb5c7b441d8b867f0be0e65ccc 380685955c034a3781b3da8357c51553 - - - -] Unable to schedule network 7c15f7fc-5f92-4a46-bbbe-3da8a40c9bad: no agents available; will retry on subsequent port and subnet creation events.
2026-07-22 23:24:25.128 10 INFO neutron.wsgi [req-2a648638-7b3c-40f2-954f-1fe3625295f3 req-1d882c68-1e9f-43dc-9c06-3e170821e47d bcf5f09bbc944c749de0e93ea08a5545 df8601d3a87f4cad9aa1a792c787b4bb - - default default] 10.0.0.112 "GET /v2.0/quotas/df8601d3a87f4cad9aa1a792c787b4bb HTTP/1.1" status: 200 len: 386 time: 0.0151632
2026-07-22 23:24:25.242 10 INFO neutron.wsgi [req-2a648638-7b3c-40f2-954f-1fe3625295f3 req-488140ea-82a0-4c93-a3c3-0c404390f6ec bcf5f09bbc944c749de0e93ea08a5545 df8601d3a87f4cad9aa1a792c787b4bb - - default default] 10.0.0.112 "GET /v2.0/ports?tenant_id=df8601d3a87f4cad9aa1a792c787b4bb&fields=id HTTP/1.1" status: 200 len: 302 time: 0.0974655
2026-07-22 23:24:25.280 9 INFO neutron.db.ovn_revision_numbers_db [None req-c519e301-880e-4829-885b-49f3c3a4a722 49bcf7eb5c7b441d8b867f0be0e65ccc 380685955c034a3781b3da8357c51553 - - - -] Successfully bumped revision number for resource 6678b6ac-1f5b-46c1-8334-ded58df549e7 (type: ports) to 1
2026-07-22 23:24:25.326 10 INFO neutron.wsgi [req-2a648638-7b3c-40f2-954f-1fe3625295f3 req-52ef2fe5-6a62-464a-a658-78ef5bf63cf2 404045f7f66148ca87b33c3deb64ffac e48df614e2a542a690e1cc22a276933b - - 5e99659270f44b0f8c46fcb0fc3691df 5e99659270f44b0f8c46fcb0fc3691df] 10.0.0.112 "GET /v2.0/networks/a06ba51a-109a-45b4-a7ef-c0cb6316f721?fields=segments HTTP/1.1" status: 200 len: 212 time: 0.0674098
