2026-07-22 23:23:55.067 9 WARNING neutron.api.rpc.agentnotifiers.dhcp_rpc_agent_api [None req-09b5ff9c-0049-4066-8bb9-d85a22857954 f8dcbf00d0e24dd4b2ed9bf41d91b3d8 b7efc1d1183d4ef5a8c7a8bd8f788dd0 - - - -] Unable to schedule network 8e73d9a9-e363-483b-96bc-34acfaf9f246: no agents available; will retry on subsequent port and subnet creation events.
2026-07-22 23:23:55.114 10 INFO neutron.wsgi [None req-144c5dba-2d8c-4ddb-8b5e-f2f084b868d5 cf73f69d1f7e49a59cf81fa0f22f15b3 54c749f18dbc43a79f6dd70b33b72377 - - - -] 10.0.0.216 "DELETE /v2.0/security-groups/1cf24208-a17d-471f-b06d-40ed23069d65 HTTP/1.1" status: 204 len: 168 time: 0.1787500
2026-07-22 23:23:55.136 9 INFO neutron.db.ovn_revision_numbers_db [None req-09b5ff9c-0049-4066-8bb9-d85a22857954 f8dcbf00d0e24dd4b2ed9bf41d91b3d8 b7efc1d1183d4ef5a8c7a8bd8f788dd0 - - - -] Successfully bumped revision number for resource cb8d09a8-9fe2-44d8-8cbc-59ca30d57ede (type: ports) to 1
2026-07-22 23:23:55.157 9 INFO neutron.wsgi [None req-09b5ff9c-0049-4066-8bb9-d85a22857954 f8dcbf00d0e24dd4b2ed9bf41d91b3d8 b7efc1d1183d4ef5a8c7a8bd8f788dd0 - - - -] 10.0.0.216 "POST /v2.0/networks HTTP/1.1" status: 201 len: 830 time: 0.5178037
2026-07-22 23:23:55.459 10 WARNING neutron.scheduler.dhcp_agent_scheduler [None req-480c4546-b760-4a85-bf9b-c24a909c39c0 f8dcbf00d0e24dd4b2ed9bf41d91b3d8 b7efc1d1183d4ef5a8c7a8bd8f788dd0 - - - -] No more DHCP agents
2026-07-22 23:23:55.461 10 WARNING neutron.api.rpc.agentnotifiers.dhcp_rpc_agent_api [None req-480c4546-b760-4a85-bf9b-c24a909c39c0 f8dcbf00d0e24dd4b2ed9bf41d91b3d8 b7efc1d1183d4ef5a8c7a8bd8f788dd0 - - - -] Unable to schedule network 8e73d9a9-e363-483b-96bc-34acfaf9f246: no agents available; will retry on subsequent port and subnet creation events.
2026-07-22 23:23:55.532 10 INFO neutron.db.ovn_revision_numbers_db [None req-480c4546-b760-4a85-bf9b-c24a909c39c0 f8dcbf00d0e24dd4b2ed9bf41d91b3d8 b7efc1d1183d4ef5a8c7a8bd8f788dd0 - - - -] Successfully bumped revision number for resource d56f3587-89d3-45f8-a3cc-dee1f39221dd (type: ports) to 1
2026-07-22 23:23:55.560 10 INFO neutron.wsgi [None req-480c4546-b760-4a85-bf9b-c24a909c39c0 f8dcbf00d0e24dd4b2ed9bf41d91b3d8 b7efc1d1183d4ef5a8c7a8bd8f788dd0 - - - -] 10.0.0.216 "POST /v2.0/ports HTTP/1.1" status: 201 len: 942 time: 0.3974836 /var/lib/openstack/lib/python3.10/site-packages/pycadf/identifier.py:71: UserWarning: Invalid uuid: neutron. To ensure interoperability, identifiers should be a valid uuid. warnings.warn(('Invalid uuid: %s. To ensure interoperability, '
2026-07-22 23:23:55.754 10 INFO neutron.wsgi [None req-8a7d8225-e110-4db9-8c18-cc8958d2a73f f8dcbf00d0e24dd4b2ed9bf41d91b3d8 b7efc1d1183d4ef5a8c7a8bd8f788dd0 - - - -] 10.0.0.216 "POST /v2.0/trunks HTTP/1.1" status: 201 len: 608 time: 0.1901240
2026-07-22 23:23:55.787 10 INFO neutron.wsgi [None req-065c85d0-0b5c-4879-926f-98a0859de108 f8dcbf00d0e24dd4b2ed9bf41d91b3d8 b7efc1d1183d4ef5a8c7a8bd8f788dd0 - - - -] 10.0.0.216 "PUT /v2.0/trunks/a330c8e1-0892-4a2f-afc9-f1e6e753dd97/tags HTTP/1.1" status: 200 len: 210 time: 0.0288372
2026-07-22 23:23:55.814 10 INFO neutron.wsgi [None req-d6a263a8-cefc-41ad-9c94-d13839aa9e61 f8dcbf00d0e24dd4b2ed9bf41d91b3d8 b7efc1d1183d4ef5a8c7a8bd8f788dd0 - - - -] 10.0.0.216 "PUT /v2.0/trunks/7f861715-3b12-41e2-a4d1-61fad7018da7/tags HTTP/1.1" status: 200 len: 218 time: 0.0238214
2026-07-22 23:23:55.846 10 INFO neutron.wsgi [None req-8b8aee81-54e1-4ef7-8840-48b299b71728 f8dcbf00d0e24dd4b2ed9bf41d91b3d8 b7efc1d1183d4ef5a8c7a8bd8f788dd0 - - - -] 10.0.0.216 "PUT /v2.0/trunks/450a640b-1e73-41dc-86f1-72de61237041/tags HTTP/1.1" status: 200 len: 227 time: 0.0277443
2026-07-22 23:23:55.876 10 INFO neutron.wsgi [None req-986b338a-8872-46c3-96ad-b8d25472c626 f8dcbf00d0e24dd4b2ed9bf41d91b3d8 b7efc1d1183d4ef5a8c7a8bd8f788dd0 - - - -] 10.0.0.216 "PUT /v2.0/trunks/7a72605b-fdf4-453f-9856-ded2ab074513/tags HTTP/1.1" status: 200 len: 212 time: 0.0252075
2026-07-22 23:23:55.909 10 INFO neutron.wsgi [None req-1336af6f-e0cf-476b-8373-b5bc8f0484e2 f8dcbf00d0e24dd4b2ed9bf41d91b3d8 b7efc1d1183d4ef5a8c7a8bd8f788dd0 - - default default] 10.0.0.216 "GET /v2.0/trunks?tags=red HTTP/1.1" status: 200 len: 1447 time: 0.0262501
2026-07-22 23:23:55.947 10 INFO neutron.wsgi [None req-4c3e1f6d-9734-4e4d-bd9f-3b8836807d7b f8dcbf00d0e24dd4b2ed9bf41d91b3d8 b7efc1d1183d4ef5a8c7a8bd8f788dd0 - - default default] 10.0.0.216 "GET /v2.0/trunks?tags=red%2Cblue HTTP/1.1" status: 200 len: 1041 time: 0.0297453
2026-07-22 23:23:55.977 9 INFO neutron.wsgi [None req-1fc9011d-be3f-44fb-b64f-873aa9e2dc28 f8dcbf00d0e24dd4b2ed9bf41d91b3d8 b7efc1d1183d4ef5a8c7a8bd8f788dd0 - - default default] 10.0.0.216 "GET /v2.0/trunks?tags-any=blue HTTP/1.1" status: 200 len: 1041 time: 0.0261757
2026-07-22 23:23:56.002 9 INFO neutron.wsgi [None req-6f13567b-be06-451e-888d-5e7e08b6e0da f8dcbf00d0e24dd4b2ed9bf41d91b3d8 b7efc1d1183d4ef5a8c7a8bd8f788dd0 - - default default] 10.0.0.216 "GET /v2.0/trunks?tags-any=red%2Cblue HTTP/1.1" status: 200 len: 1447 time: 0.0204182
2026-07-22 23:23:56.035 9 INFO neutron.wsgi [None req-2796aa47-de5c-4671-8c2e-aba3f873fa75 f8dcbf00d0e24dd4b2ed9bf41d91b3d8 b7efc1d1183d4ef5a8c7a8bd8f788dd0 - - default default] 10.0.0.216 "GET /v2.0/trunks?not-tags=red HTTP/1.1" status: 200 len: 1013 time: 0.0285637
2026-07-22 23:23:56.064 9 INFO neutron.wsgi [None req-1761e205-43fe-4e57-8ca7-ed7a5ee98f1c f8dcbf00d0e24dd4b2ed9bf41d91b3d8 b7efc1d1183d4ef5a8c7a8bd8f788dd0 - - default default] 10.0.0.216 "GET /v2.0/trunks?not-tags=red%2Cblue HTTP/1.1" status: 200 len: 1419 time: 0.0240126
2026-07-22 23:23:56.096 9 INFO neutron.wsgi [None req-0395fcc8-7074-46f1-a297-ae5edf3b4b34 f8dcbf00d0e24dd4b2ed9bf41d91b3d8 b7efc1d1183d4ef5a8c7a8bd8f788dd0 - - default default] 10.0.0.216 "GET /v2.0/trunks?not-tags-any=blue HTTP/1.1" status: 200 len: 1419 time: 0.0264010
2026-07-22 23:23:56.117 9 INFO neutron.wsgi [None req-69697530-ede5-49cf-86a0-8172070741ef f8dcbf00d0e24dd4b2ed9bf41d91b3d8 b7efc1d1183d4ef5a8c7a8bd8f788dd0 - - default default] 10.0.0.216 "GET /v2.0/trunks?not-tags-any=red%2Cblue HTTP/1.1" status: 200 len: 1013 time: 0.0168645
2026-07-22 23:23:56.169 9 INFO neutron.wsgi [None req-02eca0e5-9a28-491b-b53d-32b21bb284c1 f8dcbf00d0e24dd4b2ed9bf41d91b3d8 b7efc1d1183d4ef5a8c7a8bd8f788dd0 - - default default] 10.0.0.216 "GET /v2.0/trunks/a330c8e1-0892-4a2f-afc9-f1e6e753dd97 HTTP/1.1" status: 200 len: 608 time: 0.0433218
2026-07-22 23:23:56.290 9 INFO neutron.wsgi [None req-269f1760-5848-43c2-9da0-f42328c47ae0 f8dcbf00d0e24dd4b2ed9bf41d91b3d8 b7efc1d1183d4ef5a8c7a8bd8f788dd0 - - default default] 10.0.0.216 "GET /v2.0/ports/d9e29611-4ac3-41f0-acb9-9a18aca1ed10 HTTP/1.1" status: 200 len: 1020 time: 0.1085494
2026-07-22 23:23:56.421 9 INFO neutron.wsgi [None req-7899a479-ed87-405c-b0ba-72a3757286ff f8dcbf00d0e24dd4b2ed9bf41d91b3d8 b7efc1d1183d4ef5a8c7a8bd8f788dd0 - - - -] 10.0.0.216 "DELETE /v2.0/trunks/a330c8e1-0892-4a2f-afc9-f1e6e753dd97 HTTP/1.1" status: 204 len: 168 time: 0.1245351
2026-07-22 23:23:56.447 9 INFO neutron.wsgi [None req-679ba945-8b8f-480b-a719-c66ad0f86ba8 f8dcbf00d0e24dd4b2ed9bf41d91b3d8 b7efc1d1183d4ef5a8c7a8bd8f788dd0 - - default default] 10.0.0.216 "GET /v2.0/trunks/7f861715-3b12-41e2-a4d1-61fad7018da7 HTTP/1.1" status: 200 len: 616 time: 0.0210474
2026-07-22 23:23:56.534 9 INFO neutron.wsgi [None req-75253f0c-0c21-4f4a-bd4a-255a06001193 f8dcbf00d0e24dd4b2ed9bf41d91b3d8 b7efc1d1183d4ef5a8c7a8bd8f788dd0 - - default default] 10.0.0.216 "GET /v2.0/ports/2a17c063-d35d-4118-a141-4f40071214d9 HTTP/1.1" status: 200 len: 1020 time: 0.0816588
2026-07-22 23:23:56.622 9 INFO neutron.wsgi [None req-92f881eb-6aba-468e-88a1-524faf78140e f8dcbf00d0e24dd4b2ed9bf41d91b3d8 b7efc1d1183d4ef5a8c7a8bd8f788dd0 - - - -] 10.0.0.216 "DELETE /v2.0/trunks/7f861715-3b12-41e2-a4d1-61fad7018da7 HTTP/1.1" status: 204 len: 168 time: 0.0833166
2026-07-22 23:23:56.641 9 INFO neutron.wsgi [None req-1ec87ff1-1fe9-4cd1-a964-a2039e62bf0e f8dcbf00d0e24dd4b2ed9bf41d91b3d8 b7efc1d1183d4ef5a8c7a8bd8f788dd0 - - default default] 10.0.0.216 "GET /v2.0/trunks/450a640b-1e73-41dc-86f1-72de61237041 HTTP/1.1" status: 200 len: 625 time: 0.0148523
2026-07-22 23:23:56.683 10 INFO neutron.wsgi [None req-0e7b8782-12e1-4c76-aafa-63adae425af1 d0bf6b8c61994692aabf85c2f085ff59 9140fa78b90f47f093c5b1b571d80530 - - - -] 10.0.0.216 "POST /v2.0/qos/policies HTTP/1.1" status: 201 len: 558 time: 0.2930932
2026-07-22 23:23:56.713 10 INFO neutron.wsgi [None req-446b8a2a-e789-48d2-863f-bc4b19da86c8 d0bf6b8c61994692aabf85c2f085ff59 9140fa78b90f47f093c5b1b571d80530 - - - -] 10.0.0.216 "PUT /v2.0/policies/ad57e8a1-4102-4c73-8449-d77fc15ed6d4/tags HTTP/1.1" status: 200 len: 218 time: 0.0241292
2026-07-22 23:23:56.717 9 INFO neutron.wsgi [None req-2d66808d-0846-4435-a8a9-16e32ecf9ec0 f8dcbf00d0e24dd4b2ed9bf41d91b3d8 b7efc1d1183d4ef5a8c7a8bd8f788dd0 - - default default] 10.0.0.216 "GET /v2.0/ports/316916e5-200b-4091-a60d-4f8d1dd5fa50 HTTP/1.1" status: 200 len: 1020 time: 0.0704455
2026-07-22 23:23:56.747 10 INFO neutron.wsgi [None req-7ede3561-6272-4028-9878-b17ed16d275c d0bf6b8c61994692aabf85c2f085ff59 9140fa78b90f47f093c5b1b571d80530 - - default default] 10.0.0.216 "GET /v2.0/policies/ad57e8a1-4102-4c73-8449-d77fc15ed6d4/tags HTTP/1.1" status: 200 len: 218 time: 0.0290382
2026-07-22 23:23:56.777 9 INFO neutron.wsgi [None req-9dfbf673-3df4-4bb7-aae8-833c62353869 d0bf6b8c61994692aabf85c2f085ff59 9140fa78b90f47f093c5b1b571d80530 - - - -] 10.0.0.216 "PUT /v2.0/policies/ad57e8a1-4102-4c73-8449-d77fc15ed6d4/tags/green HTTP/1.1" status: 201 len: 201 time: 0.0267394
2026-07-22 23:23:56.797 10 INFO neutron.wsgi [None req-5ca1d083-fb0a-45e4-975a-72aa73396334 d0bf6b8c61994692aabf85c2f085ff59 9140fa78b90f47f093c5b1b571d80530 - - default default] 10.0.0.216 "GET /v2.0/policies/ad57e8a1-4102-4c73-8449-d77fc15ed6d4/tags HTTP/1.1" status: 200 len: 227 time: 0.0165467
2026-07-22 23:23:56.817 10 INFO neutron.wsgi [None req-737b5c7c-2978-42a9-8e0a-919f8f1796ea d0bf6b8c61994692aabf85c2f085ff59 9140fa78b90f47f093c5b1b571d80530 - - - -] 10.0.0.216 "PUT /v2.0/policies/ad57e8a1-4102-4c73-8449-d77fc15ed6d4/tags/red HTTP/1.1" status: 201 len: 201 time: 0.0163684
2026-07-22 23:23:56.836 10 INFO neutron.wsgi [None req-382c6c03-0488-43f3-92ba-05ca1fadb631 d0bf6b8c61994692aabf85c2f085ff59 9140fa78b90f47f093c5b1b571d80530 - - default default] 10.0.0.216 "GET /v2.0/policies/ad57e8a1-4102-4c73-8449-d77fc15ed6d4/tags HTTP/1.1" status: 200 len: 227 time: 0.0170925
2026-07-22 23:23:56.846 9 INFO neutron.wsgi [None req-1bbc449c-dbe6-434c-bfc6-aadb64c20695 f8dcbf00d0e24dd4b2ed9bf41d91b3d8 b7efc1d1183d4ef5a8c7a8bd8f788dd0 - - - -] 10.0.0.216 "DELETE /v2.0/trunks/450a640b-1e73-41dc-86f1-72de61237041 HTTP/1.1" status: 204 len: 168 time: 0.1232908
2026-07-22 23:23:56.867 9 INFO neutron.wsgi [None req-5e7ce25a-ab49-45fe-b517-732482af400a f8dcbf00d0e24dd4b2ed9bf41d91b3d8 b7efc1d1183d4ef5a8c7a8bd8f788dd0 - - default default] 10.0.0.216 "GET /v2.0/trunks/7a72605b-fdf4-453f-9856-ded2ab074513 HTTP/1.1" status: 200 len: 610 time: 0.0155632
2026-07-22 23:23:56.869 10 INFO neutron.wsgi [None req-b52c45d3-6511-42ed-9007-57da890ba4d0 d0bf6b8c61994692aabf85c2f085ff59 9140fa78b90f47f093c5b1b571d80530 - - - -] 10.0.0.216 "PUT /v2.0/policies/ad57e8a1-4102-4c73-8449-d77fc15ed6d4/tags/black.or.white HTTP/1.1" status: 201 len: 201 time: 0.0269003
2026-07-22 23:23:56.895 9 INFO neutron.wsgi [None req-5154846a-73ea-4a5e-b525-78c215adffc9 d0bf6b8c61994692aabf85c2f085ff59 9140fa78b90f47f093c5b1b571d80530 - - default default] 10.0.0.216 "GET /v2.0/policies/ad57e8a1-4102-4c73-8449-d77fc15ed6d4/tags HTTP/1.1" status: 200 len: 245 time: 0.0222099
2026-07-22 23:23:56.931 10 INFO neutron.wsgi [None req-d4337370-beba-441d-80a5-98855ee6b6ba d0bf6b8c61994692aabf85c2f085ff59 9140fa78b90f47f093c5b1b571d80530 - - - -] 10.0.0.216 "PUT /v2.0/policies/ad57e8a1-4102-4c73-8449-d77fc15ed6d4/tags HTTP/1.1" status: 200 len: 230 time: 0.0292313
2026-07-22 23:23:56.949 10 INFO neutron.wsgi [None req-71c666fa-7671-43bb-a774-a64a5d4e1801 d0bf6b8c61994692aabf85c2f085ff59 9140fa78b90f47f093c5b1b571d80530 - - default default] 10.0.0.216 "GET /v2.0/policies/ad57e8a1-4102-4c73-8449-d77fc15ed6d4/tags HTTP/1.1" status: 200 len: 230 time: 0.0121784
2026-07-22 23:23:56.956 9 INFO neutron.wsgi [None req-ba828391-b9b7-4f6d-be89-6f5aa6970d09 f8dcbf00d0e24dd4b2ed9bf41d91b3d8 b7efc1d1183d4ef5a8c7a8bd8f788dd0 - - default default] 10.0.0.216 "GET /v2.0/ports/cc84abfb-2442-474c-9ec9-3347a5b5db61 HTTP/1.1" status: 200 len: 1020 time: 0.0838583
2026-07-22 23:23:56.969 10 INFO neutron.wsgi [None req-9d8b9a64-de5b-426e-9385-03db17eea776 d0bf6b8c61994692aabf85c2f085ff59 9140fa78b90f47f093c5b1b571d80530 - - default default] 10.0.0.216 "GET /v2.0/policies/ad57e8a1-4102-4c73-8449-d77fc15ed6d4/tags/red HTTP/1.1" status: 204 len: 168 time: 0.0158191
2026-07-22 23:23:56.994 9 INFO neutron.api.v2.resource [None req-0b2ae009-310d-4015-8202-5a549f3770af d0bf6b8c61994692aabf85c2f085ff59 9140fa78b90f47f093c5b1b571d80530 - - default default] show failed (client error): The resource could not be found.
2026-07-22 23:23:56.995 9 INFO neutron.wsgi [None req-0b2ae009-310d-4015-8202-5a549f3770af d0bf6b8c61994692aabf85c2f085ff59 9140fa78b90f47f093c5b1b571d80530 - - default default] 10.0.0.216 "GET /v2.0/policies/ad57e8a1-4102-4c73-8449-d77fc15ed6d4/tags/green HTTP/1.1" status: 404 len: 299 time: 0.0206735
2026-07-22 23:23:57.034 10 INFO neutron.wsgi [None req-21e0231b-0e66-41a7-b7df-6562e3546708 d0bf6b8c61994692aabf85c2f085ff59 9140fa78b90f47f093c5b1b571d80530 - - - -] 10.0.0.216 "DELETE /v2.0/policies/ad57e8a1-4102-4c73-8449-d77fc15ed6d4/tags/red HTTP/1.1" status: 204 len: 168 time: 0.0339682
2026-07-22 23:23:57.043 9 INFO neutron.wsgi [None req-161331c1-34cc-4f50-aa45-be37454edb2a f8dcbf00d0e24dd4b2ed9bf41d91b3d8 b7efc1d1183d4ef5a8c7a8bd8f788dd0 - - - -] 10.0.0.216 "DELETE /v2.0/trunks/7a72605b-fdf4-453f-9856-ded2ab074513 HTTP/1.1" status: 204 len: 168 time: 0.0840442
2026-07-22 23:23:57.075 10 INFO neutron.wsgi [None req-539d42b9-12f9-4b39-8a78-2e9a708e0ba5 f8dcbf00d0e24dd4b2ed9bf41d91b3d8 b7efc1d1183d4ef5a8c7a8bd8f788dd0 - - default default] 10.0.0.216 "GET /v2.0/trunks/f21761fc-b2a2-45d6-b030-51782bbc8674 HTTP/1.1" status: 200 len: 603 time: 0.0279260
2026-07-22 23:23:57.079 10 INFO neutron.wsgi [None req-3947ef55-12ff-41a1-8e05-b2507db065f1 d0bf6b8c61994692aabf85c2f085ff59 9140fa78b90f47f093c5b1b571d80530 - - default default] 10.0.0.216 "GET /v2.0/policies/ad57e8a1-4102-4c73-8449-d77fc15ed6d4/tags HTTP/1.1" status: 200 len: 223 time: 0.0394895
2026-07-22 23:23:57.118 9 INFO neutron.api.v2.resource [None req-7de22f5d-7a9e-4e61-8691-389e56643c1c d0bf6b8c61994692aabf85c2f085ff59 9140fa78b90f47f093c5b1b571d80530 - - - -] delete failed (client error): The resource could not be found.
2026-07-22 23:23:57.120 9 INFO neutron.wsgi [None req-7de22f5d-7a9e-4e61-8691-389e56643c1c d0bf6b8c61994692aabf85c2f085ff59 9140fa78b90f47f093c5b1b571d80530 - - - -] 10.0.0.216 "DELETE /v2.0/policies/ad57e8a1-4102-4c73-8449-d77fc15ed6d4/tags/green HTTP/1.1" status: 404 len: 299 time: 0.0357313
2026-07-22 23:23:57.159 9 INFO neutron.wsgi [None req-46ae6a9a-dc67-4c16-b5fb-b5cc0bf733b7 d0bf6b8c61994692aabf85c2f085ff59 9140fa78b90f47f093c5b1b571d80530 - - - -] 10.0.0.216 "DELETE /v2.0/policies/ad57e8a1-4102-4c73-8449-d77fc15ed6d4/tags HTTP/1.1" status: 204 len: 168 time: 0.0296471
2026-07-22 23:23:57.195 10 INFO neutron.wsgi [None req-7864d7c7-1e81-4417-9afd-4f4fe4968018 d0bf6b8c61994692aabf85c2f085ff59 9140fa78b90f47f093c5b1b571d80530 - - default default] 10.0.0.216 "GET /v2.0/policies/ad57e8a1-4102-4c73-8449-d77fc15ed6d4/tags HTTP/1.1" status: 200 len: 205 time: 0.0314586
2026-07-22 23:23:57.201 10 INFO neutron.wsgi [None req-b8eefcba-11ed-46a2-a4a2-52d76ede2230 f8dcbf00d0e24dd4b2ed9bf41d91b3d8 b7efc1d1183d4ef5a8c7a8bd8f788dd0 - - default default] 10.0.0.216 "GET /v2.0/ports/d56f3587-89d3-45f8-a3cc-dee1f39221dd HTTP/1.1" status: 200 len: 1020 time: 0.1193199
2026-07-22 23:23:57.305 10 INFO neutron.wsgi [None req-0aab8f2e-8914-4398-b8ff-3d700883dad8 d0bf6b8c61994692aabf85c2f085ff59 9140fa78b90f47f093c5b1b571d80530 - - - -] 10.0.0.216 "DELETE /v2.0/qos/policies/ad57e8a1-4102-4c73-8449-d77fc15ed6d4 HTTP/1.1" status: 204 len: 168 time: 0.1019297
2026-07-22 23:23:57.323 10 INFO neutron.wsgi [None req-6052253a-cbf4-44eb-a77d-21155fde7992 f8dcbf00d0e24dd4b2ed9bf41d91b3d8 b7efc1d1183d4ef5a8c7a8bd8f788dd0 - - - -] 10.0.0.216 "DELETE /v2.0/trunks/f21761fc-b2a2-45d6-b030-51782bbc8674 HTTP/1.1" status: 204 len: 168 time: 0.1138589
2026-07-22 23:23:57.825 10 INFO neutron.wsgi [None req-578b0b34-c845-4ac9-8981-1aefe9e85252 f8dcbf00d0e24dd4b2ed9bf41d91b3d8 b7efc1d1183d4ef5a8c7a8bd8f788dd0 - - - -] 10.0.0.216 "DELETE /v2.0/ports/d9e29611-4ac3-41f0-acb9-9a18aca1ed10 HTTP/1.1" status: 204 len: 168 time: 0.4980068
2026-07-22 23:23:58.096 10 INFO neutron.wsgi [None req-1c5006e8-c6e4-4674-bccf-7a4005352510 f8dcbf00d0e24dd4b2ed9bf41d91b3d8 b7efc1d1183d4ef5a8c7a8bd8f788dd0 - - - -] 10.0.0.216 "DELETE /v2.0/ports/2a17c063-d35d-4118-a141-4f40071214d9 HTTP/1.1" status: 204 len: 168 time: 0.2659307
2026-07-22 23:23:58.276 10 INFO neutron.db.ovn_revision_numbers_db [None req-73aeb9d9-1486-4905-9b9a-87100ad34f54 cf73f69d1f7e49a59cf81fa0f22f15b3 54c749f18dbc43a79f6dd70b33b72377 - - default default] Successfully bumped revision number for resource 20be213b-a076-4927-b14d-f92c47cee8c3 (type: security_groups) to 1
2026-07-22 23:23:58.318 10 INFO neutron.wsgi [None req-73aeb9d9-1486-4905-9b9a-87100ad34f54 cf73f69d1f7e49a59cf81fa0f22f15b3 54c749f18dbc43a79f6dd70b33b72377 - - default default] 10.0.0.216 "GET /v2.0/security-groups?tenant_id=9140fa78b90f47f093c5b1b571d80530&name=default HTTP/1.1" status: 200 len: 2996 time: 0.3488359
2026-07-22 23:23:58.392 10 INFO neutron.wsgi [None req-04634d1c-34ef-4797-b47f-c37f23e9c0b6 f8dcbf00d0e24dd4b2ed9bf41d91b3d8 b7efc1d1183d4ef5a8c7a8bd8f788dd0 - - - -] 10.0.0.216 "DELETE /v2.0/ports/316916e5-200b-4091-a60d-4f8d1dd5fa50 HTTP/1.1" status: 204 len: 168 time: 0.2920651
2026-07-22 23:23:58.530 10 INFO neutron.wsgi [None req-b0b4305d-dac4-4f4b-bb6e-beb6bd84c772 cf73f69d1f7e49a59cf81fa0f22f15b3 54c749f18dbc43a79f6dd70b33b72377 - - - -] 10.0.0.216 "DELETE /v2.0/security-groups/20be213b-a076-4927-b14d-f92c47cee8c3 HTTP/1.1" status: 204 len: 168 time: 0.2072647
2026-07-22 23:23:58.674 9 INFO neutron.wsgi [None req-0d41e685-ca35-4d6b-ace3-384a7eb50425 f8dcbf00d0e24dd4b2ed9bf41d91b3d8 b7efc1d1183d4ef5a8c7a8bd8f788dd0 - - - -] 10.0.0.216 "DELETE /v2.0/ports/cc84abfb-2442-474c-9ec9-3347a5b5db61 HTTP/1.1" status: 204 len: 168 time: 0.2742581
2026-07-22 23:23:58.797 10 INFO neutron.db.ovn_revision_numbers_db [None req-5e6e7685-f471-42af-a540-0dfc97412fe9 cf73f69d1f7e49a59cf81fa0f22f15b3 54c749f18dbc43a79f6dd70b33b72377 - - default default] Successfully bumped revision number for resource 99f9e002-0f58-4be2-b869-553f0a8e516a (type: security_groups) to 1
2026-07-22 23:23:58.824 10 INFO neutron.wsgi [None req-5e6e7685-f471-42af-a540-0dfc97412fe9 cf73f69d1f7e49a59cf81fa0f22f15b3 54c749f18dbc43a79f6dd70b33b72377 - - default default] 10.0.0.216 "GET /v2.0/security-groups?tenant_id=2d71de51407447b6bad0aa8a77dccaaa&name=default HTTP/1.1" status: 200 len: 2996 time: 0.1345577
2026-07-22 23:23:58.963 9 INFO neutron.wsgi [None req-94c30231-ef12-4275-a866-afb0eab18820 f8dcbf00d0e24dd4b2ed9bf41d91b3d8 b7efc1d1183d4ef5a8c7a8bd8f788dd0 - - - -] 10.0.0.216 "DELETE /v2.0/ports/d56f3587-89d3-45f8-a3cc-dee1f39221dd HTTP/1.1" status: 204 len: 168 time: 0.2842610
2026-07-22 23:23:59.013 10 INFO neutron.wsgi [None req-323ba629-1a57-4c9c-a2f6-fce99378ca4f cf73f69d1f7e49a59cf81fa0f22f15b3 54c749f18dbc43a79f6dd70b33b72377 - - - -] 10.0.0.216 "DELETE /v2.0/security-groups/99f9e002-0f58-4be2-b869-553f0a8e516a HTTP/1.1" status: 204 len: 168 time: 0.1826963
2026-07-22 23:23:59.348 9 INFO neutron.services.segments.plugin [-] Segment f4adb17e-7ec1-40ea-b33d-bef127a54499 resource provider aggregate not found
2026-07-22 23:23:59.354 9 INFO neutron.services.segments.plugin [-] Segment f4adb17e-7ec1-40ea-b33d-bef127a54499 resource provider aggregate not found
2026-07-22 23:23:59.361 9 INFO neutron.services.segments.plugin [-] Segment f4adb17e-7ec1-40ea-b33d-bef127a54499 resource provider not found; error: Placement Client Error (4xx): {"errors": [{"status": 404, "title": "Not Found", "detail": "The resource could not be found.\n\n No resource provider with uuid f4adb17e-7ec1-40ea-b33d-bef127a54499 found for delete ", "request_id": "req-acac8e0f-7bab-41a8-b7fc-d96911af34d8"}]}
2026-07-22 23:23:59.383 9 INFO neutron.services.segments.plugin [-] Segment f4adb17e-7ec1-40ea-b33d-bef127a54499 resource provider not found; error: Placement Client Error (4xx): {"errors": [{"status": 404, "title": "Not Found", "detail": "The resource could not be found.\n\n No resource provider with uuid f4adb17e-7ec1-40ea-b33d-bef127a54499 found for delete ", "request_id": "req-4d09787a-fd55-4a0b-a7ad-da074b96ef1c"}]}
2026-07-22 23:23:59.421 9 INFO neutron.wsgi [None req-db5d3c41-f9af-4507-a91c-80ae57dcc0ee f8dcbf00d0e24dd4b2ed9bf41d91b3d8 b7efc1d1183d4ef5a8c7a8bd8f788dd0 - - - -] 10.0.0.216 "DELETE /v2.0/networks/d4a7d190-ae7b-46f5-8fbb-e8460b0fd4b7 HTTP/1.1" status: 204 len: 168 time: 0.4527395
2026-07-22 23:23:59.749 10 INFO neutron.db.ovn_revision_numbers_db [None req-6bc409e3-87cc-4965-9e4d-77ca77af7005 29ef89646f1f4a18a5495817d24654fb aaa1c65cdb81488e80afaa693f2f720c - - - -] Successfully bumped revision number for resource 685acaef-93a4-4be3-8f88-adafaf766dd6 (type: security_groups) to 1
2026-07-22 23:23:59.816 10 INFO neutron.db.segments_db [None req-6bc409e3-87cc-4965-9e4d-77ca77af7005 29ef89646f1f4a18a5495817d24654fb aaa1c65cdb81488e80afaa693f2f720c - - - -] Added segment 6751b641-1926-4be8-bcf4-dedcd17a0906 of type geneve for network ab988521-c82f-4c2f-90fb-a41cf02a5915
2026-07-22 23:23:59.856 10 INFO neutron.services.segments.plugin [-] Segment 842d0432-c8dd-4b84-98ec-67847cc222be resource provider aggregate not found
2026-07-22 23:23:59.864 10 INFO neutron.services.segments.plugin [-] Segment 842d0432-c8dd-4b84-98ec-67847cc222be resource provider aggregate not found
2026-07-22 23:23:59.883 10 INFO neutron.services.segments.plugin [-] Segment 842d0432-c8dd-4b84-98ec-67847cc222be resource provider not found; error: Placement Client Error (4xx): {"errors": [{"status": 404, "title": "Not Found", "detail": "The resource could not be found.\n\n No resource provider with uuid 842d0432-c8dd-4b84-98ec-67847cc222be found for delete ", "request_id": "req-ba6d2042-ba13-479f-afc0-2bcb446d2a73"}]}
2026-07-22 23:23:59.886 10 INFO neutron.services.segments.plugin [-] Segment 842d0432-c8dd-4b84-98ec-67847cc222be resource provider not found; error: Placement Client Error (4xx): {"errors": [{"status": 404, "title": "Not Found", "detail": "The resource could not be found.\n\n No resource provider with uuid 842d0432-c8dd-4b84-98ec-67847cc222be found for delete ", "request_id": "req-f473778d-e00d-4386-890c-30cd83594ad0"}]}
2026-07-22 23:23:59.931 10 INFO neutron.wsgi [None req-56dc95be-482a-4c27-b83c-344fb4650ba2 f8dcbf00d0e24dd4b2ed9bf41d91b3d8 b7efc1d1183d4ef5a8c7a8bd8f788dd0 - - - -] 10.0.0.216 "DELETE /v2.0/networks/38746ba6-0145-438d-8c05-d0826abcdca9 HTTP/1.1" status: 204 len: 168 time: 0.5049024
2026-07-22 23:24:00.017 10 INFO neutron.db.ovn_revision_numbers_db [None req-6bc409e3-87cc-4965-9e4d-77ca77af7005 29ef89646f1f4a18a5495817d24654fb aaa1c65cdb81488e80afaa693f2f720c - - - -] Successfully bumped revision number for resource ab988521-c82f-4c2f-90fb-a41cf02a5915 (type: networks) to 1
2026-07-22 23:24:00.207 10 WARNING neutron.scheduler.dhcp_agent_scheduler [None req-6bc409e3-87cc-4965-9e4d-77ca77af7005 29ef89646f1f4a18a5495817d24654fb aaa1c65cdb81488e80afaa693f2f720c - - - -] No more DHCP agents
2026-07-22 23:24:00.209 10 WARNING neutron.api.rpc.agentnotifiers.dhcp_rpc_agent_api [None req-6bc409e3-87cc-4965-9e4d-77ca77af7005 29ef89646f1f4a18a5495817d24654fb aaa1c65cdb81488e80afaa693f2f720c - - - -] Unable to schedule network ab988521-c82f-4c2f-90fb-a41cf02a5915: no agents available; will retry on subsequent port and subnet creation events.
2026-07-22 23:24:00.272 10 INFO neutron.db.ovn_revision_numbers_db [None req-6bc409e3-87cc-4965-9e4d-77ca77af7005 29ef89646f1f4a18a5495817d24654fb aaa1c65cdb81488e80afaa693f2f720c - - - -] Successfully bumped revision number for resource 7ef31fb5-3115-4773-b912-ba4f813f6cf3 (type: ports) to 1
2026-07-22 23:24:00.295 10 INFO neutron.wsgi [None req-6bc409e3-87cc-4965-9e4d-77ca77af7005 29ef89646f1f4a18a5495817d24654fb aaa1c65cdb81488e80afaa693f2f720c - - - -] 10.0.0.216 "POST /v2.0/networks HTTP/1.1" status: 201 len: 831 time: 0.9222906
2026-07-22 23:24:00.578 9 INFO neutron.wsgi [None req-426921ea-cd76-4844-8c5c-9b2583b510e3 f8dcbf00d0e24dd4b2ed9bf41d91b3d8 b7efc1d1183d4ef5a8c7a8bd8f788dd0 - - - -] 10.0.0.216 "DELETE /v2.0/networks/5848fd97-574d-4d6a-9fb6-a42eb32a2911 HTTP/1.1" status: 204 len: 168 time: 0.6393888
2026-07-22 23:24:00.584 10 WARNING neutron.scheduler.dhcp_agent_scheduler [None req-b0b5ecff-d3f8-413d-a513-d16195341168 29ef89646f1f4a18a5495817d24654fb aaa1c65cdb81488e80afaa693f2f720c - - - -] No more DHCP agents /var/lib/openstack/lib/python3.10/site-packages/pycadf/identifier.py:71: UserWarning: Invalid uuid: neutron. To ensure interoperability, identifiers should be a valid uuid. warnings.warn(('Invalid uuid: %s. To ensure interoperability, '
2026-07-22 23:24:00.592 10 WARNING neutron.api.rpc.agentnotifiers.dhcp_rpc_agent_api [None req-b0b5ecff-d3f8-413d-a513-d16195341168 29ef89646f1f4a18a5495817d24654fb aaa1c65cdb81488e80afaa693f2f720c - - - -] Unable to schedule network ab988521-c82f-4c2f-90fb-a41cf02a5915: no agents available; will retry on subsequent port and subnet creation events.
2026-07-22 23:24:00.699 10 INFO neutron.db.ovn_revision_numbers_db [None req-b0b5ecff-d3f8-413d-a513-d16195341168 29ef89646f1f4a18a5495817d24654fb aaa1c65cdb81488e80afaa693f2f720c - - - -] Successfully bumped revision number for resource 59517643-bc27-4d26-bef9-cf6e6e278ed7 (type: ports) to 1
2026-07-22 23:24:00.735 10 INFO neutron.wsgi [None req-b0b5ecff-d3f8-413d-a513-d16195341168 29ef89646f1f4a18a5495817d24654fb aaa1c65cdb81488e80afaa693f2f720c - - - -] 10.0.0.216 "POST /v2.0/ports HTTP/1.1" status: 201 len: 942 time: 0.4311597 /var/lib/openstack/lib/python3.10/site-packages/pycadf/identifier.py:71: UserWarning: Invalid uuid: neutron. To ensure interoperability, identifiers should be a valid uuid. warnings.warn(('Invalid uuid: %s. To ensure interoperability, '
2026-07-22 23:24:00.843 10 INFO neutron.db.segments_db [None req-4416d3b1-d40e-4894-b169-ab517f371428 29ef89646f1f4a18a5495817d24654fb aaa1c65cdb81488e80afaa693f2f720c - - - -] Added segment b1f034fa-3c3a-4e8a-9e6d-6e1c1b134e0f of type geneve for network 6d73689b-df59-4897-a19d-5f63f06bbd53
2026-07-22 23:24:01.001 10 INFO neutron.db.ovn_revision_numbers_db [None req-4416d3b1-d40e-4894-b169-ab517f371428 29ef89646f1f4a18a5495817d24654fb aaa1c65cdb81488e80afaa693f2f720c - - - -] Successfully bumped revision number for resource 6d73689b-df59-4897-a19d-5f63f06bbd53 (type: networks) to 1
2026-07-22 23:24:01.112 10 INFO neutron.wsgi [None req-96ee901e-2a11-4afa-afc8-d505617daaee f8dcbf00d0e24dd4b2ed9bf41d91b3d8 b7efc1d1183d4ef5a8c7a8bd8f788dd0 - - - -] 10.0.0.216 "DELETE /v2.0/networks/4a75964e-1743-4d66-9ff4-4f5de39ca7e7 HTTP/1.1" status: 204 len: 168 time: 0.5288537
2026-07-22 23:24:01.216 10 WARNING neutron.scheduler.dhcp_agent_scheduler [None req-4416d3b1-d40e-4894-b169-ab517f371428 29ef89646f1f4a18a5495817d24654fb aaa1c65cdb81488e80afaa693f2f720c - - - -] No more DHCP agents
2026-07-22 23:24:01.219 10 WARNING neutron.api.rpc.agentnotifiers.dhcp_rpc_agent_api [None req-4416d3b1-d40e-4894-b169-ab517f371428 29ef89646f1f4a18a5495817d24654fb aaa1c65cdb81488e80afaa693f2f720c - - - -] Unable to schedule network 6d73689b-df59-4897-a19d-5f63f06bbd53: no agents available; will retry on subsequent port and subnet creation events.
2026-07-22 23:24:01.286 10 INFO neutron.db.ovn_revision_numbers_db [None req-4416d3b1-d40e-4894-b169-ab517f371428 29ef89646f1f4a18a5495817d24654fb aaa1c65cdb81488e80afaa693f2f720c - - - -] Successfully bumped revision number for resource 43aca24f-ff50-4010-83fe-69952c5f1b53 (type: ports) to 1
2026-07-22 23:24:01.312 10 INFO neutron.wsgi [None req-4416d3b1-d40e-4894-b169-ab517f371428 29ef89646f1f4a18a5495817d24654fb aaa1c65cdb81488e80afaa693f2f720c - - - -] 10.0.0.216 "POST /v2.0/networks HTTP/1.1" status: 201 len: 831 time: 0.5720756
2026-07-22 23:24:01.392 9 INFO neutron.services.segments.plugin [-] Segment 5fb055d2-3173-4f78-9ae1-3574ce5d7ed3 resource provider aggregate not found
2026-07-22 23:24:01.405 9 INFO neutron.services.segments.plugin [-] Segment 5fb055d2-3173-4f78-9ae1-3574ce5d7ed3 resource provider aggregate not found
2026-07-22 23:24:01.411 9 INFO neutron.services.segments.plugin [-] Segment 5fb055d2-3173-4f78-9ae1-3574ce5d7ed3 resource provider not found; error: Placement Client Error (4xx): {"errors": [{"status": 404, "title": "Not Found", "detail": "The resource could not be found.\n\n No resource provider with uuid 5fb055d2-3173-4f78-9ae1-3574ce5d7ed3 found for delete ", "request_id": "req-4251fe3f-c124-420d-bd98-7a17a0b714d9"}]}
2026-07-22 23:24:01.421 9 INFO neutron.services.segments.plugin [-] Segment 5fb055d2-3173-4f78-9ae1-3574ce5d7ed3 resource provider not found; error: Placement Client Error (4xx): {"errors": [{"status": 404, "title": "Not Found", "detail": "The resource could not be found.\n\n No resource provider with uuid 5fb055d2-3173-4f78-9ae1-3574ce5d7ed3 found for delete ", "request_id": "req-728e0a70-2ed5-48bf-9474-48a5a0ce1516"}]}
2026-07-22 23:24:01.644 9 WARNING neutron.scheduler.dhcp_agent_scheduler [None req-94f09a54-5189-4950-8ee1-0f8956bbf449 29ef89646f1f4a18a5495817d24654fb aaa1c65cdb81488e80afaa693f2f720c - - - -] No more DHCP agents
2026-07-22 23:24:01.647 9 WARNING neutron.api.rpc.agentnotifiers.dhcp_rpc_agent_api [None req-94f09a54-5189-4950-8ee1-0f8956bbf449 29ef89646f1f4a18a5495817d24654fb aaa1c65cdb81488e80afaa693f2f720c - - - -] Unable to schedule network 6d73689b-df59-4897-a19d-5f63f06bbd53: no agents available; will retry on subsequent port and subnet creation events.
2026-07-22 23:24:01.675 9 INFO neutron.wsgi [None req-8ee909a2-5be9-4ea9-91ef-3074f2f11dd1 f8dcbf00d0e24dd4b2ed9bf41d91b3d8 b7efc1d1183d4ef5a8c7a8bd8f788dd0 - - - -] 10.0.0.216 "DELETE /v2.0/networks/8e73d9a9-e363-483b-96bc-34acfaf9f246 HTTP/1.1" status: 204 len: 168 time: 0.5513046
2026-07-22 23:24:01.715 9 INFO neutron.db.ovn_revision_numbers_db [None req-94f09a54-5189-4950-8ee1-0f8956bbf449 29ef89646f1f4a18a5495817d24654fb aaa1c65cdb81488e80afaa693f2f720c - - - -] Successfully bumped revision number for resource e5871a9d-af1b-4ef5-9e0f-df483194862a (type: ports) to 1
2026-07-22 23:24:01.735 9 INFO neutron.wsgi [None req-94f09a54-5189-4950-8ee1-0f8956bbf449 29ef89646f1f4a18a5495817d24654fb aaa1c65cdb81488e80afaa693f2f720c - - - -] 10.0.0.216 "POST /v2.0/ports HTTP/1.1" status: 201 len: 942 time: 0.4186323 /var/lib/openstack/lib/python3.10/site-packages/pycadf/identifier.py:71: UserWarning: Invalid uuid: neutron. To ensure interoperability, identifiers should be a valid uuid. warnings.warn(('Invalid uuid: %s. To ensure interoperability, '
2026-07-22 23:24:01.820 9 INFO neutron.db.segments_db [None req-2f57d8ea-e659-4211-b9b4-38685a5a4db9 29ef89646f1f4a18a5495817d24654fb aaa1c65cdb81488e80afaa693f2f720c - - - -] Added segment 77de7d3c-6b7b-469c-bfd2-f57f44776bfb of type geneve for network 0ab2dc9b-f127-46a0-9e4d-fc7fd6a4220a
2026-07-22 23:24:01.914 10 INFO neutron.services.segments.plugin [-] Segment 2da351ba-4945-4e16-8778-1aa8e78589f3 resource provider aggregate not found
2026-07-22 23:24:01.921 10 INFO neutron.services.segments.plugin [-] Segment 2da351ba-4945-4e16-8778-1aa8e78589f3 resource provider aggregate not found
2026-07-22 23:24:01.940 10 INFO neutron.services.segments.plugin [-] Segment 2da351ba-4945-4e16-8778-1aa8e78589f3 resource provider not found; error: Placement Client Error (4xx): {"errors": [{"status": 404, "title": "Not Found", "detail": "The resource could not be found.\n\n No resource provider with uuid 2da351ba-4945-4e16-8778-1aa8e78589f3 found for delete ", "request_id": "req-036c2f8a-e19a-45c4-8108-29fd0b7a2321"}]}
2026-07-22 23:24:01.942 10 INFO neutron.services.segments.plugin [-] Segment 2da351ba-4945-4e16-8778-1aa8e78589f3 resource provider not found; error: Placement Client Error (4xx): {"errors": [{"status": 404, "title": "Not Found", "detail": "The resource could not be found.\n\n No resource provider with uuid 2da351ba-4945-4e16-8778-1aa8e78589f3 found for delete ", "request_id": "req-83f8090d-1e8e-4d90-809b-fa20ee035efd"}]}
2026-07-22 23:24:01.955 9 INFO neutron.db.ovn_revision_numbers_db [None req-2f57d8ea-e659-4211-b9b4-38685a5a4db9 29ef89646f1f4a18a5495817d24654fb aaa1c65cdb81488e80afaa693f2f720c - - - -] Successfully bumped revision number for resource 0ab2dc9b-f127-46a0-9e4d-fc7fd6a4220a (type: networks) to 1
2026-07-22 23:24:02.131 9 WARNING neutron.scheduler.dhcp_agent_scheduler [None req-2f57d8ea-e659-4211-b9b4-38685a5a4db9 29ef89646f1f4a18a5495817d24654fb aaa1c65cdb81488e80afaa693f2f720c - - - -] No more DHCP agents
2026-07-22 23:24:02.133 9 WARNING neutron.api.rpc.agentnotifiers.dhcp_rpc_agent_api [None req-2f57d8ea-e659-4211-b9b4-38685a5a4db9 29ef89646f1f4a18a5495817d24654fb aaa1c65cdb81488e80afaa693f2f720c - - - -] Unable to schedule network 0ab2dc9b-f127-46a0-9e4d-fc7fd6a4220a: no agents available; will retry on subsequent port and subnet creation events.
2026-07-22 23:24:02.207 9 INFO neutron.db.ovn_revision_numbers_db [None req-2f57d8ea-e659-4211-b9b4-38685a5a4db9 29ef89646f1f4a18a5495817d24654fb aaa1c65cdb81488e80afaa693f2f720c - - - -] Successfully bumped revision number for resource 85151d9d-f9da-47e9-926a-6368b409a0c2 (type: ports) to 1
2026-07-22 23:24:02.232 9 INFO neutron.wsgi [None req-2f57d8ea-e659-4211-b9b4-38685a5a4db9 29ef89646f1f4a18a5495817d24654fb aaa1c65cdb81488e80afaa693f2f720c - - - -] 10.0.0.216 "POST /v2.0/networks HTTP/1.1" status: 201 len: 831 time: 0.4893868
2026-07-22 23:24:02.511 9 WARNING neutron.scheduler.dhcp_agent_scheduler [None req-7599350e-cb5a-47b0-b077-faf859a653cf 29ef89646f1f4a18a5495817d24654fb aaa1c65cdb81488e80afaa693f2f720c - - - -] No more DHCP agents
2026-07-22 23:24:02.514 9 WARNING neutron.api.rpc.agentnotifiers.dhcp_rpc_agent_api [None req-7599350e-cb5a-47b0-b077-faf859a653cf 29ef89646f1f4a18a5495817d24654fb aaa1c65cdb81488e80afaa693f2f720c - - - -] Unable to schedule network 0ab2dc9b-f127-46a0-9e4d-fc7fd6a4220a: no agents available; will retry on subsequent port and subnet creation events.
2026-07-22 23:24:02.589 9 INFO neutron.db.ovn_revision_numbers_db [None req-7599350e-cb5a-47b0-b077-faf859a653cf 29ef89646f1f4a18a5495817d24654fb aaa1c65cdb81488e80afaa693f2f720c - - - -] Successfully bumped revision number for resource d7412efe-b85f-4667-bdc5-e1e53605ff75 (type: ports) to 1
2026-07-22 23:24:02.616 9 INFO neutron.wsgi [None req-7599350e-cb5a-47b0-b077-faf859a653cf 29ef89646f1f4a18a5495817d24654fb aaa1c65cdb81488e80afaa693f2f720c - - - -] 10.0.0.216 "POST /v2.0/ports HTTP/1.1" status: 201 len: 942 time: 0.3790269
2026-07-22 23:24:02.761 10 INFO neutron.db.segments_db [None req-2c33b49f-ffed-4ac9-bc7c-8fa1dadecc95 29ef89646f1f4a18a5495817d24654fb aaa1c65cdb81488e80afaa693f2f720c - - - -] Added segment 77944970-7c39-46a8-a3e3-52cc8180a0ac of type geneve for network 4b11fbd8-a2f2-4e32-8bdd-6712298d017c
2026-07-22 23:24:02.763 10 INFO neutron.db.ovn_revision_numbers_db [None req-8f985ddc-4ff1-4858-8e35-85828860cef2 5e5cdf3711bf49b2bc82e46826d5f5d0 307f399e5ec64ec2abacb7ee8bea953a - - - -] Successfully bumped revision number for resource 16dfc4af-3b8a-4cb6-873c-b4b93a0e0e3a (type: routers) to 1
2026-07-22 23:24:02.801 10 INFO neutron.wsgi [None req-8f985ddc-4ff1-4858-8e35-85828860cef2 5e5cdf3711bf49b2bc82e46826d5f5d0 307f399e5ec64ec2abacb7ee8bea953a - - - -] 10.0.0.216 "POST /v2.0/routers HTTP/1.1" status: 201 len: 654 time: 0.4364877 /var/lib/openstack/lib/python3.10/site-packages/pycadf/identifier.py:71: UserWarning: Invalid uuid: neutron. To ensure interoperability, identifiers should be a valid uuid. warnings.warn(('Invalid uuid: %s. To ensure interoperability, '
2026-07-22 23:24:02.815 10 INFO neutron.db.ovn_revision_numbers_db [None req-b9fb69f8-a90f-41d5-b20f-694c83a51178 cf73f69d1f7e49a59cf81fa0f22f15b3 54c749f18dbc43a79f6dd70b33b72377 - - default default] Successfully bumped revision number for resource a225471c-1144-4b09-a5f6-bd96f59b9baa (type: security_groups) to 1
2026-07-22 23:24:02.853 10 INFO neutron.wsgi [None req-b9fb69f8-a90f-41d5-b20f-694c83a51178 cf73f69d1f7e49a59cf81fa0f22f15b3 54c749f18dbc43a79f6dd70b33b72377 - - default default] 10.0.0.216 "GET /v2.0/security-groups?tenant_id=bfa084df87384cb4b22f1687ab3746cb&name=default HTTP/1.1" status: 200 len: 2996 time: 0.3283632
2026-07-22 23:24:02.874 9 INFO neutron.wsgi [None req-940e2cb0-1f04-4e47-b7d7-3e2aaaeb5e40 5e5cdf3711bf49b2bc82e46826d5f5d0 307f399e5ec64ec2abacb7ee8bea953a - - - -] 10.0.0.216 "PUT /v2.0/routers/16dfc4af-3b8a-4cb6-873c-b4b93a0e0e3a/tags HTTP/1.1" status: 200 len: 218 time: 0.0676157
2026-07-22 23:24:02.917 10 INFO neutron.db.ovn_revision_numbers_db [None req-2c33b49f-ffed-4ac9-bc7c-8fa1dadecc95 29ef89646f1f4a18a5495817d24654fb aaa1c65cdb81488e80afaa693f2f720c - - - -] Successfully bumped revision number for resource 4b11fbd8-a2f2-4e32-8bdd-6712298d017c (type: networks) to 1
2026-07-22 23:24:02.932 9 INFO neutron.wsgi [None req-489996ef-379f-40f4-952b-2a115719670f 5e5cdf3711bf49b2bc82e46826d5f5d0 307f399e5ec64ec2abacb7ee8bea953a - - default default] 10.0.0.216 "GET /v2.0/routers/16dfc4af-3b8a-4cb6-873c-b4b93a0e0e3a/tags HTTP/1.1" status: 200 len: 218 time: 0.0537748
2026-07-22 23:24:03.004 9 INFO neutron.wsgi [None req-058091a4-650e-4fc9-8fb1-7fe4002d447a 5e5cdf3711bf49b2bc82e46826d5f5d0 307f399e5ec64ec2abacb7ee8bea953a - - - -] 10.0.0.216 "PUT /v2.0/routers/16dfc4af-3b8a-4cb6-873c-b4b93a0e0e3a/tags/green HTTP/1.1" status: 201 len: 201 time: 0.0661047
2026-07-22 23:24:03.064 9 INFO neutron.wsgi [None req-155a2bd7-5e65-4ab6-a6d9-6b77495f8c1e 5e5cdf3711bf49b2bc82e46826d5f5d0 307f399e5ec64ec2abacb7ee8bea953a - - default default] 10.0.0.216 "GET /v2.0/routers/16dfc4af-3b8a-4cb6-873c-b4b93a0e0e3a/tags HTTP/1.1" status: 200 len: 227 time: 0.0554810
2026-07-22 23:24:03.106 10 WARNING neutron.scheduler.dhcp_agent_scheduler [None req-2c33b49f-ffed-4ac9-bc7c-8fa1dadecc95 29ef89646f1f4a18a5495817d24654fb aaa1c65cdb81488e80afaa693f2f720c - - - -] No more DHCP agents
2026-07-22 23:24:03.108 10 WARNING neutron.api.rpc.agentnotifiers.dhcp_rpc_agent_api [None req-2c33b49f-ffed-4ac9-bc7c-8fa1dadecc95 29ef89646f1f4a18a5495817d24654fb aaa1c65cdb81488e80afaa693f2f720c - - - -] Unable to schedule network 4b11fbd8-a2f2-4e32-8bdd-6712298d017c: no agents available; will retry on subsequent port and subnet creation events.
2026-07-22 23:24:03.114 9 INFO neutron.wsgi [None req-c22884ca-7cdd-4891-8a7e-f047c942c083 5e5cdf3711bf49b2bc82e46826d5f5d0 307f399e5ec64ec2abacb7ee8bea953a - - - -] 10.0.0.216 "PUT /v2.0/routers/16dfc4af-3b8a-4cb6-873c-b4b93a0e0e3a/tags/red HTTP/1.1" status: 201 len: 201 time: 0.0442183
2026-07-22 23:24:03.160 9 INFO neutron.wsgi [None req-312171e9-6747-4c7f-92ec-3e074193fd0c 5e5cdf3711bf49b2bc82e46826d5f5d0 307f399e5ec64ec2abacb7ee8bea953a - - default default] 10.0.0.216 "GET /v2.0/routers/16dfc4af-3b8a-4cb6-873c-b4b93a0e0e3a/tags HTTP/1.1" status: 200 len: 227 time: 0.0415945
2026-07-22 23:24:03.162 10 INFO neutron.wsgi [None req-2353b9c4-3d8c-4699-beed-2579239bfe4d cf73f69d1f7e49a59cf81fa0f22f15b3 54c749f18dbc43a79f6dd70b33b72377 - - - -] 10.0.0.216 "DELETE /v2.0/security-groups/a225471c-1144-4b09-a5f6-bd96f59b9baa HTTP/1.1" status: 204 len: 168 time: 0.3031981
2026-07-22 23:24:03.207 10 INFO neutron.db.ovn_revision_numbers_db [None req-2c33b49f-ffed-4ac9-bc7c-8fa1dadecc95 29ef89646f1f4a18a5495817d24654fb aaa1c65cdb81488e80afaa693f2f720c - - - -] Successfully bumped revision number for resource 88c84d48-760e-4877-bc44-6d3c6790e70c (type: ports) to 1
2026-07-22 23:24:03.234 10 INFO neutron.wsgi [None req-4f9cf3d8-57fd-4e1e-b24b-415928c6367f 5e5cdf3711bf49b2bc82e46826d5f5d0 307f399e5ec64ec2abacb7ee8bea953a - - - -] 10.0.0.216 "PUT /v2.0/routers/16dfc4af-3b8a-4cb6-873c-b4b93a0e0e3a/tags/black.or.white HTTP/1.1" status: 201 len: 201 time: 0.0666001
2026-07-22 23:24:03.238 10 INFO neutron.wsgi [None req-2c33b49f-ffed-4ac9-bc7c-8fa1dadecc95 29ef89646f1f4a18a5495817d24654fb aaa1c65cdb81488e80afaa693f2f720c - - - -] 10.0.0.216 "POST /v2.0/networks HTTP/1.1" status: 201 len: 831 time: 0.6162772
2026-07-22 23:24:03.287 10 INFO neutron.wsgi [None req-334eb333-ea65-4168-b1d5-49a8da9d1edb 5e5cdf3711bf49b2bc82e46826d5f5d0 307f399e5ec64ec2abacb7ee8bea953a - - default default] 10.0.0.216 "GET /v2.0/routers/16dfc4af-3b8a-4cb6-873c-b4b93a0e0e3a/tags HTTP/1.1" status: 200 len: 245 time: 0.0478845
2026-07-22 23:24:03.444 9 INFO neutron.services.segments.plugin [-] Segment acfdc7b7-8328-46ec-b781-475349b22945 resource provider aggregate not found
2026-07-22 23:24:03.448 9 INFO neutron.services.segments.plugin [-] Segment acfdc7b7-8328-46ec-b781-475349b22945 resource provider aggregate not found
2026-07-22 23:24:03.464 9 INFO neutron.services.segments.plugin [-] Segment acfdc7b7-8328-46ec-b781-475349b22945 resource provider not found; error: Placement Client Error (4xx): {"errors": [{"status": 404, "title": "Not Found", "detail": "The resource could not be found.\n\n No resource provider with uuid acfdc7b7-8328-46ec-b781-475349b22945 found for delete ", "request_id": "req-b44bd27b-65d9-4962-897c-cdb5bd69e048"}]}
2026-07-22 23:24:03.480 9 INFO neutron.services.segments.plugin [-] Segment acfdc7b7-8328-46ec-b781-475349b22945 resource provider not found; error: Placement Client Error (4xx): {"errors": [{"status": 404, "title": "Not Found", "detail": "The resource could not be found.\n\n No resource provider with uuid acfdc7b7-8328-46ec-b781-475349b22945 found for delete ", "request_id": "req-2eb8bc62-89fe-4f22-b5db-056fc0c841ea"}]}
2026-07-22 23:24:03.485 9 INFO neutron.db.ovn_revision_numbers_db [None req-dd201e0e-f181-4cca-bf69-991267abb7b0 cf73f69d1f7e49a59cf81fa0f22f15b3 54c749f18dbc43a79f6dd70b33b72377 - - default default] Successfully bumped revision number for resource 41c6af07-de90-4dc8-96c3-77b696ab7fcb (type: security_groups) to 1
2026-07-22 23:24:03.525 9 INFO neutron.wsgi [None req-dd201e0e-f181-4cca-bf69-991267abb7b0 cf73f69d1f7e49a59cf81fa0f22f15b3 54c749f18dbc43a79f6dd70b33b72377 - - default default] 10.0.0.216 "GET /v2.0/security-groups?tenant_id=2614d147f2ed40bf9cb667129ef89ef3&name=default HTTP/1.1" status: 200 len: 2996 time: 0.2507854
2026-07-22 23:24:03.585 9 WARNING neutron.scheduler.dhcp_agent_scheduler [None req-3767eb37-f6a1-4f93-9e8e-98f7710d6352 29ef89646f1f4a18a5495817d24654fb aaa1c65cdb81488e80afaa693f2f720c - - - -] No more DHCP agents
2026-07-22 23:24:03.593 9 WARNING neutron.api.rpc.agentnotifiers.dhcp_rpc_agent_api [None req-3767eb37-f6a1-4f93-9e8e-98f7710d6352 29ef89646f1f4a18a5495817d24654fb aaa1c65cdb81488e80afaa693f2f720c - - - -] Unable to schedule network 4b11fbd8-a2f2-4e32-8bdd-6712298d017c: no agents available; will retry on subsequent port and subnet creation events.
2026-07-22 23:24:03.594 10 INFO neutron.wsgi [None req-dbd3020d-39af-456e-b9db-cb8ec75a45d8 5e5cdf3711bf49b2bc82e46826d5f5d0 307f399e5ec64ec2abacb7ee8bea953a - - - -] 10.0.0.216 "PUT /v2.0/routers/16dfc4af-3b8a-4cb6-873c-b4b93a0e0e3a/tags HTTP/1.1" status: 200 len: 230 time: 0.3016829
2026-07-22 23:24:03.636 10 INFO neutron.wsgi [None req-68e3ff42-15f4-4a76-b4c9-be7d601c02c5 5e5cdf3711bf49b2bc82e46826d5f5d0 307f399e5ec64ec2abacb7ee8bea953a - - default default] 10.0.0.216 "GET /v2.0/routers/16dfc4af-3b8a-4cb6-873c-b4b93a0e0e3a/tags HTTP/1.1" status: 200 len: 230 time: 0.0383294
2026-07-22 23:24:03.684 9 INFO neutron.db.ovn_revision_numbers_db [None req-3767eb37-f6a1-4f93-9e8e-98f7710d6352 29ef89646f1f4a18a5495817d24654fb aaa1c65cdb81488e80afaa693f2f720c - - - -] Successfully bumped revision number for resource 61a8f5c5-3428-4c02-9f48-015b66a3ec10 (type: ports) to 1
2026-07-22 23:24:03.693 10 INFO neutron.wsgi [None req-7fa4b5db-129b-451e-9eca-88b67d66fc69 5e5cdf3711bf49b2bc82e46826d5f5d0 307f399e5ec64ec2abacb7ee8bea953a - - default default] 10.0.0.216 "GET /v2.0/routers/16dfc4af-3b8a-4cb6-873c-b4b93a0e0e3a/tags/red HTTP/1.1" status: 204 len: 168 time: 0.0522971
2026-07-22 23:24:03.711 9 INFO neutron.wsgi [None req-3767eb37-f6a1-4f93-9e8e-98f7710d6352 29ef89646f1f4a18a5495817d24654fb aaa1c65cdb81488e80afaa693f2f720c - - - -] 10.0.0.216 "POST /v2.0/ports HTTP/1.1" status: 201 len: 942 time: 0.4682603 /var/lib/openstack/lib/python3.10/site-packages/pycadf/identifier.py:71: UserWarning: Invalid uuid: neutron. To ensure interoperability, identifiers should be a valid uuid. warnings.warn(('Invalid uuid: %s. To ensure interoperability, '
2026-07-22 23:24:03.752 10 INFO neutron.api.v2.resource [None req-091722dd-809b-48ae-a61e-d477f8ae5592 5e5cdf3711bf49b2bc82e46826d5f5d0 307f399e5ec64ec2abacb7ee8bea953a - - default default] show failed (client error): The resource could not be found.
2026-07-22 23:24:03.753 10 INFO neutron.wsgi [None req-091722dd-809b-48ae-a61e-d477f8ae5592 5e5cdf3711bf49b2bc82e46826d5f5d0 307f399e5ec64ec2abacb7ee8bea953a - - default default] 10.0.0.216 "GET /v2.0/routers/16dfc4af-3b8a-4cb6-873c-b4b93a0e0e3a/tags/green HTTP/1.1" status: 404 len: 299 time: 0.0547941
2026-07-22 23:24:03.792 9 INFO neutron.wsgi [None req-224c35ba-b9de-402a-af23-3c772dabe87a cf73f69d1f7e49a59cf81fa0f22f15b3 54c749f18dbc43a79f6dd70b33b72377 - - - -] 10.0.0.216 "DELETE /v2.0/security-groups/41c6af07-de90-4dc8-96c3-77b696ab7fcb HTTP/1.1" status: 204 len: 168 time: 0.2623937
2026-07-22 23:24:03.804 9 INFO neutron.db.segments_db [None req-be014cce-86df-41d4-9e8a-85c297d33f39 29ef89646f1f4a18a5495817d24654fb aaa1c65cdb81488e80afaa693f2f720c - - - -] Added segment c80ef57f-d0a4-47d3-92cd-805809a2705e of type geneve for network d8f70692-743e-4772-8244-8123b478d2d0
2026-07-22 23:24:03.823 10 INFO neutron.wsgi [None req-c418a7f5-67c8-480a-a664-37434fe25d6f 5e5cdf3711bf49b2bc82e46826d5f5d0 307f399e5ec64ec2abacb7ee8bea953a - - - -] 10.0.0.216 "DELETE /v2.0/routers/16dfc4af-3b8a-4cb6-873c-b4b93a0e0e3a/tags/red HTTP/1.1" status: 204 len: 168 time: 0.0648375
2026-07-22 23:24:03.879 10 INFO neutron.wsgi [None req-42c8ef21-3ee8-4326-9dae-39a97e60f185 5e5cdf3711bf49b2bc82e46826d5f5d0 307f399e5ec64ec2abacb7ee8bea953a - - default default] 10.0.0.216 "GET /v2.0/routers/16dfc4af-3b8a-4cb6-873c-b4b93a0e0e3a/tags HTTP/1.1" status: 200 len: 223 time: 0.0512571
2026-07-22 23:24:03.934 10 INFO neutron.api.v2.resource [None req-2e4010a3-72b7-47bd-9d2c-7aaa62f1d540 5e5cdf3711bf49b2bc82e46826d5f5d0 307f399e5ec64ec2abacb7ee8bea953a - - - -] delete failed (client error): The resource could not be found.
2026-07-22 23:24:03.935 10 INFO neutron.wsgi [None req-2e4010a3-72b7-47bd-9d2c-7aaa62f1d540 5e5cdf3711bf49b2bc82e46826d5f5d0 307f399e5ec64ec2abacb7ee8bea953a - - - -] 10.0.0.216 "DELETE /v2.0/routers/16dfc4af-3b8a-4cb6-873c-b4b93a0e0e3a/tags/green HTTP/1.1" status: 404 len: 299 time: 0.0513000
2026-07-22 23:24:03.940 9 INFO neutron.db.ovn_revision_numbers_db [None req-be014cce-86df-41d4-9e8a-85c297d33f39 29ef89646f1f4a18a5495817d24654fb aaa1c65cdb81488e80afaa693f2f720c - - - -] Successfully bumped revision number for resource d8f70692-743e-4772-8244-8123b478d2d0 (type: networks) to 1
2026-07-22 23:24:03.998 10 INFO neutron.wsgi [None req-1d4bb77b-1511-4bae-b469-b83f7981f351 cf73f69d1f7e49a59cf81fa0f22f15b3 54c749f18dbc43a79f6dd70b33b72377 - - default default] 10.0.0.216 "GET /v2.0/security-groups?tenant_id=b7efc1d1183d4ef5a8c7a8bd8f788dd0&name=default HTTP/1.1" status: 200 len: 2996 time: 0.0382035
2026-07-22 23:24:04.053 9 INFO neutron.wsgi [None req-901d9e6f-7238-40cb-bc93-0754bc2a7a38 5e5cdf3711bf49b2bc82e46826d5f5d0 307f399e5ec64ec2abacb7ee8bea953a - - - -] 10.0.0.216 "DELETE /v2.0/routers/16dfc4af-3b8a-4cb6-873c-b4b93a0e0e3a/tags HTTP/1.1" status: 204 len: 168 time: 0.1133196
2026-07-22 23:24:04.135 10 INFO neutron.wsgi [None req-9d8fb967-e62c-4ce7-b862-3de9eeccb606 5e5cdf3711bf49b2bc82e46826d5f5d0 307f399e5ec64ec2abacb7ee8bea953a - - default default] 10.0.0.216 "GET /v2.0/routers/16dfc4af-3b8a-4cb6-873c-b4b93a0e0e3a/tags HTTP/1.1" status: 200 len: 205 time: 0.0751920
2026-07-22 23:24:04.194 9 WARNING neutron.scheduler.dhcp_agent_scheduler [None req-be014cce-86df-41d4-9e8a-85c297d33f39 29ef89646f1f4a18a5495817d24654fb aaa1c65cdb81488e80afaa693f2f720c - - - -] No more DHCP agents
2026-07-22 23:24:04.198 9 WARNING neutron.api.rpc.agentnotifiers.dhcp_rpc_agent_api [None req-be014cce-86df-41d4-9e8a-85c297d33f39 29ef89646f1f4a18a5495817d24654fb aaa1c65cdb81488e80afaa693f2f720c - - - -] Unable to schedule network d8f70692-743e-4772-8244-8123b478d2d0: no agents available; will retry on subsequent port and subnet creation events.
2026-07-22 23:24:04.220 10 INFO neutron.wsgi [None req-1c8ba52d-a3af-48b9-a41a-0d48265fabc7 5e5cdf3711bf49b2bc82e46826d5f5d0 307f399e5ec64ec2abacb7ee8bea953a - - default default] 10.0.0.216 "GET /v2.0/routers/16dfc4af-3b8a-4cb6-873c-b4b93a0e0e3a HTTP/1.1" status: 200 len: 655 time: 0.0619845
2026-07-22 23:24:04.273 9 INFO neutron.db.ovn_revision_numbers_db [None req-be014cce-86df-41d4-9e8a-85c297d33f39 29ef89646f1f4a18a5495817d24654fb aaa1c65cdb81488e80afaa693f2f720c - - - -] Successfully bumped revision number for resource 522ccdc7-4ec3-4166-9ab5-58f2fd0fa67f (type: ports) to 1
2026-07-22 23:24:04.303 9 INFO neutron.wsgi [None req-be014cce-86df-41d4-9e8a-85c297d33f39 29ef89646f1f4a18a5495817d24654fb aaa1c65cdb81488e80afaa693f2f720c - - - -] 10.0.0.216 "POST /v2.0/networks HTTP/1.1" status: 201 len: 831 time: 0.5854471
2026-07-22 23:24:04.397 9 INFO neutron.wsgi [-] 10.0.0.59 "GET / HTTP/1.1" status: 200 len: 246 time: 0.0027463
