2026-07-22 23:22:19.489 10 INFO neutron.db.ovn_revision_numbers_db [None req-f31dfcdb-b3d8-4c20-8c9f-a609a3dcf775 a064753200044317a5df55a0b5714976 3329767e4a0f4fccb1752c48125690e0 - - - -] Successfully bumped revision number for resource 8bc7c777-a78b-4a94-8290-82f3b4a075be (type: floatingips) to 0
2026-07-22 23:22:19.493 9 INFO neutron.db.ovn_revision_numbers_db [None req-fc252f7a-aa9f-4f57-8c7b-58a10714c8be 6c06e6f3e68b4415b9ad23ef55b18ee3 5dc9833f98cf43309117530d33ffbeb8 - - - -] Successfully bumped revision number for resource 47f5f8b4-fadb-4df9-8b6d-af286372d585 (type: router_ports) to 2
2026-07-22 23:22:19.496 9 INFO neutron.wsgi [None req-fc252f7a-aa9f-4f57-8c7b-58a10714c8be 6c06e6f3e68b4415b9ad23ef55b18ee3 5dc9833f98cf43309117530d33ffbeb8 - - - -] 10.0.0.216 "PUT /v2.0/routers/4e25df8e-ab74-4411-8b61-cb78920f2f9b/add_router_interface HTTP/1.1" status: 200 len: 503 time: 1.7643895
2026-07-22 23:22:19.513 10 INFO neutron.wsgi [None req-f31dfcdb-b3d8-4c20-8c9f-a609a3dcf775 a064753200044317a5df55a0b5714976 3329767e4a0f4fccb1752c48125690e0 - - - -] 10.0.0.216 "POST /v2.0/floatingips HTTP/1.1" status: 201 len: 751 time: 0.6959951
2026-07-22 23:22:19.582 10 INFO neutron.wsgi [None req-3ecab20a-5ec3-46f9-8434-952ec8343158 6c06e6f3e68b4415b9ad23ef55b18ee3 5dc9833f98cf43309117530d33ffbeb8 - - default default] 10.0.0.216 "GET /v2.0/ports/47f5f8b4-fadb-4df9-8b6d-af286372d585 HTTP/1.1" status: 200 len: 1139 time: 0.0808182
2026-07-22 23:22:19.642 9 INFO neutron.wsgi [None req-99f98947-ab6b-4d35-a672-fc0fc19330a7 cf73f69d1f7e49a59cf81fa0f22f15b3 54c749f18dbc43a79f6dd70b33b72377 - - default default] 10.0.0.216 "GET /v2.0/security-groups?tenant_id=bf0e1ffb50a340218cf3cee68e1948af&name=default HTTP/1.1" status: 200 len: 2996 time: 0.1728086
2026-07-22 23:22:19.967 9 INFO neutron.wsgi [None req-6772d515-0c34-4d4d-8d80-2db4c31b786c cf73f69d1f7e49a59cf81fa0f22f15b3 54c749f18dbc43a79f6dd70b33b72377 - - - -] 10.0.0.216 "DELETE /v2.0/security-groups/d8e30920-2ecc-4d7e-85e1-580ae50b62ed HTTP/1.1" status: 204 len: 168 time: 0.3119595
2026-07-22 23:22:20.005 9 INFO neutron.wsgi [req-31bbede9-8d6d-4b2c-90ea-1d603c5a4333 req-5d8e4ad5-bfce-4d7d-9646-42e596fb547a a064753200044317a5df55a0b5714976 3329767e4a0f4fccb1752c48125690e0 - - default default] 10.0.0.112 "GET /v2.0/security-groups?name=tempest-securitygroup--905125862&fields=id&tenant_id=3329767e4a0f4fccb1752c48125690e0 HTTP/1.1" status: 200 len: 267 time: 0.0351717
2026-07-22 23:22:20.078 10 INFO neutron.wsgi [req-7f122a0b-8509-4ed8-8433-5fd8755a600f req-89020dc3-f86b-4105-8757-ccddd5f04a61 f5c893f449ab4d7eb85793616e2f3e9d 733d90b7b3784ce8b17c85c9b677dbd3 - - default default] 10.0.0.112 "GET /v2.0/ports?device_id=f18b576e-0b9d-482a-987c-09693cdba7a6 HTTP/1.1" status: 200 len: 1168 time: 0.4327447
2026-07-22 23:22:20.091 9 INFO neutron.wsgi [req-31bbede9-8d6d-4b2c-90ea-1d603c5a4333 req-6163447b-9a0f-4ddd-866e-d2b4f2ced76d a064753200044317a5df55a0b5714976 3329767e4a0f4fccb1752c48125690e0 - - default default] 10.0.0.112 "GET /v2.0/networks?id=5a86d808-0e44-48f7-afa2-7481e9d2544a HTTP/1.1" status: 200 len: 875 time: 0.0796201
2026-07-22 23:22:20.116 9 INFO neutron.wsgi [req-31bbede9-8d6d-4b2c-90ea-1d603c5a4333 req-d1e5f6c9-7e69-447d-bf3e-2758b49be166 a064753200044317a5df55a0b5714976 3329767e4a0f4fccb1752c48125690e0 - - default default] 10.0.0.112 "GET /v2.0/quotas/3329767e4a0f4fccb1752c48125690e0 HTTP/1.1" status: 200 len: 386 time: 0.0184379
2026-07-22 23:22:20.134 10 INFO neutron.wsgi [req-7f122a0b-8509-4ed8-8433-5fd8755a600f req-8c51c27c-d2c5-42c7-bab8-0f10616a4107 f5c893f449ab4d7eb85793616e2f3e9d 733d90b7b3784ce8b17c85c9b677dbd3 - - default default] 10.0.0.112 "GET /v2.0/security-groups?id=9fc27b0a-0184-4b42-b725-d336fd37962b&fields=id&fields=name HTTP/1.1" status: 200 len: 286 time: 0.0497630
2026-07-22 23:22:20.224 9 INFO neutron.wsgi [req-31bbede9-8d6d-4b2c-90ea-1d603c5a4333 req-75bc5457-ffe5-43b0-b20d-d92a34502907 a064753200044317a5df55a0b5714976 3329767e4a0f4fccb1752c48125690e0 - - default default] 10.0.0.112 "GET /v2.0/ports?tenant_id=3329767e4a0f4fccb1752c48125690e0&fields=id HTTP/1.1" status: 200 len: 302 time: 0.0964906
2026-07-22 23:22:20.309 9 INFO neutron.wsgi [req-31bbede9-8d6d-4b2c-90ea-1d603c5a4333 req-280ae948-543e-413e-b9a9-58643cc24730 404045f7f66148ca87b33c3deb64ffac e48df614e2a542a690e1cc22a276933b - - 5e99659270f44b0f8c46fcb0fc3691df 5e99659270f44b0f8c46fcb0fc3691df] 10.0.0.112 "GET /v2.0/networks/5a86d808-0e44-48f7-afa2-7481e9d2544a?fields=segments HTTP/1.1" status: 200 len: 212 time: 0.0709004
2026-07-22 23:22:20.376 9 INFO neutron.wsgi [req-31bbede9-8d6d-4b2c-90ea-1d603c5a4333 req-6f22b726-de08-429b-ae4d-df0cfa025a01 404045f7f66148ca87b33c3deb64ffac e48df614e2a542a690e1cc22a276933b - - 5e99659270f44b0f8c46fcb0fc3691df 5e99659270f44b0f8c46fcb0fc3691df] 10.0.0.112 "GET /v2.0/networks/5a86d808-0e44-48f7-afa2-7481e9d2544a?fields=provider%3Aphysical_network&fields=provider%3Anetwork_type HTTP/1.1" status: 200 len: 277 time: 0.0587463
2026-07-22 23:22:20.465 10 WARNING neutron.scheduler.dhcp_agent_scheduler [None req-ec7446c7-3bb9-4e45-90d7-1f74c6a3b66a 6c06e6f3e68b4415b9ad23ef55b18ee3 5dc9833f98cf43309117530d33ffbeb8 - - default default] No more DHCP agents
2026-07-22 23:22:20.467 10 WARNING neutron.api.rpc.agentnotifiers.dhcp_rpc_agent_api [None req-ec7446c7-3bb9-4e45-90d7-1f74c6a3b66a 6c06e6f3e68b4415b9ad23ef55b18ee3 5dc9833f98cf43309117530d33ffbeb8 - - default default] Unable to schedule network 2db7794e-3e7a-4273-8963-21dffe23214e: no agents available; will retry on subsequent port and subnet creation events.
2026-07-22 23:22:20.539 10 INFO neutron.wsgi [req-d9291e62-e55a-41ec-8a00-db167709361a req-c8bf5f5a-7398-4a53-b283-650a694285ca a064753200044317a5df55a0b5714976 3329767e4a0f4fccb1752c48125690e0 - - default default] 10.0.0.112 "GET /v2.0/ports?device_id=a99feeee-5b0d-41c7-b5bc-a288059e3a55 HTTP/1.1" status: 200 len: 210 time: 0.0212564
2026-07-22 23:22:20.562 10 INFO neutron.db.ovn_revision_numbers_db [None req-ec7446c7-3bb9-4e45-90d7-1f74c6a3b66a 6c06e6f3e68b4415b9ad23ef55b18ee3 5dc9833f98cf43309117530d33ffbeb8 - - default default] Successfully bumped revision number for resource b2fc66fa-ad85-4941-b9a8-21f396a614e6 (type: ports) to 1
2026-07-22 23:22:21.026 10 INFO neutron.db.ovn_revision_numbers_db [None req-ec7446c7-3bb9-4e45-90d7-1f74c6a3b66a 6c06e6f3e68b4415b9ad23ef55b18ee3 5dc9833f98cf43309117530d33ffbeb8 - - default default] Successfully bumped revision number for resource b2fc66fa-ad85-4941-b9a8-21f396a614e6 (type: router_ports) to 2
2026-07-22 23:22:21.124 10 INFO neutron.db.ovn_revision_numbers_db [None req-ec7446c7-3bb9-4e45-90d7-1f74c6a3b66a 6c06e6f3e68b4415b9ad23ef55b18ee3 5dc9833f98cf43309117530d33ffbeb8 - - default default] Successfully bumped revision number for resource b2fc66fa-ad85-4941-b9a8-21f396a614e6 (type: ports) to 2
2026-07-22 23:22:21.212 10 WARNING neutron.scheduler.dhcp_agent_scheduler [None req-ec7446c7-3bb9-4e45-90d7-1f74c6a3b66a 6c06e6f3e68b4415b9ad23ef55b18ee3 5dc9833f98cf43309117530d33ffbeb8 - - default default] No more DHCP agents
2026-07-22 23:22:21.213 10 WARNING neutron.api.rpc.agentnotifiers.dhcp_rpc_agent_api [None req-ec7446c7-3bb9-4e45-90d7-1f74c6a3b66a 6c06e6f3e68b4415b9ad23ef55b18ee3 5dc9833f98cf43309117530d33ffbeb8 - - default default] Unable to schedule network 2db7794e-3e7a-4273-8963-21dffe23214e: no agents available; will retry on subsequent port and subnet creation events.
2026-07-22 23:22:21.258 9 INFO neutron.wsgi [req-b3086e9c-5fbe-4c76-89ef-d7cba37efac3 req-d323f997-8435-4c54-844b-695fc1b451eb f5c893f449ab4d7eb85793616e2f3e9d 733d90b7b3784ce8b17c85c9b677dbd3 - - default default] 10.0.0.112 "GET /v2.0/ports?device_id=f18b576e-0b9d-482a-987c-09693cdba7a6 HTTP/1.1" status: 200 len: 1168 time: 0.0510390
2026-07-22 23:22:21.302 9 INFO neutron.wsgi [req-b3086e9c-5fbe-4c76-89ef-d7cba37efac3 req-a131451c-cdc7-4025-8964-7976b222cfc8 f5c893f449ab4d7eb85793616e2f3e9d 733d90b7b3784ce8b17c85c9b677dbd3 - - default default] 10.0.0.112 "GET /v2.0/security-groups?id=9fc27b0a-0184-4b42-b725-d336fd37962b&fields=id&fields=name HTTP/1.1" status: 200 len: 286 time: 0.0363107
2026-07-22 23:22:21.372 10 INFO neutron.wsgi [req-31bbede9-8d6d-4b2c-90ea-1d603c5a4333 req-b8e7158a-1bde-42ff-ad73-c9ce62da3a1f a064753200044317a5df55a0b5714976 3329767e4a0f4fccb1752c48125690e0 - - default default] 199.19.213.74 "GET /v2.0/networks?id=5a86d808-0e44-48f7-afa2-7481e9d2544a HTTP/1.1" status: 200 len: 875 time: 0.1320333
2026-07-22 23:22:21.421 9 WARNING neutron.plugins.ml2.drivers.ovn.mech_driver.ovsdb.ovn_client [None req-e94773ee-e484-46ec-9ae7-301148bfd26a - - - - - -] No port found with ID 4660fc9e-7d22-4d4a-886d-f5050e48ade8: RuntimeError: No port found with ID 4660fc9e-7d22-4d4a-886d-f5050e48ade8
2026-07-22 23:22:21.422 9 INFO neutron.plugins.ml2.drivers.ovn.mech_driver.mech_driver [None req-e94773ee-e484-46ec-9ae7-301148bfd26a - - - - - -] OVN reports status up for port: 3c112fd7-15a6-41f0-bbfc-37e3205e7e7b
2026-07-22 23:22:21.430 9 INFO neutron.plugins.ml2.plugin [None req-e94773ee-e484-46ec-9ae7-301148bfd26a - - - - - -] Attempt 1 to provision port 3c112fd7-15a6-41f0-bbfc-37e3205e7e7b
2026-07-22 23:22:21.449 10 INFO neutron.wsgi [req-31bbede9-8d6d-4b2c-90ea-1d603c5a4333 req-dae680ca-5f26-45e6-a5c7-209aeb4bb86b a064753200044317a5df55a0b5714976 3329767e4a0f4fccb1752c48125690e0 - - default default] 199.19.213.74 "GET /v2.0/security-groups?fields=id&fields=name&tenant_id=3329767e4a0f4fccb1752c48125690e0 HTTP/1.1" status: 200 len: 379 time: 0.0663199
2026-07-22 23:22:21.502 10 INFO neutron.db.ovn_revision_numbers_db [None req-ec7446c7-3bb9-4e45-90d7-1f74c6a3b66a 6c06e6f3e68b4415b9ad23ef55b18ee3 5dc9833f98cf43309117530d33ffbeb8 - - - -] Successfully bumped revision number for resource b2fc66fa-ad85-4941-b9a8-21f396a614e6 (type: router_ports) to 2
2026-07-22 23:22:21.505 10 INFO neutron.wsgi [None req-ec7446c7-3bb9-4e45-90d7-1f74c6a3b66a 6c06e6f3e68b4415b9ad23ef55b18ee3 5dc9833f98cf43309117530d33ffbeb8 - - - -] 10.0.0.216 "PUT /v2.0/routers/4e25df8e-ab74-4411-8b61-cb78920f2f9b/add_router_interface HTTP/1.1" status: 200 len: 503 time: 1.9167488
2026-07-22 23:22:21.536 9 INFO neutron.notifiers.nova [-] Nova event matching ['req-56bc6bf2-0027-4574-97fa-f53fb9d0ae86'] response: {'server_uuid': 'f18b576e-0b9d-482a-987c-09693cdba7a6', 'name': 'network-vif-plugged', 'status': 'completed', 'tag': '3c112fd7-15a6-41f0-bbfc-37e3205e7e7b', 'code': 200}
2026-07-22 23:22:21.618 9 INFO neutron.wsgi [None req-f3e6d394-ad58-42ce-aabb-44346e86c871 6c06e6f3e68b4415b9ad23ef55b18ee3 5dc9833f98cf43309117530d33ffbeb8 - - default default] 10.0.0.216 "GET /v2.0/ports/b2fc66fa-ad85-4941-b9a8-21f396a614e6 HTTP/1.1" status: 200 len: 1147 time: 0.1078398
2026-07-22 23:22:21.646 9 INFO neutron.wsgi [req-d97448bf-c5bf-4525-8911-f44ffbd3d210 req-37c2cd0a-9d9f-42ab-8a52-ceaa006eddd8 a064753200044317a5df55a0b5714976 3329767e4a0f4fccb1752c48125690e0 - - default default] 10.0.0.112 "GET /v2.0/ports?device_id=a99feeee-5b0d-41c7-b5bc-a288059e3a55 HTTP/1.1" status: 200 len: 210 time: 0.0215180
2026-07-22 23:22:21.681 10 INFO neutron.wsgi [None req-88d24f13-a6dc-463d-88e1-1a1bf550f976 6c06e6f3e68b4415b9ad23ef55b18ee3 5dc9833f98cf43309117530d33ffbeb8 - - default default] 10.0.0.216 "GET /v2.0/ports/b2fc66fa-ad85-4941-b9a8-21f396a614e6 HTTP/1.1" status: 200 len: 1147 time: 0.0475485
2026-07-22 23:22:21.726 9 INFO neutron.db.ovn_revision_numbers_db [None req-e94773ee-e484-46ec-9ae7-301148bfd26a - - - - - -] Successfully bumped revision number for resource 3c112fd7-15a6-41f0-bbfc-37e3205e7e7b (type: ports) to 4
2026-07-22 23:22:21.736 9 INFO neutron.wsgi [-] 10.0.0.216 "GET / HTTP/1.1" status: 200 len: 279 time: 0.0013127
2026-07-22 23:22:21.836 10 WARNING neutron.scheduler.dhcp_agent_scheduler [None req-9abbe2a9-6e01-465d-b2b6-602eb3dcb810 a064753200044317a5df55a0b5714976 3329767e4a0f4fccb1752c48125690e0 - - - -] No more DHCP agents
2026-07-22 23:22:21.838 10 WARNING neutron.api.rpc.agentnotifiers.dhcp_rpc_agent_api [None req-9abbe2a9-6e01-465d-b2b6-602eb3dcb810 a064753200044317a5df55a0b5714976 3329767e4a0f4fccb1752c48125690e0 - - - -] Unable to schedule network 5a86d808-0e44-48f7-afa2-7481e9d2544a: no agents available; will retry on subsequent port and subnet creation events.
2026-07-22 23:22:21.904 10 WARNING neutron.plugins.ml2.drivers.ovn.mech_driver.ovsdb.ovn_client [None req-bc687c49-6adf-4944-a055-3629312b5243 - - - - - -] No hosting information found for port 3529cc2f-214e-4cd9-8a33-56b1f6cd447e: RuntimeError: No hosting information found for port 3529cc2f-214e-4cd9-8a33-56b1f6cd447e
2026-07-22 23:22:21.905 10 INFO neutron.plugins.ml2.drivers.ovn.mech_driver.mech_driver [None req-bc687c49-6adf-4944-a055-3629312b5243 - - - - - -] OVN reports status up for port: 47f5f8b4-fadb-4df9-8b6d-af286372d585
2026-07-22 23:22:21.924 10 INFO neutron.plugins.ml2.plugin [None req-bc687c49-6adf-4944-a055-3629312b5243 - - - - - -] Attempt 1 to provision port 47f5f8b4-fadb-4df9-8b6d-af286372d585 /var/lib/openstack/lib/python3.10/site-packages/pycadf/identifier.py:71: UserWarning: Invalid uuid: neutron. To ensure interoperability, identifiers should be a valid uuid. warnings.warn(('Invalid uuid: %s. To ensure interoperability, '
2026-07-22 23:22:21.941 10 INFO neutron.wsgi [None req-ad2fea0b-fdf9-4c97-8370-6097ff438a07 35a10aa90d8f403aa39ae32ea01530fb ef44c5bfd25045c49c21c1b73f43eb30 - - default default] 10.0.0.216 "GET /v2.0/ HTTP/1.1" status: 200 len: 826 time: 0.1981785
2026-07-22 23:22:22.030 10 INFO neutron.db.ovn_revision_numbers_db [None req-9abbe2a9-6e01-465d-b2b6-602eb3dcb810 a064753200044317a5df55a0b5714976 3329767e4a0f4fccb1752c48125690e0 - - - -] Successfully bumped revision number for resource b385c35f-04e8-4ad6-b8e0-7d0da507b9de (type: ports) to 1
2026-07-22 23:22:22.063 10 INFO neutron.wsgi [None req-9abbe2a9-6e01-465d-b2b6-602eb3dcb810 a064753200044317a5df55a0b5714976 3329767e4a0f4fccb1752c48125690e0 - - - -] 199.19.213.74 "POST /v2.0/ports HTTP/1.1" status: 201 len: 1162 time: 0.5876510
2026-07-22 23:22:22.411 10 INFO neutron.wsgi [req-06792a4e-890d-44f8-a7e2-0728de711ef6 req-ab1c9966-0631-4193-bdc5-d1197170466e f5c893f449ab4d7eb85793616e2f3e9d 733d90b7b3784ce8b17c85c9b677dbd3 - - default default] 10.0.0.112 "GET /v2.0/ports?device_id=f18b576e-0b9d-482a-987c-09693cdba7a6 HTTP/1.1" status: 200 len: 1170 time: 0.0477872
2026-07-22 23:22:22.434 10 INFO neutron.db.ovn_revision_numbers_db [None req-bc687c49-6adf-4944-a055-3629312b5243 - - - - - -] Successfully bumped revision number for resource 47f5f8b4-fadb-4df9-8b6d-af286372d585 (type: ports) to 3
2026-07-22 23:22:22.480 10 INFO neutron.wsgi [req-06792a4e-890d-44f8-a7e2-0728de711ef6 req-766343ce-61a2-4571-9d5e-b43c8fd4c884 f5c893f449ab4d7eb85793616e2f3e9d 733d90b7b3784ce8b17c85c9b677dbd3 - - default default] 10.0.0.112 "GET /v2.0/security-groups?id=9fc27b0a-0184-4b42-b725-d336fd37962b&fields=id&fields=name HTTP/1.1" status: 200 len: 286 time: 0.0595255
2026-07-22 23:22:22.607 10 INFO neutron.db.ovn_revision_numbers_db [None req-bc687c49-6adf-4944-a055-3629312b5243 - - - - - -] Successfully bumped revision number for resource 47f5f8b4-fadb-4df9-8b6d-af286372d585 (type: router_ports) to 3 /var/lib/openstack/lib/python3.10/site-packages/pycadf/identifier.py:71: UserWarning: Invalid uuid: neutron. To ensure interoperability, identifiers should be a valid uuid. warnings.warn(('Invalid uuid: %s. To ensure interoperability, '
2026-07-22 23:22:22.715 10 INFO neutron.db.ovn_revision_numbers_db [None req-f074f434-43a0-4ede-90b8-bc2dabaa42bf 404045f7f66148ca87b33c3deb64ffac e48df614e2a542a690e1cc22a276933b - - - -] Successfully bumped revision number for resource b385c35f-04e8-4ad6-b8e0-7d0da507b9de (type: ports) to 2
2026-07-22 23:22:22.735 9 INFO neutron.wsgi [None req-1b7c1069-5716-4198-ac55-7b4ff675b935 6c06e6f3e68b4415b9ad23ef55b18ee3 5dc9833f98cf43309117530d33ffbeb8 - - default default] 10.0.0.216 "GET /v2.0/ports/b2fc66fa-ad85-4941-b9a8-21f396a614e6 HTTP/1.1" status: 200 len: 1147 time: 0.0473850
2026-07-22 23:22:22.779 9 INFO neutron.wsgi [req-86654e5c-c047-4a14-88ba-402219804cf9 req-b8a2f194-b824-4b14-9253-94807933d38f a064753200044317a5df55a0b5714976 3329767e4a0f4fccb1752c48125690e0 - - default default] 10.0.0.112 "GET /v2.0/ports?device_id=a99feeee-5b0d-41c7-b5bc-a288059e3a55 HTTP/1.1" status: 200 len: 1172 time: 0.0649264 /var/lib/openstack/lib/python3.10/site-packages/pycadf/identifier.py:71: UserWarning: Invalid uuid: neutron. To ensure interoperability, identifiers should be a valid uuid. warnings.warn(('Invalid uuid: %s. To ensure interoperability, '
2026-07-22 23:22:22.844 9 INFO neutron.wsgi [req-86654e5c-c047-4a14-88ba-402219804cf9 req-2a065ef2-31c7-43a0-b873-f86076c857b7 a064753200044317a5df55a0b5714976 3329767e4a0f4fccb1752c48125690e0 - - default default] 10.0.0.112 "GET /v2.0/security-groups?id=b9980615-faca-4c42-9ccc-13a380660879&fields=id&fields=name HTTP/1.1" status: 200 len: 312 time: 0.0541646
2026-07-22 23:22:22.852 9 INFO neutron.plugins.ml2.drivers.ovn.mech_driver.mech_driver [None req-e94773ee-e484-46ec-9ae7-301148bfd26a - - - - - -] OVN reports status down for port: 3c112fd7-15a6-41f0-bbfc-37e3205e7e7b
2026-07-22 23:22:22.873 10 INFO neutron.wsgi [req-af48fab4-5db2-4ee5-acc2-f218a4301410 req-8d24f54c-92ea-446d-ac9b-ecda86ff3716 f5c893f449ab4d7eb85793616e2f3e9d 733d90b7b3784ce8b17c85c9b677dbd3 - - default default] 10.0.0.112 "GET /v2.0/ports?device_id=f18b576e-0b9d-482a-987c-09693cdba7a6 HTTP/1.1" status: 200 len: 1170 time: 0.0429173
2026-07-22 23:22:22.913 9 INFO neutron.db.ovn_revision_numbers_db [None req-00e443c9-47ad-41f2-91bb-a8e8bb3f3183 cf73f69d1f7e49a59cf81fa0f22f15b3 54c749f18dbc43a79f6dd70b33b72377 - - default default] Successfully bumped revision number for resource b159970d-9b0c-44e7-aa86-ee204a9d2aa3 (type: security_groups) to 1
2026-07-22 23:22:22.942 10 INFO neutron.wsgi [req-af48fab4-5db2-4ee5-acc2-f218a4301410 req-43001505-b53b-4f0b-a80d-fad8747fe158 f5c893f449ab4d7eb85793616e2f3e9d 733d90b7b3784ce8b17c85c9b677dbd3 - - default default] 10.0.0.112 "GET /v2.0/security-groups?id=9fc27b0a-0184-4b42-b725-d336fd37962b&fields=id&fields=name HTTP/1.1" status: 200 len: 286 time: 0.0645311
2026-07-22 23:22:22.951 9 INFO neutron.wsgi [None req-00e443c9-47ad-41f2-91bb-a8e8bb3f3183 cf73f69d1f7e49a59cf81fa0f22f15b3 54c749f18dbc43a79f6dd70b33b72377 - - default default] 10.0.0.216 "GET /v2.0/security-groups?tenant_id=ef44c5bfd25045c49c21c1b73f43eb30&name=default HTTP/1.1" status: 200 len: 2996 time: 0.3420296 /var/lib/openstack/lib/python3.10/site-packages/pycadf/identifier.py:71: UserWarning: Invalid uuid: neutron. To ensure interoperability, identifiers should be a valid uuid. warnings.warn(('Invalid uuid: %s. To ensure interoperability, '
2026-07-22 23:22:23.007 10 INFO neutron.db.ovn_revision_numbers_db [None req-f074f434-43a0-4ede-90b8-bc2dabaa42bf 404045f7f66148ca87b33c3deb64ffac e48df614e2a542a690e1cc22a276933b - - - -] Successfully bumped revision number for resource b385c35f-04e8-4ad6-b8e0-7d0da507b9de (type: ports) to 2
2026-07-22 23:22:23.031 10 INFO neutron.wsgi [None req-f074f434-43a0-4ede-90b8-bc2dabaa42bf 404045f7f66148ca87b33c3deb64ffac e48df614e2a542a690e1cc22a276933b - - - -] 199.19.213.74 "PUT /v2.0/ports/b385c35f-04e8-4ad6-b8e0-7d0da507b9de HTTP/1.1" status: 200 len: 1332 time: 0.9512069
2026-07-22 23:22:23.065 10 INFO neutron.notifiers.nova [-] Nova event matching ['req-d3350af8-0272-4e05-ba05-2fdcf43c8b13'] response: {'name': 'network-changed', 'server_uuid': 'a99feeee-5b0d-41c7-b5bc-a288059e3a55', 'tag': 'b385c35f-04e8-4ad6-b8e0-7d0da507b9de', 'status': 'completed', 'code': 200}
2026-07-22 23:22:23.102 10 INFO neutron.wsgi [req-31bbede9-8d6d-4b2c-90ea-1d603c5a4333 req-b228b1c4-644e-4cc9-83be-da8eb4ea96eb 404045f7f66148ca87b33c3deb64ffac e48df614e2a542a690e1cc22a276933b - - 5e99659270f44b0f8c46fcb0fc3691df 5e99659270f44b0f8c46fcb0fc3691df] 199.19.213.74 "GET /v2.0/ports?tenant_id=3329767e4a0f4fccb1752c48125690e0&device_id=a99feeee-5b0d-41c7-b5bc-a288059e3a55 HTTP/1.1" status: 200 len: 1363 time: 0.0293562
2026-07-22 23:22:23.137 10 INFO neutron.wsgi [req-31bbede9-8d6d-4b2c-90ea-1d603c5a4333 req-a28ff827-079d-4f6e-85a2-d44205a4ec41 404045f7f66148ca87b33c3deb64ffac e48df614e2a542a690e1cc22a276933b - - 5e99659270f44b0f8c46fcb0fc3691df 5e99659270f44b0f8c46fcb0fc3691df] 199.19.213.74 "GET /v2.0/floatingips?fixed_ip_address=10.100.0.12&port_id=b385c35f-04e8-4ad6-b8e0-7d0da507b9de HTTP/1.1" status: 200 len: 217 time: 0.0280099
2026-07-22 23:22:23.174 9 INFO neutron.db.ovn_revision_numbers_db [None req-e94773ee-e484-46ec-9ae7-301148bfd26a - - - - - -] Successfully bumped revision number for resource 3c112fd7-15a6-41f0-bbfc-37e3205e7e7b (type: ports) to 5
2026-07-22 23:22:23.183 10 INFO neutron.wsgi [req-31bbede9-8d6d-4b2c-90ea-1d603c5a4333 req-6effade0-2af1-4f44-9518-4ab78a604876 404045f7f66148ca87b33c3deb64ffac e48df614e2a542a690e1cc22a276933b - - 5e99659270f44b0f8c46fcb0fc3691df 5e99659270f44b0f8c46fcb0fc3691df] 199.19.213.74 "GET /v2.0/subnets?id=2b2d8542-c516-4f19-9550-11b96740db76 HTTP/1.1" status: 200 len: 869 time: 0.0396152
2026-07-22 23:22:23.224 10 INFO neutron.wsgi [req-31bbede9-8d6d-4b2c-90ea-1d603c5a4333 req-3f146daa-7102-4c81-aca9-914e377d6812 404045f7f66148ca87b33c3deb64ffac e48df614e2a542a690e1cc22a276933b - - 5e99659270f44b0f8c46fcb0fc3691df 5e99659270f44b0f8c46fcb0fc3691df] 199.19.213.74 "GET /v2.0/ports?network_id=5a86d808-0e44-48f7-afa2-7481e9d2544a&device_owner=network%3Adhcp HTTP/1.1" status: 200 len: 210 time: 0.0326672
2026-07-22 23:22:23.261 9 INFO neutron.wsgi [req-7ff04137-d506-4bc0-96d6-33dc6daca6ff req-6bf136db-2038-4f0a-86c7-4c1a412ffcbc f5c893f449ab4d7eb85793616e2f3e9d 733d90b7b3784ce8b17c85c9b677dbd3 - - default default] 199.19.213.74 "GET /v2.0/ports?device_id=f18b576e-0b9d-482a-987c-09693cdba7a6 HTTP/1.1" status: 200 len: 1168 time: 0.1137021 /var/lib/openstack/lib/python3.10/site-packages/pycadf/identifier.py:71: UserWarning: Invalid uuid: neutron. To ensure interoperability, identifiers should be a valid uuid. warnings.warn(('Invalid uuid: %s. To ensure interoperability, '
2026-07-22 23:22:23.277 10 INFO neutron.wsgi [None req-9740d99c-839c-4d17-a9b8-e6f9962fd6bc cf73f69d1f7e49a59cf81fa0f22f15b3 54c749f18dbc43a79f6dd70b33b72377 - - - -] 10.0.0.216 "DELETE /v2.0/security-groups/b159970d-9b0c-44e7-aa86-ee204a9d2aa3 HTTP/1.1" status: 204 len: 168 time: 0.3192992
2026-07-22 23:22:23.314 10 INFO neutron.wsgi [req-31bbede9-8d6d-4b2c-90ea-1d603c5a4333 req-9fb3fab3-a35a-49fa-a80f-087248f90d7c 404045f7f66148ca87b33c3deb64ffac e48df614e2a542a690e1cc22a276933b - - 5e99659270f44b0f8c46fcb0fc3691df 5e99659270f44b0f8c46fcb0fc3691df] 199.19.213.74 "GET /v2.0/networks/5a86d808-0e44-48f7-afa2-7481e9d2544a?fields=segments HTTP/1.1" status: 200 len: 212 time: 0.0809906
2026-07-22 23:22:23.392 10 INFO neutron.wsgi [req-31bbede9-8d6d-4b2c-90ea-1d603c5a4333 req-d2d041fc-7694-496e-9ffa-00be5cb44f74 404045f7f66148ca87b33c3deb64ffac e48df614e2a542a690e1cc22a276933b - - 5e99659270f44b0f8c46fcb0fc3691df 5e99659270f44b0f8c46fcb0fc3691df] 199.19.213.74 "GET /v2.0/networks/5a86d808-0e44-48f7-afa2-7481e9d2544a?fields=provider%3Aphysical_network&fields=provider%3Anetwork_type HTTP/1.1" status: 200 len: 277 time: 0.0730903
2026-07-22 23:22:23.583 9 INFO neutron.notifiers.nova [-] Nova event matching ['req-e563823c-6b9a-4a62-b579-5e7ef68806ea'] response: {'server_uuid': 'f18b576e-0b9d-482a-987c-09693cdba7a6', 'name': 'network-vif-plugged', 'status': 'completed', 'tag': '3c112fd7-15a6-41f0-bbfc-37e3205e7e7b', 'code': 200}
2026-07-22 23:22:23.583 9 INFO neutron.notifiers.nova [-] Nova event matching ['req-e563823c-6b9a-4a62-b579-5e7ef68806ea'] response: {'server_uuid': 'f18b576e-0b9d-482a-987c-09693cdba7a6', 'name': 'network-vif-unplugged', 'status': 'completed', 'tag': '3c112fd7-15a6-41f0-bbfc-37e3205e7e7b', 'code': 200}
2026-07-22 23:22:23.583 9 INFO neutron.notifiers.nova [-] Nova event matching ['req-e563823c-6b9a-4a62-b579-5e7ef68806ea'] response: {'server_uuid': 'f18b576e-0b9d-482a-987c-09693cdba7a6', 'name': 'network-vif-plugged', 'status': 'completed', 'tag': '3c112fd7-15a6-41f0-bbfc-37e3205e7e7b', 'code': 200}
2026-07-22 23:22:23.586 9 INFO neutron.plugins.ml2.drivers.ovn.mech_driver.mech_driver [None req-e94773ee-e484-46ec-9ae7-301148bfd26a - - - - - -] OVN reports status up for port: b385c35f-04e8-4ad6-b8e0-7d0da507b9de
2026-07-22 23:22:23.605 9 INFO neutron.plugins.ml2.plugin [None req-e94773ee-e484-46ec-9ae7-301148bfd26a - - - - - -] Attempt 1 to provision port b385c35f-04e8-4ad6-b8e0-7d0da507b9de
2026-07-22 23:22:23.688 9 INFO neutron.wsgi [None req-3cd8e856-ce47-4c9a-b24c-13b8c950996f f5c893f449ab4d7eb85793616e2f3e9d 733d90b7b3784ce8b17c85c9b677dbd3 - - - -] 199.19.213.74 "DELETE /v2.0/ports/3c112fd7-15a6-41f0-bbfc-37e3205e7e7b HTTP/1.1" status: 204 len: 173 time: 0.4192302
2026-07-22 23:22:23.733 10 INFO neutron.wsgi [req-020b06fd-dc13-4102-b072-c66f987951b1 req-0834fac7-fda7-4e79-9888-6e0a0bae7d73 404045f7f66148ca87b33c3deb64ffac e48df614e2a542a690e1cc22a276933b - - 5e99659270f44b0f8c46fcb0fc3691df 5e99659270f44b0f8c46fcb0fc3691df] 199.19.213.74 "GET /v2.0/ports?tenant_id=3329767e4a0f4fccb1752c48125690e0&device_id=a99feeee-5b0d-41c7-b5bc-a288059e3a55 HTTP/1.1" status: 200 len: 1363 time: 0.2999222
2026-07-22 23:22:23.794 9 INFO neutron.wsgi [None req-8e518e29-63d9-40cb-a554-e63cc2b5d5ce 6c06e6f3e68b4415b9ad23ef55b18ee3 5dc9833f98cf43309117530d33ffbeb8 - - default default] 10.0.0.216 "GET /v2.0/ports/b2fc66fa-ad85-4941-b9a8-21f396a614e6 HTTP/1.1" status: 200 len: 1147 time: 0.0502419
2026-07-22 23:22:23.803 10 INFO neutron.wsgi [req-020b06fd-dc13-4102-b072-c66f987951b1 req-87da1d9b-db27-4292-a265-2d53d82fed8e 404045f7f66148ca87b33c3deb64ffac e48df614e2a542a690e1cc22a276933b - - 5e99659270f44b0f8c46fcb0fc3691df 5e99659270f44b0f8c46fcb0fc3691df] 199.19.213.74 "GET /v2.0/networks?id=5a86d808-0e44-48f7-afa2-7481e9d2544a HTTP/1.1" status: 200 len: 974 time: 0.0589235
2026-07-22 23:22:23.837 10 INFO neutron.wsgi [req-020b06fd-dc13-4102-b072-c66f987951b1 req-a08ed421-aa96-4ccc-9d50-6a47dec13bf8 404045f7f66148ca87b33c3deb64ffac e48df614e2a542a690e1cc22a276933b - - 5e99659270f44b0f8c46fcb0fc3691df 5e99659270f44b0f8c46fcb0fc3691df] 199.19.213.74 "GET /v2.0/floatingips?fixed_ip_address=10.100.0.12&port_id=b385c35f-04e8-4ad6-b8e0-7d0da507b9de HTTP/1.1" status: 200 len: 217 time: 0.0285859
2026-07-22 23:22:23.874 10 INFO neutron.wsgi [req-020b06fd-dc13-4102-b072-c66f987951b1 req-f9e90c1b-c872-450b-8e12-40419468cb9e 404045f7f66148ca87b33c3deb64ffac e48df614e2a542a690e1cc22a276933b - - 5e99659270f44b0f8c46fcb0fc3691df 5e99659270f44b0f8c46fcb0fc3691df] 199.19.213.74 "GET /v2.0/subnets?id=2b2d8542-c516-4f19-9550-11b96740db76 HTTP/1.1" status: 200 len: 869 time: 0.0319469
2026-07-22 23:22:23.899 10 INFO neutron.wsgi [req-020b06fd-dc13-4102-b072-c66f987951b1 req-51821ef7-2e0d-4f30-baf1-af5f1226b27d 404045f7f66148ca87b33c3deb64ffac e48df614e2a542a690e1cc22a276933b - - 5e99659270f44b0f8c46fcb0fc3691df 5e99659270f44b0f8c46fcb0fc3691df] 199.19.213.74 "GET /v2.0/ports?network_id=5a86d808-0e44-48f7-afa2-7481e9d2544a&device_owner=network%3Adhcp HTTP/1.1" status: 200 len: 210 time: 0.0204346
2026-07-22 23:22:23.939 9 INFO neutron.db.ovn_revision_numbers_db [None req-e94773ee-e484-46ec-9ae7-301148bfd26a - - - - - -] Successfully bumped revision number for resource b385c35f-04e8-4ad6-b8e0-7d0da507b9de (type: ports) to 4
2026-07-22 23:22:23.956 9 INFO neutron.wsgi [req-90939dcd-3ef9-4c67-85d6-072758a4d7aa req-d4cdb6eb-12d0-48be-8def-278eadca73ed a064753200044317a5df55a0b5714976 3329767e4a0f4fccb1752c48125690e0 - - default default] 10.0.0.112 "GET /v2.0/ports?device_id=a99feeee-5b0d-41c7-b5bc-a288059e3a55 HTTP/1.1" status: 200 len: 1174 time: 0.0413949
2026-07-22 23:22:23.961 10 INFO neutron.wsgi [req-020b06fd-dc13-4102-b072-c66f987951b1 req-eed93e81-4f42-4a59-b85c-770188ac2fa0 404045f7f66148ca87b33c3deb64ffac e48df614e2a542a690e1cc22a276933b - - 5e99659270f44b0f8c46fcb0fc3691df 5e99659270f44b0f8c46fcb0fc3691df] 199.19.213.74 "GET /v2.0/networks/5a86d808-0e44-48f7-afa2-7481e9d2544a?fields=segments HTTP/1.1" status: 200 len: 212 time: 0.0562105
2026-07-22 23:22:24.027 9 INFO neutron.wsgi [req-90939dcd-3ef9-4c67-85d6-072758a4d7aa req-033bae54-3692-443d-a39c-f627832934fd a064753200044317a5df55a0b5714976 3329767e4a0f4fccb1752c48125690e0 - - default default] 10.0.0.112 "GET /v2.0/security-groups?id=b9980615-faca-4c42-9ccc-13a380660879&fields=id&fields=name HTTP/1.1" status: 200 len: 312 time: 0.0554032
2026-07-22 23:22:24.040 10 INFO neutron.wsgi [req-020b06fd-dc13-4102-b072-c66f987951b1 req-78a02172-c91c-4685-8465-01790d5b44d3 404045f7f66148ca87b33c3deb64ffac e48df614e2a542a690e1cc22a276933b - - 5e99659270f44b0f8c46fcb0fc3691df 5e99659270f44b0f8c46fcb0fc3691df] 199.19.213.74 "GET /v2.0/networks/5a86d808-0e44-48f7-afa2-7481e9d2544a?fields=provider%3Aphysical_network&fields=provider%3Anetwork_type HTTP/1.1" status: 200 len: 277 time: 0.0693426
2026-07-22 23:22:24.054 10 INFO neutron.wsgi [req-2ec8c57f-8e49-484b-8044-755151b92b37 req-387e0d30-4f4b-4199-9143-ffe8275b7b35 f5c893f449ab4d7eb85793616e2f3e9d 733d90b7b3784ce8b17c85c9b677dbd3 - - default default] 10.0.0.112 "GET /v2.0/ports?device_id=f18b576e-0b9d-482a-987c-09693cdba7a6 HTTP/1.1" status: 200 len: 210 time: 0.0361397
2026-07-22 23:22:24.889 10 INFO neutron.wsgi [None req-03d335b0-9d5b-45b7-867a-f8b82af299df 6c06e6f3e68b4415b9ad23ef55b18ee3 5dc9833f98cf43309117530d33ffbeb8 - - default default] 10.0.0.216 "GET /v2.0/ports/b2fc66fa-ad85-4941-b9a8-21f396a614e6 HTTP/1.1" status: 200 len: 1147 time: 0.0841796 /var/lib/openstack/lib/python3.10/site-packages/pycadf/identifier.py:71: UserWarning: Invalid uuid: neutron. To ensure interoperability, identifiers should be a valid uuid. warnings.warn(('Invalid uuid: %s. To ensure interoperability, '
2026-07-22 23:22:25.150 9 INFO neutron.wsgi [req-21d17888-859d-4024-afcb-0228c309c1fb req-66df96bf-b73d-45a1-b518-51f5ba638bb3 a064753200044317a5df55a0b5714976 3329767e4a0f4fccb1752c48125690e0 - - default default] 10.0.0.112 "GET /v2.0/ports?device_id=a99feeee-5b0d-41c7-b5bc-a288059e3a55 HTTP/1.1" status: 200 len: 1174 time: 0.0454087
2026-07-22 23:22:25.212 9 INFO neutron.wsgi [req-21d17888-859d-4024-afcb-0228c309c1fb req-8cda3b98-0f8e-494a-a6d4-2f75b857d2f1 a064753200044317a5df55a0b5714976 3329767e4a0f4fccb1752c48125690e0 - - default default] 10.0.0.112 "GET /v2.0/security-groups?id=b9980615-faca-4c42-9ccc-13a380660879&fields=id&fields=name HTTP/1.1" status: 200 len: 312 time: 0.0522797
2026-07-22 23:22:25.619 9 INFO neutron.notifiers.nova [-] Nova event matching ['req-7ad1c17b-0926-4d67-9435-ecec371012fe'] response: {'server_uuid': 'f18b576e-0b9d-482a-987c-09693cdba7a6', 'name': 'network-vif-deleted', 'tag': '3c112fd7-15a6-41f0-bbfc-37e3205e7e7b', 'status': 'completed', 'code': 200}
2026-07-22 23:22:25.620 9 INFO neutron.notifiers.nova [-] Nova event matching ['req-7ad1c17b-0926-4d67-9435-ecec371012fe'] response: {'server_uuid': 'a99feeee-5b0d-41c7-b5bc-a288059e3a55', 'name': 'network-vif-plugged', 'status': 'completed', 'tag': 'b385c35f-04e8-4ad6-b8e0-7d0da507b9de', 'code': 200}
2026-07-22 23:22:25.620 9 INFO neutron.notifiers.nova [-] Nova event matching ['req-7ad1c17b-0926-4d67-9435-ecec371012fe'] response: {'server_uuid': 'a99feeee-5b0d-41c7-b5bc-a288059e3a55', 'name': 'network-vif-plugged', 'status': 'completed', 'tag': 'b385c35f-04e8-4ad6-b8e0-7d0da507b9de', 'code': 200}
2026-07-22 23:22:25.930 9 INFO neutron.wsgi [None req-7723a32e-ae6f-4024-9334-787ffa017a51 6c06e6f3e68b4415b9ad23ef55b18ee3 5dc9833f98cf43309117530d33ffbeb8 - - default default] 10.0.0.216 "GET /v2.0/ports/b2fc66fa-ad85-4941-b9a8-21f396a614e6 HTTP/1.1" status: 200 len: 1147 time: 0.0334854
2026-07-22 23:22:26.315 10 INFO neutron.wsgi [None req-59e9c262-421c-4ced-80f4-a6629be63486 cf73f69d1f7e49a59cf81fa0f22f15b3 54c749f18dbc43a79f6dd70b33b72377 - - - -] 10.0.0.216 "PUT /v2.0/routers/3df59b62-c6f8-4947-ac59-00c4ca6df5e4/remove_router_interface HTTP/1.1" status: 200 len: 503 time: 1.2007422 /var/lib/openstack/lib/python3.10/site-packages/pycadf/identifier.py:71: UserWarning: Invalid uuid: neutron. To ensure interoperability, identifiers should be a valid uuid. warnings.warn(('Invalid uuid: %s. To ensure interoperability, '
2026-07-22 23:22:26.389 9 INFO neutron.wsgi [req-fbf664c0-4be1-4954-9330-8d338713293d req-bbccc818-d2b5-421e-be82-d2a099babd1e a064753200044317a5df55a0b5714976 3329767e4a0f4fccb1752c48125690e0 - - default default] 10.0.0.112 "GET /v2.0/ports?device_id=a99feeee-5b0d-41c7-b5bc-a288059e3a55 HTTP/1.1" status: 200 len: 1174 time: 0.0980406
2026-07-22 23:22:26.428 9 INFO neutron.wsgi [req-fbf664c0-4be1-4954-9330-8d338713293d req-a093fa85-c666-4b75-8e31-93f26af97f66 a064753200044317a5df55a0b5714976 3329767e4a0f4fccb1752c48125690e0 - - default default] 10.0.0.112 "GET /v2.0/security-groups?id=b9980615-faca-4c42-9ccc-13a380660879&fields=id&fields=name HTTP/1.1" status: 200 len: 312 time: 0.0329342
2026-07-22 23:22:26.561 9 INFO neutron.db.ovn_revision_numbers_db [None req-37416ff7-d993-40ec-b872-10765e01baf3 22923918ffc14c87b5f60ad42d46b458 a95fb2e09ebe46d282f429652af4b6ca - - - -] Successfully bumped revision number for resource f432eccd-ab1d-4e02-b1a3-8682a62993b3 (type: security_groups) to 1
2026-07-22 23:22:26.610 10 INFO neutron.wsgi [req-6459b70c-7fe4-4a7a-b7f3-ece14ed0c10b req-391357d8-1e56-4cb0-95f6-2b357ecb3c85 a064753200044317a5df55a0b5714976 3329767e4a0f4fccb1752c48125690e0 - - default default] 10.0.0.112 "GET /v2.0/ports?device_id=a99feeee-5b0d-41c7-b5bc-a288059e3a55 HTTP/1.1" status: 200 len: 1174 time: 0.1067350
2026-07-22 23:22:26.612 9 INFO neutron.db.segments_db [None req-37416ff7-d993-40ec-b872-10765e01baf3 22923918ffc14c87b5f60ad42d46b458 a95fb2e09ebe46d282f429652af4b6ca - - - -] Added segment 23411037-385b-4194-9f40-9bec770d782f of type geneve for network b78e26b0-4b9a-49f6-ac10-06c48ead53fc
2026-07-22 23:22:26.762 9 INFO neutron.db.ovn_revision_numbers_db [None req-37416ff7-d993-40ec-b872-10765e01baf3 22923918ffc14c87b5f60ad42d46b458 a95fb2e09ebe46d282f429652af4b6ca - - - -] Successfully bumped revision number for resource b78e26b0-4b9a-49f6-ac10-06c48ead53fc (type: networks) to 1
2026-07-22 23:22:26.919 9 WARNING neutron.scheduler.dhcp_agent_scheduler [None req-37416ff7-d993-40ec-b872-10765e01baf3 22923918ffc14c87b5f60ad42d46b458 a95fb2e09ebe46d282f429652af4b6ca - - - -] No more DHCP agents
2026-07-22 23:22:26.920 9 WARNING neutron.api.rpc.agentnotifiers.dhcp_rpc_agent_api [None req-37416ff7-d993-40ec-b872-10765e01baf3 22923918ffc14c87b5f60ad42d46b458 a95fb2e09ebe46d282f429652af4b6ca - - - -] Unable to schedule network b78e26b0-4b9a-49f6-ac10-06c48ead53fc: no agents available; will retry on subsequent port and subnet creation events.
2026-07-22 23:22:27.015 9 INFO neutron.db.ovn_revision_numbers_db [None req-37416ff7-d993-40ec-b872-10765e01baf3 22923918ffc14c87b5f60ad42d46b458 a95fb2e09ebe46d282f429652af4b6ca - - - -] Successfully bumped revision number for resource 2f898dd7-4a87-42d5-9d46-68bf9f87e200 (type: ports) to 1
2026-07-22 23:22:27.049 9 INFO neutron.wsgi [None req-8f1d9f75-7dfd-4ba6-a3c5-434a01cde0d4 6c06e6f3e68b4415b9ad23ef55b18ee3 5dc9833f98cf43309117530d33ffbeb8 - - default default] 10.0.0.216 "GET /v2.0/ports/b2fc66fa-ad85-4941-b9a8-21f396a614e6 HTTP/1.1" status: 200 len: 1147 time: 0.1110020
2026-07-22 23:22:27.052 9 INFO neutron.wsgi [None req-37416ff7-d993-40ec-b872-10765e01baf3 22923918ffc14c87b5f60ad42d46b458 a95fb2e09ebe46d282f429652af4b6ca - - - -] 10.0.0.216 "POST /v2.0/networks HTTP/1.1" status: 201 len: 831 time: 0.8946958
2026-07-22 23:22:27.187 10 INFO neutron.db.l3_db [None req-f2ecd07c-b731-469c-a772-e1126b3d025a a064753200044317a5df55a0b5714976 3329767e4a0f4fccb1752c48125690e0 - - - -] Floating IP 8bc7c777-a78b-4a94-8290-82f3b4a075be associated. External IP: 10.96.250.213, port: b385c35f-04e8-4ad6-b8e0-7d0da507b9de.
2026-07-22 23:22:27.427 10 INFO neutron.db.ovn_revision_numbers_db [None req-f2ecd07c-b731-469c-a772-e1126b3d025a a064753200044317a5df55a0b5714976 3329767e4a0f4fccb1752c48125690e0 - - - -] Successfully bumped revision number for resource 8bc7c777-a78b-4a94-8290-82f3b4a075be (type: floatingips) to 1
2026-07-22 23:22:27.482 10 INFO neutron.wsgi [None req-5e53244a-7e30-4874-a09e-3719d788625e cf73f69d1f7e49a59cf81fa0f22f15b3 54c749f18dbc43a79f6dd70b33b72377 - - - -] 10.0.0.216 "DELETE /v2.0/routers/3df59b62-c6f8-4947-ac59-00c4ca6df5e4 HTTP/1.1" status: 204 len: 168 time: 1.1613834
2026-07-22 23:22:27.524 10 INFO neutron.db.ovn_revision_numbers_db [None req-f2ecd07c-b731-469c-a772-e1126b3d025a a064753200044317a5df55a0b5714976 3329767e4a0f4fccb1752c48125690e0 - - - -] Successfully bumped revision number for resource 8bc7c777-a78b-4a94-8290-82f3b4a075be (type: floatingips) to 2
2026-07-22 23:22:27.546 10 INFO neutron.wsgi [None req-f2ecd07c-b731-469c-a772-e1126b3d025a a064753200044317a5df55a0b5714976 3329767e4a0f4fccb1752c48125690e0 - - - -] 10.0.0.216 "PUT /v2.0/floatingips/8bc7c777-a78b-4a94-8290-82f3b4a075be HTTP/1.1" status: 200 len: 1050 time: 0.9257264
2026-07-22 23:22:27.606 10 INFO neutron.notifiers.nova [-] Nova event matching ['req-ea1488b0-ea20-4c99-98d6-109f5680e191'] response: {'name': 'network-changed', 'server_uuid': 'a99feeee-5b0d-41c7-b5bc-a288059e3a55', 'tag': 'b385c35f-04e8-4ad6-b8e0-7d0da507b9de', 'status': 'completed', 'code': 200}
2026-07-22 23:22:27.663 9 INFO neutron.wsgi [req-09a9ecca-cdf7-45cb-a44b-2d3562673752 req-08ec29d7-30dc-4468-b97e-6e1140738e03 a064753200044317a5df55a0b5714976 3329767e4a0f4fccb1752c48125690e0 - - default default] 10.0.0.112 "GET /v2.0/ports?device_id=a99feeee-5b0d-41c7-b5bc-a288059e3a55 HTTP/1.1" status: 200 len: 1174 time: 0.0581040
2026-07-22 23:22:27.664 9 WARNING neutron.scheduler.dhcp_agent_scheduler [None req-51200a37-968c-459f-8f64-7985101f8bcc 22923918ffc14c87b5f60ad42d46b458 a95fb2e09ebe46d282f429652af4b6ca - - - -] No more DHCP agents
2026-07-22 23:22:27.667 10 INFO neutron.wsgi [req-eb0611fc-c6c7-42ca-b764-b0254625a474 req-5a35aa94-30f7-496b-973c-a830707f8c25 404045f7f66148ca87b33c3deb64ffac e48df614e2a542a690e1cc22a276933b - - 5e99659270f44b0f8c46fcb0fc3691df 5e99659270f44b0f8c46fcb0fc3691df] 199.19.213.74 "GET /v2.0/ports?tenant_id=3329767e4a0f4fccb1752c48125690e0&device_id=a99feeee-5b0d-41c7-b5bc-a288059e3a55 HTTP/1.1" status: 200 len: 1365 time: 0.0398560
2026-07-22 23:22:27.667 9 WARNING neutron.api.rpc.agentnotifiers.dhcp_rpc_agent_api [None req-51200a37-968c-459f-8f64-7985101f8bcc 22923918ffc14c87b5f60ad42d46b458 a95fb2e09ebe46d282f429652af4b6ca - - - -] Unable to schedule network 7c15f7fc-5f92-4a46-bbbe-3da8a40c9bad: no agents available; will retry on subsequent port and subnet creation events.
2026-07-22 23:22:27.715 9 INFO neutron.wsgi [req-09a9ecca-cdf7-45cb-a44b-2d3562673752 req-fdcba979-fda5-4cdb-9bb8-19a957affca3 a064753200044317a5df55a0b5714976 3329767e4a0f4fccb1752c48125690e0 - - default default] 10.0.0.112 "GET /v2.0/security-groups?id=b9980615-faca-4c42-9ccc-13a380660879&fields=id&fields=name HTTP/1.1" status: 200 len: 312 time: 0.0384068
2026-07-22 23:22:27.740 10 INFO neutron.wsgi [req-eb0611fc-c6c7-42ca-b764-b0254625a474 req-1a3382e4-507b-4117-b08c-32dcf7e0d6d1 404045f7f66148ca87b33c3deb64ffac e48df614e2a542a690e1cc22a276933b - - 5e99659270f44b0f8c46fcb0fc3691df 5e99659270f44b0f8c46fcb0fc3691df] 199.19.213.74 "GET /v2.0/networks?id=5a86d808-0e44-48f7-afa2-7481e9d2544a HTTP/1.1" status: 200 len: 974 time: 0.0657797
2026-07-22 23:22:27.786 10 INFO neutron.wsgi [req-eb0611fc-c6c7-42ca-b764-b0254625a474 req-d0a5e63b-9786-4fc8-9910-269063a1d00c 404045f7f66148ca87b33c3deb64ffac e48df614e2a542a690e1cc22a276933b - - 5e99659270f44b0f8c46fcb0fc3691df 5e99659270f44b0f8c46fcb0fc3691df] 199.19.213.74 "GET /v2.0/floatingips?fixed_ip_address=10.100.0.12&port_id=b385c35f-04e8-4ad6-b8e0-7d0da507b9de HTTP/1.1" status: 200 len: 1060 time: 0.0396361
2026-07-22 23:22:27.829 9 INFO neutron.wsgi [None req-0520615b-8e06-4e1c-87e0-da90b63a068a cf73f69d1f7e49a59cf81fa0f22f15b3 54c749f18dbc43a79f6dd70b33b72377 - - - -] 10.0.0.216 "DELETE /v2.0/subnets/86157948-1a1b-465d-8c4c-870ef8853cc3 HTTP/1.1" status: 204 len: 168 time: 0.3390198
2026-07-22 23:22:27.834 10 INFO neutron.wsgi [req-eb0611fc-c6c7-42ca-b764-b0254625a474 req-0f456825-77e4-4e7b-b56c-4bedd6459498 404045f7f66148ca87b33c3deb64ffac e48df614e2a542a690e1cc22a276933b - - 5e99659270f44b0f8c46fcb0fc3691df 5e99659270f44b0f8c46fcb0fc3691df] 199.19.213.74 "GET /v2.0/subnets?id=2b2d8542-c516-4f19-9550-11b96740db76 HTTP/1.1" status: 200 len: 869 time: 0.0357633
2026-07-22 23:22:27.866 9 INFO neutron.db.ovn_revision_numbers_db [None req-51200a37-968c-459f-8f64-7985101f8bcc 22923918ffc14c87b5f60ad42d46b458 a95fb2e09ebe46d282f429652af4b6ca - - - -] Successfully bumped revision number for resource ae4de8b4-e387-4ac6-aeac-3c6c25768678 (type: ports) to 1
2026-07-22 23:22:27.871 10 INFO neutron.wsgi [req-eb0611fc-c6c7-42ca-b764-b0254625a474 req-1b49c410-308f-47dd-9ada-f379421d58c6 404045f7f66148ca87b33c3deb64ffac e48df614e2a542a690e1cc22a276933b - - 5e99659270f44b0f8c46fcb0fc3691df 5e99659270f44b0f8c46fcb0fc3691df] 199.19.213.74 "GET /v2.0/ports?network_id=5a86d808-0e44-48f7-afa2-7481e9d2544a&device_owner=network%3Adhcp HTTP/1.1" status: 200 len: 210 time: 0.0305262
2026-07-22 23:22:27.953 10 INFO neutron.wsgi [req-eb0611fc-c6c7-42ca-b764-b0254625a474 req-c05b0b9d-7ce4-4030-b0f1-d6dbdadfe0f8 404045f7f66148ca87b33c3deb64ffac e48df614e2a542a690e1cc22a276933b - - 5e99659270f44b0f8c46fcb0fc3691df 5e99659270f44b0f8c46fcb0fc3691df] 199.19.213.74 "GET /v2.0/networks/5a86d808-0e44-48f7-afa2-7481e9d2544a?fields=segments HTTP/1.1" status: 200 len: 212 time: 0.0757272
2026-07-22 23:22:28.042 10 INFO neutron.wsgi [req-eb0611fc-c6c7-42ca-b764-b0254625a474 req-d940dffb-0787-49c1-9933-dbdeeb2e8aab 404045f7f66148ca87b33c3deb64ffac e48df614e2a542a690e1cc22a276933b - - 5e99659270f44b0f8c46fcb0fc3691df 5e99659270f44b0f8c46fcb0fc3691df] 199.19.213.74 "GET /v2.0/networks/5a86d808-0e44-48f7-afa2-7481e9d2544a?fields=provider%3Aphysical_network&fields=provider%3Anetwork_type HTTP/1.1" status: 200 len: 277 time: 0.0810921
2026-07-22 23:22:28.059 9 INFO neutron.plugins.ml2.drivers.ovn.mech_driver.mech_driver [None req-e94773ee-e484-46ec-9ae7-301148bfd26a - - - - - -] OVN reports status down for port: b385c35f-04e8-4ad6-b8e0-7d0da507b9de
2026-07-22 23:22:28.106 10 INFO neutron.wsgi [req-38e02034-d920-4bf2-9c65-4954837c4c8f req-97a56818-b0ad-4561-8bb3-2dff4c4e64f6 a064753200044317a5df55a0b5714976 3329767e4a0f4fccb1752c48125690e0 - - default default] 10.0.0.112 "GET /v2.0/ports?device_id=a99feeee-5b0d-41c7-b5bc-a288059e3a55 HTTP/1.1" status: 200 len: 1174 time: 0.0699348
2026-07-22 23:22:28.128 10 INFO neutron.wsgi [None req-9d59865b-49bb-4921-ba08-9111aec24526 6c06e6f3e68b4415b9ad23ef55b18ee3 5dc9833f98cf43309117530d33ffbeb8 - - default default] 10.0.0.216 "GET /v2.0/ports/b2fc66fa-ad85-4941-b9a8-21f396a614e6 HTTP/1.1" status: 200 len: 1147 time: 0.0724032
2026-07-22 23:22:28.161 10 INFO neutron.wsgi [req-38e02034-d920-4bf2-9c65-4954837c4c8f req-ae37a22a-906e-4014-b7d7-3b2a8c620c0c a064753200044317a5df55a0b5714976 3329767e4a0f4fccb1752c48125690e0 - - default default] 10.0.0.112 "GET /v2.0/security-groups?id=b9980615-faca-4c42-9ccc-13a380660879&fields=id&fields=name HTTP/1.1" status: 200 len: 312 time: 0.0368993
2026-07-22 23:22:28.240 9 INFO neutron.notifiers.nova [-] Nova event matching ['req-f64b006f-5f54-42ad-a2fb-4fdbd6ea6b43'] response: {'server_uuid': 'a99feeee-5b0d-41c7-b5bc-a288059e3a55', 'name': 'network-vif-unplugged', 'status': 'completed', 'tag': 'b385c35f-04e8-4ad6-b8e0-7d0da507b9de', 'code': 200}
2026-07-22 23:22:28.368 10 INFO neutron.services.segments.plugin [-] Segment d1ff6523-24c1-4278-a0b6-d73e3ebf257e resource provider aggregate not found
2026-07-22 23:22:28.373 10 INFO neutron.services.segments.plugin [-] Segment d1ff6523-24c1-4278-a0b6-d73e3ebf257e resource provider aggregate not found
2026-07-22 23:22:28.397 10 INFO neutron.services.segments.plugin [-] Segment d1ff6523-24c1-4278-a0b6-d73e3ebf257e resource provider not found; error: Placement Client Error (4xx): {"errors": [{"status": 404, "title": "Not Found", "detail": "The resource could not be found.\n\n No resource provider with uuid d1ff6523-24c1-4278-a0b6-d73e3ebf257e found for delete ", "request_id": "req-d98bf233-0461-4f02-9b66-8629f029f16c"}]}
2026-07-22 23:22:28.407 10 INFO neutron.services.segments.plugin [-] Segment d1ff6523-24c1-4278-a0b6-d73e3ebf257e resource provider not found; error: Placement Client Error (4xx): {"errors": [{"status": 404, "title": "Not Found", "detail": "The resource could not be found.\n\n No resource provider with uuid d1ff6523-24c1-4278-a0b6-d73e3ebf257e found for delete ", "request_id": "req-c9bfaa43-0e1f-4fc8-82ef-07d52816f0da"}]}
2026-07-22 23:22:28.422 10 INFO neutron.wsgi [req-c68ecf3b-a4d8-467c-b1b7-932ba1d5f60c req-2f5b19d4-7c90-40ed-81ff-1fc9c5c1458c a064753200044317a5df55a0b5714976 3329767e4a0f4fccb1752c48125690e0 - - default default] 199.19.213.74 "GET /v2.0/ports?device_id=a99feeee-5b0d-41c7-b5bc-a288059e3a55 HTTP/1.1" status: 200 len: 1172 time: 0.0695956
2026-07-22 23:22:28.428 10 WARNING neutron.plugins.ml2.drivers.ovn.mech_driver.ovsdb.ovn_client [None req-bc687c49-6adf-4944-a055-3629312b5243 - - - - - -] No hosting information found for port 47f5f8b4-fadb-4df9-8b6d-af286372d585: RuntimeError: No hosting information found for port 47f5f8b4-fadb-4df9-8b6d-af286372d585
2026-07-22 23:22:28.429 10 INFO neutron.plugins.ml2.drivers.ovn.mech_driver.mech_driver [None req-bc687c49-6adf-4944-a055-3629312b5243 - - - - - -] OVN reports status up for port: b2fc66fa-ad85-4941-b9a8-21f396a614e6
2026-07-22 23:22:28.439 10 INFO neutron.plugins.ml2.plugin [None req-bc687c49-6adf-4944-a055-3629312b5243 - - - - - -] Attempt 1 to provision port b2fc66fa-ad85-4941-b9a8-21f396a614e6
2026-07-22 23:22:28.461 10 INFO neutron.wsgi [None req-bb443706-6e1e-4f78-a6b0-8b0d2c426b36 cf73f69d1f7e49a59cf81fa0f22f15b3 54c749f18dbc43a79f6dd70b33b72377 - - - -] 10.0.0.216 "DELETE /v2.0/networks/9a3254fe-f082-4a16-b88f-a1282e61a69b HTTP/1.1" status: 204 len: 168 time: 0.6264527
2026-07-22 23:22:28.693 9 INFO neutron.db.ovn_revision_numbers_db [None req-e94773ee-e484-46ec-9ae7-301148bfd26a - - - - - -] Successfully bumped revision number for resource b385c35f-04e8-4ad6-b8e0-7d0da507b9de (type: ports) to 5
2026-07-22 23:22:28.699 10 INFO neutron.wsgi [None req-a52efd0a-0dfa-45c1-a8cf-10edd49f7ae0 cf73f69d1f7e49a59cf81fa0f22f15b3 54c749f18dbc43a79f6dd70b33b72377 - - default default] 10.0.0.216 "GET /v2.0/security-groups?tenant_id=733d90b7b3784ce8b17c85c9b677dbd3&name=default HTTP/1.1" status: 200 len: 2996 time: 0.0777426
2026-07-22 23:22:28.819 10 INFO neutron.db.l3_db [None req-6e56462a-95e8-4417-adf0-cd0c513f6e59 a064753200044317a5df55a0b5714976 3329767e4a0f4fccb1752c48125690e0 - - - -] Floating IP 8bc7c777-a78b-4a94-8290-82f3b4a075be disassociated. External IP: 10.96.250.213, port: b385c35f-04e8-4ad6-b8e0-7d0da507b9de.
2026-07-22 23:22:28.820 10 INFO neutron.db.ovn_revision_numbers_db [None req-bc687c49-6adf-4944-a055-3629312b5243 - - - - - -] Successfully bumped revision number for resource b2fc66fa-ad85-4941-b9a8-21f396a614e6 (type: ports) to 3
2026-07-22 23:22:28.922 9 INFO neutron.plugins.ml2.drivers.ovn.mech_driver.ovsdb.ovsdb_monitor [None req-5a33034c-4f5a-4700-bba1-5be1127be8a4 - - - - - -] Router ae7d5175-3806-41f7-a90d-0ef856d7d01b is bound to host instance
2026-07-22 23:22:28.938 9 INFO neutron.db.ovn_revision_numbers_db [None req-51200a37-968c-459f-8f64-7985101f8bcc 22923918ffc14c87b5f60ad42d46b458 a95fb2e09ebe46d282f429652af4b6ca - - - -] Successfully bumped revision number for resource ae4de8b4-e387-4ac6-aeac-3c6c25768678 (type: router_ports) to 1
2026-07-22 23:22:28.984 10 INFO neutron.db.ovn_revision_numbers_db [None req-bc687c49-6adf-4944-a055-3629312b5243 - - - - - -] Successfully bumped revision number for resource b2fc66fa-ad85-4941-b9a8-21f396a614e6 (type: router_ports) to 3
2026-07-22 23:22:29.050 10 INFO neutron.wsgi [None req-6e56462a-95e8-4417-adf0-cd0c513f6e59 a064753200044317a5df55a0b5714976 3329767e4a0f4fccb1752c48125690e0 - - - -] 199.19.213.74 "DELETE /v2.0/ports/b385c35f-04e8-4ad6-b8e0-7d0da507b9de HTTP/1.1" status: 204 len: 173 time: 0.6223447
2026-07-22 23:22:29.053 9 INFO neutron.db.ovn_revision_numbers_db [None req-51200a37-968c-459f-8f64-7985101f8bcc 22923918ffc14c87b5f60ad42d46b458 a95fb2e09ebe46d282f429652af4b6ca - - - -] Successfully bumped revision number for resource ae7d5175-3806-41f7-a90d-0ef856d7d01b (type: routers) to 3
2026-07-22 23:22:29.059 9 INFO neutron.wsgi [None req-a35ad59d-a1a4-4059-9eb5-bda14be07064 cf73f69d1f7e49a59cf81fa0f22f15b3 54c749f18dbc43a79f6dd70b33b72377 - - - -] 10.0.0.216 "DELETE /v2.0/security-groups/9fc27b0a-0184-4b42-b725-d336fd37962b HTTP/1.1" status: 204 len: 168 time: 0.3514056
2026-07-22 23:22:29.077 9 INFO neutron.wsgi [None req-51200a37-968c-459f-8f64-7985101f8bcc 22923918ffc14c87b5f60ad42d46b458 a95fb2e09ebe46d282f429652af4b6ca - - - -] 10.0.0.216 "POST /v2.0/routers HTTP/1.1" status: 201 len: 874 time: 2.0199971 /var/lib/openstack/lib/python3.10/site-packages/pycadf/identifier.py:71: UserWarning: Invalid uuid: neutron. To ensure interoperability, identifiers should be a valid uuid. warnings.warn(('Invalid uuid: %s. To ensure interoperability, '
2026-07-22 23:22:29.176 9 INFO neutron.wsgi [None req-7b7fac96-c84e-4dd1-a7e6-146046c0a153 6c06e6f3e68b4415b9ad23ef55b18ee3 5dc9833f98cf43309117530d33ffbeb8 - - default default] 10.0.0.216 "GET /v2.0/ports/b2fc66fa-ad85-4941-b9a8-21f396a614e6 HTTP/1.1" status: 200 len: 1149 time: 0.0421157
2026-07-22 23:22:29.266 10 INFO neutron.wsgi [req-8c4cd05f-4148-4753-b270-e103a8f73fbe req-9e9d27ed-4b4b-43b6-8581-46e9045a99ee a064753200044317a5df55a0b5714976 3329767e4a0f4fccb1752c48125690e0 - - default default] 10.0.0.112 "GET /v2.0/ports?device_id=a99feeee-5b0d-41c7-b5bc-a288059e3a55 HTTP/1.1" status: 200 len: 210 time: 0.0237601
