2026-07-22 23:17:13.273 10 INFO neutron.wsgi [None req-b400f0ed-933b-4c0f-ad14-ca87a1a057e4 cf73f69d1f7e49a59cf81fa0f22f15b3 54c749f18dbc43a79f6dd70b33b72377 - - default default] 10.0.0.31 "GET /v2.0/ports HTTP/1.1" status: 200 len: 5247 time: 0.0461648
2026-07-22 23:17:13.289 10 INFO neutron.wsgi [None req-490add97-504a-430b-b33a-346d5caf08bb cf73f69d1f7e49a59cf81fa0f22f15b3 54c749f18dbc43a79f6dd70b33b72377 - - default default] 10.0.0.31 "GET /v2.0/agents HTTP/1.1" status: 200 len: 997 time: 0.0130942
2026-07-22 23:17:13.366 10 INFO neutron.wsgi [None req-a499c3b0-a950-4e84-8e42-2aa24462c5d2 cf73f69d1f7e49a59cf81fa0f22f15b3 54c749f18dbc43a79f6dd70b33b72377 - - default default] 10.0.0.31 "GET /v2.0/security-groups HTTP/1.1" status: 200 len: 16795 time: 0.0755522
2026-07-22 23:17:13.385 10 INFO neutron.wsgi [None req-8d9bef44-411c-4de4-abde-a0f409755bcb cf73f69d1f7e49a59cf81fa0f22f15b3 54c749f18dbc43a79f6dd70b33b72377 - - default default] 10.0.0.31 "GET /v2.0/network-ip-availabilities HTTP/1.1" status: 200 len: 1280 time: 0.0114923
2026-07-22 23:17:13.417 10 INFO neutron.wsgi [None req-3c0c8ca2-15c7-4379-9549-9f88b3accea7 cf73f69d1f7e49a59cf81fa0f22f15b3 54c749f18dbc43a79f6dd70b33b72377 - - default default] 10.0.0.31 "GET /v2.0/subnets HTTP/1.1" status: 200 len: 1437 time: 0.0307744
2026-07-22 23:17:13.430 10 INFO neutron.wsgi [None req-d7d1d81f-a6fa-4c79-a2f3-2b50fe3f1f53 cf73f69d1f7e49a59cf81fa0f22f15b3 54c749f18dbc43a79f6dd70b33b72377 - - default default] 10.0.0.31 "GET /v2.0/subnetpools HTTP/1.1" status: 200 len: 193 time: 0.0117769
2026-07-22 23:17:13.453 10 INFO neutron.wsgi [None req-5e09d513-2755-47a6-9111-a2405025e871 cf73f69d1f7e49a59cf81fa0f22f15b3 54c749f18dbc43a79f6dd70b33b72377 - - default default] 10.0.0.31 "GET /v2.0/floatingips HTTP/1.1" status: 200 len: 193 time: 0.0218461
2026-07-22 23:17:19.396 9 INFO neutron.wsgi [-] 10.0.0.59 "GET / HTTP/1.1" status: 200 len: 246 time: 0.0026166
2026-07-22 23:17:19.397 10 INFO neutron.wsgi [-] 10.0.0.59 "GET / HTTP/1.1" status: 200 len: 246 time: 0.0037000
2026-07-22 23:17:22.431 10 INFO neutron.wsgi [None req-8ee6393c-5f45-4c37-8580-a8f69d080814 cf73f69d1f7e49a59cf81fa0f22f15b3 54c749f18dbc43a79f6dd70b33b72377 - - default default] 199.19.213.74,10.0.0.59 "GET /v2.0/networks HTTP/1.1" status: 200 len: 2348 time: 0.1072462
2026-07-22 23:17:23.344 10 INFO neutron.wsgi [None req-99169ec1-7a86-4a91-a20e-de3cb672301b cf73f69d1f7e49a59cf81fa0f22f15b3 54c749f18dbc43a79f6dd70b33b72377 - - default default] 199.19.213.74,10.0.0.59 "GET /v2.0/subnets HTTP/1.1" status: 200 len: 1437 time: 0.0962992
2026-07-22 23:17:23.474 10 INFO neutron.wsgi [None req-8f26c41a-9637-4954-91b3-6230d4017128 cf73f69d1f7e49a59cf81fa0f22f15b3 54c749f18dbc43a79f6dd70b33b72377 - - default default] 199.19.213.74,10.0.0.59 "GET /v2.0/networks HTTP/1.1" status: 200 len: 2348 time: 0.1246500
2026-07-22 23:17:24.596 10 INFO neutron.wsgi [None req-dacfc56f-a64a-4296-bc72-1651f0a654f7 cf73f69d1f7e49a59cf81fa0f22f15b3 54c749f18dbc43a79f6dd70b33b72377 - - default default] 199.19.213.74,10.0.0.59 "GET /v2.0/security-groups?tenant_id=54c749f18dbc43a79f6dd70b33b72377 HTTP/1.1" status: 200 len: 10153 time: 0.0825517
2026-07-22 23:17:25.739 10 INFO neutron.wsgi [None req-88266ffb-72ae-41f3-9c54-a18cc61a9894 cf73f69d1f7e49a59cf81fa0f22f15b3 54c749f18dbc43a79f6dd70b33b72377 - - default default] 199.19.213.74,10.0.0.59 "GET /v2.0/security-groups?tenant_id=54c749f18dbc43a79f6dd70b33b72377 HTTP/1.1" status: 200 len: 10153 time: 0.0770571
2026-07-22 23:17:26.610 10 INFO neutron.wsgi [None req-88d2ea7c-b1b5-44a4-8a05-3e0be6f4d534 cf73f69d1f7e49a59cf81fa0f22f15b3 54c749f18dbc43a79f6dd70b33b72377 - - default default] 199.19.213.74,10.0.0.59 "GET /v2.0/security-groups?tenant_id=54c749f18dbc43a79f6dd70b33b72377 HTTP/1.1" status: 200 len: 10153 time: 0.1202998
2026-07-22 23:17:27.462 10 INFO neutron.wsgi [None req-1168250b-f460-4105-a578-6d70619120c1 cf73f69d1f7e49a59cf81fa0f22f15b3 54c749f18dbc43a79f6dd70b33b72377 - - default default] 199.19.213.74,10.0.0.59 "GET /v2.0/security-groups?tenant_id=54c749f18dbc43a79f6dd70b33b72377 HTTP/1.1" status: 200 len: 10153 time: 0.0812068
2026-07-22 23:17:28.367 10 INFO neutron.wsgi [None req-690ea8a9-5506-404e-9264-842dadec4a0e cf73f69d1f7e49a59cf81fa0f22f15b3 54c749f18dbc43a79f6dd70b33b72377 - - default default] 199.19.213.74,10.0.0.59 "GET /v2.0/security-groups?tenant_id=54c749f18dbc43a79f6dd70b33b72377 HTTP/1.1" status: 200 len: 10153 time: 0.0905492
2026-07-22 23:17:29.173 10 INFO neutron.wsgi [None req-2383d87b-5217-4345-8203-7ea75d7f2b7a cf73f69d1f7e49a59cf81fa0f22f15b3 54c749f18dbc43a79f6dd70b33b72377 - - default default] 199.19.213.74,10.0.0.59 "GET /v2.0/security-groups?tenant_id=54c749f18dbc43a79f6dd70b33b72377 HTTP/1.1" status: 200 len: 10153 time: 0.0866694
2026-07-22 23:17:30.412 10 INFO neutron.wsgi [None req-228fffba-257d-47f3-b6c6-c3d7ac8da8b1 cf73f69d1f7e49a59cf81fa0f22f15b3 54c749f18dbc43a79f6dd70b33b72377 - - default default] 199.19.213.74,10.0.0.59 "GET /v2.0/security-groups HTTP/1.1" status: 200 len: 16795 time: 0.0949545
2026-07-22 23:17:30.456 10 INFO neutron.wsgi [None req-fbf1dd2e-9c00-41e9-bfc7-a147dabd74ac cf73f69d1f7e49a59cf81fa0f22f15b3 54c749f18dbc43a79f6dd70b33b72377 - - default default] 199.19.213.74,10.0.0.59 "GET /v2.0/ports HTTP/1.1" status: 200 len: 5247 time: 0.0335677
2026-07-22 23:17:34.395 10 INFO neutron.wsgi [-] 10.0.0.59 "GET / HTTP/1.1" status: 200 len: 246 time: 0.0017190
2026-07-22 23:17:34.395 9 INFO neutron.wsgi [-] 10.0.0.59 "GET / HTTP/1.1" status: 200 len: 246 time: 0.0020218
2026-07-22 23:17:37.025 10 INFO neutron.pecan_wsgi.hooks.translation [None req-3f8851af-d3da-4176-b7f8-a2d042cc8d6d cf73f69d1f7e49a59cf81fa0f22f15b3 54c749f18dbc43a79f6dd70b33b72377 - - default default] GET failed (client error): The resource could not be found.
2026-07-22 23:17:37.027 10 INFO neutron.wsgi [None req-3f8851af-d3da-4176-b7f8-a2d042cc8d6d cf73f69d1f7e49a59cf81fa0f22f15b3 54c749f18dbc43a79f6dd70b33b72377 - - default default] 199.19.213.74,10.0.0.59 "GET /v2.0/ports/octavia-health-manager-port-instance HTTP/1.1" status: 404 len: 314 time: 0.0624747
2026-07-22 23:17:37.063 10 INFO neutron.wsgi [None req-4c4a271c-ba2d-428a-8232-d743cc52cc1d cf73f69d1f7e49a59cf81fa0f22f15b3 54c749f18dbc43a79f6dd70b33b72377 - - default default] 199.19.213.74,10.0.0.59 "GET /v2.0/ports?name=octavia-health-manager-port-instance HTTP/1.1" status: 200 len: 1343 time: 0.0309446
2026-07-22 23:17:38.560 10 INFO neutron.wsgi [None req-5e3ee2da-c2bc-490e-80ba-c148d8bfa036 cf73f69d1f7e49a59cf81fa0f22f15b3 54c749f18dbc43a79f6dd70b33b72377 - - default default] 199.19.213.74,10.0.0.59 "GET /v2.0/ports HTTP/1.1" status: 200 len: 5247 time: 0.0887825
2026-07-22 23:17:39.593 10 INFO neutron.wsgi [None req-813405e8-f155-450f-a2a2-bad8831f1478 cf73f69d1f7e49a59cf81fa0f22f15b3 54c749f18dbc43a79f6dd70b33b72377 - - default default] 199.19.213.74,10.0.0.59 "GET /v2.0/security-groups?tenant_id=54c749f18dbc43a79f6dd70b33b72377 HTTP/1.1" status: 200 len: 10153 time: 0.1028895
2026-07-22 23:17:40.516 10 INFO neutron.wsgi [None req-4dc9e55d-bcac-474b-8a33-940553c435da cf73f69d1f7e49a59cf81fa0f22f15b3 54c749f18dbc43a79f6dd70b33b72377 - - default default] 199.19.213.74,10.0.0.59 "GET /v2.0/security-groups?tenant_id=54c749f18dbc43a79f6dd70b33b72377 HTTP/1.1" status: 200 len: 10153 time: 0.0814326
2026-07-22 23:17:41.383 10 INFO neutron.wsgi [None req-1dbbccb0-642a-4ae7-995e-3c3497b47211 cf73f69d1f7e49a59cf81fa0f22f15b3 54c749f18dbc43a79f6dd70b33b72377 - - default default] 199.19.213.74,10.0.0.59 "GET /v2.0/security-groups?tenant_id=54c749f18dbc43a79f6dd70b33b72377 HTTP/1.1" status: 200 len: 10153 time: 0.0870736
2026-07-22 23:17:49.396 10 INFO neutron.wsgi [-] 10.0.0.59 "GET / HTTP/1.1" status: 200 len: 246 time: 0.0026267
2026-07-22 23:17:49.397 9 INFO neutron.wsgi [-] 10.0.0.59 "GET / HTTP/1.1" status: 200 len: 246 time: 0.0035124
2026-07-22 23:17:52.236 10 INFO neutron.wsgi [None req-89133509-c1db-48d5-ad97-d79f0ec270ab cf73f69d1f7e49a59cf81fa0f22f15b3 54c749f18dbc43a79f6dd70b33b72377 - - default default] 199.19.213.74,10.0.0.59 "GET /v2.0/quotas/54c749f18dbc43a79f6dd70b33b72377 HTTP/1.1" status: 200 len: 361 time: 0.0220549
2026-07-22 23:18:04.394 10 INFO neutron.wsgi [-] 10.0.0.59 "GET / HTTP/1.1" status: 200 len: 246 time: 0.0016971
2026-07-22 23:18:04.395 9 INFO neutron.wsgi [-] 10.0.0.59 "GET / HTTP/1.1" status: 200 len: 246 time: 0.0017540
2026-07-22 23:18:13.074 10 INFO neutron.wsgi [None req-83bfbe63-59d4-47e0-8ae4-f37cfb755487 cf73f69d1f7e49a59cf81fa0f22f15b3 54c749f18dbc43a79f6dd70b33b72377 - - default default] 10.0.0.31 "GET /v2.0/network-ip-availabilities HTTP/1.1" status: 200 len: 1280 time: 0.0560424
2026-07-22 23:18:13.115 10 INFO neutron.wsgi [None req-c58e0311-67d6-4ecf-908e-2e5915854a8d cf73f69d1f7e49a59cf81fa0f22f15b3 54c749f18dbc43a79f6dd70b33b72377 - - default default] 10.0.0.31 "GET /v2.0/subnets HTTP/1.1" status: 200 len: 1437 time: 0.0395834
2026-07-22 23:18:13.128 10 INFO neutron.wsgi [None req-75727d08-28ed-4370-abcf-470d53ee4713 cf73f69d1f7e49a59cf81fa0f22f15b3 54c749f18dbc43a79f6dd70b33b72377 - - default default] 10.0.0.31 "GET /v2.0/subnetpools HTTP/1.1" status: 200 len: 193 time: 0.0123286
2026-07-22 23:18:13.159 10 INFO neutron.wsgi [None req-3cbd6554-b207-4b5c-bb64-c3501272ca33 cf73f69d1f7e49a59cf81fa0f22f15b3 54c749f18dbc43a79f6dd70b33b72377 - - default default] 10.0.0.31 "GET /v2.0/subnets HTTP/1.1" status: 200 len: 1437 time: 0.0310178
2026-07-22 23:18:13.197 10 INFO neutron.wsgi [None req-991f7db5-b5dc-4d69-baa3-f81badf12cbd cf73f69d1f7e49a59cf81fa0f22f15b3 54c749f18dbc43a79f6dd70b33b72377 - - default default] 10.0.0.31 "GET /v2.0/ports HTTP/1.1" status: 200 len: 5247 time: 0.0361557
2026-07-22 23:18:13.237 10 INFO neutron.wsgi [None req-bddc31df-4207-4160-a5a2-63996d2cffc3 cf73f69d1f7e49a59cf81fa0f22f15b3 54c749f18dbc43a79f6dd70b33b72377 - - default default] 10.0.0.31 "GET /v2.0/agents HTTP/1.1" status: 200 len: 997 time: 0.0371339
2026-07-22 23:18:13.318 10 INFO neutron.wsgi [None req-90abd89c-a094-4da0-ab7e-0434699a879b cf73f69d1f7e49a59cf81fa0f22f15b3 54c749f18dbc43a79f6dd70b33b72377 - - default default] 10.0.0.31 "GET /v2.0/networks HTTP/1.1" status: 200 len: 2348 time: 0.0804648
2026-07-22 23:18:13.354 10 INFO neutron.wsgi [None req-2b306bdf-9c1d-4248-b184-e88adf14f5f3 cf73f69d1f7e49a59cf81fa0f22f15b3 54c749f18dbc43a79f6dd70b33b72377 - - default default] 10.0.0.31 "GET /v2.0/routers HTTP/1.1" status: 200 len: 189 time: 0.0327313
2026-07-22 23:18:13.368 10 INFO neutron.wsgi [None req-6f4e7c1e-af5e-4a19-95f6-9316ff5fe289 cf73f69d1f7e49a59cf81fa0f22f15b3 54c749f18dbc43a79f6dd70b33b72377 - - default default] 10.0.0.31 "GET /v2.0/agents?binary=ovn-controller HTTP/1.1" status: 200 len: 591 time: 0.0142672
2026-07-22 23:18:13.399 10 INFO neutron.wsgi [None req-9c62989f-d228-4478-be47-e4d60f60affe cf73f69d1f7e49a59cf81fa0f22f15b3 54c749f18dbc43a79f6dd70b33b72377 - - default default] 10.0.0.31 "GET /v2.0/floatingips HTTP/1.1" status: 200 len: 193 time: 0.0290554
2026-07-22 23:18:13.452 10 INFO neutron.wsgi [None req-ead2d249-cb1f-4d9f-a1a9-4ccad30fd446 cf73f69d1f7e49a59cf81fa0f22f15b3 54c749f18dbc43a79f6dd70b33b72377 - - default default] 10.0.0.31 "GET /v2.0/security-groups HTTP/1.1" status: 200 len: 16795 time: 0.0530834
2026-07-22 23:18:19.399 9 INFO neutron.wsgi [-] 10.0.0.59 "GET / HTTP/1.1" status: 200 len: 246 time: 0.0018218
2026-07-22 23:18:19.401 9 INFO neutron.wsgi [-] 10.0.0.59 "GET / HTTP/1.1" status: 200 len: 246 time: 0.0013633
2026-07-22 23:18:34.395 9 INFO neutron.wsgi [-] 10.0.0.59 "GET / HTTP/1.1" status: 200 len: 246 time: 0.0015807
2026-07-22 23:18:34.395 10 INFO neutron.wsgi [-] 10.0.0.59 "GET / HTTP/1.1" status: 200 len: 246 time: 0.0016630
2026-07-22 23:18:45.771 10 INFO neutron.wsgi [None req-1e1fb7fe-b30e-4a37-b331-e84986f23da6 cf73f69d1f7e49a59cf81fa0f22f15b3 54c749f18dbc43a79f6dd70b33b72377 - - default default] 199.19.213.74,10.0.0.59 "GET /v2.0/security-groups?tenant_id=e48df614e2a542a690e1cc22a276933b HTTP/1.1" status: 200 len: 6838 time: 0.0765755
2026-07-22 23:18:46.892 10 INFO neutron.wsgi [None req-54cfbdb0-b4a5-4692-9b5f-1735d94e6bf3 cf73f69d1f7e49a59cf81fa0f22f15b3 54c749f18dbc43a79f6dd70b33b72377 - - default default] 199.19.213.74,10.0.0.59 "GET /v2.0/security-groups?tenant_id=e48df614e2a542a690e1cc22a276933b HTTP/1.1" status: 200 len: 6838 time: 0.0864387
2026-07-22 23:18:47.747 10 INFO neutron.wsgi [None req-6d662a35-370d-4b24-a7af-b26b6b9df632 cf73f69d1f7e49a59cf81fa0f22f15b3 54c749f18dbc43a79f6dd70b33b72377 - - default default] 199.19.213.74,10.0.0.59 "GET /v2.0/security-groups?tenant_id=e48df614e2a542a690e1cc22a276933b HTTP/1.1" status: 200 len: 6838 time: 0.0781739
2026-07-22 23:18:48.662 10 INFO neutron.wsgi [None req-dff6eb3d-f8c7-4be1-bb38-d4937f358052 cf73f69d1f7e49a59cf81fa0f22f15b3 54c749f18dbc43a79f6dd70b33b72377 - - default default] 199.19.213.74,10.0.0.59 "GET /v2.0/security-groups?tenant_id=e48df614e2a542a690e1cc22a276933b HTTP/1.1" status: 200 len: 6838 time: 0.0815384
2026-07-22 23:18:49.394 9 INFO neutron.wsgi [-] 10.0.0.59 "GET / HTTP/1.1" status: 200 len: 246 time: 0.0019166
2026-07-22 23:18:49.396 10 INFO neutron.wsgi [-] 10.0.0.59 "GET / HTTP/1.1" status: 200 len: 246 time: 0.0016711
2026-07-22 23:18:49.603 10 INFO neutron.wsgi [None req-46da2833-5612-4500-8d47-d523597ab6b8 cf73f69d1f7e49a59cf81fa0f22f15b3 54c749f18dbc43a79f6dd70b33b72377 - - default default] 199.19.213.74,10.0.0.59 "GET /v2.0/security-groups?tenant_id=e48df614e2a542a690e1cc22a276933b HTTP/1.1" status: 200 len: 6838 time: 0.0667036
2026-07-22 23:18:56.829 10 INFO neutron.wsgi [None req-6e99f2bd-1381-44a5-99a4-7c58c64409d4 cf73f69d1f7e49a59cf81fa0f22f15b3 54c749f18dbc43a79f6dd70b33b72377 - - default default] 199.19.213.74,10.0.0.59 "GET /v2.0/quotas/e48df614e2a542a690e1cc22a276933b HTTP/1.1" status: 200 len: 361 time: 0.0116200
2026-07-22 23:19:04.396 10 INFO neutron.wsgi [-] 10.0.0.59 "GET / HTTP/1.1" status: 200 len: 246 time: 0.0025952
2026-07-22 23:19:04.396 9 INFO neutron.wsgi [-] 10.0.0.59 "GET / HTTP/1.1" status: 200 len: 246 time: 0.0029700
2026-07-22 23:19:13.099 10 INFO neutron.wsgi [None req-0f7e8d54-8801-4812-acef-5b7ea8221018 cf73f69d1f7e49a59cf81fa0f22f15b3 54c749f18dbc43a79f6dd70b33b72377 - - default default] 10.0.0.31 "GET /v2.0/security-groups HTTP/1.1" status: 200 len: 16795 time: 0.1052694
2026-07-22 23:19:13.138 10 INFO neutron.wsgi [None req-e9bb156d-ee9e-4827-a4c6-9c44e76322c2 cf73f69d1f7e49a59cf81fa0f22f15b3 54c749f18dbc43a79f6dd70b33b72377 - - default default] 10.0.0.31 "GET /v2.0/subnets HTTP/1.1" status: 200 len: 1437 time: 0.0312819
2026-07-22 23:19:13.162 10 INFO neutron.wsgi [None req-d1db3874-c094-4f2f-aad7-89a482edead0 cf73f69d1f7e49a59cf81fa0f22f15b3 54c749f18dbc43a79f6dd70b33b72377 - - default default] 10.0.0.31 "GET /v2.0/routers HTTP/1.1" status: 200 len: 189 time: 0.0231307
2026-07-22 23:19:13.197 10 INFO neutron.wsgi [None req-f4311841-21db-4a44-9a03-2eab28e7a797 cf73f69d1f7e49a59cf81fa0f22f15b3 54c749f18dbc43a79f6dd70b33b72377 - - default default] 10.0.0.31 "GET /v2.0/agents?binary=ovn-controller HTTP/1.1" status: 200 len: 591 time: 0.0337198
2026-07-22 23:19:13.238 10 INFO neutron.wsgi [None req-eb0f9e79-e15f-4e0f-b756-9e293ed2f306 cf73f69d1f7e49a59cf81fa0f22f15b3 54c749f18dbc43a79f6dd70b33b72377 - - default default] 10.0.0.31 "GET /v2.0/subnets HTTP/1.1" status: 200 len: 1437 time: 0.0399892
2026-07-22 23:19:13.249 10 INFO neutron.wsgi [None req-17a6bacc-a2aa-49df-8335-b7a126dd5803 cf73f69d1f7e49a59cf81fa0f22f15b3 54c749f18dbc43a79f6dd70b33b72377 - - default default] 10.0.0.31 "GET /v2.0/subnetpools HTTP/1.1" status: 200 len: 193 time: 0.0100195
2026-07-22 23:19:13.314 10 INFO neutron.wsgi [None req-0c6c467c-116b-4e1e-b0de-84f5619d427d cf73f69d1f7e49a59cf81fa0f22f15b3 54c749f18dbc43a79f6dd70b33b72377 - - default default] 10.0.0.31 "GET /v2.0/networks HTTP/1.1" status: 200 len: 2348 time: 0.0645702
2026-07-22 23:19:13.334 10 INFO neutron.wsgi [None req-fb88745c-cb7c-4f2a-8e5d-60de8a831bd4 cf73f69d1f7e49a59cf81fa0f22f15b3 54c749f18dbc43a79f6dd70b33b72377 - - default default] 10.0.0.31 "GET /v2.0/floatingips HTTP/1.1" status: 200 len: 193 time: 0.0186055
2026-07-22 23:19:13.364 10 INFO neutron.wsgi [None req-0fc0b3c1-c335-4b81-8479-edd677585a07 cf73f69d1f7e49a59cf81fa0f22f15b3 54c749f18dbc43a79f6dd70b33b72377 - - default default] 10.0.0.31 "GET /v2.0/ports HTTP/1.1" status: 200 len: 5247 time: 0.0287082
2026-07-22 23:19:13.382 10 INFO neutron.wsgi [None req-a5212190-ea27-435e-8ae4-7316f835cf8f cf73f69d1f7e49a59cf81fa0f22f15b3 54c749f18dbc43a79f6dd70b33b72377 - - default default] 10.0.0.31 "GET /v2.0/agents HTTP/1.1" status: 200 len: 997 time: 0.0142279
2026-07-22 23:19:13.392 10 INFO neutron.wsgi [None req-de8a13e6-ef03-4b49-919a-07163e991e2f cf73f69d1f7e49a59cf81fa0f22f15b3 54c749f18dbc43a79f6dd70b33b72377 - - default default] 10.0.0.31 "GET /v2.0/network-ip-availabilities HTTP/1.1" status: 200 len: 1280 time: 0.0098610
2026-07-22 23:19:19.396 10 INFO neutron.wsgi [-] 10.0.0.59 "GET / HTTP/1.1" status: 200 len: 246 time: 0.0024478
2026-07-22 23:19:19.397 9 INFO neutron.wsgi [-] 10.0.0.59 "GET / HTTP/1.1" status: 200 len: 246 time: 0.0028343
2026-07-22 23:19:34.396 9 INFO neutron.wsgi [-] 10.0.0.59 "GET / HTTP/1.1" status: 200 len: 246 time: 0.0027688
2026-07-22 23:19:34.399 9 INFO neutron.wsgi [-] 10.0.0.59 "GET / HTTP/1.1" status: 200 len: 246 time: 0.0023899
2026-07-22 23:19:49.397 9 INFO neutron.wsgi [-] 10.0.0.59 "GET / HTTP/1.1" status: 200 len: 246 time: 0.0033638
2026-07-22 23:19:49.398 10 INFO neutron.wsgi [-] 10.0.0.59 "GET / HTTP/1.1" status: 200 len: 246 time: 0.0041564
2026-07-22 23:19:49.590 10 INFO neutron.wsgi [None req-c6220757-72b6-4b8f-ba6d-73cf875def01 cf73f69d1f7e49a59cf81fa0f22f15b3 54c749f18dbc43a79f6dd70b33b72377 - - default default] 199.19.213.74,10.0.0.59 "GET /v2.0/networks HTTP/1.1" status: 200 len: 2348 time: 0.0969365
2026-07-22 23:20:04.396 10 INFO neutron.wsgi [-] 10.0.0.59 "GET / HTTP/1.1" status: 200 len: 246 time: 0.0027227
2026-07-22 23:20:04.396 9 INFO neutron.wsgi [-] 10.0.0.59 "GET / HTTP/1.1" status: 200 len: 246 time: 0.0029552
2026-07-22 23:20:13.182 10 INFO neutron.wsgi [None req-fcf18742-6d01-4679-996b-c1565c03d836 cf73f69d1f7e49a59cf81fa0f22f15b3 54c749f18dbc43a79f6dd70b33b72377 - - default default] 10.0.0.31 "GET /v2.0/ports HTTP/1.1" status: 200 len: 5247 time: 0.1276484
2026-07-22 23:20:13.221 10 INFO neutron.wsgi [None req-c2bb153a-f680-492d-809e-d1c32715baaa cf73f69d1f7e49a59cf81fa0f22f15b3 54c749f18dbc43a79f6dd70b33b72377 - - default default] 10.0.0.31 "GET /v2.0/subnets HTTP/1.1" status: 200 len: 1437 time: 0.0335741
2026-07-22 23:20:13.237 10 INFO neutron.wsgi [None req-e12e0359-91fa-4eb2-95da-7f850e8ee073 cf73f69d1f7e49a59cf81fa0f22f15b3 54c749f18dbc43a79f6dd70b33b72377 - - default default] 10.0.0.31 "GET /v2.0/subnetpools HTTP/1.1" status: 200 len: 193 time: 0.0141671
2026-07-22 23:20:13.271 10 INFO neutron.wsgi [None req-fdc60aaf-752f-4b7d-bbf4-4dea4d636580 cf73f69d1f7e49a59cf81fa0f22f15b3 54c749f18dbc43a79f6dd70b33b72377 - - default default] 10.0.0.31 "GET /v2.0/subnets HTTP/1.1" status: 200 len: 1437 time: 0.0336442
2026-07-22 23:20:13.303 10 INFO neutron.wsgi [None req-054cb964-c078-414e-8aba-bdfd4fcff2a7 cf73f69d1f7e49a59cf81fa0f22f15b3 54c749f18dbc43a79f6dd70b33b72377 - - default default] 10.0.0.31 "GET /v2.0/agents HTTP/1.1" status: 200 len: 997 time: 0.0305753
2026-07-22 23:20:13.322 10 INFO neutron.wsgi [None req-5045c84a-1513-4826-a01e-c35d1a641479 cf73f69d1f7e49a59cf81fa0f22f15b3 54c749f18dbc43a79f6dd70b33b72377 - - default default] 10.0.0.31 "GET /v2.0/network-ip-availabilities HTTP/1.1" status: 200 len: 1280 time: 0.0176432
2026-07-22 23:20:13.352 10 INFO neutron.wsgi [None req-dc5c6d4e-6d9d-4532-8af1-cf894b367716 cf73f69d1f7e49a59cf81fa0f22f15b3 54c749f18dbc43a79f6dd70b33b72377 - - default default] 10.0.0.31 "GET /v2.0/floatingips HTTP/1.1" status: 200 len: 193 time: 0.0287101
2026-07-22 23:20:13.415 10 INFO neutron.wsgi [None req-13fb7009-842b-4df8-8659-0e3d2e95555d cf73f69d1f7e49a59cf81fa0f22f15b3 54c749f18dbc43a79f6dd70b33b72377 - - default default] 10.0.0.31 "GET /v2.0/networks HTTP/1.1" status: 200 len: 2348 time: 0.0627296
2026-07-22 23:20:13.476 10 INFO neutron.wsgi [None req-2991fb58-e2e8-4877-b5b3-83eed137abf1 cf73f69d1f7e49a59cf81fa0f22f15b3 54c749f18dbc43a79f6dd70b33b72377 - - default default] 10.0.0.31 "GET /v2.0/security-groups HTTP/1.1" status: 200 len: 16795 time: 0.0578616
2026-07-22 23:20:13.506 10 INFO neutron.wsgi [None req-d76974de-79e3-488e-89bf-7a2c4a89a0ed cf73f69d1f7e49a59cf81fa0f22f15b3 54c749f18dbc43a79f6dd70b33b72377 - - default default] 10.0.0.31 "GET /v2.0/routers HTTP/1.1" status: 200 len: 189 time: 0.0251606
2026-07-22 23:20:13.516 10 INFO neutron.wsgi [None req-abed929d-a839-43f4-9622-c9e38510d6ac cf73f69d1f7e49a59cf81fa0f22f15b3 54c749f18dbc43a79f6dd70b33b72377 - - default default] 10.0.0.31 "GET /v2.0/agents?binary=ovn-controller HTTP/1.1" status: 200 len: 591 time: 0.0086877
2026-07-22 23:20:19.395 9 INFO neutron.wsgi [-] 10.0.0.59 "GET / HTTP/1.1" status: 200 len: 246 time: 0.0018115
2026-07-22 23:20:19.397 10 INFO neutron.wsgi [-] 10.0.0.59 "GET / HTTP/1.1" status: 200 len: 246 time: 0.0035789
2026-07-22 23:20:28.272 9 INFO neutron.wsgi [None req-4dc95ac1-ad5b-46f5-b842-cb90242f1d6e cf73f69d1f7e49a59cf81fa0f22f15b3 54c749f18dbc43a79f6dd70b33b72377 - - default default] 10.0.0.216 "GET /v2.0/networks HTTP/1.1" status: 200 len: 2367 time: 0.1204035
2026-07-22 23:20:29.483 9 INFO neutron.wsgi [None req-d57de2ef-14c0-44cd-98ce-428fc844a8c7 cf73f69d1f7e49a59cf81fa0f22f15b3 54c749f18dbc43a79f6dd70b33b72377 - - default default] 10.0.0.216 "GET /v2.0/floatingips HTTP/1.1" status: 200 len: 212 time: 0.0403697
2026-07-22 23:20:29.533 9 INFO neutron.wsgi [None req-13641ab9-a9ac-4909-b7b8-b0e5aed6df85 cf73f69d1f7e49a59cf81fa0f22f15b3 54c749f18dbc43a79f6dd70b33b72377 - - default default] 10.0.0.216 "GET /v2.0/routers HTTP/1.1" status: 200 len: 208 time: 0.0419176
2026-07-22 23:20:29.565 9 INFO neutron.wsgi [None req-f85cd2ab-f598-468d-a2c3-23f66c3b0dad cf73f69d1f7e49a59cf81fa0f22f15b3 54c749f18dbc43a79f6dd70b33b72377 - - default default] 10.0.0.216 "GET /v2.0/ports HTTP/1.1" status: 200 len: 5266 time: 0.0287547
2026-07-22 23:20:29.605 9 INFO neutron.wsgi [None req-544fc127-3cac-41da-b37a-5799661391d4 cf73f69d1f7e49a59cf81fa0f22f15b3 54c749f18dbc43a79f6dd70b33b72377 - - default default] 10.0.0.216 "GET /v2.0/subnets HTTP/1.1" status: 200 len: 1456 time: 0.0343647
2026-07-22 23:20:29.667 9 INFO neutron.wsgi [None req-71c7e1dc-6604-43c6-899c-d474c0f68c31 cf73f69d1f7e49a59cf81fa0f22f15b3 54c749f18dbc43a79f6dd70b33b72377 - - default default] 10.0.0.216 "GET /v2.0/networks HTTP/1.1" status: 200 len: 2367 time: 0.0587583
2026-07-22 23:20:29.731 9 INFO neutron.wsgi [None req-54eca959-c8fb-4d2e-8a0d-b232840d8b06 cf73f69d1f7e49a59cf81fa0f22f15b3 54c749f18dbc43a79f6dd70b33b72377 - - default default] 10.0.0.216 "GET /v2.0/security-groups HTTP/1.1" status: 200 len: 16814 time: 0.0590315
2026-07-22 23:20:29.752 10 INFO neutron.wsgi [None req-54a10b55-4c5f-4cea-ae72-1823edf55125 cf73f69d1f7e49a59cf81fa0f22f15b3 54c749f18dbc43a79f6dd70b33b72377 - - default default] 10.0.0.216 "GET /v2.0/subnetpools HTTP/1.1" status: 200 len: 212 time: 0.0161493
2026-07-22 23:20:34.395 9 INFO neutron.wsgi [-] 10.0.0.59 "GET / HTTP/1.1" status: 200 len: 246 time: 0.0025163
2026-07-22 23:20:34.398 9 INFO neutron.wsgi [-] 10.0.0.59 "GET / HTTP/1.1" status: 200 len: 246 time: 0.0022273
2026-07-22 23:20:41.006 9 INFO neutron.db.ovn_revision_numbers_db [None req-427e80bc-b1e6-40ae-9197-d2345f27edc6 cf73f69d1f7e49a59cf81fa0f22f15b3 54c749f18dbc43a79f6dd70b33b72377 - - - -] Successfully bumped revision number for resource 928f73a3-4ea3-45f0-bc6a-dafd3d3abd53 (type: security_groups) to 1
2026-07-22 23:20:41.016 10 INFO neutron.db.ovn_revision_numbers_db [None req-bd65a8ee-ae07-433a-90d9-d0dd9ac219f8 cf73f69d1f7e49a59cf81fa0f22f15b3 54c749f18dbc43a79f6dd70b33b72377 - - - -] Successfully bumped revision number for resource 23b87e0f-905e-49fd-a037-29c365a638d5 (type: security_groups) to 1
2026-07-22 23:20:41.043 9 INFO neutron.db.ovn_revision_numbers_db [None req-16d32c15-8444-4569-b3a0-a89a83957045 cf73f69d1f7e49a59cf81fa0f22f15b3 54c749f18dbc43a79f6dd70b33b72377 - - - -] Successfully bumped revision number for resource d3530bc7-a828-4d06-8a2d-8d90dd87f256 (type: security_groups) to 1
2026-07-22 23:20:41.068 9 INFO neutron.db.segments_db [None req-427e80bc-b1e6-40ae-9197-d2345f27edc6 cf73f69d1f7e49a59cf81fa0f22f15b3 54c749f18dbc43a79f6dd70b33b72377 - - - -] Added segment 9ee8902b-92c6-4cf7-8ed4-86382126c823 of type geneve for network 63e7696f-0ef3-44f3-b934-9f903f004e5f
2026-07-22 23:20:41.083 10 INFO neutron.db.segments_db [None req-bd65a8ee-ae07-433a-90d9-d0dd9ac219f8 cf73f69d1f7e49a59cf81fa0f22f15b3 54c749f18dbc43a79f6dd70b33b72377 - - - -] Added segment 334ea291-d076-4338-b005-7831c56bd7d0 of type geneve for network b1feac63-b0a7-4476-9169-42b35915aedb
2026-07-22 23:20:41.098 9 INFO neutron.db.segments_db [None req-16d32c15-8444-4569-b3a0-a89a83957045 cf73f69d1f7e49a59cf81fa0f22f15b3 54c749f18dbc43a79f6dd70b33b72377 - - - -] Added segment 333da1af-43a3-4e44-bcd2-9daf0b4cfeb7 of type geneve for network 50df4e40-c281-493c-8a11-d517ea0a4d8d
2026-07-22 23:20:41.211 10 INFO neutron.db.ovn_revision_numbers_db [None req-bd65a8ee-ae07-433a-90d9-d0dd9ac219f8 cf73f69d1f7e49a59cf81fa0f22f15b3 54c749f18dbc43a79f6dd70b33b72377 - - - -] Successfully bumped revision number for resource b1feac63-b0a7-4476-9169-42b35915aedb (type: networks) to 1
2026-07-22 23:20:41.216 9 INFO neutron.db.ovn_revision_numbers_db [None req-427e80bc-b1e6-40ae-9197-d2345f27edc6 cf73f69d1f7e49a59cf81fa0f22f15b3 54c749f18dbc43a79f6dd70b33b72377 - - - -] Successfully bumped revision number for resource 63e7696f-0ef3-44f3-b934-9f903f004e5f (type: networks) to 1
2026-07-22 23:20:41.345 9 INFO neutron.db.ovn_revision_numbers_db [None req-16d32c15-8444-4569-b3a0-a89a83957045 cf73f69d1f7e49a59cf81fa0f22f15b3 54c749f18dbc43a79f6dd70b33b72377 - - - -] Successfully bumped revision number for resource 50df4e40-c281-493c-8a11-d517ea0a4d8d (type: networks) to 1
2026-07-22 23:20:41.386 10 WARNING neutron.scheduler.dhcp_agent_scheduler [None req-bd65a8ee-ae07-433a-90d9-d0dd9ac219f8 cf73f69d1f7e49a59cf81fa0f22f15b3 54c749f18dbc43a79f6dd70b33b72377 - - - -] No more DHCP agents
2026-07-22 23:20:41.389 10 WARNING neutron.api.rpc.agentnotifiers.dhcp_rpc_agent_api [None req-bd65a8ee-ae07-433a-90d9-d0dd9ac219f8 cf73f69d1f7e49a59cf81fa0f22f15b3 54c749f18dbc43a79f6dd70b33b72377 - - - -] Unable to schedule network b1feac63-b0a7-4476-9169-42b35915aedb: no agents available; will retry on subsequent port and subnet creation events.
2026-07-22 23:20:41.455 10 INFO neutron.db.ovn_revision_numbers_db [None req-bd65a8ee-ae07-433a-90d9-d0dd9ac219f8 cf73f69d1f7e49a59cf81fa0f22f15b3 54c749f18dbc43a79f6dd70b33b72377 - - - -] Successfully bumped revision number for resource 3845e176-3de6-4ad5-abce-c05feee08af3 (type: ports) to 1
2026-07-22 23:20:41.476 10 INFO neutron.wsgi [None req-bd65a8ee-ae07-433a-90d9-d0dd9ac219f8 cf73f69d1f7e49a59cf81fa0f22f15b3 54c749f18dbc43a79f6dd70b33b72377 - - - -] 10.0.0.216 "POST /v2.0/networks HTTP/1.1" status: 201 len: 950 time: 0.6255956
2026-07-22 23:20:41.532 9 WARNING neutron.scheduler.dhcp_agent_scheduler [None req-427e80bc-b1e6-40ae-9197-d2345f27edc6 cf73f69d1f7e49a59cf81fa0f22f15b3 54c749f18dbc43a79f6dd70b33b72377 - - - -] No more DHCP agents
2026-07-22 23:20:41.534 9 WARNING neutron.api.rpc.agentnotifiers.dhcp_rpc_agent_api [None req-427e80bc-b1e6-40ae-9197-d2345f27edc6 cf73f69d1f7e49a59cf81fa0f22f15b3 54c749f18dbc43a79f6dd70b33b72377 - - - -] Unable to schedule network 63e7696f-0ef3-44f3-b934-9f903f004e5f: no agents available; will retry on subsequent port and subnet creation events.
2026-07-22 23:20:41.567 9 WARNING neutron.scheduler.dhcp_agent_scheduler [None req-16d32c15-8444-4569-b3a0-a89a83957045 cf73f69d1f7e49a59cf81fa0f22f15b3 54c749f18dbc43a79f6dd70b33b72377 - - - -] No more DHCP agents
2026-07-22 23:20:41.571 9 WARNING neutron.api.rpc.agentnotifiers.dhcp_rpc_agent_api [None req-16d32c15-8444-4569-b3a0-a89a83957045 cf73f69d1f7e49a59cf81fa0f22f15b3 54c749f18dbc43a79f6dd70b33b72377 - - - -] Unable to schedule network 50df4e40-c281-493c-8a11-d517ea0a4d8d: no agents available; will retry on subsequent port and subnet creation events.
2026-07-22 23:20:41.633 10 WARNING neutron.scheduler.dhcp_agent_scheduler [None req-fe2df380-36c9-467d-8003-e26d8205ada9 cf73f69d1f7e49a59cf81fa0f22f15b3 54c749f18dbc43a79f6dd70b33b72377 - - - -] No more DHCP agents
2026-07-22 23:20:41.636 10 WARNING neutron.api.rpc.agentnotifiers.dhcp_rpc_agent_api [None req-fe2df380-36c9-467d-8003-e26d8205ada9 cf73f69d1f7e49a59cf81fa0f22f15b3 54c749f18dbc43a79f6dd70b33b72377 - - - -] Unable to schedule network b1feac63-b0a7-4476-9169-42b35915aedb: no agents available; will retry on subsequent port and subnet creation events.
2026-07-22 23:20:41.641 9 INFO neutron.db.ovn_revision_numbers_db [None req-427e80bc-b1e6-40ae-9197-d2345f27edc6 cf73f69d1f7e49a59cf81fa0f22f15b3 54c749f18dbc43a79f6dd70b33b72377 - - - -] Successfully bumped revision number for resource 8177668d-5910-4836-9f1c-b0c98ee44e41 (type: ports) to 1
2026-07-22 23:20:41.671 9 INFO neutron.wsgi [None req-427e80bc-b1e6-40ae-9197-d2345f27edc6 cf73f69d1f7e49a59cf81fa0f22f15b3 54c749f18dbc43a79f6dd70b33b72377 - - - -] 10.0.0.216 "POST /v2.0/networks HTTP/1.1" status: 201 len: 954 time: 1.0282614
2026-07-22 23:20:41.672 9 INFO neutron.db.ovn_revision_numbers_db [None req-16d32c15-8444-4569-b3a0-a89a83957045 cf73f69d1f7e49a59cf81fa0f22f15b3 54c749f18dbc43a79f6dd70b33b72377 - - - -] Successfully bumped revision number for resource 14fa757c-f071-482f-843e-1a575c850610 (type: ports) to 1
2026-07-22 23:20:41.696 9 INFO neutron.wsgi [None req-16d32c15-8444-4569-b3a0-a89a83957045 cf73f69d1f7e49a59cf81fa0f22f15b3 54c749f18dbc43a79f6dd70b33b72377 - - - -] 10.0.0.216 "POST /v2.0/networks HTTP/1.1" status: 201 len: 946 time: 0.8346498
2026-07-22 23:20:41.884 9 WARNING neutron.scheduler.dhcp_agent_scheduler [None req-9f60113e-21ae-47ec-9a5b-136f8ba7b62a cf73f69d1f7e49a59cf81fa0f22f15b3 54c749f18dbc43a79f6dd70b33b72377 - - - -] No more DHCP agents
2026-07-22 23:20:41.889 9 WARNING neutron.api.rpc.agentnotifiers.dhcp_rpc_agent_api [None req-9f60113e-21ae-47ec-9a5b-136f8ba7b62a cf73f69d1f7e49a59cf81fa0f22f15b3 54c749f18dbc43a79f6dd70b33b72377 - - - -] Unable to schedule network 50df4e40-c281-493c-8a11-d517ea0a4d8d: no agents available; will retry on subsequent port and subnet creation events.
2026-07-22 23:20:41.892 10 WARNING neutron.scheduler.dhcp_agent_scheduler [None req-281f090b-22c2-4512-a816-0127f02e2d6d cf73f69d1f7e49a59cf81fa0f22f15b3 54c749f18dbc43a79f6dd70b33b72377 - - - -] No more DHCP agents
2026-07-22 23:20:41.897 10 WARNING neutron.api.rpc.agentnotifiers.dhcp_rpc_agent_api [None req-281f090b-22c2-4512-a816-0127f02e2d6d cf73f69d1f7e49a59cf81fa0f22f15b3 54c749f18dbc43a79f6dd70b33b72377 - - - -] Unable to schedule network 63e7696f-0ef3-44f3-b934-9f903f004e5f: no agents available; will retry on subsequent port and subnet creation events.
2026-07-22 23:20:41.910 9 INFO neutron.db.ovn_revision_numbers_db [None req-035412cb-e4de-4e15-b46a-e5911c0f127d cf73f69d1f7e49a59cf81fa0f22f15b3 54c749f18dbc43a79f6dd70b33b72377 - - default default] Successfully bumped revision number for resource 69767993-77ce-4977-89ff-11202b7ac283 (type: security_groups) to 1
2026-07-22 23:20:41.944 9 INFO neutron.wsgi [None req-035412cb-e4de-4e15-b46a-e5911c0f127d cf73f69d1f7e49a59cf81fa0f22f15b3 54c749f18dbc43a79f6dd70b33b72377 - - default default] 10.0.0.216 "GET /v2.0/security-groups?tenant_id=e4da0f2e9ad24971bbea0f8fdefc7500&name=default HTTP/1.1" status: 200 len: 2992 time: 0.2612550
2026-07-22 23:20:42.300 9 INFO neutron.wsgi [None req-9f6e28b0-2a9a-40ee-a1e0-3f23a27a9bec cf73f69d1f7e49a59cf81fa0f22f15b3 54c749f18dbc43a79f6dd70b33b72377 - - - -] 10.0.0.216 "DELETE /v2.0/security-groups/69767993-77ce-4977-89ff-11202b7ac283 HTTP/1.1" status: 204 len: 168 time: 0.3508432
2026-07-22 23:20:42.330 10 INFO neutron.db.ovn_revision_numbers_db [None req-fe2df380-36c9-467d-8003-e26d8205ada9 cf73f69d1f7e49a59cf81fa0f22f15b3 54c749f18dbc43a79f6dd70b33b72377 - - - -] Successfully bumped revision number for resource 3845e176-3de6-4ad5-abce-c05feee08af3 (type: ports) to 2
2026-07-22 23:20:42.360 10 INFO neutron.db.ovn_revision_numbers_db [None req-fe2df380-36c9-467d-8003-e26d8205ada9 cf73f69d1f7e49a59cf81fa0f22f15b3 54c749f18dbc43a79f6dd70b33b72377 - - - -] Successfully bumped revision number for resource 9d79967e-c73d-41c3-8cca-c089c194dc54 (type: subnets) to 0
2026-07-22 23:20:42.382 10 INFO neutron.wsgi [None req-fe2df380-36c9-467d-8003-e26d8205ada9 cf73f69d1f7e49a59cf81fa0f22f15b3 54c749f18dbc43a79f6dd70b33b72377 - - - -] 10.0.0.216 "POST /v2.0/subnets HTTP/1.1" status: 201 len: 871 time: 0.9006784
2026-07-22 23:20:42.446 9 INFO neutron.db.ovn_revision_numbers_db [None req-9f60113e-21ae-47ec-9a5b-136f8ba7b62a cf73f69d1f7e49a59cf81fa0f22f15b3 54c749f18dbc43a79f6dd70b33b72377 - - - -] Successfully bumped revision number for resource 14fa757c-f071-482f-843e-1a575c850610 (type: ports) to 2
2026-07-22 23:20:42.457 9 INFO neutron.db.ovn_revision_numbers_db [None req-9f60113e-21ae-47ec-9a5b-136f8ba7b62a cf73f69d1f7e49a59cf81fa0f22f15b3 54c749f18dbc43a79f6dd70b33b72377 - - - -] Successfully bumped revision number for resource 998b8227-af3b-48ee-9d25-1855b76cbfa6 (type: subnets) to 0
2026-07-22 23:20:42.471 9 INFO neutron.wsgi [None req-9f60113e-21ae-47ec-9a5b-136f8ba7b62a cf73f69d1f7e49a59cf81fa0f22f15b3 54c749f18dbc43a79f6dd70b33b72377 - - - -] 10.0.0.216 "POST /v2.0/subnets HTTP/1.1" status: 201 len: 866 time: 0.7687776
2026-07-22 23:20:42.650 10 INFO neutron.db.ovn_revision_numbers_db [None req-281f090b-22c2-4512-a816-0127f02e2d6d cf73f69d1f7e49a59cf81fa0f22f15b3 54c749f18dbc43a79f6dd70b33b72377 - - - -] Successfully bumped revision number for resource 8177668d-5910-4836-9f1c-b0c98ee44e41 (type: ports) to 2
2026-07-22 23:20:42.681 10 INFO neutron.db.ovn_revision_numbers_db [None req-281f090b-22c2-4512-a816-0127f02e2d6d cf73f69d1f7e49a59cf81fa0f22f15b3 54c749f18dbc43a79f6dd70b33b72377 - - - -] Successfully bumped revision number for resource f9674f24-6a2f-4bc5-bec2-c9c10302698b (type: subnets) to 0
2026-07-22 23:20:42.721 10 INFO neutron.wsgi [None req-281f090b-22c2-4512-a816-0127f02e2d6d cf73f69d1f7e49a59cf81fa0f22f15b3 54c749f18dbc43a79f6dd70b33b72377 - - - -] 10.0.0.216 "POST /v2.0/subnets HTTP/1.1" status: 201 len: 874 time: 1.0420573
2026-07-22 23:20:43.081 9 WARNING neutron.scheduler.dhcp_agent_scheduler [None req-01adb7f3-a1f0-449a-991f-a94e1c73f6f7 cf73f69d1f7e49a59cf81fa0f22f15b3 54c749f18dbc43a79f6dd70b33b72377 - - - -] No more DHCP agents
2026-07-22 23:20:43.083 9 WARNING neutron.api.rpc.agentnotifiers.dhcp_rpc_agent_api [None req-01adb7f3-a1f0-449a-991f-a94e1c73f6f7 cf73f69d1f7e49a59cf81fa0f22f15b3 54c749f18dbc43a79f6dd70b33b72377 - - - -] Unable to schedule network 7c15f7fc-5f92-4a46-bbbe-3da8a40c9bad: no agents available; will retry on subsequent port and subnet creation events.
2026-07-22 23:20:43.206 9 INFO neutron.db.ovn_revision_numbers_db [None req-01adb7f3-a1f0-449a-991f-a94e1c73f6f7 cf73f69d1f7e49a59cf81fa0f22f15b3 54c749f18dbc43a79f6dd70b33b72377 - - - -] Successfully bumped revision number for resource f5e930e8-3273-4023-83c3-b6a55394c181 (type: ports) to 1
2026-07-22 23:20:43.213 10 WARNING neutron.scheduler.dhcp_agent_scheduler [None req-a400d6cb-1608-4d85-bf21-51eb177f4396 cf73f69d1f7e49a59cf81fa0f22f15b3 54c749f18dbc43a79f6dd70b33b72377 - - - -] No more DHCP agents
2026-07-22 23:20:43.217 10 WARNING neutron.api.rpc.agentnotifiers.dhcp_rpc_agent_api [None req-a400d6cb-1608-4d85-bf21-51eb177f4396 cf73f69d1f7e49a59cf81fa0f22f15b3 54c749f18dbc43a79f6dd70b33b72377 - - - -] Unable to schedule network 7c15f7fc-5f92-4a46-bbbe-3da8a40c9bad: no agents available; will retry on subsequent port and subnet creation events.
2026-07-22 23:20:43.414 10 INFO neutron.db.ovn_revision_numbers_db [None req-a400d6cb-1608-4d85-bf21-51eb177f4396 cf73f69d1f7e49a59cf81fa0f22f15b3 54c749f18dbc43a79f6dd70b33b72377 - - - -] Successfully bumped revision number for resource fd6ba65f-e4d4-4185-9360-6646841c496f (type: ports) to 1
2026-07-22 23:20:43.450 10 WARNING neutron.scheduler.dhcp_agent_scheduler [None req-8d50ff03-1a7c-4c40-bc91-f27001b1e197 cf73f69d1f7e49a59cf81fa0f22f15b3 54c749f18dbc43a79f6dd70b33b72377 - - - -] No more DHCP agents
2026-07-22 23:20:43.452 10 WARNING neutron.api.rpc.agentnotifiers.dhcp_rpc_agent_api [None req-8d50ff03-1a7c-4c40-bc91-f27001b1e197 cf73f69d1f7e49a59cf81fa0f22f15b3 54c749f18dbc43a79f6dd70b33b72377 - - - -] Unable to schedule network 7c15f7fc-5f92-4a46-bbbe-3da8a40c9bad: no agents available; will retry on subsequent port and subnet creation events.
2026-07-22 23:20:43.577 9 INFO neutron.plugins.ml2.drivers.ovn.mech_driver.ovsdb.extensions.qos [None req-01adb7f3-a1f0-449a-991f-a94e1c73f6f7 cf73f69d1f7e49a59cf81fa0f22f15b3 54c749f18dbc43a79f6dd70b33b72377 - - - -] Starting OVNClientQosExtension
2026-07-22 23:20:43.711 10 INFO neutron.db.ovn_revision_numbers_db [None req-8d50ff03-1a7c-4c40-bc91-f27001b1e197 cf73f69d1f7e49a59cf81fa0f22f15b3 54c749f18dbc43a79f6dd70b33b72377 - - - -] Successfully bumped revision number for resource f267a2c4-6214-4aac-ae0b-de7b7eb85f15 (type: ports) to 1
2026-07-22 23:20:43.887 10 INFO neutron.plugins.ml2.drivers.ovn.mech_driver.ovsdb.extensions.qos [None req-a400d6cb-1608-4d85-bf21-51eb177f4396 cf73f69d1f7e49a59cf81fa0f22f15b3 54c749f18dbc43a79f6dd70b33b72377 - - - -] Starting OVNClientQosExtension
2026-07-22 23:20:43.937 9 INFO neutron.plugins.ml2.drivers.ovn.mech_driver.mech_driver [-] OVN reports status up for port: f5e930e8-3273-4023-83c3-b6a55394c181
2026-07-22 23:20:43.954 9 INFO neutron.plugins.ml2.drivers.ovn.mech_driver.ovsdb.ovsdb_monitor [-] Router 2f87ba1b-4f8e-4311-81f3-4879955087b7 is bound to host instance
2026-07-22 23:20:43.968 9 INFO neutron.plugins.ml2.plugin [None req-e94773ee-e484-46ec-9ae7-301148bfd26a - - - - - -] Attempt 1 to provision port f5e930e8-3273-4023-83c3-b6a55394c181
2026-07-22 23:20:43.969 9 INFO neutron.db.ovn_revision_numbers_db [None req-01adb7f3-a1f0-449a-991f-a94e1c73f6f7 cf73f69d1f7e49a59cf81fa0f22f15b3 54c749f18dbc43a79f6dd70b33b72377 - - - -] Successfully bumped revision number for resource f5e930e8-3273-4023-83c3-b6a55394c181 (type: router_ports) to 1
2026-07-22 23:20:44.097 9 INFO neutron.db.ovn_revision_numbers_db [None req-01adb7f3-a1f0-449a-991f-a94e1c73f6f7 cf73f69d1f7e49a59cf81fa0f22f15b3 54c749f18dbc43a79f6dd70b33b72377 - - - -] Successfully bumped revision number for resource 2f87ba1b-4f8e-4311-81f3-4879955087b7 (type: routers) to 3
2026-07-22 23:20:44.147 9 INFO neutron.wsgi [None req-01adb7f3-a1f0-449a-991f-a94e1c73f6f7 cf73f69d1f7e49a59cf81fa0f22f15b3 54c749f18dbc43a79f6dd70b33b72377 - - - -] 10.0.0.216 "POST /v2.0/routers HTTP/1.1" status: 201 len: 877 time: 1.6703835
2026-07-22 23:20:44.529 10 INFO neutron.plugins.ml2.drivers.ovn.mech_driver.ovsdb.ovsdb_monitor [-] Router 1383823f-a5d2-4042-9569-93a587b93a87 is bound to host instance
2026-07-22 23:20:44.532 10 INFO neutron.db.ovn_revision_numbers_db [None req-a400d6cb-1608-4d85-bf21-51eb177f4396 cf73f69d1f7e49a59cf81fa0f22f15b3 54c749f18dbc43a79f6dd70b33b72377 - - - -] Successfully bumped revision number for resource fd6ba65f-e4d4-4185-9360-6646841c496f (type: router_ports) to 1
2026-07-22 23:20:44.676 10 INFO neutron.db.ovn_revision_numbers_db [None req-a400d6cb-1608-4d85-bf21-51eb177f4396 cf73f69d1f7e49a59cf81fa0f22f15b3 54c749f18dbc43a79f6dd70b33b72377 - - - -] Successfully bumped revision number for resource 1383823f-a5d2-4042-9569-93a587b93a87 (type: routers) to 3
2026-07-22 23:20:44.727 10 INFO neutron.wsgi [None req-a400d6cb-1608-4d85-bf21-51eb177f4396 cf73f69d1f7e49a59cf81fa0f22f15b3 54c749f18dbc43a79f6dd70b33b72377 - - - -] 10.0.0.216 "POST /v2.0/routers HTTP/1.1" status: 201 len: 882 time: 2.3400173
2026-07-22 23:20:44.793 10 INFO neutron.db.ovn_revision_numbers_db [None req-8d50ff03-1a7c-4c40-bc91-f27001b1e197 cf73f69d1f7e49a59cf81fa0f22f15b3 54c749f18dbc43a79f6dd70b33b72377 - - - -] Successfully bumped revision number for resource f267a2c4-6214-4aac-ae0b-de7b7eb85f15 (type: router_ports) to 1
2026-07-22 23:20:44.903 10 INFO neutron.db.ovn_revision_numbers_db [None req-8d50ff03-1a7c-4c40-bc91-f27001b1e197 cf73f69d1f7e49a59cf81fa0f22f15b3 54c749f18dbc43a79f6dd70b33b72377 - - - -] Successfully bumped revision number for resource d791a9c7-8370-4a0a-983a-5564682895d5 (type: routers) to 3
2026-07-22 23:20:44.919 10 INFO neutron.wsgi [None req-8d50ff03-1a7c-4c40-bc91-f27001b1e197 cf73f69d1f7e49a59cf81fa0f22f15b3 54c749f18dbc43a79f6dd70b33b72377 - - - -] 10.0.0.216 "POST /v2.0/routers HTTP/1.1" status: 201 len: 885 time: 2.1820226
2026-07-22 23:20:45.197 10 INFO neutron.db.ovn_revision_numbers_db [None req-3d65cf31-be1a-40d1-a3ed-638be7ca5365 - - - - - -] Successfully bumped revision number for resource fd6ba65f-e4d4-4185-9360-6646841c496f (type: ports) to 1
2026-07-22 23:20:45.246 9 INFO neutron.db.ovn_revision_numbers_db [None req-5a33034c-4f5a-4700-bba1-5be1127be8a4 - - - - - -] Successfully bumped revision number for resource f5e930e8-3273-4023-83c3-b6a55394c181 (type: ports) to 1
2026-07-22 23:20:45.262 9 WARNING neutron.scheduler.dhcp_agent_scheduler [None req-a25f252b-58a7-4f05-88df-cc6297b0cef1 cf73f69d1f7e49a59cf81fa0f22f15b3 54c749f18dbc43a79f6dd70b33b72377 - - default default] No more DHCP agents
2026-07-22 23:20:45.272 9 WARNING neutron.api.rpc.agentnotifiers.dhcp_rpc_agent_api [None req-a25f252b-58a7-4f05-88df-cc6297b0cef1 cf73f69d1f7e49a59cf81fa0f22f15b3 54c749f18dbc43a79f6dd70b33b72377 - - default default] Unable to schedule network 50df4e40-c281-493c-8a11-d517ea0a4d8d: no agents available; will retry on subsequent port and subnet creation events.
2026-07-22 23:20:45.628 10 INFO neutron.db.ovn_revision_numbers_db [None req-3d65cf31-be1a-40d1-a3ed-638be7ca5365 - - - - - -] Successfully bumped revision number for resource fd6ba65f-e4d4-4185-9360-6646841c496f (type: router_ports) to 3
2026-07-22 23:20:45.765 10 INFO neutron.db.ovn_revision_numbers_db [None req-3d65cf31-be1a-40d1-a3ed-638be7ca5365 - - - - - -] Successfully bumped revision number for resource fd6ba65f-e4d4-4185-9360-6646841c496f (type: ports) to 2
2026-07-22 23:20:45.833 9 INFO neutron.db.ovn_revision_numbers_db [None req-a25f252b-58a7-4f05-88df-cc6297b0cef1 cf73f69d1f7e49a59cf81fa0f22f15b3 54c749f18dbc43a79f6dd70b33b72377 - - default default] Successfully bumped revision number for resource 579f8f03-f8a4-4d37-aa69-17b25066a1dc (type: ports) to 1
2026-07-22 23:20:45.993 10 INFO neutron.db.ovn_revision_numbers_db [None req-3d65cf31-be1a-40d1-a3ed-638be7ca5365 - - - - - -] Successfully bumped revision number for resource fd6ba65f-e4d4-4185-9360-6646841c496f (type: ports) to 4
2026-07-22 23:20:46.167 9 WARNING neutron.scheduler.dhcp_agent_scheduler [None req-7debf728-471f-4cfd-88fb-11c5fb6d9316 cf73f69d1f7e49a59cf81fa0f22f15b3 54c749f18dbc43a79f6dd70b33b72377 - - default default] No more DHCP agents
2026-07-22 23:20:46.194 10 INFO neutron.db.ovn_revision_numbers_db [None req-3d65cf31-be1a-40d1-a3ed-638be7ca5365 - - - - - -] Successfully bumped revision number for resource fd6ba65f-e4d4-4185-9360-6646841c496f (type: router_ports) to 4
2026-07-22 23:20:46.198 9 WARNING neutron.api.rpc.agentnotifiers.dhcp_rpc_agent_api [None req-7debf728-471f-4cfd-88fb-11c5fb6d9316 cf73f69d1f7e49a59cf81fa0f22f15b3 54c749f18dbc43a79f6dd70b33b72377 - - default default] Unable to schedule network b1feac63-b0a7-4476-9169-42b35915aedb: no agents available; will retry on subsequent port and subnet creation events.
2026-07-22 23:20:46.358 9 INFO neutron.db.ovn_revision_numbers_db [None req-5a33034c-4f5a-4700-bba1-5be1127be8a4 - - - - - -] Successfully bumped revision number for resource f5e930e8-3273-4023-83c3-b6a55394c181 (type: router_ports) to 3
2026-07-22 23:20:46.456 9 WARNING neutron.scheduler.dhcp_agent_scheduler [None req-e2316e0b-2f77-4929-9d3b-5fda162ff0ed cf73f69d1f7e49a59cf81fa0f22f15b3 54c749f18dbc43a79f6dd70b33b72377 - - default default] No more DHCP agents
2026-07-22 23:20:46.465 9 WARNING neutron.api.rpc.agentnotifiers.dhcp_rpc_agent_api [None req-e2316e0b-2f77-4929-9d3b-5fda162ff0ed cf73f69d1f7e49a59cf81fa0f22f15b3 54c749f18dbc43a79f6dd70b33b72377 - - default default] Unable to schedule network 63e7696f-0ef3-44f3-b934-9f903f004e5f: no agents available; will retry on subsequent port and subnet creation events.
2026-07-22 23:20:46.764 9 INFO neutron.plugins.ml2.drivers.ovn.mech_driver.mech_driver [None req-e94773ee-e484-46ec-9ae7-301148bfd26a - - - - - -] OVN reports status up for port: fd6ba65f-e4d4-4185-9360-6646841c496f
2026-07-22 23:20:46.806 9 INFO neutron.db.ovn_revision_numbers_db [None req-7debf728-471f-4cfd-88fb-11c5fb6d9316 cf73f69d1f7e49a59cf81fa0f22f15b3 54c749f18dbc43a79f6dd70b33b72377 - - default default] Successfully bumped revision number for resource 4582a174-d2c7-48fd-8950-18208db66bb7 (type: ports) to 1
2026-07-22 23:20:46.818 9 INFO neutron.plugins.ml2.plugin [None req-e94773ee-e484-46ec-9ae7-301148bfd26a - - - - - -] Attempt 1 to provision port fd6ba65f-e4d4-4185-9360-6646841c496f
2026-07-22 23:20:46.935 9 INFO neutron.db.ovn_revision_numbers_db [None req-5a33034c-4f5a-4700-bba1-5be1127be8a4 - - - - - -] Successfully bumped revision number for resource f5e930e8-3273-4023-83c3-b6a55394c181 (type: ports) to 2
2026-07-22 23:20:47.067 9 INFO neutron.db.ovn_revision_numbers_db [None req-e2316e0b-2f77-4929-9d3b-5fda162ff0ed cf73f69d1f7e49a59cf81fa0f22f15b3 54c749f18dbc43a79f6dd70b33b72377 - - default default] Successfully bumped revision number for resource bacd014f-f6f5-4a7a-b326-10a6864c4d8a (type: ports) to 1
2026-07-22 23:20:47.175 9 INFO neutron.plugins.ml2.drivers.ovn.mech_driver.mech_driver [None req-e94773ee-e484-46ec-9ae7-301148bfd26a - - - - - -] OVN reports status up for port: f267a2c4-6214-4aac-ae0b-de7b7eb85f15
2026-07-22 23:20:47.236 9 INFO neutron.plugins.ml2.plugin [None req-e94773ee-e484-46ec-9ae7-301148bfd26a - - - - - -] Attempt 1 to provision port f267a2c4-6214-4aac-ae0b-de7b7eb85f15
2026-07-22 23:20:47.512 10 INFO neutron.plugins.ml2.drivers.ovn.mech_driver.mech_driver [None req-bc687c49-6adf-4944-a055-3629312b5243 - - - - - -] OVN reports status up for port: 579f8f03-f8a4-4d37-aa69-17b25066a1dc
2026-07-22 23:20:47.520 10 INFO neutron.plugins.ml2.plugin [None req-bc687c49-6adf-4944-a055-3629312b5243 - - - - - -] Attempt 1 to provision port 579f8f03-f8a4-4d37-aa69-17b25066a1dc
2026-07-22 23:20:47.540 9 INFO neutron.db.ovn_revision_numbers_db [None req-a25f252b-58a7-4f05-88df-cc6297b0cef1 cf73f69d1f7e49a59cf81fa0f22f15b3 54c749f18dbc43a79f6dd70b33b72377 - - default default] Successfully bumped revision number for resource 579f8f03-f8a4-4d37-aa69-17b25066a1dc (type: router_ports) to 2
2026-07-22 23:20:47.835 10 INFO neutron.db.ovn_revision_numbers_db [None req-bc687c49-6adf-4944-a055-3629312b5243 - - - - - -] Successfully bumped revision number for resource 579f8f03-f8a4-4d37-aa69-17b25066a1dc (type: ports) to 3
2026-07-22 23:20:47.885 9 INFO neutron.db.ovn_revision_numbers_db [None req-5a33034c-4f5a-4700-bba1-5be1127be8a4 - - - - - -] Successfully bumped revision number for resource f5e930e8-3273-4023-83c3-b6a55394c181 (type: ports) to 4
2026-07-22 23:20:47.926 9 ERROR ovsdbapp.backend.ovs_idl.transaction [None req-a25f252b-58a7-4f05-88df-cc6297b0cef1 cf73f69d1f7e49a59cf81fa0f22f15b3 54c749f18dbc43a79f6dd70b33b72377 - - default default]
Traceback (most recent call last): File "/var/lib/openstack/lib/python3.10/site-packages/ovsdbapp/backend/ovs_idl/connection.py", line 118, in run txn.results.put(txn.do_commit())
File "/var/lib/openstack/lib/python3.10/site-packages/ovsdbapp/backend/ovs_idl/transaction.py", line 92, in do_commit command.run_idl(txn)
File "/var/lib/openstack/lib/python3.10/site-packages/neutron/plugins/ml2/drivers/ovn/mech_driver/ovsdb/commands.py", line 801, in run_idl raise ovn_exc.RevisionConflict( neutron.common.ovn.exceptions.RevisionConflict: OVN revision number for 579f8f03-f8a4-4d37-aa69-17b25066a1dc (type: ports) is equal or higher than the given resource. Skipping update 
2026-07-22 23:20:47.926 9 INFO neutron.plugins.ml2.drivers.ovn.mech_driver.ovsdb.impl_idl_ovn [None req-a25f252b-58a7-4f05-88df-cc6297b0cef1 cf73f69d1f7e49a59cf81fa0f22f15b3 54c749f18dbc43a79f6dd70b33b72377 - - default default] Transaction aborted. Reason: OVN revision number for 579f8f03-f8a4-4d37-aa69-17b25066a1dc (type: ports) is equal or higher than the given resource. Skipping update
2026-07-22 23:20:47.944 10 INFO neutron.db.ovn_revision_numbers_db [None req-bc687c49-6adf-4944-a055-3629312b5243 - - - - - -] Successfully bumped revision number for resource 579f8f03-f8a4-4d37-aa69-17b25066a1dc (type: router_ports) to 3
2026-07-22 23:20:48.155 9 WARNING neutron.scheduler.dhcp_agent_scheduler [None req-a25f252b-58a7-4f05-88df-cc6297b0cef1 cf73f69d1f7e49a59cf81fa0f22f15b3 54c749f18dbc43a79f6dd70b33b72377 - - default default] No more DHCP agents
2026-07-22 23:20:48.160 9 WARNING neutron.api.rpc.agentnotifiers.dhcp_rpc_agent_api [None req-a25f252b-58a7-4f05-88df-cc6297b0cef1 cf73f69d1f7e49a59cf81fa0f22f15b3 54c749f18dbc43a79f6dd70b33b72377 - - default default] Unable to schedule network 50df4e40-c281-493c-8a11-d517ea0a4d8d: no agents available; will retry on subsequent port and subnet creation events.
2026-07-22 23:20:48.210 9 INFO neutron.db.ovn_revision_numbers_db [None req-7debf728-471f-4cfd-88fb-11c5fb6d9316 cf73f69d1f7e49a59cf81fa0f22f15b3 54c749f18dbc43a79f6dd70b33b72377 - - default default] Successfully bumped revision number for resource 4582a174-d2c7-48fd-8950-18208db66bb7 (type: router_ports) to 2
