2026-07-22 23:26:57.463 10 INFO neutron.wsgi [req-d3493262-96e1-4aeb-bca9-7ee44e74a2d1 req-c10d2b41-7ac5-4ded-8566-fe5bca711dfb 404045f7f66148ca87b33c3deb64ffac e48df614e2a542a690e1cc22a276933b - - 5e99659270f44b0f8c46fcb0fc3691df 5e99659270f44b0f8c46fcb0fc3691df] 199.19.213.74 "GET /v2.0/networks/118e93e3-6ed6-4fab-b8ae-0afba851b19f?fields=provider%3Aphysical_network&fields=provider%3Anetwork_type HTTP/1.1" status: 200 len: 277 time: 0.0779641
2026-07-22 23:26:57.469 9 INFO neutron.wsgi [None req-45656790-bde0-444c-9392-ccbc96d58cec cf73f69d1f7e49a59cf81fa0f22f15b3 54c749f18dbc43a79f6dd70b33b72377 - - default default] 199.19.213.74 "GET /v2.0/subnets/a7562bf4-3737-44e8-9d58-1aa617553f40 HTTP/1.1" status: 200 len: 850 time: 0.0350475
2026-07-22 23:26:57.540 9 INFO neutron.wsgi [None req-7d817ab1-acd0-4eea-9e37-35ac58a38dae cf73f69d1f7e49a59cf81fa0f22f15b3 54c749f18dbc43a79f6dd70b33b72377 - - default default] 199.19.213.74 "GET /v2.0/networks/109c2287-324f-4331-b5be-d3e9bfe5dc51 HTTP/1.1" status: 200 len: 1001 time: 0.0641448
2026-07-22 23:26:57.580 9 INFO neutron.wsgi [None req-89570ca1-95bc-46e3-bc93-5124031682d3 cf73f69d1f7e49a59cf81fa0f22f15b3 54c749f18dbc43a79f6dd70b33b72377 - - default default] 199.19.213.74 "GET /v2.0/ports/b00b1de5-c8a6-45ba-9023-495e11a50317 HTTP/1.1" status: 200 len: 1340 time: 0.0355651
2026-07-22 23:26:57.625 9 INFO neutron.wsgi [None req-d6b44bfb-6830-45be-a93f-33c5ebfa4555 cf73f69d1f7e49a59cf81fa0f22f15b3 54c749f18dbc43a79f6dd70b33b72377 - - default default] 199.19.213.74 "GET /v2.0/subnets/a7562bf4-3737-44e8-9d58-1aa617553f40 HTTP/1.1" status: 200 len: 850 time: 0.0353191
2026-07-22 23:26:58.271 10 INFO neutron.notifiers.nova [-] Nova event matching ['req-49b510ea-3c09-4194-87ee-95afb306c4b4'] response: {'server_uuid': '2d1bba47-c292-4051-ba35-ecb107369df5', 'name': 'network-vif-plugged', 'status': 'completed', 'tag': '8e5f3440-b03c-4ddf-a9e9-d471b7354973', 'code': 200}
2026-07-22 23:26:58.271 10 INFO neutron.notifiers.nova [-] Nova event matching ['req-49b510ea-3c09-4194-87ee-95afb306c4b4'] response: {'server_uuid': '2d1bba47-c292-4051-ba35-ecb107369df5', 'name': 'network-vif-deleted', 'tag': '8e5f3440-b03c-4ddf-a9e9-d471b7354973', 'status': 'completed', 'code': 200}
2026-07-22 23:27:00.384 9 INFO neutron.wsgi [None req-16f3ac62-d8bd-4e61-88f9-f3175a02c52c cf73f69d1f7e49a59cf81fa0f22f15b3 54c749f18dbc43a79f6dd70b33b72377 - - default default] 199.19.213.74 "GET /v2.0/extensions/security-group HTTP/1.1" status: 200 len: 369 time: 0.0060744
2026-07-22 23:27:00.391 9 INFO neutron.wsgi [None req-f9247433-8a42-4498-80b2-044997e499b9 cf73f69d1f7e49a59cf81fa0f22f15b3 54c749f18dbc43a79f6dd70b33b72377 - - default default] 199.19.213.74 "GET /v2.0/extensions/dns-integration HTTP/1.1" status: 200 len: 371 time: 0.0047703
2026-07-22 23:27:00.401 9 INFO neutron.wsgi [None req-a3236a2e-7ac9-4072-9984-116693986bcf cf73f69d1f7e49a59cf81fa0f22f15b3 54c749f18dbc43a79f6dd70b33b72377 - - default default] 199.19.213.74 "GET /v2.0/extensions/qos HTTP/1.1" status: 200 len: 365 time: 0.0046701
2026-07-22 23:27:00.411 9 INFO neutron.wsgi [None req-6c94ded1-d8d5-4120-92f9-4db6a19cf0fd cf73f69d1f7e49a59cf81fa0f22f15b3 54c749f18dbc43a79f6dd70b33b72377 - - default default] 199.19.213.74 "GET /v2.0/extensions/allowed-address-pairs HTTP/1.1" status: 200 len: 383 time: 0.0050812
2026-07-22 23:27:00.455 9 INFO neutron.wsgi [None req-7641d3c8-4424-4b9a-8265-dc41d845bd81 cf73f69d1f7e49a59cf81fa0f22f15b3 54c749f18dbc43a79f6dd70b33b72377 - - default default] 199.19.213.74 "GET /v2.0/ports?device_id=2d1bba47-c292-4051-ba35-ecb107369df5 HTTP/1.1" status: 200 len: 3782 time: 0.0383093
2026-07-22 23:27:00.609 9 INFO neutron.wsgi [None req-ce8b6acd-e7ef-46ee-9a41-aabcb7d9c327 cf73f69d1f7e49a59cf81fa0f22f15b3 54c749f18dbc43a79f6dd70b33b72377 - - default default] 199.19.213.74 "GET /v2.0/extensions/security-group HTTP/1.1" status: 200 len: 369 time: 0.0053031
2026-07-22 23:27:00.616 9 INFO neutron.wsgi [None req-e6f11494-4805-4bbc-8638-fd28a62f5a89 cf73f69d1f7e49a59cf81fa0f22f15b3 54c749f18dbc43a79f6dd70b33b72377 - - default default] 199.19.213.74 "GET /v2.0/extensions/dns-integration HTTP/1.1" status: 200 len: 371 time: 0.0029669
2026-07-22 23:27:00.626 9 INFO neutron.wsgi [None req-5e052260-2454-4fcd-a3dd-0be6772ffe9e cf73f69d1f7e49a59cf81fa0f22f15b3 54c749f18dbc43a79f6dd70b33b72377 - - default default] 199.19.213.74 "GET /v2.0/extensions/qos HTTP/1.1" status: 200 len: 365 time: 0.0070555
2026-07-22 23:27:00.636 9 INFO neutron.wsgi [None req-2c2e0587-9ed7-4034-ae13-e7c0f078500c cf73f69d1f7e49a59cf81fa0f22f15b3 54c749f18dbc43a79f6dd70b33b72377 - - default default] 199.19.213.74 "GET /v2.0/extensions/allowed-address-pairs HTTP/1.1" status: 200 len: 383 time: 0.0056212
2026-07-22 23:27:00.679 9 INFO neutron.wsgi [None req-73769e94-7f6e-415d-bed5-aaf2eede922d cf73f69d1f7e49a59cf81fa0f22f15b3 54c749f18dbc43a79f6dd70b33b72377 - - default default] 199.19.213.74 "GET /v2.0/ports/08ccc981-b7ae-4d9a-bed0-03df401dc629 HTTP/1.1" status: 200 len: 1358 time: 0.0320895
2026-07-22 23:27:01.081 9 INFO neutron.db.ovn_revision_numbers_db [None req-bf5e227f-2dc5-44fe-817f-7135de93be32 cf73f69d1f7e49a59cf81fa0f22f15b3 54c749f18dbc43a79f6dd70b33b72377 - - - -] Successfully bumped revision number for resource 08ccc981-b7ae-4d9a-bed0-03df401dc629 (type: ports) to 6
2026-07-22 23:27:01.091 9 INFO neutron.wsgi [None req-bf5e227f-2dc5-44fe-817f-7135de93be32 cf73f69d1f7e49a59cf81fa0f22f15b3 54c749f18dbc43a79f6dd70b33b72377 - - - -] 199.19.213.74 "PUT /v2.0/ports/08ccc981-b7ae-4d9a-bed0-03df401dc629 HTTP/1.1" status: 200 len: 1154 time: 0.4027393 /var/lib/openstack/lib/python3.10/site-packages/pycadf/identifier.py:71: UserWarning: Invalid uuid: neutron. To ensure interoperability, identifiers should be a valid uuid. warnings.warn(('Invalid uuid: %s. To ensure interoperability, '
2026-07-22 23:27:01.136 9 INFO neutron.notifiers.nova [-] Nova event matching ['req-33fbfe81-4769-42ad-ae8b-890761e93e13'] response: {'name': 'network-changed', 'server_uuid': '2d1bba47-c292-4051-ba35-ecb107369df5', 'tag': '08ccc981-b7ae-4d9a-bed0-03df401dc629', 'status': 'completed', 'code': 200}
2026-07-22 23:27:01.158 9 INFO neutron.wsgi [None req-9b7c96d7-ec04-4604-8a3e-9b8ccde03a09 cf73f69d1f7e49a59cf81fa0f22f15b3 54c749f18dbc43a79f6dd70b33b72377 - - default default] 199.19.213.74 "GET /v2.0/networks/118e93e3-6ed6-4fab-b8ae-0afba851b19f HTTP/1.1" status: 200 len: 999 time: 0.0598266
2026-07-22 23:27:01.189 10 INFO neutron.wsgi [req-b0e768df-aa74-4dea-a596-aba024efeee2 req-fbfcd235-7f47-4b1b-ac6d-fe206104e449 404045f7f66148ca87b33c3deb64ffac e48df614e2a542a690e1cc22a276933b - - 5e99659270f44b0f8c46fcb0fc3691df 5e99659270f44b0f8c46fcb0fc3691df] 199.19.213.74 "GET /v2.0/ports?tenant_id=54c749f18dbc43a79f6dd70b33b72377&device_id=2d1bba47-c292-4051-ba35-ecb107369df5 HTTP/1.1" status: 200 len: 3607 time: 0.0365455
2026-07-22 23:27:01.203 9 INFO neutron.wsgi [None req-51fffa44-2072-4223-b091-b1556de60294 cf73f69d1f7e49a59cf81fa0f22f15b3 54c749f18dbc43a79f6dd70b33b72377 - - default default] 199.19.213.74 "GET /v2.0/ports?device_id=2d1bba47-c292-4051-ba35-ecb107369df5 HTTP/1.1" status: 200 len: 3607 time: 0.0380421
2026-07-22 23:27:01.304 10 INFO neutron.wsgi [req-b0e768df-aa74-4dea-a596-aba024efeee2 req-efcd5c08-d659-4e3c-ba25-9f435119d7f5 404045f7f66148ca87b33c3deb64ffac e48df614e2a542a690e1cc22a276933b - - 5e99659270f44b0f8c46fcb0fc3691df 5e99659270f44b0f8c46fcb0fc3691df] 199.19.213.74 "GET /v2.0/networks?id=118e93e3-6ed6-4fab-b8ae-0afba851b19f HTTP/1.1" status: 200 len: 1002 time: 0.1064587
2026-07-22 23:27:01.355 9 INFO neutron.wsgi [None req-269ce3a5-641b-4493-be3e-736f8d17c993 cf73f69d1f7e49a59cf81fa0f22f15b3 54c749f18dbc43a79f6dd70b33b72377 - - default default] 199.19.213.74 "GET /v2.0/ports?device_id=2d1bba47-c292-4051-ba35-ecb107369df5 HTTP/1.1" status: 200 len: 3607 time: 0.0454819
2026-07-22 23:27:01.383 10 INFO neutron.wsgi [req-b0e768df-aa74-4dea-a596-aba024efeee2 req-1d8f0bf1-c2e2-4d44-88a4-f7440a2da50e 404045f7f66148ca87b33c3deb64ffac e48df614e2a542a690e1cc22a276933b - - 5e99659270f44b0f8c46fcb0fc3691df 5e99659270f44b0f8c46fcb0fc3691df] 199.19.213.74 "GET /v2.0/networks/118e93e3-6ed6-4fab-b8ae-0afba851b19f?fields=segments HTTP/1.1" status: 200 len: 212 time: 0.0678227
2026-07-22 23:27:01.454 10 INFO neutron.wsgi [req-b0e768df-aa74-4dea-a596-aba024efeee2 req-c9bffbce-3f10-4b93-ac22-3c0e73343ec1 404045f7f66148ca87b33c3deb64ffac e48df614e2a542a690e1cc22a276933b - - 5e99659270f44b0f8c46fcb0fc3691df 5e99659270f44b0f8c46fcb0fc3691df] 199.19.213.74 "GET /v2.0/networks/118e93e3-6ed6-4fab-b8ae-0afba851b19f?fields=provider%3Aphysical_network&fields=provider%3Anetwork_type HTTP/1.1" status: 200 len: 277 time: 0.0673168
2026-07-22 23:27:01.610 9 INFO neutron.plugins.ml2.drivers.ovn.mech_driver.mech_driver [None req-e94773ee-e484-46ec-9ae7-301148bfd26a - - - - - -] OVN reports status down for port: 08ccc981-b7ae-4d9a-bed0-03df401dc629
2026-07-22 23:27:01.684 10 INFO neutron.wsgi [req-2ff5867b-cc36-426d-81c5-db9d3de5b8f9 req-7bbb7e30-0d83-4b48-b303-8aac30582ceb 404045f7f66148ca87b33c3deb64ffac e48df614e2a542a690e1cc22a276933b - - 5e99659270f44b0f8c46fcb0fc3691df 5e99659270f44b0f8c46fcb0fc3691df] 199.19.213.74 "GET /v2.0/ports/08ccc981-b7ae-4d9a-bed0-03df401dc629 HTTP/1.1" status: 200 len: 1182 time: 0.0292540
2026-07-22 23:27:01.851 9 INFO neutron.db.ovn_revision_numbers_db [None req-e94773ee-e484-46ec-9ae7-301148bfd26a - - - - - -] Successfully bumped revision number for resource 08ccc981-b7ae-4d9a-bed0-03df401dc629 (type: ports) to 7
2026-07-22 23:27:01.936 10 INFO neutron.wsgi [None req-18c852b9-b1f1-4b3c-9642-a2e484da08a8 cf73f69d1f7e49a59cf81fa0f22f15b3 54c749f18dbc43a79f6dd70b33b72377 - - - -] 199.19.213.74 "DELETE /v2.0/ports/08ccc981-b7ae-4d9a-bed0-03df401dc629 HTTP/1.1" status: 204 len: 173 time: 0.2475133
2026-07-22 23:27:01.977 10 INFO neutron.notifiers.nova [-] Nova event matching ['req-08ee444f-7327-490c-a0f4-490214d37344'] response: {'server_uuid': '2d1bba47-c292-4051-ba35-ecb107369df5', 'name': 'network-vif-deleted', 'tag': '08ccc981-b7ae-4d9a-bed0-03df401dc629', 'status': 'completed', 'code': 200}
2026-07-22 23:27:02.019 10 INFO neutron.wsgi [req-2ff5867b-cc36-426d-81c5-db9d3de5b8f9 req-6a32b76e-5ca3-4c2d-9a5d-540f1b10fbac 404045f7f66148ca87b33c3deb64ffac e48df614e2a542a690e1cc22a276933b - - 5e99659270f44b0f8c46fcb0fc3691df 5e99659270f44b0f8c46fcb0fc3691df] 199.19.213.74 "GET /v2.0/ports?tenant_id=54c749f18dbc43a79f6dd70b33b72377&device_id=2d1bba47-c292-4051-ba35-ecb107369df5 HTTP/1.1" status: 200 len: 2632 time: 0.0344720
2026-07-22 23:27:02.094 10 INFO neutron.wsgi [req-2ff5867b-cc36-426d-81c5-db9d3de5b8f9 req-b4b7c0fe-e999-4321-9dc9-8311d9bbbd0a 404045f7f66148ca87b33c3deb64ffac e48df614e2a542a690e1cc22a276933b - - 5e99659270f44b0f8c46fcb0fc3691df 5e99659270f44b0f8c46fcb0fc3691df] 199.19.213.74 "GET /v2.0/networks?id=7cd5e4f1-edfe-4c36-b14d-f4253fdac274&id=109c2287-324f-4331-b5be-d3e9bfe5dc51&id=118e93e3-6ed6-4fab-b8ae-0afba851b19f HTTP/1.1" status: 200 len: 2517 time: 0.0709426
2026-07-22 23:27:02.134 10 INFO neutron.wsgi [req-2ff5867b-cc36-426d-81c5-db9d3de5b8f9 req-ab9f9716-4cac-4757-bb3d-555b6fc40a74 404045f7f66148ca87b33c3deb64ffac e48df614e2a542a690e1cc22a276933b - - 5e99659270f44b0f8c46fcb0fc3691df 5e99659270f44b0f8c46fcb0fc3691df] 199.19.213.74 "GET /v2.0/floatingips?fixed_ip_address=172.24.1.146&port_id=5c1679e0-0423-4bab-9bf0-162ffaa4a454 HTTP/1.1" status: 200 len: 217 time: 0.0348980
2026-07-22 23:27:02.172 10 INFO neutron.wsgi [req-2ff5867b-cc36-426d-81c5-db9d3de5b8f9 req-0dda709e-5293-4384-a2ac-1d698cb14208 404045f7f66148ca87b33c3deb64ffac e48df614e2a542a690e1cc22a276933b - - 5e99659270f44b0f8c46fcb0fc3691df 5e99659270f44b0f8c46fcb0fc3691df] 199.19.213.74 "GET /v2.0/subnets?id=32de1fd5-0027-4eb7-9bc6-074381fb1714 HTTP/1.1" status: 200 len: 829 time: 0.0333722
2026-07-22 23:27:02.202 10 INFO neutron.wsgi [req-2ff5867b-cc36-426d-81c5-db9d3de5b8f9 req-3715bb2c-13b7-4f51-9ec8-a548974fe6b5 404045f7f66148ca87b33c3deb64ffac e48df614e2a542a690e1cc22a276933b - - 5e99659270f44b0f8c46fcb0fc3691df 5e99659270f44b0f8c46fcb0fc3691df] 199.19.213.74 "GET /v2.0/ports?network_id=7cd5e4f1-edfe-4c36-b14d-f4253fdac274&device_owner=network%3Adhcp HTTP/1.1" status: 200 len: 210 time: 0.0243685
2026-07-22 23:27:02.301 10 INFO neutron.wsgi [req-2ff5867b-cc36-426d-81c5-db9d3de5b8f9 req-e1b813ca-875f-48ee-9a35-8e391ffb6706 404045f7f66148ca87b33c3deb64ffac e48df614e2a542a690e1cc22a276933b - - 5e99659270f44b0f8c46fcb0fc3691df 5e99659270f44b0f8c46fcb0fc3691df] 199.19.213.74 "GET /v2.0/networks/7cd5e4f1-edfe-4c36-b14d-f4253fdac274?fields=segments HTTP/1.1" status: 200 len: 212 time: 0.0900972 /var/lib/openstack/lib/python3.10/site-packages/pycadf/identifier.py:71: UserWarning: Invalid uuid: neutron. To ensure interoperability, identifiers should be a valid uuid. warnings.warn(('Invalid uuid: %s. To ensure interoperability, '
2026-07-22 23:27:02.384 10 INFO neutron.wsgi [req-2ff5867b-cc36-426d-81c5-db9d3de5b8f9 req-5d48175e-7c40-495d-9205-ba7008503c89 404045f7f66148ca87b33c3deb64ffac e48df614e2a542a690e1cc22a276933b - - 5e99659270f44b0f8c46fcb0fc3691df 5e99659270f44b0f8c46fcb0fc3691df] 199.19.213.74 "GET /v2.0/networks/7cd5e4f1-edfe-4c36-b14d-f4253fdac274?fields=provider%3Aphysical_network&fields=provider%3Anetwork_type HTTP/1.1" status: 200 len: 277 time: 0.0751767
2026-07-22 23:27:02.395 9 INFO neutron.wsgi [None req-0003e3de-ff54-4814-a977-0710b91476ec cf73f69d1f7e49a59cf81fa0f22f15b3 54c749f18dbc43a79f6dd70b33b72377 - - default default] 199.19.213.74 "GET /v2.0/ports?device_id=2d1bba47-c292-4051-ba35-ecb107369df5 HTTP/1.1" status: 200 len: 2632 time: 0.0323622
2026-07-22 23:27:02.420 10 INFO neutron.wsgi [req-2ff5867b-cc36-426d-81c5-db9d3de5b8f9 req-05871d3f-67a6-4239-92b9-4554f4794436 404045f7f66148ca87b33c3deb64ffac e48df614e2a542a690e1cc22a276933b - - 5e99659270f44b0f8c46fcb0fc3691df 5e99659270f44b0f8c46fcb0fc3691df] 199.19.213.74 "GET /v2.0/floatingips?fixed_ip_address=10.1.1.101&port_id=21bcbf55-943b-495c-8177-64c440ea2c7d HTTP/1.1" status: 200 len: 217 time: 0.0268126
2026-07-22 23:27:02.421 9 INFO neutron.pecan_wsgi.hooks.translation [None req-1d3542d8-00ee-4000-a7de-14cda31b6731 cf73f69d1f7e49a59cf81fa0f22f15b3 54c749f18dbc43a79f6dd70b33b72377 - - - -] DELETE failed (client error): The resource could not be found.
2026-07-22 23:27:02.423 9 INFO neutron.wsgi [None req-1d3542d8-00ee-4000-a7de-14cda31b6731 cf73f69d1f7e49a59cf81fa0f22f15b3 54c749f18dbc43a79f6dd70b33b72377 - - - -] 199.19.213.74 "DELETE /v2.0/ports/08ccc981-b7ae-4d9a-bed0-03df401dc629 HTTP/1.1" status: 404 len: 338 time: 0.0214536
2026-07-22 23:27:02.461 10 INFO neutron.wsgi [req-2ff5867b-cc36-426d-81c5-db9d3de5b8f9 req-e6ff7685-3a6a-4698-b2f7-e4e8ec01c944 404045f7f66148ca87b33c3deb64ffac e48df614e2a542a690e1cc22a276933b - - 5e99659270f44b0f8c46fcb0fc3691df 5e99659270f44b0f8c46fcb0fc3691df] 199.19.213.74 "GET /v2.0/subnets?id=a7562bf4-3737-44e8-9d58-1aa617553f40 HTTP/1.1" status: 200 len: 853 time: 0.0335970
2026-07-22 23:27:02.494 10 INFO neutron.wsgi [req-2ff5867b-cc36-426d-81c5-db9d3de5b8f9 req-876ae997-1543-4fa4-9c14-b58831232de1 404045f7f66148ca87b33c3deb64ffac e48df614e2a542a690e1cc22a276933b - - 5e99659270f44b0f8c46fcb0fc3691df 5e99659270f44b0f8c46fcb0fc3691df] 199.19.213.74 "GET /v2.0/ports?network_id=109c2287-324f-4331-b5be-d3e9bfe5dc51&device_owner=network%3Adhcp HTTP/1.1" status: 200 len: 210 time: 0.0245724
2026-07-22 23:27:02.510 9 INFO neutron.wsgi [None req-3089f8af-72b5-41cb-892d-8720e8852921 cf73f69d1f7e49a59cf81fa0f22f15b3 54c749f18dbc43a79f6dd70b33b72377 - - default default] 199.19.213.74 "GET /v2.0/extensions/security-group HTTP/1.1" status: 200 len: 369 time: 0.0038381
2026-07-22 23:27:02.517 9 INFO neutron.wsgi [None req-75d72387-4d25-462e-8e1e-882159d25df3 cf73f69d1f7e49a59cf81fa0f22f15b3 54c749f18dbc43a79f6dd70b33b72377 - - default default] 199.19.213.74 "GET /v2.0/extensions/dns-integration HTTP/1.1" status: 200 len: 371 time: 0.0028806
2026-07-22 23:27:02.524 9 INFO neutron.wsgi [None req-2f2ecc40-5fbb-49f4-9ded-37941cf32905 cf73f69d1f7e49a59cf81fa0f22f15b3 54c749f18dbc43a79f6dd70b33b72377 - - default default] 199.19.213.74 "GET /v2.0/extensions/qos HTTP/1.1" status: 200 len: 365 time: 0.0029359
2026-07-22 23:27:02.531 9 INFO neutron.wsgi [None req-3852a976-251f-444b-82d1-78e1d098e656 cf73f69d1f7e49a59cf81fa0f22f15b3 54c749f18dbc43a79f6dd70b33b72377 - - default default] 199.19.213.74 "GET /v2.0/extensions/allowed-address-pairs HTTP/1.1" status: 200 len: 383 time: 0.0030396
2026-07-22 23:27:02.562 10 INFO neutron.wsgi [req-2ff5867b-cc36-426d-81c5-db9d3de5b8f9 req-60a1e973-c1a9-4cb9-9baf-e12ebb62f0c5 404045f7f66148ca87b33c3deb64ffac e48df614e2a542a690e1cc22a276933b - - 5e99659270f44b0f8c46fcb0fc3691df 5e99659270f44b0f8c46fcb0fc3691df] 199.19.213.74 "GET /v2.0/networks/109c2287-324f-4331-b5be-d3e9bfe5dc51?fields=segments HTTP/1.1" status: 200 len: 212 time: 0.0609262
2026-07-22 23:27:02.570 9 INFO neutron.wsgi [None req-0c43777e-aefb-4b6d-9a8b-f3aa04080788 cf73f69d1f7e49a59cf81fa0f22f15b3 54c749f18dbc43a79f6dd70b33b72377 - - default default] 199.19.213.74 "GET /v2.0/subnets/a7562bf4-3737-44e8-9d58-1aa617553f40 HTTP/1.1" status: 200 len: 850 time: 0.0330181
2026-07-22 23:27:02.602 9 INFO neutron.wsgi [None req-cb9d44db-5dcd-416c-8874-076d2ce44c92 cf73f69d1f7e49a59cf81fa0f22f15b3 54c749f18dbc43a79f6dd70b33b72377 - - default default] 199.19.213.74 "GET /v2.0/ports/b00b1de5-c8a6-45ba-9023-495e11a50317 HTTP/1.1" status: 200 len: 1340 time: 0.0277741
2026-07-22 23:27:02.632 10 INFO neutron.wsgi [req-2ff5867b-cc36-426d-81c5-db9d3de5b8f9 req-f41b5515-7663-4da2-a71a-0bfe281c3075 404045f7f66148ca87b33c3deb64ffac e48df614e2a542a690e1cc22a276933b - - 5e99659270f44b0f8c46fcb0fc3691df 5e99659270f44b0f8c46fcb0fc3691df] 199.19.213.74 "GET /v2.0/networks/109c2287-324f-4331-b5be-d3e9bfe5dc51?fields=provider%3Aphysical_network&fields=provider%3Anetwork_type HTTP/1.1" status: 200 len: 277 time: 0.0627904
2026-07-22 23:27:02.637 9 INFO neutron.wsgi [None req-a6415c56-5e88-4734-8007-25703a33af20 cf73f69d1f7e49a59cf81fa0f22f15b3 54c749f18dbc43a79f6dd70b33b72377 - - default default] 199.19.213.74 "GET /v2.0/ports/21bcbf55-943b-495c-8177-64c440ea2c7d HTTP/1.1" status: 200 len: 1471 time: 0.0286732
2026-07-22 23:27:02.674 9 INFO neutron.wsgi [None req-cb620887-afba-4c49-b1cc-4bd76646ca71 cf73f69d1f7e49a59cf81fa0f22f15b3 54c749f18dbc43a79f6dd70b33b72377 - - default default] 199.19.213.74 "GET /v2.0/subnets/a7562bf4-3737-44e8-9d58-1aa617553f40 HTTP/1.1" status: 200 len: 850 time: 0.0298009
2026-07-22 23:27:02.734 9 INFO neutron.wsgi [None req-9074e3f3-4edc-48a3-b971-b0a1a3903fc7 cf73f69d1f7e49a59cf81fa0f22f15b3 54c749f18dbc43a79f6dd70b33b72377 - - default default] 199.19.213.74 "GET /v2.0/networks/109c2287-324f-4331-b5be-d3e9bfe5dc51 HTTP/1.1" status: 200 len: 1001 time: 0.0519559
2026-07-22 23:27:02.764 9 INFO neutron.wsgi [None req-7e80b7f6-6d8b-4adf-b98e-1bda4e5bf1ab cf73f69d1f7e49a59cf81fa0f22f15b3 54c749f18dbc43a79f6dd70b33b72377 - - default default] 199.19.213.74 "GET /v2.0/ports/b00b1de5-c8a6-45ba-9023-495e11a50317 HTTP/1.1" status: 200 len: 1340 time: 0.0226822
2026-07-22 23:27:02.803 9 INFO neutron.wsgi [None req-ab8f2d14-2848-4cd7-94a2-d63aaad067ac cf73f69d1f7e49a59cf81fa0f22f15b3 54c749f18dbc43a79f6dd70b33b72377 - - default default] 199.19.213.74 "GET /v2.0/subnets/a7562bf4-3737-44e8-9d58-1aa617553f40 HTTP/1.1" status: 200 len: 850 time: 0.0316284
2026-07-22 23:27:03.176 9 INFO neutron.notifiers.nova [-] Nova event matching ['req-6d19a407-ccad-4ace-9d1c-b0deb952e3d0'] response: {'server_uuid': '2d1bba47-c292-4051-ba35-ecb107369df5', 'name': 'network-vif-unplugged', 'status': 'completed', 'tag': '08ccc981-b7ae-4d9a-bed0-03df401dc629', 'code': 200}
2026-07-22 23:27:03.177 9 INFO neutron.notifiers.nova [-] Nova event matching ['req-6d19a407-ccad-4ace-9d1c-b0deb952e3d0'] response: {'server_uuid': '2d1bba47-c292-4051-ba35-ecb107369df5', 'name': 'network-vif-plugged', 'status': 'completed', 'tag': '08ccc981-b7ae-4d9a-bed0-03df401dc629', 'code': 200}
2026-07-22 23:27:04.395 9 INFO neutron.wsgi [-] 10.0.0.59 "GET / HTTP/1.1" status: 200 len: 246 time: 0.0028312
2026-07-22 23:27:04.397 10 INFO neutron.wsgi [-] 10.0.0.59 "GET / HTTP/1.1" status: 200 len: 246 time: 0.0037503
2026-07-22 23:27:11.719 9 INFO neutron.wsgi [None req-08c8892f-f2cb-4552-8f6c-ba7dbfcb7c09 cf73f69d1f7e49a59cf81fa0f22f15b3 54c749f18dbc43a79f6dd70b33b72377 - - default default] 199.19.213.74 "GET /v2.0/extensions/security-group HTTP/1.1" status: 200 len: 369 time: 0.0061281
2026-07-22 23:27:11.727 9 INFO neutron.wsgi [None req-483a731e-52f7-4979-ae88-dc0e53bdcf32 cf73f69d1f7e49a59cf81fa0f22f15b3 54c749f18dbc43a79f6dd70b33b72377 - - default default] 199.19.213.74 "GET /v2.0/extensions/dns-integration HTTP/1.1" status: 200 len: 371 time: 0.0045109
2026-07-22 23:27:11.736 9 INFO neutron.wsgi [None req-ab3a26da-bf54-4660-b0af-3ec24c6428b6 cf73f69d1f7e49a59cf81fa0f22f15b3 54c749f18dbc43a79f6dd70b33b72377 - - default default] 199.19.213.74 "GET /v2.0/extensions/qos HTTP/1.1" status: 200 len: 365 time: 0.0049322
2026-07-22 23:27:11.746 9 INFO neutron.wsgi [None req-ccccb01d-0b2c-410d-8e82-2d35d7e18252 cf73f69d1f7e49a59cf81fa0f22f15b3 54c749f18dbc43a79f6dd70b33b72377 - - default default] 199.19.213.74 "GET /v2.0/extensions/allowed-address-pairs HTTP/1.1" status: 200 len: 383 time: 0.0039959
2026-07-22 23:27:11.779 9 INFO neutron.wsgi [None req-f0dbcc50-fb5b-4ad2-9869-64f93c38f618 cf73f69d1f7e49a59cf81fa0f22f15b3 54c749f18dbc43a79f6dd70b33b72377 - - default default] 199.19.213.74 "GET /v2.0/security-groups?name=lb-25324a20-4c84-4cec-9a42-b8c5dd5e939f HTTP/1.1" status: 200 len: 2941 time: 0.0271320
2026-07-22 23:27:11.809 9 INFO neutron.wsgi [None req-7186d3f0-fa63-4c0a-98e0-68308411c84c cf73f69d1f7e49a59cf81fa0f22f15b3 54c749f18dbc43a79f6dd70b33b72377 - - default default] 199.19.213.74 "GET /v2.0/security-group-rules?security_group_id=0f98b210-145c-4f62-ba80-791751034150 HTTP/1.1" status: 200 len: 2406 time: 0.0223358
2026-07-22 23:27:11.936 9 INFO neutron.wsgi [None req-6d573619-648c-405a-8c25-80a86d92db8b cf73f69d1f7e49a59cf81fa0f22f15b3 54c749f18dbc43a79f6dd70b33b72377 - - - -] 199.19.213.74 "DELETE /v2.0/security-group-rules/e4ae7124-130d-425f-8341-ee6015540843 HTTP/1.1" status: 204 len: 173 time: 0.1199951
2026-07-22 23:27:12.051 9 INFO neutron.wsgi [None req-45b7ed76-8d99-4bf3-a140-18555b3dafb8 cf73f69d1f7e49a59cf81fa0f22f15b3 54c749f18dbc43a79f6dd70b33b72377 - - - -] 199.19.213.74 "DELETE /v2.0/security-group-rules/e66c8046-4b64-4115-a215-9b4a6f25d269 HTTP/1.1" status: 204 len: 173 time: 0.1053815
2026-07-22 23:27:13.148 10 INFO neutron.wsgi [None req-243bf9e2-4cc0-4633-b03b-f1187b611f17 cf73f69d1f7e49a59cf81fa0f22f15b3 54c749f18dbc43a79f6dd70b33b72377 - - default default] 10.0.0.31 "GET /v2.0/networks HTTP/1.1" status: 200 len: 4718 time: 0.1094422
2026-07-22 23:27:13.188 10 INFO neutron.wsgi [None req-efc6c69c-eb62-45ab-b352-b053e39ddf23 cf73f69d1f7e49a59cf81fa0f22f15b3 54c749f18dbc43a79f6dd70b33b72377 - - default default] 10.0.0.31 "GET /v2.0/ports HTTP/1.1" status: 200 len: 21886 time: 0.0361769
2026-07-22 23:27:13.316 10 INFO neutron.wsgi [None req-48e8c9c3-23d9-45d8-a33d-ff0cd35e93b6 cf73f69d1f7e49a59cf81fa0f22f15b3 54c749f18dbc43a79f6dd70b33b72377 - - default default] 10.0.0.31 "GET /v2.0/routers HTTP/1.1" status: 200 len: 849 time: 0.1182404
2026-07-22 23:27:13.329 10 INFO neutron.wsgi [None req-12c0924e-a8c8-4a80-9131-543e9fa9f295 cf73f69d1f7e49a59cf81fa0f22f15b3 54c749f18dbc43a79f6dd70b33b72377 - - default default] 10.0.0.31 "GET /v2.0/agents?binary=ovn-controller HTTP/1.1" status: 200 len: 591 time: 0.0114958
2026-07-22 23:27:13.346 10 INFO neutron.wsgi [None req-1a3a12e0-8a21-4f9b-bef3-36a1c1908911 cf73f69d1f7e49a59cf81fa0f22f15b3 54c749f18dbc43a79f6dd70b33b72377 - - default default] 10.0.0.31 "GET /v2.0/network-ip-availabilities HTTP/1.1" status: 200 len: 3361 time: 0.0162365
2026-07-22 23:27:13.397 10 INFO neutron.wsgi [None req-4aad86c9-69ae-4c00-bfc9-36fe89deb60c cf73f69d1f7e49a59cf81fa0f22f15b3 54c749f18dbc43a79f6dd70b33b72377 - - default default] 10.0.0.31 "GET /v2.0/subnets HTTP/1.1" status: 200 len: 5495 time: 0.0495932
2026-07-22 23:27:13.449 10 INFO neutron.wsgi [None req-98d40498-a2b8-4022-9992-4bc7ca057b51 cf73f69d1f7e49a59cf81fa0f22f15b3 54c749f18dbc43a79f6dd70b33b72377 - - default default] 10.0.0.31 "GET /v2.0/floatingips HTTP/1.1" status: 200 len: 2766 time: 0.0476351
2026-07-22 23:27:13.464 10 INFO neutron.wsgi [None req-23eda733-6fb4-41eb-b910-fe77ff4960f7 cf73f69d1f7e49a59cf81fa0f22f15b3 54c749f18dbc43a79f6dd70b33b72377 - - default default] 10.0.0.31 "GET /v2.0/agents HTTP/1.1" status: 200 len: 997 time: 0.0132363
2026-07-22 23:27:13.501 10 INFO neutron.wsgi [None req-14f0f60b-374f-4106-a9e6-bfe8457d3fdc cf73f69d1f7e49a59cf81fa0f22f15b3 54c749f18dbc43a79f6dd70b33b72377 - - default default] 10.0.0.31 "GET /v2.0/subnets HTTP/1.1" status: 200 len: 5495 time: 0.0356119
2026-07-22 23:27:13.514 10 INFO neutron.wsgi [None req-49698ea8-5ac6-43a1-bb6a-4258ded7d40a cf73f69d1f7e49a59cf81fa0f22f15b3 54c749f18dbc43a79f6dd70b33b72377 - - default default] 10.0.0.31 "GET /v2.0/subnetpools HTTP/1.1" status: 200 len: 193 time: 0.0109494
2026-07-22 23:27:13.599 10 INFO neutron.wsgi [None req-8398a859-bd74-4219-847d-b71d6817807b cf73f69d1f7e49a59cf81fa0f22f15b3 54c749f18dbc43a79f6dd70b33b72377 - - default default] 10.0.0.31 "GET /v2.0/security-groups HTTP/1.1" status: 200 len: 29076 time: 0.0844760
2026-07-22 23:27:16.495 9 INFO neutron.db.l3_db [None req-cb074174-ac7c-40d0-8b5d-a62e87c8b53e 49bcf7eb5c7b441d8b867f0be0e65ccc 380685955c034a3781b3da8357c51553 - - - -] Floating IP 76f3472b-e566-49ea-8b79-66c97905f038 disassociated (deleted). External IP: 10.96.250.207, port: b00b1de5-c8a6-45ba-9023-495e11a50317.
2026-07-22 23:27:16.555 9 INFO neutron.wsgi [None req-cb074174-ac7c-40d0-8b5d-a62e87c8b53e 49bcf7eb5c7b441d8b867f0be0e65ccc 380685955c034a3781b3da8357c51553 - - - -] 10.0.0.216 "DELETE /v2.0/floatingips/76f3472b-e566-49ea-8b79-66c97905f038 HTTP/1.1" status: 204 len: 168 time: 0.5075958
2026-07-22 23:27:16.582 9 INFO neutron.api.v2.resource [None req-bfb3281b-f20c-41d5-99af-8efb5767af8f 49bcf7eb5c7b441d8b867f0be0e65ccc 380685955c034a3781b3da8357c51553 - - default default] show failed (client error): The resource could not be found.
2026-07-22 23:27:16.584 9 INFO neutron.wsgi [None req-bfb3281b-f20c-41d5-99af-8efb5767af8f 49bcf7eb5c7b441d8b867f0be0e65ccc 380685955c034a3781b3da8357c51553 - - default default] 10.0.0.216 "GET /v2.0/floatingips/76f3472b-e566-49ea-8b79-66c97905f038 HTTP/1.1" status: 404 len: 345 time: 0.0217996
2026-07-22 23:27:16.842 9 INFO neutron.wsgi [None req-381dec72-ae89-4908-993c-c8d01da14de0 cf73f69d1f7e49a59cf81fa0f22f15b3 54c749f18dbc43a79f6dd70b33b72377 - - default default] 199.19.213.74 "GET /v2.0/extensions/security-group HTTP/1.1" status: 200 len: 369 time: 0.0080533
2026-07-22 23:27:16.850 9 INFO neutron.wsgi [None req-60339e92-391f-4f08-a5b1-27552609ed7c cf73f69d1f7e49a59cf81fa0f22f15b3 54c749f18dbc43a79f6dd70b33b72377 - - default default] 199.19.213.74 "GET /v2.0/extensions/dns-integration HTTP/1.1" status: 200 len: 371 time: 0.0044160
2026-07-22 23:27:16.858 9 INFO neutron.wsgi [None req-f8737379-e4db-4ae8-b863-ae60823a9289 cf73f69d1f7e49a59cf81fa0f22f15b3 54c749f18dbc43a79f6dd70b33b72377 - - default default] 199.19.213.74 "GET /v2.0/extensions/qos HTTP/1.1" status: 200 len: 365 time: 0.0040801
2026-07-22 23:27:16.867 9 INFO neutron.wsgi [None req-4c8d6055-8fc2-46b5-9a7b-02153aba16ec cf73f69d1f7e49a59cf81fa0f22f15b3 54c749f18dbc43a79f6dd70b33b72377 - - default default] 199.19.213.74 "GET /v2.0/extensions/allowed-address-pairs HTTP/1.1" status: 200 len: 383 time: 0.0046887
2026-07-22 23:27:16.902 9 INFO neutron.wsgi [None req-451f82db-8733-495b-8f92-4a40af7daf6a cf73f69d1f7e49a59cf81fa0f22f15b3 54c749f18dbc43a79f6dd70b33b72377 - - default default] 199.19.213.74 "GET /v2.0/subnets/a7562bf4-3737-44e8-9d58-1aa617553f40 HTTP/1.1" status: 200 len: 850 time: 0.0300798
2026-07-22 23:27:16.947 9 INFO neutron.wsgi [None req-bcb0f6ab-c139-49ae-81a9-fb3d9162857d cf73f69d1f7e49a59cf81fa0f22f15b3 54c749f18dbc43a79f6dd70b33b72377 - - default default] 199.19.213.74 "GET /v2.0/ports?device_id=2d1bba47-c292-4051-ba35-ecb107369df5 HTTP/1.1" status: 200 len: 2632 time: 0.0389276
2026-07-22 23:27:16.995 9 INFO neutron.wsgi [None req-33253f8f-a4e1-4e91-881b-1ee62d9a50e9 cf73f69d1f7e49a59cf81fa0f22f15b3 54c749f18dbc43a79f6dd70b33b72377 - - default default] 199.19.213.74 "GET /v2.0/ports?device_id=2d1bba47-c292-4051-ba35-ecb107369df5 HTTP/1.1" status: 200 len: 2632 time: 0.0303109
2026-07-22 23:27:17.100 9 INFO neutron.wsgi [None req-a813f9d8-1db2-402b-923c-86b5d4839e09 cf73f69d1f7e49a59cf81fa0f22f15b3 54c749f18dbc43a79f6dd70b33b72377 - - default default] 199.19.213.74 "GET /v2.0/ports?device_id=2d1bba47-c292-4051-ba35-ecb107369df5 HTTP/1.1" status: 200 len: 2632 time: 0.0467112
2026-07-22 23:27:17.335 9 INFO neutron.plugins.ml2.drivers.ovn.mech_driver.mech_driver [None req-e94773ee-e484-46ec-9ae7-301148bfd26a - - - - - -] OVN reports status down for port: 21bcbf55-943b-495c-8177-64c440ea2c7d
2026-07-22 23:27:17.343 10 INFO neutron.plugins.ml2.drivers.ovn.mech_driver.mech_driver [None req-bc687c49-6adf-4944-a055-3629312b5243 - - - - - -] OVN reports status down for port: b00b1de5-c8a6-45ba-9023-495e11a50317 /var/lib/openstack/lib/python3.10/site-packages/pycadf/identifier.py:71: UserWarning: Invalid uuid: neutron. To ensure interoperability, identifiers should be a valid uuid. warnings.warn(('Invalid uuid: %s. To ensure interoperability, '
2026-07-22 23:27:17.447 10 INFO neutron.wsgi [req-6460f5f4-5183-400d-a4ea-744331b2f2b1 req-c74fe9e1-4654-4643-b4fb-fb982eb4de31 404045f7f66148ca87b33c3deb64ffac e48df614e2a542a690e1cc22a276933b - - 5e99659270f44b0f8c46fcb0fc3691df 5e99659270f44b0f8c46fcb0fc3691df] 199.19.213.74 "GET /v2.0/ports/21bcbf55-943b-495c-8177-64c440ea2c7d HTTP/1.1" status: 200 len: 1471 time: 0.0595572
2026-07-22 23:27:17.478 9 INFO neutron.notifiers.nova [-] Nova event matching ['req-3a161964-8ef1-48f5-817d-c736fa7873d6'] response: {'server_uuid': '2d1bba47-c292-4051-ba35-ecb107369df5', 'name': 'network-vif-unplugged', 'status': 'completed', 'tag': '21bcbf55-943b-495c-8177-64c440ea2c7d', 'code': 200}
2026-07-22 23:27:17.484 10 INFO neutron.wsgi [req-6460f5f4-5183-400d-a4ea-744331b2f2b1 req-23b96d10-aab3-42bf-929e-bd5c655ef83a cf73f69d1f7e49a59cf81fa0f22f15b3 54c749f18dbc43a79f6dd70b33b72377 - - default default] 199.19.213.74 "GET /v2.0/ports/21bcbf55-943b-495c-8177-64c440ea2c7d?fields=binding%3Aprofile&fields=network_id HTTP/1.1" status: 200 len: 281 time: 0.0313349
2026-07-22 23:27:17.567 10 INFO neutron.wsgi [req-6460f5f4-5183-400d-a4ea-744331b2f2b1 req-ed394c83-654a-42d6-b16b-33a57621bec7 cf73f69d1f7e49a59cf81fa0f22f15b3 54c749f18dbc43a79f6dd70b33b72377 - - default default] 199.19.213.74 "GET /v2.0/networks/109c2287-324f-4331-b5be-d3e9bfe5dc51?fields=dns_domain HTTP/1.1" status: 200 len: 227 time: 0.0721169
2026-07-22 23:27:17.595 9 INFO neutron.db.ovn_revision_numbers_db [None req-e94773ee-e484-46ec-9ae7-301148bfd26a - - - - - -] Successfully bumped revision number for resource 21bcbf55-943b-495c-8177-64c440ea2c7d (type: ports) to 7
2026-07-22 23:27:17.925 10 INFO neutron.db.ovn_revision_numbers_db [None req-b24cd430-9c0e-4a3c-acb5-5205189dd275 404045f7f66148ca87b33c3deb64ffac e48df614e2a542a690e1cc22a276933b - - - -] Successfully bumped revision number for resource 21bcbf55-943b-495c-8177-64c440ea2c7d (type: ports) to 8
2026-07-22 23:27:17.940 10 INFO neutron.wsgi [None req-b24cd430-9c0e-4a3c-acb5-5205189dd275 404045f7f66148ca87b33c3deb64ffac e48df614e2a542a690e1cc22a276933b - - - -] 199.19.213.74 "PUT /v2.0/ports/21bcbf55-943b-495c-8177-64c440ea2c7d HTTP/1.1" status: 200 len: 1351 time: 0.3599536 /var/lib/openstack/lib/python3.10/site-packages/pycadf/identifier.py:71: UserWarning: Invalid uuid: neutron. To ensure interoperability, identifiers should be a valid uuid. warnings.warn(('Invalid uuid: %s. To ensure interoperability, '
2026-07-22 23:27:18.029 10 INFO neutron.wsgi [req-6460f5f4-5183-400d-a4ea-744331b2f2b1 req-9b50c49e-68ec-4dd5-8370-62f9e5d35b3a 404045f7f66148ca87b33c3deb64ffac e48df614e2a542a690e1cc22a276933b - - 5e99659270f44b0f8c46fcb0fc3691df 5e99659270f44b0f8c46fcb0fc3691df] 199.19.213.74 "GET /v2.0/ports?tenant_id=54c749f18dbc43a79f6dd70b33b72377&device_id=2d1bba47-c292-4051-ba35-ecb107369df5 HTTP/1.1" status: 200 len: 1369 time: 0.0389843
2026-07-22 23:27:18.102 10 INFO neutron.wsgi [req-6460f5f4-5183-400d-a4ea-744331b2f2b1 req-cd799652-406f-401c-845d-e0f83f649565 404045f7f66148ca87b33c3deb64ffac e48df614e2a542a690e1cc22a276933b - - 5e99659270f44b0f8c46fcb0fc3691df 5e99659270f44b0f8c46fcb0fc3691df] 199.19.213.74 "GET /v2.0/networks?id=7cd5e4f1-edfe-4c36-b14d-f4253fdac274&id=109c2287-324f-4331-b5be-d3e9bfe5dc51 HTTP/1.1" status: 200 len: 1728 time: 0.0666864 /var/lib/openstack/lib/python3.10/site-packages/pycadf/identifier.py:71: UserWarning: Invalid uuid: neutron. To ensure interoperability, identifiers should be a valid uuid. warnings.warn(('Invalid uuid: %s. To ensure interoperability, '
2026-07-22 23:27:18.139 10 INFO neutron.wsgi [req-6460f5f4-5183-400d-a4ea-744331b2f2b1 req-54f73aca-83da-4b69-ae5c-40738316edda 404045f7f66148ca87b33c3deb64ffac e48df614e2a542a690e1cc22a276933b - - 5e99659270f44b0f8c46fcb0fc3691df 5e99659270f44b0f8c46fcb0fc3691df] 199.19.213.74 "GET /v2.0/floatingips?fixed_ip_address=172.24.1.146&port_id=5c1679e0-0423-4bab-9bf0-162ffaa4a454 HTTP/1.1" status: 200 len: 217 time: 0.0321410
2026-07-22 23:27:18.149 9 INFO neutron.wsgi [None req-4b9ed5cd-a8ed-435d-a7e1-ff5fa08396c2 cf73f69d1f7e49a59cf81fa0f22f15b3 54c749f18dbc43a79f6dd70b33b72377 - - default default] 199.19.213.74 "GET /v2.0/ports?device_id=2d1bba47-c292-4051-ba35-ecb107369df5 HTTP/1.1" status: 200 len: 1369 time: 0.0396628
2026-07-22 23:27:18.180 10 INFO neutron.wsgi [req-6460f5f4-5183-400d-a4ea-744331b2f2b1 req-f668879e-d27b-4bcd-ba30-0937f813acbc 404045f7f66148ca87b33c3deb64ffac e48df614e2a542a690e1cc22a276933b - - 5e99659270f44b0f8c46fcb0fc3691df 5e99659270f44b0f8c46fcb0fc3691df] 199.19.213.74 "GET /v2.0/subnets?id=32de1fd5-0027-4eb7-9bc6-074381fb1714 HTTP/1.1" status: 200 len: 829 time: 0.0333326
2026-07-22 23:27:18.215 10 INFO neutron.wsgi [req-6460f5f4-5183-400d-a4ea-744331b2f2b1 req-9f5f85be-6152-42a9-aa13-fcb944e9bf76 404045f7f66148ca87b33c3deb64ffac e48df614e2a542a690e1cc22a276933b - - 5e99659270f44b0f8c46fcb0fc3691df 5e99659270f44b0f8c46fcb0fc3691df] 199.19.213.74 "GET /v2.0/ports?network_id=7cd5e4f1-edfe-4c36-b14d-f4253fdac274&device_owner=network%3Adhcp HTTP/1.1" status: 200 len: 210 time: 0.0278175
2026-07-22 23:27:18.292 10 INFO neutron.wsgi [req-6460f5f4-5183-400d-a4ea-744331b2f2b1 req-053bfabf-df2b-4ac6-9e2c-91d7d6b46459 404045f7f66148ca87b33c3deb64ffac e48df614e2a542a690e1cc22a276933b - - 5e99659270f44b0f8c46fcb0fc3691df 5e99659270f44b0f8c46fcb0fc3691df] 199.19.213.74 "GET /v2.0/networks/7cd5e4f1-edfe-4c36-b14d-f4253fdac274?fields=segments HTTP/1.1" status: 200 len: 212 time: 0.0679600
2026-07-22 23:27:18.550 9 INFO neutron.db.ovn_revision_numbers_db [None req-b1a0352f-4a0c-4118-a11e-bc51b59e095c cf73f69d1f7e49a59cf81fa0f22f15b3 54c749f18dbc43a79f6dd70b33b72377 - - - -] Successfully bumped revision number for resource 21bcbf55-943b-495c-8177-64c440ea2c7d (type: ports) to 9
2026-07-22 23:27:18.570 9 INFO neutron.wsgi [None req-b1a0352f-4a0c-4118-a11e-bc51b59e095c cf73f69d1f7e49a59cf81fa0f22f15b3 54c749f18dbc43a79f6dd70b33b72377 - - - -] 199.19.213.74 "PUT /v2.0/ports/21bcbf55-943b-495c-8177-64c440ea2c7d HTTP/1.1" status: 200 len: 1290 time: 0.4166813 /var/lib/openstack/lib/python3.10/site-packages/pycadf/identifier.py:71: UserWarning: Invalid uuid: neutron. To ensure interoperability, identifiers should be a valid uuid. warnings.warn(('Invalid uuid: %s. To ensure interoperability, '
2026-07-22 23:27:18.604 9 INFO neutron.wsgi [None req-aa7a13c6-a53c-4e69-bdb6-126c16d4ed44 cf73f69d1f7e49a59cf81fa0f22f15b3 54c749f18dbc43a79f6dd70b33b72377 - - default default] 199.19.213.74 "GET /v2.0/ports/21bcbf55-943b-495c-8177-64c440ea2c7d HTTP/1.1" status: 200 len: 1290 time: 0.0307055
2026-07-22 23:27:18.692 10 INFO neutron.wsgi [req-6460f5f4-5183-400d-a4ea-744331b2f2b1 req-3393e33e-e3f1-4083-b591-939494858a5e 404045f7f66148ca87b33c3deb64ffac e48df614e2a542a690e1cc22a276933b - - 5e99659270f44b0f8c46fcb0fc3691df 5e99659270f44b0f8c46fcb0fc3691df] 199.19.213.74 "GET /v2.0/networks/7cd5e4f1-edfe-4c36-b14d-f4253fdac274?fields=provider%3Aphysical_network&fields=provider%3Anetwork_type HTTP/1.1" status: 200 len: 277 time: 0.3939533
2026-07-22 23:27:18.911 9 INFO neutron.wsgi [None req-46c69830-d62b-4fe0-bba0-380f7775b02e cf73f69d1f7e49a59cf81fa0f22f15b3 54c749f18dbc43a79f6dd70b33b72377 - - - -] 199.19.213.74 "DELETE /v2.0/ports/21bcbf55-943b-495c-8177-64c440ea2c7d HTTP/1.1" status: 204 len: 173 time: 0.2992277
2026-07-22 23:27:18.949 9 INFO neutron.wsgi [None req-e5b6ad4e-37c4-4454-9ca8-ddd75929d64f cf73f69d1f7e49a59cf81fa0f22f15b3 54c749f18dbc43a79f6dd70b33b72377 - - default default] 199.19.213.74 "GET /v2.0/extensions/security-group HTTP/1.1" status: 200 len: 369 time: 0.0077977
2026-07-22 23:27:18.961 9 INFO neutron.wsgi [None req-ca30049e-5ba1-41e0-aeb1-4ab9fafb865c cf73f69d1f7e49a59cf81fa0f22f15b3 54c749f18dbc43a79f6dd70b33b72377 - - default default] 199.19.213.74 "GET /v2.0/extensions/dns-integration HTTP/1.1" status: 200 len: 371 time: 0.0072408
2026-07-22 23:27:18.971 9 INFO neutron.wsgi [None req-f1dd140e-0b42-4690-a6b3-027830022b27 cf73f69d1f7e49a59cf81fa0f22f15b3 54c749f18dbc43a79f6dd70b33b72377 - - default default] 199.19.213.74 "GET /v2.0/extensions/qos HTTP/1.1" status: 200 len: 365 time: 0.0049241
2026-07-22 23:27:18.981 9 INFO neutron.wsgi [None req-dd95fa2c-9d9a-4ede-a52a-81964f43f30f cf73f69d1f7e49a59cf81fa0f22f15b3 54c749f18dbc43a79f6dd70b33b72377 - - default default] 199.19.213.74 "GET /v2.0/extensions/allowed-address-pairs HTTP/1.1" status: 200 len: 383 time: 0.0053625
2026-07-22 23:27:19.006 9 INFO neutron.pecan_wsgi.hooks.translation [None req-b69a5590-a277-4aee-855a-2d2e94f53626 cf73f69d1f7e49a59cf81fa0f22f15b3 54c749f18dbc43a79f6dd70b33b72377 - - - -] DELETE failed (client error): The resource could not be found.
2026-07-22 23:27:19.010 9 INFO neutron.wsgi [None req-b69a5590-a277-4aee-855a-2d2e94f53626 cf73f69d1f7e49a59cf81fa0f22f15b3 54c749f18dbc43a79f6dd70b33b72377 - - - -] 199.19.213.74 "DELETE /v2.0/ports/21bcbf55-943b-495c-8177-64c440ea2c7d HTTP/1.1" status: 404 len: 338 time: 0.0231917
2026-07-22 23:27:19.048 9 INFO neutron.wsgi [None req-1b83e0b3-2a8a-41c1-a746-2a7915468729 cf73f69d1f7e49a59cf81fa0f22f15b3 54c749f18dbc43a79f6dd70b33b72377 - - default default] 199.19.213.74 "GET /v2.0/ports/b00b1de5-c8a6-45ba-9023-495e11a50317 HTTP/1.1" status: 200 len: 1333 time: 0.0306134
2026-07-22 23:27:19.077 9 INFO neutron.wsgi [None req-bbf769da-ebea-42b1-9f04-89e4ec4c31ff cf73f69d1f7e49a59cf81fa0f22f15b3 54c749f18dbc43a79f6dd70b33b72377 - - default default] 199.19.213.74 "GET /v2.0/security-groups?name=lb-25324a20-4c84-4cec-9a42-b8c5dd5e939f HTTP/1.1" status: 200 len: 1777 time: 0.0247951
2026-07-22 23:27:19.113 9 INFO neutron.wsgi [None req-63e42a21-48b3-4d3d-b646-efeea525c860 cf73f69d1f7e49a59cf81fa0f22f15b3 54c749f18dbc43a79f6dd70b33b72377 - - default default] 199.19.213.74 "GET /v2.0/ports/b00b1de5-c8a6-45ba-9023-495e11a50317 HTTP/1.1" status: 200 len: 1333 time: 0.0309138
2026-07-22 23:27:19.396 10 INFO neutron.wsgi [-] 10.0.0.59 "GET / HTTP/1.1" status: 200 len: 246 time: 0.0027575
2026-07-22 23:27:19.399 10 INFO neutron.wsgi [-] 10.0.0.59 "GET / HTTP/1.1" status: 200 len: 246 time: 0.0021162
2026-07-22 23:27:19.490 9 INFO neutron.db.ovn_revision_numbers_db [None req-dd890719-d0f8-410d-b9d0-a3bea6dc9ba9 cf73f69d1f7e49a59cf81fa0f22f15b3 54c749f18dbc43a79f6dd70b33b72377 - - - -] Successfully bumped revision number for resource b00b1de5-c8a6-45ba-9023-495e11a50317 (type: ports) to 17
2026-07-22 23:27:19.508 9 INFO neutron.wsgi [None req-dd890719-d0f8-410d-b9d0-a3bea6dc9ba9 cf73f69d1f7e49a59cf81fa0f22f15b3 54c749f18dbc43a79f6dd70b33b72377 - - - -] 199.19.213.74 "PUT /v2.0/ports/b00b1de5-c8a6-45ba-9023-495e11a50317 HTTP/1.1" status: 200 len: 1295 time: 0.3875546
2026-07-22 23:27:19.521 9 INFO neutron.notifiers.nova [-] Nova event matching ['req-1d05c05e-7455-4f80-ba5b-dac33dff7312'] response: {'server_uuid': '2d1bba47-c292-4051-ba35-ecb107369df5', 'name': 'network-vif-plugged', 'status': 'completed', 'tag': '21bcbf55-943b-495c-8177-64c440ea2c7d', 'code': 200}
2026-07-22 23:27:19.628 9 INFO neutron.wsgi [None req-80e5e2da-6ecb-49e2-9f0a-d43e0f57d083 cf73f69d1f7e49a59cf81fa0f22f15b3 54c749f18dbc43a79f6dd70b33b72377 - - - -] 199.19.213.74 "DELETE /v2.0/security-groups/0f98b210-145c-4f62-ba80-791751034150 HTTP/1.1" status: 204 len: 173 time: 0.1146891
2026-07-22 23:27:19.944 9 INFO neutron.wsgi [None req-9615a257-1af3-4f2a-8abf-94206319905b cf73f69d1f7e49a59cf81fa0f22f15b3 54c749f18dbc43a79f6dd70b33b72377 - - - -] 199.19.213.74 "DELETE /v2.0/ports/b00b1de5-c8a6-45ba-9023-495e11a50317 HTTP/1.1" status: 204 len: 173 time: 0.3093519
2026-07-22 23:27:20.211 9 INFO neutron.plugins.ml2.drivers.ovn.mech_driver.mech_driver [None req-e94773ee-e484-46ec-9ae7-301148bfd26a - - - - - -] OVN reports status down for port: 5c1679e0-0423-4bab-9bf0-162ffaa4a454
2026-07-22 23:27:20.468 9 INFO neutron.db.ovn_revision_numbers_db [None req-e94773ee-e484-46ec-9ae7-301148bfd26a - - - - - -] Successfully bumped revision number for resource 5c1679e0-0423-4bab-9bf0-162ffaa4a454 (type: ports) to 5
2026-07-22 23:27:20.510 10 INFO neutron.wsgi [req-638349d0-0dc6-4a71-82a3-0daf7d11f302 req-c75434e2-39d5-40c5-b079-f36529bbb7b3 cf73f69d1f7e49a59cf81fa0f22f15b3 54c749f18dbc43a79f6dd70b33b72377 - - default default] 199.19.213.74 "GET /v2.0/ports?device_id=2d1bba47-c292-4051-ba35-ecb107369df5 HTTP/1.1" status: 200 len: 1367 time: 0.0435009
2026-07-22 23:27:20.795 10 INFO neutron.wsgi [None req-f2f1af59-8763-4bab-b0d2-04d7d631aeee cf73f69d1f7e49a59cf81fa0f22f15b3 54c749f18dbc43a79f6dd70b33b72377 - - - -] 199.19.213.74 "DELETE /v2.0/ports/5c1679e0-0423-4bab-9bf0-162ffaa4a454 HTTP/1.1" status: 204 len: 173 time: 0.2805204
2026-07-22 23:27:20.837 10 INFO neutron.notifiers.nova [-] Nova event matching ['req-38672fc4-c76f-4ef4-a61b-87727531d495'] response: {'server_uuid': '2d1bba47-c292-4051-ba35-ecb107369df5', 'name': 'network-vif-deleted', 'tag': '5c1679e0-0423-4bab-9bf0-162ffaa4a454', 'status': 'completed', 'code': 200}
2026-07-22 23:27:21.559 9 INFO neutron.notifiers.nova [-] Nova event matching ['req-a318cb66-ff47-4506-a6d5-b5be375c86dd'] response: {'server_uuid': '2d1bba47-c292-4051-ba35-ecb107369df5', 'name': 'network-vif-unplugged', 'status': 'completed', 'tag': '5c1679e0-0423-4bab-9bf0-162ffaa4a454', 'code': 200}
2026-07-22 23:27:21.559 9 INFO neutron.notifiers.nova [-] Nova event matching ['req-a318cb66-ff47-4506-a6d5-b5be375c86dd'] response: {'server_uuid': '2d1bba47-c292-4051-ba35-ecb107369df5', 'name': 'network-vif-plugged', 'status': 'completed', 'tag': '5c1679e0-0423-4bab-9bf0-162ffaa4a454', 'code': 200} /var/lib/openstack/lib/python3.10/site-packages/pycadf/identifier.py:71: UserWarning: Invalid uuid: neutron. To ensure interoperability, identifiers should be a valid uuid. warnings.warn(('Invalid uuid: %s. To ensure interoperability, '
2026-07-22 23:27:22.179 9 INFO neutron.db.l3_db [None req-3d0f67c2-fe6a-445f-aa80-79a9efcdd658 49bcf7eb5c7b441d8b867f0be0e65ccc 380685955c034a3781b3da8357c51553 - - - -] Floating IP 2adb8539-845c-4909-b4fc-7e6ff706f4b5 disassociated (deleted). External IP: 10.96.250.218, port: 171c8cb7-4546-4732-b5b2-f5540d67eac3.
2026-07-22 23:27:22.266 9 INFO neutron.wsgi [None req-3d0f67c2-fe6a-445f-aa80-79a9efcdd658 49bcf7eb5c7b441d8b867f0be0e65ccc 380685955c034a3781b3da8357c51553 - - - -] 10.0.0.216 "DELETE /v2.0/floatingips/2adb8539-845c-4909-b4fc-7e6ff706f4b5 HTTP/1.1" status: 204 len: 168 time: 0.4799521 /var/lib/openstack/lib/python3.10/site-packages/pycadf/identifier.py:71: UserWarning: Invalid uuid: neutron. To ensure interoperability, identifiers should be a valid uuid. warnings.warn(('Invalid uuid: %s. To ensure interoperability, '
2026-07-22 23:27:22.308 9 INFO neutron.api.v2.resource [None req-22652113-f5a0-4f3c-8919-434d042b61cb 49bcf7eb5c7b441d8b867f0be0e65ccc 380685955c034a3781b3da8357c51553 - - default default] show failed (client error): The resource could not be found.
2026-07-22 23:27:22.309 9 INFO neutron.wsgi [None req-22652113-f5a0-4f3c-8919-434d042b61cb 49bcf7eb5c7b441d8b867f0be0e65ccc 380685955c034a3781b3da8357c51553 - - default default] 10.0.0.216 "GET /v2.0/floatingips/2adb8539-845c-4909-b4fc-7e6ff706f4b5 HTTP/1.1" status: 404 len: 345 time: 0.0368052
2026-07-22 23:27:22.605 10 INFO neutron.plugins.ml2.drivers.ovn.mech_driver.mech_driver [None req-bc687c49-6adf-4944-a055-3629312b5243 - - - - - -] OVN reports status down for port: 171c8cb7-4546-4732-b5b2-f5540d67eac3
2026-07-22 23:27:22.673 9 INFO neutron.wsgi [req-4b277b56-fe7d-44ab-ae00-238640b92a77 req-c65f7a27-3ae8-4677-8aed-f2d1c24f5650 49bcf7eb5c7b441d8b867f0be0e65ccc 380685955c034a3781b3da8357c51553 - - default default] 10.0.0.112 "GET /v2.0/ports?device_id=b23f15ea-93de-43a1-bec9-a556834982c9 HTTP/1.1" status: 200 len: 1404 time: 0.1215086
2026-07-22 23:27:22.720 9 INFO neutron.wsgi [req-4b277b56-fe7d-44ab-ae00-238640b92a77 req-2d22c191-16fb-40e7-a948-b2de0f51e4e5 49bcf7eb5c7b441d8b867f0be0e65ccc 380685955c034a3781b3da8357c51553 - - default default] 10.0.0.112 "GET /v2.0/security-groups?id=fd798c3b-f797-4993-89b4-9ff45e608b6a&fields=id&fields=name HTTP/1.1" status: 200 len: 311 time: 0.0417349
2026-07-22 23:27:22.877 10 INFO neutron.notifiers.nova [-] Nova event matching ['req-65b859ab-bb1f-46cd-941f-a97a570bc78f'] response: {'server_uuid': 'b23f15ea-93de-43a1-bec9-a556834982c9', 'name': 'network-vif-unplugged', 'status': 'completed', 'tag': '171c8cb7-4546-4732-b5b2-f5540d67eac3', 'code': 200}
2026-07-22 23:27:22.932 10 INFO neutron.db.ovn_revision_numbers_db [None req-bc687c49-6adf-4944-a055-3629312b5243 - - - - - -] Successfully bumped revision number for resource 171c8cb7-4546-4732-b5b2-f5540d67eac3 (type: ports) to 5
2026-07-22 23:27:22.984 10 INFO neutron.wsgi [req-db8efc5a-648b-405e-9b20-c9f1f23aa081 req-3bece977-f57a-4a11-9da8-5ae515cc1dd7 49bcf7eb5c7b441d8b867f0be0e65ccc 380685955c034a3781b3da8357c51553 - - default default] 199.19.213.74 "GET /v2.0/ports?device_id=b23f15ea-93de-43a1-bec9-a556834982c9 HTTP/1.1" status: 200 len: 1402 time: 0.1008222 /var/lib/openstack/lib/python3.10/site-packages/pycadf/identifier.py:71: UserWarning: Invalid uuid: neutron. To ensure interoperability, identifiers should be a valid uuid. warnings.warn(('Invalid uuid: %s. To ensure interoperability, '
2026-07-22 23:27:23.354 10 INFO neutron.wsgi [None req-4473f14e-732d-4616-a857-4b494e6dd01d 49bcf7eb5c7b441d8b867f0be0e65ccc 380685955c034a3781b3da8357c51553 - - - -] 199.19.213.74 "DELETE /v2.0/ports/171c8cb7-4546-4732-b5b2-f5540d67eac3 HTTP/1.1" status: 204 len: 173 time: 0.3621819
2026-07-22 23:27:23.597 9 INFO neutron.notifiers.nova [-] Nova event matching ['req-cec3c7f6-7d69-41b6-9dde-baf5ce990110'] response: {'name': 'network-changed', 'server_uuid': 'b23f15ea-93de-43a1-bec9-a556834982c9', 'tag': '171c8cb7-4546-4732-b5b2-f5540d67eac3', 'status': 'completed', 'code': 200}
2026-07-22 23:27:23.645 10 INFO neutron.wsgi [req-17583d6c-1a25-40b0-907d-004208e78b2b req-f78a1fb2-26da-48fd-9871-d1d20f4ecccb 404045f7f66148ca87b33c3deb64ffac e48df614e2a542a690e1cc22a276933b - - 5e99659270f44b0f8c46fcb0fc3691df 5e99659270f44b0f8c46fcb0fc3691df] 199.19.213.74 "GET /v2.0/ports?tenant_id=380685955c034a3781b3da8357c51553&device_id=b23f15ea-93de-43a1-bec9-a556834982c9 HTTP/1.1" status: 200 len: 210 time: 0.0279679
2026-07-22 23:27:23.768 10 INFO neutron.wsgi [req-17583d6c-1a25-40b0-907d-004208e78b2b req-c4f81452-5957-4358-aec7-c3d5682ecb4a 404045f7f66148ca87b33c3deb64ffac e48df614e2a542a690e1cc22a276933b - - 5e99659270f44b0f8c46fcb0fc3691df 5e99659270f44b0f8c46fcb0fc3691df] 199.19.213.74 "GET /v2.0/networks?tenant_id=380685955c034a3781b3da8357c51553&shared=False HTTP/1.1" status: 200 len: 2584 time: 0.1168933
2026-07-22 23:27:23.876 10 INFO neutron.wsgi [req-17583d6c-1a25-40b0-907d-004208e78b2b req-56abf652-0b76-4349-9aa3-9097a41818c6 404045f7f66148ca87b33c3deb64ffac e48df614e2a542a690e1cc22a276933b - - 5e99659270f44b0f8c46fcb0fc3691df 5e99659270f44b0f8c46fcb0fc3691df] 199.19.213.74 "GET /v2.0/networks?shared=True HTTP/1.1" status: 200 len: 952 time: 0.1005068
2026-07-22 23:27:24.934 10 INFO neutron.notifiers.nova [-] Nova event matching ['req-d9c146dd-f14a-423b-b504-2705489f4efb'] response: {'server_uuid': 'b23f15ea-93de-43a1-bec9-a556834982c9', 'name': 'network-vif-plugged', 'status': 'completed', 'tag': '171c8cb7-4546-4732-b5b2-f5540d67eac3', 'code': 200}
2026-07-22 23:27:24.934 10 INFO neutron.notifiers.nova [-] Nova event matching ['req-d9c146dd-f14a-423b-b504-2705489f4efb'] response: {'server_uuid': 'b23f15ea-93de-43a1-bec9-a556834982c9', 'name': 'network-vif-deleted', 'tag': '171c8cb7-4546-4732-b5b2-f5540d67eac3', 'status': 'completed', 'code': 200}
2026-07-22 23:27:28.189 10 INFO neutron.db.l3_db [None req-54ec4622-b30a-421d-8851-8d3c2ffa6be3 49bcf7eb5c7b441d8b867f0be0e65ccc 380685955c034a3781b3da8357c51553 - - - -] Floating IP 50505e72-c108-4eca-9009-c4fa3d7da962 disassociated (deleted). External IP: 10.96.250.201, port: a403eda6-7ec2-4643-8d03-ba759a9ca5c0.
