2026-07-22 23:21:34.270 9 WARNING neutron.api.rpc.agentnotifiers.dhcp_rpc_agent_api [None req-a996bcf1-5717-4009-97cc-ae0505e76a43 cf73f69d1f7e49a59cf81fa0f22f15b3 54c749f18dbc43a79f6dd70b33b72377 - - - -] Unable to schedule network d9c8b98d-b3d7-4ac9-a2c9-629ce3b779c3: no agents available; will retry on subsequent port and subnet creation events.
2026-07-22 23:21:34.350 9 INFO neutron.db.ovn_revision_numbers_db [None req-a996bcf1-5717-4009-97cc-ae0505e76a43 cf73f69d1f7e49a59cf81fa0f22f15b3 54c749f18dbc43a79f6dd70b33b72377 - - - -] Successfully bumped revision number for resource b0fa71bc-2b92-456c-a7f2-bd797693d37d (type: ports) to 1
2026-07-22 23:21:34.387 9 INFO neutron.wsgi [None req-a996bcf1-5717-4009-97cc-ae0505e76a43 cf73f69d1f7e49a59cf81fa0f22f15b3 54c749f18dbc43a79f6dd70b33b72377 - - - -] 10.0.0.216 "POST /v2.0/networks HTTP/1.1" status: 201 len: 950 time: 1.1403785
2026-07-22 23:21:34.395 9 INFO neutron.wsgi [-] 10.0.0.59 "GET / HTTP/1.1" status: 200 len: 246 time: 0.0020332
2026-07-22 23:21:34.397 9 INFO neutron.wsgi [-] 10.0.0.59 "GET / HTTP/1.1" status: 200 len: 246 time: 0.0011902
2026-07-22 23:21:34.458 9 INFO neutron.db.ovn_revision_numbers_db [None req-e94773ee-e484-46ec-9ae7-301148bfd26a - - - - - -] Successfully bumped revision number for resource cce26054-4437-4f26-b81c-544a89a1190a (type: ports) to 5
2026-07-22 23:21:34.475 9 INFO neutron.wsgi [req-124ead23-dc39-43e1-ae69-132a6c24024b req-47f3892b-7061-4eeb-b312-e51f42aeffc5 e2b3bf4d633f4b1dabcde5be2f54c501 32ee8140ac544caf933694200dfd56d9 - - default default] 10.0.0.112 "GET /v2.0/ports?device_id=ae243df6-b7ca-4675-a403-a53755b5a17a HTTP/1.1" status: 200 len: 1168 time: 0.0563381
2026-07-22 23:21:34.536 9 INFO neutron.wsgi [req-124ead23-dc39-43e1-ae69-132a6c24024b req-b691ae4a-1dab-49bd-948a-fc6c9b1dd2cf e2b3bf4d633f4b1dabcde5be2f54c501 32ee8140ac544caf933694200dfd56d9 - - default default] 10.0.0.112 "GET /v2.0/security-groups?id=b822c798-6f94-44c6-a370-7fa3502d34c7&fields=id&fields=name HTTP/1.1" status: 200 len: 313 time: 0.0529521
2026-07-22 23:21:34.559 10 INFO neutron.wsgi [None req-769fc55c-6dfe-4e4e-862b-596921dbb683 4d20e745ebae451ba7e857315ba486f4 2b9f0d0dce9341179a563627e6dfd918 - - default default] 10.0.0.216 "GET /v2.0/ports HTTP/1.1" status: 200 len: 1727 time: 0.3882778 /var/lib/openstack/lib/python3.10/site-packages/pycadf/identifier.py:71: UserWarning: Invalid uuid: neutron. To ensure interoperability, identifiers should be a valid uuid. warnings.warn(('Invalid uuid: %s. To ensure interoperability, '
2026-07-22 23:21:34.594 9 INFO neutron.pecan_wsgi.hooks.translation [None req-48cb7fec-b3b5-4a8d-abe3-ca084819a11b 4d20e745ebae451ba7e857315ba486f4 2b9f0d0dce9341179a563627e6dfd918 - - default default] GET failed (client error): The resource could not be found.
2026-07-22 23:21:34.595 9 INFO neutron.wsgi [None req-48cb7fec-b3b5-4a8d-abe3-ca084819a11b 4d20e745ebae451ba7e857315ba486f4 2b9f0d0dce9341179a563627e6dfd918 - - default default] 10.0.0.216 "GET /v2.0/ports/dfe09da5-3076-48c4-8947-5b02bebdc08a HTTP/1.1" status: 404 len: 333 time: 0.0199013
2026-07-22 23:21:34.620 9 WARNING neutron.scheduler.dhcp_agent_scheduler [None req-8273efe2-ad46-4424-b169-30d94bcd9332 cf73f69d1f7e49a59cf81fa0f22f15b3 54c749f18dbc43a79f6dd70b33b72377 - - - -] No more DHCP agents
2026-07-22 23:21:34.626 9 INFO neutron.plugins.ml2.drivers.ovn.mech_driver.mech_driver [None req-e94773ee-e484-46ec-9ae7-301148bfd26a - - - - - -] OVN reports status up for port: cce26054-4437-4f26-b81c-544a89a1190a
2026-07-22 23:21:34.684 10 INFO neutron.wsgi [None req-5e91c59b-af8d-4732-b68e-53ada3c4c42a cf73f69d1f7e49a59cf81fa0f22f15b3 54c749f18dbc43a79f6dd70b33b72377 - - - -] 10.0.0.216 "DELETE /v2.0/security-groups/73d49359-9474-45c1-bf85-fe323c83de51 HTTP/1.1" status: 204 len: 168 time: 0.6205416
2026-07-22 23:21:34.870 9 WARNING neutron.api.rpc.agentnotifiers.dhcp_rpc_agent_api [None req-8273efe2-ad46-4424-b169-30d94bcd9332 cf73f69d1f7e49a59cf81fa0f22f15b3 54c749f18dbc43a79f6dd70b33b72377 - - - -] Unable to schedule network d9c8b98d-b3d7-4ac9-a2c9-629ce3b779c3: no agents available; will retry on subsequent port and subnet creation events.
2026-07-22 23:21:34.895 9 INFO neutron.plugins.ml2.plugin [None req-e94773ee-e484-46ec-9ae7-301148bfd26a - - - - - -] Attempt 1 to provision port cce26054-4437-4f26-b81c-544a89a1190a
2026-07-22 23:21:34.927 10 INFO neutron.db.ovn_revision_numbers_db [None req-c843fe6e-4fad-47d8-824f-1465d0888fa6 cf73f69d1f7e49a59cf81fa0f22f15b3 54c749f18dbc43a79f6dd70b33b72377 - - default default] Successfully bumped revision number for resource 66688e7c-cd73-47f2-bd30-d80db057a6db (type: security_groups) to 1
2026-07-22 23:21:34.947 10 INFO neutron.wsgi [None req-c843fe6e-4fad-47d8-824f-1465d0888fa6 cf73f69d1f7e49a59cf81fa0f22f15b3 54c749f18dbc43a79f6dd70b33b72377 - - default default] 10.0.0.216 "GET /v2.0/security-groups?tenant_id=91cb4bacae8846c7b968a53c2c3f5178&name=default HTTP/1.1" status: 200 len: 2996 time: 0.1521759
2026-07-22 23:21:34.968 9 INFO neutron.wsgi [None req-85943a02-9093-49a1-808c-593898d4f94d 4d20e745ebae451ba7e857315ba486f4 2b9f0d0dce9341179a563627e6dfd918 - - default default] 10.0.0.216 "GET /v2.0/ports HTTP/1.1" status: 200 len: 1727 time: 0.3596292
2026-07-22 23:21:35.018 10 INFO neutron.wsgi [None req-0a5b88b3-5d62-485e-8e35-aa3972db8a2b 4d20e745ebae451ba7e857315ba486f4 2b9f0d0dce9341179a563627e6dfd918 - - default default] 10.0.0.216 "GET /v2.0/ports/89f9b150-f198-4030-9524-76faef4031e8 HTTP/1.1" status: 200 len: 967 time: 0.0442505
2026-07-22 23:21:35.048 10 INFO neutron.pecan_wsgi.hooks.translation [None req-99e54100-5572-4eab-95d0-05b5fbfda31c 4d20e745ebae451ba7e857315ba486f4 2b9f0d0dce9341179a563627e6dfd918 - - - -] DELETE failed (client error): The resource could not be found.
2026-07-22 23:21:35.051 10 INFO neutron.wsgi [None req-99e54100-5572-4eab-95d0-05b5fbfda31c 4d20e745ebae451ba7e857315ba486f4 2b9f0d0dce9341179a563627e6dfd918 - - - -] 10.0.0.216 "DELETE /v2.0/ports/56d746d4-a882-4b39-8ee6-53a22fd3abd4 HTTP/1.1" status: 404 len: 333 time: 0.0252059
2026-07-22 23:21:35.076 10 INFO neutron.pecan_wsgi.hooks.translation [None req-44d5a7f9-8f0b-430c-a588-49c4883cfd6d 4d20e745ebae451ba7e857315ba486f4 2b9f0d0dce9341179a563627e6dfd918 - - - -] DELETE failed (client error): The resource could not be found.
2026-07-22 23:21:35.079 10 INFO neutron.wsgi [None req-44d5a7f9-8f0b-430c-a588-49c4883cfd6d 4d20e745ebae451ba7e857315ba486f4 2b9f0d0dce9341179a563627e6dfd918 - - - -] 10.0.0.216 "DELETE /v2.0/subnets/58a20a43-a968-4590-b023-702aa58381ff HTTP/1.1" status: 404 len: 337 time: 0.0222895
2026-07-22 23:21:35.101 10 INFO neutron.pecan_wsgi.hooks.translation [None req-bc631734-984e-4681-8e85-0f62b773d918 4d20e745ebae451ba7e857315ba486f4 2b9f0d0dce9341179a563627e6dfd918 - - - -] DELETE failed (client error): The resource could not be found.
2026-07-22 23:21:35.104 10 INFO neutron.wsgi [None req-bc631734-984e-4681-8e85-0f62b773d918 4d20e745ebae451ba7e857315ba486f4 2b9f0d0dce9341179a563627e6dfd918 - - - -] 10.0.0.216 "DELETE /v2.0/subnets/bc1cad4f-7e16-4c6a-8901-cb162604a977 HTTP/1.1" status: 404 len: 337 time: 0.0197420
2026-07-22 23:21:35.197 10 INFO neutron.wsgi [None req-bebed0c1-4726-4aa9-b992-a74a17d20bf3 cf73f69d1f7e49a59cf81fa0f22f15b3 54c749f18dbc43a79f6dd70b33b72377 - - - -] 10.0.0.216 "DELETE /v2.0/security-groups/66688e7c-cd73-47f2-bd30-d80db057a6db HTTP/1.1" status: 204 len: 168 time: 0.2467580
2026-07-22 23:21:35.420 9 INFO neutron.db.ovn_revision_numbers_db [None req-e94773ee-e484-46ec-9ae7-301148bfd26a - - - - - -] Successfully bumped revision number for resource cce26054-4437-4f26-b81c-544a89a1190a (type: ports) to 6
2026-07-22 23:21:35.582 9 INFO neutron.wsgi [None req-1eec8246-a971-4568-aae5-d080629e561c 4d20e745ebae451ba7e857315ba486f4 2b9f0d0dce9341179a563627e6dfd918 - - - -] 10.0.0.216 "DELETE /v2.0/ports/89f9b150-f198-4030-9524-76faef4031e8 HTTP/1.1" status: 204 len: 168 time: 0.4709575 /var/lib/openstack/lib/python3.10/site-packages/pycadf/identifier.py:71: UserWarning: Invalid uuid: neutron. To ensure interoperability, identifiers should be a valid uuid. warnings.warn(('Invalid uuid: %s. To ensure interoperability, '
2026-07-22 23:21:35.636 9 INFO neutron.db.ovn_revision_numbers_db [None req-8273efe2-ad46-4424-b169-30d94bcd9332 cf73f69d1f7e49a59cf81fa0f22f15b3 54c749f18dbc43a79f6dd70b33b72377 - - - -] Successfully bumped revision number for resource b0fa71bc-2b92-456c-a7f2-bd797693d37d (type: ports) to 2
2026-07-22 23:21:35.651 10 INFO neutron.wsgi [req-10c8ab5f-a1bd-4c5d-8bf2-0f2818815c90 req-e814a0c3-895a-423b-8b6b-a417f9b4f092 e2b3bf4d633f4b1dabcde5be2f54c501 32ee8140ac544caf933694200dfd56d9 - - default default] 10.0.0.112 "GET /v2.0/ports?device_id=ae243df6-b7ca-4675-a403-a53755b5a17a HTTP/1.1" status: 200 len: 1170 time: 0.0392458
2026-07-22 23:21:35.654 9 INFO neutron.db.ovn_revision_numbers_db [None req-8273efe2-ad46-4424-b169-30d94bcd9332 cf73f69d1f7e49a59cf81fa0f22f15b3 54c749f18dbc43a79f6dd70b33b72377 - - - -] Successfully bumped revision number for resource 4e1c2a03-2d0c-4722-94d0-04a9dce7c42c (type: subnets) to 0
2026-07-22 23:21:35.668 9 INFO neutron.wsgi [None req-8273efe2-ad46-4424-b169-30d94bcd9332 cf73f69d1f7e49a59cf81fa0f22f15b3 54c749f18dbc43a79f6dd70b33b72377 - - - -] 10.0.0.216 "POST /v2.0/subnets HTTP/1.1" status: 201 len: 870 time: 1.2695489
2026-07-22 23:21:35.698 10 INFO neutron.wsgi [req-10c8ab5f-a1bd-4c5d-8bf2-0f2818815c90 req-3e7e35c8-17d5-4800-ac46-ea145d69dee6 e2b3bf4d633f4b1dabcde5be2f54c501 32ee8140ac544caf933694200dfd56d9 - - default default] 10.0.0.112 "GET /v2.0/security-groups?id=b822c798-6f94-44c6-a370-7fa3502d34c7&fields=id&fields=name HTTP/1.1" status: 200 len: 313 time: 0.0413291
2026-07-22 23:21:35.945 9 INFO neutron.services.segments.plugin [-] Segment 3b397d70-f61a-42cc-909a-57e560d81c5f resource provider aggregate not found
2026-07-22 23:21:35.952 9 INFO neutron.services.segments.plugin [-] Segment 3b397d70-f61a-42cc-909a-57e560d81c5f resource provider aggregate not found
2026-07-22 23:21:35.968 9 INFO neutron.services.segments.plugin [-] Segment 3b397d70-f61a-42cc-909a-57e560d81c5f resource provider not found; error: Placement Client Error (4xx): {"errors": [{"status": 404, "title": "Not Found", "detail": "The resource could not be found.\n\n No resource provider with uuid 3b397d70-f61a-42cc-909a-57e560d81c5f found for delete ", "request_id": "req-65cb5094-7b7f-4cb2-a095-d68c9f0e4d63"}]}
2026-07-22 23:21:35.990 9 INFO neutron.services.segments.plugin [-] Segment 3b397d70-f61a-42cc-909a-57e560d81c5f resource provider not found; error: Placement Client Error (4xx): {"errors": [{"status": 404, "title": "Not Found", "detail": "The resource could not be found.\n\n No resource provider with uuid 3b397d70-f61a-42cc-909a-57e560d81c5f found for delete ", "request_id": "req-1e126629-2aab-4aa5-ba42-7e394152f607"}]}
2026-07-22 23:21:35.998 9 INFO neutron.wsgi [None req-cc30367e-b1a2-41ea-8d82-6ebb2ab49537 4d20e745ebae451ba7e857315ba486f4 2b9f0d0dce9341179a563627e6dfd918 - - - -] 10.0.0.216 "DELETE /v2.0/networks/a56daea4-0a5a-420b-bf1d-65ab0989c7fa HTTP/1.1" status: 204 len: 168 time: 0.4109070
2026-07-22 23:21:36.167 10 WARNING neutron.scheduler.dhcp_agent_scheduler [None req-b384e3d9-b8e4-472d-a34f-8f530156d331 cf73f69d1f7e49a59cf81fa0f22f15b3 54c749f18dbc43a79f6dd70b33b72377 - - - -] No more DHCP agents
2026-07-22 23:21:36.169 10 WARNING neutron.api.rpc.agentnotifiers.dhcp_rpc_agent_api [None req-b384e3d9-b8e4-472d-a34f-8f530156d331 cf73f69d1f7e49a59cf81fa0f22f15b3 54c749f18dbc43a79f6dd70b33b72377 - - - -] Unable to schedule network 7c15f7fc-5f92-4a46-bbbe-3da8a40c9bad: no agents available; will retry on subsequent port and subnet creation events.
2026-07-22 23:21:36.224 9 INFO neutron.notifiers.nova [-] Nova event matching ['req-b23096c9-8a8a-49ae-8bd1-d6ec556fe975'] response: {'server_uuid': 'ae243df6-b7ca-4675-a403-a53755b5a17a', 'name': 'network-vif-plugged', 'status': 'completed', 'tag': 'cce26054-4437-4f26-b81c-544a89a1190a', 'code': 200}
2026-07-22 23:21:36.224 9 INFO neutron.notifiers.nova [-] Nova event matching ['req-b23096c9-8a8a-49ae-8bd1-d6ec556fe975'] response: {'server_uuid': 'ae243df6-b7ca-4675-a403-a53755b5a17a', 'name': 'network-vif-plugged', 'status': 'completed', 'tag': 'cce26054-4437-4f26-b81c-544a89a1190a', 'code': 200}
2026-07-22 23:21:36.224 9 INFO neutron.notifiers.nova [-] Nova event matching ['req-b23096c9-8a8a-49ae-8bd1-d6ec556fe975'] response: {'server_uuid': 'ae243df6-b7ca-4675-a403-a53755b5a17a', 'name': 'network-vif-plugged', 'status': 'completed', 'tag': 'cce26054-4437-4f26-b81c-544a89a1190a', 'code': 200}
2026-07-22 23:21:36.350 10 INFO neutron.db.ovn_revision_numbers_db [None req-b384e3d9-b8e4-472d-a34f-8f530156d331 cf73f69d1f7e49a59cf81fa0f22f15b3 54c749f18dbc43a79f6dd70b33b72377 - - - -] Successfully bumped revision number for resource 2ffc9d96-d3a6-4966-a3fa-d27f33cf4951 (type: ports) to 1
2026-07-22 23:21:36.679 9 INFO neutron.wsgi [None req-acd5d73a-6fde-4319-bd7c-b5ac88c62c77 cf73f69d1f7e49a59cf81fa0f22f15b3 54c749f18dbc43a79f6dd70b33b72377 - - default default] 10.0.0.216 "GET /v2.0/security-groups?tenant_id=2b9f0d0dce9341179a563627e6dfd918&name=default HTTP/1.1" status: 200 len: 2996 time: 0.2549694
2026-07-22 23:21:36.854 9 INFO neutron.wsgi [None req-8cc314b3-6f03-4579-bccf-5ddb2facc9c9 cf73f69d1f7e49a59cf81fa0f22f15b3 54c749f18dbc43a79f6dd70b33b72377 - - - -] 10.0.0.216 "DELETE /v2.0/security-groups/224f13c2-f215-4e91-b060-b5187653425f HTTP/1.1" status: 204 len: 168 time: 0.1696618
2026-07-22 23:21:37.005 10 INFO neutron.plugins.ml2.drivers.ovn.mech_driver.mech_driver [None req-bc687c49-6adf-4944-a055-3629312b5243 - - - - - -] OVN reports status up for port: 2ffc9d96-d3a6-4966-a3fa-d27f33cf4951
2026-07-22 23:21:37.024 10 INFO neutron.plugins.ml2.drivers.ovn.mech_driver.ovsdb.ovsdb_monitor [None req-3d65cf31-be1a-40d1-a3ed-638be7ca5365 - - - - - -] Router a37d8a53-e2da-4c86-b6b6-b31b77f57d08 is bound to host instance
2026-07-22 23:21:37.027 10 INFO neutron.plugins.ml2.plugin [None req-bc687c49-6adf-4944-a055-3629312b5243 - - - - - -] Attempt 1 to provision port 2ffc9d96-d3a6-4966-a3fa-d27f33cf4951
2026-07-22 23:21:37.028 10 INFO neutron.db.ovn_revision_numbers_db [None req-b384e3d9-b8e4-472d-a34f-8f530156d331 cf73f69d1f7e49a59cf81fa0f22f15b3 54c749f18dbc43a79f6dd70b33b72377 - - - -] Successfully bumped revision number for resource 2ffc9d96-d3a6-4966-a3fa-d27f33cf4951 (type: router_ports) to 1
2026-07-22 23:21:37.169 10 INFO neutron.db.ovn_revision_numbers_db [None req-b384e3d9-b8e4-472d-a34f-8f530156d331 cf73f69d1f7e49a59cf81fa0f22f15b3 54c749f18dbc43a79f6dd70b33b72377 - - - -] Successfully bumped revision number for resource a37d8a53-e2da-4c86-b6b6-b31b77f57d08 (type: routers) to 3
2026-07-22 23:21:37.202 10 INFO neutron.wsgi [None req-b384e3d9-b8e4-472d-a34f-8f530156d331 cf73f69d1f7e49a59cf81fa0f22f15b3 54c749f18dbc43a79f6dd70b33b72377 - - - -] 10.0.0.216 "POST /v2.0/routers HTTP/1.1" status: 201 len: 881 time: 1.5245354
2026-07-22 23:21:37.664 10 INFO neutron.db.ovn_revision_numbers_db [None req-3d65cf31-be1a-40d1-a3ed-638be7ca5365 - - - - - -] Successfully bumped revision number for resource 2ffc9d96-d3a6-4966-a3fa-d27f33cf4951 (type: ports) to 1
2026-07-22 23:21:37.705 9 WARNING neutron.scheduler.dhcp_agent_scheduler [None req-fd037a59-203f-4acd-a61e-3eeb58516da7 cf73f69d1f7e49a59cf81fa0f22f15b3 54c749f18dbc43a79f6dd70b33b72377 - - default default] No more DHCP agents
2026-07-22 23:21:37.709 9 WARNING neutron.api.rpc.agentnotifiers.dhcp_rpc_agent_api [None req-fd037a59-203f-4acd-a61e-3eeb58516da7 cf73f69d1f7e49a59cf81fa0f22f15b3 54c749f18dbc43a79f6dd70b33b72377 - - default default] Unable to schedule network d9c8b98d-b3d7-4ac9-a2c9-629ce3b779c3: no agents available; will retry on subsequent port and subnet creation events.
2026-07-22 23:21:37.887 9 INFO neutron.db.ovn_revision_numbers_db [None req-fd037a59-203f-4acd-a61e-3eeb58516da7 cf73f69d1f7e49a59cf81fa0f22f15b3 54c749f18dbc43a79f6dd70b33b72377 - - default default] Successfully bumped revision number for resource 09d50c34-ff49-4377-adac-60f1311d180d (type: ports) to 1
2026-07-22 23:21:37.960 10 INFO neutron.db.ovn_revision_numbers_db [None req-3d65cf31-be1a-40d1-a3ed-638be7ca5365 - - - - - -] Successfully bumped revision number for resource 2ffc9d96-d3a6-4966-a3fa-d27f33cf4951 (type: router_ports) to 3
2026-07-22 23:21:38.142 10 INFO neutron.db.ovn_revision_numbers_db [None req-3d65cf31-be1a-40d1-a3ed-638be7ca5365 - - - - - -] Successfully bumped revision number for resource 2ffc9d96-d3a6-4966-a3fa-d27f33cf4951 (type: ports) to 2
2026-07-22 23:21:38.407 10 INFO neutron.db.ovn_revision_numbers_db [None req-3d65cf31-be1a-40d1-a3ed-638be7ca5365 - - - - - -] Successfully bumped revision number for resource 2ffc9d96-d3a6-4966-a3fa-d27f33cf4951 (type: ports) to 4
2026-07-22 23:21:38.430 9 INFO neutron.db.ovn_revision_numbers_db [None req-fd037a59-203f-4acd-a61e-3eeb58516da7 cf73f69d1f7e49a59cf81fa0f22f15b3 54c749f18dbc43a79f6dd70b33b72377 - - default default] Successfully bumped revision number for resource 09d50c34-ff49-4377-adac-60f1311d180d (type: router_ports) to 2
2026-07-22 23:21:38.600 9 INFO neutron.db.ovn_revision_numbers_db [None req-fd037a59-203f-4acd-a61e-3eeb58516da7 cf73f69d1f7e49a59cf81fa0f22f15b3 54c749f18dbc43a79f6dd70b33b72377 - - default default] Successfully bumped revision number for resource 09d50c34-ff49-4377-adac-60f1311d180d (type: ports) to 2
2026-07-22 23:21:38.678 9 WARNING neutron.scheduler.dhcp_agent_scheduler [None req-fd037a59-203f-4acd-a61e-3eeb58516da7 cf73f69d1f7e49a59cf81fa0f22f15b3 54c749f18dbc43a79f6dd70b33b72377 - - default default] No more DHCP agents
2026-07-22 23:21:38.679 9 WARNING neutron.api.rpc.agentnotifiers.dhcp_rpc_agent_api [None req-fd037a59-203f-4acd-a61e-3eeb58516da7 cf73f69d1f7e49a59cf81fa0f22f15b3 54c749f18dbc43a79f6dd70b33b72377 - - default default] Unable to schedule network d9c8b98d-b3d7-4ac9-a2c9-629ce3b779c3: no agents available; will retry on subsequent port and subnet creation events.
2026-07-22 23:21:38.951 10 INFO neutron.db.ovn_revision_numbers_db [None req-3d65cf31-be1a-40d1-a3ed-638be7ca5365 - - - - - -] Successfully bumped revision number for resource 2ffc9d96-d3a6-4966-a3fa-d27f33cf4951 (type: router_ports) to 4
2026-07-22 23:21:39.438 9 INFO neutron.db.ovn_revision_numbers_db [None req-2a3eae5c-a9c8-4397-a14f-b5e345eca4eb 5d2ca1fd29234a1d8c63dcff8c931ce5 bf0e1ffb50a340218cf3cee68e1948af - - - -] Successfully bumped revision number for resource d8e30920-2ecc-4d7e-85e1-580ae50b62ed (type: security_groups) to 1
2026-07-22 23:21:39.492 9 INFO neutron.db.segments_db [None req-2a3eae5c-a9c8-4397-a14f-b5e345eca4eb 5d2ca1fd29234a1d8c63dcff8c931ce5 bf0e1ffb50a340218cf3cee68e1948af - - - -] Added segment 32d03ffe-3a2e-4a9e-a95e-30549798ff83 of type geneve for network 36cb4775-28af-47cd-8bcb-1d02a083331c
2026-07-22 23:21:39.535 9 INFO neutron.db.ovn_revision_numbers_db [None req-fd037a59-203f-4acd-a61e-3eeb58516da7 cf73f69d1f7e49a59cf81fa0f22f15b3 54c749f18dbc43a79f6dd70b33b72377 - - - -] Successfully bumped revision number for resource 09d50c34-ff49-4377-adac-60f1311d180d (type: router_ports) to 2
2026-07-22 23:21:39.537 9 INFO neutron.wsgi [None req-fd037a59-203f-4acd-a61e-3eeb58516da7 cf73f69d1f7e49a59cf81fa0f22f15b3 54c749f18dbc43a79f6dd70b33b72377 - - - -] 10.0.0.216 "PUT /v2.0/routers/a37d8a53-e2da-4c86-b6b6-b31b77f57d08/add_router_interface HTTP/1.1" status: 200 len: 503 time: 2.3268418
2026-07-22 23:21:39.629 9 INFO neutron.db.ovn_revision_numbers_db [None req-2a3eae5c-a9c8-4397-a14f-b5e345eca4eb 5d2ca1fd29234a1d8c63dcff8c931ce5 bf0e1ffb50a340218cf3cee68e1948af - - - -] Successfully bumped revision number for resource 36cb4775-28af-47cd-8bcb-1d02a083331c (type: networks) to 1
2026-07-22 23:21:39.831 9 WARNING neutron.scheduler.dhcp_agent_scheduler [None req-2a3eae5c-a9c8-4397-a14f-b5e345eca4eb 5d2ca1fd29234a1d8c63dcff8c931ce5 bf0e1ffb50a340218cf3cee68e1948af - - - -] No more DHCP agents
2026-07-22 23:21:39.833 9 WARNING neutron.api.rpc.agentnotifiers.dhcp_rpc_agent_api [None req-2a3eae5c-a9c8-4397-a14f-b5e345eca4eb 5d2ca1fd29234a1d8c63dcff8c931ce5 bf0e1ffb50a340218cf3cee68e1948af - - - -] Unable to schedule network 36cb4775-28af-47cd-8bcb-1d02a083331c: no agents available; will retry on subsequent port and subnet creation events.
2026-07-22 23:21:39.889 9 INFO neutron.db.ovn_revision_numbers_db [None req-2a3eae5c-a9c8-4397-a14f-b5e345eca4eb 5d2ca1fd29234a1d8c63dcff8c931ce5 bf0e1ffb50a340218cf3cee68e1948af - - - -] Successfully bumped revision number for resource f5cd4a01-dc90-4cd8-bfb3-8c86d6ba2ef8 (type: ports) to 1
2026-07-22 23:21:39.911 9 INFO neutron.wsgi [None req-2a3eae5c-a9c8-4397-a14f-b5e345eca4eb 5d2ca1fd29234a1d8c63dcff8c931ce5 bf0e1ffb50a340218cf3cee68e1948af - - - -] 10.0.0.216 "POST /v2.0/networks HTTP/1.1" status: 201 len: 829 time: 1.1120698
2026-07-22 23:21:39.993 9 INFO neutron.db.segments_db [None req-c567c30e-3ba6-4d55-a682-43becde3b84f 5d2ca1fd29234a1d8c63dcff8c931ce5 bf0e1ffb50a340218cf3cee68e1948af - - - -] Added segment 84f5cadf-5893-4af1-9cc2-75abaac00d90 of type geneve for network f80b4ada-0bed-4563-8774-c30baafecb7f
2026-07-22 23:21:40.042 10 INFO neutron.plugins.ml2.drivers.ovn.mech_driver.mech_driver [None req-bc687c49-6adf-4944-a055-3629312b5243 - - - - - -] OVN reports status up for port: 09d50c34-ff49-4377-adac-60f1311d180d
2026-07-22 23:21:40.050 10 INFO neutron.plugins.ml2.plugin [None req-bc687c49-6adf-4944-a055-3629312b5243 - - - - - -] Attempt 1 to provision port 09d50c34-ff49-4377-adac-60f1311d180d
2026-07-22 23:21:40.127 9 INFO neutron.db.ovn_revision_numbers_db [None req-c567c30e-3ba6-4d55-a682-43becde3b84f 5d2ca1fd29234a1d8c63dcff8c931ce5 bf0e1ffb50a340218cf3cee68e1948af - - - -] Successfully bumped revision number for resource f80b4ada-0bed-4563-8774-c30baafecb7f (type: networks) to 1
2026-07-22 23:21:40.348 10 INFO neutron.db.ovn_revision_numbers_db [None req-bc687c49-6adf-4944-a055-3629312b5243 - - - - - -] Successfully bumped revision number for resource 09d50c34-ff49-4377-adac-60f1311d180d (type: ports) to 3
2026-07-22 23:21:40.349 9 WARNING neutron.scheduler.dhcp_agent_scheduler [None req-c567c30e-3ba6-4d55-a682-43becde3b84f 5d2ca1fd29234a1d8c63dcff8c931ce5 bf0e1ffb50a340218cf3cee68e1948af - - - -] No more DHCP agents
2026-07-22 23:21:40.351 9 WARNING neutron.api.rpc.agentnotifiers.dhcp_rpc_agent_api [None req-c567c30e-3ba6-4d55-a682-43becde3b84f 5d2ca1fd29234a1d8c63dcff8c931ce5 bf0e1ffb50a340218cf3cee68e1948af - - - -] Unable to schedule network f80b4ada-0bed-4563-8774-c30baafecb7f: no agents available; will retry on subsequent port and subnet creation events.
2026-07-22 23:21:40.403 10 INFO neutron.db.ovn_revision_numbers_db [None req-9c5d2bd4-c25d-484d-ae00-688c16711bdc 545a8bf425fe4b9f8984786c7c1071ed d7244ebda5424d4c9f3fb95fa03de378 - - - -] Successfully bumped revision number for resource 401c58fe-2bb2-4263-9237-6f5dcaa371d3 (type: security_groups) to 1
2026-07-22 23:21:40.432 10 INFO neutron.wsgi [None req-9c5d2bd4-c25d-484d-ae00-688c16711bdc 545a8bf425fe4b9f8984786c7c1071ed d7244ebda5424d4c9f3fb95fa03de378 - - - -] 10.0.0.216 "POST /v2.0/security-groups HTTP/1.1" status: 201 len: 1796 time: 0.2212701
2026-07-22 23:21:40.436 9 INFO neutron.db.ovn_revision_numbers_db [None req-c567c30e-3ba6-4d55-a682-43becde3b84f 5d2ca1fd29234a1d8c63dcff8c931ce5 bf0e1ffb50a340218cf3cee68e1948af - - - -] Successfully bumped revision number for resource 5a250e10-e94b-4f62-845b-9e34e7654b3b (type: ports) to 1
2026-07-22 23:21:40.460 9 INFO neutron.wsgi [None req-c567c30e-3ba6-4d55-a682-43becde3b84f 5d2ca1fd29234a1d8c63dcff8c931ce5 bf0e1ffb50a340218cf3cee68e1948af - - - -] 10.0.0.216 "POST /v2.0/networks HTTP/1.1" status: 201 len: 829 time: 0.5445194
2026-07-22 23:21:40.492 10 INFO neutron.db.ovn_revision_numbers_db [None req-bc687c49-6adf-4944-a055-3629312b5243 - - - - - -] Successfully bumped revision number for resource 09d50c34-ff49-4377-adac-60f1311d180d (type: router_ports) to 3
2026-07-22 23:21:40.580 10 INFO neutron.db.ovn_revision_numbers_db [None req-cbca7a0d-471a-4bc0-bab0-5a158c9f28e4 545a8bf425fe4b9f8984786c7c1071ed d7244ebda5424d4c9f3fb95fa03de378 - - - -] Successfully bumped revision number for resource c48a5383-4e26-43a9-8547-d2ddca890ff6 (type: security_group_rules) to 0
2026-07-22 23:21:40.604 10 INFO neutron.wsgi [None req-cbca7a0d-471a-4bc0-bab0-5a158c9f28e4 545a8bf425fe4b9f8984786c7c1071ed d7244ebda5424d4c9f3fb95fa03de378 - - - -] 10.0.0.216 "POST /v2.0/security-group-rules HTTP/1.1" status: 201 len: 764 time: 0.1647596
2026-07-22 23:21:40.726 10 INFO neutron.db.ovn_revision_numbers_db [None req-37d96cec-21fa-467d-a2cd-3079d38eb6ae 545a8bf425fe4b9f8984786c7c1071ed d7244ebda5424d4c9f3fb95fa03de378 - - - -] Successfully bumped revision number for resource 6e64082b-413b-46a5-b99c-0cdaf4ff081e (type: security_group_rules) to 0
2026-07-22 23:21:40.747 9 WARNING neutron.scheduler.dhcp_agent_scheduler [None req-11f2319f-0b23-404d-adf8-b61e0cba19b6 5d2ca1fd29234a1d8c63dcff8c931ce5 bf0e1ffb50a340218cf3cee68e1948af - - - -] No more DHCP agents
2026-07-22 23:21:40.750 9 WARNING neutron.api.rpc.agentnotifiers.dhcp_rpc_agent_api [None req-11f2319f-0b23-404d-adf8-b61e0cba19b6 5d2ca1fd29234a1d8c63dcff8c931ce5 bf0e1ffb50a340218cf3cee68e1948af - - - -] Unable to schedule network 36cb4775-28af-47cd-8bcb-1d02a083331c: no agents available; will retry on subsequent port and subnet creation events.
2026-07-22 23:21:40.753 10 INFO neutron.wsgi [None req-37d96cec-21fa-467d-a2cd-3079d38eb6ae 545a8bf425fe4b9f8984786c7c1071ed d7244ebda5424d4c9f3fb95fa03de378 - - - -] 10.0.0.216 "POST /v2.0/security-group-rules HTTP/1.1" status: 201 len: 769 time: 0.1419115
2026-07-22 23:21:41.063 10 WARNING neutron.scheduler.dhcp_agent_scheduler [None req-f055440c-ba1c-4c80-bb4a-d773dc1ec7a9 545a8bf425fe4b9f8984786c7c1071ed d7244ebda5424d4c9f3fb95fa03de378 - - - -] No more DHCP agents
2026-07-22 23:21:41.065 10 WARNING neutron.api.rpc.agentnotifiers.dhcp_rpc_agent_api [None req-f055440c-ba1c-4c80-bb4a-d773dc1ec7a9 545a8bf425fe4b9f8984786c7c1071ed d7244ebda5424d4c9f3fb95fa03de378 - - - -] Unable to schedule network 7c15f7fc-5f92-4a46-bbbe-3da8a40c9bad: no agents available; will retry on subsequent port and subnet creation events.
2026-07-22 23:21:41.229 9 INFO neutron.db.ovn_revision_numbers_db [None req-11f2319f-0b23-404d-adf8-b61e0cba19b6 5d2ca1fd29234a1d8c63dcff8c931ce5 bf0e1ffb50a340218cf3cee68e1948af - - - -] Successfully bumped revision number for resource f5cd4a01-dc90-4cd8-bfb3-8c86d6ba2ef8 (type: ports) to 2
2026-07-22 23:21:41.244 9 INFO neutron.db.ovn_revision_numbers_db [None req-11f2319f-0b23-404d-adf8-b61e0cba19b6 5d2ca1fd29234a1d8c63dcff8c931ce5 bf0e1ffb50a340218cf3cee68e1948af - - - -] Successfully bumped revision number for resource 64351fbb-abc7-4cd9-8cc0-09dcfc871e5f (type: subnets) to 0
2026-07-22 23:21:41.261 9 INFO neutron.wsgi [None req-11f2319f-0b23-404d-adf8-b61e0cba19b6 5d2ca1fd29234a1d8c63dcff8c931ce5 bf0e1ffb50a340218cf3cee68e1948af - - - -] 10.0.0.216 "POST /v2.0/subnets HTTP/1.1" status: 201 len: 801 time: 0.7941408
2026-07-22 23:21:41.417 10 INFO neutron.db.ovn_revision_numbers_db [None req-f055440c-ba1c-4c80-bb4a-d773dc1ec7a9 545a8bf425fe4b9f8984786c7c1071ed d7244ebda5424d4c9f3fb95fa03de378 - - - -] Successfully bumped revision number for resource c7a0bf89-dcf3-42b8-a382-d6eea0aa022c (type: floatingips) to 0
2026-07-22 23:21:41.431 10 INFO neutron.wsgi [None req-f055440c-ba1c-4c80-bb4a-d773dc1ec7a9 545a8bf425fe4b9f8984786c7c1071ed d7244ebda5424d4c9f3fb95fa03de378 - - - -] 10.0.0.216 "POST /v2.0/floatingips HTTP/1.1" status: 201 len: 751 time: 0.6735692
2026-07-22 23:21:41.546 9 WARNING neutron.scheduler.dhcp_agent_scheduler [None req-dcb61b53-dac3-42a2-b7ec-37b445558d26 5d2ca1fd29234a1d8c63dcff8c931ce5 bf0e1ffb50a340218cf3cee68e1948af - - - -] No more DHCP agents
2026-07-22 23:21:41.548 9 WARNING neutron.api.rpc.agentnotifiers.dhcp_rpc_agent_api [None req-dcb61b53-dac3-42a2-b7ec-37b445558d26 5d2ca1fd29234a1d8c63dcff8c931ce5 bf0e1ffb50a340218cf3cee68e1948af - - - -] Unable to schedule network f80b4ada-0bed-4563-8774-c30baafecb7f: no agents available; will retry on subsequent port and subnet creation events.
2026-07-22 23:21:42.053 9 INFO neutron.db.ovn_revision_numbers_db [None req-dcb61b53-dac3-42a2-b7ec-37b445558d26 5d2ca1fd29234a1d8c63dcff8c931ce5 bf0e1ffb50a340218cf3cee68e1948af - - - -] Successfully bumped revision number for resource 5a250e10-e94b-4f62-845b-9e34e7654b3b (type: ports) to 2
2026-07-22 23:21:42.075 9 INFO neutron.db.ovn_revision_numbers_db [None req-dcb61b53-dac3-42a2-b7ec-37b445558d26 5d2ca1fd29234a1d8c63dcff8c931ce5 bf0e1ffb50a340218cf3cee68e1948af - - - -] Successfully bumped revision number for resource ae263317-7d93-4340-a5be-50eb1689b3d1 (type: subnets) to 0
2026-07-22 23:21:42.091 9 INFO neutron.wsgi [None req-dcb61b53-dac3-42a2-b7ec-37b445558d26 5d2ca1fd29234a1d8c63dcff8c931ce5 bf0e1ffb50a340218cf3cee68e1948af - - - -] 10.0.0.216 "POST /v2.0/subnets HTTP/1.1" status: 201 len: 801 time: 0.8204107
2026-07-22 23:21:42.126 9 INFO neutron.db.ovn_revision_numbers_db [None req-d2a65ca1-14fd-4ba7-82dd-a7855a92026a cf73f69d1f7e49a59cf81fa0f22f15b3 54c749f18dbc43a79f6dd70b33b72377 - - default default] Successfully bumped revision number for resource 9acf7565-ef3c-486a-a811-b0e389183053 (type: security_groups) to 1
2026-07-22 23:21:42.149 9 INFO neutron.wsgi [None req-d2a65ca1-14fd-4ba7-82dd-a7855a92026a cf73f69d1f7e49a59cf81fa0f22f15b3 54c749f18dbc43a79f6dd70b33b72377 - - default default] 10.0.0.216 "GET /v2.0/security-groups?tenant_id=7a744d25663d4f1e9deb9931e8ae6a5f&name=default HTTP/1.1" status: 200 len: 2996 time: 0.3210671
2026-07-22 23:21:42.344 10 INFO neutron.wsgi [None req-bb14f790-9f46-4a76-8c9a-1b0310420378 cf73f69d1f7e49a59cf81fa0f22f15b3 54c749f18dbc43a79f6dd70b33b72377 - - - -] 10.0.0.216 "DELETE /v2.0/security-groups/9acf7565-ef3c-486a-a811-b0e389183053 HTTP/1.1" status: 204 len: 168 time: 0.1877763
2026-07-22 23:21:42.362 9 INFO neutron.db.ovn_revision_numbers_db [None req-0d4dfe38-36e3-441c-8e35-8e960b9d63af 5d2ca1fd29234a1d8c63dcff8c931ce5 bf0e1ffb50a340218cf3cee68e1948af - - - -] Successfully bumped revision number for resource 6cc7c259-6cc3-4c72-9387-0f06175c2545 (type: routers) to 1
2026-07-22 23:21:42.381 9 INFO neutron.wsgi [None req-0d4dfe38-36e3-441c-8e35-8e960b9d63af 5d2ca1fd29234a1d8c63dcff8c931ce5 bf0e1ffb50a340218cf3cee68e1948af - - - -] 10.0.0.216 "POST /v2.0/routers HTTP/1.1" status: 201 len: 687 time: 0.2774613
2026-07-22 23:21:42.546 10 INFO neutron.wsgi [req-1479d243-4d7d-4298-a8d0-79358370d04e req-d54b5884-5f30-482f-a25f-61380e27d0ab 404045f7f66148ca87b33c3deb64ffac e48df614e2a542a690e1cc22a276933b - - 5e99659270f44b0f8c46fcb0fc3691df 5e99659270f44b0f8c46fcb0fc3691df] 199.19.213.74 "GET /v2.0/ports?device_id=ae243df6-b7ca-4675-a403-a53755b5a17a&fields=binding%3Ahost_id&fields=binding%3Avif_type HTTP/1.1" status: 200 len: 265 time: 0.0570366
2026-07-22 23:21:42.622 10 INFO neutron.wsgi [req-1479d243-4d7d-4298-a8d0-79358370d04e req-d7e73b49-1b68-4d67-9b39-2c8bea5f3c64 404045f7f66148ca87b33c3deb64ffac e48df614e2a542a690e1cc22a276933b - - 5e99659270f44b0f8c46fcb0fc3691df 5e99659270f44b0f8c46fcb0fc3691df] 199.19.213.74 "GET /v2.0/ports?tenant_id=32ee8140ac544caf933694200dfd56d9&device_id=ae243df6-b7ca-4675-a403-a53755b5a17a HTTP/1.1" status: 200 len: 1361 time: 0.0397649
2026-07-22 23:21:42.630 10 INFO neutron.db.ovn_revision_numbers_db [None req-6f70546a-185f-412a-9451-b4d4be7cb640 cf73f69d1f7e49a59cf81fa0f22f15b3 54c749f18dbc43a79f6dd70b33b72377 - - default default] Successfully bumped revision number for resource e5c8459b-dbad-41b1-8f4a-67be3c33041c (type: security_groups) to 1
2026-07-22 23:21:42.662 10 INFO neutron.wsgi [None req-6f70546a-185f-412a-9451-b4d4be7cb640 cf73f69d1f7e49a59cf81fa0f22f15b3 54c749f18dbc43a79f6dd70b33b72377 - - default default] 10.0.0.216 "GET /v2.0/security-groups?tenant_id=94b1f65d59314e47921e3a520916d470&name=default HTTP/1.1" status: 200 len: 2996 time: 0.2056034
2026-07-22 23:21:42.725 10 INFO neutron.wsgi [req-1479d243-4d7d-4298-a8d0-79358370d04e req-d5ea625f-55e1-4533-bd29-b2e75b34fdfe 404045f7f66148ca87b33c3deb64ffac e48df614e2a542a690e1cc22a276933b - - 5e99659270f44b0f8c46fcb0fc3691df 5e99659270f44b0f8c46fcb0fc3691df] 199.19.213.74 "GET /v2.0/networks?id=2f317d71-f1c6-4b93-aab7-44915b661ced HTTP/1.1" status: 200 len: 973 time: 0.0856457
2026-07-22 23:21:42.777 10 INFO neutron.wsgi [req-1479d243-4d7d-4298-a8d0-79358370d04e req-5245e64a-cd0a-478d-87ed-13de589e8966 404045f7f66148ca87b33c3deb64ffac e48df614e2a542a690e1cc22a276933b - - 5e99659270f44b0f8c46fcb0fc3691df 5e99659270f44b0f8c46fcb0fc3691df] 199.19.213.74 "GET /v2.0/floatingips?fixed_ip_address=10.100.0.8&port_id=cce26054-4437-4f26-b81c-544a89a1190a HTTP/1.1" status: 200 len: 1059 time: 0.0454082
2026-07-22 23:21:42.820 10 INFO neutron.wsgi [req-1479d243-4d7d-4298-a8d0-79358370d04e req-a34edecb-2ac8-408f-934d-cae8427093b2 404045f7f66148ca87b33c3deb64ffac e48df614e2a542a690e1cc22a276933b - - 5e99659270f44b0f8c46fcb0fc3691df 5e99659270f44b0f8c46fcb0fc3691df] 199.19.213.74 "GET /v2.0/subnets?id=875a1974-ad50-47b6-b8cd-2b090c2c0e1c HTTP/1.1" status: 200 len: 869 time: 0.0352981
2026-07-22 23:21:42.855 10 INFO neutron.wsgi [req-1479d243-4d7d-4298-a8d0-79358370d04e req-9728acbf-6daa-4626-be13-54317b94d549 404045f7f66148ca87b33c3deb64ffac e48df614e2a542a690e1cc22a276933b - - 5e99659270f44b0f8c46fcb0fc3691df 5e99659270f44b0f8c46fcb0fc3691df] 199.19.213.74 "GET /v2.0/ports?network_id=2f317d71-f1c6-4b93-aab7-44915b661ced&device_owner=network%3Adhcp HTTP/1.1" status: 200 len: 210 time: 0.0254221
2026-07-22 23:21:42.861 9 WARNING neutron.scheduler.dhcp_agent_scheduler [None req-d67ab19c-4e8c-41d5-bc85-cc37f4045a80 5d2ca1fd29234a1d8c63dcff8c931ce5 bf0e1ffb50a340218cf3cee68e1948af - - default default] No more DHCP agents
2026-07-22 23:21:42.864 9 WARNING neutron.api.rpc.agentnotifiers.dhcp_rpc_agent_api [None req-d67ab19c-4e8c-41d5-bc85-cc37f4045a80 5d2ca1fd29234a1d8c63dcff8c931ce5 bf0e1ffb50a340218cf3cee68e1948af - - default default] Unable to schedule network 36cb4775-28af-47cd-8bcb-1d02a083331c: no agents available; will retry on subsequent port and subnet creation events.
2026-07-22 23:21:42.936 10 INFO neutron.wsgi [req-1479d243-4d7d-4298-a8d0-79358370d04e req-0db0b4cd-90d9-4ceb-b667-5fe3171634e3 404045f7f66148ca87b33c3deb64ffac e48df614e2a542a690e1cc22a276933b - - 5e99659270f44b0f8c46fcb0fc3691df 5e99659270f44b0f8c46fcb0fc3691df] 199.19.213.74 "GET /v2.0/networks/2f317d71-f1c6-4b93-aab7-44915b661ced?fields=segments HTTP/1.1" status: 200 len: 212 time: 0.0733709
2026-07-22 23:21:42.965 10 INFO neutron.wsgi [None req-11b9df4c-bc27-44c8-8bdc-0263b3c4c0ca cf73f69d1f7e49a59cf81fa0f22f15b3 54c749f18dbc43a79f6dd70b33b72377 - - - -] 10.0.0.216 "DELETE /v2.0/security-groups/e5c8459b-dbad-41b1-8f4a-67be3c33041c HTTP/1.1" status: 204 len: 168 time: 0.2934885
2026-07-22 23:21:42.998 10 INFO neutron.wsgi [req-1479d243-4d7d-4298-a8d0-79358370d04e req-33eb65d5-4d56-4097-88f6-54fed1714f23 404045f7f66148ca87b33c3deb64ffac e48df614e2a542a690e1cc22a276933b - - 5e99659270f44b0f8c46fcb0fc3691df 5e99659270f44b0f8c46fcb0fc3691df] 199.19.213.74 "GET /v2.0/networks/2f317d71-f1c6-4b93-aab7-44915b661ced?fields=provider%3Aphysical_network&fields=provider%3Anetwork_type HTTP/1.1" status: 200 len: 277 time: 0.0563896
2026-07-22 23:21:43.008 9 INFO neutron.db.ovn_revision_numbers_db [None req-d67ab19c-4e8c-41d5-bc85-cc37f4045a80 5d2ca1fd29234a1d8c63dcff8c931ce5 bf0e1ffb50a340218cf3cee68e1948af - - default default] Successfully bumped revision number for resource 2f87d8ed-73cb-41de-8deb-b2552240ff94 (type: ports) to 1
2026-07-22 23:21:43.395 9 INFO neutron.plugins.ml2.drivers.ovn.mech_driver.mech_driver [None req-e94773ee-e484-46ec-9ae7-301148bfd26a - - - - - -] OVN reports status up for port: 2f87d8ed-73cb-41de-8deb-b2552240ff94
2026-07-22 23:21:43.409 9 INFO neutron.db.ovn_revision_numbers_db [None req-d67ab19c-4e8c-41d5-bc85-cc37f4045a80 5d2ca1fd29234a1d8c63dcff8c931ce5 bf0e1ffb50a340218cf3cee68e1948af - - default default] Successfully bumped revision number for resource 2f87d8ed-73cb-41de-8deb-b2552240ff94 (type: router_ports) to 2
2026-07-22 23:21:43.411 9 INFO neutron.plugins.ml2.plugin [None req-e94773ee-e484-46ec-9ae7-301148bfd26a - - - - - -] Attempt 1 to provision port 2f87d8ed-73cb-41de-8deb-b2552240ff94
2026-07-22 23:21:43.840 9 INFO neutron.db.ovn_revision_numbers_db [None req-d67ab19c-4e8c-41d5-bc85-cc37f4045a80 5d2ca1fd29234a1d8c63dcff8c931ce5 bf0e1ffb50a340218cf3cee68e1948af - - default default] Successfully bumped revision number for resource 2f87d8ed-73cb-41de-8deb-b2552240ff94 (type: ports) to 2
2026-07-22 23:21:43.942 9 WARNING neutron.scheduler.dhcp_agent_scheduler [None req-d67ab19c-4e8c-41d5-bc85-cc37f4045a80 5d2ca1fd29234a1d8c63dcff8c931ce5 bf0e1ffb50a340218cf3cee68e1948af - - default default] No more DHCP agents
2026-07-22 23:21:43.946 9 WARNING neutron.api.rpc.agentnotifiers.dhcp_rpc_agent_api [None req-d67ab19c-4e8c-41d5-bc85-cc37f4045a80 5d2ca1fd29234a1d8c63dcff8c931ce5 bf0e1ffb50a340218cf3cee68e1948af - - default default] Unable to schedule network 36cb4775-28af-47cd-8bcb-1d02a083331c: no agents available; will retry on subsequent port and subnet creation events.
2026-07-22 23:21:43.960 9 INFO neutron.db.ovn_revision_numbers_db [None req-e94773ee-e484-46ec-9ae7-301148bfd26a - - - - - -] Successfully bumped revision number for resource 2f87d8ed-73cb-41de-8deb-b2552240ff94 (type: ports) to 3
2026-07-22 23:21:44.151 9 INFO neutron.db.ovn_revision_numbers_db [None req-e94773ee-e484-46ec-9ae7-301148bfd26a - - - - - -] Successfully bumped revision number for resource 2f87d8ed-73cb-41de-8deb-b2552240ff94 (type: router_ports) to 3
2026-07-22 23:21:44.189 9 INFO neutron.db.ovn_revision_numbers_db [None req-d67ab19c-4e8c-41d5-bc85-cc37f4045a80 5d2ca1fd29234a1d8c63dcff8c931ce5 bf0e1ffb50a340218cf3cee68e1948af - - - -] Successfully bumped revision number for resource 2f87d8ed-73cb-41de-8deb-b2552240ff94 (type: router_ports) to 3
2026-07-22 23:21:44.191 9 INFO neutron.wsgi [None req-d67ab19c-4e8c-41d5-bc85-cc37f4045a80 5d2ca1fd29234a1d8c63dcff8c931ce5 bf0e1ffb50a340218cf3cee68e1948af - - - -] 10.0.0.216 "PUT /v2.0/routers/6cc7c259-6cc3-4c72-9387-0f06175c2545/add_router_interface HTTP/1.1" status: 200 len: 503 time: 1.8046246
2026-07-22 23:21:44.227 9 INFO neutron.wsgi [None req-dcf7bd44-300d-40ae-ae6f-857f78575df3 5d2ca1fd29234a1d8c63dcff8c931ce5 bf0e1ffb50a340218cf3cee68e1948af - - default default] 10.0.0.216 "GET /v2.0/ports/2f87d8ed-73cb-41de-8deb-b2552240ff94 HTTP/1.1" status: 200 len: 1137 time: 0.0300984
2026-07-22 23:21:44.705 9 WARNING neutron.scheduler.dhcp_agent_scheduler [None req-6438aa2b-71b1-44ef-91ff-94fa0e260d74 5d2ca1fd29234a1d8c63dcff8c931ce5 bf0e1ffb50a340218cf3cee68e1948af - - default default] No more DHCP agents
2026-07-22 23:21:44.708 9 WARNING neutron.api.rpc.agentnotifiers.dhcp_rpc_agent_api [None req-6438aa2b-71b1-44ef-91ff-94fa0e260d74 5d2ca1fd29234a1d8c63dcff8c931ce5 bf0e1ffb50a340218cf3cee68e1948af - - default default] Unable to schedule network f80b4ada-0bed-4563-8774-c30baafecb7f: no agents available; will retry on subsequent port and subnet creation events.
2026-07-22 23:21:44.850 9 INFO neutron.db.ovn_revision_numbers_db [None req-6438aa2b-71b1-44ef-91ff-94fa0e260d74 5d2ca1fd29234a1d8c63dcff8c931ce5 bf0e1ffb50a340218cf3cee68e1948af - - default default] Successfully bumped revision number for resource 1d72544b-dd09-441e-abad-919fa7af3d7b (type: ports) to 1
2026-07-22 23:21:45.312 9 INFO neutron.wsgi [req-72b468c4-cd0c-4691-870f-cdbb2dd6e1ff req-bc1eb78d-988c-4f64-8e9f-730f66098372 404045f7f66148ca87b33c3deb64ffac e48df614e2a542a690e1cc22a276933b - - 5e99659270f44b0f8c46fcb0fc3691df 5e99659270f44b0f8c46fcb0fc3691df] 10.0.0.141 "GET /v2.0/ports?device_id=ae243df6-b7ca-4675-a403-a53755b5a17a HTTP/1.1" status: 200 len: 1361 time: 0.0505536
2026-07-22 23:21:45.370 9 INFO neutron.db.ovn_revision_numbers_db [None req-6438aa2b-71b1-44ef-91ff-94fa0e260d74 5d2ca1fd29234a1d8c63dcff8c931ce5 bf0e1ffb50a340218cf3cee68e1948af - - default default] Successfully bumped revision number for resource 1d72544b-dd09-441e-abad-919fa7af3d7b (type: router_ports) to 2
2026-07-22 23:21:45.376 9 INFO neutron.wsgi [req-72b468c4-cd0c-4691-870f-cdbb2dd6e1ff req-b05a0a14-14ca-4742-868c-15706887ae67 404045f7f66148ca87b33c3deb64ffac e48df614e2a542a690e1cc22a276933b - - 5e99659270f44b0f8c46fcb0fc3691df 5e99659270f44b0f8c46fcb0fc3691df] 10.0.0.141 "GET /v2.0/security-groups?id=b822c798-6f94-44c6-a370-7fa3502d34c7&fields=id&fields=name HTTP/1.1" status: 200 len: 313 time: 0.0520864
2026-07-22 23:21:45.557 9 INFO neutron.db.ovn_revision_numbers_db [None req-6438aa2b-71b1-44ef-91ff-94fa0e260d74 5d2ca1fd29234a1d8c63dcff8c931ce5 bf0e1ffb50a340218cf3cee68e1948af - - default default] Successfully bumped revision number for resource 1d72544b-dd09-441e-abad-919fa7af3d7b (type: ports) to 2
2026-07-22 23:21:45.637 9 WARNING neutron.scheduler.dhcp_agent_scheduler [None req-6438aa2b-71b1-44ef-91ff-94fa0e260d74 5d2ca1fd29234a1d8c63dcff8c931ce5 bf0e1ffb50a340218cf3cee68e1948af - - default default] No more DHCP agents
2026-07-22 23:21:45.638 9 WARNING neutron.api.rpc.agentnotifiers.dhcp_rpc_agent_api [None req-6438aa2b-71b1-44ef-91ff-94fa0e260d74 5d2ca1fd29234a1d8c63dcff8c931ce5 bf0e1ffb50a340218cf3cee68e1948af - - default default] Unable to schedule network f80b4ada-0bed-4563-8774-c30baafecb7f: no agents available; will retry on subsequent port and subnet creation events.
2026-07-22 23:21:45.692 10 WARNING neutron.plugins.ml2.drivers.ovn.mech_driver.ovsdb.ovn_client [None req-bc687c49-6adf-4944-a055-3629312b5243 - - - - - -] No hosting information found for port 09d50c34-ff49-4377-adac-60f1311d180d: RuntimeError: No hosting information found for port 09d50c34-ff49-4377-adac-60f1311d180d
2026-07-22 23:21:45.752 10 INFO neutron.db.ovn_revision_numbers_db [None req-fe593949-daba-4b9c-b2c7-25dbc1999376 cf73f69d1f7e49a59cf81fa0f22f15b3 54c749f18dbc43a79f6dd70b33b72377 - - default default] Successfully bumped revision number for resource 8ab5fdd7-f538-43e6-a91a-c41366d318d1 (type: security_groups) to 1
2026-07-22 23:21:45.774 10 INFO neutron.wsgi [None req-fe593949-daba-4b9c-b2c7-25dbc1999376 cf73f69d1f7e49a59cf81fa0f22f15b3 54c749f18dbc43a79f6dd70b33b72377 - - default default] 10.0.0.216 "GET /v2.0/security-groups?tenant_id=231db1547d704d08aeceaec166969c02&name=default HTTP/1.1" status: 200 len: 2996 time: 0.3575859
2026-07-22 23:21:45.831 9 INFO neutron.db.ovn_revision_numbers_db [None req-6438aa2b-71b1-44ef-91ff-94fa0e260d74 5d2ca1fd29234a1d8c63dcff8c931ce5 bf0e1ffb50a340218cf3cee68e1948af - - - -] Successfully bumped revision number for resource 1d72544b-dd09-441e-abad-919fa7af3d7b (type: router_ports) to 2
2026-07-22 23:21:45.834 9 INFO neutron.wsgi [None req-6438aa2b-71b1-44ef-91ff-94fa0e260d74 5d2ca1fd29234a1d8c63dcff8c931ce5 bf0e1ffb50a340218cf3cee68e1948af - - - -] 10.0.0.216 "PUT /v2.0/routers/6cc7c259-6cc3-4c72-9387-0f06175c2545/add_router_interface HTTP/1.1" status: 200 len: 503 time: 1.6006813
2026-07-22 23:21:45.871 9 INFO neutron.wsgi [None req-58fec481-02c8-4515-aa3c-7dfeba43e2ce 5d2ca1fd29234a1d8c63dcff8c931ce5 bf0e1ffb50a340218cf3cee68e1948af - - default default] 10.0.0.216 "GET /v2.0/ports/1d72544b-dd09-441e-abad-919fa7af3d7b HTTP/1.1" status: 200 len: 1135 time: 0.0310538
2026-07-22 23:21:45.905 9 INFO neutron.wsgi [None req-55c2fdc5-baf3-4f68-9c40-5b18835323cf 5d2ca1fd29234a1d8c63dcff8c931ce5 bf0e1ffb50a340218cf3cee68e1948af - - default default] 10.0.0.216 "GET /v2.0/ports/1d72544b-dd09-441e-abad-919fa7af3d7b HTTP/1.1" status: 200 len: 1135 time: 0.0291915
2026-07-22 23:21:45.967 10 INFO neutron.wsgi [None req-a070164b-4cc1-4b7c-b654-40d1b4c6131b cf73f69d1f7e49a59cf81fa0f22f15b3 54c749f18dbc43a79f6dd70b33b72377 - - - -] 10.0.0.216 "DELETE /v2.0/security-groups/8ab5fdd7-f538-43e6-a91a-c41366d318d1 HTTP/1.1" status: 204 len: 168 time: 0.1879084
2026-07-22 23:21:46.169 9 INFO neutron.wsgi [req-d0bbb346-eee0-41f9-866a-455d7b8e2fbd req-353a61e2-5a8d-46d8-935f-30a5ae727df2 545a8bf425fe4b9f8984786c7c1071ed d7244ebda5424d4c9f3fb95fa03de378 - - default default] 10.0.0.112 "GET /v2.0/security-groups?name=tempest-securitygroup--1754308270&fields=id&tenant_id=d7244ebda5424d4c9f3fb95fa03de378 HTTP/1.1" status: 200 len: 267 time: 0.0289402
2026-07-22 23:21:46.234 9 INFO neutron.wsgi [req-d0bbb346-eee0-41f9-866a-455d7b8e2fbd req-7aee4b66-0e58-40a1-858e-1f2cc18be108 545a8bf425fe4b9f8984786c7c1071ed d7244ebda5424d4c9f3fb95fa03de378 - - default default] 10.0.0.112 "GET /v2.0/networks?id=d9c8b98d-b3d7-4ac9-a2c9-629ce3b779c3 HTTP/1.1" status: 200 len: 879 time: 0.0585942
2026-07-22 23:21:46.252 9 INFO neutron.wsgi [req-d0bbb346-eee0-41f9-866a-455d7b8e2fbd req-e3125d7e-28f1-4596-a3a9-fb64a76f8378 545a8bf425fe4b9f8984786c7c1071ed d7244ebda5424d4c9f3fb95fa03de378 - - default default] 10.0.0.112 "GET /v2.0/quotas/d7244ebda5424d4c9f3fb95fa03de378 HTTP/1.1" status: 200 len: 386 time: 0.0111394
2026-07-22 23:21:46.359 9 INFO neutron.wsgi [req-d0bbb346-eee0-41f9-866a-455d7b8e2fbd req-4942cb82-368e-4cdd-a647-6eaab4918c1c 545a8bf425fe4b9f8984786c7c1071ed d7244ebda5424d4c9f3fb95fa03de378 - - default default] 10.0.0.112 "GET /v2.0/ports?tenant_id=d7244ebda5424d4c9f3fb95fa03de378&fields=id HTTP/1.1" status: 200 len: 302 time: 0.1011615
2026-07-22 23:21:46.432 9 INFO neutron.wsgi [req-d0bbb346-eee0-41f9-866a-455d7b8e2fbd req-626596c8-82ef-4e05-b59e-7593f35a3b0e 404045f7f66148ca87b33c3deb64ffac e48df614e2a542a690e1cc22a276933b - - 5e99659270f44b0f8c46fcb0fc3691df 5e99659270f44b0f8c46fcb0fc3691df] 10.0.0.112 "GET /v2.0/networks/d9c8b98d-b3d7-4ac9-a2c9-629ce3b779c3?fields=segments HTTP/1.1" status: 200 len: 212 time: 0.0567851
2026-07-22 23:21:46.491 9 INFO neutron.wsgi [req-d0bbb346-eee0-41f9-866a-455d7b8e2fbd req-8b20acb7-d388-4df9-8e5f-74026aa44ef2 404045f7f66148ca87b33c3deb64ffac e48df614e2a542a690e1cc22a276933b - - 5e99659270f44b0f8c46fcb0fc3691df 5e99659270f44b0f8c46fcb0fc3691df] 10.0.0.112 "GET /v2.0/networks/d9c8b98d-b3d7-4ac9-a2c9-629ce3b779c3?fields=provider%3Aphysical_network&fields=provider%3Anetwork_type HTTP/1.1" status: 200 len: 277 time: 0.0496144
2026-07-22 23:21:46.804 10 INFO neutron.wsgi [req-83ccb34b-e932-4df7-9487-38701d2fc760 req-600324c9-753f-49cb-8703-769ebfc9d36a 545a8bf425fe4b9f8984786c7c1071ed d7244ebda5424d4c9f3fb95fa03de378 - - default default] 10.0.0.112 "GET /v2.0/ports?device_id=51e5debf-e48c-45a6-b200-5195515566ed HTTP/1.1" status: 200 len: 210 time: 0.0230556
2026-07-22 23:21:46.989 10 INFO neutron.wsgi [None req-cdfd85ac-d388-4757-8893-5627ba2c5391 5d2ca1fd29234a1d8c63dcff8c931ce5 bf0e1ffb50a340218cf3cee68e1948af - - default default] 10.0.0.216 "GET /v2.0/ports/1d72544b-dd09-441e-abad-919fa7af3d7b HTTP/1.1" status: 200 len: 1135 time: 0.0766816
2026-07-22 23:21:47.882 10 INFO neutron.wsgi [req-d0bbb346-eee0-41f9-866a-455d7b8e2fbd req-dbcfe21b-08ed-44b1-8e9c-67f5c3ab2059 545a8bf425fe4b9f8984786c7c1071ed d7244ebda5424d4c9f3fb95fa03de378 - - default default] 199.19.213.74 "GET /v2.0/networks?id=d9c8b98d-b3d7-4ac9-a2c9-629ce3b779c3 HTTP/1.1" status: 200 len: 879 time: 0.1036575
2026-07-22 23:21:47.922 9 INFO neutron.wsgi [req-2297f3de-c4ef-4927-8d96-b0f8fa567cfa req-44e20471-ec8a-4506-ab82-ec3926f5aec1 545a8bf425fe4b9f8984786c7c1071ed d7244ebda5424d4c9f3fb95fa03de378 - - default default] 10.0.0.112 "GET /v2.0/ports?device_id=51e5debf-e48c-45a6-b200-5195515566ed HTTP/1.1" status: 200 len: 210 time: 0.0322511
2026-07-22 23:21:47.933 10 INFO neutron.wsgi [req-d0bbb346-eee0-41f9-866a-455d7b8e2fbd req-f1c7433d-bbd1-44df-a181-4182776d4cc9 545a8bf425fe4b9f8984786c7c1071ed d7244ebda5424d4c9f3fb95fa03de378 - - default default] 199.19.213.74 "GET /v2.0/security-groups?fields=id&fields=name&tenant_id=d7244ebda5424d4c9f3fb95fa03de378 HTTP/1.1" status: 200 len: 380 time: 0.0448048
2026-07-22 23:21:48.095 9 INFO neutron.wsgi [None req-42be5b77-1767-4646-95c7-79ecf9afcf70 5d2ca1fd29234a1d8c63dcff8c931ce5 bf0e1ffb50a340218cf3cee68e1948af - - default default] 10.0.0.216 "GET /v2.0/ports/1d72544b-dd09-441e-abad-919fa7af3d7b HTTP/1.1" status: 200 len: 1135 time: 0.0995550
2026-07-22 23:21:48.288 10 WARNING neutron.scheduler.dhcp_agent_scheduler [None req-2e6a67c1-6c1b-4d6b-9e6d-474150d106d2 545a8bf425fe4b9f8984786c7c1071ed d7244ebda5424d4c9f3fb95fa03de378 - - - -] No more DHCP agents
2026-07-22 23:21:48.291 10 WARNING neutron.api.rpc.agentnotifiers.dhcp_rpc_agent_api [None req-2e6a67c1-6c1b-4d6b-9e6d-474150d106d2 545a8bf425fe4b9f8984786c7c1071ed d7244ebda5424d4c9f3fb95fa03de378 - - - -] Unable to schedule network d9c8b98d-b3d7-4ac9-a2c9-629ce3b779c3: no agents available; will retry on subsequent port and subnet creation events.
2026-07-22 23:21:48.481 10 INFO neutron.db.ovn_revision_numbers_db [None req-2e6a67c1-6c1b-4d6b-9e6d-474150d106d2 545a8bf425fe4b9f8984786c7c1071ed d7244ebda5424d4c9f3fb95fa03de378 - - - -] Successfully bumped revision number for resource 871078cd-03e7-4db9-92a0-bb237b83c621 (type: ports) to 1
2026-07-22 23:21:48.504 10 INFO neutron.wsgi [None req-2e6a67c1-6c1b-4d6b-9e6d-474150d106d2 545a8bf425fe4b9f8984786c7c1071ed d7244ebda5424d4c9f3fb95fa03de378 - - - -] 199.19.213.74 "POST /v2.0/ports HTTP/1.1" status: 201 len: 1158 time: 0.5455155 /var/lib/openstack/lib/python3.10/site-packages/pycadf/identifier.py:71: UserWarning: Invalid uuid: neutron. To ensure interoperability, identifiers should be a valid uuid. warnings.warn(('Invalid uuid: %s. To ensure interoperability, '
