2026-07-22 23:24:25.394 10 INFO neutron.wsgi [req-2a648638-7b3c-40f2-954f-1fe3625295f3 req-1935ee82-9ed3-46fd-9100-32bb565984e7 404045f7f66148ca87b33c3deb64ffac e48df614e2a542a690e1cc22a276933b - - 5e99659270f44b0f8c46fcb0fc3691df 5e99659270f44b0f8c46fcb0fc3691df] 10.0.0.112 "GET /v2.0/networks/a06ba51a-109a-45b4-a7ef-c0cb6316f721?fields=provider%3Aphysical_network&fields=provider%3Anetwork_type HTTP/1.1" status: 200 len: 277 time: 0.0625162
2026-07-22 23:24:25.563 9 INFO neutron.wsgi [req-81ea439a-e2fd-47da-91ae-e60bc4cb66ce req-7dc0cca1-c0cf-447c-9d9d-66b5baec8755 bcf5f09bbc944c749de0e93ea08a5545 df8601d3a87f4cad9aa1a792c787b4bb - - default default] 10.0.0.112 "GET /v2.0/ports?device_id=f6d9e72f-fd03-4ed9-a8e3-439d09cd8691 HTTP/1.1" status: 200 len: 210 time: 0.0203629
2026-07-22 23:24:25.946 10 INFO neutron.plugins.ml2.drivers.ovn.mech_driver.ovsdb.ovsdb_monitor [None req-3d65cf31-be1a-40d1-a3ed-638be7ca5365 - - - - - -] Router 6f2b5cfe-03f8-49c5-8307-07cd699450cd is bound to host instance
2026-07-22 23:24:25.957 9 INFO neutron.db.ovn_revision_numbers_db [None req-c519e301-880e-4829-885b-49f3c3a4a722 49bcf7eb5c7b441d8b867f0be0e65ccc 380685955c034a3781b3da8357c51553 - - - -] Successfully bumped revision number for resource 6678b6ac-1f5b-46c1-8334-ded58df549e7 (type: router_ports) to 1
2026-07-22 23:24:26.042 9 INFO neutron.db.ovn_revision_numbers_db [None req-c519e301-880e-4829-885b-49f3c3a4a722 49bcf7eb5c7b441d8b867f0be0e65ccc 380685955c034a3781b3da8357c51553 - - - -] Successfully bumped revision number for resource 6f2b5cfe-03f8-49c5-8307-07cd699450cd (type: routers) to 3
2026-07-22 23:24:26.065 9 INFO neutron.wsgi [None req-c519e301-880e-4829-885b-49f3c3a4a722 49bcf7eb5c7b441d8b867f0be0e65ccc 380685955c034a3781b3da8357c51553 - - - -] 10.0.0.216 "POST /v2.0/routers HTTP/1.1" status: 201 len: 864 time: 1.7315316
2026-07-22 23:24:26.246 10 WARNING neutron.plugins.ml2.drivers.ovn.mech_driver.ovsdb.ovn_client [None req-bc687c49-6adf-4944-a055-3629312b5243 - - - - - -] No hosting information found for port e9693fc6-db74-4d03-99be-bfd75fe5cca5: RuntimeError: No hosting information found for port e9693fc6-db74-4d03-99be-bfd75fe5cca5
2026-07-22 23:24:26.247 10 INFO neutron.plugins.ml2.drivers.ovn.mech_driver.mech_driver [None req-bc687c49-6adf-4944-a055-3629312b5243 - - - - - -] OVN reports status up for port: 6678b6ac-1f5b-46c1-8334-ded58df549e7
2026-07-22 23:24:26.270 10 INFO neutron.plugins.ml2.plugin [None req-bc687c49-6adf-4944-a055-3629312b5243 - - - - - -] Attempt 1 to provision port 6678b6ac-1f5b-46c1-8334-ded58df549e7
2026-07-22 23:24:26.424 10 INFO neutron.wsgi [req-2a648638-7b3c-40f2-954f-1fe3625295f3 req-b8bd1b3b-5245-418f-817a-88bee0f95404 bcf5f09bbc944c749de0e93ea08a5545 df8601d3a87f4cad9aa1a792c787b4bb - - default default] 199.19.213.74 "GET /v2.0/networks?id=a06ba51a-109a-45b4-a7ef-c0cb6316f721 HTTP/1.1" status: 200 len: 871 time: 0.1298063
2026-07-22 23:24:26.528 10 INFO neutron.wsgi [req-2a648638-7b3c-40f2-954f-1fe3625295f3 req-c8961985-3f65-4fe3-853a-bbe56410bc51 bcf5f09bbc944c749de0e93ea08a5545 df8601d3a87f4cad9aa1a792c787b4bb - - default default] 199.19.213.74 "GET /v2.0/security-groups?fields=id&fields=name&tenant_id=df8601d3a87f4cad9aa1a792c787b4bb HTTP/1.1" status: 200 len: 473 time: 0.0980949
2026-07-22 23:24:26.630 10 INFO neutron.db.ovn_revision_numbers_db [None req-3d65cf31-be1a-40d1-a3ed-638be7ca5365 - - - - - -] Successfully bumped revision number for resource 6678b6ac-1f5b-46c1-8334-ded58df549e7 (type: ports) to 1
2026-07-22 23:24:26.658 10 INFO neutron.wsgi [req-147f6d9a-8f52-4217-9c4d-21138f55c957 req-2ce16b74-5518-4c4d-9fd5-85854bcb113e bcf5f09bbc944c749de0e93ea08a5545 df8601d3a87f4cad9aa1a792c787b4bb - - default default] 10.0.0.112 "GET /v2.0/ports?device_id=f6d9e72f-fd03-4ed9-a8e3-439d09cd8691 HTTP/1.1" status: 200 len: 210 time: 0.0300148
2026-07-22 23:24:26.717 9 WARNING neutron.scheduler.dhcp_agent_scheduler [None req-0809746a-7022-482c-bb5c-6b14c9dc0225 49bcf7eb5c7b441d8b867f0be0e65ccc 380685955c034a3781b3da8357c51553 - - default default] No more DHCP agents
2026-07-22 23:24:26.718 9 WARNING neutron.api.rpc.agentnotifiers.dhcp_rpc_agent_api [None req-0809746a-7022-482c-bb5c-6b14c9dc0225 49bcf7eb5c7b441d8b867f0be0e65ccc 380685955c034a3781b3da8357c51553 - - default default] Unable to schedule network 109c2287-324f-4331-b5be-d3e9bfe5dc51: no agents available; will retry on subsequent port and subnet creation events.
2026-07-22 23:24:27.138 9 INFO neutron.db.ovn_revision_numbers_db [None req-0809746a-7022-482c-bb5c-6b14c9dc0225 49bcf7eb5c7b441d8b867f0be0e65ccc 380685955c034a3781b3da8357c51553 - - default default] Successfully bumped revision number for resource 6164d1a9-38c5-4d16-9c5f-c4f9c5c5f218 (type: ports) to 1
2026-07-22 23:24:27.253 10 INFO neutron.db.ovn_revision_numbers_db [None req-3d65cf31-be1a-40d1-a3ed-638be7ca5365 - - - - - -] Successfully bumped revision number for resource 6678b6ac-1f5b-46c1-8334-ded58df549e7 (type: router_ports) to 3
2026-07-22 23:24:27.336 10 WARNING neutron.scheduler.dhcp_agent_scheduler [None req-86f629fd-e7e2-41a1-b67d-e415c33eab4d bcf5f09bbc944c749de0e93ea08a5545 df8601d3a87f4cad9aa1a792c787b4bb - - - -] No more DHCP agents
2026-07-22 23:24:27.340 10 WARNING neutron.api.rpc.agentnotifiers.dhcp_rpc_agent_api [None req-86f629fd-e7e2-41a1-b67d-e415c33eab4d bcf5f09bbc944c749de0e93ea08a5545 df8601d3a87f4cad9aa1a792c787b4bb - - - -] Unable to schedule network a06ba51a-109a-45b4-a7ef-c0cb6316f721: no agents available; will retry on subsequent port and subnet creation events.
2026-07-22 23:24:27.379 9 INFO neutron.db.ovn_revision_numbers_db [None req-c4b5ef29-0b56-4f67-b443-241be118adc0 cf73f69d1f7e49a59cf81fa0f22f15b3 54c749f18dbc43a79f6dd70b33b72377 - - default default] Successfully bumped revision number for resource 7e3aa44c-9ee3-4742-abec-83aa0c9c7b82 (type: security_groups) to 1
2026-07-22 23:24:27.412 9 INFO neutron.wsgi [None req-c4b5ef29-0b56-4f67-b443-241be118adc0 cf73f69d1f7e49a59cf81fa0f22f15b3 54c749f18dbc43a79f6dd70b33b72377 - - default default] 10.0.0.216 "GET /v2.0/security-groups?tenant_id=bed6704755c24fd5b7a3765a18e02149&name=default HTTP/1.1" status: 200 len: 3000 time: 0.3838043 /var/lib/openstack/lib/python3.10/site-packages/pycadf/identifier.py:71: UserWarning: Invalid uuid: neutron. To ensure interoperability, identifiers should be a valid uuid. warnings.warn(('Invalid uuid: %s. To ensure interoperability, '
2026-07-22 23:24:27.458 10 INFO neutron.db.ovn_revision_numbers_db [None req-3d65cf31-be1a-40d1-a3ed-638be7ca5365 - - - - - -] Successfully bumped revision number for resource 6678b6ac-1f5b-46c1-8334-ded58df549e7 (type: ports) to 2
2026-07-22 23:24:27.562 10 INFO neutron.db.ovn_revision_numbers_db [None req-86f629fd-e7e2-41a1-b67d-e415c33eab4d bcf5f09bbc944c749de0e93ea08a5545 df8601d3a87f4cad9aa1a792c787b4bb - - - -] Successfully bumped revision number for resource 5994aef1-686c-4e90-ae07-10bc1907876a (type: ports) to 1
2026-07-22 23:24:27.607 10 INFO neutron.wsgi [None req-86f629fd-e7e2-41a1-b67d-e415c33eab4d bcf5f09bbc944c749de0e93ea08a5545 df8601d3a87f4cad9aa1a792c787b4bb - - - -] 199.19.213.74 "POST /v2.0/ports HTTP/1.1" status: 201 len: 1197 time: 1.0331228
2026-07-22 23:24:27.702 10 INFO neutron.plugins.ml2.drivers.ovn.mech_driver.mech_driver [None req-bc687c49-6adf-4944-a055-3629312b5243 - - - - - -] OVN reports status up for port: 6164d1a9-38c5-4d16-9c5f-c4f9c5c5f218
2026-07-22 23:24:27.716 9 INFO neutron.db.ovn_revision_numbers_db [None req-0809746a-7022-482c-bb5c-6b14c9dc0225 49bcf7eb5c7b441d8b867f0be0e65ccc 380685955c034a3781b3da8357c51553 - - default default] Successfully bumped revision number for resource 6164d1a9-38c5-4d16-9c5f-c4f9c5c5f218 (type: router_ports) to 2
2026-07-22 23:24:27.719 10 INFO neutron.plugins.ml2.plugin [None req-bc687c49-6adf-4944-a055-3629312b5243 - - - - - -] Attempt 1 to provision port 6164d1a9-38c5-4d16-9c5f-c4f9c5c5f218
2026-07-22 23:24:27.836 10 INFO neutron.wsgi [None req-7f2a371c-0471-47c0-82a6-db4b00ec80e2 cf73f69d1f7e49a59cf81fa0f22f15b3 54c749f18dbc43a79f6dd70b33b72377 - - - -] 10.0.0.216 "DELETE /v2.0/security-groups/7e3aa44c-9ee3-4742-abec-83aa0c9c7b82 HTTP/1.1" status: 204 len: 168 time: 0.4112780
2026-07-22 23:24:27.850 10 INFO neutron.db.ovn_revision_numbers_db [None req-3d65cf31-be1a-40d1-a3ed-638be7ca5365 - - - - - -] Successfully bumped revision number for resource 6678b6ac-1f5b-46c1-8334-ded58df549e7 (type: ports) to 4
2026-07-22 23:24:27.862 9 INFO neutron.wsgi [req-59951d04-4636-443d-9d71-d984455e9526 req-7c950ab4-4062-4de0-9bc6-0474740aab9f bcf5f09bbc944c749de0e93ea08a5545 df8601d3a87f4cad9aa1a792c787b4bb - - default default] 10.0.0.112 "GET /v2.0/ports?device_id=f6d9e72f-fd03-4ed9-a8e3-439d09cd8691 HTTP/1.1" status: 200 len: 1195 time: 0.1150186
2026-07-22 23:24:27.917 9 INFO neutron.db.ovn_revision_numbers_db [None req-0809746a-7022-482c-bb5c-6b14c9dc0225 49bcf7eb5c7b441d8b867f0be0e65ccc 380685955c034a3781b3da8357c51553 - - default default] Successfully bumped revision number for resource 6164d1a9-38c5-4d16-9c5f-c4f9c5c5f218 (type: ports) to 2
2026-07-22 23:24:27.925 9 INFO neutron.wsgi [req-59951d04-4636-443d-9d71-d984455e9526 req-c8bd6b40-e391-4cd7-9945-982041426b5d bcf5f09bbc944c749de0e93ea08a5545 df8601d3a87f4cad9aa1a792c787b4bb - - default default] 10.0.0.112 "GET /v2.0/security-groups?id=77a35c4a-d070-4666-8ebe-a1a9d7179ff5&id=52e8ce9c-4681-431a-82a0-584cc63e64af&fields=id&fields=name HTTP/1.1" status: 200 len: 406 time: 0.0566530
2026-07-22 23:24:27.996 9 WARNING neutron.scheduler.dhcp_agent_scheduler [None req-0809746a-7022-482c-bb5c-6b14c9dc0225 49bcf7eb5c7b441d8b867f0be0e65ccc 380685955c034a3781b3da8357c51553 - - default default] No more DHCP agents
2026-07-22 23:24:27.997 9 WARNING neutron.api.rpc.agentnotifiers.dhcp_rpc_agent_api [None req-0809746a-7022-482c-bb5c-6b14c9dc0225 49bcf7eb5c7b441d8b867f0be0e65ccc 380685955c034a3781b3da8357c51553 - - default default] Unable to schedule network 109c2287-324f-4331-b5be-d3e9bfe5dc51: no agents available; will retry on subsequent port and subnet creation events.
2026-07-22 23:24:28.309 10 INFO neutron.db.ovn_revision_numbers_db [None req-4d3abcd0-4b02-4975-9cc8-0e30b3a70232 cf73f69d1f7e49a59cf81fa0f22f15b3 54c749f18dbc43a79f6dd70b33b72377 - - default default] Successfully bumped revision number for resource 37128ef0-a7e9-4458-abe3-744c80e0e967 (type: security_groups) to 1
2026-07-22 23:24:28.350 10 INFO neutron.wsgi [None req-4d3abcd0-4b02-4975-9cc8-0e30b3a70232 cf73f69d1f7e49a59cf81fa0f22f15b3 54c749f18dbc43a79f6dd70b33b72377 - - default default] 10.0.0.216 "GET /v2.0/security-groups?tenant_id=c897a3daa5484eeca92d46ee3d40a0eb&name=default HTTP/1.1" status: 200 len: 3000 time: 0.3324206
2026-07-22 23:24:28.368 10 INFO neutron.db.ovn_revision_numbers_db [None req-3d65cf31-be1a-40d1-a3ed-638be7ca5365 - - - - - -] Successfully bumped revision number for resource 6678b6ac-1f5b-46c1-8334-ded58df549e7 (type: router_ports) to 4
2026-07-22 23:24:28.369 9 INFO neutron.db.ovn_revision_numbers_db [None req-0809746a-7022-482c-bb5c-6b14c9dc0225 49bcf7eb5c7b441d8b867f0be0e65ccc 380685955c034a3781b3da8357c51553 - - - -] Successfully bumped revision number for resource 6164d1a9-38c5-4d16-9c5f-c4f9c5c5f218 (type: router_ports) to 3
2026-07-22 23:24:28.371 9 INFO neutron.wsgi [None req-0809746a-7022-482c-bb5c-6b14c9dc0225 49bcf7eb5c7b441d8b867f0be0e65ccc 380685955c034a3781b3da8357c51553 - - - -] 10.0.0.216 "PUT /v2.0/routers/6f2b5cfe-03f8-49c5-8307-07cd699450cd/add_router_interface HTTP/1.1" status: 200 len: 503 time: 2.3010907
2026-07-22 23:24:28.386 10 INFO neutron.db.ovn_revision_numbers_db [None req-bc687c49-6adf-4944-a055-3629312b5243 - - - - - -] Successfully bumped revision number for resource 6164d1a9-38c5-4d16-9c5f-c4f9c5c5f218 (type: ports) to 3
2026-07-22 23:24:28.396 10 INFO neutron.db.ovn_revision_numbers_db [None req-b9336382-1d4f-448d-8540-ce1e7af13378 404045f7f66148ca87b33c3deb64ffac e48df614e2a542a690e1cc22a276933b - - - -] Successfully bumped revision number for resource 5994aef1-686c-4e90-ae07-10bc1907876a (type: ports) to 2
2026-07-22 23:24:28.656 9 INFO neutron.wsgi [None req-0e96c5de-0377-4d17-abed-63d087f50aa6 cf73f69d1f7e49a59cf81fa0f22f15b3 54c749f18dbc43a79f6dd70b33b72377 - - - -] 10.0.0.216 "DELETE /v2.0/security-groups/37128ef0-a7e9-4458-abe3-744c80e0e967 HTTP/1.1" status: 204 len: 168 time: 0.2976191
2026-07-22 23:24:28.799 10 INFO neutron.db.ovn_revision_numbers_db [None req-bc687c49-6adf-4944-a055-3629312b5243 - - - - - -] Successfully bumped revision number for resource 6164d1a9-38c5-4d16-9c5f-c4f9c5c5f218 (type: router_ports) to 3
2026-07-22 23:24:28.857 9 INFO neutron.wsgi [None req-d355041a-609d-4c69-a690-b0ff39982cf4 dca8cc8684c4438b85defa975cc5b647 6c359c2fdd60438aa8a61adea0656065 - - - -] 10.0.0.216 "POST /v2.0/subnetpools HTTP/1.1" status: 201 len: 715 time: 0.3014803
2026-07-22 23:24:28.927 10 INFO neutron.db.ovn_revision_numbers_db [None req-b9336382-1d4f-448d-8540-ce1e7af13378 404045f7f66148ca87b33c3deb64ffac e48df614e2a542a690e1cc22a276933b - - - -] Successfully bumped revision number for resource 5994aef1-686c-4e90-ae07-10bc1907876a (type: ports) to 2
2026-07-22 23:24:28.941 10 INFO neutron.wsgi [None req-b9336382-1d4f-448d-8540-ce1e7af13378 404045f7f66148ca87b33c3deb64ffac e48df614e2a542a690e1cc22a276933b - - - -] 199.19.213.74 "PUT /v2.0/ports/5994aef1-686c-4e90-ae07-10bc1907876a HTTP/1.1" status: 200 len: 1367 time: 1.3243802
2026-07-22 23:24:28.951 9 INFO neutron.wsgi [None req-e6ef08f1-ca62-4ba8-a82c-6cf696e816fa dca8cc8684c4438b85defa975cc5b647 6c359c2fdd60438aa8a61adea0656065 - - - -] 10.0.0.216 "POST /v2.0/subnetpools HTTP/1.1" status: 201 len: 715 time: 0.0876777
2026-07-22 23:24:28.981 10 INFO neutron.notifiers.nova [-] Nova event matching ['req-99cb6e7b-e783-4396-9261-fdc19e47e2ab'] response: {'name': 'network-changed', 'server_uuid': 'f6d9e72f-fd03-4ed9-a8e3-439d09cd8691', 'tag': '5994aef1-686c-4e90-ae07-10bc1907876a', 'status': 'completed', 'code': 200} /var/lib/openstack/lib/python3.10/site-packages/pycadf/identifier.py:71: UserWarning: Invalid uuid: neutron. To ensure interoperability, identifiers should be a valid uuid. warnings.warn(('Invalid uuid: %s. To ensure interoperability, '
2026-07-22 23:24:29.027 10 INFO neutron.wsgi [req-2a648638-7b3c-40f2-954f-1fe3625295f3 req-6f750b37-e39c-4de0-b211-5019750f6bd3 404045f7f66148ca87b33c3deb64ffac e48df614e2a542a690e1cc22a276933b - - 5e99659270f44b0f8c46fcb0fc3691df 5e99659270f44b0f8c46fcb0fc3691df] 199.19.213.74 "GET /v2.0/ports?tenant_id=df8601d3a87f4cad9aa1a792c787b4bb&device_id=f6d9e72f-fd03-4ed9-a8e3-439d09cd8691 HTTP/1.1" status: 200 len: 1398 time: 0.0319424
2026-07-22 23:24:29.062 10 INFO neutron.wsgi [req-2a648638-7b3c-40f2-954f-1fe3625295f3 req-fc39dcbc-c024-4c0d-8053-021741c6f5bf 404045f7f66148ca87b33c3deb64ffac e48df614e2a542a690e1cc22a276933b - - 5e99659270f44b0f8c46fcb0fc3691df 5e99659270f44b0f8c46fcb0fc3691df] 199.19.213.74 "GET /v2.0/floatingips?fixed_ip_address=10.100.0.6&port_id=5994aef1-686c-4e90-ae07-10bc1907876a HTTP/1.1" status: 200 len: 217 time: 0.0284581
2026-07-22 23:24:29.064 9 INFO neutron.wsgi [req-ab5fb211-0890-4752-9eb9-be81a9f94dd0 req-d0cbc490-be71-4334-aed7-54c405b6bbe9 bcf5f09bbc944c749de0e93ea08a5545 df8601d3a87f4cad9aa1a792c787b4bb - - default default] 10.0.0.112 "GET /v2.0/ports?device_id=f6d9e72f-fd03-4ed9-a8e3-439d09cd8691 HTTP/1.1" status: 200 len: 1208 time: 0.0570388
2026-07-22 23:24:29.068 9 WARNING neutron.scheduler.dhcp_agent_scheduler [None req-b9f99b90-8809-4f1a-8404-e17c43c988dd 49bcf7eb5c7b441d8b867f0be0e65ccc 380685955c034a3781b3da8357c51553 - - default default] No more DHCP agents
2026-07-22 23:24:29.071 9 WARNING neutron.api.rpc.agentnotifiers.dhcp_rpc_agent_api [None req-b9f99b90-8809-4f1a-8404-e17c43c988dd 49bcf7eb5c7b441d8b867f0be0e65ccc 380685955c034a3781b3da8357c51553 - - default default] Unable to schedule network 118e93e3-6ed6-4fab-b8ae-0afba851b19f: no agents available; will retry on subsequent port and subnet creation events.
2026-07-22 23:24:29.075 9 INFO neutron.wsgi [None req-140a391e-f3e8-460b-a74e-6ee28156369e dca8cc8684c4438b85defa975cc5b647 6c359c2fdd60438aa8a61adea0656065 - - - -] 10.0.0.216 "POST /v2.0/subnetpools HTTP/1.1" status: 201 len: 715 time: 0.1198316
2026-07-22 23:24:29.097 10 INFO neutron.wsgi [req-2a648638-7b3c-40f2-954f-1fe3625295f3 req-112beddd-0f60-44a4-bef8-7f308a61f455 404045f7f66148ca87b33c3deb64ffac e48df614e2a542a690e1cc22a276933b - - 5e99659270f44b0f8c46fcb0fc3691df 5e99659270f44b0f8c46fcb0fc3691df] 199.19.213.74 "GET /v2.0/subnets?id=aa08aa67-6393-4f82-8647-ef2792e21930 HTTP/1.1" status: 200 len: 865 time: 0.0291433
2026-07-22 23:24:29.128 10 INFO neutron.wsgi [req-2a648638-7b3c-40f2-954f-1fe3625295f3 req-93bd1d32-61d2-44a8-bae7-73e9d003ddd0 404045f7f66148ca87b33c3deb64ffac e48df614e2a542a690e1cc22a276933b - - 5e99659270f44b0f8c46fcb0fc3691df 5e99659270f44b0f8c46fcb0fc3691df] 199.19.213.74 "GET /v2.0/ports?network_id=a06ba51a-109a-45b4-a7ef-c0cb6316f721&device_owner=network%3Adhcp HTTP/1.1" status: 200 len: 210 time: 0.0216815
2026-07-22 23:24:29.154 9 INFO neutron.wsgi [req-ab5fb211-0890-4752-9eb9-be81a9f94dd0 req-da602ba3-7ac5-43da-a02a-92d74279a727 bcf5f09bbc944c749de0e93ea08a5545 df8601d3a87f4cad9aa1a792c787b4bb - - default default] 10.0.0.112 "GET /v2.0/security-groups?id=77a35c4a-d070-4666-8ebe-a1a9d7179ff5&id=52e8ce9c-4681-431a-82a0-584cc63e64af&fields=id&fields=name HTTP/1.1" status: 200 len: 406 time: 0.0785604
2026-07-22 23:24:29.191 9 INFO neutron.wsgi [None req-e75f67e1-ac38-4107-bfaa-69e6dce50f6d dca8cc8684c4438b85defa975cc5b647 6c359c2fdd60438aa8a61adea0656065 - - - -] 10.0.0.216 "POST /v2.0/subnetpools HTTP/1.1" status: 201 len: 715 time: 0.1127591
2026-07-22 23:24:29.208 10 INFO neutron.wsgi [req-2a648638-7b3c-40f2-954f-1fe3625295f3 req-8776bad9-7d6b-40d9-9aed-cd81c4619691 404045f7f66148ca87b33c3deb64ffac e48df614e2a542a690e1cc22a276933b - - 5e99659270f44b0f8c46fcb0fc3691df 5e99659270f44b0f8c46fcb0fc3691df] 199.19.213.74 "GET /v2.0/networks/a06ba51a-109a-45b4-a7ef-c0cb6316f721?fields=segments HTTP/1.1" status: 200 len: 212 time: 0.0716493
2026-07-22 23:24:29.275 9 INFO neutron.db.ovn_revision_numbers_db [None req-b9f99b90-8809-4f1a-8404-e17c43c988dd 49bcf7eb5c7b441d8b867f0be0e65ccc 380685955c034a3781b3da8357c51553 - - default default] Successfully bumped revision number for resource 0a8c1477-0930-4267-87e8-875e58cac74f (type: ports) to 1
2026-07-22 23:24:29.283 10 INFO neutron.wsgi [None req-e6958447-f81d-430a-af1c-7c6e32707ee1 dca8cc8684c4438b85defa975cc5b647 6c359c2fdd60438aa8a61adea0656065 - - - -] 10.0.0.216 "POST /v2.0/subnetpools HTTP/1.1" status: 201 len: 715 time: 0.0861747
2026-07-22 23:24:29.299 10 INFO neutron.wsgi [req-2a648638-7b3c-40f2-954f-1fe3625295f3 req-85569af5-3bc5-4090-bc7d-89ecb53004bb 404045f7f66148ca87b33c3deb64ffac e48df614e2a542a690e1cc22a276933b - - 5e99659270f44b0f8c46fcb0fc3691df 5e99659270f44b0f8c46fcb0fc3691df] 199.19.213.74 "GET /v2.0/networks/a06ba51a-109a-45b4-a7ef-c0cb6316f721?fields=provider%3Aphysical_network&fields=provider%3Anetwork_type HTTP/1.1" status: 200 len: 277 time: 0.0820312
2026-07-22 23:24:29.326 10 INFO neutron.wsgi [None req-5cd6fd2b-504e-4eb7-b5f6-331fd890a5d5 dca8cc8684c4438b85defa975cc5b647 6c359c2fdd60438aa8a61adea0656065 - - - -] 10.0.0.216 "PUT /v2.0/subnetpools/1bf2f63c-bd52-4190-bc85-b27763ac0786/tags HTTP/1.1" status: 200 len: 210 time: 0.0393589
2026-07-22 23:24:29.382 10 INFO neutron.wsgi [None req-ab12dfad-733d-45a9-bafb-baba07a2d1bc dca8cc8684c4438b85defa975cc5b647 6c359c2fdd60438aa8a61adea0656065 - - - -] 10.0.0.216 "PUT /v2.0/subnetpools/79eafe8e-3dd8-407c-b61c-0321248c89f3/tags HTTP/1.1" status: 200 len: 218 time: 0.0477874
2026-07-22 23:24:29.389 10 INFO neutron.wsgi [req-bb5784eb-2871-47aa-9c5f-0619ad6cfa95 req-c37b9df7-eae9-4035-ada6-8051e2262235 404045f7f66148ca87b33c3deb64ffac e48df614e2a542a690e1cc22a276933b - - 5e99659270f44b0f8c46fcb0fc3691df 5e99659270f44b0f8c46fcb0fc3691df] 199.19.213.74 "GET /v2.0/ports?tenant_id=df8601d3a87f4cad9aa1a792c787b4bb&device_id=f6d9e72f-fd03-4ed9-a8e3-439d09cd8691 HTTP/1.1" status: 200 len: 1398 time: 0.0390513
2026-07-22 23:24:29.439 10 INFO neutron.wsgi [None req-fa99703b-0ec0-40a3-99cb-78bf4eef6a59 dca8cc8684c4438b85defa975cc5b647 6c359c2fdd60438aa8a61adea0656065 - - - -] 10.0.0.216 "PUT /v2.0/subnetpools/72a0072a-9283-4ca2-90ba-fd24977ea089/tags HTTP/1.1" status: 200 len: 227 time: 0.0475948
2026-07-22 23:24:29.468 10 INFO neutron.wsgi [req-bb5784eb-2871-47aa-9c5f-0619ad6cfa95 req-9f0ca6d7-08b5-43b7-ad9a-cdba97028d8b 404045f7f66148ca87b33c3deb64ffac e48df614e2a542a690e1cc22a276933b - - 5e99659270f44b0f8c46fcb0fc3691df 5e99659270f44b0f8c46fcb0fc3691df] 199.19.213.74 "GET /v2.0/networks?id=a06ba51a-109a-45b4-a7ef-c0cb6316f721 HTTP/1.1" status: 200 len: 970 time: 0.0686524
2026-07-22 23:24:29.475 10 INFO neutron.wsgi [None req-ee32be65-93bc-4c28-a5a9-9aaa64c362f5 dca8cc8684c4438b85defa975cc5b647 6c359c2fdd60438aa8a61adea0656065 - - - -] 10.0.0.216 "PUT /v2.0/subnetpools/89ae621f-9023-45b3-82c2-1ce74ec32b1b/tags HTTP/1.1" status: 200 len: 212 time: 0.0307217
2026-07-22 23:24:29.506 10 INFO neutron.wsgi [req-bb5784eb-2871-47aa-9c5f-0619ad6cfa95 req-36324662-7da2-43c5-ad59-b910081ed168 404045f7f66148ca87b33c3deb64ffac e48df614e2a542a690e1cc22a276933b - - 5e99659270f44b0f8c46fcb0fc3691df 5e99659270f44b0f8c46fcb0fc3691df] 199.19.213.74 "GET /v2.0/floatingips?fixed_ip_address=10.100.0.6&port_id=5994aef1-686c-4e90-ae07-10bc1907876a HTTP/1.1" status: 200 len: 217 time: 0.0304189
2026-07-22 23:24:29.541 9 INFO neutron.wsgi [None req-89a74151-7e50-48e6-8e30-7b96e156312f dca8cc8684c4438b85defa975cc5b647 6c359c2fdd60438aa8a61adea0656065 - - default default] 10.0.0.216 "GET /v2.0/subnetpools?tags=red HTTP/1.1" status: 200 len: 1758 time: 0.0600863
2026-07-22 23:24:29.544 9 INFO neutron.wsgi [req-e9f27228-74ef-4edb-b330-7b4af801e870 req-abf19305-368b-458e-943c-42272cc1dd34 404045f7f66148ca87b33c3deb64ffac e48df614e2a542a690e1cc22a276933b - - 5e99659270f44b0f8c46fcb0fc3691df 5e99659270f44b0f8c46fcb0fc3691df] 199.19.213.74 "GET /v2.0/ports?device_id=f6d9e72f-fd03-4ed9-a8e3-439d09cd8691 HTTP/1.1" status: 200 len: 1398 time: 0.0819082
2026-07-22 23:24:29.547 10 INFO neutron.wsgi [req-bb5784eb-2871-47aa-9c5f-0619ad6cfa95 req-a6a27d8c-9334-42c6-9879-4e61f16efd8d 404045f7f66148ca87b33c3deb64ffac e48df614e2a542a690e1cc22a276933b - - 5e99659270f44b0f8c46fcb0fc3691df 5e99659270f44b0f8c46fcb0fc3691df] 199.19.213.74 "GET /v2.0/subnets?id=aa08aa67-6393-4f82-8647-ef2792e21930 HTTP/1.1" status: 200 len: 865 time: 0.0335007
2026-07-22 23:24:29.580 10 INFO neutron.wsgi [req-bb5784eb-2871-47aa-9c5f-0619ad6cfa95 req-6a9017a8-ffd9-4f79-b5cf-499c966d683c 404045f7f66148ca87b33c3deb64ffac e48df614e2a542a690e1cc22a276933b - - 5e99659270f44b0f8c46fcb0fc3691df 5e99659270f44b0f8c46fcb0fc3691df] 199.19.213.74 "GET /v2.0/ports?network_id=a06ba51a-109a-45b4-a7ef-c0cb6316f721&device_owner=network%3Adhcp HTTP/1.1" status: 200 len: 210 time: 0.0268772
2026-07-22 23:24:29.585 9 INFO neutron.wsgi [None req-f8a0a958-c1a4-405b-a780-68f14b39775f dca8cc8684c4438b85defa975cc5b647 6c359c2fdd60438aa8a61adea0656065 - - default default] 10.0.0.216 "GET /v2.0/subnetpools?tags=red%2Cblue HTTP/1.1" status: 200 len: 1251 time: 0.0379479
2026-07-22 23:24:29.621 9 INFO neutron.wsgi [req-e9f27228-74ef-4edb-b330-7b4af801e870 req-7456e75b-991c-4f6e-a6ae-c40bb7390620 404045f7f66148ca87b33c3deb64ffac e48df614e2a542a690e1cc22a276933b - - 5e99659270f44b0f8c46fcb0fc3691df 5e99659270f44b0f8c46fcb0fc3691df] 199.19.213.74 "GET /v2.0/security-groups?id=77a35c4a-d070-4666-8ebe-a1a9d7179ff5&id=52e8ce9c-4681-431a-82a0-584cc63e64af&fields=id&fields=name HTTP/1.1" status: 200 len: 406 time: 0.0629308
2026-07-22 23:24:29.639 10 INFO neutron.wsgi [None req-2c225295-87ea-44e5-a907-17fd105bfa51 dca8cc8684c4438b85defa975cc5b647 6c359c2fdd60438aa8a61adea0656065 - - default default] 10.0.0.216 "GET /v2.0/subnetpools?tags-any=blue HTTP/1.1" status: 200 len: 1251 time: 0.0412047
2026-07-22 23:24:29.682 10 INFO neutron.wsgi [req-bb5784eb-2871-47aa-9c5f-0619ad6cfa95 req-1d98871b-132a-4680-88f3-ea65163b21ae 404045f7f66148ca87b33c3deb64ffac e48df614e2a542a690e1cc22a276933b - - 5e99659270f44b0f8c46fcb0fc3691df 5e99659270f44b0f8c46fcb0fc3691df] 199.19.213.74 "GET /v2.0/networks/a06ba51a-109a-45b4-a7ef-c0cb6316f721?fields=segments HTTP/1.1" status: 200 len: 212 time: 0.0952346
2026-07-22 23:24:29.696 9 INFO neutron.wsgi [None req-9b6877e8-dc74-440a-a43d-6db40bc27474 dca8cc8684c4438b85defa975cc5b647 6c359c2fdd60438aa8a61adea0656065 - - default default] 10.0.0.216 "GET /v2.0/subnetpools?tags-any=red%2Cblue HTTP/1.1" status: 200 len: 1758 time: 0.0510795
2026-07-22 23:24:29.744 10 INFO neutron.wsgi [None req-f8fb1c0b-13a5-4d14-907f-fecfc13cdf8f dca8cc8684c4438b85defa975cc5b647 6c359c2fdd60438aa8a61adea0656065 - - default default] 10.0.0.216 "GET /v2.0/subnetpools?not-tags=red HTTP/1.1" status: 200 len: 1223 time: 0.0397472
2026-07-22 23:24:29.811 10 INFO neutron.wsgi [None req-f30b2c35-8158-4de5-b09a-59d6ee917b71 dca8cc8684c4438b85defa975cc5b647 6c359c2fdd60438aa8a61adea0656065 - - default default] 10.0.0.216 "GET /v2.0/subnetpools?not-tags=red%2Cblue HTTP/1.1" status: 200 len: 1730 time: 0.0559845
2026-07-22 23:24:29.823 10 INFO neutron.wsgi [req-bb5784eb-2871-47aa-9c5f-0619ad6cfa95 req-889f0338-75c9-42cd-a69d-10f43c0011d4 404045f7f66148ca87b33c3deb64ffac e48df614e2a542a690e1cc22a276933b - - 5e99659270f44b0f8c46fcb0fc3691df 5e99659270f44b0f8c46fcb0fc3691df] 199.19.213.74 "GET /v2.0/networks/a06ba51a-109a-45b4-a7ef-c0cb6316f721?fields=provider%3Aphysical_network&fields=provider%3Anetwork_type HTTP/1.1" status: 200 len: 277 time: 0.1287401
2026-07-22 23:24:29.858 10 INFO neutron.wsgi [None req-5c04c628-ee1b-4fd7-abe4-7d344e83589b dca8cc8684c4438b85defa975cc5b647 6c359c2fdd60438aa8a61adea0656065 - - default default] 10.0.0.216 "GET /v2.0/subnetpools?not-tags-any=blue HTTP/1.1" status: 200 len: 1730 time: 0.0430653
2026-07-22 23:24:29.912 10 INFO neutron.wsgi [None req-a0905278-0955-4f55-9a18-5e0222845fb7 dca8cc8684c4438b85defa975cc5b647 6c359c2fdd60438aa8a61adea0656065 - - default default] 10.0.0.216 "GET /v2.0/subnetpools?not-tags-any=red%2Cblue HTTP/1.1" status: 200 len: 1223 time: 0.0494714
2026-07-22 23:24:29.990 10 INFO neutron.wsgi [None req-55f93764-4fcb-444d-80e8-4fc5e1b10ff6 dca8cc8684c4438b85defa975cc5b647 6c359c2fdd60438aa8a61adea0656065 - - - -] 10.0.0.216 "DELETE /v2.0/subnetpools/1bf2f63c-bd52-4190-bc85-b27763ac0786 HTTP/1.1" status: 204 len: 168 time: 0.0709999
2026-07-22 23:24:30.023 9 INFO neutron.plugins.ml2.drivers.ovn.mech_driver.mech_driver [None req-e94773ee-e484-46ec-9ae7-301148bfd26a - - - - - -] OVN reports status up for port: 5994aef1-686c-4e90-ae07-10bc1907876a
2026-07-22 23:24:30.037 9 INFO neutron.plugins.ml2.plugin [None req-e94773ee-e484-46ec-9ae7-301148bfd26a - - - - - -] Attempt 1 to provision port 5994aef1-686c-4e90-ae07-10bc1907876a
2026-07-22 23:24:30.067 10 INFO neutron.wsgi [None req-b515f1a1-76a6-4072-b269-49b7e5907717 dca8cc8684c4438b85defa975cc5b647 6c359c2fdd60438aa8a61adea0656065 - - - -] 10.0.0.216 "DELETE /v2.0/subnetpools/79eafe8e-3dd8-407c-b61c-0321248c89f3 HTTP/1.1" status: 204 len: 168 time: 0.0720716
2026-07-22 23:24:30.134 10 INFO neutron.wsgi [None req-1c964e06-6bec-435a-bbcd-15bf0faaa290 dca8cc8684c4438b85defa975cc5b647 6c359c2fdd60438aa8a61adea0656065 - - - -] 10.0.0.216 "DELETE /v2.0/subnetpools/72a0072a-9283-4ca2-90ba-fd24977ea089 HTTP/1.1" status: 204 len: 168 time: 0.0605376
2026-07-22 23:24:30.161 9 INFO neutron.notifiers.nova [-] Nova event matching ['req-00cdcf57-6910-4992-8d4d-fcfa7b40614e'] response: {'server_uuid': 'f6d9e72f-fd03-4ed9-a8e3-439d09cd8691', 'name': 'network-vif-plugged', 'status': 'completed', 'tag': '5994aef1-686c-4e90-ae07-10bc1907876a', 'code': 200}
2026-07-22 23:24:30.256 9 INFO neutron.wsgi [None req-e7690be6-09d2-4465-8426-3139ab0e17e7 dca8cc8684c4438b85defa975cc5b647 6c359c2fdd60438aa8a61adea0656065 - - - -] 10.0.0.216 "DELETE /v2.0/subnetpools/89ae621f-9023-45b3-82c2-1ce74ec32b1b HTTP/1.1" status: 204 len: 168 time: 0.1194158
2026-07-22 23:24:30.319 9 INFO neutron.wsgi [req-f5caca0b-f4a9-4fa9-9e0f-0049a9601c34 req-cce97288-1e61-4ed6-a2d3-2f2d86cd96ac bcf5f09bbc944c749de0e93ea08a5545 df8601d3a87f4cad9aa1a792c787b4bb - - default default] 10.0.0.112 "GET /v2.0/ports?device_id=f6d9e72f-fd03-4ed9-a8e3-439d09cd8691 HTTP/1.1" status: 200 len: 1210 time: 0.0662091
2026-07-22 23:24:30.329 10 INFO neutron.wsgi [None req-961c6b90-79a9-4c9d-b51b-070e19380cd7 dca8cc8684c4438b85defa975cc5b647 6c359c2fdd60438aa8a61adea0656065 - - - -] 10.0.0.216 "DELETE /v2.0/subnetpools/e550d166-969c-4781-aeb7-c0304ac09bfc HTTP/1.1" status: 204 len: 168 time: 0.0671823
2026-07-22 23:24:30.408 9 INFO neutron.wsgi [req-f5caca0b-f4a9-4fa9-9e0f-0049a9601c34 req-01939886-fc22-41d6-91f4-78a0d72aa6fc bcf5f09bbc944c749de0e93ea08a5545 df8601d3a87f4cad9aa1a792c787b4bb - - default default] 10.0.0.112 "GET /v2.0/security-groups?id=77a35c4a-d070-4666-8ebe-a1a9d7179ff5&id=52e8ce9c-4681-431a-82a0-584cc63e64af&fields=id&fields=name HTTP/1.1" status: 200 len: 406 time: 0.0807669
2026-07-22 23:24:30.421 9 INFO neutron.db.ovn_revision_numbers_db [None req-b9f99b90-8809-4f1a-8404-e17c43c988dd 49bcf7eb5c7b441d8b867f0be0e65ccc 380685955c034a3781b3da8357c51553 - - default default] Successfully bumped revision number for resource 0a8c1477-0930-4267-87e8-875e58cac74f (type: router_ports) to 2
2026-07-22 23:24:30.456 9 INFO neutron.db.ovn_revision_numbers_db [None req-e94773ee-e484-46ec-9ae7-301148bfd26a - - - - - -] Successfully bumped revision number for resource 5994aef1-686c-4e90-ae07-10bc1907876a (type: ports) to 4
2026-07-22 23:24:30.601 9 INFO neutron.db.ovn_revision_numbers_db [None req-b9f99b90-8809-4f1a-8404-e17c43c988dd 49bcf7eb5c7b441d8b867f0be0e65ccc 380685955c034a3781b3da8357c51553 - - default default] Successfully bumped revision number for resource 0a8c1477-0930-4267-87e8-875e58cac74f (type: ports) to 2
2026-07-22 23:24:30.671 9 WARNING neutron.scheduler.dhcp_agent_scheduler [None req-b9f99b90-8809-4f1a-8404-e17c43c988dd 49bcf7eb5c7b441d8b867f0be0e65ccc 380685955c034a3781b3da8357c51553 - - default default] No more DHCP agents
2026-07-22 23:24:30.672 9 WARNING neutron.api.rpc.agentnotifiers.dhcp_rpc_agent_api [None req-b9f99b90-8809-4f1a-8404-e17c43c988dd 49bcf7eb5c7b441d8b867f0be0e65ccc 380685955c034a3781b3da8357c51553 - - default default] Unable to schedule network 118e93e3-6ed6-4fab-b8ae-0afba851b19f: no agents available; will retry on subsequent port and subnet creation events.
2026-07-22 23:24:30.989 9 INFO neutron.db.ovn_revision_numbers_db [None req-b9f99b90-8809-4f1a-8404-e17c43c988dd 49bcf7eb5c7b441d8b867f0be0e65ccc 380685955c034a3781b3da8357c51553 - - - -] Successfully bumped revision number for resource 0a8c1477-0930-4267-87e8-875e58cac74f (type: router_ports) to 2
2026-07-22 23:24:30.992 9 INFO neutron.wsgi [None req-b9f99b90-8809-4f1a-8404-e17c43c988dd 49bcf7eb5c7b441d8b867f0be0e65ccc 380685955c034a3781b3da8357c51553 - - - -] 10.0.0.216 "PUT /v2.0/routers/6f2b5cfe-03f8-49c5-8307-07cd699450cd/add_router_interface HTTP/1.1" status: 200 len: 503 time: 2.6157379 /var/lib/openstack/lib/python3.10/site-packages/pycadf/identifier.py:71: UserWarning: Invalid uuid: neutron. To ensure interoperability, identifiers should be a valid uuid. warnings.warn(('Invalid uuid: %s. To ensure interoperability, '
2026-07-22 23:24:31.526 9 INFO neutron.db.ovn_revision_numbers_db [None req-9643b413-d6be-450f-bcf4-788dead559b8 cf73f69d1f7e49a59cf81fa0f22f15b3 54c749f18dbc43a79f6dd70b33b72377 - - default default] Successfully bumped revision number for resource 3c439e3e-088b-484b-acc7-9c0dcdb6d588 (type: security_groups) to 1
2026-07-22 23:24:31.547 9 INFO neutron.wsgi [None req-9643b413-d6be-450f-bcf4-788dead559b8 cf73f69d1f7e49a59cf81fa0f22f15b3 54c749f18dbc43a79f6dd70b33b72377 - - default default] 10.0.0.216 "GET /v2.0/security-groups?tenant_id=3df1fb642ef647798b966da1088bd8f6&name=default HTTP/1.1" status: 200 len: 3000 time: 0.3077383
2026-07-22 23:24:31.641 10 INFO neutron.wsgi [req-b2452dc9-d461-438b-8014-5386d2d4c4cf req-15a39023-c91f-429d-9d9b-2d24a471b68a bcf5f09bbc944c749de0e93ea08a5545 df8601d3a87f4cad9aa1a792c787b4bb - - default default] 10.0.0.112 "GET /v2.0/ports?device_id=f6d9e72f-fd03-4ed9-a8e3-439d09cd8691 HTTP/1.1" status: 200 len: 1210 time: 0.1633162
2026-07-22 23:24:31.708 10 INFO neutron.wsgi [req-b2452dc9-d461-438b-8014-5386d2d4c4cf req-0abd70a8-45e7-4d0d-a433-61d0ead11eea bcf5f09bbc944c749de0e93ea08a5545 df8601d3a87f4cad9aa1a792c787b4bb - - default default] 10.0.0.112 "GET /v2.0/security-groups?id=77a35c4a-d070-4666-8ebe-a1a9d7179ff5&id=52e8ce9c-4681-431a-82a0-584cc63e64af&fields=id&fields=name HTTP/1.1" status: 200 len: 406 time: 0.0562360
2026-07-22 23:24:31.715 10 WARNING neutron.scheduler.dhcp_agent_scheduler [None req-d20d1646-9c88-4dbc-babb-97b133c0056b 49bcf7eb5c7b441d8b867f0be0e65ccc 380685955c034a3781b3da8357c51553 - - default default] No more DHCP agents
2026-07-22 23:24:31.717 10 WARNING neutron.api.rpc.agentnotifiers.dhcp_rpc_agent_api [None req-d20d1646-9c88-4dbc-babb-97b133c0056b 49bcf7eb5c7b441d8b867f0be0e65ccc 380685955c034a3781b3da8357c51553 - - default default] Unable to schedule network d7e6147f-c3a7-4bd2-8cda-551bdd52a04c: no agents available; will retry on subsequent port and subnet creation events.
2026-07-22 23:24:31.746 9 INFO neutron.wsgi [None req-ba807cb8-4e75-4fc1-9b06-236f68016cd9 cf73f69d1f7e49a59cf81fa0f22f15b3 54c749f18dbc43a79f6dd70b33b72377 - - - -] 10.0.0.216 "DELETE /v2.0/security-groups/3c439e3e-088b-484b-acc7-9c0dcdb6d588 HTTP/1.1" status: 204 len: 168 time: 0.1915350
2026-07-22 23:24:31.813 9 INFO neutron.wsgi [req-3c60a5bb-dabc-4130-a5ba-0aa3765ae3f6 req-81b9790a-6a3f-4bc1-8606-597d0256f6f5 bcf5f09bbc944c749de0e93ea08a5545 df8601d3a87f4cad9aa1a792c787b4bb - - default default] 10.0.0.112 "GET /v2.0/ports?device_id=f6d9e72f-fd03-4ed9-a8e3-439d09cd8691 HTTP/1.1" status: 200 len: 1210 time: 0.0407276
2026-07-22 23:24:31.866 10 INFO neutron.db.ovn_revision_numbers_db [None req-d20d1646-9c88-4dbc-babb-97b133c0056b 49bcf7eb5c7b441d8b867f0be0e65ccc 380685955c034a3781b3da8357c51553 - - default default] Successfully bumped revision number for resource 0796dc3c-e74d-4131-a085-310d5cdfde38 (type: ports) to 1
2026-07-22 23:24:32.064 9 INFO neutron.db.ovn_revision_numbers_db [None req-fb98e51e-bd61-477f-a224-aca0703ef95a cf73f69d1f7e49a59cf81fa0f22f15b3 54c749f18dbc43a79f6dd70b33b72377 - - default default] Successfully bumped revision number for resource ecf5956d-64b9-4780-a15b-8639c3be40fe (type: security_groups) to 1
2026-07-22 23:24:32.118 9 INFO neutron.wsgi [None req-fb98e51e-bd61-477f-a224-aca0703ef95a cf73f69d1f7e49a59cf81fa0f22f15b3 54c749f18dbc43a79f6dd70b33b72377 - - default default] 10.0.0.216 "GET /v2.0/security-groups?tenant_id=6c359c2fdd60438aa8a61adea0656065&name=default HTTP/1.1" status: 200 len: 3000 time: 0.2698021
2026-07-22 23:24:32.156 9 INFO neutron.db.l3_db [None req-4e32eaac-a024-46b3-be9d-67a6ce33cc8d bcf5f09bbc944c749de0e93ea08a5545 df8601d3a87f4cad9aa1a792c787b4bb - - - -] Floating IP b2f1c62b-6b49-4fd8-88a3-ec396bd7af5a associated. External IP: 10.96.250.215, port: 5994aef1-686c-4e90-ae07-10bc1907876a.
2026-07-22 23:24:32.205 9 INFO neutron.notifiers.nova [-] Nova event matching ['req-eba28a02-4475-4134-9a03-95010de8aabe'] response: {'server_uuid': 'f6d9e72f-fd03-4ed9-a8e3-439d09cd8691', 'name': 'network-vif-plugged', 'status': 'completed', 'tag': '5994aef1-686c-4e90-ae07-10bc1907876a', 'code': 200}
2026-07-22 23:24:32.381 9 INFO neutron.db.ovn_revision_numbers_db [None req-4e32eaac-a024-46b3-be9d-67a6ce33cc8d bcf5f09bbc944c749de0e93ea08a5545 df8601d3a87f4cad9aa1a792c787b4bb - - - -] Successfully bumped revision number for resource b2f1c62b-6b49-4fd8-88a3-ec396bd7af5a (type: floatingips) to 1
2026-07-22 23:24:32.411 10 INFO neutron.db.ovn_revision_numbers_db [None req-d20d1646-9c88-4dbc-babb-97b133c0056b 49bcf7eb5c7b441d8b867f0be0e65ccc 380685955c034a3781b3da8357c51553 - - default default] Successfully bumped revision number for resource 0796dc3c-e74d-4131-a085-310d5cdfde38 (type: router_ports) to 2
2026-07-22 23:24:32.471 9 INFO neutron.db.ovn_revision_numbers_db [None req-4e32eaac-a024-46b3-be9d-67a6ce33cc8d bcf5f09bbc944c749de0e93ea08a5545 df8601d3a87f4cad9aa1a792c787b4bb - - - -] Successfully bumped revision number for resource b2f1c62b-6b49-4fd8-88a3-ec396bd7af5a (type: floatingips) to 2
2026-07-22 23:24:32.479 9 INFO neutron.wsgi [None req-2e9f9f8b-29bd-43bd-a9ee-417228735caa cf73f69d1f7e49a59cf81fa0f22f15b3 54c749f18dbc43a79f6dd70b33b72377 - - - -] 10.0.0.216 "DELETE /v2.0/security-groups/ecf5956d-64b9-4780-a15b-8639c3be40fe HTTP/1.1" status: 204 len: 168 time: 0.3523295
2026-07-22 23:24:32.501 9 INFO neutron.wsgi [None req-4e32eaac-a024-46b3-be9d-67a6ce33cc8d bcf5f09bbc944c749de0e93ea08a5545 df8601d3a87f4cad9aa1a792c787b4bb - - - -] 10.0.0.216 "PUT /v2.0/floatingips/b2f1c62b-6b49-4fd8-88a3-ec396bd7af5a HTTP/1.1" status: 200 len: 1049 time: 0.6765213
2026-07-22 23:24:32.562 10 INFO neutron.db.ovn_revision_numbers_db [None req-d20d1646-9c88-4dbc-babb-97b133c0056b 49bcf7eb5c7b441d8b867f0be0e65ccc 380685955c034a3781b3da8357c51553 - - default default] Successfully bumped revision number for resource 0796dc3c-e74d-4131-a085-310d5cdfde38 (type: ports) to 2 /var/lib/openstack/lib/python3.10/site-packages/pycadf/identifier.py:71: UserWarning: Invalid uuid: neutron. To ensure interoperability, identifiers should be a valid uuid. warnings.warn(('Invalid uuid: %s. To ensure interoperability, '
2026-07-22 23:24:32.636 10 WARNING neutron.scheduler.dhcp_agent_scheduler [None req-d20d1646-9c88-4dbc-babb-97b133c0056b 49bcf7eb5c7b441d8b867f0be0e65ccc 380685955c034a3781b3da8357c51553 - - default default] No more DHCP agents
2026-07-22 23:24:32.637 10 WARNING neutron.api.rpc.agentnotifiers.dhcp_rpc_agent_api [None req-d20d1646-9c88-4dbc-babb-97b133c0056b 49bcf7eb5c7b441d8b867f0be0e65ccc 380685955c034a3781b3da8357c51553 - - default default] Unable to schedule network d7e6147f-c3a7-4bd2-8cda-551bdd52a04c: no agents available; will retry on subsequent port and subnet creation events.
2026-07-22 23:24:32.726 9 INFO neutron.db.ovn_revision_numbers_db [None req-86329294-d83b-4afa-8471-6355ebefa45e cf73f69d1f7e49a59cf81fa0f22f15b3 54c749f18dbc43a79f6dd70b33b72377 - - default default] Successfully bumped revision number for resource b7eb92f3-b124-4613-922e-4f0a0841fde7 (type: security_groups) to 1
2026-07-22 23:24:32.746 9 INFO neutron.wsgi [None req-86329294-d83b-4afa-8471-6355ebefa45e cf73f69d1f7e49a59cf81fa0f22f15b3 54c749f18dbc43a79f6dd70b33b72377 - - default default] 10.0.0.216 "GET /v2.0/security-groups?tenant_id=135d86f363cc4faeb211795c903c9575&name=default HTTP/1.1" status: 200 len: 3000 time: 0.1247203
2026-07-22 23:24:32.928 9 INFO neutron.wsgi [None req-a9cfdef5-8bbc-440a-85c7-0e4fe15c695d cf73f69d1f7e49a59cf81fa0f22f15b3 54c749f18dbc43a79f6dd70b33b72377 - - - -] 10.0.0.216 "DELETE /v2.0/security-groups/b7eb92f3-b124-4613-922e-4f0a0841fde7 HTTP/1.1" status: 204 len: 168 time: 0.1758463
2026-07-22 23:24:33.208 10 INFO neutron.db.ovn_revision_numbers_db [None req-d20d1646-9c88-4dbc-babb-97b133c0056b 49bcf7eb5c7b441d8b867f0be0e65ccc 380685955c034a3781b3da8357c51553 - - - -] Successfully bumped revision number for resource 0796dc3c-e74d-4131-a085-310d5cdfde38 (type: router_ports) to 2
2026-07-22 23:24:33.211 10 INFO neutron.wsgi [None req-d20d1646-9c88-4dbc-babb-97b133c0056b 49bcf7eb5c7b441d8b867f0be0e65ccc 380685955c034a3781b3da8357c51553 - - - -] 10.0.0.216 "PUT /v2.0/routers/6f2b5cfe-03f8-49c5-8307-07cd699450cd/add_router_interface HTTP/1.1" status: 200 len: 503 time: 2.1995673
2026-07-22 23:24:33.386 9 INFO neutron.db.ovn_revision_numbers_db [None req-50834b72-a5db-4a15-b4df-0213ddbf34b9 49bcf7eb5c7b441d8b867f0be0e65ccc 380685955c034a3781b3da8357c51553 - - - -] Successfully bumped revision number for resource fd798c3b-f797-4993-89b4-9ff45e608b6a (type: security_groups) to 1
2026-07-22 23:24:33.407 9 INFO neutron.wsgi [None req-50834b72-a5db-4a15-b4df-0213ddbf34b9 49bcf7eb5c7b441d8b867f0be0e65ccc 380685955c034a3781b3da8357c51553 - - - -] 10.0.0.216 "POST /v2.0/security-groups HTTP/1.1" status: 201 len: 1766 time: 0.1259837
2026-07-22 23:24:33.519 9 INFO neutron.db.ovn_revision_numbers_db [None req-a27b97e9-6e01-4d37-b33f-ef03b7b77bee 49bcf7eb5c7b441d8b867f0be0e65ccc 380685955c034a3781b3da8357c51553 - - - -] Successfully bumped revision number for resource 65f5b84f-8ded-4fca-9b0f-4785e0ea47fc (type: security_group_rules) to 0
2026-07-22 23:24:33.546 9 INFO neutron.wsgi [None req-a27b97e9-6e01-4d37-b33f-ef03b7b77bee 49bcf7eb5c7b441d8b867f0be0e65ccc 380685955c034a3781b3da8357c51553 - - - -] 10.0.0.216 "POST /v2.0/security-group-rules HTTP/1.1" status: 201 len: 764 time: 0.1334295
2026-07-22 23:24:33.662 9 INFO neutron.db.ovn_revision_numbers_db [None req-db09a5e3-fea0-4ed8-b99d-675c2644d6a7 49bcf7eb5c7b441d8b867f0be0e65ccc 380685955c034a3781b3da8357c51553 - - - -] Successfully bumped revision number for resource 7e165b1d-b691-4d6d-81ce-0f38fea2e81c (type: security_group_rules) to 0
2026-07-22 23:24:33.686 9 INFO neutron.wsgi [None req-db09a5e3-fea0-4ed8-b99d-675c2644d6a7 49bcf7eb5c7b441d8b867f0be0e65ccc 380685955c034a3781b3da8357c51553 - - - -] 10.0.0.216 "POST /v2.0/security-group-rules HTTP/1.1" status: 201 len: 764 time: 0.1347203
2026-07-22 23:24:33.797 9 INFO neutron.db.ovn_revision_numbers_db [None req-961f3247-824d-462a-97fc-1834e09c1fd5 49bcf7eb5c7b441d8b867f0be0e65ccc 380685955c034a3781b3da8357c51553 - - - -] Successfully bumped revision number for resource 70aac960-e514-48d5-97b9-cb10641ea9a9 (type: security_group_rules) to 0
2026-07-22 23:24:33.824 9 INFO neutron.wsgi [None req-961f3247-824d-462a-97fc-1834e09c1fd5 49bcf7eb5c7b441d8b867f0be0e65ccc 380685955c034a3781b3da8357c51553 - - - -] 10.0.0.216 "POST /v2.0/security-group-rules HTTP/1.1" status: 201 len: 766 time: 0.1335695
2026-07-22 23:24:34.251 9 INFO neutron.db.ovn_revision_numbers_db [None req-d1d22f7c-42cc-4f2d-a12b-e2873a1c9e97 49bcf7eb5c7b441d8b867f0be0e65ccc 380685955c034a3781b3da8357c51553 - - - -] Successfully bumped revision number for resource 58674149-5a36-438f-9fed-a2ae77c81bed (type: security_group_rules) to 0
2026-07-22 23:24:34.254 9 INFO neutron.notifiers.nova [-] Nova event matching ['req-af8f708d-657e-43a8-ba6a-c34887ddf3c2'] response: {'name': 'network-changed', 'server_uuid': 'f6d9e72f-fd03-4ed9-a8e3-439d09cd8691', 'tag': '5994aef1-686c-4e90-ae07-10bc1907876a', 'status': 'completed', 'code': 200}
2026-07-22 23:24:34.292 9 INFO neutron.wsgi [None req-d1d22f7c-42cc-4f2d-a12b-e2873a1c9e97 49bcf7eb5c7b441d8b867f0be0e65ccc 380685955c034a3781b3da8357c51553 - - - -] 10.0.0.216 "POST /v2.0/security-group-rules HTTP/1.1" status: 201 len: 768 time: 0.4623952
2026-07-22 23:24:34.340 10 INFO neutron.wsgi [req-07dd5f40-64f4-4950-a252-9429edf6320a req-93ae525c-348a-4841-a4b9-08cf8e5650e1 404045f7f66148ca87b33c3deb64ffac e48df614e2a542a690e1cc22a276933b - - 5e99659270f44b0f8c46fcb0fc3691df 5e99659270f44b0f8c46fcb0fc3691df] 199.19.213.74 "GET /v2.0/ports?tenant_id=df8601d3a87f4cad9aa1a792c787b4bb&device_id=f6d9e72f-fd03-4ed9-a8e3-439d09cd8691 HTTP/1.1" status: 200 len: 1400 time: 0.0543900
2026-07-22 23:24:34.395 9 INFO neutron.wsgi [-] 10.0.0.59 "GET / HTTP/1.1" status: 200 len: 246 time: 0.0021315
2026-07-22 23:24:34.397 9 INFO neutron.wsgi [-] 10.0.0.59 "GET / HTTP/1.1" status: 200 len: 246 time: 0.0013864
2026-07-22 23:24:34.430 10 INFO neutron.wsgi [req-07dd5f40-64f4-4950-a252-9429edf6320a req-4278db0b-c70e-4502-9119-9683915ba445 404045f7f66148ca87b33c3deb64ffac e48df614e2a542a690e1cc22a276933b - - 5e99659270f44b0f8c46fcb0fc3691df 5e99659270f44b0f8c46fcb0fc3691df] 199.19.213.74 "GET /v2.0/networks?id=a06ba51a-109a-45b4-a7ef-c0cb6316f721 HTTP/1.1" status: 200 len: 970 time: 0.0847836
2026-07-22 23:24:34.443 9 INFO neutron.db.ovn_revision_numbers_db [None req-9bb72890-9a6a-45ba-917c-247d082790a9 49bcf7eb5c7b441d8b867f0be0e65ccc 380685955c034a3781b3da8357c51553 - - - -] Successfully bumped revision number for resource ed0db30b-014b-4029-982c-6901f091cf44 (type: security_group_rules) to 0
2026-07-22 23:24:34.471 10 WARNING neutron.plugins.ml2.drivers.ovn.mech_driver.ovsdb.ovn_client [None req-bc687c49-6adf-4944-a055-3629312b5243 - - - - - -] No hosting information found for port 6164d1a9-38c5-4d16-9c5f-c4f9c5c5f218: RuntimeError: No hosting information found for port 6164d1a9-38c5-4d16-9c5f-c4f9c5c5f218
2026-07-22 23:24:34.471 10 INFO neutron.plugins.ml2.drivers.ovn.mech_driver.mech_driver [None req-bc687c49-6adf-4944-a055-3629312b5243 - - - - - -] OVN reports status up for port: 0a8c1477-0930-4267-87e8-875e58cac74f
2026-07-22 23:24:34.472 9 INFO neutron.wsgi [None req-9bb72890-9a6a-45ba-917c-247d082790a9 49bcf7eb5c7b441d8b867f0be0e65ccc 380685955c034a3781b3da8357c51553 - - - -] 10.0.0.216 "POST /v2.0/security-group-rules HTTP/1.1" status: 201 len: 768 time: 0.1722660
2026-07-22 23:24:34.492 10 INFO neutron.plugins.ml2.plugin [None req-bc687c49-6adf-4944-a055-3629312b5243 - - - - - -] Attempt 1 to provision port 0a8c1477-0930-4267-87e8-875e58cac74f
2026-07-22 23:24:34.508 10 INFO neutron.wsgi [req-07dd5f40-64f4-4950-a252-9429edf6320a req-89aa6eef-a29b-468c-868b-1d648506ee85 404045f7f66148ca87b33c3deb64ffac e48df614e2a542a690e1cc22a276933b - - 5e99659270f44b0f8c46fcb0fc3691df 5e99659270f44b0f8c46fcb0fc3691df] 199.19.213.74 "GET /v2.0/floatingips?fixed_ip_address=10.100.0.6&port_id=5994aef1-686c-4e90-ae07-10bc1907876a HTTP/1.1" status: 200 len: 1059 time: 0.0712976
2026-07-22 23:24:34.554 10 INFO neutron.wsgi [req-07dd5f40-64f4-4950-a252-9429edf6320a req-13a02d91-0508-41cb-95f4-31457685b493 404045f7f66148ca87b33c3deb64ffac e48df614e2a542a690e1cc22a276933b - - 5e99659270f44b0f8c46fcb0fc3691df 5e99659270f44b0f8c46fcb0fc3691df] 199.19.213.74 "GET /v2.0/subnets?id=aa08aa67-6393-4f82-8647-ef2792e21930 HTTP/1.1" status: 200 len: 865 time: 0.0386779
2026-07-22 23:24:34.593 10 INFO neutron.wsgi [req-07dd5f40-64f4-4950-a252-9429edf6320a req-4085954d-2ea5-40f9-94a3-01f2e0f49207 404045f7f66148ca87b33c3deb64ffac e48df614e2a542a690e1cc22a276933b - - 5e99659270f44b0f8c46fcb0fc3691df 5e99659270f44b0f8c46fcb0fc3691df] 199.19.213.74 "GET /v2.0/ports?network_id=a06ba51a-109a-45b4-a7ef-c0cb6316f721&device_owner=network%3Adhcp HTTP/1.1" status: 200 len: 210 time: 0.0216386
2026-07-22 23:24:34.609 9 INFO neutron.db.ovn_revision_numbers_db [None req-8b3e510c-7e19-4434-bfa4-3e4cc2237e49 49bcf7eb5c7b441d8b867f0be0e65ccc 380685955c034a3781b3da8357c51553 - - - -] Successfully bumped revision number for resource c15b201e-3962-4d19-bee7-d6920abc1e04 (type: security_group_rules) to 0
2026-07-22 23:24:34.637 9 INFO neutron.wsgi [None req-8b3e510c-7e19-4434-bfa4-3e4cc2237e49 49bcf7eb5c7b441d8b867f0be0e65ccc 380685955c034a3781b3da8357c51553 - - - -] 10.0.0.216 "POST /v2.0/security-group-rules HTTP/1.1" status: 201 len: 764 time: 0.1600089
2026-07-22 23:24:34.639 15 INFO neutron.plugins.ml2.drivers.ovn.mech_driver.ovsdb.maintenance [None req-68e7ecc4-4cb6-48c1-8e36-f3e402ae256a - - - - - -] Maintenance task: Synchronization finished (took 0.33 seconds)
2026-07-22 23:24:34.702 10 INFO neutron.wsgi [req-07dd5f40-64f4-4950-a252-9429edf6320a req-0cd1c6ff-12bd-4db5-8c13-c17dd875aeec 404045f7f66148ca87b33c3deb64ffac e48df614e2a542a690e1cc22a276933b - - 5e99659270f44b0f8c46fcb0fc3691df 5e99659270f44b0f8c46fcb0fc3691df] 199.19.213.74 "GET /v2.0/networks/a06ba51a-109a-45b4-a7ef-c0cb6316f721?fields=segments HTTP/1.1" status: 200 len: 212 time: 0.1032815
2026-07-22 23:24:34.762 9 INFO neutron.db.ovn_revision_numbers_db [None req-641353ae-c911-4f7b-a809-1aebe5f6e18b 49bcf7eb5c7b441d8b867f0be0e65ccc 380685955c034a3781b3da8357c51553 - - - -] Successfully bumped revision number for resource 149c74e3-bdbf-4f9a-85f7-69b6bd767765 (type: security_group_rules) to 0
2026-07-22 23:24:34.787 10 INFO neutron.wsgi [req-07dd5f40-64f4-4950-a252-9429edf6320a req-796ea65c-5dd2-4370-b36e-ddd3c97c202a 404045f7f66148ca87b33c3deb64ffac e48df614e2a542a690e1cc22a276933b - - 5e99659270f44b0f8c46fcb0fc3691df 5e99659270f44b0f8c46fcb0fc3691df] 199.19.213.74 "GET /v2.0/networks/a06ba51a-109a-45b4-a7ef-c0cb6316f721?fields=provider%3Aphysical_network&fields=provider%3Anetwork_type HTTP/1.1" status: 200 len: 277 time: 0.0764928
2026-07-22 23:24:34.798 9 INFO neutron.wsgi [None req-641353ae-c911-4f7b-a809-1aebe5f6e18b 49bcf7eb5c7b441d8b867f0be0e65ccc 380685955c034a3781b3da8357c51553 - - - -] 10.0.0.216 "POST /v2.0/security-group-rules HTTP/1.1" status: 201 len: 764 time: 0.1558828
2026-07-22 23:24:34.864 10 INFO neutron.db.ovn_revision_numbers_db [None req-bc687c49-6adf-4944-a055-3629312b5243 - - - - - -] Successfully bumped revision number for resource 0a8c1477-0930-4267-87e8-875e58cac74f (type: ports) to 3
2026-07-22 23:24:34.930 9 INFO neutron.db.ovn_revision_numbers_db [None req-506a9831-7b61-405e-92e7-608f537cfd56 49bcf7eb5c7b441d8b867f0be0e65ccc 380685955c034a3781b3da8357c51553 - - - -] Successfully bumped revision number for resource d4a756f7-2b19-4b41-a627-99dcdcc118cc (type: security_group_rules) to 0
2026-07-22 23:24:34.959 9 INFO neutron.wsgi [None req-506a9831-7b61-405e-92e7-608f537cfd56 49bcf7eb5c7b441d8b867f0be0e65ccc 380685955c034a3781b3da8357c51553 - - - -] 10.0.0.216 "POST /v2.0/security-group-rules HTTP/1.1" status: 201 len: 764 time: 0.1559355
2026-07-22 23:24:34.975 10 INFO neutron.db.ovn_revision_numbers_db [None req-bc687c49-6adf-4944-a055-3629312b5243 - - - - - -] Successfully bumped revision number for resource 0a8c1477-0930-4267-87e8-875e58cac74f (type: router_ports) to 3
2026-07-22 23:24:35.100 9 INFO neutron.db.ovn_revision_numbers_db [None req-89be4fab-9f75-41c7-bdf4-7f035fc32b05 49bcf7eb5c7b441d8b867f0be0e65ccc 380685955c034a3781b3da8357c51553 - - - -] Successfully bumped revision number for resource 49d37343-0194-4b8d-a5a4-057e8e2ddbdd (type: security_group_rules) to 0
