2026-07-22 23:21:06.525 9 WARNING neutron.api.rpc.agentnotifiers.dhcp_rpc_agent_api [None req-dd6a632a-0992-4274-b1e0-d0fca3d02c1f cf73f69d1f7e49a59cf81fa0f22f15b3 54c749f18dbc43a79f6dd70b33b72377 - - default default] Unable to schedule network 4d89a256-ce1a-47d9-8a47-5c0c794656d8: no agents available; will retry on subsequent port and subnet creation events.
2026-07-22 23:21:06.637 9 WARNING neutron.scheduler.dhcp_agent_scheduler [None req-db634854-5901-4cda-96c9-e4eb36498f52 9f3e036aaf50403bb752431d07cb18d9 ff6e51b5260d4cce8cfd678b4b88f8a3 - - - -] No more DHCP agents
2026-07-22 23:21:06.641 9 WARNING neutron.api.rpc.agentnotifiers.dhcp_rpc_agent_api [None req-db634854-5901-4cda-96c9-e4eb36498f52 9f3e036aaf50403bb752431d07cb18d9 ff6e51b5260d4cce8cfd678b4b88f8a3 - - - -] Unable to schedule network 8635de78-4809-4bf0-9587-93bdc8864f4e: no agents available; will retry on subsequent port and subnet creation events.
2026-07-22 23:21:06.661 9 INFO neutron.db.ovn_revision_numbers_db [None req-db634854-5901-4cda-96c9-e4eb36498f52 9f3e036aaf50403bb752431d07cb18d9 ff6e51b5260d4cce8cfd678b4b88f8a3 - - - -] Successfully bumped revision number for resource 1f442722-80bc-4a05-9526-8a5c30f781fa (type: subnets) to 0
2026-07-22 23:21:06.678 9 INFO neutron.wsgi [None req-db634854-5901-4cda-96c9-e4eb36498f52 9f3e036aaf50403bb752431d07cb18d9 ff6e51b5260d4cce8cfd678b4b88f8a3 - - - -] 10.0.0.216 "POST /v2.0/subnets HTTP/1.1" status: 201 len: 848 time: 0.4096127
2026-07-22 23:21:06.829 10 INFO neutron.db.segments_db [None req-7986c5bf-c0e3-40f3-b081-619c5a23ba7e 9f3e036aaf50403bb752431d07cb18d9 ff6e51b5260d4cce8cfd678b4b88f8a3 - - - -] Added segment 83ce15f0-8872-43ba-88e3-65b1f382fa54 of type geneve for network 70a6bd39-3ced-46bd-ace6-0ecb8ada9af1
2026-07-22 23:21:07.053 10 INFO neutron.db.ovn_revision_numbers_db [None req-7986c5bf-c0e3-40f3-b081-619c5a23ba7e 9f3e036aaf50403bb752431d07cb18d9 ff6e51b5260d4cce8cfd678b4b88f8a3 - - - -] Successfully bumped revision number for resource 70a6bd39-3ced-46bd-ace6-0ecb8ada9af1 (type: networks) to 1
2026-07-22 23:21:07.093 10 INFO neutron.db.ovn_revision_numbers_db [None req-3d65cf31-be1a-40d1-a3ed-638be7ca5365 - - - - - -] Successfully bumped revision number for resource a679e8ae-89cf-476c-a01c-35d27cb79a80 (type: ports) to 1
2026-07-22 23:21:07.109 10 INFO neutron.db.ovn_revision_numbers_db [None req-3a25ea3b-8d38-4177-a78d-f73f969ec34f cf73f69d1f7e49a59cf81fa0f22f15b3 54c749f18dbc43a79f6dd70b33b72377 - - - -] Successfully bumped revision number for resource 557be957-a85b-4edd-a7fe-13d068397f8c (type: router_ports) to 2
2026-07-22 23:21:07.112 10 INFO neutron.wsgi [None req-3a25ea3b-8d38-4177-a78d-f73f969ec34f cf73f69d1f7e49a59cf81fa0f22f15b3 54c749f18dbc43a79f6dd70b33b72377 - - - -] 10.0.0.216 "PUT /v2.0/routers/9e5ed5c0-8b91-411b-99fa-df0419a1df97/add_router_interface HTTP/1.1" status: 200 len: 503 time: 3.2708242
2026-07-22 23:21:07.431 9 INFO neutron.db.ovn_revision_numbers_db [None req-dd6a632a-0992-4274-b1e0-d0fca3d02c1f cf73f69d1f7e49a59cf81fa0f22f15b3 54c749f18dbc43a79f6dd70b33b72377 - - - -] Successfully bumped revision number for resource ece38f61-9956-4ee1-b6a2-c212a46fdd0c (type: router_ports) to 2
2026-07-22 23:21:07.435 9 INFO neutron.wsgi [None req-dd6a632a-0992-4274-b1e0-d0fca3d02c1f cf73f69d1f7e49a59cf81fa0f22f15b3 54c749f18dbc43a79f6dd70b33b72377 - - - -] 10.0.0.216 "PUT /v2.0/routers/05d4c264-09ab-4a55-8906-a34a09027e93/add_router_interface HTTP/1.1" status: 200 len: 503 time: 3.4306419
2026-07-22 23:21:07.526 10 WARNING neutron.scheduler.dhcp_agent_scheduler [None req-7986c5bf-c0e3-40f3-b081-619c5a23ba7e 9f3e036aaf50403bb752431d07cb18d9 ff6e51b5260d4cce8cfd678b4b88f8a3 - - - -] No more DHCP agents
2026-07-22 23:21:07.530 10 WARNING neutron.api.rpc.agentnotifiers.dhcp_rpc_agent_api [None req-7986c5bf-c0e3-40f3-b081-619c5a23ba7e 9f3e036aaf50403bb752431d07cb18d9 ff6e51b5260d4cce8cfd678b4b88f8a3 - - - -] Unable to schedule network 70a6bd39-3ced-46bd-ace6-0ecb8ada9af1: no agents available; will retry on subsequent port and subnet creation events.
2026-07-22 23:21:07.628 10 INFO neutron.db.ovn_revision_numbers_db [None req-7986c5bf-c0e3-40f3-b081-619c5a23ba7e 9f3e036aaf50403bb752431d07cb18d9 ff6e51b5260d4cce8cfd678b4b88f8a3 - - - -] Successfully bumped revision number for resource 43c31389-8936-4884-89a0-1fbf8ae75e6b (type: ports) to 1
2026-07-22 23:21:07.637 9 INFO neutron.notifiers.nova [-] Nova event matching ['req-94421126-978e-44a0-8836-ca6b47a30cee'] response: {'name': 'network-changed', 'server_uuid': '3cdf2371-8b70-4f69-8ae5-b27929515b4e', 'tag': 'a99e69f8-d280-4175-a8c0-eabe9cfda54b', 'status': 'completed', 'code': 200}
2026-07-22 23:21:07.674 10 INFO neutron.wsgi [None req-7986c5bf-c0e3-40f3-b081-619c5a23ba7e 9f3e036aaf50403bb752431d07cb18d9 ff6e51b5260d4cce8cfd678b4b88f8a3 - - - -] 10.0.0.216 "POST /v2.0/networks HTTP/1.1" status: 201 len: 846 time: 0.9901083
2026-07-22 23:21:07.705 9 INFO neutron.wsgi [req-074d9d88-9007-44bd-ad02-adc6ba6e8364 req-21596856-e352-452b-aff8-2daa476dcc6a 404045f7f66148ca87b33c3deb64ffac e48df614e2a542a690e1cc22a276933b - - 5e99659270f44b0f8c46fcb0fc3691df 5e99659270f44b0f8c46fcb0fc3691df] 199.19.213.74 "GET /v2.0/ports?tenant_id=e04246953380486fb406f70b54d6f44a&device_id=3cdf2371-8b70-4f69-8ae5-b27929515b4e HTTP/1.1" status: 200 len: 1361 time: 0.0425141
2026-07-22 23:21:07.751 10 INFO neutron.db.ovn_revision_numbers_db [None req-3d65cf31-be1a-40d1-a3ed-638be7ca5365 - - - - - -] Successfully bumped revision number for resource a679e8ae-89cf-476c-a01c-35d27cb79a80 (type: router_ports) to 3
2026-07-22 23:21:07.771 9 INFO neutron.wsgi [req-074d9d88-9007-44bd-ad02-adc6ba6e8364 req-d0984d17-8b79-4c79-ab4b-5e8d6443e1a1 404045f7f66148ca87b33c3deb64ffac e48df614e2a542a690e1cc22a276933b - - 5e99659270f44b0f8c46fcb0fc3691df 5e99659270f44b0f8c46fcb0fc3691df] 199.19.213.74 "GET /v2.0/networks?id=63e7696f-0ef3-44f3-b934-9f903f004e5f HTTP/1.1" status: 200 len: 982 time: 0.0576384
2026-07-22 23:21:07.855 9 INFO neutron.wsgi [req-074d9d88-9007-44bd-ad02-adc6ba6e8364 req-83997001-c655-4188-aa79-22d6921e5e91 404045f7f66148ca87b33c3deb64ffac e48df614e2a542a690e1cc22a276933b - - 5e99659270f44b0f8c46fcb0fc3691df 5e99659270f44b0f8c46fcb0fc3691df] 199.19.213.74 "GET /v2.0/floatingips?fixed_ip_address=10.100.0.7&port_id=a99e69f8-d280-4175-a8c0-eabe9cfda54b HTTP/1.1" status: 200 len: 1059 time: 0.0665123
2026-07-22 23:21:07.905 10 INFO neutron.db.ovn_revision_numbers_db [None req-de2d344f-13ca-4f98-8474-f4e666941271 9f3e036aaf50403bb752431d07cb18d9 ff6e51b5260d4cce8cfd678b4b88f8a3 - - - -] Successfully bumped revision number for resource 70a6bd39-3ced-46bd-ace6-0ecb8ada9af1 (type: networks) to 2
2026-07-22 23:21:07.907 9 INFO neutron.wsgi [req-074d9d88-9007-44bd-ad02-adc6ba6e8364 req-a5a4deb6-2291-4cae-9806-cca990a52810 404045f7f66148ca87b33c3deb64ffac e48df614e2a542a690e1cc22a276933b - - 5e99659270f44b0f8c46fcb0fc3691df 5e99659270f44b0f8c46fcb0fc3691df] 199.19.213.74 "GET /v2.0/subnets?id=f9674f24-6a2f-4bc5-bec2-c9c10302698b HTTP/1.1" status: 200 len: 877 time: 0.0386410
2026-07-22 23:21:07.908 10 INFO neutron.wsgi [None req-de2d344f-13ca-4f98-8474-f4e666941271 9f3e036aaf50403bb752431d07cb18d9 ff6e51b5260d4cce8cfd678b4b88f8a3 - - - -] 10.0.0.216 "PUT /v2.0/networks/70a6bd39-3ced-46bd-ace6-0ecb8ada9af1 HTTP/1.1" status: 200 len: 792 time: 0.2260711
2026-07-22 23:21:07.960 9 INFO neutron.wsgi [req-074d9d88-9007-44bd-ad02-adc6ba6e8364 req-cb9f41f8-9e1b-4a51-a107-51ccc6db8229 404045f7f66148ca87b33c3deb64ffac e48df614e2a542a690e1cc22a276933b - - 5e99659270f44b0f8c46fcb0fc3691df 5e99659270f44b0f8c46fcb0fc3691df] 199.19.213.74 "GET /v2.0/ports?network_id=63e7696f-0ef3-44f3-b934-9f903f004e5f&device_owner=network%3Adhcp HTTP/1.1" status: 200 len: 210 time: 0.0479937
2026-07-22 23:21:07.990 10 INFO neutron.db.ovn_revision_numbers_db [None req-3d65cf31-be1a-40d1-a3ed-638be7ca5365 - - - - - -] Successfully bumped revision number for resource a679e8ae-89cf-476c-a01c-35d27cb79a80 (type: ports) to 2
2026-07-22 23:21:08.020 9 INFO neutron.db.ovn_revision_numbers_db [None req-a48194c1-12d7-4ef0-ba9f-0d621c516b12 e2b3bf4d633f4b1dabcde5be2f54c501 32ee8140ac544caf933694200dfd56d9 - - - -] Successfully bumped revision number for resource b822c798-6f94-44c6-a370-7fa3502d34c7 (type: security_groups) to 1
2026-07-22 23:21:08.047 9 INFO neutron.wsgi [None req-a48194c1-12d7-4ef0-ba9f-0d621c516b12 e2b3bf4d633f4b1dabcde5be2f54c501 32ee8140ac544caf933694200dfd56d9 - - - -] 10.0.0.216 "POST /v2.0/security-groups HTTP/1.1" status: 201 len: 1797 time: 0.2721183
2026-07-22 23:21:08.051 9 INFO neutron.wsgi [req-074d9d88-9007-44bd-ad02-adc6ba6e8364 req-f1e39be4-8446-4b96-af12-5c805150d432 404045f7f66148ca87b33c3deb64ffac e48df614e2a542a690e1cc22a276933b - - 5e99659270f44b0f8c46fcb0fc3691df 5e99659270f44b0f8c46fcb0fc3691df] 199.19.213.74 "GET /v2.0/networks/63e7696f-0ef3-44f3-b934-9f903f004e5f?fields=segments HTTP/1.1" status: 200 len: 212 time: 0.0832059
2026-07-22 23:21:08.083 10 INFO neutron.db.ovn_revision_numbers_db [None req-f1c17fbb-8f98-4a4f-8d68-46b78a0bdf37 235e748336e44fdd8141c1ad52126baa d41b2f8c93254104a68fefc9310a8bd4 - - - -] Successfully bumped revision number for resource cfd2f384-6768-45cd-b63e-6c539af8d3f7 (type: security_groups) to 1
2026-07-22 23:21:08.134 10 INFO neutron.wsgi [None req-f1c17fbb-8f98-4a4f-8d68-46b78a0bdf37 235e748336e44fdd8141c1ad52126baa d41b2f8c93254104a68fefc9310a8bd4 - - - -] 10.0.0.216 "POST /v2.0/security-groups HTTP/1.1" status: 201 len: 1796 time: 0.1675308
2026-07-22 23:21:08.166 9 INFO neutron.wsgi [req-074d9d88-9007-44bd-ad02-adc6ba6e8364 req-4aeaac53-6be2-46c0-a8a1-873ed1792e9d 404045f7f66148ca87b33c3deb64ffac e48df614e2a542a690e1cc22a276933b - - 5e99659270f44b0f8c46fcb0fc3691df 5e99659270f44b0f8c46fcb0fc3691df] 199.19.213.74 "GET /v2.0/networks/63e7696f-0ef3-44f3-b934-9f903f004e5f?fields=provider%3Aphysical_network&fields=provider%3Anetwork_type HTTP/1.1" status: 200 len: 277 time: 0.1048307
2026-07-22 23:21:08.167 10 INFO neutron.plugins.ml2.drivers.ovn.mech_driver.mech_driver [None req-bc687c49-6adf-4944-a055-3629312b5243 - - - - - -] OVN reports status up for port: 557be957-a85b-4edd-a7fe-13d068397f8c
2026-07-22 23:21:08.193 10 INFO neutron.plugins.ml2.plugin [None req-bc687c49-6adf-4944-a055-3629312b5243 - - - - - -] Attempt 1 to provision port 557be957-a85b-4edd-a7fe-13d068397f8c
2026-07-22 23:21:08.303 9 INFO neutron.db.ovn_revision_numbers_db [None req-8e104a40-ae23-416b-9543-2b17bc40393f e2b3bf4d633f4b1dabcde5be2f54c501 32ee8140ac544caf933694200dfd56d9 - - - -] Successfully bumped revision number for resource ffd03a69-9e2a-4c50-aa13-a13c5e7560bc (type: security_group_rules) to 0
2026-07-22 23:21:08.346 9 INFO neutron.wsgi [None req-8e104a40-ae23-416b-9543-2b17bc40393f e2b3bf4d633f4b1dabcde5be2f54c501 32ee8140ac544caf933694200dfd56d9 - - - -] 10.0.0.216 "POST /v2.0/security-group-rules HTTP/1.1" status: 201 len: 764 time: 0.2854700
2026-07-22 23:21:08.348 9 WARNING neutron.scheduler.dhcp_agent_scheduler [None req-21be7a4c-060b-4374-8e33-9b87cc77ee46 9f3e036aaf50403bb752431d07cb18d9 ff6e51b5260d4cce8cfd678b4b88f8a3 - - - -] No more DHCP agents
2026-07-22 23:21:08.353 9 WARNING neutron.api.rpc.agentnotifiers.dhcp_rpc_agent_api [None req-21be7a4c-060b-4374-8e33-9b87cc77ee46 9f3e036aaf50403bb752431d07cb18d9 ff6e51b5260d4cce8cfd678b4b88f8a3 - - - -] Unable to schedule network 70a6bd39-3ced-46bd-ace6-0ecb8ada9af1: no agents available; will retry on subsequent port and subnet creation events.
2026-07-22 23:21:08.373 10 INFO neutron.db.ovn_revision_numbers_db [None req-3d65cf31-be1a-40d1-a3ed-638be7ca5365 - - - - - -] Successfully bumped revision number for resource a679e8ae-89cf-476c-a01c-35d27cb79a80 (type: ports) to 4
2026-07-22 23:21:08.377 9 INFO neutron.db.ovn_revision_numbers_db [None req-21be7a4c-060b-4374-8e33-9b87cc77ee46 9f3e036aaf50403bb752431d07cb18d9 ff6e51b5260d4cce8cfd678b4b88f8a3 - - - -] Successfully bumped revision number for resource b1bf51b6-c6f6-4106-84ea-aee4e2a691e9 (type: subnets) to 0
2026-07-22 23:21:08.390 10 INFO neutron.db.ovn_revision_numbers_db [None req-d696e45e-0149-4e41-9fdc-fd2c414ced6a 235e748336e44fdd8141c1ad52126baa d41b2f8c93254104a68fefc9310a8bd4 - - - -] Successfully bumped revision number for resource 77f036e3-73c7-4257-8c56-fddbe05917b0 (type: security_group_rules) to 0
2026-07-22 23:21:08.391 9 INFO neutron.wsgi [None req-21be7a4c-060b-4374-8e33-9b87cc77ee46 9f3e036aaf50403bb752431d07cb18d9 ff6e51b5260d4cce8cfd678b4b88f8a3 - - - -] 10.0.0.216 "POST /v2.0/subnets HTTP/1.1" status: 201 len: 821 time: 0.4739883
2026-07-22 23:21:08.458 10 INFO neutron.wsgi [None req-d696e45e-0149-4e41-9fdc-fd2c414ced6a 235e748336e44fdd8141c1ad52126baa d41b2f8c93254104a68fefc9310a8bd4 - - - -] 10.0.0.216 "POST /v2.0/security-group-rules HTTP/1.1" status: 201 len: 764 time: 0.3180878
2026-07-22 23:21:08.554 9 INFO neutron.db.ovn_revision_numbers_db [None req-0c62b5a7-b14b-4300-8cc3-2680e5e56fa7 e2b3bf4d633f4b1dabcde5be2f54c501 32ee8140ac544caf933694200dfd56d9 - - - -] Successfully bumped revision number for resource fdf3a391-de07-47ac-add9-59fc1ca53fbc (type: security_group_rules) to 0
2026-07-22 23:21:08.599 9 INFO neutron.wsgi [None req-0c62b5a7-b14b-4300-8cc3-2680e5e56fa7 e2b3bf4d633f4b1dabcde5be2f54c501 32ee8140ac544caf933694200dfd56d9 - - - -] 10.0.0.216 "POST /v2.0/security-group-rules HTTP/1.1" status: 201 len: 769 time: 0.2417815
2026-07-22 23:21:08.655 10 INFO neutron.db.ovn_revision_numbers_db [None req-bc687c49-6adf-4944-a055-3629312b5243 - - - - - -] Successfully bumped revision number for resource 557be957-a85b-4edd-a7fe-13d068397f8c (type: ports) to 3
2026-07-22 23:21:08.712 9 INFO neutron.db.ovn_revision_numbers_db [None req-72987278-6f50-44ff-9ad0-e7dbbb2be7a1 235e748336e44fdd8141c1ad52126baa d41b2f8c93254104a68fefc9310a8bd4 - - - -] Successfully bumped revision number for resource c1d80b47-1602-4957-9c8f-65e2cafefaa9 (type: security_group_rules) to 0
2026-07-22 23:21:08.766 10 INFO neutron.db.ovn_revision_numbers_db [None req-3d65cf31-be1a-40d1-a3ed-638be7ca5365 - - - - - -] Successfully bumped revision number for resource a679e8ae-89cf-476c-a01c-35d27cb79a80 (type: router_ports) to 4
2026-07-22 23:21:08.775 9 INFO neutron.wsgi [None req-72987278-6f50-44ff-9ad0-e7dbbb2be7a1 235e748336e44fdd8141c1ad52126baa d41b2f8c93254104a68fefc9310a8bd4 - - - -] 10.0.0.216 "POST /v2.0/security-group-rules HTTP/1.1" status: 201 len: 769 time: 0.3040853
2026-07-22 23:21:08.801 10 INFO neutron.db.ovn_revision_numbers_db [None req-bc687c49-6adf-4944-a055-3629312b5243 - - - - - -] Successfully bumped revision number for resource 557be957-a85b-4edd-a7fe-13d068397f8c (type: router_ports) to 3
2026-07-22 23:21:09.110 9 WARNING neutron.scheduler.dhcp_agent_scheduler [None req-c39d7349-a5a4-4ff2-935e-910e27aebd9f e2b3bf4d633f4b1dabcde5be2f54c501 32ee8140ac544caf933694200dfd56d9 - - - -] No more DHCP agents
2026-07-22 23:21:09.118 9 WARNING neutron.api.rpc.agentnotifiers.dhcp_rpc_agent_api [None req-c39d7349-a5a4-4ff2-935e-910e27aebd9f e2b3bf4d633f4b1dabcde5be2f54c501 32ee8140ac544caf933694200dfd56d9 - - - -] Unable to schedule network 7c15f7fc-5f92-4a46-bbbe-3da8a40c9bad: no agents available; will retry on subsequent port and subnet creation events.
2026-07-22 23:21:09.488 9 WARNING neutron.scheduler.dhcp_agent_scheduler [None req-5ca1749b-5614-45ea-8d89-9ea8d4d9bfe9 235e748336e44fdd8141c1ad52126baa d41b2f8c93254104a68fefc9310a8bd4 - - - -] No more DHCP agents
2026-07-22 23:21:09.494 9 WARNING neutron.api.rpc.agentnotifiers.dhcp_rpc_agent_api [None req-5ca1749b-5614-45ea-8d89-9ea8d4d9bfe9 235e748336e44fdd8141c1ad52126baa d41b2f8c93254104a68fefc9310a8bd4 - - - -] Unable to schedule network 7c15f7fc-5f92-4a46-bbbe-3da8a40c9bad: no agents available; will retry on subsequent port and subnet creation events.
2026-07-22 23:21:09.723 9 INFO neutron.db.ovn_revision_numbers_db [None req-97f78ef8-755b-41bd-be08-ac6efc239edc 9f3e036aaf50403bb752431d07cb18d9 ff6e51b5260d4cce8cfd678b4b88f8a3 - - - -] Successfully bumped revision number for resource 43c31389-8936-4884-89a0-1fbf8ae75e6b (type: ports) to 2
2026-07-22 23:21:09.803 9 INFO neutron.db.ovn_revision_numbers_db [None req-97f78ef8-755b-41bd-be08-ac6efc239edc 9f3e036aaf50403bb752431d07cb18d9 ff6e51b5260d4cce8cfd678b4b88f8a3 - - - -] Successfully bumped revision number for resource b1bf51b6-c6f6-4106-84ea-aee4e2a691e9 (type: subnets) to 1
2026-07-22 23:21:09.806 9 INFO neutron.wsgi [None req-97f78ef8-755b-41bd-be08-ac6efc239edc 9f3e036aaf50403bb752431d07cb18d9 ff6e51b5260d4cce8cfd678b4b88f8a3 - - - -] 10.0.0.216 "PUT /v2.0/subnets/b1bf51b6-c6f6-4106-84ea-aee4e2a691e9 HTTP/1.1" status: 200 len: 826 time: 1.4061403
2026-07-22 23:21:09.845 9 INFO neutron.db.ovn_revision_numbers_db [None req-c39d7349-a5a4-4ff2-935e-910e27aebd9f e2b3bf4d633f4b1dabcde5be2f54c501 32ee8140ac544caf933694200dfd56d9 - - - -] Successfully bumped revision number for resource d8645d15-ae2a-4953-8b33-54ff3aa43231 (type: floatingips) to 0
2026-07-22 23:21:09.879 9 INFO neutron.wsgi [None req-c39d7349-a5a4-4ff2-935e-910e27aebd9f e2b3bf4d633f4b1dabcde5be2f54c501 32ee8140ac544caf933694200dfd56d9 - - - -] 10.0.0.216 "POST /v2.0/floatingips HTTP/1.1" status: 201 len: 751 time: 1.2693453
2026-07-22 23:21:09.929 9 INFO neutron.db.ovn_revision_numbers_db [None req-5ca1749b-5614-45ea-8d89-9ea8d4d9bfe9 235e748336e44fdd8141c1ad52126baa d41b2f8c93254104a68fefc9310a8bd4 - - - -] Successfully bumped revision number for resource 8d7e923e-efaf-499e-a40b-a601a379d127 (type: floatingips) to 0
2026-07-22 23:21:09.945 9 INFO neutron.wsgi [None req-5ca1749b-5614-45ea-8d89-9ea8d4d9bfe9 235e748336e44fdd8141c1ad52126baa d41b2f8c93254104a68fefc9310a8bd4 - - - -] 10.0.0.216 "POST /v2.0/floatingips HTTP/1.1" status: 201 len: 751 time: 1.1641793
2026-07-22 23:21:10.407 10 INFO neutron.wsgi [req-f2545e75-7e55-45c3-9f49-5b2e53decd12 req-1dc7c936-0dbb-428f-9d43-48734ff35788 235e748336e44fdd8141c1ad52126baa d41b2f8c93254104a68fefc9310a8bd4 - - default default] 10.0.0.112 "GET /v2.0/security-groups?name=tempest-securitygroup--1555708393&fields=id&tenant_id=d41b2f8c93254104a68fefc9310a8bd4 HTTP/1.1" status: 200 len: 267 time: 0.0766344
2026-07-22 23:21:10.415 9 INFO neutron.wsgi [req-18d0a99b-282d-45a1-a8e5-653d89f3e24d req-7f0f43b9-6261-4be9-8aea-30a0d44f5ceb e2b3bf4d633f4b1dabcde5be2f54c501 32ee8140ac544caf933694200dfd56d9 - - default default] 10.0.0.112 "GET /v2.0/security-groups?name=tempest-securitygroup--1018816854&fields=id&tenant_id=32ee8140ac544caf933694200dfd56d9 HTTP/1.1" status: 200 len: 267 time: 0.0371161
2026-07-22 23:21:10.491 9 INFO neutron.wsgi [req-18d0a99b-282d-45a1-a8e5-653d89f3e24d req-a0a05d33-8ec5-43f7-a954-e655172c9106 e2b3bf4d633f4b1dabcde5be2f54c501 32ee8140ac544caf933694200dfd56d9 - - default default] 10.0.0.112 "GET /v2.0/networks?id=2f317d71-f1c6-4b93-aab7-44915b661ced HTTP/1.1" status: 200 len: 875 time: 0.0652530
2026-07-22 23:21:10.512 9 INFO neutron.wsgi [req-18d0a99b-282d-45a1-a8e5-653d89f3e24d req-6f31b0bd-dbcb-447b-91bb-420814f9cce5 e2b3bf4d633f4b1dabcde5be2f54c501 32ee8140ac544caf933694200dfd56d9 - - default default] 10.0.0.112 "GET /v2.0/quotas/32ee8140ac544caf933694200dfd56d9 HTTP/1.1" status: 200 len: 386 time: 0.0127761
2026-07-22 23:21:10.525 10 INFO neutron.wsgi [req-f2545e75-7e55-45c3-9f49-5b2e53decd12 req-a8b5d5be-b36d-482e-8566-c778ced4b5c2 235e748336e44fdd8141c1ad52126baa d41b2f8c93254104a68fefc9310a8bd4 - - default default] 10.0.0.112 "GET /v2.0/networks?id=4d89a256-ce1a-47d9-8a47-5c0c794656d8 HTTP/1.1" status: 200 len: 868 time: 0.1091232
2026-07-22 23:21:10.541 10 INFO neutron.wsgi [req-f2545e75-7e55-45c3-9f49-5b2e53decd12 req-63fcc75a-da37-4fc9-8fab-717998d3809a 235e748336e44fdd8141c1ad52126baa d41b2f8c93254104a68fefc9310a8bd4 - - default default] 10.0.0.112 "GET /v2.0/quotas/d41b2f8c93254104a68fefc9310a8bd4 HTTP/1.1" status: 200 len: 386 time: 0.0098002
2026-07-22 23:21:10.617 9 INFO neutron.wsgi [req-18d0a99b-282d-45a1-a8e5-653d89f3e24d req-30511709-694d-4083-8c74-131033684c84 e2b3bf4d633f4b1dabcde5be2f54c501 32ee8140ac544caf933694200dfd56d9 - - default default] 10.0.0.112 "GET /v2.0/ports?tenant_id=32ee8140ac544caf933694200dfd56d9&fields=id HTTP/1.1" status: 200 len: 302 time: 0.0970731
2026-07-22 23:21:10.667 10 INFO neutron.services.segments.plugin [-] Segment 83ce15f0-8872-43ba-88e3-65b1f382fa54 resource provider aggregate not found
2026-07-22 23:21:10.687 10 INFO neutron.services.segments.plugin [-] Segment 83ce15f0-8872-43ba-88e3-65b1f382fa54 resource provider aggregate not found
2026-07-22 23:21:10.697 9 INFO neutron.wsgi [req-18d0a99b-282d-45a1-a8e5-653d89f3e24d req-9d2f4aa6-1df8-4f5e-ae00-66db6ab55343 404045f7f66148ca87b33c3deb64ffac e48df614e2a542a690e1cc22a276933b - - 5e99659270f44b0f8c46fcb0fc3691df 5e99659270f44b0f8c46fcb0fc3691df] 10.0.0.112 "GET /v2.0/networks/2f317d71-f1c6-4b93-aab7-44915b661ced?fields=segments HTTP/1.1" status: 200 len: 212 time: 0.0691278
2026-07-22 23:21:10.703 10 INFO neutron.wsgi [req-f2545e75-7e55-45c3-9f49-5b2e53decd12 req-654e7f61-00cc-42ce-a09e-1acd9423a7f5 235e748336e44fdd8141c1ad52126baa d41b2f8c93254104a68fefc9310a8bd4 - - default default] 10.0.0.112 "GET /v2.0/ports?tenant_id=d41b2f8c93254104a68fefc9310a8bd4&fields=id HTTP/1.1" status: 200 len: 302 time: 0.1490893
2026-07-22 23:21:10.705 10 INFO neutron.services.segments.plugin [-] Segment 83ce15f0-8872-43ba-88e3-65b1f382fa54 resource provider not found; error: Placement Client Error (4xx): {"errors": [{"status": 404, "title": "Not Found", "detail": "The resource could not be found.\n\n No resource provider with uuid 83ce15f0-8872-43ba-88e3-65b1f382fa54 found for delete ", "request_id": "req-fc023609-e9ed-41ee-835b-79f9ddc896f7"}]}
2026-07-22 23:21:10.710 10 INFO neutron.services.segments.plugin [-] Segment 83ce15f0-8872-43ba-88e3-65b1f382fa54 resource provider not found; error: Placement Client Error (4xx): {"errors": [{"status": 404, "title": "Not Found", "detail": "The resource could not be found.\n\n No resource provider with uuid 83ce15f0-8872-43ba-88e3-65b1f382fa54 found for delete ", "request_id": "req-41875c5e-9f30-4946-bb89-e0ec867ba551"}]}
2026-07-22 23:21:10.729 10 INFO neutron.wsgi [None req-38c3d2b5-acb2-42eb-9719-6e95fcf59b60 9f3e036aaf50403bb752431d07cb18d9 ff6e51b5260d4cce8cfd678b4b88f8a3 - - - -] 10.0.0.216 "DELETE /v2.0/networks/70a6bd39-3ced-46bd-ace6-0ecb8ada9af1 HTTP/1.1" status: 204 len: 168 time: 0.9171197
2026-07-22 23:21:10.755 9 INFO neutron.wsgi [req-18d0a99b-282d-45a1-a8e5-653d89f3e24d req-dab64d2e-b06c-4b3c-97ea-e2c8d6bdbbbe 404045f7f66148ca87b33c3deb64ffac e48df614e2a542a690e1cc22a276933b - - 5e99659270f44b0f8c46fcb0fc3691df 5e99659270f44b0f8c46fcb0fc3691df] 10.0.0.112 "GET /v2.0/networks/2f317d71-f1c6-4b93-aab7-44915b661ced?fields=provider%3Aphysical_network&fields=provider%3Anetwork_type HTTP/1.1" status: 200 len: 277 time: 0.0529346
2026-07-22 23:21:10.755 10 INFO neutron.pecan_wsgi.hooks.translation [None req-ba3f2bcc-2f85-4f66-8c18-358ca8349e25 9f3e036aaf50403bb752431d07cb18d9 ff6e51b5260d4cce8cfd678b4b88f8a3 - - - -] DELETE failed (client error): The resource could not be found.
2026-07-22 23:21:10.758 10 INFO neutron.wsgi [None req-ba3f2bcc-2f85-4f66-8c18-358ca8349e25 9f3e036aaf50403bb752431d07cb18d9 ff6e51b5260d4cce8cfd678b4b88f8a3 - - - -] 10.0.0.216 "DELETE /v2.0/networks/70a6bd39-3ced-46bd-ace6-0ecb8ada9af1 HTTP/1.1" status: 404 len: 339 time: 0.0183740
2026-07-22 23:21:10.873 9 INFO neutron.wsgi [None req-6e5d0e90-b475-4e1d-8f04-c55100e2da14 9f3e036aaf50403bb752431d07cb18d9 ff6e51b5260d4cce8cfd678b4b88f8a3 - - default default] 10.0.0.216 "GET /v2.0/networks?router%3Aexternal=True HTTP/1.1" status: 200 len: 845 time: 0.1091828
2026-07-22 23:21:10.903 9 INFO neutron.wsgi [req-44162a2b-83c5-41ed-8aff-33de347bba6d req-16f8e587-aff9-4e91-864e-3083717be295 e2b3bf4d633f4b1dabcde5be2f54c501 32ee8140ac544caf933694200dfd56d9 - - default default] 10.0.0.112 "GET /v2.0/ports?device_id=ae243df6-b7ca-4675-a403-a53755b5a17a HTTP/1.1" status: 200 len: 210 time: 0.0295529
2026-07-22 23:21:10.930 10 INFO neutron.wsgi [None req-499af758-d2a7-4427-9f07-75c5b3503f4b 9f3e036aaf50403bb752431d07cb18d9 ff6e51b5260d4cce8cfd678b4b88f8a3 - - default default] 10.0.0.216 "GET /v2.0/subnets?network_id=7c15f7fc-5f92-4a46-bbbe-3da8a40c9bad HTTP/1.1" status: 200 len: 820 time: 0.0495601
2026-07-22 23:21:10.942 10 INFO neutron.wsgi [None req-24e7091c-9d68-41f4-b537-23366e967b38 9f3e036aaf50403bb752431d07cb18d9 ff6e51b5260d4cce8cfd678b4b88f8a3 - - default default] 10.0.0.216 "GET /v2.0/extensions HTTP/1.1" status: 200 len: 16520 time: 0.0050750
2026-07-22 23:21:11.091 10 INFO neutron.wsgi [None req-fb03a96e-f496-47a6-b8bf-9a29364e825b 9f3e036aaf50403bb752431d07cb18d9 ff6e51b5260d4cce8cfd678b4b88f8a3 - - default default] 10.0.0.216 "GET /v2.0/networks HTTP/1.1" status: 200 len: 1508 time: 0.1453772
2026-07-22 23:21:11.108 10 INFO neutron.wsgi [req-f2545e75-7e55-45c3-9f49-5b2e53decd12 req-01073b7c-8eac-401d-acd9-bce13ff12649 404045f7f66148ca87b33c3deb64ffac e48df614e2a542a690e1cc22a276933b - - 5e99659270f44b0f8c46fcb0fc3691df 5e99659270f44b0f8c46fcb0fc3691df] 10.0.0.112 "GET /v2.0/extensions HTTP/1.1" status: 200 len: 16525 time: 0.0641615
2026-07-22 23:21:11.152 9 INFO neutron.wsgi [None req-9bd846e5-13e3-49e8-b16a-9c85067377f6 9f3e036aaf50403bb752431d07cb18d9 ff6e51b5260d4cce8cfd678b4b88f8a3 - - default default] 10.0.0.216 "GET /v2.0/subnets HTTP/1.1" status: 200 len: 1460 time: 0.0531049
2026-07-22 23:21:11.165 10 INFO neutron.wsgi [req-f2545e75-7e55-45c3-9f49-5b2e53decd12 req-9125a936-1667-44b5-84e7-205592d63e65 404045f7f66148ca87b33c3deb64ffac e48df614e2a542a690e1cc22a276933b - - 5e99659270f44b0f8c46fcb0fc3691df 5e99659270f44b0f8c46fcb0fc3691df] 10.0.0.112 "GET /v2.0/networks/4d89a256-ce1a-47d9-8a47-5c0c794656d8?fields=segments HTTP/1.1" status: 200 len: 212 time: 0.0505476
2026-07-22 23:21:11.231 9 INFO neutron.wsgi [None req-fe26ded6-5afe-4e55-bcdf-dc95d8874262 9f3e036aaf50403bb752431d07cb18d9 ff6e51b5260d4cce8cfd678b4b88f8a3 - - default default] 10.0.0.216 "GET /v2.0/networks/8635de78-4809-4bf0-9587-93bdc8864f4e HTTP/1.1" status: 200 len: 867 time: 0.0738945
2026-07-22 23:21:11.241 10 INFO neutron.wsgi [req-f2545e75-7e55-45c3-9f49-5b2e53decd12 req-f8e2c15b-2ebd-41b4-914f-cffa8ba14f58 404045f7f66148ca87b33c3deb64ffac e48df614e2a542a690e1cc22a276933b - - 5e99659270f44b0f8c46fcb0fc3691df 5e99659270f44b0f8c46fcb0fc3691df] 10.0.0.112 "GET /v2.0/networks/4d89a256-ce1a-47d9-8a47-5c0c794656d8?fields=provider%3Aphysical_network&fields=provider%3Anetwork_type HTTP/1.1" status: 200 len: 277 time: 0.0672624
2026-07-22 23:21:11.277 9 INFO neutron.wsgi [None req-50a43636-5df0-4763-886b-4ce5dec5ad83 9f3e036aaf50403bb752431d07cb18d9 ff6e51b5260d4cce8cfd678b4b88f8a3 - - default default] 10.0.0.216 "GET /v2.0/subnets/1f442722-80bc-4a05-9526-8a5c30f781fa HTTP/1.1" status: 200 len: 843 time: 0.0401764
2026-07-22 23:21:11.302 9 INFO neutron.pecan_wsgi.hooks.translation [None req-e986b9bf-dc29-4960-9e19-b75846ca5973 9f3e036aaf50403bb752431d07cb18d9 ff6e51b5260d4cce8cfd678b4b88f8a3 - - - -] DELETE failed (client error): The resource could not be found.
2026-07-22 23:21:11.305 9 INFO neutron.wsgi [None req-e986b9bf-dc29-4960-9e19-b75846ca5973 9f3e036aaf50403bb752431d07cb18d9 ff6e51b5260d4cce8cfd678b4b88f8a3 - - - -] 10.0.0.216 "DELETE /v2.0/subnets/b1bf51b6-c6f6-4106-84ea-aee4e2a691e9 HTTP/1.1" status: 404 len: 337 time: 0.0205364
2026-07-22 23:21:11.327 9 INFO neutron.pecan_wsgi.hooks.translation [None req-9c3293fc-4a0e-49d8-93f6-561d53744f53 9f3e036aaf50403bb752431d07cb18d9 ff6e51b5260d4cce8cfd678b4b88f8a3 - - - -] DELETE failed (client error): The resource could not be found.
2026-07-22 23:21:11.330 9 INFO neutron.wsgi [None req-9c3293fc-4a0e-49d8-93f6-561d53744f53 9f3e036aaf50403bb752431d07cb18d9 ff6e51b5260d4cce8cfd678b4b88f8a3 - - - -] 10.0.0.216 "DELETE /v2.0/networks/70a6bd39-3ced-46bd-ace6-0ecb8ada9af1 HTTP/1.1" status: 404 len: 339 time: 0.0194924
2026-07-22 23:21:11.473 9 INFO neutron.wsgi [req-c2fe7dbf-4183-4c1c-a1ac-32c5288b671f req-8255c600-71d2-4933-b683-f59afc761efc 235e748336e44fdd8141c1ad52126baa d41b2f8c93254104a68fefc9310a8bd4 - - default default] 10.0.0.112 "GET /v2.0/ports?device_id=7634b550-36a4-4392-bccf-539b05f135bf HTTP/1.1" status: 200 len: 210 time: 0.0348694
2026-07-22 23:21:11.554 9 INFO neutron.wsgi [None req-6230aa3b-0c1a-49f0-be72-654ed7036edb 9f3e036aaf50403bb752431d07cb18d9 ff6e51b5260d4cce8cfd678b4b88f8a3 - - - -] 10.0.0.216 "DELETE /v2.0/subnets/1f442722-80bc-4a05-9526-8a5c30f781fa HTTP/1.1" status: 204 len: 168 time: 0.2171874
2026-07-22 23:21:11.686 9 INFO neutron.wsgi [req-18d0a99b-282d-45a1-a8e5-653d89f3e24d req-8fadd593-1114-4516-abfc-da0851e37da3 e2b3bf4d633f4b1dabcde5be2f54c501 32ee8140ac544caf933694200dfd56d9 - - default default] 199.19.213.74 "GET /v2.0/networks?id=2f317d71-f1c6-4b93-aab7-44915b661ced HTTP/1.1" status: 200 len: 875 time: 0.0815971
2026-07-22 23:21:11.765 9 INFO neutron.wsgi [req-18d0a99b-282d-45a1-a8e5-653d89f3e24d req-7b2e6a1d-4069-434a-bda7-9e250ea79be0 e2b3bf4d633f4b1dabcde5be2f54c501 32ee8140ac544caf933694200dfd56d9 - - default default] 199.19.213.74 "GET /v2.0/security-groups?fields=id&fields=name&tenant_id=32ee8140ac544caf933694200dfd56d9 HTTP/1.1" status: 200 len: 380 time: 0.0696383
2026-07-22 23:21:12.006 10 INFO neutron.wsgi [req-278096f5-6c2f-4991-9a66-949041be2eb5 req-10839457-aeff-4a91-81bb-d5e4c6e26acc e2b3bf4d633f4b1dabcde5be2f54c501 32ee8140ac544caf933694200dfd56d9 - - default default] 10.0.0.112 "GET /v2.0/ports?device_id=ae243df6-b7ca-4675-a403-a53755b5a17a HTTP/1.1" status: 200 len: 210 time: 0.0231581
2026-07-22 23:21:12.023 9 INFO neutron.services.segments.plugin [-] Segment 71232c9c-4fff-4500-b4c3-72a0d10be0aa resource provider aggregate not found
2026-07-22 23:21:12.031 9 INFO neutron.services.segments.plugin [-] Segment 71232c9c-4fff-4500-b4c3-72a0d10be0aa resource provider aggregate not found
2026-07-22 23:21:12.053 9 INFO neutron.services.segments.plugin [-] Segment 71232c9c-4fff-4500-b4c3-72a0d10be0aa resource provider not found; error: Placement Client Error (4xx): {"errors": [{"status": 404, "title": "Not Found", "detail": "The resource could not be found.\n\n No resource provider with uuid 71232c9c-4fff-4500-b4c3-72a0d10be0aa found for delete ", "request_id": "req-b2c4ea67-1a0d-4fbb-a0c0-ecf369decd7d"}]}
2026-07-22 23:21:12.053 9 INFO neutron.services.segments.plugin [-] Segment 71232c9c-4fff-4500-b4c3-72a0d10be0aa resource provider not found; error: Placement Client Error (4xx): {"errors": [{"status": 404, "title": "Not Found", "detail": "The resource could not be found.\n\n No resource provider with uuid 71232c9c-4fff-4500-b4c3-72a0d10be0aa found for delete ", "request_id": "req-f9c8c9ec-5be3-4f8b-b476-bd90e05a6f26"}]}
2026-07-22 23:21:12.106 9 INFO neutron.wsgi [None req-3fe38186-2dc1-440e-99bf-1b384d6e0a9b 9f3e036aaf50403bb752431d07cb18d9 ff6e51b5260d4cce8cfd678b4b88f8a3 - - - -] 10.0.0.216 "DELETE /v2.0/networks/8635de78-4809-4bf0-9587-93bdc8864f4e HTTP/1.1" status: 204 len: 168 time: 0.5485094
2026-07-22 23:21:12.187 9 WARNING neutron.scheduler.dhcp_agent_scheduler [None req-0137dd7c-ae66-4960-966f-20f0828085ab e2b3bf4d633f4b1dabcde5be2f54c501 32ee8140ac544caf933694200dfd56d9 - - - -] No more DHCP agents
2026-07-22 23:21:12.190 9 WARNING neutron.api.rpc.agentnotifiers.dhcp_rpc_agent_api [None req-0137dd7c-ae66-4960-966f-20f0828085ab e2b3bf4d633f4b1dabcde5be2f54c501 32ee8140ac544caf933694200dfd56d9 - - - -] Unable to schedule network 2f317d71-f1c6-4b93-aab7-44915b661ced: no agents available; will retry on subsequent port and subnet creation events.
2026-07-22 23:21:12.388 9 INFO neutron.db.ovn_revision_numbers_db [None req-0137dd7c-ae66-4960-966f-20f0828085ab e2b3bf4d633f4b1dabcde5be2f54c501 32ee8140ac544caf933694200dfd56d9 - - - -] Successfully bumped revision number for resource cce26054-4437-4f26-b81c-544a89a1190a (type: ports) to 1
2026-07-22 23:21:12.417 9 INFO neutron.wsgi [None req-0137dd7c-ae66-4960-966f-20f0828085ab e2b3bf4d633f4b1dabcde5be2f54c501 32ee8140ac544caf933694200dfd56d9 - - - -] 199.19.213.74 "POST /v2.0/ports HTTP/1.1" status: 201 len: 1158 time: 0.6463921 /var/lib/openstack/lib/python3.10/site-packages/pycadf/identifier.py:71: UserWarning: Invalid uuid: neutron. To ensure interoperability, identifiers should be a valid uuid. warnings.warn(('Invalid uuid: %s. To ensure interoperability, '
2026-07-22 23:21:12.458 10 INFO neutron.wsgi [req-f2545e75-7e55-45c3-9f49-5b2e53decd12 req-5f84a363-27bb-47e7-8c4b-685feebe83e6 235e748336e44fdd8141c1ad52126baa d41b2f8c93254104a68fefc9310a8bd4 - - default default] 199.19.213.74 "GET /v2.0/networks?id=4d89a256-ce1a-47d9-8a47-5c0c794656d8 HTTP/1.1" status: 200 len: 868 time: 0.0837736
2026-07-22 23:21:12.529 10 INFO neutron.wsgi [req-f2545e75-7e55-45c3-9f49-5b2e53decd12 req-2ef7c0cd-5ca2-4b88-99f6-55f5d5267cd2 235e748336e44fdd8141c1ad52126baa d41b2f8c93254104a68fefc9310a8bd4 - - default default] 199.19.213.74 "GET /v2.0/security-groups?fields=id&fields=name&tenant_id=d41b2f8c93254104a68fefc9310a8bd4 HTTP/1.1" status: 200 len: 380 time: 0.0664749
2026-07-22 23:21:12.587 9 INFO neutron.wsgi [req-a11336a2-1b00-47a9-ad37-a9862208f9af req-90300d51-bc5c-4dab-be4d-00e808c682a7 235e748336e44fdd8141c1ad52126baa d41b2f8c93254104a68fefc9310a8bd4 - - default default] 10.0.0.112 "GET /v2.0/ports?device_id=7634b550-36a4-4392-bccf-539b05f135bf HTTP/1.1" status: 200 len: 210 time: 0.0353980
2026-07-22 23:21:12.837 9 INFO neutron.db.ovn_revision_numbers_db [None req-cbffdc8e-45e1-4169-be73-e0629fbab053 404045f7f66148ca87b33c3deb64ffac e48df614e2a542a690e1cc22a276933b - - - -] Successfully bumped revision number for resource cce26054-4437-4f26-b81c-544a89a1190a (type: ports) to 2
2026-07-22 23:21:12.943 10 INFO neutron.wsgi [None req-272492cb-f368-4a34-9057-db74ad81a4c0 cf73f69d1f7e49a59cf81fa0f22f15b3 54c749f18dbc43a79f6dd70b33b72377 - - default default] 10.0.0.216 "GET /v2.0/security-groups?tenant_id=ff6e51b5260d4cce8cfd678b4b88f8a3&name=default HTTP/1.1" status: 200 len: 2996 time: 0.2316127
2026-07-22 23:21:13.039 9 INFO neutron.db.ovn_revision_numbers_db [None req-cbffdc8e-45e1-4169-be73-e0629fbab053 404045f7f66148ca87b33c3deb64ffac e48df614e2a542a690e1cc22a276933b - - - -] Successfully bumped revision number for resource cce26054-4437-4f26-b81c-544a89a1190a (type: ports) to 2
2026-07-22 23:21:13.061 9 INFO neutron.wsgi [None req-cbffdc8e-45e1-4169-be73-e0629fbab053 404045f7f66148ca87b33c3deb64ffac e48df614e2a542a690e1cc22a276933b - - - -] 199.19.213.74 "PUT /v2.0/ports/cce26054-4437-4f26-b81c-544a89a1190a HTTP/1.1" status: 200 len: 1328 time: 0.6376929 /var/lib/openstack/lib/python3.10/site-packages/pycadf/identifier.py:71: UserWarning: Invalid uuid: neutron. To ensure interoperability, identifiers should be a valid uuid. warnings.warn(('Invalid uuid: %s. To ensure interoperability, ' /var/lib/openstack/lib/python3.10/site-packages/pycadf/identifier.py:71: UserWarning: Invalid uuid: neutron. To ensure interoperability, identifiers should be a valid uuid. warnings.warn(('Invalid uuid: %s. To ensure interoperability, '
2026-07-22 23:21:13.116 9 INFO neutron.notifiers.nova [-] Nova event matching ['req-d17f57bb-dfb2-4781-8085-0e8d1d630720'] response: {'name': 'network-changed', 'server_uuid': 'ae243df6-b7ca-4675-a403-a53755b5a17a', 'tag': 'cce26054-4437-4f26-b81c-544a89a1190a', 'status': 'completed', 'code': 200}
2026-07-22 23:21:13.186 10 WARNING neutron.scheduler.dhcp_agent_scheduler [None req-5a4eaa4f-5f64-4dc3-94dd-8dc2b0e1b616 235e748336e44fdd8141c1ad52126baa d41b2f8c93254104a68fefc9310a8bd4 - - - -] No more DHCP agents
2026-07-22 23:21:13.195 10 WARNING neutron.api.rpc.agentnotifiers.dhcp_rpc_agent_api [None req-5a4eaa4f-5f64-4dc3-94dd-8dc2b0e1b616 235e748336e44fdd8141c1ad52126baa d41b2f8c93254104a68fefc9310a8bd4 - - - -] Unable to schedule network 4d89a256-ce1a-47d9-8a47-5c0c794656d8: no agents available; will retry on subsequent port and subnet creation events.
2026-07-22 23:21:13.318 10 WARNING neutron.plugins.ml2.drivers.ovn.mech_driver.ovsdb.ovn_client [None req-bc687c49-6adf-4944-a055-3629312b5243 - - - - - -] No hosting information found for port 557be957-a85b-4edd-a7fe-13d068397f8c: RuntimeError: No hosting information found for port 557be957-a85b-4edd-a7fe-13d068397f8c
2026-07-22 23:21:13.319 10 INFO neutron.plugins.ml2.drivers.ovn.mech_driver.mech_driver [None req-bc687c49-6adf-4944-a055-3629312b5243 - - - - - -] OVN reports status up for port: ece38f61-9956-4ee1-b6a2-c212a46fdd0c
2026-07-22 23:21:13.353 10 INFO neutron.wsgi [req-234a25b4-9273-43ff-825c-dd7dcc7116c5 req-8e901ae5-e612-4d1f-a1dd-e41bbc2eba7f e2b3bf4d633f4b1dabcde5be2f54c501 32ee8140ac544caf933694200dfd56d9 - - default default] 10.0.0.112 "GET /v2.0/ports?device_id=ae243df6-b7ca-4675-a403-a53755b5a17a HTTP/1.1" status: 200 len: 1168 time: 0.2698648
2026-07-22 23:21:13.363 10 INFO neutron.plugins.ml2.plugin [None req-bc687c49-6adf-4944-a055-3629312b5243 - - - - - -] Attempt 1 to provision port ece38f61-9956-4ee1-b6a2-c212a46fdd0c /var/lib/openstack/lib/python3.10/site-packages/pycadf/identifier.py:71: UserWarning: Invalid uuid: neutron. To ensure interoperability, identifiers should be a valid uuid. warnings.warn(('Invalid uuid: %s. To ensure interoperability, '
2026-07-22 23:21:13.383 9 INFO neutron.wsgi [req-18d0a99b-282d-45a1-a8e5-653d89f3e24d req-8dc47a39-958e-4574-9533-355cb38c26b1 404045f7f66148ca87b33c3deb64ffac e48df614e2a542a690e1cc22a276933b - - 5e99659270f44b0f8c46fcb0fc3691df 5e99659270f44b0f8c46fcb0fc3691df] 199.19.213.74 "GET /v2.0/ports?tenant_id=32ee8140ac544caf933694200dfd56d9&device_id=ae243df6-b7ca-4675-a403-a53755b5a17a HTTP/1.1" status: 200 len: 1359 time: 0.2795758
2026-07-22 23:21:13.415 9 INFO neutron.wsgi [req-18d0a99b-282d-45a1-a8e5-653d89f3e24d req-662ff778-1916-4176-96d7-f228fbda22b2 404045f7f66148ca87b33c3deb64ffac e48df614e2a542a690e1cc22a276933b - - 5e99659270f44b0f8c46fcb0fc3691df 5e99659270f44b0f8c46fcb0fc3691df] 199.19.213.74 "GET /v2.0/floatingips?fixed_ip_address=10.100.0.8&port_id=cce26054-4437-4f26-b81c-544a89a1190a HTTP/1.1" status: 200 len: 217 time: 0.0261583
2026-07-22 23:21:13.429 10 INFO neutron.wsgi [None req-860abfcd-c4fe-4a3b-a061-2b641b8bba4e cf73f69d1f7e49a59cf81fa0f22f15b3 54c749f18dbc43a79f6dd70b33b72377 - - default default] 10.0.0.31 "GET /v2.0/security-groups HTTP/1.1" status: 200 len: 36134 time: 0.3920202
2026-07-22 23:21:13.467 9 INFO neutron.wsgi [req-18d0a99b-282d-45a1-a8e5-653d89f3e24d req-036e1fb1-8539-4c89-b24e-86ac6825cb45 404045f7f66148ca87b33c3deb64ffac e48df614e2a542a690e1cc22a276933b - - 5e99659270f44b0f8c46fcb0fc3691df 5e99659270f44b0f8c46fcb0fc3691df] 199.19.213.74 "GET /v2.0/subnets?id=875a1974-ad50-47b6-b8cd-2b090c2c0e1c HTTP/1.1" status: 200 len: 869 time: 0.0448880
2026-07-22 23:21:13.499 9 INFO neutron.wsgi [req-18d0a99b-282d-45a1-a8e5-653d89f3e24d req-461c78f7-5f06-47c2-b60a-6a54d16cf358 404045f7f66148ca87b33c3deb64ffac e48df614e2a542a690e1cc22a276933b - - 5e99659270f44b0f8c46fcb0fc3691df 5e99659270f44b0f8c46fcb0fc3691df] 199.19.213.74 "GET /v2.0/ports?network_id=2f317d71-f1c6-4b93-aab7-44915b661ced&device_owner=network%3Adhcp HTTP/1.1" status: 200 len: 210 time: 0.0260229
2026-07-22 23:21:13.514 10 INFO neutron.wsgi [req-234a25b4-9273-43ff-825c-dd7dcc7116c5 req-3d24e14b-fb93-4e44-87e6-0d9a18a6147a e2b3bf4d633f4b1dabcde5be2f54c501 32ee8140ac544caf933694200dfd56d9 - - default default] 10.0.0.112 "GET /v2.0/security-groups?id=b822c798-6f94-44c6-a370-7fa3502d34c7&fields=id&fields=name HTTP/1.1" status: 200 len: 313 time: 0.1502512
2026-07-22 23:21:13.563 9 INFO neutron.wsgi [req-18d0a99b-282d-45a1-a8e5-653d89f3e24d req-a73cda36-af95-4d74-9782-52f93ccdcdd9 404045f7f66148ca87b33c3deb64ffac e48df614e2a542a690e1cc22a276933b - - 5e99659270f44b0f8c46fcb0fc3691df 5e99659270f44b0f8c46fcb0fc3691df] 199.19.213.74 "GET /v2.0/networks/2f317d71-f1c6-4b93-aab7-44915b661ced?fields=segments HTTP/1.1" status: 200 len: 212 time: 0.0597930
2026-07-22 23:21:13.574 10 INFO neutron.wsgi [None req-c0edd969-e8dd-45aa-8a25-1636d468d1be cf73f69d1f7e49a59cf81fa0f22f15b3 54c749f18dbc43a79f6dd70b33b72377 - - default default] 10.0.0.31 "GET /v2.0/floatingips HTTP/1.1" status: 200 len: 2112 time: 0.1188879
2026-07-22 23:21:13.629 9 INFO neutron.wsgi [req-18d0a99b-282d-45a1-a8e5-653d89f3e24d req-b85d5631-18fd-40c9-82bc-ea74f80c6451 404045f7f66148ca87b33c3deb64ffac e48df614e2a542a690e1cc22a276933b - - 5e99659270f44b0f8c46fcb0fc3691df 5e99659270f44b0f8c46fcb0fc3691df] 199.19.213.74 "GET /v2.0/networks/2f317d71-f1c6-4b93-aab7-44915b661ced?fields=provider%3Aphysical_network&fields=provider%3Anetwork_type HTTP/1.1" status: 200 len: 277 time: 0.0593467
2026-07-22 23:21:13.696 10 INFO neutron.db.ovn_revision_numbers_db [None req-5a4eaa4f-5f64-4dc3-94dd-8dc2b0e1b616 235e748336e44fdd8141c1ad52126baa d41b2f8c93254104a68fefc9310a8bd4 - - - -] Successfully bumped revision number for resource 9762a33e-9391-45d2-a9eb-8bb234814f24 (type: ports) to 1
2026-07-22 23:21:13.718 10 INFO neutron.wsgi [None req-97a8e18b-277c-4074-a603-24d317be2c20 cf73f69d1f7e49a59cf81fa0f22f15b3 54c749f18dbc43a79f6dd70b33b72377 - - default default] 10.0.0.31 "GET /v2.0/networks HTTP/1.1" status: 200 len: 4630 time: 0.1408067
2026-07-22 23:21:13.738 10 INFO neutron.wsgi [None req-43a03a9b-840d-48dc-9ec3-1b3a3968eed4 cf73f69d1f7e49a59cf81fa0f22f15b3 54c749f18dbc43a79f6dd70b33b72377 - - - -] 10.0.0.216 "DELETE /v2.0/security-groups/199e90f0-9cb7-47c8-829a-ab1b84e75550 HTTP/1.1" status: 204 len: 168 time: 0.7870443
2026-07-22 23:21:13.739 9 INFO neutron.wsgi [req-f20f665f-6800-44e8-8346-ff9e91ead8d0 req-9ce5674e-5d24-4365-94fc-b30655774eb5 404045f7f66148ca87b33c3deb64ffac e48df614e2a542a690e1cc22a276933b - - 5e99659270f44b0f8c46fcb0fc3691df 5e99659270f44b0f8c46fcb0fc3691df] 199.19.213.74 "GET /v2.0/ports?tenant_id=32ee8140ac544caf933694200dfd56d9&device_id=ae243df6-b7ca-4675-a403-a53755b5a17a HTTP/1.1" status: 200 len: 1359 time: 0.0508559
2026-07-22 23:21:13.767 9 INFO neutron.wsgi [req-c08cb190-34be-4cd0-9f33-375bf24162a3 req-70a5a483-227d-4377-bca5-a5ccb5d4456a 235e748336e44fdd8141c1ad52126baa d41b2f8c93254104a68fefc9310a8bd4 - - default default] 10.0.0.112 "GET /v2.0/ports?device_id=7634b550-36a4-4392-bccf-539b05f135bf HTTP/1.1" status: 200 len: 1156 time: 0.1090903
2026-07-22 23:21:13.774 10 INFO neutron.wsgi [None req-5a4eaa4f-5f64-4dc3-94dd-8dc2b0e1b616 235e748336e44fdd8141c1ad52126baa d41b2f8c93254104a68fefc9310a8bd4 - - - -] 199.19.213.74 "POST /v2.0/ports HTTP/1.1" status: 201 len: 1158 time: 1.2358754
2026-07-22 23:21:13.820 9 INFO neutron.wsgi [req-c08cb190-34be-4cd0-9f33-375bf24162a3 req-63218a17-3889-4bf2-9eec-7044f17e84a1 235e748336e44fdd8141c1ad52126baa d41b2f8c93254104a68fefc9310a8bd4 - - default default] 10.0.0.112 "GET /v2.0/security-groups?id=cfd2f384-6768-45cd-b63e-6c539af8d3f7&fields=id&fields=name HTTP/1.1" status: 200 len: 313 time: 0.0463073
2026-07-22 23:21:13.827 9 INFO neutron.wsgi [req-f20f665f-6800-44e8-8346-ff9e91ead8d0 req-5ea23e6d-ec1d-4da2-8259-dcbe0f92abe7 404045f7f66148ca87b33c3deb64ffac e48df614e2a542a690e1cc22a276933b - - 5e99659270f44b0f8c46fcb0fc3691df 5e99659270f44b0f8c46fcb0fc3691df] 199.19.213.74 "GET /v2.0/networks?id=2f317d71-f1c6-4b93-aab7-44915b661ced HTTP/1.1" status: 200 len: 973 time: 0.0813634
2026-07-22 23:21:13.827 10 INFO neutron.wsgi [None req-9590a31c-8f3f-413f-a083-362212e19f51 cf73f69d1f7e49a59cf81fa0f22f15b3 54c749f18dbc43a79f6dd70b33b72377 - - default default] 10.0.0.31 "GET /v2.0/ports HTTP/1.1" status: 200 len: 21125 time: 0.1034584
2026-07-22 23:21:13.861 9 INFO neutron.plugins.ml2.drivers.ovn.mech_driver.mech_driver [None req-e94773ee-e484-46ec-9ae7-301148bfd26a - - - - - -] OVN reports status up for port: cce26054-4437-4f26-b81c-544a89a1190a
2026-07-22 23:21:13.864 9 INFO neutron.wsgi [req-f20f665f-6800-44e8-8346-ff9e91ead8d0 req-0fde2977-9aa5-4ea1-a8b3-fcef9181e726 404045f7f66148ca87b33c3deb64ffac e48df614e2a542a690e1cc22a276933b - - 5e99659270f44b0f8c46fcb0fc3691df 5e99659270f44b0f8c46fcb0fc3691df] 199.19.213.74 "GET /v2.0/floatingips?fixed_ip_address=10.100.0.8&port_id=cce26054-4437-4f26-b81c-544a89a1190a HTTP/1.1" status: 200 len: 217 time: 0.0305371
2026-07-22 23:21:13.892 9 INFO neutron.plugins.ml2.plugin [None req-e94773ee-e484-46ec-9ae7-301148bfd26a - - - - - -] Attempt 1 to provision port cce26054-4437-4f26-b81c-544a89a1190a
2026-07-22 23:21:13.911 9 INFO neutron.wsgi [req-f20f665f-6800-44e8-8346-ff9e91ead8d0 req-fb3d5f4b-ad7c-4438-874f-cd5bdf5a08be 404045f7f66148ca87b33c3deb64ffac e48df614e2a542a690e1cc22a276933b - - 5e99659270f44b0f8c46fcb0fc3691df 5e99659270f44b0f8c46fcb0fc3691df] 199.19.213.74 "GET /v2.0/subnets?id=875a1974-ad50-47b6-b8cd-2b090c2c0e1c HTTP/1.1" status: 200 len: 869 time: 0.0423465
2026-07-22 23:21:13.941 9 INFO neutron.wsgi [req-f20f665f-6800-44e8-8346-ff9e91ead8d0 req-030cc001-a466-45e2-a82d-d47f6e6719af 404045f7f66148ca87b33c3deb64ffac e48df614e2a542a690e1cc22a276933b - - 5e99659270f44b0f8c46fcb0fc3691df 5e99659270f44b0f8c46fcb0fc3691df] 199.19.213.74 "GET /v2.0/ports?network_id=2f317d71-f1c6-4b93-aab7-44915b661ced&device_owner=network%3Adhcp HTTP/1.1" status: 200 len: 210 time: 0.0230265
2026-07-22 23:21:13.992 10 INFO neutron.wsgi [None req-97937409-8acc-46f4-af2c-8887bd5c8d85 cf73f69d1f7e49a59cf81fa0f22f15b3 54c749f18dbc43a79f6dd70b33b72377 - - default default] 10.0.0.31 "GET /v2.0/routers HTTP/1.1" status: 200 len: 2212 time: 0.1511674
2026-07-22 23:21:14.017 9 INFO neutron.wsgi [req-f20f665f-6800-44e8-8346-ff9e91ead8d0 req-ff69b3f3-6b02-4569-b424-e50ffb429934 404045f7f66148ca87b33c3deb64ffac e48df614e2a542a690e1cc22a276933b - - 5e99659270f44b0f8c46fcb0fc3691df 5e99659270f44b0f8c46fcb0fc3691df] 199.19.213.74 "GET /v2.0/networks/2f317d71-f1c6-4b93-aab7-44915b661ced?fields=segments HTTP/1.1" status: 200 len: 212 time: 0.0696464
2026-07-22 23:21:14.052 10 INFO neutron.wsgi [None req-be021500-e30f-4d91-a878-b61775bd4f4f cf73f69d1f7e49a59cf81fa0f22f15b3 54c749f18dbc43a79f6dd70b33b72377 - - default default] 10.0.0.31 "GET /v2.0/agents?binary=ovn-controller HTTP/1.1" status: 200 len: 591 time: 0.0556803
2026-07-22 23:21:14.073 10 INFO neutron.wsgi [None req-2e48f6fb-1883-4403-8763-c2b7e90d8886 cf73f69d1f7e49a59cf81fa0f22f15b3 54c749f18dbc43a79f6dd70b33b72377 - - default default] 10.0.0.31 "GET /v2.0/agents HTTP/1.1" status: 200 len: 997 time: 0.0174968
2026-07-22 23:21:14.106 10 INFO neutron.wsgi [None req-1d8f67ce-a536-4883-bc5b-7033b2edfbf5 cf73f69d1f7e49a59cf81fa0f22f15b3 54c749f18dbc43a79f6dd70b33b72377 - - default default] 10.0.0.31 "GET /v2.0/network-ip-availabilities HTTP/1.1" status: 200 len: 2716 time: 0.0307922
2026-07-22 23:21:14.115 9 INFO neutron.wsgi [req-f20f665f-6800-44e8-8346-ff9e91ead8d0 req-de8438b1-8ef5-426d-945c-ebea07c088af 404045f7f66148ca87b33c3deb64ffac e48df614e2a542a690e1cc22a276933b - - 5e99659270f44b0f8c46fcb0fc3691df 5e99659270f44b0f8c46fcb0fc3691df] 199.19.213.74 "GET /v2.0/networks/2f317d71-f1c6-4b93-aab7-44915b661ced?fields=provider%3Aphysical_network&fields=provider%3Anetwork_type HTTP/1.1" status: 200 len: 277 time: 0.0925760
2026-07-22 23:21:14.137 10 INFO neutron.db.ovn_revision_numbers_db [None req-bc687c49-6adf-4944-a055-3629312b5243 - - - - - -] Successfully bumped revision number for resource ece38f61-9956-4ee1-b6a2-c212a46fdd0c (type: ports) to 3
2026-07-22 23:21:14.256 9 INFO neutron.db.ovn_revision_numbers_db [None req-e94773ee-e484-46ec-9ae7-301148bfd26a - - - - - -] Successfully bumped revision number for resource cce26054-4437-4f26-b81c-544a89a1190a (type: ports) to 4
2026-07-22 23:21:14.392 10 INFO neutron.wsgi [None req-ea36def9-7f65-4683-9bbe-5247d92783eb cf73f69d1f7e49a59cf81fa0f22f15b3 54c749f18dbc43a79f6dd70b33b72377 - - default default] 10.0.0.31 "GET /v2.0/subnets HTTP/1.1" status: 200 len: 3409 time: 0.2823362
2026-07-22 23:21:14.420 10 INFO neutron.wsgi [None req-29905755-81e7-4dd6-b5e7-e2e3a435ba73 cf73f69d1f7e49a59cf81fa0f22f15b3 54c749f18dbc43a79f6dd70b33b72377 - - default default] 10.0.0.31 "GET /v2.0/subnetpools HTTP/1.1" status: 200 len: 193 time: 0.0248518
2026-07-22 23:21:14.492 10 INFO neutron.wsgi [None req-55c21371-3506-4069-8040-7cc9b6b0ad9e cf73f69d1f7e49a59cf81fa0f22f15b3 54c749f18dbc43a79f6dd70b33b72377 - - default default] 10.0.0.31 "GET /v2.0/subnets HTTP/1.1" status: 200 len: 3409 time: 0.0680108
2026-07-22 23:21:14.560 10 INFO neutron.db.ovn_revision_numbers_db [None req-bc687c49-6adf-4944-a055-3629312b5243 - - - - - -] Successfully bumped revision number for resource ece38f61-9956-4ee1-b6a2-c212a46fdd0c (type: router_ports) to 3 /var/lib/openstack/lib/python3.10/site-packages/pycadf/identifier.py:71: UserWarning: Invalid uuid: neutron. To ensure interoperability, identifiers should be a valid uuid. warnings.warn(('Invalid uuid: %s. To ensure interoperability, '
2026-07-22 23:21:14.646 10 INFO neutron.wsgi [req-0baafcc0-6ec6-46ce-8315-c4f1f3e9faf0 req-ca5b4dc7-6623-4cc9-9ca6-3197af847b69 e2b3bf4d633f4b1dabcde5be2f54c501 32ee8140ac544caf933694200dfd56d9 - - default default] 10.0.0.112 "GET /v2.0/ports?device_id=ae243df6-b7ca-4675-a403-a53755b5a17a HTTP/1.1" status: 200 len: 1170 time: 0.0573637
2026-07-22 23:21:14.711 10 INFO neutron.wsgi [req-0baafcc0-6ec6-46ce-8315-c4f1f3e9faf0 req-67fb403e-bd6f-43fa-8c3d-b5478f91ba4b e2b3bf4d633f4b1dabcde5be2f54c501 32ee8140ac544caf933694200dfd56d9 - - default default] 10.0.0.112 "GET /v2.0/security-groups?id=b822c798-6f94-44c6-a370-7fa3502d34c7&fields=id&fields=name HTTP/1.1" status: 200 len: 313 time: 0.0491805
2026-07-22 23:21:14.737 10 INFO neutron.db.ovn_revision_numbers_db [None req-907521cc-48b3-4634-8005-aab94e99d854 404045f7f66148ca87b33c3deb64ffac e48df614e2a542a690e1cc22a276933b - - - -] Successfully bumped revision number for resource 9762a33e-9391-45d2-a9eb-8bb234814f24 (type: ports) to 2 /var/lib/openstack/lib/python3.10/site-packages/pycadf/identifier.py:71: UserWarning: Invalid uuid: neutron. To ensure interoperability, identifiers should be a valid uuid. warnings.warn(('Invalid uuid: %s. To ensure interoperability, '
