2026-07-22 23:24:45.479 9 INFO neutron.services.segments.plugin [-] Segment f4db6e76-c5da-4f88-a7a7-e34030b420a7 resource provider aggregate not found
2026-07-22 23:24:45.502 9 INFO neutron.services.segments.plugin [-] Segment f4db6e76-c5da-4f88-a7a7-e34030b420a7 resource provider not found; error: Placement Client Error (4xx): {"errors": [{"status": 404, "title": "Not Found", "detail": "The resource could not be found.\n\n No resource provider with uuid f4db6e76-c5da-4f88-a7a7-e34030b420a7 found for delete ", "request_id": "req-aea9f807-607b-4c2e-a53e-18d5a1d76855"}]}
2026-07-22 23:24:45.511 9 INFO neutron.services.segments.plugin [-] Segment f4db6e76-c5da-4f88-a7a7-e34030b420a7 resource provider not found; error: Placement Client Error (4xx): {"errors": [{"status": 404, "title": "Not Found", "detail": "The resource could not be found.\n\n No resource provider with uuid f4db6e76-c5da-4f88-a7a7-e34030b420a7 found for delete ", "request_id": "req-98e43f8f-5929-4c99-a732-bf21b2ca8682"}]}
2026-07-22 23:24:45.550 9 INFO neutron.wsgi [None req-3a039a46-e571-4daa-a754-4ceb289a9c9c 94ed66b45d014b8b9e7e06f1a832116b 891a64cbcf0644459e3323a4cf97a4cc - - - -] 10.0.0.216 "DELETE /v2.0/networks/d15baa29-e866-4fb1-8f72-67c142c4cdff HTTP/1.1" status: 204 len: 168 time: 0.8937843
2026-07-22 23:24:45.688 9 WARNING neutron.scheduler.dhcp_agent_scheduler [None req-a88f0830-b0be-4520-8375-d4c4078dd004 49bcf7eb5c7b441d8b867f0be0e65ccc 380685955c034a3781b3da8357c51553 - - - -] No more DHCP agents
2026-07-22 23:24:45.690 9 WARNING neutron.api.rpc.agentnotifiers.dhcp_rpc_agent_api [None req-a88f0830-b0be-4520-8375-d4c4078dd004 49bcf7eb5c7b441d8b867f0be0e65ccc 380685955c034a3781b3da8357c51553 - - - -] Unable to schedule network d7e6147f-c3a7-4bd2-8cda-551bdd52a04c: no agents available; will retry on subsequent port and subnet creation events.
2026-07-22 23:24:45.822 10 WARNING neutron.plugins.ml2.drivers.ovn.mech_driver.ovsdb.ovn_client [None req-bc687c49-6adf-4944-a055-3629312b5243 - - - - - -] No hosting information found for port 0796dc3c-e74d-4131-a085-310d5cdfde38: RuntimeError: No hosting information found for port 0796dc3c-e74d-4131-a085-310d5cdfde38
2026-07-22 23:24:45.846 9 INFO neutron.db.ovn_revision_numbers_db [None req-a88f0830-b0be-4520-8375-d4c4078dd004 49bcf7eb5c7b441d8b867f0be0e65ccc 380685955c034a3781b3da8357c51553 - - - -] Successfully bumped revision number for resource 171c8cb7-4546-4732-b5b2-f5540d67eac3 (type: ports) to 1
2026-07-22 23:24:45.867 9 INFO neutron.wsgi [None req-a88f0830-b0be-4520-8375-d4c4078dd004 49bcf7eb5c7b441d8b867f0be0e65ccc 380685955c034a3781b3da8357c51553 - - - -] 199.19.213.74 "POST /v2.0/ports HTTP/1.1" status: 201 len: 1392 time: 0.6862917 /var/lib/openstack/lib/python3.10/site-packages/pycadf/identifier.py:71: UserWarning: Invalid uuid: neutron. To ensure interoperability, identifiers should be a valid uuid. warnings.warn(('Invalid uuid: %s. To ensure interoperability, '
2026-07-22 23:24:46.286 9 INFO neutron.db.ovn_revision_numbers_db [None req-6343c363-b5a5-4025-82a3-cd4459eac169 404045f7f66148ca87b33c3deb64ffac e48df614e2a542a690e1cc22a276933b - - - -] Successfully bumped revision number for resource 171c8cb7-4546-4732-b5b2-f5540d67eac3 (type: ports) to 2 /var/lib/openstack/lib/python3.10/site-packages/pycadf/identifier.py:71: UserWarning: Invalid uuid: neutron. To ensure interoperability, identifiers should be a valid uuid. warnings.warn(('Invalid uuid: %s. To ensure interoperability, '
2026-07-22 23:24:46.425 9 INFO neutron.wsgi [None req-a7f01078-2226-4546-9b53-fc37c2d95e0b cf73f69d1f7e49a59cf81fa0f22f15b3 54c749f18dbc43a79f6dd70b33b72377 - - default default] 10.0.0.216 "GET /v2.0/security-groups?tenant_id=891a64cbcf0644459e3323a4cf97a4cc&name=default HTTP/1.1" status: 200 len: 3000 time: 0.1781633 /var/lib/openstack/lib/python3.10/site-packages/pycadf/identifier.py:71: UserWarning: Invalid uuid: neutron. To ensure interoperability, identifiers should be a valid uuid. warnings.warn(('Invalid uuid: %s. To ensure interoperability, '
2026-07-22 23:24:46.496 9 INFO neutron.db.ovn_revision_numbers_db [None req-6343c363-b5a5-4025-82a3-cd4459eac169 404045f7f66148ca87b33c3deb64ffac e48df614e2a542a690e1cc22a276933b - - - -] Successfully bumped revision number for resource 171c8cb7-4546-4732-b5b2-f5540d67eac3 (type: ports) to 2
2026-07-22 23:24:46.520 9 INFO neutron.wsgi [None req-6343c363-b5a5-4025-82a3-cd4459eac169 404045f7f66148ca87b33c3deb64ffac e48df614e2a542a690e1cc22a276933b - - - -] 199.19.213.74 "PUT /v2.0/ports/171c8cb7-4546-4732-b5b2-f5540d67eac3 HTTP/1.1" status: 200 len: 1561 time: 0.6438460
2026-07-22 23:24:46.554 9 INFO neutron.notifiers.nova [-] Nova event matching ['req-929a0cb7-f047-4c47-b087-f19319e6e333'] response: {'name': 'network-changed', 'server_uuid': 'b23f15ea-93de-43a1-bec9-a556834982c9', 'tag': '171c8cb7-4546-4732-b5b2-f5540d67eac3', 'status': 'completed', 'code': 200}
2026-07-22 23:24:46.601 9 INFO neutron.wsgi [req-6a247f9d-a098-4123-aca5-7a9f7a3a9746 req-527a9a71-a576-417d-8ad0-48424117d2b7 404045f7f66148ca87b33c3deb64ffac e48df614e2a542a690e1cc22a276933b - - 5e99659270f44b0f8c46fcb0fc3691df 5e99659270f44b0f8c46fcb0fc3691df] 199.19.213.74 "GET /v2.0/ports?tenant_id=380685955c034a3781b3da8357c51553&device_id=b23f15ea-93de-43a1-bec9-a556834982c9 HTTP/1.1" status: 200 len: 1592 time: 0.0450201
2026-07-22 23:24:46.645 9 INFO neutron.wsgi [req-6a247f9d-a098-4123-aca5-7a9f7a3a9746 req-9759884e-b18f-4f20-81b6-4430acc5cb67 404045f7f66148ca87b33c3deb64ffac e48df614e2a542a690e1cc22a276933b - - 5e99659270f44b0f8c46fcb0fc3691df 5e99659270f44b0f8c46fcb0fc3691df] 199.19.213.74 "GET /v2.0/floatingips?fixed_ip_address=10.2.2.206&port_id=171c8cb7-4546-4732-b5b2-f5540d67eac3 HTTP/1.1" status: 200 len: 217 time: 0.0377238
2026-07-22 23:24:46.678 9 INFO neutron.wsgi [req-6a247f9d-a098-4123-aca5-7a9f7a3a9746 req-bf725202-92ed-458b-bbbd-9f90ba5d3e64 404045f7f66148ca87b33c3deb64ffac e48df614e2a542a690e1cc22a276933b - - 5e99659270f44b0f8c46fcb0fc3691df 5e99659270f44b0f8c46fcb0fc3691df] 199.19.213.74 "GET /v2.0/floatingips?fixed_ip_address=fd77%3A1457%3A4cf0%3A26a8%3A%3A1b7&port_id=171c8cb7-4546-4732-b5b2-f5540d67eac3 HTTP/1.1" status: 200 len: 217 time: 0.0246739
2026-07-22 23:24:46.734 9 INFO neutron.wsgi [None req-2bc1110c-66ea-4d2e-be06-7769c402a5e7 cf73f69d1f7e49a59cf81fa0f22f15b3 54c749f18dbc43a79f6dd70b33b72377 - - - -] 10.0.0.216 "DELETE /v2.0/security-groups/96b2a6d1-5ae5-4b4c-acbb-ee670212821b HTTP/1.1" status: 204 len: 168 time: 0.3040266
2026-07-22 23:24:46.740 9 INFO neutron.wsgi [req-6a247f9d-a098-4123-aca5-7a9f7a3a9746 req-2cad7880-711b-4ada-8033-72d9c2927cbc 404045f7f66148ca87b33c3deb64ffac e48df614e2a542a690e1cc22a276933b - - 5e99659270f44b0f8c46fcb0fc3691df 5e99659270f44b0f8c46fcb0fc3691df] 199.19.213.74 "GET /v2.0/subnets?id=2f29ded2-aafd-4ca8-bab5-74d7ee1c4bb6&id=fd2228c3-e709-464f-8793-4964af93f6cc HTTP/1.1" status: 200 len: 1567 time: 0.0508301
2026-07-22 23:24:46.779 9 INFO neutron.wsgi [req-6a247f9d-a098-4123-aca5-7a9f7a3a9746 req-bacb6f4b-cc6b-4640-92a8-a8132c6b6fc5 404045f7f66148ca87b33c3deb64ffac e48df614e2a542a690e1cc22a276933b - - 5e99659270f44b0f8c46fcb0fc3691df 5e99659270f44b0f8c46fcb0fc3691df] 199.19.213.74 "GET /v2.0/ports?network_id=d7e6147f-c3a7-4bd2-8cda-551bdd52a04c&device_owner=network%3Adhcp HTTP/1.1" status: 200 len: 210 time: 0.0324686
2026-07-22 23:24:46.824 9 INFO neutron.wsgi [req-6a247f9d-a098-4123-aca5-7a9f7a3a9746 req-7af79e71-5786-4869-9922-e602bfb21f1a 404045f7f66148ca87b33c3deb64ffac e48df614e2a542a690e1cc22a276933b - - 5e99659270f44b0f8c46fcb0fc3691df 5e99659270f44b0f8c46fcb0fc3691df] 199.19.213.74 "GET /v2.0/ports?network_id=d7e6147f-c3a7-4bd2-8cda-551bdd52a04c&device_owner=network%3Adhcp HTTP/1.1" status: 200 len: 210 time: 0.0259364
2026-07-22 23:24:46.907 9 INFO neutron.wsgi [req-6a247f9d-a098-4123-aca5-7a9f7a3a9746 req-cad4471f-4716-493d-9717-a4bcd4d34e3b 404045f7f66148ca87b33c3deb64ffac e48df614e2a542a690e1cc22a276933b - - 5e99659270f44b0f8c46fcb0fc3691df 5e99659270f44b0f8c46fcb0fc3691df] 199.19.213.74 "GET /v2.0/networks/d7e6147f-c3a7-4bd2-8cda-551bdd52a04c?fields=segments HTTP/1.1" status: 200 len: 212 time: 0.0752890
2026-07-22 23:24:46.983 10 INFO neutron.db.ovn_revision_numbers_db [None req-7b6f0cdd-456c-48f8-ac0e-0fe572ec488c cf73f69d1f7e49a59cf81fa0f22f15b3 54c749f18dbc43a79f6dd70b33b72377 - - default default] Successfully bumped revision number for resource 4289bb35-1df7-48c5-860e-31d225303ef9 (type: security_groups) to 1
2026-07-22 23:24:46.985 9 INFO neutron.wsgi [req-6a247f9d-a098-4123-aca5-7a9f7a3a9746 req-07c8a541-f74a-4a31-b701-5bae4b7d4d0f 404045f7f66148ca87b33c3deb64ffac e48df614e2a542a690e1cc22a276933b - - 5e99659270f44b0f8c46fcb0fc3691df 5e99659270f44b0f8c46fcb0fc3691df] 199.19.213.74 "GET /v2.0/networks/d7e6147f-c3a7-4bd2-8cda-551bdd52a04c?fields=provider%3Aphysical_network&fields=provider%3Anetwork_type HTTP/1.1" status: 200 len: 277 time: 0.0706987
2026-07-22 23:24:47.009 10 INFO neutron.wsgi [None req-7b6f0cdd-456c-48f8-ac0e-0fe572ec488c cf73f69d1f7e49a59cf81fa0f22f15b3 54c749f18dbc43a79f6dd70b33b72377 - - default default] 10.0.0.216 "GET /v2.0/security-groups?tenant_id=08d0e2f864c94c029ab50a4422c8fc07&name=default HTTP/1.1" status: 200 len: 3000 time: 0.1521790
2026-07-22 23:24:47.071 9 INFO neutron.wsgi [req-4f49b548-80d2-466e-87a0-5728051c0ecd req-03db6c5a-f82c-4aa4-bed6-07d6dc8fd88f 404045f7f66148ca87b33c3deb64ffac e48df614e2a542a690e1cc22a276933b - - 5e99659270f44b0f8c46fcb0fc3691df 5e99659270f44b0f8c46fcb0fc3691df] 199.19.213.74 "GET /v2.0/ports?tenant_id=380685955c034a3781b3da8357c51553&device_id=b23f15ea-93de-43a1-bec9-a556834982c9 HTTP/1.1" status: 200 len: 1592 time: 0.0444403
2026-07-22 23:24:47.140 9 INFO neutron.wsgi [req-4f49b548-80d2-466e-87a0-5728051c0ecd req-090ba3f1-764e-4438-b25a-74ba91a78ed7 404045f7f66148ca87b33c3deb64ffac e48df614e2a542a690e1cc22a276933b - - 5e99659270f44b0f8c46fcb0fc3691df 5e99659270f44b0f8c46fcb0fc3691df] 199.19.213.74 "GET /v2.0/networks?id=d7e6147f-c3a7-4bd2-8cda-551bdd52a04c HTTP/1.1" status: 200 len: 1003 time: 0.0641696
2026-07-22 23:24:47.192 9 INFO neutron.wsgi [req-4f49b548-80d2-466e-87a0-5728051c0ecd req-740a952b-380c-48a7-81ca-698357269634 404045f7f66148ca87b33c3deb64ffac e48df614e2a542a690e1cc22a276933b - - 5e99659270f44b0f8c46fcb0fc3691df 5e99659270f44b0f8c46fcb0fc3691df] 199.19.213.74 "GET /v2.0/floatingips?fixed_ip_address=10.2.2.206&port_id=171c8cb7-4546-4732-b5b2-f5540d67eac3 HTTP/1.1" status: 200 len: 217 time: 0.0452783
2026-07-22 23:24:47.200 10 INFO neutron.plugins.ml2.drivers.ovn.mech_driver.mech_driver [None req-bc687c49-6adf-4944-a055-3629312b5243 - - - - - -] OVN reports status up for port: 171c8cb7-4546-4732-b5b2-f5540d67eac3
2026-07-22 23:24:47.204 10 INFO neutron.wsgi [None req-81850791-b57b-4c05-b1cd-90cbfd01e81d cf73f69d1f7e49a59cf81fa0f22f15b3 54c749f18dbc43a79f6dd70b33b72377 - - - -] 10.0.0.216 "DELETE /v2.0/security-groups/4289bb35-1df7-48c5-860e-31d225303ef9 HTTP/1.1" status: 204 len: 168 time: 0.1896131
2026-07-22 23:24:47.225 10 INFO neutron.plugins.ml2.plugin [None req-bc687c49-6adf-4944-a055-3629312b5243 - - - - - -] Attempt 1 to provision port 171c8cb7-4546-4732-b5b2-f5540d67eac3
2026-07-22 23:24:47.241 9 INFO neutron.wsgi [req-4f49b548-80d2-466e-87a0-5728051c0ecd req-1b8f6a86-02b8-4b34-aabc-f615897e6fbd 404045f7f66148ca87b33c3deb64ffac e48df614e2a542a690e1cc22a276933b - - 5e99659270f44b0f8c46fcb0fc3691df 5e99659270f44b0f8c46fcb0fc3691df] 199.19.213.74 "GET /v2.0/floatingips?fixed_ip_address=fd77%3A1457%3A4cf0%3A26a8%3A%3A1b7&port_id=171c8cb7-4546-4732-b5b2-f5540d67eac3 HTTP/1.1" status: 200 len: 217 time: 0.0431073
2026-07-22 23:24:47.283 9 INFO neutron.wsgi [req-4f49b548-80d2-466e-87a0-5728051c0ecd req-b61d4e57-cc4e-46ee-96a8-be05f9215fdf 404045f7f66148ca87b33c3deb64ffac e48df614e2a542a690e1cc22a276933b - - 5e99659270f44b0f8c46fcb0fc3691df 5e99659270f44b0f8c46fcb0fc3691df] 199.19.213.74 "GET /v2.0/subnets?id=2f29ded2-aafd-4ca8-bab5-74d7ee1c4bb6&id=fd2228c3-e709-464f-8793-4964af93f6cc HTTP/1.1" status: 200 len: 1567 time: 0.0364044
2026-07-22 23:24:47.316 9 INFO neutron.wsgi [req-4f49b548-80d2-466e-87a0-5728051c0ecd req-61468890-d4aa-487f-bea8-27dd1aa0afbf 404045f7f66148ca87b33c3deb64ffac e48df614e2a542a690e1cc22a276933b - - 5e99659270f44b0f8c46fcb0fc3691df 5e99659270f44b0f8c46fcb0fc3691df] 199.19.213.74 "GET /v2.0/ports?network_id=d7e6147f-c3a7-4bd2-8cda-551bdd52a04c&device_owner=network%3Adhcp HTTP/1.1" status: 200 len: 210 time: 0.0266123
2026-07-22 23:24:47.348 9 INFO neutron.wsgi [req-4f49b548-80d2-466e-87a0-5728051c0ecd req-325fe7fb-1b72-49f3-b6a0-7e713629c25a 404045f7f66148ca87b33c3deb64ffac e48df614e2a542a690e1cc22a276933b - - 5e99659270f44b0f8c46fcb0fc3691df 5e99659270f44b0f8c46fcb0fc3691df] 199.19.213.74 "GET /v2.0/ports?network_id=d7e6147f-c3a7-4bd2-8cda-551bdd52a04c&device_owner=network%3Adhcp HTTP/1.1" status: 200 len: 210 time: 0.0242546
2026-07-22 23:24:47.372 10 INFO neutron.notifiers.nova [-] Nova event matching ['req-ec24da0e-a999-47e4-ae8b-ac9eb518dc86'] response: {'server_uuid': 'b23f15ea-93de-43a1-bec9-a556834982c9', 'name': 'network-vif-plugged', 'status': 'completed', 'tag': '171c8cb7-4546-4732-b5b2-f5540d67eac3', 'code': 200}
2026-07-22 23:24:47.418 9 INFO neutron.wsgi [req-4f49b548-80d2-466e-87a0-5728051c0ecd req-a116e6fa-08c8-46c1-adce-2ac3e0be06bd 404045f7f66148ca87b33c3deb64ffac e48df614e2a542a690e1cc22a276933b - - 5e99659270f44b0f8c46fcb0fc3691df 5e99659270f44b0f8c46fcb0fc3691df] 199.19.213.74 "GET /v2.0/networks/d7e6147f-c3a7-4bd2-8cda-551bdd52a04c?fields=segments HTTP/1.1" status: 200 len: 212 time: 0.0630398
2026-07-22 23:24:47.483 9 INFO neutron.wsgi [req-4f49b548-80d2-466e-87a0-5728051c0ecd req-c7ce6a4e-0789-4862-a1a1-1d32a6f0d493 404045f7f66148ca87b33c3deb64ffac e48df614e2a542a690e1cc22a276933b - - 5e99659270f44b0f8c46fcb0fc3691df 5e99659270f44b0f8c46fcb0fc3691df] 199.19.213.74 "GET /v2.0/networks/d7e6147f-c3a7-4bd2-8cda-551bdd52a04c?fields=provider%3Aphysical_network&fields=provider%3Anetwork_type HTTP/1.1" status: 200 len: 277 time: 0.0602779
2026-07-22 23:24:47.550 10 INFO neutron.db.ovn_revision_numbers_db [None req-bc687c49-6adf-4944-a055-3629312b5243 - - - - - -] Successfully bumped revision number for resource 171c8cb7-4546-4732-b5b2-f5540d67eac3 (type: ports) to 4 /var/lib/openstack/lib/python3.10/site-packages/pycadf/identifier.py:71: UserWarning: Invalid uuid: neutron. To ensure interoperability, identifiers should be a valid uuid. warnings.warn(('Invalid uuid: %s. To ensure interoperability, '
2026-07-22 23:24:48.024 10 INFO neutron.wsgi [req-f4b6aa73-1f24-4858-8258-aeec19cbd974 req-bd4c707c-471b-42e8-828a-5e1fc2cc93e1 bcf5f09bbc944c749de0e93ea08a5545 df8601d3a87f4cad9aa1a792c787b4bb - - default default] 10.0.0.112 "GET /v2.0/ports?device_id=f6d9e72f-fd03-4ed9-a8e3-439d09cd8691 HTTP/1.1" status: 200 len: 1210 time: 0.1082299
2026-07-22 23:24:48.075 10 INFO neutron.wsgi [req-f4b6aa73-1f24-4858-8258-aeec19cbd974 req-00036143-761d-4750-ab0f-fa560255a195 bcf5f09bbc944c749de0e93ea08a5545 df8601d3a87f4cad9aa1a792c787b4bb - - default default] 10.0.0.112 "GET /v2.0/security-groups?id=77a35c4a-d070-4666-8ebe-a1a9d7179ff5&id=52e8ce9c-4681-431a-82a0-584cc63e64af&fields=id&fields=name HTTP/1.1" status: 200 len: 406 time: 0.0438704
2026-07-22 23:24:48.332 9 INFO neutron.wsgi [None req-e170fdc2-db4e-4c6c-85a5-59b345046f0d 5773b6f7ea2747ef95ef5f04d74bbd2a 3048dc5e34cb456a803cf9006e7ff256 - - default default] 10.0.0.216 "GET /v2.0/ports?device_id=f6d9e72f-fd03-4ed9-a8e3-439d09cd8691 HTTP/1.1" status: 200 len: 1395 time: 0.2306652
2026-07-22 23:24:48.410 10 INFO neutron.wsgi [None req-9eb3b404-61ac-4a6f-ade1-416e67f5e2d5 bcf5f09bbc944c749de0e93ea08a5545 df8601d3a87f4cad9aa1a792c787b4bb - - default default] 10.0.0.216 "GET /v2.0/floatingips?floating_network_id=7c15f7fc-5f92-4a46-bbbe-3da8a40c9bad&port_id=5994aef1-686c-4e90-ae07-10bc1907876a HTTP/1.1" status: 200 len: 1054 time: 0.0722296
2026-07-22 23:24:48.689 9 INFO neutron.wsgi [req-ade84b1a-73c9-42a2-b8ea-f8e8c0e53240 req-34aa0d6f-0e05-4c71-b8d5-c6d5567f79c3 404045f7f66148ca87b33c3deb64ffac e48df614e2a542a690e1cc22a276933b - - 5e99659270f44b0f8c46fcb0fc3691df 5e99659270f44b0f8c46fcb0fc3691df] 10.0.0.141 "GET /v2.0/ports?device_id=f6d9e72f-fd03-4ed9-a8e3-439d09cd8691 HTTP/1.1" status: 200 len: 1400 time: 0.0320551
2026-07-22 23:24:48.732 9 INFO neutron.wsgi [req-ade84b1a-73c9-42a2-b8ea-f8e8c0e53240 req-6f2740bb-ccf3-4260-bd6a-2cfa8460b200 404045f7f66148ca87b33c3deb64ffac e48df614e2a542a690e1cc22a276933b - - 5e99659270f44b0f8c46fcb0fc3691df 5e99659270f44b0f8c46fcb0fc3691df] 10.0.0.141 "GET /v2.0/security-groups?id=77a35c4a-d070-4666-8ebe-a1a9d7179ff5&id=52e8ce9c-4681-431a-82a0-584cc63e64af&fields=id&fields=name HTTP/1.1" status: 200 len: 406 time: 0.0374014
2026-07-22 23:24:49.372 9 INFO neutron.wsgi [req-2096c42d-830f-4ff5-a618-48b9f11d2614 req-4d5475e2-7034-47f9-8522-e1f84878a5d4 49bcf7eb5c7b441d8b867f0be0e65ccc 380685955c034a3781b3da8357c51553 - - default default] 10.0.0.112 "GET /v2.0/ports?device_id=b23f15ea-93de-43a1-bec9-a556834982c9 HTTP/1.1" status: 200 len: 1404 time: 0.1213017
2026-07-22 23:24:49.393 9 INFO neutron.wsgi [-] 10.0.0.59 "GET / HTTP/1.1" status: 200 len: 246 time: 0.0011683
2026-07-22 23:24:49.397 10 INFO neutron.wsgi [-] 10.0.0.59 "GET / HTTP/1.1" status: 200 len: 246 time: 0.0048020
2026-07-22 23:24:49.411 9 INFO neutron.wsgi [req-2096c42d-830f-4ff5-a618-48b9f11d2614 req-fe52a4f4-06a8-4969-97b2-928f651c0431 49bcf7eb5c7b441d8b867f0be0e65ccc 380685955c034a3781b3da8357c51553 - - default default] 10.0.0.112 "GET /v2.0/security-groups?id=fd798c3b-f797-4993-89b4-9ff45e608b6a&fields=id&fields=name HTTP/1.1" status: 200 len: 311 time: 0.0313299
2026-07-22 23:24:49.414 10 INFO neutron.notifiers.nova [-] Nova event matching ['req-5efc6e50-a266-4550-8025-68c57ec3c140'] response: {'server_uuid': 'b23f15ea-93de-43a1-bec9-a556834982c9', 'name': 'network-vif-plugged', 'status': 'completed', 'tag': '171c8cb7-4546-4732-b5b2-f5540d67eac3', 'code': 200}
2026-07-22 23:24:49.481 9 INFO neutron.wsgi [None req-f8375020-166e-4b75-a7d2-691cf827c401 49bcf7eb5c7b441d8b867f0be0e65ccc 380685955c034a3781b3da8357c51553 - - default default] 10.0.0.216 "GET /v2.0/ports?network_id=d7e6147f-c3a7-4bd2-8cda-551bdd52a04c&mac_address=fa%3A16%3A3e%3A75%3A12%3Aa2 HTTP/1.1" status: 200 len: 1399 time: 0.0444183
2026-07-22 23:24:49.744 9 WARNING neutron.scheduler.dhcp_agent_scheduler [None req-a1382ed2-18b7-4dae-ab27-1e19f0332444 49bcf7eb5c7b441d8b867f0be0e65ccc 380685955c034a3781b3da8357c51553 - - - -] No more DHCP agents
2026-07-22 23:24:49.746 9 WARNING neutron.api.rpc.agentnotifiers.dhcp_rpc_agent_api [None req-a1382ed2-18b7-4dae-ab27-1e19f0332444 49bcf7eb5c7b441d8b867f0be0e65ccc 380685955c034a3781b3da8357c51553 - - - -] Unable to schedule network 7c15f7fc-5f92-4a46-bbbe-3da8a40c9bad: no agents available; will retry on subsequent port and subnet creation events.
2026-07-22 23:24:50.432 9 INFO neutron.db.l3_db [None req-a1382ed2-18b7-4dae-ab27-1e19f0332444 49bcf7eb5c7b441d8b867f0be0e65ccc 380685955c034a3781b3da8357c51553 - - - -] Floating IP 2adb8539-845c-4909-b4fc-7e6ff706f4b5 associated. External IP: 10.96.250.218, port: 171c8cb7-4546-4732-b5b2-f5540d67eac3.
2026-07-22 23:24:50.642 9 INFO neutron.db.ovn_revision_numbers_db [None req-a1382ed2-18b7-4dae-ab27-1e19f0332444 49bcf7eb5c7b441d8b867f0be0e65ccc 380685955c034a3781b3da8357c51553 - - - -] Successfully bumped revision number for resource 2adb8539-845c-4909-b4fc-7e6ff706f4b5 (type: floatingips) to 0
2026-07-22 23:24:50.745 9 INFO neutron.db.ovn_revision_numbers_db [None req-a1382ed2-18b7-4dae-ab27-1e19f0332444 49bcf7eb5c7b441d8b867f0be0e65ccc 380685955c034a3781b3da8357c51553 - - - -] Successfully bumped revision number for resource 2adb8539-845c-4909-b4fc-7e6ff706f4b5 (type: floatingips) to 1
2026-07-22 23:24:50.787 9 INFO neutron.wsgi [None req-a1382ed2-18b7-4dae-ab27-1e19f0332444 49bcf7eb5c7b441d8b867f0be0e65ccc 380685955c034a3781b3da8357c51553 - - - -] 10.0.0.216 "POST /v2.0/floatingips HTTP/1.1" status: 201 len: 1054 time: 1.2893071 /var/lib/openstack/lib/python3.10/site-packages/pycadf/identifier.py:71: UserWarning: Invalid uuid: neutron. To ensure interoperability, identifiers should be a valid uuid. warnings.warn(('Invalid uuid: %s. To ensure interoperability, '
2026-07-22 23:24:50.850 9 INFO neutron.notifiers.nova [-] Nova event matching ['req-99e50dd0-bf31-42ca-816f-bec110972c75'] response: {'name': 'network-changed', 'server_uuid': 'b23f15ea-93de-43a1-bec9-a556834982c9', 'tag': '171c8cb7-4546-4732-b5b2-f5540d67eac3', 'status': 'completed', 'code': 200}
2026-07-22 23:24:50.874 9 INFO neutron.plugins.ml2.drivers.ovn.mech_driver.mech_driver [None req-e94773ee-e484-46ec-9ae7-301148bfd26a - - - - - -] OVN reports status down for port: 5994aef1-686c-4e90-ae07-10bc1907876a
2026-07-22 23:24:50.938 9 INFO neutron.wsgi [req-47cc4626-aa72-4193-b1aa-0f0c7176e649 req-f25ad6a6-fba1-45e6-b366-b76dd1e343b0 404045f7f66148ca87b33c3deb64ffac e48df614e2a542a690e1cc22a276933b - - 5e99659270f44b0f8c46fcb0fc3691df 5e99659270f44b0f8c46fcb0fc3691df] 199.19.213.74 "GET /v2.0/ports?tenant_id=380685955c034a3781b3da8357c51553&device_id=b23f15ea-93de-43a1-bec9-a556834982c9 HTTP/1.1" status: 200 len: 1594 time: 0.0657024
2026-07-22 23:24:51.040 9 INFO neutron.wsgi [req-47cc4626-aa72-4193-b1aa-0f0c7176e649 req-cd9a6661-c964-4a1a-a4e3-7f8ede302098 404045f7f66148ca87b33c3deb64ffac e48df614e2a542a690e1cc22a276933b - - 5e99659270f44b0f8c46fcb0fc3691df 5e99659270f44b0f8c46fcb0fc3691df] 199.19.213.74 "GET /v2.0/networks?id=d7e6147f-c3a7-4bd2-8cda-551bdd52a04c HTTP/1.1" status: 200 len: 1003 time: 0.0944340
2026-07-22 23:24:51.052 9 INFO neutron.wsgi [req-fc2127db-2a10-48f2-ab43-110be0676dcc req-4a416cb9-628c-41bd-8196-e324b21b118e bcf5f09bbc944c749de0e93ea08a5545 df8601d3a87f4cad9aa1a792c787b4bb - - default default] 10.0.0.112 "GET /v2.0/ports?device_id=f6d9e72f-fd03-4ed9-a8e3-439d09cd8691 HTTP/1.1" status: 200 len: 1210 time: 0.2226691
2026-07-22 23:24:51.133 9 INFO neutron.wsgi [req-47cc4626-aa72-4193-b1aa-0f0c7176e649 req-3c02082c-5af9-4f8d-93c8-309ee38729fa 404045f7f66148ca87b33c3deb64ffac e48df614e2a542a690e1cc22a276933b - - 5e99659270f44b0f8c46fcb0fc3691df 5e99659270f44b0f8c46fcb0fc3691df] 199.19.213.74 "GET /v2.0/floatingips?fixed_ip_address=10.2.2.206&port_id=171c8cb7-4546-4732-b5b2-f5540d67eac3 HTTP/1.1" status: 200 len: 1059 time: 0.0842543
2026-07-22 23:24:51.148 9 INFO neutron.wsgi [req-fc2127db-2a10-48f2-ab43-110be0676dcc req-25c7e914-b4f7-44c8-aaa7-ca74fcae5f74 bcf5f09bbc944c749de0e93ea08a5545 df8601d3a87f4cad9aa1a792c787b4bb - - default default] 10.0.0.112 "GET /v2.0/security-groups?id=77a35c4a-d070-4666-8ebe-a1a9d7179ff5&id=52e8ce9c-4681-431a-82a0-584cc63e64af&fields=id&fields=name HTTP/1.1" status: 200 len: 406 time: 0.0878294
2026-07-22 23:24:51.172 9 INFO neutron.wsgi [req-47cc4626-aa72-4193-b1aa-0f0c7176e649 req-722e3a69-c11f-45ae-a857-68037080caa1 404045f7f66148ca87b33c3deb64ffac e48df614e2a542a690e1cc22a276933b - - 5e99659270f44b0f8c46fcb0fc3691df 5e99659270f44b0f8c46fcb0fc3691df] 199.19.213.74 "GET /v2.0/floatingips?fixed_ip_address=fd77%3A1457%3A4cf0%3A26a8%3A%3A1b7&port_id=171c8cb7-4546-4732-b5b2-f5540d67eac3 HTTP/1.1" status: 200 len: 217 time: 0.0291398
2026-07-22 23:24:51.199 10 INFO neutron.wsgi [req-64a6b2b5-e39f-49f7-a0e9-489d7b41f78a req-055731db-8f5a-4807-b2fa-76906560a2da bcf5f09bbc944c749de0e93ea08a5545 df8601d3a87f4cad9aa1a792c787b4bb - - default default] 199.19.213.74 "GET /v2.0/ports?device_id=f6d9e72f-fd03-4ed9-a8e3-439d09cd8691 HTTP/1.1" status: 200 len: 1208 time: 0.0471592
2026-07-22 23:24:51.228 9 INFO neutron.wsgi [req-47cc4626-aa72-4193-b1aa-0f0c7176e649 req-80daffd1-46a6-4387-83d1-96b1c618d871 404045f7f66148ca87b33c3deb64ffac e48df614e2a542a690e1cc22a276933b - - 5e99659270f44b0f8c46fcb0fc3691df 5e99659270f44b0f8c46fcb0fc3691df] 199.19.213.74 "GET /v2.0/subnets?id=2f29ded2-aafd-4ca8-bab5-74d7ee1c4bb6&id=fd2228c3-e709-464f-8793-4964af93f6cc HTTP/1.1" status: 200 len: 1567 time: 0.0481596
2026-07-22 23:24:51.282 9 INFO neutron.wsgi [req-47cc4626-aa72-4193-b1aa-0f0c7176e649 req-8c7acb69-ee44-4146-8f1d-549a40a1aac2 404045f7f66148ca87b33c3deb64ffac e48df614e2a542a690e1cc22a276933b - - 5e99659270f44b0f8c46fcb0fc3691df 5e99659270f44b0f8c46fcb0fc3691df] 199.19.213.74 "GET /v2.0/ports?network_id=d7e6147f-c3a7-4bd2-8cda-551bdd52a04c&device_owner=network%3Adhcp HTTP/1.1" status: 200 len: 210 time: 0.0416565
2026-07-22 23:24:51.313 9 INFO neutron.wsgi [req-47cc4626-aa72-4193-b1aa-0f0c7176e649 req-7edd106c-32bc-4bd9-bb7c-ea63d96c8e2e 404045f7f66148ca87b33c3deb64ffac e48df614e2a542a690e1cc22a276933b - - 5e99659270f44b0f8c46fcb0fc3691df 5e99659270f44b0f8c46fcb0fc3691df] 199.19.213.74 "GET /v2.0/ports?network_id=d7e6147f-c3a7-4bd2-8cda-551bdd52a04c&device_owner=network%3Adhcp HTTP/1.1" status: 200 len: 210 time: 0.0247898
2026-07-22 23:24:51.358 9 INFO neutron.db.ovn_revision_numbers_db [None req-e94773ee-e484-46ec-9ae7-301148bfd26a - - - - - -] Successfully bumped revision number for resource 5994aef1-686c-4e90-ae07-10bc1907876a (type: ports) to 5
2026-07-22 23:24:51.391 9 INFO neutron.wsgi [req-47cc4626-aa72-4193-b1aa-0f0c7176e649 req-a3ea3d32-9eef-4c54-b09c-71c20e288946 404045f7f66148ca87b33c3deb64ffac e48df614e2a542a690e1cc22a276933b - - 5e99659270f44b0f8c46fcb0fc3691df 5e99659270f44b0f8c46fcb0fc3691df] 199.19.213.74 "GET /v2.0/networks/d7e6147f-c3a7-4bd2-8cda-551bdd52a04c?fields=segments HTTP/1.1" status: 200 len: 212 time: 0.0726364
2026-07-22 23:24:51.478 9 INFO neutron.wsgi [req-47cc4626-aa72-4193-b1aa-0f0c7176e649 req-2985cd51-77f5-4ecc-a700-caa0edb75a77 404045f7f66148ca87b33c3deb64ffac e48df614e2a542a690e1cc22a276933b - - 5e99659270f44b0f8c46fcb0fc3691df 5e99659270f44b0f8c46fcb0fc3691df] 199.19.213.74 "GET /v2.0/networks/d7e6147f-c3a7-4bd2-8cda-551bdd52a04c?fields=provider%3Aphysical_network&fields=provider%3Anetwork_type HTTP/1.1" status: 200 len: 277 time: 0.0696213
2026-07-22 23:24:51.609 10 INFO neutron.db.l3_db [None req-1e71cdd0-12dc-484b-8374-9d10a54c9ff2 bcf5f09bbc944c749de0e93ea08a5545 df8601d3a87f4cad9aa1a792c787b4bb - - - -] Floating IP b2f1c62b-6b49-4fd8-88a3-ec396bd7af5a disassociated. External IP: 10.96.250.215, port: 5994aef1-686c-4e90-ae07-10bc1907876a.
2026-07-22 23:24:51.822 10 INFO neutron.wsgi [None req-1e71cdd0-12dc-484b-8374-9d10a54c9ff2 bcf5f09bbc944c749de0e93ea08a5545 df8601d3a87f4cad9aa1a792c787b4bb - - - -] 199.19.213.74 "DELETE /v2.0/ports/5994aef1-686c-4e90-ae07-10bc1907876a HTTP/1.1" status: 204 len: 173 time: 0.6168287
2026-07-22 23:24:51.862 10 INFO neutron.notifiers.nova [-] Nova event matching ['req-a03a1d33-92de-49f8-802e-fb7c597453e6'] response: {'server_uuid': 'f6d9e72f-fd03-4ed9-a8e3-439d09cd8691', 'name': 'network-vif-deleted', 'tag': '5994aef1-686c-4e90-ae07-10bc1907876a', 'status': 'completed', 'code': 200} /var/lib/openstack/lib/python3.10/site-packages/pycadf/identifier.py:71: UserWarning: Invalid uuid: neutron. To ensure interoperability, identifiers should be a valid uuid. warnings.warn(('Invalid uuid: %s. To ensure interoperability, '
2026-07-22 23:24:52.433 9 INFO neutron.wsgi [None req-57ac4dc3-cb34-4af3-9713-3af59851d6b4 bcf5f09bbc944c749de0e93ea08a5545 df8601d3a87f4cad9aa1a792c787b4bb - - - -] 10.0.0.216 "DELETE /v2.0/security-groups/52e8ce9c-4681-431a-82a0-584cc63e64af HTTP/1.1" status: 204 len: 168 time: 0.1417685
2026-07-22 23:24:52.449 9 INFO neutron.api.v2.resource [None req-deb3b6e8-255d-4728-ade0-0fe121e1d810 bcf5f09bbc944c749de0e93ea08a5545 df8601d3a87f4cad9aa1a792c787b4bb - - default default] show failed (client error): The resource could not be found.
2026-07-22 23:24:52.451 9 INFO neutron.wsgi [None req-deb3b6e8-255d-4728-ade0-0fe121e1d810 bcf5f09bbc944c749de0e93ea08a5545 df8601d3a87f4cad9aa1a792c787b4bb - - default default] 10.0.0.216 "GET /v2.0/security-groups/52e8ce9c-4681-431a-82a0-584cc63e64af HTTP/1.1" status: 404 len: 347 time: 0.0128422
2026-07-22 23:24:52.821 9 INFO neutron.wsgi [None req-4d760b01-eecb-49d9-acf8-93157a003513 bcf5f09bbc944c749de0e93ea08a5545 df8601d3a87f4cad9aa1a792c787b4bb - - - -] 10.0.0.216 "DELETE /v2.0/floatingips/b2f1c62b-6b49-4fd8-88a3-ec396bd7af5a HTTP/1.1" status: 204 len: 168 time: 0.3644173
2026-07-22 23:24:52.884 9 INFO neutron.notifiers.nova [-] Nova event matching ['req-899de3ab-2c59-4d0f-8bb0-6dd190238c83'] response: {'server_uuid': 'f6d9e72f-fd03-4ed9-a8e3-439d09cd8691', 'name': 'network-vif-unplugged', 'status': 'completed', 'tag': '5994aef1-686c-4e90-ae07-10bc1907876a', 'code': 200}
2026-07-22 23:24:52.884 9 INFO neutron.notifiers.nova [-] Nova event matching ['req-899de3ab-2c59-4d0f-8bb0-6dd190238c83'] response: {'server_uuid': 'f6d9e72f-fd03-4ed9-a8e3-439d09cd8691', 'name': 'network-vif-plugged', 'status': 'completed', 'tag': '5994aef1-686c-4e90-ae07-10bc1907876a', 'code': 200}
2026-07-22 23:24:52.969 9 INFO neutron.wsgi [None req-52631eca-3eef-4daa-8522-fd91ac9127b5 bcf5f09bbc944c749de0e93ea08a5545 df8601d3a87f4cad9aa1a792c787b4bb - - - -] 10.0.0.216 "DELETE /v2.0/security-groups/77a35c4a-d070-4666-8ebe-a1a9d7179ff5 HTTP/1.1" status: 204 len: 168 time: 0.1417763
2026-07-22 23:24:53.154 9 INFO neutron.wsgi [req-ec0b170d-f693-4621-8fe9-d6d3f8f3bf91 req-ece2104f-1b52-4c21-8666-096f5e9f0380 404045f7f66148ca87b33c3deb64ffac e48df614e2a542a690e1cc22a276933b - - 5e99659270f44b0f8c46fcb0fc3691df 5e99659270f44b0f8c46fcb0fc3691df] 10.0.0.141 "GET /v2.0/ports?device_id=d3379354-9c9b-4204-9751-d45abc868b3a HTTP/1.1" status: 200 len: 1590 time: 0.0333183
2026-07-22 23:24:53.203 9 INFO neutron.wsgi [req-ec0b170d-f693-4621-8fe9-d6d3f8f3bf91 req-04d5cd4f-1a3c-490d-8bd5-78fb3b8ea183 404045f7f66148ca87b33c3deb64ffac e48df614e2a542a690e1cc22a276933b - - 5e99659270f44b0f8c46fcb0fc3691df 5e99659270f44b0f8c46fcb0fc3691df] 10.0.0.141 "GET /v2.0/security-groups?id=fd798c3b-f797-4993-89b4-9ff45e608b6a&fields=id&fields=name HTTP/1.1" status: 200 len: 311 time: 0.0401649
2026-07-22 23:24:54.571 10 INFO neutron.wsgi [None req-77a647f0-3ccf-43d6-b8a0-02a97ef137f9 cf73f69d1f7e49a59cf81fa0f22f15b3 54c749f18dbc43a79f6dd70b33b72377 - - - -] 10.0.0.216 "PUT /v2.0/routers/ddbe6b37-db1d-4ded-b06f-c4b5cddaf184/remove_router_interface HTTP/1.1" status: 200 len: 503 time: 1.5655909 /var/lib/openstack/lib/python3.10/site-packages/pycadf/identifier.py:71: UserWarning: Invalid uuid: neutron. To ensure interoperability, identifiers should be a valid uuid. warnings.warn(('Invalid uuid: %s. To ensure interoperability, '
2026-07-22 23:24:55.291 10 INFO neutron.wsgi [None req-2886ffaa-0133-4eb8-9d10-074f8aa1a16e cf73f69d1f7e49a59cf81fa0f22f15b3 54c749f18dbc43a79f6dd70b33b72377 - - - -] 10.0.0.216 "DELETE /v2.0/routers/ddbe6b37-db1d-4ded-b06f-c4b5cddaf184 HTTP/1.1" status: 204 len: 168 time: 0.7136412
2026-07-22 23:24:55.493 9 INFO neutron.wsgi [None req-0e4bd9c3-a3e5-49f5-a764-d4c78b331768 cf73f69d1f7e49a59cf81fa0f22f15b3 54c749f18dbc43a79f6dd70b33b72377 - - - -] 10.0.0.216 "DELETE /v2.0/subnets/aa08aa67-6393-4f82-8647-ef2792e21930 HTTP/1.1" status: 204 len: 168 time: 0.1956067
2026-07-22 23:24:55.891 9 INFO neutron.services.segments.plugin [-] Segment 0b6c5d13-a551-43f6-aebd-bfb6ceb86dff resource provider aggregate not found
2026-07-22 23:24:55.897 9 INFO neutron.services.segments.plugin [-] Segment 0b6c5d13-a551-43f6-aebd-bfb6ceb86dff resource provider aggregate not found
2026-07-22 23:24:55.919 9 INFO neutron.services.segments.plugin [-] Segment 0b6c5d13-a551-43f6-aebd-bfb6ceb86dff resource provider not found; error: Placement Client Error (4xx): {"errors": [{"status": 404, "title": "Not Found", "detail": "The resource could not be found.\n\n No resource provider with uuid 0b6c5d13-a551-43f6-aebd-bfb6ceb86dff found for delete ", "request_id": "req-565e8b87-bdcb-4ccd-9f9d-589de4c95ff8"}]}
2026-07-22 23:24:55.921 9 INFO neutron.services.segments.plugin [-] Segment 0b6c5d13-a551-43f6-aebd-bfb6ceb86dff resource provider not found; error: Placement Client Error (4xx): {"errors": [{"status": 404, "title": "Not Found", "detail": "The resource could not be found.\n\n No resource provider with uuid 0b6c5d13-a551-43f6-aebd-bfb6ceb86dff found for delete ", "request_id": "req-92296b9c-b65e-4977-ad0d-25b0d2ecf3fc"}]}
2026-07-22 23:24:55.935 9 INFO neutron.wsgi [None req-3dc907e2-d969-4529-a9ef-41add977f7df cf73f69d1f7e49a59cf81fa0f22f15b3 54c749f18dbc43a79f6dd70b33b72377 - - - -] 10.0.0.216 "DELETE /v2.0/networks/a06ba51a-109a-45b4-a7ef-c0cb6316f721 HTTP/1.1" status: 204 len: 168 time: 0.4360259
2026-07-22 23:24:57.083 10 INFO neutron.wsgi [None req-360d9cd5-1932-437c-b193-bb22bc0c1931 cf73f69d1f7e49a59cf81fa0f22f15b3 54c749f18dbc43a79f6dd70b33b72377 - - - -] 10.0.0.216 "PUT /v2.0/routers/2e673340-551a-47d3-a8ba-bf338df5bba3/remove_router_interface HTTP/1.1" status: 200 len: 503 time: 1.1430411 /var/lib/openstack/lib/python3.10/site-packages/pycadf/identifier.py:71: UserWarning: Invalid uuid: neutron. To ensure interoperability, identifiers should be a valid uuid. warnings.warn(('Invalid uuid: %s. To ensure interoperability, '
2026-07-22 23:24:57.862 9 INFO neutron.wsgi [req-b0facf52-81fb-4cef-9ab5-2031dcf8d0e5 req-f36fc6a3-1073-4509-9dc3-82b63aca86b3 404045f7f66148ca87b33c3deb64ffac e48df614e2a542a690e1cc22a276933b - - 5e99659270f44b0f8c46fcb0fc3691df 5e99659270f44b0f8c46fcb0fc3691df] 10.0.0.141 "GET /v2.0/ports?device_id=b23f15ea-93de-43a1-bec9-a556834982c9 HTTP/1.1" status: 200 len: 1594 time: 0.0395846
2026-07-22 23:24:57.907 9 INFO neutron.wsgi [req-b0facf52-81fb-4cef-9ab5-2031dcf8d0e5 req-0f131058-a7ed-4083-951e-9b8061af4a49 404045f7f66148ca87b33c3deb64ffac e48df614e2a542a690e1cc22a276933b - - 5e99659270f44b0f8c46fcb0fc3691df 5e99659270f44b0f8c46fcb0fc3691df] 10.0.0.141 "GET /v2.0/security-groups?id=fd798c3b-f797-4993-89b4-9ff45e608b6a&fields=id&fields=name HTTP/1.1" status: 200 len: 311 time: 0.0368617
2026-07-22 23:24:57.984 10 INFO neutron.wsgi [None req-5f4fc613-6c2f-46ea-b79a-1a0d3813e3cf cf73f69d1f7e49a59cf81fa0f22f15b3 54c749f18dbc43a79f6dd70b33b72377 - - - -] 10.0.0.216 "DELETE /v2.0/routers/2e673340-551a-47d3-a8ba-bf338df5bba3 HTTP/1.1" status: 204 len: 168 time: 0.8970535
2026-07-22 23:24:58.222 10 INFO neutron.wsgi [None req-b2f4f3ef-c1e1-4dda-91b4-0ec5d99e3613 cf73f69d1f7e49a59cf81fa0f22f15b3 54c749f18dbc43a79f6dd70b33b72377 - - - -] 10.0.0.216 "DELETE /v2.0/subnets/042b28ab-7ca3-4c8f-8e4e-517198203647 HTTP/1.1" status: 204 len: 168 time: 0.2328372
2026-07-22 23:24:58.582 9 INFO neutron.services.segments.plugin [-] Segment bdcf63b4-49a1-4a52-aa09-398e07d86800 resource provider aggregate not found
2026-07-22 23:24:58.587 9 INFO neutron.services.segments.plugin [-] Segment bdcf63b4-49a1-4a52-aa09-398e07d86800 resource provider aggregate not found
2026-07-22 23:24:58.617 9 INFO neutron.services.segments.plugin [-] Segment bdcf63b4-49a1-4a52-aa09-398e07d86800 resource provider not found; error: Placement Client Error (4xx): {"errors": [{"status": 404, "title": "Not Found", "detail": "The resource could not be found.\n\n No resource provider with uuid bdcf63b4-49a1-4a52-aa09-398e07d86800 found for delete ", "request_id": "req-846668a9-96a0-442a-a33b-5cb851b046a4"}]}
2026-07-22 23:24:58.617 9 INFO neutron.services.segments.plugin [-] Segment bdcf63b4-49a1-4a52-aa09-398e07d86800 resource provider not found; error: Placement Client Error (4xx): {"errors": [{"status": 404, "title": "Not Found", "detail": "The resource could not be found.\n\n No resource provider with uuid bdcf63b4-49a1-4a52-aa09-398e07d86800 found for delete ", "request_id": "req-8fa3c0ee-7bf6-40de-b201-e435b2aa6e7d"}]}
2026-07-22 23:24:58.649 9 INFO neutron.wsgi [None req-9a3c5b4c-7a02-4a14-b329-602e040e2952 cf73f69d1f7e49a59cf81fa0f22f15b3 54c749f18dbc43a79f6dd70b33b72377 - - - -] 10.0.0.216 "DELETE /v2.0/networks/3ae4419d-abce-41be-9702-1ba8f4ecc54e HTTP/1.1" status: 204 len: 168 time: 0.4178693
2026-07-22 23:24:59.038 9 INFO neutron.wsgi [None req-aed19f01-499d-4535-a9b6-4c52343b121e cf73f69d1f7e49a59cf81fa0f22f15b3 54c749f18dbc43a79f6dd70b33b72377 - - default default] 10.0.0.216 "GET /v2.0/security-groups?tenant_id=3048dc5e34cb456a803cf9006e7ff256&name=default HTTP/1.1" status: 200 len: 2996 time: 0.0290430
2026-07-22 23:24:59.231 9 INFO neutron.wsgi [None req-5458be40-a9a4-4a4b-99df-ad03564254cd cf73f69d1f7e49a59cf81fa0f22f15b3 54c749f18dbc43a79f6dd70b33b72377 - - - -] 10.0.0.216 "DELETE /v2.0/security-groups/f72deef5-b515-4fd4-9a37-bacd779a19f0 HTTP/1.1" status: 204 len: 168 time: 0.1885817
2026-07-22 23:24:59.431 9 INFO neutron.wsgi [None req-bbfabad2-bf28-460c-bbd6-577cc32222ef cf73f69d1f7e49a59cf81fa0f22f15b3 54c749f18dbc43a79f6dd70b33b72377 - - default default] 10.0.0.216 "GET /v2.0/security-groups?tenant_id=df8601d3a87f4cad9aa1a792c787b4bb&name=default HTTP/1.1" status: 200 len: 2996 time: 0.0290363
2026-07-22 23:24:59.627 9 INFO neutron.wsgi [None req-514cc001-b628-420e-8c96-d491c817f1e4 cf73f69d1f7e49a59cf81fa0f22f15b3 54c749f18dbc43a79f6dd70b33b72377 - - - -] 10.0.0.216 "DELETE /v2.0/security-groups/4587c751-b6ce-4902-9670-8ebbea5aef88 HTTP/1.1" status: 204 len: 168 time: 0.1910126
2026-07-22 23:25:03.301 10 INFO neutron.wsgi [None req-1f8e9465-f0c7-41d2-9860-ae2127f4776b efc148192ac24e33bee7f33f85240446 1772283e263b4a86b3567c7cb9fc5a28 - - default default] 10.0.0.216 "GET /v2.0/subnets/a7562bf4-3737-44e8-9d58-1aa617553f40 HTTP/1.1" status: 200 len: 845 time: 0.0358841
2026-07-22 23:25:03.991 10 INFO neutron.wsgi [None req-8a3d1784-9ef8-4039-ad8b-acc560f0fbcb cf73f69d1f7e49a59cf81fa0f22f15b3 54c749f18dbc43a79f6dd70b33b72377 - - default default] 10.0.0.56 "GET /v2.0/extensions/security-group HTTP/1.1" status: 200 len: 369 time: 0.1238651
2026-07-22 23:25:04.004 10 INFO neutron.wsgi [None req-270cffc1-4441-4fd8-a49b-1a55617b59b4 cf73f69d1f7e49a59cf81fa0f22f15b3 54c749f18dbc43a79f6dd70b33b72377 - - default default] 10.0.0.56 "GET /v2.0/extensions/dns-integration HTTP/1.1" status: 200 len: 371 time: 0.0052695
2026-07-22 23:25:04.015 10 INFO neutron.wsgi [None req-8eb31ba8-c329-4594-949c-49cb0ea7a30c cf73f69d1f7e49a59cf81fa0f22f15b3 54c749f18dbc43a79f6dd70b33b72377 - - default default] 10.0.0.56 "GET /v2.0/extensions/qos HTTP/1.1" status: 200 len: 365 time: 0.0045300
2026-07-22 23:25:04.033 10 INFO neutron.wsgi [None req-c6d10f5e-7e63-4120-bf20-b08495044d2d cf73f69d1f7e49a59cf81fa0f22f15b3 54c749f18dbc43a79f6dd70b33b72377 - - default default] 10.0.0.56 "GET /v2.0/extensions/allowed-address-pairs HTTP/1.1" status: 200 len: 383 time: 0.0100315
2026-07-22 23:25:04.203 10 INFO neutron.db.ovn_revision_numbers_db [None req-9ceb9ee8-60df-4175-9620-59f4dcf54b9e e0f5504dacaf44ad93a4bd7ca916c1c1 2b11c5e4c89e4a6f8f6044bcbce16131 - - - -] Successfully bumped revision number for resource 323b2e10-fe50-496b-847d-eb3c4e7a672c (type: routers) to 1
2026-07-22 23:25:04.221 10 INFO neutron.wsgi [None req-9ceb9ee8-60df-4175-9620-59f4dcf54b9e e0f5504dacaf44ad93a4bd7ca916c1c1 2b11c5e4c89e4a6f8f6044bcbce16131 - - - -] 10.0.0.216 "POST /v2.0/routers HTTP/1.1" status: 201 len: 654 time: 0.3468039
2026-07-22 23:25:04.395 10 INFO neutron.wsgi [-] 10.0.0.59 "GET / HTTP/1.1" status: 200 len: 246 time: 0.0019605
2026-07-22 23:25:04.395 9 INFO neutron.wsgi [-] 10.0.0.59 "GET / HTTP/1.1" status: 200 len: 246 time: 0.0022945
2026-07-22 23:25:04.447 10 INFO neutron.db.ovn_revision_numbers_db [None req-9492c7c3-42a9-4478-a508-38f7fb73f5fc e0f5504dacaf44ad93a4bd7ca916c1c1 2b11c5e4c89e4a6f8f6044bcbce16131 - - - -] Successfully bumped revision number for resource 985c8af3-4ce3-47a4-bc56-2fc3700a53ee (type: routers) to 1
2026-07-22 23:25:04.462 10 INFO neutron.wsgi [None req-9492c7c3-42a9-4478-a508-38f7fb73f5fc e0f5504dacaf44ad93a4bd7ca916c1c1 2b11c5e4c89e4a6f8f6044bcbce16131 - - - -] 10.0.0.216 "POST /v2.0/routers HTTP/1.1" status: 201 len: 654 time: 0.2361238
2026-07-22 23:25:04.531 10 INFO neutron.wsgi [-] 10.0.0.56 "GET / HTTP/1.1" status: 200 len: 284 time: 0.0020027
2026-07-22 23:25:04.586 10 INFO neutron.wsgi [None req-bf89de3f-db90-4041-b699-55677b186db1 49bcf7eb5c7b441d8b867f0be0e65ccc 380685955c034a3781b3da8357c51553 - - default default] 10.0.0.56 "GET /v2.0/subnets/a7562bf4-3737-44e8-9d58-1aa617553f40 HTTP/1.1" status: 200 len: 832 time: 0.0503690
2026-07-22 23:25:04.600 10 INFO neutron.wsgi [None req-0497861d-f1c0-473d-a339-dfa6625f1118 cf73f69d1f7e49a59cf81fa0f22f15b3 54c749f18dbc43a79f6dd70b33b72377 - - default default] 10.0.0.56 "GET /v2.0/extensions/security-group HTTP/1.1" status: 200 len: 369 time: 0.0052142
2026-07-22 23:25:04.608 10 INFO neutron.wsgi [None req-8df043ba-5339-48e7-aa48-d9e3ee2bd8c5 cf73f69d1f7e49a59cf81fa0f22f15b3 54c749f18dbc43a79f6dd70b33b72377 - - default default] 10.0.0.56 "GET /v2.0/extensions/dns-integration HTTP/1.1" status: 200 len: 371 time: 0.0051639
2026-07-22 23:25:04.618 10 INFO neutron.wsgi [None req-9fa41777-d3a8-4c7d-83ab-0ae0211e5cbc cf73f69d1f7e49a59cf81fa0f22f15b3 54c749f18dbc43a79f6dd70b33b72377 - - default default] 10.0.0.56 "GET /v2.0/extensions/qos HTTP/1.1" status: 200 len: 365 time: 0.0052402
2026-07-22 23:25:04.631 10 INFO neutron.wsgi [None req-64d42531-5fc6-4c00-8518-dd471628312c cf73f69d1f7e49a59cf81fa0f22f15b3 54c749f18dbc43a79f6dd70b33b72377 - - default default] 10.0.0.56 "GET /v2.0/extensions/allowed-address-pairs HTTP/1.1" status: 200 len: 383 time: 0.0055754
2026-07-22 23:25:04.677 10 INFO neutron.wsgi [None req-11b11c8a-ac94-4484-ab53-0d6e36e993a7 cf73f69d1f7e49a59cf81fa0f22f15b3 54c749f18dbc43a79f6dd70b33b72377 - - default default] 10.0.0.56 "GET /v2.0/subnets/a7562bf4-3737-44e8-9d58-1aa617553f40 HTTP/1.1" status: 200 len: 850 time: 0.0398993
2026-07-22 23:25:04.995 9 INFO neutron.db.ovn_revision_numbers_db [None req-3f491272-6ce8-4af3-a46d-a381290c56bd e0f5504dacaf44ad93a4bd7ca916c1c1 2b11c5e4c89e4a6f8f6044bcbce16131 - - - -] Successfully bumped revision number for resource 6590fe10-0948-4c8e-aa58-10289225ab36 (type: routers) to 1
2026-07-22 23:25:05.016 9 INFO neutron.wsgi [None req-3f491272-6ce8-4af3-a46d-a381290c56bd e0f5504dacaf44ad93a4bd7ca916c1c1 2b11c5e4c89e4a6f8f6044bcbce16131 - - - -] 10.0.0.216 "POST /v2.0/routers HTTP/1.1" status: 201 len: 654 time: 0.5477653
2026-07-22 23:25:05.047 10 INFO neutron.wsgi [None req-ddacfe4b-29ff-4028-ae88-41c03601f7c4 cf73f69d1f7e49a59cf81fa0f22f15b3 54c749f18dbc43a79f6dd70b33b72377 - - default default] 10.0.0.56 "GET /v2.0/extensions/security-group HTTP/1.1" status: 200 len: 369 time: 0.0055397
2026-07-22 23:25:05.056 10 INFO neutron.wsgi [None req-10493f82-7050-46fa-9f10-fb73bdbe14df cf73f69d1f7e49a59cf81fa0f22f15b3 54c749f18dbc43a79f6dd70b33b72377 - - default default] 10.0.0.56 "GET /v2.0/extensions/dns-integration HTTP/1.1" status: 200 len: 371 time: 0.0043025
2026-07-22 23:25:05.064 10 INFO neutron.wsgi [None req-cc06224e-d4a1-46dc-8239-28d95c0fd825 cf73f69d1f7e49a59cf81fa0f22f15b3 54c749f18dbc43a79f6dd70b33b72377 - - default default] 10.0.0.56 "GET /v2.0/extensions/qos HTTP/1.1" status: 200 len: 365 time: 0.0040598
2026-07-22 23:25:05.075 10 INFO neutron.wsgi [None req-7d605b73-236b-41b6-a466-165b1950095d cf73f69d1f7e49a59cf81fa0f22f15b3 54c749f18dbc43a79f6dd70b33b72377 - - default default] 10.0.0.56 "GET /v2.0/extensions/allowed-address-pairs HTTP/1.1" status: 200 len: 383 time: 0.0047996
2026-07-22 23:25:05.137 10 INFO neutron.wsgi [None req-495efb34-eb69-4ef0-8671-4ea0c3bf6b41 cf73f69d1f7e49a59cf81fa0f22f15b3 54c749f18dbc43a79f6dd70b33b72377 - - default default] 10.0.0.56 "GET /v2.0/networks/109c2287-324f-4331-b5be-d3e9bfe5dc51 HTTP/1.1" status: 200 len: 1001 time: 0.0554981
2026-07-22 23:25:05.152 10 INFO neutron.wsgi [None req-67ea7e0f-3720-4dbe-929d-e0457c1edaa0 cf73f69d1f7e49a59cf81fa0f22f15b3 54c749f18dbc43a79f6dd70b33b72377 - - default default] 10.0.0.56 "GET /v2.0/extensions/project-id HTTP/1.1" status: 200 len: 403 time: 0.0065205
2026-07-22 23:25:05.205 9 INFO neutron.db.ovn_revision_numbers_db [None req-28f89b69-8415-4587-99be-201ebc196f01 e0f5504dacaf44ad93a4bd7ca916c1c1 2b11c5e4c89e4a6f8f6044bcbce16131 - - - -] Successfully bumped revision number for resource 561d3d71-3628-4511-ac74-e29dcb475479 (type: routers) to 1
2026-07-22 23:25:05.222 9 INFO neutron.wsgi [None req-28f89b69-8415-4587-99be-201ebc196f01 e0f5504dacaf44ad93a4bd7ca916c1c1 2b11c5e4c89e4a6f8f6044bcbce16131 - - - -] 10.0.0.216 "POST /v2.0/routers HTTP/1.1" status: 201 len: 654 time: 0.2005572
2026-07-22 23:25:05.431 9 INFO neutron.db.ovn_revision_numbers_db [None req-3aab85b9-0675-499a-82f4-fb0fd59c632a e0f5504dacaf44ad93a4bd7ca916c1c1 2b11c5e4c89e4a6f8f6044bcbce16131 - - - -] Successfully bumped revision number for resource fff97f08-b167-41d0-90a0-387e3c2b5de3 (type: routers) to 1
2026-07-22 23:25:05.445 9 INFO neutron.wsgi [None req-3aab85b9-0675-499a-82f4-fb0fd59c632a e0f5504dacaf44ad93a4bd7ca916c1c1 2b11c5e4c89e4a6f8f6044bcbce16131 - - - -] 10.0.0.216 "POST /v2.0/routers HTTP/1.1" status: 201 len: 654 time: 0.2083395
2026-07-22 23:25:05.513 10 INFO neutron.wsgi [None req-6843c67f-1fed-4b8e-9730-11f37a827887 e0f5504dacaf44ad93a4bd7ca916c1c1 2b11c5e4c89e4a6f8f6044bcbce16131 - - - -] 10.0.0.216 "PUT /v2.0/routers/323b2e10-fe50-496b-847d-eb3c4e7a672c/tags HTTP/1.1" status: 200 len: 210 time: 0.0621533
2026-07-22 23:25:05.520 10 WARNING neutron.scheduler.dhcp_agent_scheduler [None req-a1fcc69a-04b5-4fae-92fe-5e782d56b5fc cf73f69d1f7e49a59cf81fa0f22f15b3 54c749f18dbc43a79f6dd70b33b72377 - - - -] No more DHCP agents /var/lib/openstack/lib/python3.10/site-packages/pycadf/identifier.py:71: UserWarning: Invalid uuid: neutron. To ensure interoperability, identifiers should be a valid uuid. warnings.warn(('Invalid uuid: %s. To ensure interoperability, '
2026-07-22 23:25:05.526 10 WARNING neutron.api.rpc.agentnotifiers.dhcp_rpc_agent_api [None req-a1fcc69a-04b5-4fae-92fe-5e782d56b5fc cf73f69d1f7e49a59cf81fa0f22f15b3 54c749f18dbc43a79f6dd70b33b72377 - - - -] Unable to schedule network 109c2287-324f-4331-b5be-d3e9bfe5dc51: no agents available; will retry on subsequent port and subnet creation events.
2026-07-22 23:25:05.582 10 INFO neutron.wsgi [None req-b3d5959a-e8a7-460c-a4ae-db00eb41984d e0f5504dacaf44ad93a4bd7ca916c1c1 2b11c5e4c89e4a6f8f6044bcbce16131 - - - -] 10.0.0.216 "PUT /v2.0/routers/985c8af3-4ce3-47a4-bc56-2fc3700a53ee/tags HTTP/1.1" status: 200 len: 218 time: 0.0636666
2026-07-22 23:25:05.658 9 INFO neutron.wsgi [None req-a2f6843d-b2f2-4b4d-9843-e8e6dbb73060 e0f5504dacaf44ad93a4bd7ca916c1c1 2b11c5e4c89e4a6f8f6044bcbce16131 - - - -] 10.0.0.216 "PUT /v2.0/routers/6590fe10-0948-4c8e-aa58-10289225ab36/tags HTTP/1.1" status: 200 len: 227 time: 0.0687516
2026-07-22 23:25:05.718 10 INFO neutron.db.ovn_revision_numbers_db [None req-a1fcc69a-04b5-4fae-92fe-5e782d56b5fc cf73f69d1f7e49a59cf81fa0f22f15b3 54c749f18dbc43a79f6dd70b33b72377 - - - -] Successfully bumped revision number for resource b00b1de5-c8a6-45ba-9023-495e11a50317 (type: ports) to 1
2026-07-22 23:25:05.725 9 INFO neutron.wsgi [None req-df55b962-ecd9-498e-ac6f-2757d390194e e0f5504dacaf44ad93a4bd7ca916c1c1 2b11c5e4c89e4a6f8f6044bcbce16131 - - - -] 10.0.0.216 "PUT /v2.0/routers/561d3d71-3628-4511-ac74-e29dcb475479/tags HTTP/1.1" status: 200 len: 212 time: 0.0624659
2026-07-22 23:25:05.754 10 INFO neutron.wsgi [None req-a1fcc69a-04b5-4fae-92fe-5e782d56b5fc cf73f69d1f7e49a59cf81fa0f22f15b3 54c749f18dbc43a79f6dd70b33b72377 - - - -] 10.0.0.56 "POST /v2.0/ports HTTP/1.1" status: 201 len: 1337 time: 0.5978756
2026-07-22 23:25:05.847 9 INFO neutron.wsgi [None req-2e2e75f7-794d-402e-a4ab-4e01b16f7518 e0f5504dacaf44ad93a4bd7ca916c1c1 2b11c5e4c89e4a6f8f6044bcbce16131 - - default default] 10.0.0.216 "GET /v2.0/routers?tags=red HTTP/1.1" status: 200 len: 1601 time: 0.1156809
2026-07-22 23:25:05.962 9 INFO neutron.wsgi [None req-e2509407-b99f-4d76-ae8f-d40712bfa211 e0f5504dacaf44ad93a4bd7ca916c1c1 2b11c5e4c89e4a6f8f6044bcbce16131 - - default default] 10.0.0.216 "GET /v2.0/routers?tags=red%2Cblue HTTP/1.1" status: 200 len: 1144 time: 0.1076546
2026-07-22 23:25:06.053 9 INFO neutron.wsgi [None req-cc7dacbd-4f5d-413c-acfd-59a0ec53f6d2 e0f5504dacaf44ad93a4bd7ca916c1c1 2b11c5e4c89e4a6f8f6044bcbce16131 - - default default] 10.0.0.216 "GET /v2.0/routers?tags-any=blue HTTP/1.1" status: 200 len: 1144 time: 0.0848451
2026-07-22 23:25:06.133 9 INFO neutron.wsgi [None req-eb8462cc-c871-4ae9-8fe0-d5b18417a290 e0f5504dacaf44ad93a4bd7ca916c1c1 2b11c5e4c89e4a6f8f6044bcbce16131 - - default default] 10.0.0.216 "GET /v2.0/routers?tags-any=red%2Cblue HTTP/1.1" status: 200 len: 1601 time: 0.0749385
2026-07-22 23:25:06.215 9 INFO neutron.wsgi [None req-b7ce0c61-29a2-4dcb-8ea9-2ff544d1ff48 e0f5504dacaf44ad93a4bd7ca916c1c1 2b11c5e4c89e4a6f8f6044bcbce16131 - - default default] 10.0.0.216 "GET /v2.0/routers?not-tags=red HTTP/1.1" status: 200 len: 1116 time: 0.0785785
2026-07-22 23:25:06.570 9 INFO neutron.wsgi [None req-789c68b5-24cc-4c16-b84e-d0a31ff7f0b4 e0f5504dacaf44ad93a4bd7ca916c1c1 2b11c5e4c89e4a6f8f6044bcbce16131 - - default default] 10.0.0.216 "GET /v2.0/routers?not-tags=red%2Cblue HTTP/1.1" status: 200 len: 1573 time: 0.3492625
2026-07-22 23:25:06.649 9 INFO neutron.wsgi [None req-caa0e6d1-1541-40eb-82a0-4859202c82eb e0f5504dacaf44ad93a4bd7ca916c1c1 2b11c5e4c89e4a6f8f6044bcbce16131 - - default default] 10.0.0.216 "GET /v2.0/routers?not-tags-any=blue HTTP/1.1" status: 200 len: 1573 time: 0.0755818
2026-07-22 23:25:06.708 9 INFO neutron.wsgi [None req-840f5985-703d-4d67-a910-a15531652df7 e0f5504dacaf44ad93a4bd7ca916c1c1 2b11c5e4c89e4a6f8f6044bcbce16131 - - default default] 10.0.0.216 "GET /v2.0/routers?not-tags-any=red%2Cblue HTTP/1.1" status: 200 len: 1116 time: 0.0531807
2026-07-22 23:25:06.776 9 INFO neutron.wsgi [None req-998e4e59-8acf-4b9c-b9ff-fdf22ac40f1b e0f5504dacaf44ad93a4bd7ca916c1c1 2b11c5e4c89e4a6f8f6044bcbce16131 - - default default] 10.0.0.216 "GET /v2.0/routers/323b2e10-fe50-496b-847d-eb3c4e7a672c HTTP/1.1" status: 200 len: 660 time: 0.0620615
2026-07-22 23:25:07.257 9 INFO neutron.wsgi [None req-ddef80e7-fa15-40d1-b470-fdda607b1314 cf73f69d1f7e49a59cf81fa0f22f15b3 54c749f18dbc43a79f6dd70b33b72377 - - default default] 199.19.213.74 "GET /v2.0/extensions/security-group HTTP/1.1" status: 200 len: 369 time: 0.0809033
