2026-07-22 23:21:14.924 10 INFO neutron.db.ovn_revision_numbers_db [None req-907521cc-48b3-4634-8005-aab94e99d854 404045f7f66148ca87b33c3deb64ffac e48df614e2a542a690e1cc22a276933b - - - -] Successfully bumped revision number for resource 9762a33e-9391-45d2-a9eb-8bb234814f24 (type: ports) to 2
2026-07-22 23:21:14.943 10 INFO neutron.wsgi [None req-907521cc-48b3-4634-8005-aab94e99d854 404045f7f66148ca87b33c3deb64ffac e48df614e2a542a690e1cc22a276933b - - - -] 199.19.213.74 "PUT /v2.0/ports/9762a33e-9391-45d2-a9eb-8bb234814f24 HTTP/1.1" status: 200 len: 1328 time: 1.1589434
2026-07-22 23:21:14.956 9 INFO neutron.wsgi [req-10180d62-ecf7-44ee-a1ec-5ca6e5af17f2 req-ce75724b-6305-4364-a084-be8725160b50 235e748336e44fdd8141c1ad52126baa d41b2f8c93254104a68fefc9310a8bd4 - - default default] 10.0.0.112 "GET /v2.0/ports?device_id=7634b550-36a4-4392-bccf-539b05f135bf HTTP/1.1" status: 200 len: 1168 time: 0.0535307 /var/lib/openstack/lib/python3.10/site-packages/pycadf/identifier.py:71: UserWarning: Invalid uuid: neutron. To ensure interoperability, identifiers should be a valid uuid. warnings.warn(('Invalid uuid: %s. To ensure interoperability, '
2026-07-22 23:21:15.024 9 INFO neutron.wsgi [req-10180d62-ecf7-44ee-a1ec-5ca6e5af17f2 req-9ca1eda9-51ae-4662-8256-506a6f69f576 235e748336e44fdd8141c1ad52126baa d41b2f8c93254104a68fefc9310a8bd4 - - default default] 10.0.0.112 "GET /v2.0/security-groups?id=cfd2f384-6768-45cd-b63e-6c539af8d3f7&fields=id&fields=name HTTP/1.1" status: 200 len: 313 time: 0.0576811
2026-07-22 23:21:15.058 10 INFO neutron.wsgi [req-f2545e75-7e55-45c3-9f49-5b2e53decd12 req-6264a412-f86f-4fa5-b177-a57ca1539ada 404045f7f66148ca87b33c3deb64ffac e48df614e2a542a690e1cc22a276933b - - 5e99659270f44b0f8c46fcb0fc3691df 5e99659270f44b0f8c46fcb0fc3691df] 199.19.213.74 "GET /v2.0/ports?tenant_id=d41b2f8c93254104a68fefc9310a8bd4&device_id=7634b550-36a4-4392-bccf-539b05f135bf HTTP/1.1" status: 200 len: 1359 time: 0.0748799
2026-07-22 23:21:15.108 10 INFO neutron.wsgi [req-f2545e75-7e55-45c3-9f49-5b2e53decd12 req-2cb4f504-4315-4528-be48-fd786810c4f0 404045f7f66148ca87b33c3deb64ffac e48df614e2a542a690e1cc22a276933b - - 5e99659270f44b0f8c46fcb0fc3691df 5e99659270f44b0f8c46fcb0fc3691df] 199.19.213.74 "GET /v2.0/floatingips?fixed_ip_address=10.100.0.4&port_id=9762a33e-9391-45d2-a9eb-8bb234814f24 HTTP/1.1" status: 200 len: 217 time: 0.0420010
2026-07-22 23:21:15.162 10 INFO neutron.wsgi [req-f2545e75-7e55-45c3-9f49-5b2e53decd12 req-fe5009df-aa96-4542-8c50-16928906e382 404045f7f66148ca87b33c3deb64ffac e48df614e2a542a690e1cc22a276933b - - 5e99659270f44b0f8c46fcb0fc3691df 5e99659270f44b0f8c46fcb0fc3691df] 199.19.213.74 "GET /v2.0/subnets?id=d811a5e6-f7ba-4c36-bda9-0ba6370aeddc HTTP/1.1" status: 200 len: 862 time: 0.0466611
2026-07-22 23:21:15.164 9 INFO neutron.notifiers.nova [-] Nova event matching ['req-0e9cafb3-f209-4ace-b1b0-187fdb3e5b8a'] response: {'server_uuid': 'ae243df6-b7ca-4675-a403-a53755b5a17a', 'name': 'network-vif-plugged', 'status': 'completed', 'tag': 'cce26054-4437-4f26-b81c-544a89a1190a', 'code': 200}
2026-07-22 23:21:15.164 9 INFO neutron.notifiers.nova [-] Nova event matching ['req-0e9cafb3-f209-4ace-b1b0-187fdb3e5b8a'] response: {'server_uuid': 'ae243df6-b7ca-4675-a403-a53755b5a17a', 'name': 'network-vif-plugged', 'status': 'completed', 'tag': 'cce26054-4437-4f26-b81c-544a89a1190a', 'code': 200}
2026-07-22 23:21:15.216 10 INFO neutron.wsgi [req-f2545e75-7e55-45c3-9f49-5b2e53decd12 req-cd41af1a-5ed9-465d-9bb5-f019680d909f 404045f7f66148ca87b33c3deb64ffac e48df614e2a542a690e1cc22a276933b - - 5e99659270f44b0f8c46fcb0fc3691df 5e99659270f44b0f8c46fcb0fc3691df] 199.19.213.74 "GET /v2.0/ports?network_id=4d89a256-ce1a-47d9-8a47-5c0c794656d8&device_owner=network%3Adhcp HTTP/1.1" status: 200 len: 210 time: 0.0466604
2026-07-22 23:21:15.297 9 INFO neutron.wsgi [req-790c4b8f-6af8-443e-add7-61ed38049ee3 req-b49acc57-347f-4291-b122-39870ec2cde3 404045f7f66148ca87b33c3deb64ffac e48df614e2a542a690e1cc22a276933b - - 5e99659270f44b0f8c46fcb0fc3691df 5e99659270f44b0f8c46fcb0fc3691df] 10.0.0.141 "GET /v2.0/ports?device_id=3cdf2371-8b70-4f69-8ae5-b27929515b4e HTTP/1.1" status: 200 len: 1361 time: 0.2722182
2026-07-22 23:21:15.320 10 INFO neutron.wsgi [req-f2545e75-7e55-45c3-9f49-5b2e53decd12 req-a8f6462b-c86a-480d-9c8d-dca6c6d306ed 404045f7f66148ca87b33c3deb64ffac e48df614e2a542a690e1cc22a276933b - - 5e99659270f44b0f8c46fcb0fc3691df 5e99659270f44b0f8c46fcb0fc3691df] 199.19.213.74 "GET /v2.0/networks/4d89a256-ce1a-47d9-8a47-5c0c794656d8?fields=segments HTTP/1.1" status: 200 len: 212 time: 0.0898111
2026-07-22 23:21:15.345 9 INFO neutron.wsgi [req-790c4b8f-6af8-443e-add7-61ed38049ee3 req-5b8e6646-ce45-40f6-ba5f-df894f380a33 404045f7f66148ca87b33c3deb64ffac e48df614e2a542a690e1cc22a276933b - - 5e99659270f44b0f8c46fcb0fc3691df 5e99659270f44b0f8c46fcb0fc3691df] 10.0.0.141 "GET /v2.0/security-groups?id=00584bc9-8e75-4e82-a76b-fa2a008a2c1a&fields=id&fields=name HTTP/1.1" status: 200 len: 313 time: 0.0408211
2026-07-22 23:21:15.417 10 INFO neutron.wsgi [req-f2545e75-7e55-45c3-9f49-5b2e53decd12 req-8d9ee7c7-9316-4c87-b3b7-cb917757d543 404045f7f66148ca87b33c3deb64ffac e48df614e2a542a690e1cc22a276933b - - 5e99659270f44b0f8c46fcb0fc3691df 5e99659270f44b0f8c46fcb0fc3691df] 199.19.213.74 "GET /v2.0/networks/4d89a256-ce1a-47d9-8a47-5c0c794656d8?fields=provider%3Aphysical_network&fields=provider%3Anetwork_type HTTP/1.1" status: 200 len: 277 time: 0.0864205
2026-07-22 23:21:15.452 10 INFO neutron.notifiers.nova [-] Nova event matching ['req-9a1b6414-1249-4e38-b3f6-f46c4276ba98'] response: {'name': 'network-changed', 'server_uuid': '7634b550-36a4-4392-bccf-539b05f135bf', 'tag': '9762a33e-9391-45d2-a9eb-8bb234814f24', 'status': 'completed', 'code': 200}
2026-07-22 23:21:15.551 10 INFO neutron.wsgi [req-cf1d31b7-3306-4ac4-9963-3d4fb6e0cd24 req-5cd28249-3820-4f4e-aef9-d4d643b2b8f5 404045f7f66148ca87b33c3deb64ffac e48df614e2a542a690e1cc22a276933b - - 5e99659270f44b0f8c46fcb0fc3691df 5e99659270f44b0f8c46fcb0fc3691df] 199.19.213.74 "GET /v2.0/ports?tenant_id=d41b2f8c93254104a68fefc9310a8bd4&device_id=7634b550-36a4-4392-bccf-539b05f135bf HTTP/1.1" status: 200 len: 1359 time: 0.0593238
2026-07-22 23:21:15.693 10 INFO neutron.wsgi [req-cf1d31b7-3306-4ac4-9963-3d4fb6e0cd24 req-674c1c40-3eaf-4b5c-ae9f-73d05351ce89 404045f7f66148ca87b33c3deb64ffac e48df614e2a542a690e1cc22a276933b - - 5e99659270f44b0f8c46fcb0fc3691df 5e99659270f44b0f8c46fcb0fc3691df] 199.19.213.74 "GET /v2.0/networks?id=4d89a256-ce1a-47d9-8a47-5c0c794656d8 HTTP/1.1" status: 200 len: 966 time: 0.1361332
2026-07-22 23:21:15.734 10 INFO neutron.wsgi [req-cf1d31b7-3306-4ac4-9963-3d4fb6e0cd24 req-89bfe41e-a20c-433f-9904-038f2a4c02a2 404045f7f66148ca87b33c3deb64ffac e48df614e2a542a690e1cc22a276933b - - 5e99659270f44b0f8c46fcb0fc3691df 5e99659270f44b0f8c46fcb0fc3691df] 199.19.213.74 "GET /v2.0/floatingips?fixed_ip_address=10.100.0.4&port_id=9762a33e-9391-45d2-a9eb-8bb234814f24 HTTP/1.1" status: 200 len: 217 time: 0.0316014
2026-07-22 23:21:15.780 10 INFO neutron.wsgi [req-cf1d31b7-3306-4ac4-9963-3d4fb6e0cd24 req-149883ff-dd6e-425b-a682-2011413d8b71 404045f7f66148ca87b33c3deb64ffac e48df614e2a542a690e1cc22a276933b - - 5e99659270f44b0f8c46fcb0fc3691df 5e99659270f44b0f8c46fcb0fc3691df] 199.19.213.74 "GET /v2.0/subnets?id=d811a5e6-f7ba-4c36-bda9-0ba6370aeddc HTTP/1.1" status: 200 len: 862 time: 0.0412426
2026-07-22 23:21:15.827 10 INFO neutron.wsgi [req-cf1d31b7-3306-4ac4-9963-3d4fb6e0cd24 req-bb522beb-7f80-44bb-b0e1-02ffac624de0 404045f7f66148ca87b33c3deb64ffac e48df614e2a542a690e1cc22a276933b - - 5e99659270f44b0f8c46fcb0fc3691df 5e99659270f44b0f8c46fcb0fc3691df] 199.19.213.74 "GET /v2.0/ports?network_id=4d89a256-ce1a-47d9-8a47-5c0c794656d8&device_owner=network%3Adhcp HTTP/1.1" status: 200 len: 210 time: 0.0386417
2026-07-22 23:21:15.845 10 INFO neutron.wsgi [req-d13349fb-633b-4692-83e6-04620247ef53 req-69ad093c-4d51-46bd-a2d5-444ca117d0d5 e2b3bf4d633f4b1dabcde5be2f54c501 32ee8140ac544caf933694200dfd56d9 - - default default] 10.0.0.112 "GET /v2.0/ports?device_id=ae243df6-b7ca-4675-a403-a53755b5a17a HTTP/1.1" status: 200 len: 1170 time: 0.0473115
2026-07-22 23:21:15.898 10 INFO neutron.wsgi [req-d13349fb-633b-4692-83e6-04620247ef53 req-aa7819e9-7855-4ff7-99cc-a372bcbe3a3e e2b3bf4d633f4b1dabcde5be2f54c501 32ee8140ac544caf933694200dfd56d9 - - default default] 10.0.0.112 "GET /v2.0/security-groups?id=b822c798-6f94-44c6-a370-7fa3502d34c7&fields=id&fields=name HTTP/1.1" status: 200 len: 313 time: 0.0414319
2026-07-22 23:21:15.926 10 INFO neutron.wsgi [req-cf1d31b7-3306-4ac4-9963-3d4fb6e0cd24 req-6c319d58-1f48-4bd4-b127-1379f2f87c8f 404045f7f66148ca87b33c3deb64ffac e48df614e2a542a690e1cc22a276933b - - 5e99659270f44b0f8c46fcb0fc3691df 5e99659270f44b0f8c46fcb0fc3691df] 199.19.213.74 "GET /v2.0/networks/4d89a256-ce1a-47d9-8a47-5c0c794656d8?fields=segments HTTP/1.1" status: 200 len: 212 time: 0.0937123
2026-07-22 23:21:16.011 10 INFO neutron.wsgi [req-cf1d31b7-3306-4ac4-9963-3d4fb6e0cd24 req-d5ec697e-9d42-421f-997d-2bb7e82f3f02 404045f7f66148ca87b33c3deb64ffac e48df614e2a542a690e1cc22a276933b - - 5e99659270f44b0f8c46fcb0fc3691df 5e99659270f44b0f8c46fcb0fc3691df] 199.19.213.74 "GET /v2.0/networks/4d89a256-ce1a-47d9-8a47-5c0c794656d8?fields=provider%3Aphysical_network&fields=provider%3Anetwork_type HTTP/1.1" status: 200 len: 277 time: 0.0771656
2026-07-22 23:21:16.053 9 INFO neutron.db.ovn_revision_numbers_db [None req-c3c5c702-114f-4f41-9d70-cb95f009a2cb b25e18456254455d8a0f7ab94361ae1a 34cea753ce81433cb9e1069455287a3d - - - -] Successfully bumped revision number for resource ae8593a1-6d55-4a1e-b1c2-64926511c70e (type: security_groups) to 1
2026-07-22 23:21:16.102 9 INFO neutron.wsgi [req-cb1e251e-c553-4d22-b4f4-9891f58889bb req-71149177-d003-402f-ba47-89da9d1ef075 e2b3bf4d633f4b1dabcde5be2f54c501 32ee8140ac544caf933694200dfd56d9 - - default default] 10.0.0.112 "GET /v2.0/ports?device_id=ae243df6-b7ca-4675-a403-a53755b5a17a HTTP/1.1" status: 200 len: 1170 time: 0.1012802
2026-07-22 23:21:16.123 9 INFO neutron.db.segments_db [None req-c3c5c702-114f-4f41-9d70-cb95f009a2cb b25e18456254455d8a0f7ab94361ae1a 34cea753ce81433cb9e1069455287a3d - - - -] Added segment c98dca1a-9356-4779-a8b7-263eccdbabec of type geneve for network 2d3f0e0a-16b9-4d8e-894f-647b68671ee9
2026-07-22 23:21:16.267 9 INFO neutron.db.ovn_revision_numbers_db [None req-c3c5c702-114f-4f41-9d70-cb95f009a2cb b25e18456254455d8a0f7ab94361ae1a 34cea753ce81433cb9e1069455287a3d - - - -] Successfully bumped revision number for resource 2d3f0e0a-16b9-4d8e-894f-647b68671ee9 (type: networks) to 1
2026-07-22 23:21:16.290 10 INFO neutron.wsgi [req-1972ba91-b813-432e-ae9d-c9a116bb0dbf req-1d0b1e6e-7a74-483a-9c22-3668a50133d0 235e748336e44fdd8141c1ad52126baa d41b2f8c93254104a68fefc9310a8bd4 - - default default] 10.0.0.112 "GET /v2.0/ports?device_id=7634b550-36a4-4392-bccf-539b05f135bf HTTP/1.1" status: 200 len: 1168 time: 0.1928260
2026-07-22 23:21:16.377 10 INFO neutron.wsgi [req-1972ba91-b813-432e-ae9d-c9a116bb0dbf req-4699afcb-94ad-4734-a83d-3d02b49fba81 235e748336e44fdd8141c1ad52126baa d41b2f8c93254104a68fefc9310a8bd4 - - default default] 10.0.0.112 "GET /v2.0/security-groups?id=cfd2f384-6768-45cd-b63e-6c539af8d3f7&fields=id&fields=name HTTP/1.1" status: 200 len: 313 time: 0.0783622
2026-07-22 23:21:16.478 9 WARNING neutron.scheduler.dhcp_agent_scheduler [None req-c3c5c702-114f-4f41-9d70-cb95f009a2cb b25e18456254455d8a0f7ab94361ae1a 34cea753ce81433cb9e1069455287a3d - - - -] No more DHCP agents
2026-07-22 23:21:16.480 9 WARNING neutron.api.rpc.agentnotifiers.dhcp_rpc_agent_api [None req-c3c5c702-114f-4f41-9d70-cb95f009a2cb b25e18456254455d8a0f7ab94361ae1a 34cea753ce81433cb9e1069455287a3d - - - -] Unable to schedule network 2d3f0e0a-16b9-4d8e-894f-647b68671ee9: no agents available; will retry on subsequent port and subnet creation events.
2026-07-22 23:21:16.507 10 INFO neutron.db.l3_db [None req-804f0a84-5569-48e9-96fe-87fc02e2eebc e2b3bf4d633f4b1dabcde5be2f54c501 32ee8140ac544caf933694200dfd56d9 - - - -] Floating IP d8645d15-ae2a-4953-8b33-54ff3aa43231 associated. External IP: 10.96.250.208, port: cce26054-4437-4f26-b81c-544a89a1190a.
2026-07-22 23:21:16.553 9 INFO neutron.db.ovn_revision_numbers_db [None req-c3c5c702-114f-4f41-9d70-cb95f009a2cb b25e18456254455d8a0f7ab94361ae1a 34cea753ce81433cb9e1069455287a3d - - - -] Successfully bumped revision number for resource 0b4c21ad-1773-4035-8a54-bccb6428e39c (type: ports) to 1
2026-07-22 23:21:16.578 9 INFO neutron.wsgi [None req-c3c5c702-114f-4f41-9d70-cb95f009a2cb b25e18456254455d8a0f7ab94361ae1a 34cea753ce81433cb9e1069455287a3d - - - -] 10.0.0.216 "POST /v2.0/networks HTTP/1.1" status: 201 len: 842 time: 0.8324640
2026-07-22 23:21:16.907 10 INFO neutron.db.ovn_revision_numbers_db [None req-804f0a84-5569-48e9-96fe-87fc02e2eebc e2b3bf4d633f4b1dabcde5be2f54c501 32ee8140ac544caf933694200dfd56d9 - - - -] Successfully bumped revision number for resource d8645d15-ae2a-4953-8b33-54ff3aa43231 (type: floatingips) to 1
2026-07-22 23:21:16.956 9 WARNING neutron.scheduler.dhcp_agent_scheduler [None req-e17a1c7a-ab7e-4b70-862c-2683c387e028 b25e18456254455d8a0f7ab94361ae1a 34cea753ce81433cb9e1069455287a3d - - - -] No more DHCP agents
2026-07-22 23:21:16.957 9 WARNING neutron.api.rpc.agentnotifiers.dhcp_rpc_agent_api [None req-e17a1c7a-ab7e-4b70-862c-2683c387e028 b25e18456254455d8a0f7ab94361ae1a 34cea753ce81433cb9e1069455287a3d - - - -] Unable to schedule network 2d3f0e0a-16b9-4d8e-894f-647b68671ee9: no agents available; will retry on subsequent port and subnet creation events.
2026-07-22 23:21:17.010 10 INFO neutron.db.ovn_revision_numbers_db [None req-804f0a84-5569-48e9-96fe-87fc02e2eebc e2b3bf4d633f4b1dabcde5be2f54c501 32ee8140ac544caf933694200dfd56d9 - - - -] Successfully bumped revision number for resource d8645d15-ae2a-4953-8b33-54ff3aa43231 (type: floatingips) to 2
2026-07-22 23:21:17.040 10 INFO neutron.wsgi [None req-804f0a84-5569-48e9-96fe-87fc02e2eebc e2b3bf4d633f4b1dabcde5be2f54c501 32ee8140ac544caf933694200dfd56d9 - - - -] 10.0.0.216 "PUT /v2.0/floatingips/d8645d15-ae2a-4953-8b33-54ff3aa43231 HTTP/1.1" status: 200 len: 1049 time: 0.9136636 /var/lib/openstack/lib/python3.10/site-packages/pycadf/identifier.py:71: UserWarning: Invalid uuid: neutron. To ensure interoperability, identifiers should be a valid uuid. warnings.warn(('Invalid uuid: %s. To ensure interoperability, '
2026-07-22 23:21:17.487 9 INFO neutron.wsgi [req-7280128c-a1cb-4fb5-9a04-19099b88c005 req-89135b83-3140-474f-83be-b442bd1a358f 235e748336e44fdd8141c1ad52126baa d41b2f8c93254104a68fefc9310a8bd4 - - default default] 10.0.0.112 "GET /v2.0/ports?device_id=7634b550-36a4-4392-bccf-539b05f135bf HTTP/1.1" status: 200 len: 1168 time: 0.0446808
2026-07-22 23:21:17.488 9 INFO neutron.db.ovn_revision_numbers_db [None req-e17a1c7a-ab7e-4b70-862c-2683c387e028 b25e18456254455d8a0f7ab94361ae1a 34cea753ce81433cb9e1069455287a3d - - - -] Successfully bumped revision number for resource 0b4c21ad-1773-4035-8a54-bccb6428e39c (type: ports) to 2
2026-07-22 23:21:17.492 10 INFO neutron.notifiers.nova [-] Nova event matching ['req-a9dc23c0-fd27-4ce5-b0b8-f7655aab5b3b'] response: {'name': 'network-changed', 'server_uuid': 'ae243df6-b7ca-4675-a403-a53755b5a17a', 'tag': 'cce26054-4437-4f26-b81c-544a89a1190a', 'status': 'completed', 'code': 200}
2026-07-22 23:21:17.515 9 INFO neutron.db.ovn_revision_numbers_db [None req-e17a1c7a-ab7e-4b70-862c-2683c387e028 b25e18456254455d8a0f7ab94361ae1a 34cea753ce81433cb9e1069455287a3d - - - -] Successfully bumped revision number for resource 7cab3bfe-f2aa-4c01-99e9-029588c2c89b (type: subnets) to 0
2026-07-22 23:21:17.533 9 INFO neutron.wsgi [req-7280128c-a1cb-4fb5-9a04-19099b88c005 req-b58da44d-53d1-43cc-8e92-948ff14d1d95 235e748336e44fdd8141c1ad52126baa d41b2f8c93254104a68fefc9310a8bd4 - - default default] 10.0.0.112 "GET /v2.0/security-groups?id=cfd2f384-6768-45cd-b63e-6c539af8d3f7&fields=id&fields=name HTTP/1.1" status: 200 len: 313 time: 0.0376391
2026-07-22 23:21:17.535 9 INFO neutron.wsgi [None req-e17a1c7a-ab7e-4b70-862c-2683c387e028 b25e18456254455d8a0f7ab94361ae1a 34cea753ce81433cb9e1069455287a3d - - - -] 10.0.0.216 "POST /v2.0/subnets HTTP/1.1" status: 201 len: 816 time: 0.8980303
2026-07-22 23:21:17.559 10 INFO neutron.wsgi [req-347c223c-b4e2-433e-b267-7c3d78b642f0 req-88fe7bb5-cb8c-45d7-ad72-2ed345a44a90 404045f7f66148ca87b33c3deb64ffac e48df614e2a542a690e1cc22a276933b - - 5e99659270f44b0f8c46fcb0fc3691df 5e99659270f44b0f8c46fcb0fc3691df] 199.19.213.74 "GET /v2.0/ports?tenant_id=32ee8140ac544caf933694200dfd56d9&device_id=ae243df6-b7ca-4675-a403-a53755b5a17a HTTP/1.1" status: 200 len: 1361 time: 0.0400887
2026-07-22 23:21:17.623 10 INFO neutron.wsgi [req-347c223c-b4e2-433e-b267-7c3d78b642f0 req-db588e6e-8518-4e0d-9d8a-b86b85341b2f 404045f7f66148ca87b33c3deb64ffac e48df614e2a542a690e1cc22a276933b - - 5e99659270f44b0f8c46fcb0fc3691df 5e99659270f44b0f8c46fcb0fc3691df] 199.19.213.74 "GET /v2.0/networks?id=2f317d71-f1c6-4b93-aab7-44915b661ced HTTP/1.1" status: 200 len: 973 time: 0.0591640
2026-07-22 23:21:17.631 9 INFO neutron.db.segments_db [None req-0886d74e-2206-4ca6-85fb-36e0d14a2a1c b25e18456254455d8a0f7ab94361ae1a 34cea753ce81433cb9e1069455287a3d - - - -] Added segment 71c19dda-0091-4646-b511-fe965a490178 of type geneve for network 7024328b-6345-4fe7-bd2c-9eeb0b0ae9e4
2026-07-22 23:21:17.696 10 INFO neutron.wsgi [req-347c223c-b4e2-433e-b267-7c3d78b642f0 req-883caa2a-52b7-4cdc-8037-76c5975f699b 404045f7f66148ca87b33c3deb64ffac e48df614e2a542a690e1cc22a276933b - - 5e99659270f44b0f8c46fcb0fc3691df 5e99659270f44b0f8c46fcb0fc3691df] 199.19.213.74 "GET /v2.0/floatingips?fixed_ip_address=10.100.0.8&port_id=cce26054-4437-4f26-b81c-544a89a1190a HTTP/1.1" status: 200 len: 1059 time: 0.0675697
2026-07-22 23:21:17.734 10 INFO neutron.wsgi [req-347c223c-b4e2-433e-b267-7c3d78b642f0 req-dced7997-02e3-46aa-819e-01af74c62ff9 404045f7f66148ca87b33c3deb64ffac e48df614e2a542a690e1cc22a276933b - - 5e99659270f44b0f8c46fcb0fc3691df 5e99659270f44b0f8c46fcb0fc3691df] 199.19.213.74 "GET /v2.0/subnets?id=875a1974-ad50-47b6-b8cd-2b090c2c0e1c HTTP/1.1" status: 200 len: 869 time: 0.0320296
2026-07-22 23:21:17.763 9 INFO neutron.db.ovn_revision_numbers_db [None req-0886d74e-2206-4ca6-85fb-36e0d14a2a1c b25e18456254455d8a0f7ab94361ae1a 34cea753ce81433cb9e1069455287a3d - - - -] Successfully bumped revision number for resource 7024328b-6345-4fe7-bd2c-9eeb0b0ae9e4 (type: networks) to 1
2026-07-22 23:21:17.774 10 INFO neutron.wsgi [req-347c223c-b4e2-433e-b267-7c3d78b642f0 req-705004b5-554a-4e46-93a8-6236e4209909 404045f7f66148ca87b33c3deb64ffac e48df614e2a542a690e1cc22a276933b - - 5e99659270f44b0f8c46fcb0fc3691df 5e99659270f44b0f8c46fcb0fc3691df] 199.19.213.74 "GET /v2.0/ports?network_id=2f317d71-f1c6-4b93-aab7-44915b661ced&device_owner=network%3Adhcp HTTP/1.1" status: 200 len: 210 time: 0.0321333
2026-07-22 23:21:17.840 10 INFO neutron.wsgi [req-347c223c-b4e2-433e-b267-7c3d78b642f0 req-b1a28242-870a-4a14-b13a-879500530a1d 404045f7f66148ca87b33c3deb64ffac e48df614e2a542a690e1cc22a276933b - - 5e99659270f44b0f8c46fcb0fc3691df 5e99659270f44b0f8c46fcb0fc3691df] 199.19.213.74 "GET /v2.0/networks/2f317d71-f1c6-4b93-aab7-44915b661ced?fields=segments HTTP/1.1" status: 200 len: 212 time: 0.0587955
2026-07-22 23:21:17.913 10 INFO neutron.wsgi [req-347c223c-b4e2-433e-b267-7c3d78b642f0 req-d5256e89-38b3-44a9-aae8-db40bb69e0cd 404045f7f66148ca87b33c3deb64ffac e48df614e2a542a690e1cc22a276933b - - 5e99659270f44b0f8c46fcb0fc3691df 5e99659270f44b0f8c46fcb0fc3691df] 199.19.213.74 "GET /v2.0/networks/2f317d71-f1c6-4b93-aab7-44915b661ced?fields=provider%3Aphysical_network&fields=provider%3Anetwork_type HTTP/1.1" status: 200 len: 277 time: 0.0643432
2026-07-22 23:21:17.953 9 WARNING neutron.scheduler.dhcp_agent_scheduler [None req-0886d74e-2206-4ca6-85fb-36e0d14a2a1c b25e18456254455d8a0f7ab94361ae1a 34cea753ce81433cb9e1069455287a3d - - - -] No more DHCP agents
2026-07-22 23:21:17.954 9 WARNING neutron.api.rpc.agentnotifiers.dhcp_rpc_agent_api [None req-0886d74e-2206-4ca6-85fb-36e0d14a2a1c b25e18456254455d8a0f7ab94361ae1a 34cea753ce81433cb9e1069455287a3d - - - -] Unable to schedule network 7024328b-6345-4fe7-bd2c-9eeb0b0ae9e4: no agents available; will retry on subsequent port and subnet creation events.
2026-07-22 23:21:18.016 9 INFO neutron.db.ovn_revision_numbers_db [None req-0886d74e-2206-4ca6-85fb-36e0d14a2a1c b25e18456254455d8a0f7ab94361ae1a 34cea753ce81433cb9e1069455287a3d - - - -] Successfully bumped revision number for resource eaaf544e-cb7c-499c-a3e4-89521090e556 (type: ports) to 1
2026-07-22 23:21:18.041 9 INFO neutron.wsgi [None req-0886d74e-2206-4ca6-85fb-36e0d14a2a1c b25e18456254455d8a0f7ab94361ae1a 34cea753ce81433cb9e1069455287a3d - - - -] 10.0.0.216 "POST /v2.0/networks HTTP/1.1" status: 201 len: 842 time: 0.4979091
2026-07-22 23:21:18.250 9 INFO neutron.db.ovn_revision_numbers_db [None req-3129d550-1d96-43c0-83d0-55a0cd17c1ca b25e18456254455d8a0f7ab94361ae1a 34cea753ce81433cb9e1069455287a3d - - - -] Successfully bumped revision number for resource 7024328b-6345-4fe7-bd2c-9eeb0b0ae9e4 (type: networks) to 2
2026-07-22 23:21:18.256 9 INFO neutron.wsgi [None req-3129d550-1d96-43c0-83d0-55a0cd17c1ca b25e18456254455d8a0f7ab94361ae1a 34cea753ce81433cb9e1069455287a3d - - - -] 10.0.0.216 "PUT /v2.0/networks/7024328b-6345-4fe7-bd2c-9eeb0b0ae9e4 HTTP/1.1" status: 200 len: 792 time: 0.2113209
2026-07-22 23:21:18.545 9 WARNING neutron.scheduler.dhcp_agent_scheduler [None req-2f61a2d7-7899-4151-a28f-a4e0ffd4721a b25e18456254455d8a0f7ab94361ae1a 34cea753ce81433cb9e1069455287a3d - - - -] No more DHCP agents
2026-07-22 23:21:18.548 9 WARNING neutron.api.rpc.agentnotifiers.dhcp_rpc_agent_api [None req-2f61a2d7-7899-4151-a28f-a4e0ffd4721a b25e18456254455d8a0f7ab94361ae1a 34cea753ce81433cb9e1069455287a3d - - - -] Unable to schedule network 7024328b-6345-4fe7-bd2c-9eeb0b0ae9e4: no agents available; will retry on subsequent port and subnet creation events.
2026-07-22 23:21:18.666 9 INFO neutron.wsgi [req-9d017bfe-feba-4740-8823-65e3c69356df req-a12aca1a-3050-4b4f-aed3-854f4466fe66 235e748336e44fdd8141c1ad52126baa d41b2f8c93254104a68fefc9310a8bd4 - - default default] 10.0.0.112 "GET /v2.0/ports?device_id=7634b550-36a4-4392-bccf-539b05f135bf HTTP/1.1" status: 200 len: 1168 time: 0.0550575
2026-07-22 23:21:18.736 9 INFO neutron.wsgi [req-9d017bfe-feba-4740-8823-65e3c69356df req-aefd79e2-4343-4883-b6b2-9368828321f9 235e748336e44fdd8141c1ad52126baa d41b2f8c93254104a68fefc9310a8bd4 - - default default] 10.0.0.112 "GET /v2.0/security-groups?id=cfd2f384-6768-45cd-b63e-6c539af8d3f7&fields=id&fields=name HTTP/1.1" status: 200 len: 313 time: 0.0566099
2026-07-22 23:21:19.334 9 INFO neutron.db.ovn_revision_numbers_db [None req-2f61a2d7-7899-4151-a28f-a4e0ffd4721a b25e18456254455d8a0f7ab94361ae1a 34cea753ce81433cb9e1069455287a3d - - - -] Successfully bumped revision number for resource eaaf544e-cb7c-499c-a3e4-89521090e556 (type: ports) to 2
2026-07-22 23:21:19.356 9 INFO neutron.db.ovn_revision_numbers_db [None req-2f61a2d7-7899-4151-a28f-a4e0ffd4721a b25e18456254455d8a0f7ab94361ae1a 34cea753ce81433cb9e1069455287a3d - - - -] Successfully bumped revision number for resource b8bb538c-55d3-4942-aad9-2f5341acd8d4 (type: subnets) to 0
2026-07-22 23:21:19.386 9 INFO neutron.wsgi [None req-2f61a2d7-7899-4151-a28f-a4e0ffd4721a b25e18456254455d8a0f7ab94361ae1a 34cea753ce81433cb9e1069455287a3d - - - -] 10.0.0.216 "POST /v2.0/subnets HTTP/1.1" status: 201 len: 801 time: 1.1250517
2026-07-22 23:21:19.394 9 INFO neutron.wsgi [-] 10.0.0.59 "GET / HTTP/1.1" status: 200 len: 246 time: 0.0015707
2026-07-22 23:21:19.396 9 INFO neutron.wsgi [-] 10.0.0.59 "GET / HTTP/1.1" status: 200 len: 246 time: 0.0013494
2026-07-22 23:21:19.685 10 WARNING neutron.plugins.ml2.drivers.ovn.mech_driver.ovsdb.ovn_client [None req-bc687c49-6adf-4944-a055-3629312b5243 - - - - - -] No hosting information found for port ece38f61-9956-4ee1-b6a2-c212a46fdd0c: RuntimeError: No hosting information found for port ece38f61-9956-4ee1-b6a2-c212a46fdd0c
2026-07-22 23:21:19.686 10 INFO neutron.plugins.ml2.drivers.ovn.mech_driver.mech_driver [None req-bc687c49-6adf-4944-a055-3629312b5243 - - - - - -] OVN reports status up for port: 9762a33e-9391-45d2-a9eb-8bb234814f24
2026-07-22 23:21:19.687 9 INFO neutron.db.ovn_revision_numbers_db [None req-4d976a5d-8c5e-4759-879c-7037278a451e b25e18456254455d8a0f7ab94361ae1a 34cea753ce81433cb9e1069455287a3d - - - -] Successfully bumped revision number for resource b8bb538c-55d3-4942-aad9-2f5341acd8d4 (type: subnets) to 1
2026-07-22 23:21:19.691 9 INFO neutron.wsgi [None req-4d976a5d-8c5e-4759-879c-7037278a451e b25e18456254455d8a0f7ab94361ae1a 34cea753ce81433cb9e1069455287a3d - - - -] 10.0.0.216 "PUT /v2.0/subnets/b8bb538c-55d3-4942-aad9-2f5341acd8d4 HTTP/1.1" status: 200 len: 806 time: 0.2996309
2026-07-22 23:21:19.704 10 INFO neutron.plugins.ml2.plugin [None req-bc687c49-6adf-4944-a055-3629312b5243 - - - - - -] Attempt 1 to provision port 9762a33e-9391-45d2-a9eb-8bb234814f24
2026-07-22 23:21:19.766 10 INFO neutron.wsgi [req-0833ca22-0796-4c90-abc2-4e27921fdd02 req-1fe1d1b1-94ed-4572-a746-e75c60870fe8 df55a89617f445e4a15315f16937f03b e04246953380486fb406f70b54d6f44a - - default default] 10.0.0.112 "GET /v2.0/ports?device_id=3cdf2371-8b70-4f69-8ae5-b27929515b4e HTTP/1.1" status: 200 len: 1170 time: 0.1119716
2026-07-22 23:21:19.849 10 INFO neutron.wsgi [req-2d7ceadb-abe3-45ef-ae22-87c5a2a46df8 req-bf96b92e-eaaa-44e5-9bfd-fbc65a7bb9d8 df55a89617f445e4a15315f16937f03b e04246953380486fb406f70b54d6f44a - - default default] 10.0.0.112 "GET /v2.0/ports/a99e69f8-d280-4175-a8c0-eabe9cfda54b HTTP/1.1" status: 200 len: 1167 time: 0.0366561
2026-07-22 23:21:19.881 10 INFO neutron.notifiers.nova [-] Nova event matching ['req-f0c58fb4-6b04-4d95-a5cc-b79f897ab711'] response: {'server_uuid': '7634b550-36a4-4392-bccf-539b05f135bf', 'name': 'network-vif-plugged', 'status': 'completed', 'tag': '9762a33e-9391-45d2-a9eb-8bb234814f24', 'code': 200}
2026-07-22 23:21:19.921 9 INFO neutron.wsgi [req-94f81a62-b35d-4cc5-b847-af778da72e39 req-4c199212-d31a-4c41-a009-82c4cd960a1e 235e748336e44fdd8141c1ad52126baa d41b2f8c93254104a68fefc9310a8bd4 - - default default] 10.0.0.112 "GET /v2.0/ports?device_id=7634b550-36a4-4392-bccf-539b05f135bf HTTP/1.1" status: 200 len: 1168 time: 0.1165938
2026-07-22 23:21:19.972 9 INFO neutron.wsgi [req-94f81a62-b35d-4cc5-b847-af778da72e39 req-e4e8c4b9-9240-412e-b014-5b635817730f 235e748336e44fdd8141c1ad52126baa d41b2f8c93254104a68fefc9310a8bd4 - - default default] 10.0.0.112 "GET /v2.0/security-groups?id=cfd2f384-6768-45cd-b63e-6c539af8d3f7&fields=id&fields=name HTTP/1.1" status: 200 len: 313 time: 0.0342579
2026-07-22 23:21:19.999 10 INFO neutron.db.ovn_revision_numbers_db [None req-bc687c49-6adf-4944-a055-3629312b5243 - - - - - -] Successfully bumped revision number for resource 9762a33e-9391-45d2-a9eb-8bb234814f24 (type: ports) to 4
2026-07-22 23:21:20.072 10 INFO neutron.wsgi [req-54e320b5-1cc8-4982-8be6-73e945fc9936 req-39ce1799-e03a-433a-8b55-a983c35ca58c df55a89617f445e4a15315f16937f03b e04246953380486fb406f70b54d6f44a - - default default] 199.19.213.74 "GET /v2.0/subnets?network_id=63e7696f-0ef3-44f3-b934-9f903f004e5f HTTP/1.1" status: 200 len: 859 time: 0.0504191 /var/lib/openstack/lib/python3.10/site-packages/pycadf/identifier.py:71: UserWarning: Invalid uuid: neutron. To ensure interoperability, identifiers should be a valid uuid. warnings.warn(('Invalid uuid: %s. To ensure interoperability, '
2026-07-22 23:21:20.141 10 INFO neutron.wsgi [req-54e320b5-1cc8-4982-8be6-73e945fc9936 req-70a3d090-3e97-435b-b066-bac8d8f6e080 df55a89617f445e4a15315f16937f03b e04246953380486fb406f70b54d6f44a - - default default] 199.19.213.74 "GET /v2.0/ports?device_id=3cdf2371-8b70-4f69-8ae5-b27929515b4e&device_owner=compute%3Anova&network_id=63e7696f-0ef3-44f3-b934-9f903f004e5f HTTP/1.1" status: 200 len: 1170 time: 0.0594277
2026-07-22 23:21:20.337 9 INFO neutron.services.segments.plugin [-] Segment 71c19dda-0091-4646-b511-fe965a490178 resource provider aggregate not found
2026-07-22 23:21:20.345 9 INFO neutron.services.segments.plugin [-] Segment 71c19dda-0091-4646-b511-fe965a490178 resource provider aggregate not found
2026-07-22 23:21:20.361 9 INFO neutron.services.segments.plugin [-] Segment 71c19dda-0091-4646-b511-fe965a490178 resource provider not found; error: Placement Client Error (4xx): {"errors": [{"status": 404, "title": "Not Found", "detail": "The resource could not be found.\n\n No resource provider with uuid 71c19dda-0091-4646-b511-fe965a490178 found for delete ", "request_id": "req-7fd0237b-02b7-4ed1-865d-fddc67829132"}]}
2026-07-22 23:21:20.377 9 INFO neutron.services.segments.plugin [-] Segment 71c19dda-0091-4646-b511-fe965a490178 resource provider not found; error: Placement Client Error (4xx): {"errors": [{"status": 404, "title": "Not Found", "detail": "The resource could not be found.\n\n No resource provider with uuid 71c19dda-0091-4646-b511-fe965a490178 found for delete ", "request_id": "req-c386743c-8d8f-4ef0-a6a0-5ca131b6d5cb"}]}
2026-07-22 23:21:20.400 9 INFO neutron.wsgi [None req-e5e65ae6-e6b6-4744-9d4e-86b1c08df1dc b25e18456254455d8a0f7ab94361ae1a 34cea753ce81433cb9e1069455287a3d - - - -] 10.0.0.216 "DELETE /v2.0/networks/7024328b-6345-4fe7-bd2c-9eeb0b0ae9e4 HTTP/1.1" status: 204 len: 168 time: 0.7044966
2026-07-22 23:21:20.425 9 INFO neutron.pecan_wsgi.hooks.translation [None req-ec7440af-1220-496d-9ceb-e6e4dc152329 b25e18456254455d8a0f7ab94361ae1a 34cea753ce81433cb9e1069455287a3d - - - -] DELETE failed (client error): The resource could not be found.
2026-07-22 23:21:20.428 9 INFO neutron.wsgi [None req-ec7440af-1220-496d-9ceb-e6e4dc152329 b25e18456254455d8a0f7ab94361ae1a 34cea753ce81433cb9e1069455287a3d - - - -] 10.0.0.216 "DELETE /v2.0/networks/7024328b-6345-4fe7-bd2c-9eeb0b0ae9e4 HTTP/1.1" status: 404 len: 339 time: 0.0182228
2026-07-22 23:21:20.500 9 INFO neutron.wsgi [None req-ab2ede55-354d-4bae-b3e2-383354d9ce31 b25e18456254455d8a0f7ab94361ae1a 34cea753ce81433cb9e1069455287a3d - - default default] 10.0.0.216 "GET /v2.0/networks?router%3Aexternal=True HTTP/1.1" status: 200 len: 845 time: 0.0667059
2026-07-22 23:21:20.558 9 INFO neutron.wsgi [None req-a8d3a18f-71dd-4ffc-bd5c-0721701cf7df b25e18456254455d8a0f7ab94361ae1a 34cea753ce81433cb9e1069455287a3d - - default default] 10.0.0.216 "GET /v2.0/subnets?network_id=7c15f7fc-5f92-4a46-bbbe-3da8a40c9bad HTTP/1.1" status: 200 len: 820 time: 0.0476513
2026-07-22 23:21:20.568 9 INFO neutron.wsgi [None req-36e5084a-38ea-4e30-bab6-e26148727182 b25e18456254455d8a0f7ab94361ae1a 34cea753ce81433cb9e1069455287a3d - - default default] 10.0.0.216 "GET /v2.0/extensions HTTP/1.1" status: 200 len: 16520 time: 0.0054095 /var/lib/openstack/lib/python3.10/site-packages/pycadf/identifier.py:71: UserWarning: Invalid uuid: neutron. To ensure interoperability, identifiers should be a valid uuid. warnings.warn(('Invalid uuid: %s. To ensure interoperability, '
2026-07-22 23:21:20.651 10 INFO neutron.wsgi [None req-41be504d-3733-4b4c-a262-129ae0f31c3a b25e18456254455d8a0f7ab94361ae1a 34cea753ce81433cb9e1069455287a3d - - default default] 10.0.0.216 "GET /v2.0/networks HTTP/1.1" status: 200 len: 1503 time: 0.0778356
2026-07-22 23:21:20.652 10 INFO neutron.db.ovn_revision_numbers_db [None req-c81d8e8b-7798-4160-be32-e768d75a824a df55a89617f445e4a15315f16937f03b e04246953380486fb406f70b54d6f44a - - - -] Successfully bumped revision number for resource a99e69f8-d280-4175-a8c0-eabe9cfda54b (type: ports) to 5
2026-07-22 23:21:20.661 10 INFO neutron.wsgi [None req-c81d8e8b-7798-4160-be32-e768d75a824a df55a89617f445e4a15315f16937f03b e04246953380486fb406f70b54d6f44a - - - -] 199.19.213.74 "PUT /v2.0/ports/a99e69f8-d280-4175-a8c0-eabe9cfda54b HTTP/1.1" status: 200 len: 1345 time: 0.5139503
2026-07-22 23:21:20.723 10 INFO neutron.wsgi [None req-400dff1e-2f4d-4555-9ee8-aed64f27ac24 b25e18456254455d8a0f7ab94361ae1a 34cea753ce81433cb9e1069455287a3d - - default default] 10.0.0.216 "GET /v2.0/subnets HTTP/1.1" status: 200 len: 1428 time: 0.0652263
2026-07-22 23:21:20.728 10 INFO neutron.wsgi [req-54e320b5-1cc8-4982-8be6-73e945fc9936 req-1b2617e1-4272-44b5-bb75-b8a92ba3fef7 404045f7f66148ca87b33c3deb64ffac e48df614e2a542a690e1cc22a276933b - - 5e99659270f44b0f8c46fcb0fc3691df 5e99659270f44b0f8c46fcb0fc3691df] 199.19.213.74 "GET /v2.0/ports?tenant_id=e04246953380486fb406f70b54d6f44a&device_id=3cdf2371-8b70-4f69-8ae5-b27929515b4e HTTP/1.1" status: 200 len: 1538 time: 0.0440586
2026-07-22 23:21:20.812 10 INFO neutron.wsgi [req-54e320b5-1cc8-4982-8be6-73e945fc9936 req-d5c4ae5b-6356-49ec-b6a1-4d91ee9589bc 404045f7f66148ca87b33c3deb64ffac e48df614e2a542a690e1cc22a276933b - - 5e99659270f44b0f8c46fcb0fc3691df 5e99659270f44b0f8c46fcb0fc3691df] 199.19.213.74 "GET /v2.0/networks?id=63e7696f-0ef3-44f3-b934-9f903f004e5f HTTP/1.1" status: 200 len: 982 time: 0.0781767
2026-07-22 23:21:20.816 10 INFO neutron.wsgi [None req-ec559d7f-3939-4c17-ac29-00113f0715ec b25e18456254455d8a0f7ab94361ae1a 34cea753ce81433cb9e1069455287a3d - - default default] 10.0.0.216 "GET /v2.0/networks/2d3f0e0a-16b9-4d8e-894f-647b68671ee9 HTTP/1.1" status: 200 len: 862 time: 0.0830038
2026-07-22 23:21:20.853 10 INFO neutron.wsgi [req-54e320b5-1cc8-4982-8be6-73e945fc9936 req-736119da-6489-44b5-9014-383979e10d27 404045f7f66148ca87b33c3deb64ffac e48df614e2a542a690e1cc22a276933b - - 5e99659270f44b0f8c46fcb0fc3691df 5e99659270f44b0f8c46fcb0fc3691df] 199.19.213.74 "GET /v2.0/floatingips?fixed_ip_address=10.100.0.7&port_id=a99e69f8-d280-4175-a8c0-eabe9cfda54b HTTP/1.1" status: 200 len: 1059 time: 0.0359204
2026-07-22 23:21:20.862 9 INFO neutron.wsgi [None req-783aea4a-e6b2-4424-b79b-e5183813b875 b25e18456254455d8a0f7ab94361ae1a 34cea753ce81433cb9e1069455287a3d - - default default] 10.0.0.216 "GET /v2.0/subnets/7cab3bfe-f2aa-4c01-99e9-029588c2c89b HTTP/1.1" status: 200 len: 811 time: 0.0403869
2026-07-22 23:21:20.885 9 INFO neutron.pecan_wsgi.hooks.translation [None req-c4272087-b89e-4f06-90ed-15d6d927a281 b25e18456254455d8a0f7ab94361ae1a 34cea753ce81433cb9e1069455287a3d - - - -] DELETE failed (client error): The resource could not be found.
2026-07-22 23:21:20.887 9 INFO neutron.wsgi [None req-c4272087-b89e-4f06-90ed-15d6d927a281 b25e18456254455d8a0f7ab94361ae1a 34cea753ce81433cb9e1069455287a3d - - - -] 10.0.0.216 "DELETE /v2.0/subnets/b8bb538c-55d3-4942-aad9-2f5341acd8d4 HTTP/1.1" status: 404 len: 337 time: 0.0180242
2026-07-22 23:21:20.906 9 INFO neutron.pecan_wsgi.hooks.translation [None req-3f7e850d-0ef7-4ecf-9287-6d24c304cd83 b25e18456254455d8a0f7ab94361ae1a 34cea753ce81433cb9e1069455287a3d - - - -] DELETE failed (client error): The resource could not be found.
2026-07-22 23:21:20.908 9 INFO neutron.wsgi [None req-3f7e850d-0ef7-4ecf-9287-6d24c304cd83 b25e18456254455d8a0f7ab94361ae1a 34cea753ce81433cb9e1069455287a3d - - - -] 10.0.0.216 "DELETE /v2.0/networks/7024328b-6345-4fe7-bd2c-9eeb0b0ae9e4 HTTP/1.1" status: 404 len: 339 time: 0.0157356
2026-07-22 23:21:21.071 10 INFO neutron.wsgi [req-54e320b5-1cc8-4982-8be6-73e945fc9936 req-fa9581d7-357d-44e0-bde3-f4457c779e9b 404045f7f66148ca87b33c3deb64ffac e48df614e2a542a690e1cc22a276933b - - 5e99659270f44b0f8c46fcb0fc3691df 5e99659270f44b0f8c46fcb0fc3691df] 199.19.213.74 "GET /v2.0/floatingips?fixed_ip_address=10.100.0.8&port_id=a99e69f8-d280-4175-a8c0-eabe9cfda54b HTTP/1.1" status: 200 len: 217 time: 0.2091510
2026-07-22 23:21:21.085 9 INFO neutron.wsgi [req-09353f41-5201-4175-9506-73f7604644e9 req-d389d6ea-fe48-4804-90c7-0f937a1b1404 235e748336e44fdd8141c1ad52126baa d41b2f8c93254104a68fefc9310a8bd4 - - default default] 10.0.0.112 "GET /v2.0/ports?device_id=7634b550-36a4-4392-bccf-539b05f135bf HTTP/1.1" status: 200 len: 1170 time: 0.0435340
2026-07-22 23:21:21.106 10 INFO neutron.wsgi [req-54e320b5-1cc8-4982-8be6-73e945fc9936 req-23dcfd3b-6a41-4ca9-8122-34bccc0180be 404045f7f66148ca87b33c3deb64ffac e48df614e2a542a690e1cc22a276933b - - 5e99659270f44b0f8c46fcb0fc3691df 5e99659270f44b0f8c46fcb0fc3691df] 199.19.213.74 "GET /v2.0/subnets?id=f9674f24-6a2f-4bc5-bec2-c9c10302698b HTTP/1.1" status: 200 len: 877 time: 0.0269725
2026-07-22 23:21:21.141 10 INFO neutron.wsgi [req-54e320b5-1cc8-4982-8be6-73e945fc9936 req-fd6ebeed-3b6c-44d8-8068-4d19a92d0de1 404045f7f66148ca87b33c3deb64ffac e48df614e2a542a690e1cc22a276933b - - 5e99659270f44b0f8c46fcb0fc3691df 5e99659270f44b0f8c46fcb0fc3691df] 199.19.213.74 "GET /v2.0/ports?network_id=63e7696f-0ef3-44f3-b934-9f903f004e5f&device_owner=network%3Adhcp HTTP/1.1" status: 200 len: 210 time: 0.0228114
2026-07-22 23:21:21.144 9 INFO neutron.wsgi [req-09353f41-5201-4175-9506-73f7604644e9 req-c03d0548-d699-4165-aa20-4fbdebee451b 235e748336e44fdd8141c1ad52126baa d41b2f8c93254104a68fefc9310a8bd4 - - default default] 10.0.0.112 "GET /v2.0/security-groups?id=cfd2f384-6768-45cd-b63e-6c539af8d3f7&fields=id&fields=name HTTP/1.1" status: 200 len: 313 time: 0.0527239
2026-07-22 23:21:21.176 9 INFO neutron.wsgi [None req-df203581-e3d3-4883-af05-ee32fe2abbb4 b25e18456254455d8a0f7ab94361ae1a 34cea753ce81433cb9e1069455287a3d - - - -] 10.0.0.216 "DELETE /v2.0/subnets/7cab3bfe-f2aa-4c01-99e9-029588c2c89b HTTP/1.1" status: 204 len: 168 time: 0.2631719
2026-07-22 23:21:21.206 10 INFO neutron.wsgi [req-54e320b5-1cc8-4982-8be6-73e945fc9936 req-878d28fd-a437-471e-a241-faf8d4790fea 404045f7f66148ca87b33c3deb64ffac e48df614e2a542a690e1cc22a276933b - - 5e99659270f44b0f8c46fcb0fc3691df 5e99659270f44b0f8c46fcb0fc3691df] 199.19.213.74 "GET /v2.0/networks/63e7696f-0ef3-44f3-b934-9f903f004e5f?fields=segments HTTP/1.1" status: 200 len: 212 time: 0.0577085
2026-07-22 23:21:21.299 10 INFO neutron.wsgi [req-54e320b5-1cc8-4982-8be6-73e945fc9936 req-0cd5e08d-3a9f-4453-8c8f-98706d67f21f 404045f7f66148ca87b33c3deb64ffac e48df614e2a542a690e1cc22a276933b - - 5e99659270f44b0f8c46fcb0fc3691df 5e99659270f44b0f8c46fcb0fc3691df] 199.19.213.74 "GET /v2.0/networks/63e7696f-0ef3-44f3-b934-9f903f004e5f?fields=provider%3Aphysical_network&fields=provider%3Anetwork_type HTTP/1.1" status: 200 len: 277 time: 0.0877678
2026-07-22 23:21:21.349 10 INFO neutron.wsgi [req-7662eb5d-4c0a-4766-ae66-d8c016787e0b req-e7c5e54d-24ba-4292-bfc2-f6a5292f2d9d 235e748336e44fdd8141c1ad52126baa d41b2f8c93254104a68fefc9310a8bd4 - - default default] 10.0.0.112 "GET /v2.0/ports?device_id=7634b550-36a4-4392-bccf-539b05f135bf HTTP/1.1" status: 200 len: 1170 time: 0.1215494
2026-07-22 23:21:21.644 10 INFO neutron.db.l3_db [None req-5af3745b-1d4e-4722-98d7-0528e00528fa 235e748336e44fdd8141c1ad52126baa d41b2f8c93254104a68fefc9310a8bd4 - - - -] Floating IP 8d7e923e-efaf-499e-a40b-a601a379d127 associated. External IP: 10.96.250.214, port: 9762a33e-9391-45d2-a9eb-8bb234814f24.
2026-07-22 23:21:21.704 9 INFO neutron.wsgi [None req-93746e9b-2aa1-4d01-926d-6802a91b3167 b25e18456254455d8a0f7ab94361ae1a 34cea753ce81433cb9e1069455287a3d - - - -] 10.0.0.216 "DELETE /v2.0/networks/2d3f0e0a-16b9-4d8e-894f-647b68671ee9 HTTP/1.1" status: 204 len: 168 time: 0.5073576
2026-07-22 23:21:21.846 10 INFO neutron.db.ovn_revision_numbers_db [None req-5af3745b-1d4e-4722-98d7-0528e00528fa 235e748336e44fdd8141c1ad52126baa d41b2f8c93254104a68fefc9310a8bd4 - - - -] Successfully bumped revision number for resource 8d7e923e-efaf-499e-a40b-a601a379d127 (type: floatingips) to 1
2026-07-22 23:21:21.920 10 INFO neutron.notifiers.nova [-] Nova event matching ['req-5e48064f-2ed4-4a5a-9e82-016d97a19624'] response: {'server_uuid': '7634b550-36a4-4392-bccf-539b05f135bf', 'name': 'network-vif-plugged', 'status': 'completed', 'tag': '9762a33e-9391-45d2-a9eb-8bb234814f24', 'code': 200}
2026-07-22 23:21:21.920 10 INFO neutron.notifiers.nova [-] Nova event matching ['req-5e48064f-2ed4-4a5a-9e82-016d97a19624'] response: {'name': 'network-changed', 'server_uuid': '3cdf2371-8b70-4f69-8ae5-b27929515b4e', 'tag': 'a99e69f8-d280-4175-a8c0-eabe9cfda54b', 'status': 'completed', 'code': 200}
2026-07-22 23:21:21.944 10 INFO neutron.db.ovn_revision_numbers_db [None req-5af3745b-1d4e-4722-98d7-0528e00528fa 235e748336e44fdd8141c1ad52126baa d41b2f8c93254104a68fefc9310a8bd4 - - - -] Successfully bumped revision number for resource 8d7e923e-efaf-499e-a40b-a601a379d127 (type: floatingips) to 2 /var/lib/openstack/lib/python3.10/site-packages/pycadf/identifier.py:71: UserWarning: Invalid uuid: neutron. To ensure interoperability, identifiers should be a valid uuid. warnings.warn(('Invalid uuid: %s. To ensure interoperability, '
2026-07-22 23:21:21.985 10 INFO neutron.wsgi [None req-5af3745b-1d4e-4722-98d7-0528e00528fa 235e748336e44fdd8141c1ad52126baa d41b2f8c93254104a68fefc9310a8bd4 - - - -] 10.0.0.216 "PUT /v2.0/floatingips/8d7e923e-efaf-499e-a40b-a601a379d127 HTTP/1.1" status: 200 len: 1049 time: 0.6267996
2026-07-22 23:21:21.996 10 INFO neutron.wsgi [req-7d0c37d0-86b2-4f31-88d7-55ba1d38cb22 req-d091ca60-242f-438b-a0d0-ad285eb5e601 404045f7f66148ca87b33c3deb64ffac e48df614e2a542a690e1cc22a276933b - - 5e99659270f44b0f8c46fcb0fc3691df 5e99659270f44b0f8c46fcb0fc3691df] 199.19.213.74 "GET /v2.0/ports?tenant_id=e04246953380486fb406f70b54d6f44a&device_id=3cdf2371-8b70-4f69-8ae5-b27929515b4e HTTP/1.1" status: 200 len: 1538 time: 0.0366113
2026-07-22 23:21:22.083 10 INFO neutron.wsgi [req-3c5b52bf-cea3-4e5f-860e-8c16c793654e req-8d724dd5-7161-4ca7-92f1-dbf007182e1e 235e748336e44fdd8141c1ad52126baa d41b2f8c93254104a68fefc9310a8bd4 - - default default] 10.0.0.112 "GET /v2.0/ports?device_id=7634b550-36a4-4392-bccf-539b05f135bf HTTP/1.1" status: 200 len: 1170 time: 0.0402081
2026-07-22 23:21:22.085 10 INFO neutron.wsgi [req-7d0c37d0-86b2-4f31-88d7-55ba1d38cb22 req-47e03eef-cbc0-4614-a5be-240258ddb0d6 404045f7f66148ca87b33c3deb64ffac e48df614e2a542a690e1cc22a276933b - - 5e99659270f44b0f8c46fcb0fc3691df 5e99659270f44b0f8c46fcb0fc3691df] 199.19.213.74 "GET /v2.0/networks?id=63e7696f-0ef3-44f3-b934-9f903f004e5f HTTP/1.1" status: 200 len: 982 time: 0.0830081
2026-07-22 23:21:22.138 10 INFO neutron.wsgi [req-3c5b52bf-cea3-4e5f-860e-8c16c793654e req-e9e4902f-6e53-48f1-a01a-4d544add56e2 235e748336e44fdd8141c1ad52126baa d41b2f8c93254104a68fefc9310a8bd4 - - default default] 10.0.0.112 "GET /v2.0/security-groups?id=cfd2f384-6768-45cd-b63e-6c539af8d3f7&fields=id&fields=name HTTP/1.1" status: 200 len: 313 time: 0.0517325
2026-07-22 23:21:22.140 10 INFO neutron.wsgi [req-7d0c37d0-86b2-4f31-88d7-55ba1d38cb22 req-dd6efa9e-69ed-44bf-a9ec-70259960bdfd 404045f7f66148ca87b33c3deb64ffac e48df614e2a542a690e1cc22a276933b - - 5e99659270f44b0f8c46fcb0fc3691df 5e99659270f44b0f8c46fcb0fc3691df] 199.19.213.74 "GET /v2.0/floatingips?fixed_ip_address=10.100.0.7&port_id=a99e69f8-d280-4175-a8c0-eabe9cfda54b HTTP/1.1" status: 200 len: 1059 time: 0.0481212
2026-07-22 23:21:22.187 10 INFO neutron.wsgi [req-7d0c37d0-86b2-4f31-88d7-55ba1d38cb22 req-85d95308-f463-4bd7-80d8-ef866d3e65ff 404045f7f66148ca87b33c3deb64ffac e48df614e2a542a690e1cc22a276933b - - 5e99659270f44b0f8c46fcb0fc3691df 5e99659270f44b0f8c46fcb0fc3691df] 199.19.213.74 "GET /v2.0/floatingips?fixed_ip_address=10.100.0.8&port_id=a99e69f8-d280-4175-a8c0-eabe9cfda54b HTTP/1.1" status: 200 len: 217 time: 0.0372021
2026-07-22 23:21:22.236 10 INFO neutron.wsgi [req-7d0c37d0-86b2-4f31-88d7-55ba1d38cb22 req-318e25ad-09ab-4e22-954e-5ba40995fbef 404045f7f66148ca87b33c3deb64ffac e48df614e2a542a690e1cc22a276933b - - 5e99659270f44b0f8c46fcb0fc3691df 5e99659270f44b0f8c46fcb0fc3691df] 199.19.213.74 "GET /v2.0/subnets?id=f9674f24-6a2f-4bc5-bec2-c9c10302698b HTTP/1.1" status: 200 len: 877 time: 0.0413857
2026-07-22 23:21:22.258 9 INFO neutron.wsgi [req-19e574ba-2f5e-4e15-a9e3-e5235d3e9613 req-4148cf92-983a-4bf8-a551-921ee6ee3ef0 df55a89617f445e4a15315f16937f03b e04246953380486fb406f70b54d6f44a - - default default] 10.0.0.112 "GET /v2.0/ports?device_id=3cdf2371-8b70-4f69-8ae5-b27929515b4e HTTP/1.1" status: 200 len: 1348 time: 0.1088405
2026-07-22 23:21:22.268 10 INFO neutron.wsgi [req-7d0c37d0-86b2-4f31-88d7-55ba1d38cb22 req-5d9fd22f-c395-4bc0-8276-4140fceeb4a3 404045f7f66148ca87b33c3deb64ffac e48df614e2a542a690e1cc22a276933b - - 5e99659270f44b0f8c46fcb0fc3691df 5e99659270f44b0f8c46fcb0fc3691df] 199.19.213.74 "GET /v2.0/ports?network_id=63e7696f-0ef3-44f3-b934-9f903f004e5f&device_owner=network%3Adhcp HTTP/1.1" status: 200 len: 210 time: 0.0273521
2026-07-22 23:21:22.304 9 INFO neutron.wsgi [req-19e574ba-2f5e-4e15-a9e3-e5235d3e9613 req-c99f6d3d-3540-443b-bdf1-4fe14fab20ae df55a89617f445e4a15315f16937f03b e04246953380486fb406f70b54d6f44a - - default default] 10.0.0.112 "GET /v2.0/security-groups?id=00584bc9-8e75-4e82-a76b-fa2a008a2c1a&fields=id&fields=name HTTP/1.1" status: 200 len: 313 time: 0.0394106
2026-07-22 23:21:22.348 10 INFO neutron.wsgi [req-7d0c37d0-86b2-4f31-88d7-55ba1d38cb22 req-126aa8e0-4c4e-4bab-a427-334fd70dd69d 404045f7f66148ca87b33c3deb64ffac e48df614e2a542a690e1cc22a276933b - - 5e99659270f44b0f8c46fcb0fc3691df 5e99659270f44b0f8c46fcb0fc3691df] 199.19.213.74 "GET /v2.0/networks/63e7696f-0ef3-44f3-b934-9f903f004e5f?fields=segments HTTP/1.1" status: 200 len: 212 time: 0.0721741
2026-07-22 23:21:22.383 9 INFO neutron.services.segments.plugin [-] Segment c98dca1a-9356-4779-a8b7-263eccdbabec resource provider aggregate not found
2026-07-22 23:21:22.408 9 INFO neutron.services.segments.plugin [-] Segment c98dca1a-9356-4779-a8b7-263eccdbabec resource provider not found; error: Placement Client Error (4xx): {"errors": [{"status": 404, "title": "Not Found", "detail": "The resource could not be found.\n\n No resource provider with uuid c98dca1a-9356-4779-a8b7-263eccdbabec found for delete ", "request_id": "req-aae09690-09c5-4bf0-b079-62d72c6dab40"}]}
2026-07-22 23:21:22.411 9 INFO neutron.services.segments.plugin [-] Segment c98dca1a-9356-4779-a8b7-263eccdbabec resource provider aggregate not found
2026-07-22 23:21:22.428 10 INFO neutron.wsgi [None req-d8fe9afb-234b-441a-8b70-1f91079fce98 cf73f69d1f7e49a59cf81fa0f22f15b3 54c749f18dbc43a79f6dd70b33b72377 - - default default] 10.0.0.216 "GET /v2.0/security-groups?tenant_id=34cea753ce81433cb9e1069455287a3d&name=default HTTP/1.1" status: 200 len: 2996 time: 0.1590862
2026-07-22 23:21:22.430 10 INFO neutron.wsgi [req-7d0c37d0-86b2-4f31-88d7-55ba1d38cb22 req-47a3633e-6f2a-493e-9e54-f82782935fdc 404045f7f66148ca87b33c3deb64ffac e48df614e2a542a690e1cc22a276933b - - 5e99659270f44b0f8c46fcb0fc3691df 5e99659270f44b0f8c46fcb0fc3691df] 199.19.213.74 "GET /v2.0/networks/63e7696f-0ef3-44f3-b934-9f903f004e5f?fields=provider%3Aphysical_network&fields=provider%3Anetwork_type HTTP/1.1" status: 200 len: 277 time: 0.0752938
2026-07-22 23:21:22.431 9 INFO neutron.services.segments.plugin [-] Segment c98dca1a-9356-4779-a8b7-263eccdbabec resource provider not found; error: Placement Client Error (4xx): {"errors": [{"status": 404, "title": "Not Found", "detail": "The resource could not be found.\n\n No resource provider with uuid c98dca1a-9356-4779-a8b7-263eccdbabec found for delete ", "request_id": "req-af0914d0-e59f-4c6b-be5c-2e4e5cfe208d"}]}
2026-07-22 23:21:22.517 10 INFO neutron.wsgi [req-3a252e9e-624b-4eda-8942-38dd746d7b6c req-b4b26883-7101-426b-bb12-888cf1b19d70 df55a89617f445e4a15315f16937f03b e04246953380486fb406f70b54d6f44a - - default default] 199.19.213.74 "GET /v2.0/ports?device_id=3cdf2371-8b70-4f69-8ae5-b27929515b4e&device_owner=compute%3Anova&fixed_ips=ip_address%3D10.100.0.8 HTTP/1.1" status: 200 len: 1348 time: 0.0608354
2026-07-22 23:21:22.550 9 INFO neutron.wsgi [req-6e5c3f85-ec9f-418c-8471-a0783fc1451e req-0e28aa66-f192-41c2-8817-8ff540d75556 235e748336e44fdd8141c1ad52126baa d41b2f8c93254104a68fefc9310a8bd4 - - default default] 10.0.0.112 "GET /v2.0/ports?device_id=7634b550-36a4-4392-bccf-539b05f135bf HTTP/1.1" status: 200 len: 1170 time: 0.0370505
2026-07-22 23:21:22.580 10 INFO neutron.plugins.ml2.drivers.ovn.mech_driver.mech_driver [None req-bc687c49-6adf-4944-a055-3629312b5243 - - - - - -] OVN reports status down for port: 9762a33e-9391-45d2-a9eb-8bb234814f24
2026-07-22 23:21:22.600 9 INFO neutron.wsgi [req-6e5c3f85-ec9f-418c-8471-a0783fc1451e req-73850da2-390f-4e18-b855-fd16bd6e4528 235e748336e44fdd8141c1ad52126baa d41b2f8c93254104a68fefc9310a8bd4 - - default default] 10.0.0.112 "GET /v2.0/security-groups?id=cfd2f384-6768-45cd-b63e-6c539af8d3f7&fields=id&fields=name HTTP/1.1" status: 200 len: 313 time: 0.0368354
2026-07-22 23:21:22.791 10 INFO neutron.wsgi [None req-cc072fd1-57a0-44a9-9d15-125db10dd546 cf73f69d1f7e49a59cf81fa0f22f15b3 54c749f18dbc43a79f6dd70b33b72377 - - - -] 10.0.0.216 "DELETE /v2.0/security-groups/ae8593a1-6d55-4a1e-b1c2-64926511c70e HTTP/1.1" status: 204 len: 168 time: 0.3573754
2026-07-22 23:21:22.897 9 INFO neutron.wsgi [req-3447f477-b077-4e5d-ba06-b81394e5507a req-55cfd886-2ac4-475d-8901-31601d542cba 235e748336e44fdd8141c1ad52126baa d41b2f8c93254104a68fefc9310a8bd4 - - default default] 199.19.213.74 "GET /v2.0/ports?device_id=7634b550-36a4-4392-bccf-539b05f135bf HTTP/1.1" status: 200 len: 1168 time: 0.0362437
2026-07-22 23:21:22.963 10 INFO neutron.db.ovn_revision_numbers_db [None req-bc687c49-6adf-4944-a055-3629312b5243 - - - - - -] Successfully bumped revision number for resource 9762a33e-9391-45d2-a9eb-8bb234814f24 (type: ports) to 5
2026-07-22 23:21:23.083 10 INFO neutron.db.ovn_revision_numbers_db [None req-b369c7df-920a-4b7f-a3cf-fc13db28eefd df55a89617f445e4a15315f16937f03b e04246953380486fb406f70b54d6f44a - - - -] Successfully bumped revision number for resource a99e69f8-d280-4175-a8c0-eabe9cfda54b (type: ports) to 6
2026-07-22 23:21:23.094 10 INFO neutron.wsgi [None req-b369c7df-920a-4b7f-a3cf-fc13db28eefd df55a89617f445e4a15315f16937f03b e04246953380486fb406f70b54d6f44a - - - -] 199.19.213.74 "PUT /v2.0/ports/a99e69f8-d280-4175-a8c0-eabe9cfda54b HTTP/1.1" status: 200 len: 1167 time: 0.5714715 /var/lib/openstack/lib/python3.10/site-packages/pycadf/identifier.py:71: UserWarning: Invalid uuid: neutron. To ensure interoperability, identifiers should be a valid uuid. warnings.warn(('Invalid uuid: %s. To ensure interoperability, '
