2026-07-22 23:26:41.620 10 INFO neutron.wsgi [req-978f2272-5b31-40c2-bd19-23fd97479c68 req-f028e3a0-b0e6-45b3-a994-5302bdb4370a 404045f7f66148ca87b33c3deb64ffac e48df614e2a542a690e1cc22a276933b - - 5e99659270f44b0f8c46fcb0fc3691df 5e99659270f44b0f8c46fcb0fc3691df] 199.19.213.74 "GET /v2.0/networks/d7e6147f-c3a7-4bd2-8cda-551bdd52a04c?fields=segments HTTP/1.1" status: 200 len: 212 time: 0.0615625
2026-07-22 23:26:41.701 10 INFO neutron.wsgi [req-978f2272-5b31-40c2-bd19-23fd97479c68 req-d2fc73ee-ed0c-4e82-a759-6739a0f8a0fb 404045f7f66148ca87b33c3deb64ffac e48df614e2a542a690e1cc22a276933b - - 5e99659270f44b0f8c46fcb0fc3691df 5e99659270f44b0f8c46fcb0fc3691df] 199.19.213.74 "GET /v2.0/networks/d7e6147f-c3a7-4bd2-8cda-551bdd52a04c?fields=provider%3Aphysical_network&fields=provider%3Anetwork_type HTTP/1.1" status: 200 len: 277 time: 0.0745165
2026-07-22 23:26:41.799 10 INFO neutron.wsgi [req-978f2272-5b31-40c2-bd19-23fd97479c68 req-158a66e6-8b5c-4602-b706-da415e6bd3ba cf73f69d1f7e49a59cf81fa0f22f15b3 54c749f18dbc43a79f6dd70b33b72377 - - default default] 199.19.213.74 "GET /v2.0/networks?id=d7e6147f-c3a7-4bd2-8cda-551bdd52a04c HTTP/1.1" status: 200 len: 1003 time: 0.0772786
2026-07-22 23:26:42.081 10 WARNING neutron.scheduler.dhcp_agent_scheduler [None req-906de08c-b035-402e-bf68-dd5ff1c616e8 cf73f69d1f7e49a59cf81fa0f22f15b3 54c749f18dbc43a79f6dd70b33b72377 - - - -] No more DHCP agents
2026-07-22 23:26:42.083 10 WARNING neutron.api.rpc.agentnotifiers.dhcp_rpc_agent_api [None req-906de08c-b035-402e-bf68-dd5ff1c616e8 cf73f69d1f7e49a59cf81fa0f22f15b3 54c749f18dbc43a79f6dd70b33b72377 - - - -] Unable to schedule network d7e6147f-c3a7-4bd2-8cda-551bdd52a04c: no agents available; will retry on subsequent port and subnet creation events.
2026-07-22 23:26:42.232 10 INFO neutron.db.ovn_revision_numbers_db [None req-906de08c-b035-402e-bf68-dd5ff1c616e8 cf73f69d1f7e49a59cf81fa0f22f15b3 54c749f18dbc43a79f6dd70b33b72377 - - - -] Successfully bumped revision number for resource 8e5f3440-b03c-4ddf-a9e9-d471b7354973 (type: ports) to 1
2026-07-22 23:26:42.260 10 INFO neutron.wsgi [None req-906de08c-b035-402e-bf68-dd5ff1c616e8 cf73f69d1f7e49a59cf81fa0f22f15b3 54c749f18dbc43a79f6dd70b33b72377 - - - -] 199.19.213.74 "POST /v2.0/ports HTTP/1.1" status: 201 len: 1508 time: 0.4541531 /var/lib/openstack/lib/python3.10/site-packages/pycadf/identifier.py:71: UserWarning: Invalid uuid: neutron. To ensure interoperability, identifiers should be a valid uuid. warnings.warn(('Invalid uuid: %s. To ensure interoperability, '
2026-07-22 23:26:42.680 10 INFO neutron.db.ovn_revision_numbers_db [None req-862ac54a-2025-4498-80a1-b5298a7ed301 404045f7f66148ca87b33c3deb64ffac e48df614e2a542a690e1cc22a276933b - - - -] Successfully bumped revision number for resource 8e5f3440-b03c-4ddf-a9e9-d471b7354973 (type: ports) to 2
2026-07-22 23:26:42.871 10 INFO neutron.db.ovn_revision_numbers_db [None req-862ac54a-2025-4498-80a1-b5298a7ed301 404045f7f66148ca87b33c3deb64ffac e48df614e2a542a690e1cc22a276933b - - - -] Successfully bumped revision number for resource 8e5f3440-b03c-4ddf-a9e9-d471b7354973 (type: ports) to 2
2026-07-22 23:26:42.888 10 INFO neutron.wsgi [None req-862ac54a-2025-4498-80a1-b5298a7ed301 404045f7f66148ca87b33c3deb64ffac e48df614e2a542a690e1cc22a276933b - - - -] 199.19.213.74 "PUT /v2.0/ports/8e5f3440-b03c-4ddf-a9e9-d471b7354973 HTTP/1.1" status: 200 len: 1557 time: 0.6190708 /var/lib/openstack/lib/python3.10/site-packages/pycadf/identifier.py:71: UserWarning: Invalid uuid: neutron. To ensure interoperability, identifiers should be a valid uuid. warnings.warn(('Invalid uuid: %s. To ensure interoperability, '
2026-07-22 23:26:42.939 10 INFO neutron.notifiers.nova [-] Nova event matching ['req-772543d8-e951-427b-8647-ec81c5859bbb'] response: {'name': 'network-changed', 'server_uuid': '2d1bba47-c292-4051-ba35-ecb107369df5', 'tag': '8e5f3440-b03c-4ddf-a9e9-d471b7354973', 'status': 'completed', 'code': 200}
2026-07-22 23:26:42.966 10 INFO neutron.wsgi [req-978f2272-5b31-40c2-bd19-23fd97479c68 req-59feef40-f421-4a95-8924-7baf7630c9b8 404045f7f66148ca87b33c3deb64ffac e48df614e2a542a690e1cc22a276933b - - 5e99659270f44b0f8c46fcb0fc3691df 5e99659270f44b0f8c46fcb0fc3691df] 199.19.213.74 "GET /v2.0/ports?tenant_id=54c749f18dbc43a79f6dd70b33b72377&device_id=2d1bba47-c292-4051-ba35-ecb107369df5 HTTP/1.1" status: 200 len: 5159 time: 0.0398428
2026-07-22 23:26:43.003 10 INFO neutron.wsgi [req-978f2272-5b31-40c2-bd19-23fd97479c68 req-64b9a8d6-1733-4ada-80e2-54298aff166c 404045f7f66148ca87b33c3deb64ffac e48df614e2a542a690e1cc22a276933b - - 5e99659270f44b0f8c46fcb0fc3691df 5e99659270f44b0f8c46fcb0fc3691df] 199.19.213.74 "GET /v2.0/floatingips?fixed_ip_address=172.24.1.146&port_id=5c1679e0-0423-4bab-9bf0-162ffaa4a454 HTTP/1.1" status: 200 len: 217 time: 0.0291510
2026-07-22 23:26:43.041 10 INFO neutron.wsgi [req-978f2272-5b31-40c2-bd19-23fd97479c68 req-decb4c0a-6b56-4a1a-bfbe-2a877560a1fb 404045f7f66148ca87b33c3deb64ffac e48df614e2a542a690e1cc22a276933b - - 5e99659270f44b0f8c46fcb0fc3691df 5e99659270f44b0f8c46fcb0fc3691df] 199.19.213.74 "GET /v2.0/subnets?id=32de1fd5-0027-4eb7-9bc6-074381fb1714 HTTP/1.1" status: 200 len: 829 time: 0.0295708
2026-07-22 23:26:43.067 10 INFO neutron.wsgi [req-978f2272-5b31-40c2-bd19-23fd97479c68 req-c83f1b53-6ec3-40e3-9bd8-c159130c7c85 404045f7f66148ca87b33c3deb64ffac e48df614e2a542a690e1cc22a276933b - - 5e99659270f44b0f8c46fcb0fc3691df 5e99659270f44b0f8c46fcb0fc3691df] 199.19.213.74 "GET /v2.0/ports?network_id=7cd5e4f1-edfe-4c36-b14d-f4253fdac274&device_owner=network%3Adhcp HTTP/1.1" status: 200 len: 210 time: 0.0200260
2026-07-22 23:26:43.136 10 INFO neutron.wsgi [req-978f2272-5b31-40c2-bd19-23fd97479c68 req-ca252234-5d60-470c-9d0f-c7fde39b900e 404045f7f66148ca87b33c3deb64ffac e48df614e2a542a690e1cc22a276933b - - 5e99659270f44b0f8c46fcb0fc3691df 5e99659270f44b0f8c46fcb0fc3691df] 199.19.213.74 "GET /v2.0/networks/7cd5e4f1-edfe-4c36-b14d-f4253fdac274?fields=segments HTTP/1.1" status: 200 len: 212 time: 0.0611269
2026-07-22 23:26:43.224 10 INFO neutron.wsgi [req-978f2272-5b31-40c2-bd19-23fd97479c68 req-1510e14a-597a-43d5-9076-57c4536f301c 404045f7f66148ca87b33c3deb64ffac e48df614e2a542a690e1cc22a276933b - - 5e99659270f44b0f8c46fcb0fc3691df 5e99659270f44b0f8c46fcb0fc3691df] 199.19.213.74 "GET /v2.0/networks/7cd5e4f1-edfe-4c36-b14d-f4253fdac274?fields=provider%3Aphysical_network&fields=provider%3Anetwork_type HTTP/1.1" status: 200 len: 277 time: 0.0791011
2026-07-22 23:26:43.265 10 INFO neutron.wsgi [req-978f2272-5b31-40c2-bd19-23fd97479c68 req-c58879dc-3a04-46bd-8e13-992f08a4d660 404045f7f66148ca87b33c3deb64ffac e48df614e2a542a690e1cc22a276933b - - 5e99659270f44b0f8c46fcb0fc3691df 5e99659270f44b0f8c46fcb0fc3691df] 199.19.213.74 "GET /v2.0/floatingips?fixed_ip_address=10.1.1.101&port_id=21bcbf55-943b-495c-8177-64c440ea2c7d HTTP/1.1" status: 200 len: 217 time: 0.0355914
2026-07-22 23:26:43.316 10 INFO neutron.wsgi [req-978f2272-5b31-40c2-bd19-23fd97479c68 req-bc8c310f-99ea-44d3-8ba0-2e7a38d643df 404045f7f66148ca87b33c3deb64ffac e48df614e2a542a690e1cc22a276933b - - 5e99659270f44b0f8c46fcb0fc3691df 5e99659270f44b0f8c46fcb0fc3691df] 199.19.213.74 "GET /v2.0/subnets?id=a7562bf4-3737-44e8-9d58-1aa617553f40 HTTP/1.1" status: 200 len: 853 time: 0.0439210
2026-07-22 23:26:43.345 10 INFO neutron.wsgi [req-978f2272-5b31-40c2-bd19-23fd97479c68 req-51e4fcb6-f893-4773-98e3-cec9fb793b8c 404045f7f66148ca87b33c3deb64ffac e48df614e2a542a690e1cc22a276933b - - 5e99659270f44b0f8c46fcb0fc3691df 5e99659270f44b0f8c46fcb0fc3691df] 199.19.213.74 "GET /v2.0/ports?network_id=109c2287-324f-4331-b5be-d3e9bfe5dc51&device_owner=network%3Adhcp HTTP/1.1" status: 200 len: 210 time: 0.0241525
2026-07-22 23:26:43.417 10 INFO neutron.wsgi [req-978f2272-5b31-40c2-bd19-23fd97479c68 req-6cf32a71-29d5-4aed-a5f3-32e3aa2dfdba 404045f7f66148ca87b33c3deb64ffac e48df614e2a542a690e1cc22a276933b - - 5e99659270f44b0f8c46fcb0fc3691df 5e99659270f44b0f8c46fcb0fc3691df] 199.19.213.74 "GET /v2.0/networks/109c2287-324f-4331-b5be-d3e9bfe5dc51?fields=segments HTTP/1.1" status: 200 len: 212 time: 0.0631685
2026-07-22 23:26:43.479 10 INFO neutron.wsgi [req-978f2272-5b31-40c2-bd19-23fd97479c68 req-e0e682e9-9054-4836-8546-171c22e0193d 404045f7f66148ca87b33c3deb64ffac e48df614e2a542a690e1cc22a276933b - - 5e99659270f44b0f8c46fcb0fc3691df 5e99659270f44b0f8c46fcb0fc3691df] 199.19.213.74 "GET /v2.0/networks/109c2287-324f-4331-b5be-d3e9bfe5dc51?fields=provider%3Aphysical_network&fields=provider%3Anetwork_type HTTP/1.1" status: 200 len: 277 time: 0.0553577
2026-07-22 23:26:43.509 10 INFO neutron.wsgi [req-978f2272-5b31-40c2-bd19-23fd97479c68 req-99d172e0-c824-434f-8b05-67a70ff2039a 404045f7f66148ca87b33c3deb64ffac e48df614e2a542a690e1cc22a276933b - - 5e99659270f44b0f8c46fcb0fc3691df 5e99659270f44b0f8c46fcb0fc3691df] 199.19.213.74 "GET /v2.0/floatingips?fixed_ip_address=10.2.1.243&port_id=08ccc981-b7ae-4d9a-bed0-03df401dc629 HTTP/1.1" status: 200 len: 217 time: 0.0247819
2026-07-22 23:26:43.544 10 INFO neutron.wsgi [req-978f2272-5b31-40c2-bd19-23fd97479c68 req-d374f1e9-3465-4613-974d-efb5e038c9ee 404045f7f66148ca87b33c3deb64ffac e48df614e2a542a690e1cc22a276933b - - 5e99659270f44b0f8c46fcb0fc3691df 5e99659270f44b0f8c46fcb0fc3691df] 199.19.213.74 "GET /v2.0/subnets?id=c5cc7085-fc52-4f91-a34a-884f90bf17ff HTTP/1.1" status: 200 len: 851 time: 0.0283449
2026-07-22 23:26:43.577 10 INFO neutron.wsgi [req-978f2272-5b31-40c2-bd19-23fd97479c68 req-f8a60b23-ca68-4eea-ba7e-92755747e6f6 404045f7f66148ca87b33c3deb64ffac e48df614e2a542a690e1cc22a276933b - - 5e99659270f44b0f8c46fcb0fc3691df 5e99659270f44b0f8c46fcb0fc3691df] 199.19.213.74 "GET /v2.0/ports?network_id=118e93e3-6ed6-4fab-b8ae-0afba851b19f&device_owner=network%3Adhcp HTTP/1.1" status: 200 len: 210 time: 0.0264261
2026-07-22 23:26:43.637 10 INFO neutron.wsgi [req-978f2272-5b31-40c2-bd19-23fd97479c68 req-185cbf60-a42f-4320-9382-08dc105e263e 404045f7f66148ca87b33c3deb64ffac e48df614e2a542a690e1cc22a276933b - - 5e99659270f44b0f8c46fcb0fc3691df 5e99659270f44b0f8c46fcb0fc3691df] 199.19.213.74 "GET /v2.0/networks/118e93e3-6ed6-4fab-b8ae-0afba851b19f?fields=segments HTTP/1.1" status: 200 len: 212 time: 0.0517614
2026-07-22 23:26:43.706 10 INFO neutron.wsgi [req-978f2272-5b31-40c2-bd19-23fd97479c68 req-84e46604-f396-4318-870d-27c24cc88cb3 404045f7f66148ca87b33c3deb64ffac e48df614e2a542a690e1cc22a276933b - - 5e99659270f44b0f8c46fcb0fc3691df 5e99659270f44b0f8c46fcb0fc3691df] 199.19.213.74 "GET /v2.0/networks/118e93e3-6ed6-4fab-b8ae-0afba851b19f?fields=provider%3Aphysical_network&fields=provider%3Anetwork_type HTTP/1.1" status: 200 len: 277 time: 0.0614355
2026-07-22 23:26:43.740 10 INFO neutron.wsgi [req-978f2272-5b31-40c2-bd19-23fd97479c68 req-674e5695-6059-4a57-a429-86e85cc08241 404045f7f66148ca87b33c3deb64ffac e48df614e2a542a690e1cc22a276933b - - 5e99659270f44b0f8c46fcb0fc3691df 5e99659270f44b0f8c46fcb0fc3691df] 199.19.213.74 "GET /v2.0/floatingips?fixed_ip_address=10.2.2.77&port_id=8e5f3440-b03c-4ddf-a9e9-d471b7354973 HTTP/1.1" status: 200 len: 217 time: 0.0268295
2026-07-22 23:26:43.779 10 INFO neutron.wsgi [req-978f2272-5b31-40c2-bd19-23fd97479c68 req-6cae29b3-d060-432a-b0dd-3c236e4e4da6 404045f7f66148ca87b33c3deb64ffac e48df614e2a542a690e1cc22a276933b - - 5e99659270f44b0f8c46fcb0fc3691df 5e99659270f44b0f8c46fcb0fc3691df] 199.19.213.74 "GET /v2.0/floatingips?fixed_ip_address=fd77%3A1457%3A4cf0%3A26a8%3A%3A32b&port_id=8e5f3440-b03c-4ddf-a9e9-d471b7354973 HTTP/1.1" status: 200 len: 217 time: 0.0301361
2026-07-22 23:26:43.819 10 INFO neutron.wsgi [req-978f2272-5b31-40c2-bd19-23fd97479c68 req-512a037d-c359-47fb-99f9-0e3b7f45574c 404045f7f66148ca87b33c3deb64ffac e48df614e2a542a690e1cc22a276933b - - 5e99659270f44b0f8c46fcb0fc3691df 5e99659270f44b0f8c46fcb0fc3691df] 199.19.213.74 "GET /v2.0/subnets?id=2f29ded2-aafd-4ca8-bab5-74d7ee1c4bb6&id=fd2228c3-e709-464f-8793-4964af93f6cc HTTP/1.1" status: 200 len: 1567 time: 0.0311227
2026-07-22 23:26:43.853 10 INFO neutron.wsgi [req-978f2272-5b31-40c2-bd19-23fd97479c68 req-ed588435-90e5-4671-9cb1-b84547bc9ba2 404045f7f66148ca87b33c3deb64ffac e48df614e2a542a690e1cc22a276933b - - 5e99659270f44b0f8c46fcb0fc3691df 5e99659270f44b0f8c46fcb0fc3691df] 199.19.213.74 "GET /v2.0/ports?network_id=d7e6147f-c3a7-4bd2-8cda-551bdd52a04c&device_owner=network%3Adhcp HTTP/1.1" status: 200 len: 210 time: 0.0257721
2026-07-22 23:26:43.881 10 INFO neutron.wsgi [req-978f2272-5b31-40c2-bd19-23fd97479c68 req-be67d6f5-4fc7-413d-8f65-0b9b3de6615d 404045f7f66148ca87b33c3deb64ffac e48df614e2a542a690e1cc22a276933b - - 5e99659270f44b0f8c46fcb0fc3691df 5e99659270f44b0f8c46fcb0fc3691df] 199.19.213.74 "GET /v2.0/ports?network_id=d7e6147f-c3a7-4bd2-8cda-551bdd52a04c&device_owner=network%3Adhcp HTTP/1.1" status: 200 len: 210 time: 0.0204375
2026-07-22 23:26:43.948 10 INFO neutron.wsgi [req-978f2272-5b31-40c2-bd19-23fd97479c68 req-aacc2f8f-7dc6-445a-8d33-0bb94c7e90d7 404045f7f66148ca87b33c3deb64ffac e48df614e2a542a690e1cc22a276933b - - 5e99659270f44b0f8c46fcb0fc3691df 5e99659270f44b0f8c46fcb0fc3691df] 199.19.213.74 "GET /v2.0/networks/d7e6147f-c3a7-4bd2-8cda-551bdd52a04c?fields=segments HTTP/1.1" status: 200 len: 212 time: 0.0572853
2026-07-22 23:26:44.029 10 INFO neutron.wsgi [req-978f2272-5b31-40c2-bd19-23fd97479c68 req-973c7669-eb24-4595-a9ba-49329bce0daf 404045f7f66148ca87b33c3deb64ffac e48df614e2a542a690e1cc22a276933b - - 5e99659270f44b0f8c46fcb0fc3691df 5e99659270f44b0f8c46fcb0fc3691df] 199.19.213.74 "GET /v2.0/networks/d7e6147f-c3a7-4bd2-8cda-551bdd52a04c?fields=provider%3Aphysical_network&fields=provider%3Anetwork_type HTTP/1.1" status: 200 len: 277 time: 0.0715225
2026-07-22 23:26:44.132 10 INFO neutron.plugins.ml2.drivers.ovn.mech_driver.mech_driver [None req-bc687c49-6adf-4944-a055-3629312b5243 - - - - - -] OVN reports status up for port: 8e5f3440-b03c-4ddf-a9e9-d471b7354973
2026-07-22 23:26:44.141 10 INFO neutron.wsgi [req-7f68c38d-91ef-4f7b-bbed-d42b46fdb443 req-f1220f20-c7d3-492f-a42c-69711e5414e8 404045f7f66148ca87b33c3deb64ffac e48df614e2a542a690e1cc22a276933b - - 5e99659270f44b0f8c46fcb0fc3691df 5e99659270f44b0f8c46fcb0fc3691df] 199.19.213.74 "GET /v2.0/ports?tenant_id=54c749f18dbc43a79f6dd70b33b72377&device_id=2d1bba47-c292-4051-ba35-ecb107369df5 HTTP/1.1" status: 200 len: 5159 time: 0.0536842
2026-07-22 23:26:44.160 10 INFO neutron.plugins.ml2.plugin [None req-bc687c49-6adf-4944-a055-3629312b5243 - - - - - -] Attempt 1 to provision port 8e5f3440-b03c-4ddf-a9e9-d471b7354973
2026-07-22 23:26:44.225 10 INFO neutron.wsgi [req-7f68c38d-91ef-4f7b-bbed-d42b46fdb443 req-9479c2ce-0280-4ad7-8210-da8012dc4787 404045f7f66148ca87b33c3deb64ffac e48df614e2a542a690e1cc22a276933b - - 5e99659270f44b0f8c46fcb0fc3691df 5e99659270f44b0f8c46fcb0fc3691df] 199.19.213.74 "GET /v2.0/networks?id=d7e6147f-c3a7-4bd2-8cda-551bdd52a04c HTTP/1.1" status: 200 len: 1003 time: 0.0750532
2026-07-22 23:26:44.265 10 INFO neutron.wsgi [req-7f68c38d-91ef-4f7b-bbed-d42b46fdb443 req-8173be4a-1d7a-47da-83d5-8ab23b76c1a3 404045f7f66148ca87b33c3deb64ffac e48df614e2a542a690e1cc22a276933b - - 5e99659270f44b0f8c46fcb0fc3691df 5e99659270f44b0f8c46fcb0fc3691df] 199.19.213.74 "GET /v2.0/floatingips?fixed_ip_address=10.2.2.77&port_id=8e5f3440-b03c-4ddf-a9e9-d471b7354973 HTTP/1.1" status: 200 len: 217 time: 0.0268936
2026-07-22 23:26:44.300 10 INFO neutron.wsgi [req-7f68c38d-91ef-4f7b-bbed-d42b46fdb443 req-8c0d42da-9953-41fb-8098-5fb19c3cc84c 404045f7f66148ca87b33c3deb64ffac e48df614e2a542a690e1cc22a276933b - - 5e99659270f44b0f8c46fcb0fc3691df 5e99659270f44b0f8c46fcb0fc3691df] 199.19.213.74 "GET /v2.0/floatingips?fixed_ip_address=fd77%3A1457%3A4cf0%3A26a8%3A%3A32b&port_id=8e5f3440-b03c-4ddf-a9e9-d471b7354973 HTTP/1.1" status: 200 len: 217 time: 0.0252893
2026-07-22 23:26:44.357 10 INFO neutron.wsgi [req-7f68c38d-91ef-4f7b-bbed-d42b46fdb443 req-61e4f1cf-f589-4d2c-bbf3-61ce3231d484 404045f7f66148ca87b33c3deb64ffac e48df614e2a542a690e1cc22a276933b - - 5e99659270f44b0f8c46fcb0fc3691df 5e99659270f44b0f8c46fcb0fc3691df] 199.19.213.74 "GET /v2.0/subnets?id=2f29ded2-aafd-4ca8-bab5-74d7ee1c4bb6&id=fd2228c3-e709-464f-8793-4964af93f6cc HTTP/1.1" status: 200 len: 1567 time: 0.0485663
2026-07-22 23:26:44.395 10 INFO neutron.wsgi [req-7f68c38d-91ef-4f7b-bbed-d42b46fdb443 req-15c0a5ff-5fe0-4070-b852-1aba6da4c4b5 404045f7f66148ca87b33c3deb64ffac e48df614e2a542a690e1cc22a276933b - - 5e99659270f44b0f8c46fcb0fc3691df 5e99659270f44b0f8c46fcb0fc3691df] 199.19.213.74 "GET /v2.0/ports?network_id=d7e6147f-c3a7-4bd2-8cda-551bdd52a04c&device_owner=network%3Adhcp HTTP/1.1" status: 200 len: 210 time: 0.0225837
2026-07-22 23:26:44.418 9 INFO neutron.wsgi [req-978f2272-5b31-40c2-bd19-23fd97479c68 req-6ebafe00-ee5e-4f1d-b770-0e22b9e8ef61 cf73f69d1f7e49a59cf81fa0f22f15b3 54c749f18dbc43a79f6dd70b33b72377 - - default default] 10.0.0.112 "GET /v2.0/ports/8e5f3440-b03c-4ddf-a9e9-d471b7354973 HTTP/1.1" status: 200 len: 1587 time: 0.0967624
2026-07-22 23:26:44.429 10 INFO neutron.wsgi [req-7f68c38d-91ef-4f7b-bbed-d42b46fdb443 req-2136b37a-759b-441a-a343-e992ae5c0640 404045f7f66148ca87b33c3deb64ffac e48df614e2a542a690e1cc22a276933b - - 5e99659270f44b0f8c46fcb0fc3691df 5e99659270f44b0f8c46fcb0fc3691df] 199.19.213.74 "GET /v2.0/ports?network_id=d7e6147f-c3a7-4bd2-8cda-551bdd52a04c&device_owner=network%3Adhcp HTTP/1.1" status: 200 len: 210 time: 0.0252001
2026-07-22 23:26:44.458 9 INFO neutron.wsgi [None req-61e98399-f479-4d4c-9348-7c7162747b88 cf73f69d1f7e49a59cf81fa0f22f15b3 54c749f18dbc43a79f6dd70b33b72377 - - default default] 199.19.213.74 "GET /v2.0/ports/8e5f3440-b03c-4ddf-a9e9-d471b7354973 HTTP/1.1" status: 200 len: 1587 time: 0.0287933
2026-07-22 23:26:44.494 9 INFO neutron.wsgi [None req-4be41074-307d-4532-88fe-52d5aac4ea81 cf73f69d1f7e49a59cf81fa0f22f15b3 54c749f18dbc43a79f6dd70b33b72377 - - default default] 199.19.213.74 "GET /v2.0/ports/8e5f3440-b03c-4ddf-a9e9-d471b7354973 HTTP/1.1" status: 200 len: 1587 time: 0.0294123
2026-07-22 23:26:44.519 10 INFO neutron.wsgi [req-7f68c38d-91ef-4f7b-bbed-d42b46fdb443 req-fdd21bd3-0bcb-4611-9b97-cdc365ddfe72 404045f7f66148ca87b33c3deb64ffac e48df614e2a542a690e1cc22a276933b - - 5e99659270f44b0f8c46fcb0fc3691df 5e99659270f44b0f8c46fcb0fc3691df] 199.19.213.74 "GET /v2.0/networks/d7e6147f-c3a7-4bd2-8cda-551bdd52a04c?fields=segments HTTP/1.1" status: 200 len: 212 time: 0.0828462
2026-07-22 23:26:44.563 10 INFO neutron.db.ovn_revision_numbers_db [None req-bc687c49-6adf-4944-a055-3629312b5243 - - - - - -] Successfully bumped revision number for resource 8e5f3440-b03c-4ddf-a9e9-d471b7354973 (type: ports) to 4
2026-07-22 23:26:44.910 9 INFO neutron.db.ovn_revision_numbers_db [None req-00c5f544-1cb3-4c7b-bfb2-9e3635d32ea8 cf73f69d1f7e49a59cf81fa0f22f15b3 54c749f18dbc43a79f6dd70b33b72377 - - - -] Successfully bumped revision number for resource 8e5f3440-b03c-4ddf-a9e9-d471b7354973 (type: ports) to 5
2026-07-22 23:26:44.918 10 INFO neutron.wsgi [req-7f68c38d-91ef-4f7b-bbed-d42b46fdb443 req-a0895b93-4f8c-481a-83d7-7e916d75256d 404045f7f66148ca87b33c3deb64ffac e48df614e2a542a690e1cc22a276933b - - 5e99659270f44b0f8c46fcb0fc3691df 5e99659270f44b0f8c46fcb0fc3691df] 199.19.213.74 "GET /v2.0/networks/d7e6147f-c3a7-4bd2-8cda-551bdd52a04c?fields=provider%3Aphysical_network&fields=provider%3Anetwork_type HTTP/1.1" status: 200 len: 277 time: 0.3921750
2026-07-22 23:26:44.919 9 INFO neutron.wsgi [None req-00c5f544-1cb3-4c7b-bfb2-9e3635d32ea8 cf73f69d1f7e49a59cf81fa0f22f15b3 54c749f18dbc43a79f6dd70b33b72377 - - - -] 199.19.213.74 "PUT /v2.0/ports/8e5f3440-b03c-4ddf-a9e9-d471b7354973 HTTP/1.1" status: 200 len: 1326 time: 0.4175863 /var/lib/openstack/lib/python3.10/site-packages/pycadf/identifier.py:71: UserWarning: Invalid uuid: neutron. To ensure interoperability, identifiers should be a valid uuid. warnings.warn(('Invalid uuid: %s. To ensure interoperability, '
2026-07-22 23:26:44.966 9 INFO neutron.notifiers.nova [-] Nova event matching ['req-5e657fd2-dffe-4389-8725-eaa89633107a'] response: {'name': 'network-changed', 'server_uuid': '2d1bba47-c292-4051-ba35-ecb107369df5', 'tag': '8e5f3440-b03c-4ddf-a9e9-d471b7354973', 'status': 'completed', 'code': 200}
2026-07-22 23:26:44.986 9 INFO neutron.wsgi [None req-31dc82ec-f2f6-4018-9068-26d083cec88f cf73f69d1f7e49a59cf81fa0f22f15b3 54c749f18dbc43a79f6dd70b33b72377 - - default default] 199.19.213.74 "GET /v2.0/networks/d7e6147f-c3a7-4bd2-8cda-551bdd52a04c HTTP/1.1" status: 200 len: 1000 time: 0.0593190
2026-07-22 23:26:44.989 10 INFO neutron.notifiers.nova [-] Nova event matching ['req-f5a96d27-2dba-40fb-a8b3-aec4870148a9'] response: {'server_uuid': '2d1bba47-c292-4051-ba35-ecb107369df5', 'name': 'network-vif-plugged', 'status': 'completed', 'tag': '8e5f3440-b03c-4ddf-a9e9-d471b7354973', 'code': 200}
2026-07-22 23:26:44.989 10 INFO neutron.notifiers.nova [-] Nova event matching ['req-f5a96d27-2dba-40fb-a8b3-aec4870148a9'] response: {'server_uuid': '2d1bba47-c292-4051-ba35-ecb107369df5', 'name': 'network-vif-plugged', 'status': 'completed', 'tag': '8e5f3440-b03c-4ddf-a9e9-d471b7354973', 'code': 200} /var/lib/openstack/lib/python3.10/site-packages/pycadf/identifier.py:71: UserWarning: Invalid uuid: neutron. To ensure interoperability, identifiers should be a valid uuid. warnings.warn(('Invalid uuid: %s. To ensure interoperability, '
2026-07-22 23:26:45.027 9 INFO neutron.wsgi [None req-d8e7c5ed-c06b-465f-93c0-fa6e03d1eba7 cf73f69d1f7e49a59cf81fa0f22f15b3 54c749f18dbc43a79f6dd70b33b72377 - - default default] 199.19.213.74 "GET /v2.0/subnets/fd2228c3-e709-464f-8793-4964af93f6cc HTTP/1.1" status: 200 len: 849 time: 0.0338883
2026-07-22 23:26:45.033 10 INFO neutron.wsgi [req-350b6451-9f4e-4a73-b4dd-a56bb636113b req-1b23ee9a-dfcc-4daa-a463-f804d2580f14 404045f7f66148ca87b33c3deb64ffac e48df614e2a542a690e1cc22a276933b - - 5e99659270f44b0f8c46fcb0fc3691df 5e99659270f44b0f8c46fcb0fc3691df] 199.19.213.74 "GET /v2.0/ports?tenant_id=54c749f18dbc43a79f6dd70b33b72377&device_id=2d1bba47-c292-4051-ba35-ecb107369df5 HTTP/1.1" status: 200 len: 4928 time: 0.0381362
2026-07-22 23:26:45.100 10 INFO neutron.wsgi [req-350b6451-9f4e-4a73-b4dd-a56bb636113b req-f2c74fb7-a32c-4252-86f1-4a025c72442e 404045f7f66148ca87b33c3deb64ffac e48df614e2a542a690e1cc22a276933b - - 5e99659270f44b0f8c46fcb0fc3691df 5e99659270f44b0f8c46fcb0fc3691df] 199.19.213.74 "GET /v2.0/networks?id=d7e6147f-c3a7-4bd2-8cda-551bdd52a04c HTTP/1.1" status: 200 len: 1003 time: 0.0591528
2026-07-22 23:26:45.108 9 INFO neutron.wsgi [None req-49bdf616-7398-4750-95c2-33f37f0e9a53 cf73f69d1f7e49a59cf81fa0f22f15b3 54c749f18dbc43a79f6dd70b33b72377 - - default default] 199.19.213.74 "GET /v2.0/extensions/security-group HTTP/1.1" status: 200 len: 369 time: 0.0057337
2026-07-22 23:26:45.116 9 INFO neutron.wsgi [None req-41155fda-4ab1-46ef-9139-cdbd2c1de864 cf73f69d1f7e49a59cf81fa0f22f15b3 54c749f18dbc43a79f6dd70b33b72377 - - default default] 199.19.213.74 "GET /v2.0/extensions/dns-integration HTTP/1.1" status: 200 len: 371 time: 0.0051022
2026-07-22 23:26:45.127 9 INFO neutron.wsgi [None req-4622ede6-c03c-4c58-826a-6f5e2d21a311 cf73f69d1f7e49a59cf81fa0f22f15b3 54c749f18dbc43a79f6dd70b33b72377 - - default default] 199.19.213.74 "GET /v2.0/extensions/qos HTTP/1.1" status: 200 len: 365 time: 0.0046670
2026-07-22 23:26:45.137 9 INFO neutron.wsgi [None req-abaa870b-6b3d-467f-9ce7-94db718de85e cf73f69d1f7e49a59cf81fa0f22f15b3 54c749f18dbc43a79f6dd70b33b72377 - - default default] 199.19.213.74 "GET /v2.0/extensions/allowed-address-pairs HTTP/1.1" status: 200 len: 383 time: 0.0049057
2026-07-22 23:26:45.139 10 INFO neutron.wsgi [req-350b6451-9f4e-4a73-b4dd-a56bb636113b req-c1786a75-5d26-4d90-a8d1-f77f13e7490b 404045f7f66148ca87b33c3deb64ffac e48df614e2a542a690e1cc22a276933b - - 5e99659270f44b0f8c46fcb0fc3691df 5e99659270f44b0f8c46fcb0fc3691df] 199.19.213.74 "GET /v2.0/floatingips?fixed_ip_address=10.2.2.77&port_id=8e5f3440-b03c-4ddf-a9e9-d471b7354973 HTTP/1.1" status: 200 len: 217 time: 0.0326622
2026-07-22 23:26:45.173 9 INFO neutron.wsgi [None req-70df9946-3b34-471e-a0b0-f9eeec3bdd0d cf73f69d1f7e49a59cf81fa0f22f15b3 54c749f18dbc43a79f6dd70b33b72377 - - default default] 199.19.213.74 "GET /v2.0/subnets/a7562bf4-3737-44e8-9d58-1aa617553f40 HTTP/1.1" status: 200 len: 850 time: 0.0307000
2026-07-22 23:26:45.173 10 INFO neutron.wsgi [req-350b6451-9f4e-4a73-b4dd-a56bb636113b req-37694362-1c44-48a3-82b2-4cc0adb9c5de 404045f7f66148ca87b33c3deb64ffac e48df614e2a542a690e1cc22a276933b - - 5e99659270f44b0f8c46fcb0fc3691df 5e99659270f44b0f8c46fcb0fc3691df] 199.19.213.74 "GET /v2.0/subnets?id=fd2228c3-e709-464f-8793-4964af93f6cc HTTP/1.1" status: 200 len: 852 time: 0.0292416
2026-07-22 23:26:45.201 10 INFO neutron.wsgi [req-350b6451-9f4e-4a73-b4dd-a56bb636113b req-1dd4cafe-46a6-41a3-adf4-1e148e6f58af 404045f7f66148ca87b33c3deb64ffac e48df614e2a542a690e1cc22a276933b - - 5e99659270f44b0f8c46fcb0fc3691df 5e99659270f44b0f8c46fcb0fc3691df] 199.19.213.74 "GET /v2.0/ports?network_id=d7e6147f-c3a7-4bd2-8cda-551bdd52a04c&device_owner=network%3Adhcp HTTP/1.1" status: 200 len: 210 time: 0.0211730
2026-07-22 23:26:45.212 9 INFO neutron.wsgi [None req-26c03297-3898-4188-a0a1-b6526b8f8610 cf73f69d1f7e49a59cf81fa0f22f15b3 54c749f18dbc43a79f6dd70b33b72377 - - default default] 199.19.213.74 "GET /v2.0/ports/b00b1de5-c8a6-45ba-9023-495e11a50317 HTTP/1.1" status: 200 len: 1340 time: 0.0342062
2026-07-22 23:26:45.255 9 INFO neutron.wsgi [None req-629b4198-7512-46bb-a49a-eb73e566c8a6 cf73f69d1f7e49a59cf81fa0f22f15b3 54c749f18dbc43a79f6dd70b33b72377 - - default default] 199.19.213.74 "GET /v2.0/ports/21bcbf55-943b-495c-8177-64c440ea2c7d HTTP/1.1" status: 200 len: 1471 time: 0.0388546
2026-07-22 23:26:45.270 10 INFO neutron.wsgi [req-350b6451-9f4e-4a73-b4dd-a56bb636113b req-90127295-241c-4137-a046-5ebf127f620f 404045f7f66148ca87b33c3deb64ffac e48df614e2a542a690e1cc22a276933b - - 5e99659270f44b0f8c46fcb0fc3691df 5e99659270f44b0f8c46fcb0fc3691df] 199.19.213.74 "GET /v2.0/networks/d7e6147f-c3a7-4bd2-8cda-551bdd52a04c?fields=segments HTTP/1.1" status: 200 len: 212 time: 0.0614915
2026-07-22 23:26:45.309 9 INFO neutron.wsgi [None req-bd5c3acf-82fd-4e64-92b2-290a47003989 cf73f69d1f7e49a59cf81fa0f22f15b3 54c749f18dbc43a79f6dd70b33b72377 - - default default] 199.19.213.74 "GET /v2.0/subnets/a7562bf4-3737-44e8-9d58-1aa617553f40 HTTP/1.1" status: 200 len: 850 time: 0.0474732
2026-07-22 23:26:45.351 10 INFO neutron.wsgi [req-350b6451-9f4e-4a73-b4dd-a56bb636113b req-e0900a88-11f6-45ec-b3da-62cf64cf4c37 404045f7f66148ca87b33c3deb64ffac e48df614e2a542a690e1cc22a276933b - - 5e99659270f44b0f8c46fcb0fc3691df 5e99659270f44b0f8c46fcb0fc3691df] 199.19.213.74 "GET /v2.0/networks/d7e6147f-c3a7-4bd2-8cda-551bdd52a04c?fields=provider%3Aphysical_network&fields=provider%3Anetwork_type HTTP/1.1" status: 200 len: 277 time: 0.0751054
2026-07-22 23:26:45.383 9 INFO neutron.wsgi [None req-18eb67a4-4ee0-4be4-a081-2ea24066ff36 cf73f69d1f7e49a59cf81fa0f22f15b3 54c749f18dbc43a79f6dd70b33b72377 - - default default] 199.19.213.74 "GET /v2.0/networks/109c2287-324f-4331-b5be-d3e9bfe5dc51 HTTP/1.1" status: 200 len: 1001 time: 0.0689421
2026-07-22 23:26:45.415 9 INFO neutron.wsgi [None req-a906a0a2-a3a6-441d-a33a-ced4a786739c cf73f69d1f7e49a59cf81fa0f22f15b3 54c749f18dbc43a79f6dd70b33b72377 - - default default] 199.19.213.74 "GET /v2.0/ports/b00b1de5-c8a6-45ba-9023-495e11a50317 HTTP/1.1" status: 200 len: 1340 time: 0.0239685
2026-07-22 23:26:45.477 9 INFO neutron.wsgi [None req-396b3279-9657-4df7-b99d-9259303eb75b cf73f69d1f7e49a59cf81fa0f22f15b3 54c749f18dbc43a79f6dd70b33b72377 - - default default] 199.19.213.74 "GET /v2.0/subnets/a7562bf4-3737-44e8-9d58-1aa617553f40 HTTP/1.1" status: 200 len: 850 time: 0.0538611
2026-07-22 23:26:48.501 10 INFO neutron.wsgi [req-19f4589e-cef8-41b2-962a-e1da3d0b7437 req-f8f15957-a4f0-4f7e-be14-8b3940f446e4 404045f7f66148ca87b33c3deb64ffac e48df614e2a542a690e1cc22a276933b - - 5e99659270f44b0f8c46fcb0fc3691df 5e99659270f44b0f8c46fcb0fc3691df] 199.19.213.74 "GET /v2.0/ports?device_id=d3379354-9c9b-4204-9751-d45abc868b3a&fields=binding%3Ahost_id&fields=binding%3Avif_type HTTP/1.1" status: 200 len: 265 time: 0.0286596
2026-07-22 23:26:48.581 10 INFO neutron.wsgi [req-19f4589e-cef8-41b2-962a-e1da3d0b7437 req-a7e8a0e4-e3dc-4b73-a1b1-2a62201107c8 404045f7f66148ca87b33c3deb64ffac e48df614e2a542a690e1cc22a276933b - - 5e99659270f44b0f8c46fcb0fc3691df 5e99659270f44b0f8c46fcb0fc3691df] 199.19.213.74 "GET /v2.0/ports?tenant_id=380685955c034a3781b3da8357c51553&device_id=d3379354-9c9b-4204-9751-d45abc868b3a HTTP/1.1" status: 200 len: 1590 time: 0.0324059
2026-07-22 23:26:48.667 10 INFO neutron.wsgi [req-19f4589e-cef8-41b2-962a-e1da3d0b7437 req-88a41caa-4a8e-44ef-8844-5c2882256046 404045f7f66148ca87b33c3deb64ffac e48df614e2a542a690e1cc22a276933b - - 5e99659270f44b0f8c46fcb0fc3691df 5e99659270f44b0f8c46fcb0fc3691df] 199.19.213.74 "GET /v2.0/networks?id=118e93e3-6ed6-4fab-b8ae-0afba851b19f HTTP/1.1" status: 200 len: 1002 time: 0.0678077
2026-07-22 23:26:48.718 10 INFO neutron.wsgi [req-19f4589e-cef8-41b2-962a-e1da3d0b7437 req-3a126019-e02c-4bf2-811b-d85985417b9a 404045f7f66148ca87b33c3deb64ffac e48df614e2a542a690e1cc22a276933b - - 5e99659270f44b0f8c46fcb0fc3691df 5e99659270f44b0f8c46fcb0fc3691df] 199.19.213.74 "GET /v2.0/floatingips?fixed_ip_address=10.2.1.177&port_id=a403eda6-7ec2-4643-8d03-ba759a9ca5c0 HTTP/1.1" status: 200 len: 1059 time: 0.0425165
2026-07-22 23:26:48.752 10 INFO neutron.wsgi [req-19f4589e-cef8-41b2-962a-e1da3d0b7437 req-bd9ec099-be06-4a77-bc7d-e6d868102ed1 404045f7f66148ca87b33c3deb64ffac e48df614e2a542a690e1cc22a276933b - - 5e99659270f44b0f8c46fcb0fc3691df 5e99659270f44b0f8c46fcb0fc3691df] 199.19.213.74 "GET /v2.0/floatingips?fixed_ip_address=fd7b%3Af9f7%3Afff%3A4eca%3A%3A2aa&port_id=a403eda6-7ec2-4643-8d03-ba759a9ca5c0 HTTP/1.1" status: 200 len: 217 time: 0.0284414
2026-07-22 23:26:48.796 10 INFO neutron.wsgi [req-19f4589e-cef8-41b2-962a-e1da3d0b7437 req-cd55e7d4-77c9-4969-83ac-2589025de282 404045f7f66148ca87b33c3deb64ffac e48df614e2a542a690e1cc22a276933b - - 5e99659270f44b0f8c46fcb0fc3691df 5e99659270f44b0f8c46fcb0fc3691df] 199.19.213.74 "GET /v2.0/subnets?id=c5cc7085-fc52-4f91-a34a-884f90bf17ff&id=4e4d5485-14fe-47c6-a07c-ec4125beedb7 HTTP/1.1" status: 200 len: 1561 time: 0.0356269
2026-07-22 23:26:48.827 10 INFO neutron.wsgi [req-19f4589e-cef8-41b2-962a-e1da3d0b7437 req-2149465f-c3d3-4a88-875e-5af63bfd6177 404045f7f66148ca87b33c3deb64ffac e48df614e2a542a690e1cc22a276933b - - 5e99659270f44b0f8c46fcb0fc3691df 5e99659270f44b0f8c46fcb0fc3691df] 199.19.213.74 "GET /v2.0/ports?network_id=118e93e3-6ed6-4fab-b8ae-0afba851b19f&device_owner=network%3Adhcp HTTP/1.1" status: 200 len: 210 time: 0.0243638
2026-07-22 23:26:48.856 10 INFO neutron.wsgi [req-19f4589e-cef8-41b2-962a-e1da3d0b7437 req-282b0a93-f175-4fdb-8287-62dba24f709c 404045f7f66148ca87b33c3deb64ffac e48df614e2a542a690e1cc22a276933b - - 5e99659270f44b0f8c46fcb0fc3691df 5e99659270f44b0f8c46fcb0fc3691df] 199.19.213.74 "GET /v2.0/ports?network_id=118e93e3-6ed6-4fab-b8ae-0afba851b19f&device_owner=network%3Adhcp HTTP/1.1" status: 200 len: 210 time: 0.0225637
2026-07-22 23:26:48.926 10 INFO neutron.wsgi [req-19f4589e-cef8-41b2-962a-e1da3d0b7437 req-da8221bd-eab0-4c71-99d3-1e726ffd0b59 404045f7f66148ca87b33c3deb64ffac e48df614e2a542a690e1cc22a276933b - - 5e99659270f44b0f8c46fcb0fc3691df 5e99659270f44b0f8c46fcb0fc3691df] 199.19.213.74 "GET /v2.0/networks/118e93e3-6ed6-4fab-b8ae-0afba851b19f?fields=segments HTTP/1.1" status: 200 len: 212 time: 0.0632145
2026-07-22 23:26:48.994 10 INFO neutron.wsgi [req-19f4589e-cef8-41b2-962a-e1da3d0b7437 req-13119607-f949-4a8a-b1f7-33010c824422 404045f7f66148ca87b33c3deb64ffac e48df614e2a542a690e1cc22a276933b - - 5e99659270f44b0f8c46fcb0fc3691df 5e99659270f44b0f8c46fcb0fc3691df] 199.19.213.74 "GET /v2.0/networks/118e93e3-6ed6-4fab-b8ae-0afba851b19f?fields=provider%3Aphysical_network&fields=provider%3Anetwork_type HTTP/1.1" status: 200 len: 277 time: 0.0613441
2026-07-22 23:26:49.396 10 INFO neutron.wsgi [-] 10.0.0.59 "GET / HTTP/1.1" status: 200 len: 246 time: 0.0029559
2026-07-22 23:26:49.396 9 INFO neutron.wsgi [-] 10.0.0.59 "GET / HTTP/1.1" status: 200 len: 246 time: 0.0028529
2026-07-22 23:26:54.819 9 INFO neutron.wsgi [None req-cdd67cf0-32e7-4ea8-99dd-887f54407b73 cf73f69d1f7e49a59cf81fa0f22f15b3 54c749f18dbc43a79f6dd70b33b72377 - - default default] 199.19.213.74 "GET /v2.0/extensions/security-group HTTP/1.1" status: 200 len: 369 time: 0.0076971
2026-07-22 23:26:54.825 9 INFO neutron.wsgi [None req-7c990cd0-0e3a-4b2f-9497-e7334283f54b cf73f69d1f7e49a59cf81fa0f22f15b3 54c749f18dbc43a79f6dd70b33b72377 - - default default] 199.19.213.74 "GET /v2.0/extensions/dns-integration HTTP/1.1" status: 200 len: 371 time: 0.0028825
2026-07-22 23:26:54.838 9 INFO neutron.wsgi [None req-50b18706-76ef-4d7e-ac9a-deafaf2d5451 cf73f69d1f7e49a59cf81fa0f22f15b3 54c749f18dbc43a79f6dd70b33b72377 - - default default] 199.19.213.74 "GET /v2.0/extensions/qos HTTP/1.1" status: 200 len: 365 time: 0.0070634
2026-07-22 23:26:54.846 9 INFO neutron.wsgi [None req-dbb8dd1e-0e0e-4df7-a1e1-3bc80b762dad cf73f69d1f7e49a59cf81fa0f22f15b3 54c749f18dbc43a79f6dd70b33b72377 - - default default] 199.19.213.74 "GET /v2.0/extensions/allowed-address-pairs HTTP/1.1" status: 200 len: 383 time: 0.0029302
2026-07-22 23:26:54.884 9 INFO neutron.wsgi [None req-723943c7-3225-4e3f-b814-bf4a392e70a5 cf73f69d1f7e49a59cf81fa0f22f15b3 54c749f18dbc43a79f6dd70b33b72377 - - default default] 199.19.213.74 "GET /v2.0/subnets/c5cc7085-fc52-4f91-a34a-884f90bf17ff HTTP/1.1" status: 200 len: 848 time: 0.0325177
2026-07-22 23:26:54.927 9 INFO neutron.wsgi [None req-bb5ac799-2d01-418b-8637-78ca46496c5d cf73f69d1f7e49a59cf81fa0f22f15b3 54c749f18dbc43a79f6dd70b33b72377 - - default default] 199.19.213.74 "GET /v2.0/ports?device_id=2d1bba47-c292-4051-ba35-ecb107369df5 HTTP/1.1" status: 200 len: 4928 time: 0.0356610
2026-07-22 23:26:55.051 9 INFO neutron.wsgi [None req-135e3cab-f510-4572-9d93-4e69ba79bb2c cf73f69d1f7e49a59cf81fa0f22f15b3 54c749f18dbc43a79f6dd70b33b72377 - - default default] 199.19.213.74 "GET /v2.0/extensions/security-group HTTP/1.1" status: 200 len: 369 time: 0.0062268
2026-07-22 23:26:55.064 9 INFO neutron.wsgi [None req-4c784197-5c9f-4338-8b7a-5049968d7ee6 cf73f69d1f7e49a59cf81fa0f22f15b3 54c749f18dbc43a79f6dd70b33b72377 - - default default] 199.19.213.74 "GET /v2.0/extensions/dns-integration HTTP/1.1" status: 200 len: 371 time: 0.0039828
2026-07-22 23:26:55.073 9 INFO neutron.wsgi [None req-d073d2dd-a570-493e-98d7-f72f3e70953c cf73f69d1f7e49a59cf81fa0f22f15b3 54c749f18dbc43a79f6dd70b33b72377 - - default default] 199.19.213.74 "GET /v2.0/extensions/qos HTTP/1.1" status: 200 len: 365 time: 0.0048842
2026-07-22 23:26:55.083 9 INFO neutron.wsgi [None req-0b402643-2c76-4b2f-b51e-e8410210dd5e cf73f69d1f7e49a59cf81fa0f22f15b3 54c749f18dbc43a79f6dd70b33b72377 - - default default] 199.19.213.74 "GET /v2.0/extensions/allowed-address-pairs HTTP/1.1" status: 200 len: 383 time: 0.0042670
2026-07-22 23:26:55.124 9 INFO neutron.wsgi [None req-71fcac19-6764-48fa-89d0-4f1ff0755dc6 cf73f69d1f7e49a59cf81fa0f22f15b3 54c749f18dbc43a79f6dd70b33b72377 - - default default] 199.19.213.74 "GET /v2.0/ports/8e5f3440-b03c-4ddf-a9e9-d471b7354973 HTTP/1.1" status: 200 len: 1354 time: 0.0294890
2026-07-22 23:26:55.553 9 INFO neutron.db.ovn_revision_numbers_db [None req-597d000e-2e4e-428e-9238-b5b57b68bcd6 cf73f69d1f7e49a59cf81fa0f22f15b3 54c749f18dbc43a79f6dd70b33b72377 - - - -] Successfully bumped revision number for resource 8e5f3440-b03c-4ddf-a9e9-d471b7354973 (type: ports) to 6
2026-07-22 23:26:55.562 9 INFO neutron.wsgi [None req-597d000e-2e4e-428e-9238-b5b57b68bcd6 cf73f69d1f7e49a59cf81fa0f22f15b3 54c749f18dbc43a79f6dd70b33b72377 - - - -] 199.19.213.74 "PUT /v2.0/ports/8e5f3440-b03c-4ddf-a9e9-d471b7354973 HTTP/1.1" status: 200 len: 1154 time: 0.4315174 /var/lib/openstack/lib/python3.10/site-packages/pycadf/identifier.py:71: UserWarning: Invalid uuid: neutron. To ensure interoperability, identifiers should be a valid uuid. warnings.warn(('Invalid uuid: %s. To ensure interoperability, '
2026-07-22 23:26:55.612 9 INFO neutron.notifiers.nova [-] Nova event matching ['req-f25e447b-e124-441d-97fa-9cddf09b1711'] response: {'name': 'network-changed', 'server_uuid': '2d1bba47-c292-4051-ba35-ecb107369df5', 'tag': '8e5f3440-b03c-4ddf-a9e9-d471b7354973', 'status': 'completed', 'code': 200}
2026-07-22 23:26:55.637 9 INFO neutron.wsgi [None req-e403857f-9fb4-4e7b-b6a2-fd376035753e cf73f69d1f7e49a59cf81fa0f22f15b3 54c749f18dbc43a79f6dd70b33b72377 - - default default] 199.19.213.74 "GET /v2.0/networks/d7e6147f-c3a7-4bd2-8cda-551bdd52a04c HTTP/1.1" status: 200 len: 1000 time: 0.0693710
2026-07-22 23:26:55.665 10 INFO neutron.wsgi [req-57f905e1-5bef-44af-b657-ca307b285421 req-8da9d24f-d232-4fb9-b63b-f4831e7b0fd5 404045f7f66148ca87b33c3deb64ffac e48df614e2a542a690e1cc22a276933b - - 5e99659270f44b0f8c46fcb0fc3691df 5e99659270f44b0f8c46fcb0fc3691df] 199.19.213.74 "GET /v2.0/ports?tenant_id=54c749f18dbc43a79f6dd70b33b72377&device_id=2d1bba47-c292-4051-ba35-ecb107369df5 HTTP/1.1" status: 200 len: 4757 time: 0.0404902
2026-07-22 23:26:55.675 9 INFO neutron.wsgi [None req-ac05e1e1-2821-4ff5-8ed8-0545c6da0f55 cf73f69d1f7e49a59cf81fa0f22f15b3 54c749f18dbc43a79f6dd70b33b72377 - - default default] 199.19.213.74 "GET /v2.0/ports?device_id=2d1bba47-c292-4051-ba35-ecb107369df5 HTTP/1.1" status: 200 len: 4757 time: 0.0325525
2026-07-22 23:26:55.735 10 INFO neutron.wsgi [req-57f905e1-5bef-44af-b657-ca307b285421 req-38a1cc6f-4a96-43b3-8046-b33f1d07c8ca 404045f7f66148ca87b33c3deb64ffac e48df614e2a542a690e1cc22a276933b - - 5e99659270f44b0f8c46fcb0fc3691df 5e99659270f44b0f8c46fcb0fc3691df] 199.19.213.74 "GET /v2.0/networks?id=d7e6147f-c3a7-4bd2-8cda-551bdd52a04c HTTP/1.1" status: 200 len: 1003 time: 0.0622103
2026-07-22 23:26:55.795 9 INFO neutron.wsgi [None req-0e06eae9-8afc-4a80-8d68-dfbfe3553d86 cf73f69d1f7e49a59cf81fa0f22f15b3 54c749f18dbc43a79f6dd70b33b72377 - - default default] 199.19.213.74 "GET /v2.0/ports?device_id=2d1bba47-c292-4051-ba35-ecb107369df5 HTTP/1.1" status: 200 len: 4757 time: 0.0378118
2026-07-22 23:26:55.800 10 INFO neutron.wsgi [req-57f905e1-5bef-44af-b657-ca307b285421 req-0b927098-d880-43aa-af61-62294b1dd686 404045f7f66148ca87b33c3deb64ffac e48df614e2a542a690e1cc22a276933b - - 5e99659270f44b0f8c46fcb0fc3691df 5e99659270f44b0f8c46fcb0fc3691df] 199.19.213.74 "GET /v2.0/networks/d7e6147f-c3a7-4bd2-8cda-551bdd52a04c?fields=segments HTTP/1.1" status: 200 len: 212 time: 0.0573721
2026-07-22 23:26:55.869 10 INFO neutron.wsgi [req-57f905e1-5bef-44af-b657-ca307b285421 req-7e87b6ad-5b2f-4ea6-b263-68e97b6f27be 404045f7f66148ca87b33c3deb64ffac e48df614e2a542a690e1cc22a276933b - - 5e99659270f44b0f8c46fcb0fc3691df 5e99659270f44b0f8c46fcb0fc3691df] 199.19.213.74 "GET /v2.0/networks/d7e6147f-c3a7-4bd2-8cda-551bdd52a04c?fields=provider%3Aphysical_network&fields=provider%3Anetwork_type HTTP/1.1" status: 200 len: 277 time: 0.0611336
2026-07-22 23:26:56.046 10 INFO neutron.plugins.ml2.drivers.ovn.mech_driver.mech_driver [None req-bc687c49-6adf-4944-a055-3629312b5243 - - - - - -] OVN reports status down for port: 8e5f3440-b03c-4ddf-a9e9-d471b7354973
2026-07-22 23:26:56.106 10 INFO neutron.wsgi [req-d3493262-96e1-4aeb-bca9-7ee44e74a2d1 req-aced1b53-0079-41eb-ab22-c34493b3f7c7 404045f7f66148ca87b33c3deb64ffac e48df614e2a542a690e1cc22a276933b - - 5e99659270f44b0f8c46fcb0fc3691df 5e99659270f44b0f8c46fcb0fc3691df] 199.19.213.74 "GET /v2.0/ports/8e5f3440-b03c-4ddf-a9e9-d471b7354973 HTTP/1.1" status: 200 len: 1182 time: 0.0278838
2026-07-22 23:26:56.209 10 INFO neutron.notifiers.nova [-] Nova event matching ['req-4321bf32-bb27-471b-8253-dd8faeff913e'] response: {'server_uuid': '2d1bba47-c292-4051-ba35-ecb107369df5', 'name': 'network-vif-unplugged', 'status': 'completed', 'tag': '8e5f3440-b03c-4ddf-a9e9-d471b7354973', 'code': 200}
2026-07-22 23:26:56.404 10 INFO neutron.db.ovn_revision_numbers_db [None req-bc687c49-6adf-4944-a055-3629312b5243 - - - - - -] Successfully bumped revision number for resource 8e5f3440-b03c-4ddf-a9e9-d471b7354973 (type: ports) to 7
2026-07-22 23:26:56.465 10 INFO neutron.wsgi [None req-bf32d740-c888-4e8e-9f6f-ea42bd58d1bf cf73f69d1f7e49a59cf81fa0f22f15b3 54c749f18dbc43a79f6dd70b33b72377 - - - -] 199.19.213.74 "DELETE /v2.0/ports/8e5f3440-b03c-4ddf-a9e9-d471b7354973 HTTP/1.1" status: 204 len: 173 time: 0.3534937
2026-07-22 23:26:56.560 10 INFO neutron.wsgi [req-d3493262-96e1-4aeb-bca9-7ee44e74a2d1 req-04fd578d-476c-4ad7-8f74-d5a6a799d5d8 404045f7f66148ca87b33c3deb64ffac e48df614e2a542a690e1cc22a276933b - - 5e99659270f44b0f8c46fcb0fc3691df 5e99659270f44b0f8c46fcb0fc3691df] 199.19.213.74 "GET /v2.0/ports?tenant_id=54c749f18dbc43a79f6dd70b33b72377&device_id=2d1bba47-c292-4051-ba35-ecb107369df5 HTTP/1.1" status: 200 len: 3782 time: 0.0377355
2026-07-22 23:26:56.637 10 INFO neutron.wsgi [req-d3493262-96e1-4aeb-bca9-7ee44e74a2d1 req-1e4d77a7-09c4-4e91-8d27-310de62a9746 404045f7f66148ca87b33c3deb64ffac e48df614e2a542a690e1cc22a276933b - - 5e99659270f44b0f8c46fcb0fc3691df 5e99659270f44b0f8c46fcb0fc3691df] 199.19.213.74 "GET /v2.0/networks?id=7cd5e4f1-edfe-4c36-b14d-f4253fdac274&id=109c2287-324f-4331-b5be-d3e9bfe5dc51&id=118e93e3-6ed6-4fab-b8ae-0afba851b19f&id=d7e6147f-c3a7-4bd2-8cda-551bdd52a04c HTTP/1.1" status: 200 len: 3307 time: 0.0678189
2026-07-22 23:26:56.672 10 INFO neutron.wsgi [req-d3493262-96e1-4aeb-bca9-7ee44e74a2d1 req-971a61b2-5104-4f57-8a57-10977d644bde 404045f7f66148ca87b33c3deb64ffac e48df614e2a542a690e1cc22a276933b - - 5e99659270f44b0f8c46fcb0fc3691df 5e99659270f44b0f8c46fcb0fc3691df] 199.19.213.74 "GET /v2.0/floatingips?fixed_ip_address=172.24.1.146&port_id=5c1679e0-0423-4bab-9bf0-162ffaa4a454 HTTP/1.1" status: 200 len: 217 time: 0.0274081
2026-07-22 23:26:56.709 10 INFO neutron.wsgi [req-d3493262-96e1-4aeb-bca9-7ee44e74a2d1 req-ed4c0f8f-099e-41dc-959a-6bcdc1196b10 404045f7f66148ca87b33c3deb64ffac e48df614e2a542a690e1cc22a276933b - - 5e99659270f44b0f8c46fcb0fc3691df 5e99659270f44b0f8c46fcb0fc3691df] 199.19.213.74 "GET /v2.0/subnets?id=32de1fd5-0027-4eb7-9bc6-074381fb1714 HTTP/1.1" status: 200 len: 829 time: 0.0313141
2026-07-22 23:26:56.736 10 INFO neutron.wsgi [req-d3493262-96e1-4aeb-bca9-7ee44e74a2d1 req-3fcac9c5-f7f4-46fd-af7d-b42b486d7e23 404045f7f66148ca87b33c3deb64ffac e48df614e2a542a690e1cc22a276933b - - 5e99659270f44b0f8c46fcb0fc3691df 5e99659270f44b0f8c46fcb0fc3691df] 199.19.213.74 "GET /v2.0/ports?network_id=7cd5e4f1-edfe-4c36-b14d-f4253fdac274&device_owner=network%3Adhcp HTTP/1.1" status: 200 len: 210 time: 0.0204887
2026-07-22 23:26:56.803 10 INFO neutron.wsgi [req-d3493262-96e1-4aeb-bca9-7ee44e74a2d1 req-94d4bc1c-d39e-4f6a-a6ad-5c25fa7111e7 404045f7f66148ca87b33c3deb64ffac e48df614e2a542a690e1cc22a276933b - - 5e99659270f44b0f8c46fcb0fc3691df 5e99659270f44b0f8c46fcb0fc3691df] 199.19.213.74 "GET /v2.0/networks/7cd5e4f1-edfe-4c36-b14d-f4253fdac274?fields=segments HTTP/1.1" status: 200 len: 212 time: 0.0608621
2026-07-22 23:26:56.839 9 INFO neutron.wsgi [None req-47203079-bac2-463d-8cac-c52a53941141 cf73f69d1f7e49a59cf81fa0f22f15b3 54c749f18dbc43a79f6dd70b33b72377 - - default default] 199.19.213.74 "GET /v2.0/ports?device_id=2d1bba47-c292-4051-ba35-ecb107369df5 HTTP/1.1" status: 200 len: 3782 time: 0.0388708
2026-07-22 23:26:56.863 9 INFO neutron.pecan_wsgi.hooks.translation [None req-e91999c4-8779-40a3-abd9-96c0787372f4 cf73f69d1f7e49a59cf81fa0f22f15b3 54c749f18dbc43a79f6dd70b33b72377 - - - -] DELETE failed (client error): The resource could not be found.
2026-07-22 23:26:56.866 9 INFO neutron.wsgi [None req-e91999c4-8779-40a3-abd9-96c0787372f4 cf73f69d1f7e49a59cf81fa0f22f15b3 54c749f18dbc43a79f6dd70b33b72377 - - - -] 199.19.213.74 "DELETE /v2.0/ports/8e5f3440-b03c-4ddf-a9e9-d471b7354973 HTTP/1.1" status: 404 len: 338 time: 0.0213001
2026-07-22 23:26:56.880 10 INFO neutron.wsgi [req-d3493262-96e1-4aeb-bca9-7ee44e74a2d1 req-0f220e49-065a-4623-8f48-4ee22008f511 404045f7f66148ca87b33c3deb64ffac e48df614e2a542a690e1cc22a276933b - - 5e99659270f44b0f8c46fcb0fc3691df 5e99659270f44b0f8c46fcb0fc3691df] 199.19.213.74 "GET /v2.0/networks/7cd5e4f1-edfe-4c36-b14d-f4253fdac274?fields=provider%3Aphysical_network&fields=provider%3Anetwork_type HTTP/1.1" status: 200 len: 277 time: 0.0665565
2026-07-22 23:26:56.915 10 INFO neutron.wsgi [req-d3493262-96e1-4aeb-bca9-7ee44e74a2d1 req-87adb1ca-768c-46aa-83d4-3618cadb84cd 404045f7f66148ca87b33c3deb64ffac e48df614e2a542a690e1cc22a276933b - - 5e99659270f44b0f8c46fcb0fc3691df 5e99659270f44b0f8c46fcb0fc3691df] 199.19.213.74 "GET /v2.0/floatingips?fixed_ip_address=10.1.1.101&port_id=21bcbf55-943b-495c-8177-64c440ea2c7d HTTP/1.1" status: 200 len: 217 time: 0.0290728
2026-07-22 23:26:56.950 9 INFO neutron.wsgi [None req-c25268fa-c70a-406c-b267-cca249b8df88 cf73f69d1f7e49a59cf81fa0f22f15b3 54c749f18dbc43a79f6dd70b33b72377 - - default default] 199.19.213.74 "GET /v2.0/extensions/security-group HTTP/1.1" status: 200 len: 369 time: 0.0079269
2026-07-22 23:26:56.960 9 INFO neutron.wsgi [None req-7af0ce39-dc10-4693-bcf3-75fef87cf9e0 cf73f69d1f7e49a59cf81fa0f22f15b3 54c749f18dbc43a79f6dd70b33b72377 - - default default] 199.19.213.74 "GET /v2.0/extensions/dns-integration HTTP/1.1" status: 200 len: 371 time: 0.0052826
2026-07-22 23:26:56.960 10 INFO neutron.wsgi [req-d3493262-96e1-4aeb-bca9-7ee44e74a2d1 req-d63b4e50-017d-4c97-9870-554579c859d9 404045f7f66148ca87b33c3deb64ffac e48df614e2a542a690e1cc22a276933b - - 5e99659270f44b0f8c46fcb0fc3691df 5e99659270f44b0f8c46fcb0fc3691df] 199.19.213.74 "GET /v2.0/subnets?id=a7562bf4-3737-44e8-9d58-1aa617553f40 HTTP/1.1" status: 200 len: 853 time: 0.0358870
2026-07-22 23:26:56.971 9 INFO neutron.wsgi [None req-d32127de-cf18-4b20-b5ff-aa7a08006b9f cf73f69d1f7e49a59cf81fa0f22f15b3 54c749f18dbc43a79f6dd70b33b72377 - - default default] 199.19.213.74 "GET /v2.0/extensions/qos HTTP/1.1" status: 200 len: 365 time: 0.0051510
2026-07-22 23:26:56.981 9 INFO neutron.wsgi [None req-46a893ed-8ffe-49c2-b222-3ce0ee1720ba cf73f69d1f7e49a59cf81fa0f22f15b3 54c749f18dbc43a79f6dd70b33b72377 - - default default] 199.19.213.74 "GET /v2.0/extensions/allowed-address-pairs HTTP/1.1" status: 200 len: 383 time: 0.0051246
2026-07-22 23:26:56.997 10 INFO neutron.wsgi [req-d3493262-96e1-4aeb-bca9-7ee44e74a2d1 req-eb22a2cc-1e30-4fa4-ae55-2d8bb5620888 404045f7f66148ca87b33c3deb64ffac e48df614e2a542a690e1cc22a276933b - - 5e99659270f44b0f8c46fcb0fc3691df 5e99659270f44b0f8c46fcb0fc3691df] 199.19.213.74 "GET /v2.0/ports?network_id=109c2287-324f-4331-b5be-d3e9bfe5dc51&device_owner=network%3Adhcp HTTP/1.1" status: 200 len: 210 time: 0.0286021
2026-07-22 23:26:57.019 9 INFO neutron.wsgi [None req-2ffee9bb-7865-4cb0-a4aa-2a59732b9d2b cf73f69d1f7e49a59cf81fa0f22f15b3 54c749f18dbc43a79f6dd70b33b72377 - - default default] 199.19.213.74 "GET /v2.0/subnets/a7562bf4-3737-44e8-9d58-1aa617553f40 HTTP/1.1" status: 200 len: 850 time: 0.0331175
2026-07-22 23:26:57.069 10 INFO neutron.wsgi [req-d3493262-96e1-4aeb-bca9-7ee44e74a2d1 req-6e45dd7b-8efe-4a41-8ce9-4e3049527468 404045f7f66148ca87b33c3deb64ffac e48df614e2a542a690e1cc22a276933b - - 5e99659270f44b0f8c46fcb0fc3691df 5e99659270f44b0f8c46fcb0fc3691df] 199.19.213.74 "GET /v2.0/networks/109c2287-324f-4331-b5be-d3e9bfe5dc51?fields=segments HTTP/1.1" status: 200 len: 212 time: 0.0626748
2026-07-22 23:26:57.154 10 INFO neutron.wsgi [req-d3493262-96e1-4aeb-bca9-7ee44e74a2d1 req-d0e3f3c7-e6df-4239-a19a-9261793701e5 404045f7f66148ca87b33c3deb64ffac e48df614e2a542a690e1cc22a276933b - - 5e99659270f44b0f8c46fcb0fc3691df 5e99659270f44b0f8c46fcb0fc3691df] 199.19.213.74 "GET /v2.0/networks/109c2287-324f-4331-b5be-d3e9bfe5dc51?fields=provider%3Aphysical_network&fields=provider%3Anetwork_type HTTP/1.1" status: 200 len: 277 time: 0.0720923
2026-07-22 23:26:57.189 10 INFO neutron.wsgi [req-d3493262-96e1-4aeb-bca9-7ee44e74a2d1 req-4ca371df-c8a6-4009-8c1e-c6b62ceab752 404045f7f66148ca87b33c3deb64ffac e48df614e2a542a690e1cc22a276933b - - 5e99659270f44b0f8c46fcb0fc3691df 5e99659270f44b0f8c46fcb0fc3691df] 199.19.213.74 "GET /v2.0/floatingips?fixed_ip_address=10.2.1.243&port_id=08ccc981-b7ae-4d9a-bed0-03df401dc629 HTTP/1.1" status: 200 len: 217 time: 0.0276985
2026-07-22 23:26:57.241 10 INFO neutron.wsgi [req-d3493262-96e1-4aeb-bca9-7ee44e74a2d1 req-9efbe1bf-b00b-450f-8703-0e5028df7f64 404045f7f66148ca87b33c3deb64ffac e48df614e2a542a690e1cc22a276933b - - 5e99659270f44b0f8c46fcb0fc3691df 5e99659270f44b0f8c46fcb0fc3691df] 199.19.213.74 "GET /v2.0/subnets?id=c5cc7085-fc52-4f91-a34a-884f90bf17ff HTTP/1.1" status: 200 len: 851 time: 0.0472350
2026-07-22 23:26:57.275 10 INFO neutron.wsgi [req-d3493262-96e1-4aeb-bca9-7ee44e74a2d1 req-220f6d5b-0db5-4514-9c70-5451d5e08811 404045f7f66148ca87b33c3deb64ffac e48df614e2a542a690e1cc22a276933b - - 5e99659270f44b0f8c46fcb0fc3691df 5e99659270f44b0f8c46fcb0fc3691df] 199.19.213.74 "GET /v2.0/ports?network_id=118e93e3-6ed6-4fab-b8ae-0afba851b19f&device_owner=network%3Adhcp HTTP/1.1" status: 200 len: 210 time: 0.0274880
2026-07-22 23:26:57.378 10 INFO neutron.wsgi [req-d3493262-96e1-4aeb-bca9-7ee44e74a2d1 req-633813e9-43f5-428b-b678-4a5da1cb6509 404045f7f66148ca87b33c3deb64ffac e48df614e2a542a690e1cc22a276933b - - 5e99659270f44b0f8c46fcb0fc3691df 5e99659270f44b0f8c46fcb0fc3691df] 199.19.213.74 "GET /v2.0/networks/118e93e3-6ed6-4fab-b8ae-0afba851b19f?fields=segments HTTP/1.1" status: 200 len: 212 time: 0.0942593
2026-07-22 23:26:57.390 9 INFO neutron.wsgi [None req-e422491e-0935-4cf0-8017-bc771cfb8249 cf73f69d1f7e49a59cf81fa0f22f15b3 54c749f18dbc43a79f6dd70b33b72377 - - default default] 199.19.213.74 "GET /v2.0/ports/b00b1de5-c8a6-45ba-9023-495e11a50317 HTTP/1.1" status: 200 len: 1340 time: 0.3673038
2026-07-22 23:26:57.423 9 INFO neutron.wsgi [None req-ad755529-02f7-40fb-b732-3e7666bad38f cf73f69d1f7e49a59cf81fa0f22f15b3 54c749f18dbc43a79f6dd70b33b72377 - - default default] 199.19.213.74 "GET /v2.0/ports/21bcbf55-943b-495c-8177-64c440ea2c7d HTTP/1.1" status: 200 len: 1471 time: 0.0273194
