2026-07-22 23:22:29.362 9 INFO neutron.wsgi [None req-84616714-44ba-4ab3-b036-2359ca5da7e7 12cff960db1542e38a5b2d52d8c94e3c 491ef249cd7643ada911d3630a168d1d - - default default] 10.0.0.216 "GET /v2.0/subnets?project_id=a95fb2e09ebe46d282f429652af4b6ca&cidr=10.100.0.0%2F28 HTTP/1.1" status: 200 len: 207 time: 0.2791080
2026-07-22 23:22:29.477 9 INFO neutron.wsgi [None req-aa190393-cb04-41a3-b5d9-7055851a57dd 12cff960db1542e38a5b2d52d8c94e3c 491ef249cd7643ada911d3630a168d1d - - default default] 10.0.0.216 "GET /v2.0/networks?router%3Aexternal=True HTTP/1.1" status: 200 len: 947 time: 0.1085484
2026-07-22 23:22:29.522 9 INFO neutron.wsgi [None req-b1281619-103f-4336-806d-4e6e475508d7 12cff960db1542e38a5b2d52d8c94e3c 491ef249cd7643ada911d3630a168d1d - - default default] 10.0.0.216 "GET /v2.0/subnets?network_id=7c15f7fc-5f92-4a46-bbbe-3da8a40c9bad&cidr=10.100.0.0%2F28 HTTP/1.1" status: 200 len: 207 time: 0.0278628
2026-07-22 23:22:29.655 9 INFO neutron.db.ovn_revision_numbers_db [None req-5a33034c-4f5a-4700-bba1-5be1127be8a4 - - - - - -] Successfully bumped revision number for resource ae4de8b4-e387-4ac6-aeac-3c6c25768678 (type: ports) to 1
2026-07-22 23:22:29.658 10 INFO neutron.notifiers.nova [-] Nova event matching ['req-fc5b8dd9-d97c-4008-911a-0f17b3455af5'] response: {'server_uuid': 'a99feeee-5b0d-41c7-b5bc-a288059e3a55', 'name': 'network-vif-deleted', 'tag': 'b385c35f-04e8-4ad6-b8e0-7d0da507b9de', 'status': 'completed', 'code': 200}
2026-07-22 23:22:29.863 9 WARNING neutron.scheduler.dhcp_agent_scheduler [None req-2d055865-d5d3-4a9a-bc10-1e4832793954 22923918ffc14c87b5f60ad42d46b458 a95fb2e09ebe46d282f429652af4b6ca - - - -] No more DHCP agents
2026-07-22 23:22:29.870 9 WARNING neutron.api.rpc.agentnotifiers.dhcp_rpc_agent_api [None req-2d055865-d5d3-4a9a-bc10-1e4832793954 22923918ffc14c87b5f60ad42d46b458 a95fb2e09ebe46d282f429652af4b6ca - - - -] Unable to schedule network b78e26b0-4b9a-49f6-ac10-06c48ead53fc: no agents available; will retry on subsequent port and subnet creation events.
2026-07-22 23:22:29.995 9 INFO neutron.db.ovn_revision_numbers_db [None req-5a33034c-4f5a-4700-bba1-5be1127be8a4 - - - - - -] Successfully bumped revision number for resource ae4de8b4-e387-4ac6-aeac-3c6c25768678 (type: router_ports) to 3
2026-07-22 23:22:30.101 10 INFO neutron.wsgi [None req-0254656c-47db-4109-9ee7-88b28a00cdf6 6c06e6f3e68b4415b9ad23ef55b18ee3 5dc9833f98cf43309117530d33ffbeb8 - - - -] 10.0.0.216 "PUT /v2.0/routers/4e25df8e-ab74-4411-8b61-cb78920f2f9b/remove_router_interface HTTP/1.1" status: 200 len: 503 time: 0.9140379 /var/lib/openstack/lib/python3.10/site-packages/pycadf/identifier.py:71: UserWarning: Invalid uuid: neutron. To ensure interoperability, identifiers should be a valid uuid. warnings.warn(('Invalid uuid: %s. To ensure interoperability, '
2026-07-22 23:22:30.174 9 INFO neutron.db.ovn_revision_numbers_db [None req-5a33034c-4f5a-4700-bba1-5be1127be8a4 - - - - - -] Successfully bumped revision number for resource ae4de8b4-e387-4ac6-aeac-3c6c25768678 (type: ports) to 2
2026-07-22 23:22:30.199 10 INFO neutron.wsgi [None req-b8b18eb0-de4c-494b-8e9f-0e5ae1c3ef3c 6c06e6f3e68b4415b9ad23ef55b18ee3 5dc9833f98cf43309117530d33ffbeb8 - - default default] 10.0.0.216 "GET /v2.0/ports/47f5f8b4-fadb-4df9-8b6d-af286372d585 HTTP/1.1" status: 200 len: 1141 time: 0.0890203
2026-07-22 23:22:30.288 9 INFO neutron.notifiers.nova [-] Nova event matching ['req-a0c52b61-d5d6-4035-aaff-5b4c853f762b'] response: {'server_uuid': 'a99feeee-5b0d-41c7-b5bc-a288059e3a55', 'name': 'network-vif-plugged', 'status': 'completed', 'tag': 'b385c35f-04e8-4ad6-b8e0-7d0da507b9de', 'code': 200}
2026-07-22 23:22:30.469 9 INFO neutron.db.ovn_revision_numbers_db [None req-2d055865-d5d3-4a9a-bc10-1e4832793954 22923918ffc14c87b5f60ad42d46b458 a95fb2e09ebe46d282f429652af4b6ca - - - -] Successfully bumped revision number for resource 2f898dd7-4a87-42d5-9d46-68bf9f87e200 (type: ports) to 2
2026-07-22 23:22:30.485 9 INFO neutron.db.ovn_revision_numbers_db [None req-5a33034c-4f5a-4700-bba1-5be1127be8a4 - - - - - -] Successfully bumped revision number for resource ae4de8b4-e387-4ac6-aeac-3c6c25768678 (type: ports) to 4
2026-07-22 23:22:30.486 9 INFO neutron.db.ovn_revision_numbers_db [None req-2d055865-d5d3-4a9a-bc10-1e4832793954 22923918ffc14c87b5f60ad42d46b458 a95fb2e09ebe46d282f429652af4b6ca - - - -] Successfully bumped revision number for resource 8f4948e4-1814-40e3-b747-00b6bd1c14ea (type: subnets) to 0
2026-07-22 23:22:30.502 9 INFO neutron.wsgi [None req-2d055865-d5d3-4a9a-bc10-1e4832793954 22923918ffc14c87b5f60ad42d46b458 a95fb2e09ebe46d282f429652af4b6ca - - - -] 10.0.0.216 "POST /v2.0/subnets HTTP/1.1" status: 201 len: 832 time: 0.9733062
2026-07-22 23:22:30.605 10 INFO neutron.wsgi [None req-243c62b2-b31f-4c60-ac3a-6667793ed1b8 a064753200044317a5df55a0b5714976 3329767e4a0f4fccb1752c48125690e0 - - - -] 10.0.0.216 "DELETE /v2.0/security-groups/b9980615-faca-4c42-9ccc-13a380660879 HTTP/1.1" status: 204 len: 168 time: 0.2327738
2026-07-22 23:22:30.642 10 INFO neutron.api.v2.resource [None req-4d44dff1-af11-4c5c-8cb5-09494ab32468 a064753200044317a5df55a0b5714976 3329767e4a0f4fccb1752c48125690e0 - - default default] show failed (client error): The resource could not be found.
2026-07-22 23:22:30.643 10 INFO neutron.wsgi [None req-4d44dff1-af11-4c5c-8cb5-09494ab32468 a064753200044317a5df55a0b5714976 3329767e4a0f4fccb1752c48125690e0 - - default default] 10.0.0.216 "GET /v2.0/security-groups/b9980615-faca-4c42-9ccc-13a380660879 HTTP/1.1" status: 404 len: 347 time: 0.0301003
2026-07-22 23:22:30.941 9 INFO neutron.db.ovn_revision_numbers_db [None req-5a33034c-4f5a-4700-bba1-5be1127be8a4 - - - - - -] Successfully bumped revision number for resource ae4de8b4-e387-4ac6-aeac-3c6c25768678 (type: router_ports) to 4
2026-07-22 23:22:31.162 10 INFO neutron.wsgi [None req-6e63c465-ad5b-474c-8fb6-9831795509b4 6c06e6f3e68b4415b9ad23ef55b18ee3 5dc9833f98cf43309117530d33ffbeb8 - - - -] 10.0.0.216 "PUT /v2.0/routers/4e25df8e-ab74-4411-8b61-cb78920f2f9b/remove_router_interface HTTP/1.1" status: 200 len: 503 time: 0.9567285
2026-07-22 23:22:31.192 9 INFO neutron.wsgi [None req-a5b347d6-6f05-484a-93ca-15e96d794501 6c06e6f3e68b4415b9ad23ef55b18ee3 5dc9833f98cf43309117530d33ffbeb8 - - default default] 10.0.0.216 "GET /v2.0/ports?device_id=4e25df8e-ab74-4411-8b61-cb78920f2f9b HTTP/1.1" status: 200 len: 205 time: 0.0243711
2026-07-22 23:22:31.328 10 INFO neutron.wsgi [None req-f8186964-4166-4baf-a921-abbd77dbb9d5 a064753200044317a5df55a0b5714976 3329767e4a0f4fccb1752c48125690e0 - - - -] 10.0.0.216 "DELETE /v2.0/floatingips/8bc7c777-a78b-4a94-8290-82f3b4a075be HTTP/1.1" status: 204 len: 168 time: 0.6696572 /var/lib/openstack/lib/python3.10/site-packages/pycadf/identifier.py:71: UserWarning: Invalid uuid: neutron. To ensure interoperability, identifiers should be a valid uuid. warnings.warn(('Invalid uuid: %s. To ensure interoperability, '
2026-07-22 23:22:31.387 10 WARNING neutron.scheduler.dhcp_agent_scheduler [None req-563aeacc-572b-4aca-a7e4-1a79f34159bf 22923918ffc14c87b5f60ad42d46b458 a95fb2e09ebe46d282f429652af4b6ca - - default default] No more DHCP agents
2026-07-22 23:22:31.393 10 WARNING neutron.api.rpc.agentnotifiers.dhcp_rpc_agent_api [None req-563aeacc-572b-4aca-a7e4-1a79f34159bf 22923918ffc14c87b5f60ad42d46b458 a95fb2e09ebe46d282f429652af4b6ca - - default default] Unable to schedule network b78e26b0-4b9a-49f6-ac10-06c48ead53fc: no agents available; will retry on subsequent port and subnet creation events.
2026-07-22 23:22:31.446 9 INFO neutron.wsgi [None req-f4ce998c-5af7-4df7-913e-001c0e50260d 6c06e6f3e68b4415b9ad23ef55b18ee3 5dc9833f98cf43309117530d33ffbeb8 - - - -] 10.0.0.216 "DELETE /v2.0/routers/4e25df8e-ab74-4411-8b61-cb78920f2f9b HTTP/1.1" status: 204 len: 168 time: 0.2483151
2026-07-22 23:22:31.641 9 INFO neutron.wsgi [None req-6065a3df-bc6b-45bf-a835-47d280c561b3 6c06e6f3e68b4415b9ad23ef55b18ee3 5dc9833f98cf43309117530d33ffbeb8 - - - -] 10.0.0.216 "DELETE /v2.0/subnets/a52d839e-4061-4289-a437-3be3dfa6d7a3 HTTP/1.1" status: 204 len: 168 time: 0.1909349
2026-07-22 23:22:31.840 10 INFO neutron.db.ovn_revision_numbers_db [None req-563aeacc-572b-4aca-a7e4-1a79f34159bf 22923918ffc14c87b5f60ad42d46b458 a95fb2e09ebe46d282f429652af4b6ca - - default default] Successfully bumped revision number for resource 6cbc2be9-b19a-4f46-bde4-a9c2e41b8bb1 (type: ports) to 1
2026-07-22 23:22:31.844 9 INFO neutron.wsgi [None req-b098c1db-f38c-4b6d-bb9c-0737c29c0e6b 6c06e6f3e68b4415b9ad23ef55b18ee3 5dc9833f98cf43309117530d33ffbeb8 - - - -] 10.0.0.216 "DELETE /v2.0/subnets/629c7f2c-a270-48b1-a275-32270675ff14 HTTP/1.1" status: 204 len: 168 time: 0.1870286
2026-07-22 23:22:32.204 9 INFO neutron.services.segments.plugin [-] Segment fe2c324a-c4be-4340-9a50-c1dad24eb37a resource provider aggregate not found
2026-07-22 23:22:32.227 9 INFO neutron.services.segments.plugin [-] Segment fe2c324a-c4be-4340-9a50-c1dad24eb37a resource provider aggregate not found
2026-07-22 23:22:32.238 9 INFO neutron.services.segments.plugin [-] Segment fe2c324a-c4be-4340-9a50-c1dad24eb37a resource provider not found; error: Placement Client Error (4xx): {"errors": [{"status": 404, "title": "Not Found", "detail": "The resource could not be found.\n\n No resource provider with uuid fe2c324a-c4be-4340-9a50-c1dad24eb37a found for delete ", "request_id": "req-31620f13-9f04-4f17-a899-5e945156fb0e"}]}
2026-07-22 23:22:32.250 9 INFO neutron.services.segments.plugin [-] Segment fe2c324a-c4be-4340-9a50-c1dad24eb37a resource provider not found; error: Placement Client Error (4xx): {"errors": [{"status": 404, "title": "Not Found", "detail": "The resource could not be found.\n\n No resource provider with uuid fe2c324a-c4be-4340-9a50-c1dad24eb37a found for delete ", "request_id": "req-63b5ac72-2b99-46ab-8d10-ae5bc237bbb1"}]}
2026-07-22 23:22:32.261 9 INFO neutron.wsgi [None req-61865bc5-d587-445d-9a67-2103dd5cb2cf 6c06e6f3e68b4415b9ad23ef55b18ee3 5dc9833f98cf43309117530d33ffbeb8 - - - -] 10.0.0.216 "DELETE /v2.0/networks/2db7794e-3e7a-4273-8963-21dffe23214e HTTP/1.1" status: 204 len: 168 time: 0.4114492
2026-07-22 23:22:32.515 10 INFO neutron.db.ovn_revision_numbers_db [None req-563aeacc-572b-4aca-a7e4-1a79f34159bf 22923918ffc14c87b5f60ad42d46b458 a95fb2e09ebe46d282f429652af4b6ca - - default default] Successfully bumped revision number for resource 6cbc2be9-b19a-4f46-bde4-a9c2e41b8bb1 (type: router_ports) to 2
2026-07-22 23:22:32.640 9 INFO neutron.wsgi [None req-d114f6ba-109b-401f-8103-723900d24ad2 6c06e6f3e68b4415b9ad23ef55b18ee3 5dc9833f98cf43309117530d33ffbeb8 - - - -] 10.0.0.216 "DELETE /v2.0/networks/efdef560-0f75-4127-b342-b44ff20b380b HTTP/1.1" status: 204 len: 168 time: 0.3716478
2026-07-22 23:22:32.727 9 INFO neutron.db.segments_db [None req-62a6845f-51bd-4d3f-ba34-534e4ece19e3 6c06e6f3e68b4415b9ad23ef55b18ee3 5dc9833f98cf43309117530d33ffbeb8 - - - -] Added segment cb26705c-2d11-4a5a-b22c-241de5a01598 of type geneve for network 9111fb86-0cf0-4d9a-b417-2b6ee6a6100a
2026-07-22 23:22:32.737 10 INFO neutron.db.ovn_revision_numbers_db [None req-563aeacc-572b-4aca-a7e4-1a79f34159bf 22923918ffc14c87b5f60ad42d46b458 a95fb2e09ebe46d282f429652af4b6ca - - default default] Successfully bumped revision number for resource 6cbc2be9-b19a-4f46-bde4-a9c2e41b8bb1 (type: ports) to 2
2026-07-22 23:22:32.832 10 WARNING neutron.scheduler.dhcp_agent_scheduler [None req-563aeacc-572b-4aca-a7e4-1a79f34159bf 22923918ffc14c87b5f60ad42d46b458 a95fb2e09ebe46d282f429652af4b6ca - - default default] No more DHCP agents
2026-07-22 23:22:32.834 10 WARNING neutron.api.rpc.agentnotifiers.dhcp_rpc_agent_api [None req-563aeacc-572b-4aca-a7e4-1a79f34159bf 22923918ffc14c87b5f60ad42d46b458 a95fb2e09ebe46d282f429652af4b6ca - - default default] Unable to schedule network b78e26b0-4b9a-49f6-ac10-06c48ead53fc: no agents available; will retry on subsequent port and subnet creation events.
2026-07-22 23:22:32.871 9 INFO neutron.db.ovn_revision_numbers_db [None req-62a6845f-51bd-4d3f-ba34-534e4ece19e3 6c06e6f3e68b4415b9ad23ef55b18ee3 5dc9833f98cf43309117530d33ffbeb8 - - - -] Successfully bumped revision number for resource 9111fb86-0cf0-4d9a-b417-2b6ee6a6100a (type: networks) to 1
2026-07-22 23:22:32.950 10 INFO neutron.wsgi [None req-bd4b2fe3-b9e1-4ba5-8f84-fd910a0342f0 cf73f69d1f7e49a59cf81fa0f22f15b3 54c749f18dbc43a79f6dd70b33b72377 - - - -] 10.0.0.216 "PUT /v2.0/routers/e17254d9-f75c-4a43-b3be-4c56223ab526/remove_router_interface HTTP/1.1" status: 200 len: 503 time: 1.6176660
2026-07-22 23:22:33.111 9 WARNING neutron.scheduler.dhcp_agent_scheduler [None req-62a6845f-51bd-4d3f-ba34-534e4ece19e3 6c06e6f3e68b4415b9ad23ef55b18ee3 5dc9833f98cf43309117530d33ffbeb8 - - - -] No more DHCP agents
2026-07-22 23:22:33.114 9 WARNING neutron.api.rpc.agentnotifiers.dhcp_rpc_agent_api [None req-62a6845f-51bd-4d3f-ba34-534e4ece19e3 6c06e6f3e68b4415b9ad23ef55b18ee3 5dc9833f98cf43309117530d33ffbeb8 - - - -] Unable to schedule network 9111fb86-0cf0-4d9a-b417-2b6ee6a6100a: no agents available; will retry on subsequent port and subnet creation events.
2026-07-22 23:22:33.210 9 INFO neutron.db.ovn_revision_numbers_db [None req-62a6845f-51bd-4d3f-ba34-534e4ece19e3 6c06e6f3e68b4415b9ad23ef55b18ee3 5dc9833f98cf43309117530d33ffbeb8 - - - -] Successfully bumped revision number for resource 1e1ff68b-56f4-4a25-9992-abe709b22b1c (type: ports) to 1
2026-07-22 23:22:33.217 10 INFO neutron.db.ovn_revision_numbers_db [None req-563aeacc-572b-4aca-a7e4-1a79f34159bf 22923918ffc14c87b5f60ad42d46b458 a95fb2e09ebe46d282f429652af4b6ca - - - -] Successfully bumped revision number for resource 6cbc2be9-b19a-4f46-bde4-a9c2e41b8bb1 (type: router_ports) to 2
2026-07-22 23:22:33.221 10 INFO neutron.wsgi [None req-563aeacc-572b-4aca-a7e4-1a79f34159bf 22923918ffc14c87b5f60ad42d46b458 a95fb2e09ebe46d282f429652af4b6ca - - - -] 10.0.0.216 "PUT /v2.0/routers/ae7d5175-3806-41f7-a90d-0ef856d7d01b/add_router_interface HTTP/1.1" status: 200 len: 503 time: 2.7105017
2026-07-22 23:22:33.253 9 INFO neutron.wsgi [None req-62a6845f-51bd-4d3f-ba34-534e4ece19e3 6c06e6f3e68b4415b9ad23ef55b18ee3 5dc9833f98cf43309117530d33ffbeb8 - - - -] 10.0.0.216 "POST /v2.0/networks HTTP/1.1" status: 201 len: 832 time: 0.6040912 /var/lib/openstack/lib/python3.10/site-packages/pycadf/identifier.py:71: UserWarning: Invalid uuid: neutron. To ensure interoperability, identifiers should be a valid uuid. warnings.warn(('Invalid uuid: %s. To ensure interoperability, '
2026-07-22 23:22:33.332 9 INFO neutron.wsgi [None req-a9d966c8-bed6-4408-ab71-76dbbf7c9ee0 12cff960db1542e38a5b2d52d8c94e3c 491ef249cd7643ada911d3630a168d1d - - default default] 10.0.0.216 "GET /v2.0/networks HTTP/1.1" status: 200 len: 4581 time: 0.1053922
2026-07-22 23:22:33.382 9 INFO neutron.wsgi [None req-de54f3c3-58d2-4214-8488-06897a52a3b7 12cff960db1542e38a5b2d52d8c94e3c 491ef249cd7643ada911d3630a168d1d - - default default] 10.0.0.216 "GET /v2.0/subnets HTTP/1.1" status: 200 len: 2754 time: 0.0437653
2026-07-22 23:22:33.543 9 INFO neutron.wsgi [None req-0abde7b8-b551-420c-ad21-e821c1472cf2 12cff960db1542e38a5b2d52d8c94e3c 491ef249cd7643ada911d3630a168d1d - - default default] 10.0.0.216 "GET /v2.0/routers HTTP/1.1" status: 200 len: 1372 time: 0.1572819
2026-07-22 23:22:33.552 10 WARNING neutron.scheduler.dhcp_agent_scheduler [None req-26826f29-dae2-42a4-aaac-d38b3929b932 6c06e6f3e68b4415b9ad23ef55b18ee3 5dc9833f98cf43309117530d33ffbeb8 - - - -] No more DHCP agents
2026-07-22 23:22:33.555 10 WARNING neutron.api.rpc.agentnotifiers.dhcp_rpc_agent_api [None req-26826f29-dae2-42a4-aaac-d38b3929b932 6c06e6f3e68b4415b9ad23ef55b18ee3 5dc9833f98cf43309117530d33ffbeb8 - - - -] Unable to schedule network 9111fb86-0cf0-4d9a-b417-2b6ee6a6100a: no agents available; will retry on subsequent port and subnet creation events.
2026-07-22 23:22:33.570 10 INFO neutron.db.ovn_revision_numbers_db [None req-26826f29-dae2-42a4-aaac-d38b3929b932 6c06e6f3e68b4415b9ad23ef55b18ee3 5dc9833f98cf43309117530d33ffbeb8 - - - -] Successfully bumped revision number for resource df161b34-fa50-4660-b82a-3519906feefa (type: subnets) to 0
2026-07-22 23:22:33.586 10 INFO neutron.wsgi [None req-26826f29-dae2-42a4-aaac-d38b3929b932 6c06e6f3e68b4415b9ad23ef55b18ee3 5dc9833f98cf43309117530d33ffbeb8 - - - -] 10.0.0.216 "POST /v2.0/subnets HTTP/1.1" status: 201 len: 821 time: 0.3277574
2026-07-22 23:22:33.773 10 INFO neutron.db.ovn_revision_numbers_db [None req-3842e26a-a2c6-4b43-91e3-24a541272467 22923918ffc14c87b5f60ad42d46b458 a95fb2e09ebe46d282f429652af4b6ca - - - -] Successfully bumped revision number for resource fd7eec25-34cf-4706-8387-7aa53043c87e (type: security_groups) to 1
2026-07-22 23:22:33.778 10 INFO neutron.db.ovn_revision_numbers_db [None req-9561bd55-ac15-4091-acc7-91ff523e04a4 6c06e6f3e68b4415b9ad23ef55b18ee3 5dc9833f98cf43309117530d33ffbeb8 - - - -] Successfully bumped revision number for resource b59ca932-3bd5-47a4-898c-3bfc7f627072 (type: routers) to 1
2026-07-22 23:22:33.797 10 INFO neutron.wsgi [None req-3842e26a-a2c6-4b43-91e3-24a541272467 22923918ffc14c87b5f60ad42d46b458 a95fb2e09ebe46d282f429652af4b6ca - - - -] 10.0.0.216 "POST /v2.0/security-groups HTTP/1.1" status: 201 len: 1811 time: 0.1976268
2026-07-22 23:22:33.800 10 INFO neutron.wsgi [None req-9561bd55-ac15-4091-acc7-91ff523e04a4 6c06e6f3e68b4415b9ad23ef55b18ee3 5dc9833f98cf43309117530d33ffbeb8 - - - -] 10.0.0.216 "POST /v2.0/routers HTTP/1.1" status: 201 len: 690 time: 0.2096298
2026-07-22 23:22:34.110 9 INFO neutron.wsgi [None req-c5dde084-05f2-4ed1-a907-99d12e5424e7 cf73f69d1f7e49a59cf81fa0f22f15b3 54c749f18dbc43a79f6dd70b33b72377 - - - -] 10.0.0.216 "DELETE /v2.0/routers/e17254d9-f75c-4a43-b3be-4c56223ab526 HTTP/1.1" status: 204 len: 168 time: 1.1508462
2026-07-22 23:22:34.234 10 INFO neutron.db.ovn_revision_numbers_db [None req-751756b1-c662-4782-afb2-6aedc7ea249c 22923918ffc14c87b5f60ad42d46b458 a95fb2e09ebe46d282f429652af4b6ca - - - -] Successfully bumped revision number for resource 695631b7-afa8-4abd-af88-09536f40b4b5 (type: security_group_rules) to 0
2026-07-22 23:22:34.275 9 INFO neutron.services.segments.plugin [-] Segment d56f25d4-2c43-4ca8-aeca-fea49f76222c resource provider aggregate not found
2026-07-22 23:22:34.281 10 INFO neutron.wsgi [None req-751756b1-c662-4782-afb2-6aedc7ea249c 22923918ffc14c87b5f60ad42d46b458 a95fb2e09ebe46d282f429652af4b6ca - - - -] 10.0.0.216 "POST /v2.0/security-group-rules HTTP/1.1" status: 201 len: 764 time: 0.4777057
2026-07-22 23:22:34.292 9 INFO neutron.services.segments.plugin [-] Segment d56f25d4-2c43-4ca8-aeca-fea49f76222c resource provider aggregate not found
2026-07-22 23:22:34.306 9 INFO neutron.services.segments.plugin [-] Segment d56f25d4-2c43-4ca8-aeca-fea49f76222c resource provider not found; error: Placement Client Error (4xx): {"errors": [{"status": 404, "title": "Not Found", "detail": "The resource could not be found.\n\n No resource provider with uuid d56f25d4-2c43-4ca8-aeca-fea49f76222c found for delete ", "request_id": "req-46172d3f-0c6b-4325-9095-aeaf05734f82"}]}
2026-07-22 23:22:34.327 9 INFO neutron.services.segments.plugin [-] Segment d56f25d4-2c43-4ca8-aeca-fea49f76222c resource provider not found; error: Placement Client Error (4xx): {"errors": [{"status": 404, "title": "Not Found", "detail": "The resource could not be found.\n\n No resource provider with uuid d56f25d4-2c43-4ca8-aeca-fea49f76222c found for delete ", "request_id": "req-eb633cfe-4759-4014-b7a0-9ac9d1802762"}]}
2026-07-22 23:22:34.395 10 INFO neutron.wsgi [-] 10.0.0.59 "GET / HTTP/1.1" status: 200 len: 246 time: 0.0013585
2026-07-22 23:22:34.396 10 INFO neutron.wsgi [-] 10.0.0.59 "GET / HTTP/1.1" status: 200 len: 246 time: 0.0009475
2026-07-22 23:22:34.406 9 INFO neutron.wsgi [None req-96315178-df53-427e-ab65-c338ff944b3a cf73f69d1f7e49a59cf81fa0f22f15b3 54c749f18dbc43a79f6dd70b33b72377 - - - -] 10.0.0.216 "DELETE /v2.0/subnets/2b2d8542-c516-4f19-9550-11b96740db76 HTTP/1.1" status: 204 len: 168 time: 0.2904191
2026-07-22 23:22:34.429 9 INFO neutron.db.ovn_revision_numbers_db [None req-5d245769-aeec-4d93-9373-fa2e254e5815 cf73f69d1f7e49a59cf81fa0f22f15b3 54c749f18dbc43a79f6dd70b33b72377 - - default default] Successfully bumped revision number for resource 822c74e6-3181-497c-8091-6667e67d334d (type: security_groups) to 1
2026-07-22 23:22:34.454 9 INFO neutron.wsgi [None req-5d245769-aeec-4d93-9373-fa2e254e5815 cf73f69d1f7e49a59cf81fa0f22f15b3 54c749f18dbc43a79f6dd70b33b72377 - - default default] 10.0.0.216 "GET /v2.0/security-groups?tenant_id=15704470df0547b78f7319326e2539d9&name=default HTTP/1.1" status: 200 len: 2996 time: 0.3982232
2026-07-22 23:22:34.504 10 WARNING neutron.scheduler.dhcp_agent_scheduler [None req-d984f07f-d16a-49c5-a63c-f907a55b264e 6c06e6f3e68b4415b9ad23ef55b18ee3 5dc9833f98cf43309117530d33ffbeb8 - - - -] No more DHCP agents
2026-07-22 23:22:34.509 10 WARNING neutron.api.rpc.agentnotifiers.dhcp_rpc_agent_api [None req-d984f07f-d16a-49c5-a63c-f907a55b264e 6c06e6f3e68b4415b9ad23ef55b18ee3 5dc9833f98cf43309117530d33ffbeb8 - - - -] Unable to schedule network 9111fb86-0cf0-4d9a-b417-2b6ee6a6100a: no agents available; will retry on subsequent port and subnet creation events.
2026-07-22 23:22:34.532 10 INFO neutron.db.ovn_revision_numbers_db [None req-68e58076-a4b1-44e7-815e-32d7f34078ec 22923918ffc14c87b5f60ad42d46b458 a95fb2e09ebe46d282f429652af4b6ca - - - -] Successfully bumped revision number for resource 023225fa-f2a8-4e0d-b9b3-f0b92522a419 (type: security_group_rules) to 0
2026-07-22 23:22:34.576 10 INFO neutron.wsgi [None req-68e58076-a4b1-44e7-815e-32d7f34078ec 22923918ffc14c87b5f60ad42d46b458 a95fb2e09ebe46d282f429652af4b6ca - - - -] 10.0.0.216 "POST /v2.0/security-group-rules HTTP/1.1" status: 201 len: 763 time: 0.2866676
2026-07-22 23:22:34.613 10 WARNING neutron.plugins.ml2.drivers.ovn.mech_driver.ovsdb.ovn_client [None req-bc687c49-6adf-4944-a055-3629312b5243 - - - - - -] No port found with ID b2fc66fa-ad85-4941-b9a8-21f396a614e6: RuntimeError: No port found with ID b2fc66fa-ad85-4941-b9a8-21f396a614e6
2026-07-22 23:22:34.668 9 INFO neutron.wsgi [None req-532ba1c3-38cf-4eca-ab78-61220591ff7a cf73f69d1f7e49a59cf81fa0f22f15b3 54c749f18dbc43a79f6dd70b33b72377 - - - -] 10.0.0.216 "DELETE /v2.0/security-groups/822c74e6-3181-497c-8091-6667e67d334d HTTP/1.1" status: 204 len: 168 time: 0.2086561
2026-07-22 23:22:34.692 10 INFO neutron.plugins.ml2.drivers.ovn.mech_driver.mech_driver [None req-bc687c49-6adf-4944-a055-3629312b5243 - - - - - -] OVN reports status up for port: ae4de8b4-e387-4ac6-aeac-3c6c25768678
2026-07-22 23:22:34.710 9 INFO neutron.db.ovn_revision_numbers_db [None req-560fdd73-aba2-49c5-b8e1-5a8770068442 22923918ffc14c87b5f60ad42d46b458 a95fb2e09ebe46d282f429652af4b6ca - - - -] Successfully bumped revision number for resource 22ffd8fd-01a8-407b-a224-504cdda66912 (type: security_group_rules) to 0
2026-07-22 23:22:34.734 10 INFO neutron.plugins.ml2.plugin [None req-bc687c49-6adf-4944-a055-3629312b5243 - - - - - -] Attempt 1 to provision port ae4de8b4-e387-4ac6-aeac-3c6c25768678
2026-07-22 23:22:34.742 9 INFO neutron.wsgi [None req-560fdd73-aba2-49c5-b8e1-5a8770068442 22923918ffc14c87b5f60ad42d46b458 a95fb2e09ebe46d282f429652af4b6ca - - - -] 10.0.0.216 "POST /v2.0/security-group-rules HTTP/1.1" status: 201 len: 769 time: 0.1584990
2026-07-22 23:22:34.776 10 INFO neutron.db.ovn_revision_numbers_db [None req-d984f07f-d16a-49c5-a63c-f907a55b264e 6c06e6f3e68b4415b9ad23ef55b18ee3 5dc9833f98cf43309117530d33ffbeb8 - - - -] Successfully bumped revision number for resource 7ce1e023-63dc-4bfe-9670-5ba30aa5171e (type: ports) to 1
2026-07-22 23:22:34.810 10 INFO neutron.wsgi [None req-d984f07f-d16a-49c5-a63c-f907a55b264e 6c06e6f3e68b4415b9ad23ef55b18ee3 5dc9833f98cf43309117530d33ffbeb8 - - - -] 10.0.0.216 "POST /v2.0/ports HTTP/1.1" status: 201 len: 1162 time: 1.0055106
2026-07-22 23:22:34.865 10 INFO neutron.plugins.ml2.drivers.ovn.mech_driver.mech_driver [None req-bc687c49-6adf-4944-a055-3629312b5243 - - - - - -] OVN reports status up for port: 6cbc2be9-b19a-4f46-bde4-a9c2e41b8bb1
2026-07-22 23:22:34.873 10 INFO neutron.plugins.ml2.plugin [None req-bc687c49-6adf-4944-a055-3629312b5243 - - - - - -] Attempt 1 to provision port 6cbc2be9-b19a-4f46-bde4-a9c2e41b8bb1
2026-07-22 23:22:34.997 9 INFO neutron.db.ovn_revision_numbers_db [None req-9f652cec-9fae-4b4b-b2df-d1f0cf5be99d 22923918ffc14c87b5f60ad42d46b458 a95fb2e09ebe46d282f429652af4b6ca - - - -] Successfully bumped revision number for resource 3dcf2969-0bc8-4d97-8e32-2742a742979b (type: security_group_rules) to 0
2026-07-22 23:22:35.005 10 INFO neutron.services.segments.plugin [-] Segment 32f11a97-2e1a-472b-a67a-5f7ea0e64ff0 resource provider aggregate not found
2026-07-22 23:22:35.009 10 INFO neutron.services.segments.plugin [-] Segment 32f11a97-2e1a-472b-a67a-5f7ea0e64ff0 resource provider aggregate not found
2026-07-22 23:22:35.029 9 INFO neutron.db.ovn_revision_numbers_db [None req-7efe3db1-51dd-4fdc-b128-5cc813b9db98 cf73f69d1f7e49a59cf81fa0f22f15b3 54c749f18dbc43a79f6dd70b33b72377 - - default default] Successfully bumped revision number for resource 0620b814-4f9b-432f-a87b-f48d4c61d74a (type: security_groups) to 1
2026-07-22 23:22:35.034 10 INFO neutron.services.segments.plugin [-] Segment 32f11a97-2e1a-472b-a67a-5f7ea0e64ff0 resource provider not found; error: Placement Client Error (4xx): {"errors": [{"status": 404, "title": "Not Found", "detail": "The resource could not be found.\n\n No resource provider with uuid 32f11a97-2e1a-472b-a67a-5f7ea0e64ff0 found for delete ", "request_id": "req-1a27386c-b279-4ffc-87c8-c0e6df4a0463"}]}
2026-07-22 23:22:35.037 10 INFO neutron.services.segments.plugin [-] Segment 32f11a97-2e1a-472b-a67a-5f7ea0e64ff0 resource provider not found; error: Placement Client Error (4xx): {"errors": [{"status": 404, "title": "Not Found", "detail": "The resource could not be found.\n\n No resource provider with uuid 32f11a97-2e1a-472b-a67a-5f7ea0e64ff0 found for delete ", "request_id": "req-712a4e9b-40dd-48d5-b46e-fcac9889995e"}]}
2026-07-22 23:22:35.038 9 INFO neutron.wsgi [None req-9f652cec-9fae-4b4b-b2df-d1f0cf5be99d 22923918ffc14c87b5f60ad42d46b458 a95fb2e09ebe46d282f429652af4b6ca - - - -] 10.0.0.216 "POST /v2.0/security-group-rules HTTP/1.1" status: 201 len: 768 time: 0.2913561 /var/lib/openstack/lib/python3.10/site-packages/pycadf/identifier.py:71: UserWarning: Invalid uuid: neutron. To ensure interoperability, identifiers should be a valid uuid. warnings.warn(('Invalid uuid: %s. To ensure interoperability, '
2026-07-22 23:22:35.056 9 INFO neutron.wsgi [None req-7efe3db1-51dd-4fdc-b128-5cc813b9db98 cf73f69d1f7e49a59cf81fa0f22f15b3 54c749f18dbc43a79f6dd70b33b72377 - - default default] 10.0.0.216 "GET /v2.0/security-groups?tenant_id=0baeed71cb944b6782ebd2f2e353c51e&name=default HTTP/1.1" status: 200 len: 2996 time: 0.2618527
2026-07-22 23:22:35.065 10 INFO neutron.wsgi [None req-5efb3d2d-9032-4831-9b84-66accac87498 cf73f69d1f7e49a59cf81fa0f22f15b3 54c749f18dbc43a79f6dd70b33b72377 - - - -] 10.0.0.216 "DELETE /v2.0/networks/5a86d808-0e44-48f7-afa2-7481e9d2544a HTTP/1.1" status: 204 len: 168 time: 0.6478515
2026-07-22 23:22:35.101 10 INFO neutron.db.securitygroups_db [None req-0f987ec9-a834-4fc1-a9d4-c79caf003181 22923918ffc14c87b5f60ad42d46b458 a95fb2e09ebe46d282f429652af4b6ca - - - -] Project a95fb2e09ebe46d282f429652af4b6ca added a security group rule with legacy IPv6 ICMP protocol name icmp, ipv6-icmp should be used instead. It was automatically converted.
2026-07-22 23:22:35.210 10 INFO neutron.db.ovn_revision_numbers_db [None req-bc687c49-6adf-4944-a055-3629312b5243 - - - - - -] Successfully bumped revision number for resource 6cbc2be9-b19a-4f46-bde4-a9c2e41b8bb1 (type: ports) to 3
2026-07-22 23:22:35.213 10 INFO neutron.db.ovn_revision_numbers_db [None req-0f987ec9-a834-4fc1-a9d4-c79caf003181 22923918ffc14c87b5f60ad42d46b458 a95fb2e09ebe46d282f429652af4b6ca - - - -] Successfully bumped revision number for resource 3a0bf36c-cd7b-47e2-9e69-5e93eb65756a (type: security_group_rules) to 0
2026-07-22 23:22:35.261 10 INFO neutron.wsgi [None req-0f987ec9-a834-4fc1-a9d4-c79caf003181 22923918ffc14c87b5f60ad42d46b458 a95fb2e09ebe46d282f429652af4b6ca - - - -] 10.0.0.216 "POST /v2.0/security-group-rules HTTP/1.1" status: 201 len: 774 time: 0.2155542
2026-07-22 23:22:35.312 10 INFO neutron.db.securitygroups_db [None req-3df68fb4-e3d5-46d1-ad61-403dedc25daa 22923918ffc14c87b5f60ad42d46b458 a95fb2e09ebe46d282f429652af4b6ca - - - -] Project a95fb2e09ebe46d282f429652af4b6ca added a security group rule with legacy IPv6 ICMP protocol name icmp, ipv6-icmp should be used instead. It was automatically converted.
2026-07-22 23:22:35.334 10 INFO neutron.db.ovn_revision_numbers_db [None req-bc687c49-6adf-4944-a055-3629312b5243 - - - - - -] Successfully bumped revision number for resource 6cbc2be9-b19a-4f46-bde4-a9c2e41b8bb1 (type: router_ports) to 3
2026-07-22 23:22:35.336 9 INFO neutron.wsgi [None req-07defdbe-f8ef-49e2-bf87-61b532926979 cf73f69d1f7e49a59cf81fa0f22f15b3 54c749f18dbc43a79f6dd70b33b72377 - - default default] 10.0.0.216 "GET /v2.0/security-groups?tenant_id=3329767e4a0f4fccb1752c48125690e0&name=default HTTP/1.1" status: 200 len: 2996 time: 0.1015356 /var/lib/openstack/lib/python3.10/site-packages/pycadf/identifier.py:71: UserWarning: Invalid uuid: neutron. To ensure interoperability, identifiers should be a valid uuid. warnings.warn(('Invalid uuid: %s. To ensure interoperability, '
2026-07-22 23:22:35.365 9 INFO neutron.db.ovn_revision_numbers_db [None req-c51a9b60-5eee-4900-8fb8-413c793d04f1 6c06e6f3e68b4415b9ad23ef55b18ee3 5dc9833f98cf43309117530d33ffbeb8 - - default default] Successfully bumped revision number for resource 7ce1e023-63dc-4bfe-9670-5ba30aa5171e (type: router_ports) to 2
2026-07-22 23:22:35.391 9 INFO neutron.wsgi [None req-98ffca8c-96de-4316-ba31-d7d435eddcbb cf73f69d1f7e49a59cf81fa0f22f15b3 54c749f18dbc43a79f6dd70b33b72377 - - - -] 10.0.0.216 "DELETE /v2.0/security-groups/0620b814-4f9b-432f-a87b-f48d4c61d74a HTTP/1.1" status: 204 len: 168 time: 0.3292949
2026-07-22 23:22:35.448 10 INFO neutron.db.ovn_revision_numbers_db [None req-3df68fb4-e3d5-46d1-ad61-403dedc25daa 22923918ffc14c87b5f60ad42d46b458 a95fb2e09ebe46d282f429652af4b6ca - - - -] Successfully bumped revision number for resource ce446abf-10e3-4cc4-b7a9-6142181a56fa (type: security_group_rules) to 0
2026-07-22 23:22:35.477 10 INFO neutron.wsgi [None req-3df68fb4-e3d5-46d1-ad61-403dedc25daa 22923918ffc14c87b5f60ad42d46b458 a95fb2e09ebe46d282f429652af4b6ca - - - -] 10.0.0.216 "POST /v2.0/security-group-rules HTTP/1.1" status: 201 len: 773 time: 0.2028852
2026-07-22 23:22:35.530 9 INFO neutron.db.ovn_revision_numbers_db [None req-c51a9b60-5eee-4900-8fb8-413c793d04f1 6c06e6f3e68b4415b9ad23ef55b18ee3 5dc9833f98cf43309117530d33ffbeb8 - - default default] Successfully bumped revision number for resource 7ce1e023-63dc-4bfe-9670-5ba30aa5171e (type: ports) to 2
2026-07-22 23:22:35.669 9 INFO neutron.wsgi [None req-81148a6a-f4d6-4290-9093-5d2b51aa3361 cf73f69d1f7e49a59cf81fa0f22f15b3 54c749f18dbc43a79f6dd70b33b72377 - - - -] 10.0.0.216 "DELETE /v2.0/security-groups/0e0e3470-9c57-466d-a198-084de76b984d HTTP/1.1" status: 204 len: 168 time: 0.3281789
2026-07-22 23:22:35.997 9 INFO neutron.db.ovn_revision_numbers_db [None req-c51a9b60-5eee-4900-8fb8-413c793d04f1 6c06e6f3e68b4415b9ad23ef55b18ee3 5dc9833f98cf43309117530d33ffbeb8 - - default default] Successfully bumped revision number for resource 7ce1e023-63dc-4bfe-9670-5ba30aa5171e (type: router_ports) to 3
2026-07-22 23:22:36.086 9 INFO neutron.db.ovn_revision_numbers_db [None req-c51a9b60-5eee-4900-8fb8-413c793d04f1 6c06e6f3e68b4415b9ad23ef55b18ee3 5dc9833f98cf43309117530d33ffbeb8 - - default default] Successfully bumped revision number for resource 7ce1e023-63dc-4bfe-9670-5ba30aa5171e (type: ports) to 3
2026-07-22 23:22:36.139 10 INFO neutron.wsgi [None req-f0243786-4c92-4e65-a004-39a86d83c140 22923918ffc14c87b5f60ad42d46b458 a95fb2e09ebe46d282f429652af4b6ca - - default default] 10.0.0.216 "GET /v2.0/networks HTTP/1.1" status: 200 len: 1492 time: 0.2233551
2026-07-22 23:22:36.178 9 WARNING neutron.scheduler.dhcp_agent_scheduler [None req-c51a9b60-5eee-4900-8fb8-413c793d04f1 6c06e6f3e68b4415b9ad23ef55b18ee3 5dc9833f98cf43309117530d33ffbeb8 - - default default] No more DHCP agents
2026-07-22 23:22:36.179 9 WARNING neutron.api.rpc.agentnotifiers.dhcp_rpc_agent_api [None req-c51a9b60-5eee-4900-8fb8-413c793d04f1 6c06e6f3e68b4415b9ad23ef55b18ee3 5dc9833f98cf43309117530d33ffbeb8 - - default default] Unable to schedule network 9111fb86-0cf0-4d9a-b417-2b6ee6a6100a: no agents available; will retry on subsequent port and subnet creation events.
2026-07-22 23:22:36.309 10 INFO neutron.wsgi [req-c220ce4e-11df-4bb8-96fc-320745afe126 req-bf2edd4d-b8dc-4a94-8ae7-156b82ffbd62 22923918ffc14c87b5f60ad42d46b458 a95fb2e09ebe46d282f429652af4b6ca - - default default] 10.0.0.112 "GET /v2.0/security-groups?name=tempest-secgroup-smoke-1882395817&fields=id&tenant_id=a95fb2e09ebe46d282f429652af4b6ca HTTP/1.1" status: 200 len: 267 time: 0.0735245
2026-07-22 23:22:36.393 9 INFO neutron.db.ovn_revision_numbers_db [None req-c51a9b60-5eee-4900-8fb8-413c793d04f1 6c06e6f3e68b4415b9ad23ef55b18ee3 5dc9833f98cf43309117530d33ffbeb8 - - - -] Successfully bumped revision number for resource 7ce1e023-63dc-4bfe-9670-5ba30aa5171e (type: router_ports) to 3
2026-07-22 23:22:36.395 10 INFO neutron.wsgi [req-c220ce4e-11df-4bb8-96fc-320745afe126 req-803e88f3-439d-4d2b-9c40-a69737456906 22923918ffc14c87b5f60ad42d46b458 a95fb2e09ebe46d282f429652af4b6ca - - default default] 10.0.0.112 "GET /v2.0/networks?id=b78e26b0-4b9a-49f6-ac10-06c48ead53fc HTTP/1.1" status: 200 len: 859 time: 0.0778508
2026-07-22 23:22:36.396 9 INFO neutron.wsgi [None req-c51a9b60-5eee-4900-8fb8-413c793d04f1 6c06e6f3e68b4415b9ad23ef55b18ee3 5dc9833f98cf43309117530d33ffbeb8 - - - -] 10.0.0.216 "PUT /v2.0/routers/b59ca932-3bd5-47a4-898c-3bfc7f627072/add_router_interface HTTP/1.1" status: 200 len: 503 time: 1.5798190
2026-07-22 23:22:36.441 10 INFO neutron.wsgi [None req-d9497239-2702-47f8-9095-9b3506d6018e 6c06e6f3e68b4415b9ad23ef55b18ee3 5dc9833f98cf43309117530d33ffbeb8 - - default default] 10.0.0.216 "GET /v2.0/ports/7ce1e023-63dc-4bfe-9670-5ba30aa5171e HTTP/1.1" status: 200 len: 1218 time: 0.0406797
2026-07-22 23:22:36.443 10 INFO neutron.wsgi [req-c220ce4e-11df-4bb8-96fc-320745afe126 req-b13b266f-bc4f-4a48-bd1b-f059df62907f 22923918ffc14c87b5f60ad42d46b458 a95fb2e09ebe46d282f429652af4b6ca - - default default] 10.0.0.112 "GET /v2.0/quotas/a95fb2e09ebe46d282f429652af4b6ca HTTP/1.1" status: 200 len: 386 time: 0.0329273
2026-07-22 23:22:36.669 10 INFO neutron.wsgi [req-c220ce4e-11df-4bb8-96fc-320745afe126 req-194eb9f9-b993-4fa5-8b0d-26111c13e759 22923918ffc14c87b5f60ad42d46b458 a95fb2e09ebe46d282f429652af4b6ca - - default default] 10.0.0.112 "GET /v2.0/ports?tenant_id=a95fb2e09ebe46d282f429652af4b6ca&fields=id HTTP/1.1" status: 200 len: 302 time: 0.2161767 /var/lib/openstack/lib/python3.10/site-packages/pycadf/identifier.py:71: UserWarning: Invalid uuid: neutron. To ensure interoperability, identifiers should be a valid uuid. warnings.warn(('Invalid uuid: %s. To ensure interoperability, '
2026-07-22 23:22:36.802 10 INFO neutron.wsgi [req-c220ce4e-11df-4bb8-96fc-320745afe126 req-7c1cd346-b257-42ad-a249-1b04d41f99b8 404045f7f66148ca87b33c3deb64ffac e48df614e2a542a690e1cc22a276933b - - 5e99659270f44b0f8c46fcb0fc3691df 5e99659270f44b0f8c46fcb0fc3691df] 10.0.0.112 "GET /v2.0/networks/b78e26b0-4b9a-49f6-ac10-06c48ead53fc?fields=segments HTTP/1.1" status: 200 len: 212 time: 0.1169579
2026-07-22 23:22:36.877 10 INFO neutron.wsgi [req-c220ce4e-11df-4bb8-96fc-320745afe126 req-d537690e-dbf1-44f5-92b1-b3efe01f9ca3 404045f7f66148ca87b33c3deb64ffac e48df614e2a542a690e1cc22a276933b - - 5e99659270f44b0f8c46fcb0fc3691df 5e99659270f44b0f8c46fcb0fc3691df] 10.0.0.112 "GET /v2.0/networks/b78e26b0-4b9a-49f6-ac10-06c48ead53fc?fields=provider%3Aphysical_network&fields=provider%3Anetwork_type HTTP/1.1" status: 200 len: 277 time: 0.0666430 /var/lib/openstack/lib/python3.10/site-packages/pycadf/identifier.py:71: UserWarning: Invalid uuid: neutron. To ensure interoperability, identifiers should be a valid uuid. warnings.warn(('Invalid uuid: %s. To ensure interoperability, '
2026-07-22 23:22:37.031 9 INFO neutron.wsgi [req-96152f68-05ed-4696-8477-1276100c3fc2 req-0ca55183-7a33-4623-954f-fa94589753e8 22923918ffc14c87b5f60ad42d46b458 a95fb2e09ebe46d282f429652af4b6ca - - default default] 10.0.0.112 "GET /v2.0/ports?device_id=7efcdf65-d8e0-43e4-81f4-785bf6ee853f HTTP/1.1" status: 200 len: 210 time: 0.0308645
2026-07-22 23:22:37.502 10 INFO neutron.wsgi [None req-aaff06d2-55cc-4308-a22d-c37b9f57cf57 6c06e6f3e68b4415b9ad23ef55b18ee3 5dc9833f98cf43309117530d33ffbeb8 - - - -] 10.0.0.216 "PUT /v2.0/routers/b59ca932-3bd5-47a4-898c-3bfc7f627072/remove_router_interface HTTP/1.1" status: 200 len: 503 time: 1.0541439 /var/lib/openstack/lib/python3.10/site-packages/pycadf/identifier.py:71: UserWarning: Invalid uuid: neutron. To ensure interoperability, identifiers should be a valid uuid. warnings.warn(('Invalid uuid: %s. To ensure interoperability, '
2026-07-22 23:22:37.590 10 INFO neutron.api.v2.resource [None req-eab05673-e8c5-4520-b685-d79380d0d3b3 6c06e6f3e68b4415b9ad23ef55b18ee3 5dc9833f98cf43309117530d33ffbeb8 - - default default] remove_router_interface failed (client error): The resource could not be found.
2026-07-22 23:22:37.592 10 INFO neutron.wsgi [None req-eab05673-e8c5-4520-b685-d79380d0d3b3 6c06e6f3e68b4415b9ad23ef55b18ee3 5dc9833f98cf43309117530d33ffbeb8 - - default default] 10.0.0.216 "PUT /v2.0/routers/b59ca932-3bd5-47a4-898c-3bfc7f627072/remove_router_interface HTTP/1.1" status: 404 len: 398 time: 0.0850511
2026-07-22 23:22:37.621 10 INFO neutron.wsgi [None req-5be1be2e-6b5e-49d7-a0ce-fa5b08cb6dff 6c06e6f3e68b4415b9ad23ef55b18ee3 5dc9833f98cf43309117530d33ffbeb8 - - default default] 10.0.0.216 "GET /v2.0/ports?device_id=b59ca932-3bd5-47a4-898c-3bfc7f627072 HTTP/1.1" status: 200 len: 205 time: 0.0235302
2026-07-22 23:22:37.846 10 INFO neutron.wsgi [req-c220ce4e-11df-4bb8-96fc-320745afe126 req-48683a72-ecd8-48da-b448-c42d26bc3b81 22923918ffc14c87b5f60ad42d46b458 a95fb2e09ebe46d282f429652af4b6ca - - default default] 199.19.213.74 "GET /v2.0/networks?id=b78e26b0-4b9a-49f6-ac10-06c48ead53fc HTTP/1.1" status: 200 len: 859 time: 0.1202958
2026-07-22 23:22:37.873 10 INFO neutron.wsgi [None req-28c0d27f-4bee-420b-b1e5-2a6ac5973bbb 6c06e6f3e68b4415b9ad23ef55b18ee3 5dc9833f98cf43309117530d33ffbeb8 - - - -] 10.0.0.216 "DELETE /v2.0/routers/b59ca932-3bd5-47a4-898c-3bfc7f627072 HTTP/1.1" status: 204 len: 168 time: 0.2477665
2026-07-22 23:22:37.912 10 INFO neutron.wsgi [req-c220ce4e-11df-4bb8-96fc-320745afe126 req-2ca389ee-a72c-4521-8113-eccc8cc44972 22923918ffc14c87b5f60ad42d46b458 a95fb2e09ebe46d282f429652af4b6ca - - default default] 199.19.213.74 "GET /v2.0/security-groups?fields=id&fields=name&tenant_id=a95fb2e09ebe46d282f429652af4b6ca HTTP/1.1" status: 200 len: 380 time: 0.0561287
2026-07-22 23:22:38.137 9 INFO neutron.wsgi [req-b7c45172-6a2b-4e52-a985-153d1a61edda req-900f7c04-028c-40a2-8959-b071411e80ad 22923918ffc14c87b5f60ad42d46b458 a95fb2e09ebe46d282f429652af4b6ca - - default default] 10.0.0.112 "GET /v2.0/ports?device_id=7efcdf65-d8e0-43e4-81f4-785bf6ee853f HTTP/1.1" status: 200 len: 210 time: 0.0287445
2026-07-22 23:22:38.170 10 INFO neutron.wsgi [None req-3d05982e-cc7c-4cca-b636-6b7f2fc46ef3 6c06e6f3e68b4415b9ad23ef55b18ee3 5dc9833f98cf43309117530d33ffbeb8 - - - -] 10.0.0.216 "DELETE /v2.0/subnets/df161b34-fa50-4660-b82a-3519906feefa HTTP/1.1" status: 204 len: 168 time: 0.2927001
2026-07-22 23:22:38.387 10 WARNING neutron.scheduler.dhcp_agent_scheduler [None req-5a3e0a0a-feb7-4777-9b8e-7a8b2f2380c8 22923918ffc14c87b5f60ad42d46b458 a95fb2e09ebe46d282f429652af4b6ca - - - -] No more DHCP agents
2026-07-22 23:22:38.390 10 WARNING neutron.api.rpc.agentnotifiers.dhcp_rpc_agent_api [None req-5a3e0a0a-feb7-4777-9b8e-7a8b2f2380c8 22923918ffc14c87b5f60ad42d46b458 a95fb2e09ebe46d282f429652af4b6ca - - - -] Unable to schedule network b78e26b0-4b9a-49f6-ac10-06c48ead53fc: no agents available; will retry on subsequent port and subnet creation events.
2026-07-22 23:22:38.576 10 INFO neutron.db.ovn_revision_numbers_db [None req-5a3e0a0a-feb7-4777-9b8e-7a8b2f2380c8 22923918ffc14c87b5f60ad42d46b458 a95fb2e09ebe46d282f429652af4b6ca - - - -] Successfully bumped revision number for resource e4272823-1c70-4df0-88c6-eaf71412a47b (type: ports) to 1
2026-07-22 23:22:38.619 10 INFO neutron.wsgi [None req-5a3e0a0a-feb7-4777-9b8e-7a8b2f2380c8 22923918ffc14c87b5f60ad42d46b458 a95fb2e09ebe46d282f429652af4b6ca - - - -] 199.19.213.74 "POST /v2.0/ports HTTP/1.1" status: 201 len: 1162 time: 0.6854749 /var/lib/openstack/lib/python3.10/site-packages/pycadf/identifier.py:71: UserWarning: Invalid uuid: neutron. To ensure interoperability, identifiers should be a valid uuid. warnings.warn(('Invalid uuid: %s. To ensure interoperability, '
2026-07-22 23:22:38.647 9 INFO neutron.services.segments.plugin [-] Segment cb26705c-2d11-4a5a-b22c-241de5a01598 resource provider aggregate not found
2026-07-22 23:22:38.652 9 INFO neutron.services.segments.plugin [-] Segment cb26705c-2d11-4a5a-b22c-241de5a01598 resource provider aggregate not found
2026-07-22 23:22:38.675 9 INFO neutron.services.segments.plugin [-] Segment cb26705c-2d11-4a5a-b22c-241de5a01598 resource provider not found; error: Placement Client Error (4xx): {"errors": [{"status": 404, "title": "Not Found", "detail": "The resource could not be found.\n\n No resource provider with uuid cb26705c-2d11-4a5a-b22c-241de5a01598 found for delete ", "request_id": "req-924f98f6-e7c9-4082-9ad6-5c75df1e5bac"}]}
2026-07-22 23:22:38.678 9 INFO neutron.services.segments.plugin [-] Segment cb26705c-2d11-4a5a-b22c-241de5a01598 resource provider not found; error: Placement Client Error (4xx): {"errors": [{"status": 404, "title": "Not Found", "detail": "The resource could not be found.\n\n No resource provider with uuid cb26705c-2d11-4a5a-b22c-241de5a01598 found for delete ", "request_id": "req-2012d4ea-eb5f-43af-b617-3c5050c81a90"}]}
2026-07-22 23:22:38.688 9 INFO neutron.wsgi [None req-d868bbb7-cb19-4e2e-9d97-69f3b4099081 6c06e6f3e68b4415b9ad23ef55b18ee3 5dc9833f98cf43309117530d33ffbeb8 - - - -] 10.0.0.216 "DELETE /v2.0/networks/9111fb86-0cf0-4d9a-b417-2b6ee6a6100a HTTP/1.1" status: 204 len: 168 time: 0.5072098
2026-07-22 23:22:38.791 9 INFO neutron.db.segments_db [None req-424ae155-569c-4cd5-8e2a-771d333f7601 6c06e6f3e68b4415b9ad23ef55b18ee3 5dc9833f98cf43309117530d33ffbeb8 - - - -] Added segment ab4dc86a-b6af-40f7-bfdc-6f2c329ec6a8 of type geneve for network 84f3fa8d-617d-40f7-a7e5-79989cc68dd7
2026-07-22 23:22:38.949 9 INFO neutron.db.ovn_revision_numbers_db [None req-424ae155-569c-4cd5-8e2a-771d333f7601 6c06e6f3e68b4415b9ad23ef55b18ee3 5dc9833f98cf43309117530d33ffbeb8 - - - -] Successfully bumped revision number for resource 84f3fa8d-617d-40f7-a7e5-79989cc68dd7 (type: networks) to 1
2026-07-22 23:22:39.052 10 INFO neutron.db.ovn_revision_numbers_db [None req-19904243-bfde-4444-8e8a-180d1f71c50c 404045f7f66148ca87b33c3deb64ffac e48df614e2a542a690e1cc22a276933b - - - -] Successfully bumped revision number for resource e4272823-1c70-4df0-88c6-eaf71412a47b (type: ports) to 2 /var/lib/openstack/lib/python3.10/site-packages/pycadf/identifier.py:71: UserWarning: Invalid uuid: neutron. To ensure interoperability, identifiers should be a valid uuid. warnings.warn(('Invalid uuid: %s. To ensure interoperability, '
2026-07-22 23:22:39.251 10 INFO neutron.db.ovn_revision_numbers_db [None req-19904243-bfde-4444-8e8a-180d1f71c50c 404045f7f66148ca87b33c3deb64ffac e48df614e2a542a690e1cc22a276933b - - - -] Successfully bumped revision number for resource e4272823-1c70-4df0-88c6-eaf71412a47b (type: ports) to 2
2026-07-22 23:22:39.252 9 INFO neutron.db.ovn_revision_numbers_db [None req-36d5b749-45c9-4d2f-9ed3-852ac094beae cf73f69d1f7e49a59cf81fa0f22f15b3 54c749f18dbc43a79f6dd70b33b72377 - - default default] Successfully bumped revision number for resource 094cf586-0826-4088-8fb8-a854329fc82b (type: security_groups) to 1
2026-07-22 23:22:39.269 10 INFO neutron.wsgi [req-e01690ea-3b08-418a-9358-240e29d74a1c req-e3ee2353-ac76-4184-bb74-fc2f73cb7336 22923918ffc14c87b5f60ad42d46b458 a95fb2e09ebe46d282f429652af4b6ca - - default default] 10.0.0.112 "GET /v2.0/ports?device_id=7efcdf65-d8e0-43e4-81f4-785bf6ee853f HTTP/1.1" status: 200 len: 1172 time: 0.0498950
2026-07-22 23:22:39.279 10 INFO neutron.wsgi [None req-19904243-bfde-4444-8e8a-180d1f71c50c 404045f7f66148ca87b33c3deb64ffac e48df614e2a542a690e1cc22a276933b - - - -] 199.19.213.74 "PUT /v2.0/ports/e4272823-1c70-4df0-88c6-eaf71412a47b HTTP/1.1" status: 200 len: 1332 time: 0.6526091
2026-07-22 23:22:39.306 9 INFO neutron.wsgi [None req-36d5b749-45c9-4d2f-9ed3-852ac094beae cf73f69d1f7e49a59cf81fa0f22f15b3 54c749f18dbc43a79f6dd70b33b72377 - - default default] 10.0.0.216 "GET /v2.0/security-groups?tenant_id=2e1f506e4c604a4bb64166fe95417076&name=default HTTP/1.1" status: 200 len: 2996 time: 0.5844786
2026-07-22 23:22:39.320 10 INFO neutron.notifiers.nova [-] Nova event matching ['req-2b92302f-bdf4-4d22-afd2-7f3ad6e026c2'] response: {'name': 'network-changed', 'server_uuid': '7efcdf65-d8e0-43e4-81f4-785bf6ee853f', 'tag': 'e4272823-1c70-4df0-88c6-eaf71412a47b', 'status': 'completed', 'code': 200}
2026-07-22 23:22:39.336 10 INFO neutron.wsgi [req-e01690ea-3b08-418a-9358-240e29d74a1c req-1a386727-12f9-4c0b-9156-779de6dd0603 22923918ffc14c87b5f60ad42d46b458 a95fb2e09ebe46d282f429652af4b6ca - - default default] 10.0.0.112 "GET /v2.0/security-groups?id=fd7eec25-34cf-4706-8387-7aa53043c87e&fields=id&fields=name HTTP/1.1" status: 200 len: 313 time: 0.0608494
2026-07-22 23:22:39.366 10 INFO neutron.wsgi [req-c220ce4e-11df-4bb8-96fc-320745afe126 req-e5003d20-a989-4216-990e-c9632556ddcf 404045f7f66148ca87b33c3deb64ffac e48df614e2a542a690e1cc22a276933b - - 5e99659270f44b0f8c46fcb0fc3691df 5e99659270f44b0f8c46fcb0fc3691df] 199.19.213.74 "GET /v2.0/ports?tenant_id=a95fb2e09ebe46d282f429652af4b6ca&device_id=7efcdf65-d8e0-43e4-81f4-785bf6ee853f HTTP/1.1" status: 200 len: 1363 time: 0.0404983
2026-07-22 23:22:39.399 10 INFO neutron.wsgi [req-c220ce4e-11df-4bb8-96fc-320745afe126 req-ec5aa2bc-c69a-45ab-bd36-96bec6bac26b 404045f7f66148ca87b33c3deb64ffac e48df614e2a542a690e1cc22a276933b - - 5e99659270f44b0f8c46fcb0fc3691df 5e99659270f44b0f8c46fcb0fc3691df] 199.19.213.74 "GET /v2.0/floatingips?fixed_ip_address=10.100.0.11&port_id=e4272823-1c70-4df0-88c6-eaf71412a47b HTTP/1.1" status: 200 len: 217 time: 0.0257967
2026-07-22 23:22:39.404 9 WARNING neutron.scheduler.dhcp_agent_scheduler [None req-424ae155-569c-4cd5-8e2a-771d333f7601 6c06e6f3e68b4415b9ad23ef55b18ee3 5dc9833f98cf43309117530d33ffbeb8 - - - -] No more DHCP agents
2026-07-22 23:22:39.408 9 WARNING neutron.api.rpc.agentnotifiers.dhcp_rpc_agent_api [None req-424ae155-569c-4cd5-8e2a-771d333f7601 6c06e6f3e68b4415b9ad23ef55b18ee3 5dc9833f98cf43309117530d33ffbeb8 - - - -] Unable to schedule network 84f3fa8d-617d-40f7-a7e5-79989cc68dd7: no agents available; will retry on subsequent port and subnet creation events.
2026-07-22 23:22:39.436 10 INFO neutron.wsgi [req-c220ce4e-11df-4bb8-96fc-320745afe126 req-65e3be32-9a51-4a99-b314-2e1f6cbe88a9 404045f7f66148ca87b33c3deb64ffac e48df614e2a542a690e1cc22a276933b - - 5e99659270f44b0f8c46fcb0fc3691df 5e99659270f44b0f8c46fcb0fc3691df] 199.19.213.74 "GET /v2.0/subnets?id=8f4948e4-1814-40e3-b747-00b6bd1c14ea HTTP/1.1" status: 200 len: 853 time: 0.0325503
2026-07-22 23:22:39.475 10 INFO neutron.wsgi [req-c220ce4e-11df-4bb8-96fc-320745afe126 req-facc1120-20e8-4136-9b7d-f73b69879cf8 404045f7f66148ca87b33c3deb64ffac e48df614e2a542a690e1cc22a276933b - - 5e99659270f44b0f8c46fcb0fc3691df 5e99659270f44b0f8c46fcb0fc3691df] 199.19.213.74 "GET /v2.0/ports?network_id=b78e26b0-4b9a-49f6-ac10-06c48ead53fc&device_owner=network%3Adhcp HTTP/1.1" status: 200 len: 210 time: 0.0323246
2026-07-22 23:22:39.477 9 INFO neutron.db.ovn_revision_numbers_db [None req-424ae155-569c-4cd5-8e2a-771d333f7601 6c06e6f3e68b4415b9ad23ef55b18ee3 5dc9833f98cf43309117530d33ffbeb8 - - - -] Successfully bumped revision number for resource 7eebbbbe-ed02-4e66-b25a-eb701a3fcdc8 (type: ports) to 1
2026-07-22 23:22:39.505 9 INFO neutron.wsgi [None req-424ae155-569c-4cd5-8e2a-771d333f7601 6c06e6f3e68b4415b9ad23ef55b18ee3 5dc9833f98cf43309117530d33ffbeb8 - - - -] 10.0.0.216 "POST /v2.0/networks HTTP/1.1" status: 201 len: 833 time: 0.8089459
2026-07-22 23:22:39.546 10 INFO neutron.wsgi [req-c220ce4e-11df-4bb8-96fc-320745afe126 req-65518d8e-8b2c-4627-aef0-d6c164482db0 404045f7f66148ca87b33c3deb64ffac e48df614e2a542a690e1cc22a276933b - - 5e99659270f44b0f8c46fcb0fc3691df 5e99659270f44b0f8c46fcb0fc3691df] 199.19.213.74 "GET /v2.0/networks/b78e26b0-4b9a-49f6-ac10-06c48ead53fc?fields=segments HTTP/1.1" status: 200 len: 212 time: 0.0619102
2026-07-22 23:22:39.567 9 INFO neutron.wsgi [None req-9d0222f5-181a-4242-84a5-4fc0dbc34974 cf73f69d1f7e49a59cf81fa0f22f15b3 54c749f18dbc43a79f6dd70b33b72377 - - - -] 10.0.0.216 "DELETE /v2.0/security-groups/094cf586-0826-4088-8fb8-a854329fc82b HTTP/1.1" status: 204 len: 168 time: 0.2533152
2026-07-22 23:22:39.612 10 INFO neutron.wsgi [req-c220ce4e-11df-4bb8-96fc-320745afe126 req-9ef19e54-7253-4fcf-b656-0b64d2fa6ee6 404045f7f66148ca87b33c3deb64ffac e48df614e2a542a690e1cc22a276933b - - 5e99659270f44b0f8c46fcb0fc3691df 5e99659270f44b0f8c46fcb0fc3691df] 199.19.213.74 "GET /v2.0/networks/b78e26b0-4b9a-49f6-ac10-06c48ead53fc?fields=provider%3Aphysical_network&fields=provider%3Anetwork_type HTTP/1.1" status: 200 len: 277 time: 0.0593605
