2026-07-22 23:24:35.125 9 INFO neutron.wsgi [None req-89be4fab-9f75-41c7-bdf4-7f035fc32b05 49bcf7eb5c7b441d8b867f0be0e65ccc 380685955c034a3781b3da8357c51553 - - - -] 10.0.0.216 "POST /v2.0/security-group-rules HTTP/1.1" status: 201 len: 766 time: 0.1588717
2026-07-22 23:24:35.283 9 INFO neutron.db.ovn_revision_numbers_db [None req-906df126-2fae-41f2-b251-eb679c2c177b 49bcf7eb5c7b441d8b867f0be0e65ccc 380685955c034a3781b3da8357c51553 - - - -] Successfully bumped revision number for resource e31928eb-c46a-420f-943e-a4541970f57c (type: security_group_rules) to 0
2026-07-22 23:24:35.319 9 INFO neutron.wsgi [None req-906df126-2fae-41f2-b251-eb679c2c177b 49bcf7eb5c7b441d8b867f0be0e65ccc 380685955c034a3781b3da8357c51553 - - - -] 10.0.0.216 "POST /v2.0/security-group-rules HTTP/1.1" status: 201 len: 768 time: 0.1886485
2026-07-22 23:24:35.467 9 INFO neutron.db.ovn_revision_numbers_db [None req-0c88ebcc-e282-4218-8729-a3890a852517 49bcf7eb5c7b441d8b867f0be0e65ccc 380685955c034a3781b3da8357c51553 - - - -] Successfully bumped revision number for resource 90248784-e1a1-443b-8d37-ab0ebe310b26 (type: security_group_rules) to 0
2026-07-22 23:24:35.490 9 INFO neutron.wsgi [None req-0c88ebcc-e282-4218-8729-a3890a852517 49bcf7eb5c7b441d8b867f0be0e65ccc 380685955c034a3781b3da8357c51553 - - - -] 10.0.0.216 "POST /v2.0/security-group-rules HTTP/1.1" status: 201 len: 764 time: 0.1560836
2026-07-22 23:24:35.684 9 INFO neutron.wsgi [req-13a68d58-866c-490a-a0b9-6dea97be954f req-835c2ec9-aaee-4f69-8121-571d41a90086 49bcf7eb5c7b441d8b867f0be0e65ccc 380685955c034a3781b3da8357c51553 - - default default] 10.0.0.112 "GET /v2.0/security-groups?name=tempest-lb_member_SG-1685860632&fields=id&tenant_id=380685955c034a3781b3da8357c51553 HTTP/1.1" status: 200 len: 267 time: 0.0381992
2026-07-22 23:24:35.823 9 INFO neutron.wsgi [req-13a68d58-866c-490a-a0b9-6dea97be954f req-67c6c437-fca2-4c8c-a33e-9c36d91a8728 49bcf7eb5c7b441d8b867f0be0e65ccc 380685955c034a3781b3da8357c51553 - - default default] 10.0.0.112 "GET /v2.0/networks?id=118e93e3-6ed6-4fab-b8ae-0afba851b19f HTTP/1.1" status: 200 len: 903 time: 0.1323214
2026-07-22 23:24:35.846 9 INFO neutron.wsgi [req-13a68d58-866c-490a-a0b9-6dea97be954f req-ec4296c0-bfe6-424a-bab5-f3a6561c23ef 49bcf7eb5c7b441d8b867f0be0e65ccc 380685955c034a3781b3da8357c51553 - - default default] 10.0.0.112 "GET /v2.0/quotas/380685955c034a3781b3da8357c51553 HTTP/1.1" status: 200 len: 386 time: 0.0160923
2026-07-22 23:24:36.109 9 INFO neutron.wsgi [req-13a68d58-866c-490a-a0b9-6dea97be954f req-6b5a4efa-e091-4bb2-b24a-e5a7d218230c 49bcf7eb5c7b441d8b867f0be0e65ccc 380685955c034a3781b3da8357c51553 - - default default] 10.0.0.112 "GET /v2.0/ports?tenant_id=380685955c034a3781b3da8357c51553&fields=id HTTP/1.1" status: 200 len: 486 time: 0.2569807
2026-07-22 23:24:36.195 9 INFO neutron.wsgi [req-13a68d58-866c-490a-a0b9-6dea97be954f req-46825b54-66a2-464e-9374-1a3d5fb18012 404045f7f66148ca87b33c3deb64ffac e48df614e2a542a690e1cc22a276933b - - 5e99659270f44b0f8c46fcb0fc3691df 5e99659270f44b0f8c46fcb0fc3691df] 10.0.0.112 "GET /v2.0/networks/118e93e3-6ed6-4fab-b8ae-0afba851b19f?fields=segments HTTP/1.1" status: 200 len: 212 time: 0.0713930
2026-07-22 23:24:36.278 9 INFO neutron.wsgi [req-13a68d58-866c-490a-a0b9-6dea97be954f req-1efb6c52-44a9-4f5d-a7ce-d6df3d887037 404045f7f66148ca87b33c3deb64ffac e48df614e2a542a690e1cc22a276933b - - 5e99659270f44b0f8c46fcb0fc3691df 5e99659270f44b0f8c46fcb0fc3691df] 10.0.0.112 "GET /v2.0/networks/118e93e3-6ed6-4fab-b8ae-0afba851b19f?fields=provider%3Aphysical_network&fields=provider%3Anetwork_type HTTP/1.1" status: 200 len: 277 time: 0.0781338
2026-07-22 23:24:36.461 10 INFO neutron.wsgi [req-5a4da4b1-7b03-4d9f-8c13-12cc720bbda6 req-6896e5ac-e68d-4267-8b84-77b2e1b8fb8b 49bcf7eb5c7b441d8b867f0be0e65ccc 380685955c034a3781b3da8357c51553 - - default default] 10.0.0.112 "GET /v2.0/ports?device_id=d3379354-9c9b-4204-9751-d45abc868b3a HTTP/1.1" status: 200 len: 210 time: 0.0279877
2026-07-22 23:24:36.574 9 INFO neutron.db.ovn_revision_numbers_db [None req-909061ca-557e-4237-b85b-ee306a15f50f 27a2e16a95c749f6a6431bac32733b9e 21937f16a8b14899ae784b30db59c82b - - - -] Successfully bumped revision number for resource d84c442a-cd00-4fed-984b-fa35517017af (type: security_groups) to 1
2026-07-22 23:24:36.651 9 INFO neutron.db.ovn_revision_numbers_db [None req-909061ca-557e-4237-b85b-ee306a15f50f 27a2e16a95c749f6a6431bac32733b9e 21937f16a8b14899ae784b30db59c82b - - - -] Successfully bumped revision number for resource 10fb1350-a0db-4988-b2d2-1091cc2cc3f4 (type: security_groups) to 1
2026-07-22 23:24:36.677 9 INFO neutron.wsgi [None req-909061ca-557e-4237-b85b-ee306a15f50f 27a2e16a95c749f6a6431bac32733b9e 21937f16a8b14899ae784b30db59c82b - - - -] 10.0.0.216 "POST /v2.0/security-groups HTTP/1.1" status: 201 len: 1739 time: 0.4185700
2026-07-22 23:24:36.711 9 INFO neutron.wsgi [None req-578eeba3-435e-48cd-a925-54224877616f 27a2e16a95c749f6a6431bac32733b9e 21937f16a8b14899ae784b30db59c82b - - - -] 10.0.0.216 "PUT /v2.0/security-groups/10fb1350-a0db-4988-b2d2-1091cc2cc3f4/tags HTTP/1.1" status: 200 len: 218 time: 0.0262914
2026-07-22 23:24:36.731 9 INFO neutron.wsgi [None req-c3aa548a-2991-451d-9e90-d9ec414887c5 27a2e16a95c749f6a6431bac32733b9e 21937f16a8b14899ae784b30db59c82b - - default default] 10.0.0.216 "GET /v2.0/security-groups/10fb1350-a0db-4988-b2d2-1091cc2cc3f4/tags HTTP/1.1" status: 200 len: 218 time: 0.0154467
2026-07-22 23:24:36.763 9 INFO neutron.wsgi [None req-bd222ed8-980b-46e4-a787-5b33fcfec07e 27a2e16a95c749f6a6431bac32733b9e 21937f16a8b14899ae784b30db59c82b - - - -] 10.0.0.216 "PUT /v2.0/security-groups/10fb1350-a0db-4988-b2d2-1091cc2cc3f4/tags/green HTTP/1.1" status: 201 len: 201 time: 0.0263438
2026-07-22 23:24:36.784 9 INFO neutron.wsgi [None req-ef31a3e2-6593-4f88-8d51-01d393047f6f 27a2e16a95c749f6a6431bac32733b9e 21937f16a8b14899ae784b30db59c82b - - default default] 10.0.0.216 "GET /v2.0/security-groups/10fb1350-a0db-4988-b2d2-1091cc2cc3f4/tags HTTP/1.1" status: 200 len: 227 time: 0.0167062
2026-07-22 23:24:36.808 9 INFO neutron.wsgi [None req-0d940865-eae0-4068-9aeb-27b45e9fcb64 27a2e16a95c749f6a6431bac32733b9e 21937f16a8b14899ae784b30db59c82b - - - -] 10.0.0.216 "PUT /v2.0/security-groups/10fb1350-a0db-4988-b2d2-1091cc2cc3f4/tags/red HTTP/1.1" status: 201 len: 201 time: 0.0195756
2026-07-22 23:24:36.831 9 INFO neutron.wsgi [None req-7a778165-e5fe-4e2c-b830-c3938b893281 27a2e16a95c749f6a6431bac32733b9e 21937f16a8b14899ae784b30db59c82b - - default default] 10.0.0.216 "GET /v2.0/security-groups/10fb1350-a0db-4988-b2d2-1091cc2cc3f4/tags HTTP/1.1" status: 200 len: 227 time: 0.0180275
2026-07-22 23:24:36.860 9 INFO neutron.wsgi [None req-6876c9da-7b11-4143-adeb-f8046f2a369d 27a2e16a95c749f6a6431bac32733b9e 21937f16a8b14899ae784b30db59c82b - - - -] 10.0.0.216 "PUT /v2.0/security-groups/10fb1350-a0db-4988-b2d2-1091cc2cc3f4/tags/black.or.white HTTP/1.1" status: 201 len: 201 time: 0.0240512
2026-07-22 23:24:36.877 9 INFO neutron.wsgi [None req-367c47d3-f4e5-4ae2-93c2-7687fbffa62b 27a2e16a95c749f6a6431bac32733b9e 21937f16a8b14899ae784b30db59c82b - - default default] 10.0.0.216 "GET /v2.0/security-groups/10fb1350-a0db-4988-b2d2-1091cc2cc3f4/tags HTTP/1.1" status: 200 len: 245 time: 0.0126746
2026-07-22 23:24:36.911 9 INFO neutron.wsgi [None req-51260225-34af-4581-87c6-13faaf9bcf5f 27a2e16a95c749f6a6431bac32733b9e 21937f16a8b14899ae784b30db59c82b - - - -] 10.0.0.216 "PUT /v2.0/security-groups/10fb1350-a0db-4988-b2d2-1091cc2cc3f4/tags HTTP/1.1" status: 200 len: 230 time: 0.0299299
2026-07-22 23:24:36.946 10 INFO neutron.wsgi [None req-97203ef5-4078-4928-a340-955fe5238c0e 27a2e16a95c749f6a6431bac32733b9e 21937f16a8b14899ae784b30db59c82b - - default default] 10.0.0.216 "GET /v2.0/security-groups/10fb1350-a0db-4988-b2d2-1091cc2cc3f4/tags HTTP/1.1" status: 200 len: 230 time: 0.0178566
2026-07-22 23:24:36.975 9 INFO neutron.wsgi [None req-9317c77f-72bf-44f4-9023-728fb9314c1e 27a2e16a95c749f6a6431bac32733b9e 21937f16a8b14899ae784b30db59c82b - - default default] 10.0.0.216 "GET /v2.0/security-groups/10fb1350-a0db-4988-b2d2-1091cc2cc3f4/tags/red HTTP/1.1" status: 204 len: 168 time: 0.0231998
2026-07-22 23:24:36.999 9 INFO neutron.api.v2.resource [None req-092f0d65-bcd7-4590-bf45-d834c100745e 27a2e16a95c749f6a6431bac32733b9e 21937f16a8b14899ae784b30db59c82b - - default default] show failed (client error): The resource could not be found.
2026-07-22 23:24:37.001 9 INFO neutron.wsgi [None req-092f0d65-bcd7-4590-bf45-d834c100745e 27a2e16a95c749f6a6431bac32733b9e 21937f16a8b14899ae784b30db59c82b - - default default] 10.0.0.216 "GET /v2.0/security-groups/10fb1350-a0db-4988-b2d2-1091cc2cc3f4/tags/green HTTP/1.1" status: 404 len: 299 time: 0.0216470
2026-07-22 23:24:37.045 9 INFO neutron.wsgi [None req-c865ba4a-e2ed-403b-a80e-066334f089c4 27a2e16a95c749f6a6431bac32733b9e 21937f16a8b14899ae784b30db59c82b - - - -] 10.0.0.216 "DELETE /v2.0/security-groups/10fb1350-a0db-4988-b2d2-1091cc2cc3f4/tags/red HTTP/1.1" status: 204 len: 168 time: 0.0389574
2026-07-22 23:24:37.071 9 INFO neutron.wsgi [None req-972259e9-922a-48b3-8ac3-3ba5b0ed18d6 27a2e16a95c749f6a6431bac32733b9e 21937f16a8b14899ae784b30db59c82b - - default default] 10.0.0.216 "GET /v2.0/security-groups/10fb1350-a0db-4988-b2d2-1091cc2cc3f4/tags HTTP/1.1" status: 200 len: 223 time: 0.0211985
2026-07-22 23:24:37.094 9 INFO neutron.api.v2.resource [None req-656dda5e-bfae-4541-9c2c-4f66ababb8a6 27a2e16a95c749f6a6431bac32733b9e 21937f16a8b14899ae784b30db59c82b - - - -] delete failed (client error): The resource could not be found.
2026-07-22 23:24:37.096 9 INFO neutron.wsgi [None req-656dda5e-bfae-4541-9c2c-4f66ababb8a6 27a2e16a95c749f6a6431bac32733b9e 21937f16a8b14899ae784b30db59c82b - - - -] 10.0.0.216 "DELETE /v2.0/security-groups/10fb1350-a0db-4988-b2d2-1091cc2cc3f4/tags/green HTTP/1.1" status: 404 len: 299 time: 0.0203848
2026-07-22 23:24:37.134 9 INFO neutron.wsgi [None req-ba929086-dd19-4bd8-b2c3-8342e5a7dfbd 27a2e16a95c749f6a6431bac32733b9e 21937f16a8b14899ae784b30db59c82b - - - -] 10.0.0.216 "DELETE /v2.0/security-groups/10fb1350-a0db-4988-b2d2-1091cc2cc3f4/tags HTTP/1.1" status: 204 len: 168 time: 0.0323825
2026-07-22 23:24:37.155 9 INFO neutron.wsgi [None req-58190bf7-078a-4148-b15f-f5c9a37ca554 27a2e16a95c749f6a6431bac32733b9e 21937f16a8b14899ae784b30db59c82b - - default default] 10.0.0.216 "GET /v2.0/security-groups/10fb1350-a0db-4988-b2d2-1091cc2cc3f4/tags HTTP/1.1" status: 200 len: 205 time: 0.0153439
2026-07-22 23:24:37.280 10 INFO neutron.wsgi [req-13a68d58-866c-490a-a0b9-6dea97be954f req-17ebacfd-c6af-43b6-9d29-bc8dc2b2e386 49bcf7eb5c7b441d8b867f0be0e65ccc 380685955c034a3781b3da8357c51553 - - default default] 199.19.213.74 "GET /v2.0/networks?id=118e93e3-6ed6-4fab-b8ae-0afba851b19f HTTP/1.1" status: 200 len: 903 time: 0.1016679
2026-07-22 23:24:37.313 9 INFO neutron.wsgi [None req-c070b7f5-71a5-457a-ab18-6c8b04c0555c 27a2e16a95c749f6a6431bac32733b9e 21937f16a8b14899ae784b30db59c82b - - - -] 10.0.0.216 "DELETE /v2.0/security-groups/10fb1350-a0db-4988-b2d2-1091cc2cc3f4 HTTP/1.1" status: 204 len: 168 time: 0.1507621
2026-07-22 23:24:37.333 10 INFO neutron.wsgi [req-13a68d58-866c-490a-a0b9-6dea97be954f req-8781b073-e521-4932-80f2-1ad70ff8cd01 49bcf7eb5c7b441d8b867f0be0e65ccc 380685955c034a3781b3da8357c51553 - - default default] 199.19.213.74 "GET /v2.0/security-groups?fields=id&fields=name&tenant_id=380685955c034a3781b3da8357c51553 HTTP/1.1" status: 200 len: 378 time: 0.0485094
2026-07-22 23:24:37.747 10 WARNING neutron.scheduler.dhcp_agent_scheduler [None req-b6807288-16f5-45db-9f06-625e60d83b94 49bcf7eb5c7b441d8b867f0be0e65ccc 380685955c034a3781b3da8357c51553 - - - -] No more DHCP agents
2026-07-22 23:24:37.749 10 WARNING neutron.api.rpc.agentnotifiers.dhcp_rpc_agent_api [None req-b6807288-16f5-45db-9f06-625e60d83b94 49bcf7eb5c7b441d8b867f0be0e65ccc 380685955c034a3781b3da8357c51553 - - - -] Unable to schedule network 118e93e3-6ed6-4fab-b8ae-0afba851b19f: no agents available; will retry on subsequent port and subnet creation events.
2026-07-22 23:24:37.908 10 INFO neutron.db.ovn_revision_numbers_db [None req-b6807288-16f5-45db-9f06-625e60d83b94 49bcf7eb5c7b441d8b867f0be0e65ccc 380685955c034a3781b3da8357c51553 - - - -] Successfully bumped revision number for resource a403eda6-7ec2-4643-8d03-ba759a9ca5c0 (type: ports) to 1
2026-07-22 23:24:37.929 10 INFO neutron.wsgi [None req-b6807288-16f5-45db-9f06-625e60d83b94 49bcf7eb5c7b441d8b867f0be0e65ccc 380685955c034a3781b3da8357c51553 - - - -] 199.19.213.74 "POST /v2.0/ports HTTP/1.1" status: 201 len: 1388 time: 0.5865028 /var/lib/openstack/lib/python3.10/site-packages/pycadf/identifier.py:71: UserWarning: Invalid uuid: neutron. To ensure interoperability, identifiers should be a valid uuid. warnings.warn(('Invalid uuid: %s. To ensure interoperability, '
2026-07-22 23:24:38.083 10 INFO neutron.wsgi [None req-e9fee350-9599-45ff-8f92-e740ee361de8 cf73f69d1f7e49a59cf81fa0f22f15b3 54c749f18dbc43a79f6dd70b33b72377 - - default default] 10.0.0.216 "GET /v2.0/security-groups?tenant_id=21937f16a8b14899ae784b30db59c82b&name=default HTTP/1.1" status: 200 len: 3000 time: 0.1325939
2026-07-22 23:24:38.310 9 INFO neutron.wsgi [None req-8ce78fd5-d8dc-4f1d-b808-b70b475414a5 cf73f69d1f7e49a59cf81fa0f22f15b3 54c749f18dbc43a79f6dd70b33b72377 - - - -] 10.0.0.216 "DELETE /v2.0/security-groups/d84c442a-cd00-4fed-984b-fa35517017af HTTP/1.1" status: 204 len: 168 time: 0.2212622
2026-07-22 23:24:38.414 10 INFO neutron.db.ovn_revision_numbers_db [None req-6a66c757-f3fb-459d-9fad-84bc532390e1 404045f7f66148ca87b33c3deb64ffac e48df614e2a542a690e1cc22a276933b - - - -] Successfully bumped revision number for resource a403eda6-7ec2-4643-8d03-ba759a9ca5c0 (type: ports) to 2
2026-07-22 23:24:38.579 9 INFO neutron.db.ovn_revision_numbers_db [None req-0463602d-3a12-4620-a045-25e6b05a7ec2 cf73f69d1f7e49a59cf81fa0f22f15b3 54c749f18dbc43a79f6dd70b33b72377 - - default default] Successfully bumped revision number for resource 427c7977-280d-4155-af01-b0a979c3a911 (type: security_groups) to 1
2026-07-22 23:24:38.594 10 INFO neutron.db.ovn_revision_numbers_db [None req-6a66c757-f3fb-459d-9fad-84bc532390e1 404045f7f66148ca87b33c3deb64ffac e48df614e2a542a690e1cc22a276933b - - - -] Successfully bumped revision number for resource a403eda6-7ec2-4643-8d03-ba759a9ca5c0 (type: ports) to 2
2026-07-22 23:24:38.601 9 INFO neutron.wsgi [None req-0463602d-3a12-4620-a045-25e6b05a7ec2 cf73f69d1f7e49a59cf81fa0f22f15b3 54c749f18dbc43a79f6dd70b33b72377 - - default default] 10.0.0.216 "GET /v2.0/security-groups?tenant_id=56a5c1b497554b869410d7f0be8d7329&name=default HTTP/1.1" status: 200 len: 3000 time: 0.1377127
2026-07-22 23:24:38.610 10 INFO neutron.wsgi [None req-6a66c757-f3fb-459d-9fad-84bc532390e1 404045f7f66148ca87b33c3deb64ffac e48df614e2a542a690e1cc22a276933b - - - -] 199.19.213.74 "PUT /v2.0/ports/a403eda6-7ec2-4643-8d03-ba759a9ca5c0 HTTP/1.1" status: 200 len: 1557 time: 0.6717701
2026-07-22 23:24:38.645 10 INFO neutron.notifiers.nova [-] Nova event matching ['req-daa5db0c-1e0a-4a77-99a9-35ed2478f30c'] response: {'name': 'network-changed', 'server_uuid': 'd3379354-9c9b-4204-9751-d45abc868b3a', 'tag': 'a403eda6-7ec2-4643-8d03-ba759a9ca5c0', 'status': 'completed', 'code': 200} /var/lib/openstack/lib/python3.10/site-packages/pycadf/identifier.py:71: UserWarning: Invalid uuid: neutron. To ensure interoperability, identifiers should be a valid uuid. warnings.warn(('Invalid uuid: %s. To ensure interoperability, '
2026-07-22 23:24:38.678 10 INFO neutron.wsgi [req-13a68d58-866c-490a-a0b9-6dea97be954f req-a66777a3-d0fd-4d2a-9cca-0717ba07276c 404045f7f66148ca87b33c3deb64ffac e48df614e2a542a690e1cc22a276933b - - 5e99659270f44b0f8c46fcb0fc3691df 5e99659270f44b0f8c46fcb0fc3691df] 199.19.213.74 "GET /v2.0/ports?tenant_id=380685955c034a3781b3da8357c51553&device_id=d3379354-9c9b-4204-9751-d45abc868b3a HTTP/1.1" status: 200 len: 1588 time: 0.0331049
2026-07-22 23:24:38.712 10 INFO neutron.wsgi [req-13a68d58-866c-490a-a0b9-6dea97be954f req-3ffabbdf-ea08-482f-b8d2-3b88a6c603f0 404045f7f66148ca87b33c3deb64ffac e48df614e2a542a690e1cc22a276933b - - 5e99659270f44b0f8c46fcb0fc3691df 5e99659270f44b0f8c46fcb0fc3691df] 199.19.213.74 "GET /v2.0/floatingips?fixed_ip_address=10.2.1.177&port_id=a403eda6-7ec2-4643-8d03-ba759a9ca5c0 HTTP/1.1" status: 200 len: 217 time: 0.0254977
2026-07-22 23:24:38.745 10 INFO neutron.wsgi [req-13a68d58-866c-490a-a0b9-6dea97be954f req-27d5a2b7-ed64-4aae-b9e8-a40b0301326b 404045f7f66148ca87b33c3deb64ffac e48df614e2a542a690e1cc22a276933b - - 5e99659270f44b0f8c46fcb0fc3691df 5e99659270f44b0f8c46fcb0fc3691df] 199.19.213.74 "GET /v2.0/floatingips?fixed_ip_address=fd7b%3Af9f7%3Afff%3A4eca%3A%3A2aa&port_id=a403eda6-7ec2-4643-8d03-ba759a9ca5c0 HTTP/1.1" status: 200 len: 217 time: 0.0247719
2026-07-22 23:24:38.776 9 INFO neutron.wsgi [None req-4d764a9d-ce9c-46ea-bbe2-faa4e9fc05ca cf73f69d1f7e49a59cf81fa0f22f15b3 54c749f18dbc43a79f6dd70b33b72377 - - - -] 10.0.0.216 "DELETE /v2.0/security-groups/427c7977-280d-4155-af01-b0a979c3a911 HTTP/1.1" status: 204 len: 168 time: 0.1676428
2026-07-22 23:24:38.781 10 INFO neutron.wsgi [req-13a68d58-866c-490a-a0b9-6dea97be954f req-bc4667ee-d29b-475d-adf7-dd9f85f17a5a 404045f7f66148ca87b33c3deb64ffac e48df614e2a542a690e1cc22a276933b - - 5e99659270f44b0f8c46fcb0fc3691df 5e99659270f44b0f8c46fcb0fc3691df] 199.19.213.74 "GET /v2.0/subnets?id=c5cc7085-fc52-4f91-a34a-884f90bf17ff&id=4e4d5485-14fe-47c6-a07c-ec4125beedb7 HTTP/1.1" status: 200 len: 1561 time: 0.0318429
2026-07-22 23:24:38.811 10 INFO neutron.wsgi [req-13a68d58-866c-490a-a0b9-6dea97be954f req-17b9bd96-099c-4ac0-a42f-e47efcb2a6e3 404045f7f66148ca87b33c3deb64ffac e48df614e2a542a690e1cc22a276933b - - 5e99659270f44b0f8c46fcb0fc3691df 5e99659270f44b0f8c46fcb0fc3691df] 199.19.213.74 "GET /v2.0/ports?network_id=118e93e3-6ed6-4fab-b8ae-0afba851b19f&device_owner=network%3Adhcp HTTP/1.1" status: 200 len: 210 time: 0.0220389
2026-07-22 23:24:38.852 10 INFO neutron.wsgi [req-13a68d58-866c-490a-a0b9-6dea97be954f req-e264f09f-2572-4251-9b45-ea29e1b90277 404045f7f66148ca87b33c3deb64ffac e48df614e2a542a690e1cc22a276933b - - 5e99659270f44b0f8c46fcb0fc3691df 5e99659270f44b0f8c46fcb0fc3691df] 199.19.213.74 "GET /v2.0/ports?network_id=118e93e3-6ed6-4fab-b8ae-0afba851b19f&device_owner=network%3Adhcp HTTP/1.1" status: 200 len: 210 time: 0.0291274
2026-07-22 23:24:38.925 10 INFO neutron.wsgi [req-13a68d58-866c-490a-a0b9-6dea97be954f req-7dac467c-5a3b-4dc1-aec8-d52aaa006c02 404045f7f66148ca87b33c3deb64ffac e48df614e2a542a690e1cc22a276933b - - 5e99659270f44b0f8c46fcb0fc3691df 5e99659270f44b0f8c46fcb0fc3691df] 199.19.213.74 "GET /v2.0/networks/118e93e3-6ed6-4fab-b8ae-0afba851b19f?fields=segments HTTP/1.1" status: 200 len: 212 time: 0.0647376
2026-07-22 23:24:38.995 10 INFO neutron.wsgi [req-13a68d58-866c-490a-a0b9-6dea97be954f req-6b75001f-2227-4fd2-9526-7512e4f0e28c 404045f7f66148ca87b33c3deb64ffac e48df614e2a542a690e1cc22a276933b - - 5e99659270f44b0f8c46fcb0fc3691df 5e99659270f44b0f8c46fcb0fc3691df] 199.19.213.74 "GET /v2.0/networks/118e93e3-6ed6-4fab-b8ae-0afba851b19f?fields=provider%3Aphysical_network&fields=provider%3Anetwork_type HTTP/1.1" status: 200 len: 277 time: 0.0627623
2026-07-22 23:24:39.069 10 INFO neutron.wsgi [req-fe74720c-09d7-4e9a-83a0-46239695e7c7 req-f5ad916b-ee1d-4915-a23f-fe5b5d7ecf6f 404045f7f66148ca87b33c3deb64ffac e48df614e2a542a690e1cc22a276933b - - 5e99659270f44b0f8c46fcb0fc3691df 5e99659270f44b0f8c46fcb0fc3691df] 199.19.213.74 "GET /v2.0/ports?tenant_id=380685955c034a3781b3da8357c51553&device_id=d3379354-9c9b-4204-9751-d45abc868b3a HTTP/1.1" status: 200 len: 1588 time: 0.0371315
2026-07-22 23:24:39.150 10 INFO neutron.wsgi [req-fe74720c-09d7-4e9a-83a0-46239695e7c7 req-9e330975-a886-4eea-b329-3e052f28351b 404045f7f66148ca87b33c3deb64ffac e48df614e2a542a690e1cc22a276933b - - 5e99659270f44b0f8c46fcb0fc3691df 5e99659270f44b0f8c46fcb0fc3691df] 199.19.213.74 "GET /v2.0/networks?id=118e93e3-6ed6-4fab-b8ae-0afba851b19f HTTP/1.1" status: 200 len: 1002 time: 0.0723765
2026-07-22 23:24:39.193 10 INFO neutron.wsgi [req-fe74720c-09d7-4e9a-83a0-46239695e7c7 req-afd2a5fa-12f4-4d07-8996-c9171dd86261 404045f7f66148ca87b33c3deb64ffac e48df614e2a542a690e1cc22a276933b - - 5e99659270f44b0f8c46fcb0fc3691df 5e99659270f44b0f8c46fcb0fc3691df] 199.19.213.74 "GET /v2.0/floatingips?fixed_ip_address=10.2.1.177&port_id=a403eda6-7ec2-4643-8d03-ba759a9ca5c0 HTTP/1.1" status: 200 len: 217 time: 0.0351443
2026-07-22 23:24:39.195 9 INFO neutron.plugins.ml2.drivers.ovn.mech_driver.mech_driver [None req-e94773ee-e484-46ec-9ae7-301148bfd26a - - - - - -] OVN reports status up for port: a403eda6-7ec2-4643-8d03-ba759a9ca5c0
2026-07-22 23:24:39.214 9 INFO neutron.plugins.ml2.plugin [None req-e94773ee-e484-46ec-9ae7-301148bfd26a - - - - - -] Attempt 1 to provision port a403eda6-7ec2-4643-8d03-ba759a9ca5c0
2026-07-22 23:24:39.237 10 INFO neutron.wsgi [req-fe74720c-09d7-4e9a-83a0-46239695e7c7 req-9b315ddd-9fb6-418f-b079-0f3203ec3840 404045f7f66148ca87b33c3deb64ffac e48df614e2a542a690e1cc22a276933b - - 5e99659270f44b0f8c46fcb0fc3691df 5e99659270f44b0f8c46fcb0fc3691df] 199.19.213.74 "GET /v2.0/floatingips?fixed_ip_address=fd7b%3Af9f7%3Afff%3A4eca%3A%3A2aa&port_id=a403eda6-7ec2-4643-8d03-ba759a9ca5c0 HTTP/1.1" status: 200 len: 217 time: 0.0351655
2026-07-22 23:24:39.279 10 INFO neutron.wsgi [req-fe74720c-09d7-4e9a-83a0-46239695e7c7 req-f38e3625-0e53-40ed-b53f-35a56d62ea32 404045f7f66148ca87b33c3deb64ffac e48df614e2a542a690e1cc22a276933b - - 5e99659270f44b0f8c46fcb0fc3691df 5e99659270f44b0f8c46fcb0fc3691df] 199.19.213.74 "GET /v2.0/subnets?id=c5cc7085-fc52-4f91-a34a-884f90bf17ff&id=4e4d5485-14fe-47c6-a07c-ec4125beedb7 HTTP/1.1" status: 200 len: 1561 time: 0.0376489
2026-07-22 23:24:39.316 10 INFO neutron.wsgi [req-fe74720c-09d7-4e9a-83a0-46239695e7c7 req-be240ae6-a1b6-47b1-ac16-4587ff2dde1b 404045f7f66148ca87b33c3deb64ffac e48df614e2a542a690e1cc22a276933b - - 5e99659270f44b0f8c46fcb0fc3691df 5e99659270f44b0f8c46fcb0fc3691df] 199.19.213.74 "GET /v2.0/ports?network_id=118e93e3-6ed6-4fab-b8ae-0afba851b19f&device_owner=network%3Adhcp HTTP/1.1" status: 200 len: 210 time: 0.0305786
2026-07-22 23:24:39.348 10 INFO neutron.wsgi [req-fe74720c-09d7-4e9a-83a0-46239695e7c7 req-82fddc7d-c9b0-4286-9162-6911b09e8def 404045f7f66148ca87b33c3deb64ffac e48df614e2a542a690e1cc22a276933b - - 5e99659270f44b0f8c46fcb0fc3691df 5e99659270f44b0f8c46fcb0fc3691df] 199.19.213.74 "GET /v2.0/ports?network_id=118e93e3-6ed6-4fab-b8ae-0afba851b19f&device_owner=network%3Adhcp HTTP/1.1" status: 200 len: 210 time: 0.0271809
2026-07-22 23:24:39.362 9 INFO neutron.notifiers.nova [-] Nova event matching ['req-7ff64f47-f90a-46d4-aa61-6b26d29211df'] response: {'server_uuid': 'd3379354-9c9b-4204-9751-d45abc868b3a', 'name': 'network-vif-plugged', 'status': 'completed', 'tag': 'a403eda6-7ec2-4643-8d03-ba759a9ca5c0', 'code': 200}
2026-07-22 23:24:39.420 10 INFO neutron.wsgi [req-fe74720c-09d7-4e9a-83a0-46239695e7c7 req-759607e3-207f-431e-9b6b-5d46af39ad00 404045f7f66148ca87b33c3deb64ffac e48df614e2a542a690e1cc22a276933b - - 5e99659270f44b0f8c46fcb0fc3691df 5e99659270f44b0f8c46fcb0fc3691df] 199.19.213.74 "GET /v2.0/networks/118e93e3-6ed6-4fab-b8ae-0afba851b19f?fields=segments HTTP/1.1" status: 200 len: 212 time: 0.0631256
2026-07-22 23:24:39.502 9 INFO neutron.db.ovn_revision_numbers_db [None req-e94773ee-e484-46ec-9ae7-301148bfd26a - - - - - -] Successfully bumped revision number for resource a403eda6-7ec2-4643-8d03-ba759a9ca5c0 (type: ports) to 4
2026-07-22 23:24:39.506 10 INFO neutron.wsgi [req-fe74720c-09d7-4e9a-83a0-46239695e7c7 req-72b6f36b-df60-4426-8f04-29d78ad214d3 404045f7f66148ca87b33c3deb64ffac e48df614e2a542a690e1cc22a276933b - - 5e99659270f44b0f8c46fcb0fc3691df 5e99659270f44b0f8c46fcb0fc3691df] 199.19.213.74 "GET /v2.0/networks/118e93e3-6ed6-4fab-b8ae-0afba851b19f?fields=provider%3Aphysical_network&fields=provider%3Anetwork_type HTTP/1.1" status: 200 len: 277 time: 0.0729342
2026-07-22 23:24:40.114 10 WARNING neutron.plugins.ml2.drivers.ovn.mech_driver.ovsdb.ovn_client [None req-bc687c49-6adf-4944-a055-3629312b5243 - - - - - -] No hosting information found for port 0a8c1477-0930-4267-87e8-875e58cac74f: RuntimeError: No hosting information found for port 0a8c1477-0930-4267-87e8-875e58cac74f
2026-07-22 23:24:40.114 10 INFO neutron.plugins.ml2.drivers.ovn.mech_driver.mech_driver [None req-bc687c49-6adf-4944-a055-3629312b5243 - - - - - -] OVN reports status up for port: 0796dc3c-e74d-4131-a085-310d5cdfde38
2026-07-22 23:24:40.122 10 INFO neutron.plugins.ml2.plugin [None req-bc687c49-6adf-4944-a055-3629312b5243 - - - - - -] Attempt 1 to provision port 0796dc3c-e74d-4131-a085-310d5cdfde38
2026-07-22 23:24:40.381 10 INFO neutron.db.ovn_revision_numbers_db [None req-bc687c49-6adf-4944-a055-3629312b5243 - - - - - -] Successfully bumped revision number for resource 0796dc3c-e74d-4131-a085-310d5cdfde38 (type: ports) to 3
2026-07-22 23:24:40.487 10 INFO neutron.db.ovn_revision_numbers_db [None req-bc687c49-6adf-4944-a055-3629312b5243 - - - - - -] Successfully bumped revision number for resource 0796dc3c-e74d-4131-a085-310d5cdfde38 (type: router_ports) to 3
2026-07-22 23:24:41.400 9 INFO neutron.notifiers.nova [-] Nova event matching ['req-5d6b7f8c-4b9e-41a5-958b-652cd8b650db'] response: {'server_uuid': 'd3379354-9c9b-4204-9751-d45abc868b3a', 'name': 'network-vif-plugged', 'status': 'completed', 'tag': 'a403eda6-7ec2-4643-8d03-ba759a9ca5c0', 'code': 200} /var/lib/openstack/lib/python3.10/site-packages/pycadf/identifier.py:71: UserWarning: Invalid uuid: neutron. To ensure interoperability, identifiers should be a valid uuid. warnings.warn(('Invalid uuid: %s. To ensure interoperability, '
2026-07-22 23:24:41.642 9 INFO neutron.wsgi [req-5b578a9b-540a-4db3-b9ca-873bd7d5d565 req-289a6e35-97f1-4480-9c9e-b68134cb5fdc 49bcf7eb5c7b441d8b867f0be0e65ccc 380685955c034a3781b3da8357c51553 - - default default] 10.0.0.112 "GET /v2.0/ports?device_id=d3379354-9c9b-4204-9751-d45abc868b3a HTTP/1.1" status: 200 len: 1400 time: 0.1141009
2026-07-22 23:24:41.687 9 INFO neutron.wsgi [req-5b578a9b-540a-4db3-b9ca-873bd7d5d565 req-f2647e6d-33f1-434a-8d2d-4d0483995928 49bcf7eb5c7b441d8b867f0be0e65ccc 380685955c034a3781b3da8357c51553 - - default default] 10.0.0.112 "GET /v2.0/security-groups?id=fd798c3b-f797-4993-89b4-9ff45e608b6a&fields=id&fields=name HTTP/1.1" status: 200 len: 311 time: 0.0378466
2026-07-22 23:24:41.774 9 INFO neutron.wsgi [None req-3bc8683f-c11a-4178-b506-43d7063591b3 49bcf7eb5c7b441d8b867f0be0e65ccc 380685955c034a3781b3da8357c51553 - - default default] 10.0.0.216 "GET /v2.0/ports?network_id=118e93e3-6ed6-4fab-b8ae-0afba851b19f&mac_address=fa%3A16%3A3e%3Ac7%3A3e%3A18 HTTP/1.1" status: 200 len: 1395 time: 0.0578136
2026-07-22 23:24:42.072 9 WARNING neutron.scheduler.dhcp_agent_scheduler [None req-781a885a-1782-4452-92e4-44fb74335012 49bcf7eb5c7b441d8b867f0be0e65ccc 380685955c034a3781b3da8357c51553 - - - -] No more DHCP agents
2026-07-22 23:24:42.074 9 WARNING neutron.api.rpc.agentnotifiers.dhcp_rpc_agent_api [None req-781a885a-1782-4452-92e4-44fb74335012 49bcf7eb5c7b441d8b867f0be0e65ccc 380685955c034a3781b3da8357c51553 - - - -] Unable to schedule network 7c15f7fc-5f92-4a46-bbbe-3da8a40c9bad: no agents available; will retry on subsequent port and subnet creation events.
2026-07-22 23:24:42.357 10 INFO neutron.db.ovn_revision_numbers_db [None req-f4d8cc7a-1714-4779-add6-59a23f7329ed 94ed66b45d014b8b9e7e06f1a832116b 891a64cbcf0644459e3323a4cf97a4cc - - - -] Successfully bumped revision number for resource 96b2a6d1-5ae5-4b4c-acbb-ee670212821b (type: security_groups) to 1
2026-07-22 23:24:42.435 10 INFO neutron.db.segments_db [None req-f4d8cc7a-1714-4779-add6-59a23f7329ed 94ed66b45d014b8b9e7e06f1a832116b 891a64cbcf0644459e3323a4cf97a4cc - - - -] Added segment f4db6e76-c5da-4f88-a7a7-e34030b420a7 of type geneve for network d15baa29-e866-4fb1-8f72-67c142c4cdff
2026-07-22 23:24:42.571 10 INFO neutron.db.ovn_revision_numbers_db [None req-f4d8cc7a-1714-4779-add6-59a23f7329ed 94ed66b45d014b8b9e7e06f1a832116b 891a64cbcf0644459e3323a4cf97a4cc - - - -] Successfully bumped revision number for resource d15baa29-e866-4fb1-8f72-67c142c4cdff (type: networks) to 1
2026-07-22 23:24:42.603 9 INFO neutron.db.l3_db [None req-781a885a-1782-4452-92e4-44fb74335012 49bcf7eb5c7b441d8b867f0be0e65ccc 380685955c034a3781b3da8357c51553 - - - -] Floating IP 50505e72-c108-4eca-9009-c4fa3d7da962 associated. External IP: 10.96.250.201, port: a403eda6-7ec2-4643-8d03-ba759a9ca5c0.
2026-07-22 23:24:42.765 10 WARNING neutron.scheduler.dhcp_agent_scheduler [None req-f4d8cc7a-1714-4779-add6-59a23f7329ed 94ed66b45d014b8b9e7e06f1a832116b 891a64cbcf0644459e3323a4cf97a4cc - - - -] No more DHCP agents
2026-07-22 23:24:42.768 10 WARNING neutron.api.rpc.agentnotifiers.dhcp_rpc_agent_api [None req-f4d8cc7a-1714-4779-add6-59a23f7329ed 94ed66b45d014b8b9e7e06f1a832116b 891a64cbcf0644459e3323a4cf97a4cc - - - -] Unable to schedule network d15baa29-e866-4fb1-8f72-67c142c4cdff: no agents available; will retry on subsequent port and subnet creation events.
2026-07-22 23:24:42.821 10 INFO neutron.db.ovn_revision_numbers_db [None req-f4d8cc7a-1714-4779-add6-59a23f7329ed 94ed66b45d014b8b9e7e06f1a832116b 891a64cbcf0644459e3323a4cf97a4cc - - - -] Successfully bumped revision number for resource 0a703aee-1300-4d02-81c5-60379fcc2451 (type: ports) to 1
2026-07-22 23:24:42.841 10 INFO neutron.wsgi [None req-f4d8cc7a-1714-4779-add6-59a23f7329ed 94ed66b45d014b8b9e7e06f1a832116b 891a64cbcf0644459e3323a4cf97a4cc - - - -] 10.0.0.216 "POST /v2.0/networks HTTP/1.1" status: 201 len: 830 time: 0.8061593
2026-07-22 23:24:42.863 9 INFO neutron.db.ovn_revision_numbers_db [None req-781a885a-1782-4452-92e4-44fb74335012 49bcf7eb5c7b441d8b867f0be0e65ccc 380685955c034a3781b3da8357c51553 - - - -] Successfully bumped revision number for resource 50505e72-c108-4eca-9009-c4fa3d7da962 (type: floatingips) to 0
2026-07-22 23:24:42.967 9 INFO neutron.db.ovn_revision_numbers_db [None req-781a885a-1782-4452-92e4-44fb74335012 49bcf7eb5c7b441d8b867f0be0e65ccc 380685955c034a3781b3da8357c51553 - - - -] Successfully bumped revision number for resource 50505e72-c108-4eca-9009-c4fa3d7da962 (type: floatingips) to 1
2026-07-22 23:24:43.001 9 INFO neutron.wsgi [None req-781a885a-1782-4452-92e4-44fb74335012 49bcf7eb5c7b441d8b867f0be0e65ccc 380685955c034a3781b3da8357c51553 - - - -] 10.0.0.216 "POST /v2.0/floatingips HTTP/1.1" status: 201 len: 1054 time: 1.2238650 /var/lib/openstack/lib/python3.10/site-packages/pycadf/identifier.py:71: UserWarning: Invalid uuid: neutron. To ensure interoperability, identifiers should be a valid uuid. warnings.warn(('Invalid uuid: %s. To ensure interoperability, '
2026-07-22 23:24:43.098 10 WARNING neutron.scheduler.dhcp_agent_scheduler [None req-487175a6-5caf-46e8-955f-c0061d0131cc 94ed66b45d014b8b9e7e06f1a832116b 891a64cbcf0644459e3323a4cf97a4cc - - - -] No more DHCP agents
2026-07-22 23:24:43.101 10 WARNING neutron.api.rpc.agentnotifiers.dhcp_rpc_agent_api [None req-487175a6-5caf-46e8-955f-c0061d0131cc 94ed66b45d014b8b9e7e06f1a832116b 891a64cbcf0644459e3323a4cf97a4cc - - - -] Unable to schedule network d15baa29-e866-4fb1-8f72-67c142c4cdff: no agents available; will retry on subsequent port and subnet creation events.
2026-07-22 23:24:43.150 10 INFO neutron.wsgi [req-6a247f9d-a098-4123-aca5-7a9f7a3a9746 req-2d4edb6a-3f12-4d33-ab5d-74b32f143895 49bcf7eb5c7b441d8b867f0be0e65ccc 380685955c034a3781b3da8357c51553 - - default default] 10.0.0.112 "GET /v2.0/security-groups?name=tempest-lb_member_SG-1685860632&fields=id&tenant_id=380685955c034a3781b3da8357c51553 HTTP/1.1" status: 200 len: 267 time: 0.0669544 /var/lib/openstack/lib/python3.10/site-packages/pycadf/identifier.py:71: UserWarning: Invalid uuid: neutron. To ensure interoperability, identifiers should be a valid uuid. warnings.warn(('Invalid uuid: %s. To ensure interoperability, '
2026-07-22 23:24:43.239 10 INFO neutron.db.ovn_revision_numbers_db [None req-487175a6-5caf-46e8-955f-c0061d0131cc 94ed66b45d014b8b9e7e06f1a832116b 891a64cbcf0644459e3323a4cf97a4cc - - - -] Successfully bumped revision number for resource d5e7ad01-557c-4783-be35-9088279a6ef6 (type: ports) to 1
2026-07-22 23:24:43.247 10 INFO neutron.wsgi [req-6a247f9d-a098-4123-aca5-7a9f7a3a9746 req-94914bda-c27f-4a84-90a6-7f9a1c13f05c 49bcf7eb5c7b441d8b867f0be0e65ccc 380685955c034a3781b3da8357c51553 - - default default] 10.0.0.112 "GET /v2.0/networks?id=d7e6147f-c3a7-4bd2-8cda-551bdd52a04c HTTP/1.1" status: 200 len: 904 time: 0.0779655
2026-07-22 23:24:43.273 10 INFO neutron.wsgi [None req-487175a6-5caf-46e8-955f-c0061d0131cc 94ed66b45d014b8b9e7e06f1a832116b 891a64cbcf0644459e3323a4cf97a4cc - - - -] 10.0.0.216 "POST /v2.0/ports HTTP/1.1" status: 201 len: 942 time: 0.4258354
2026-07-22 23:24:43.278 10 INFO neutron.wsgi [req-6a247f9d-a098-4123-aca5-7a9f7a3a9746 req-eeaf8e07-569c-45f8-9f7b-dc7c0753c676 49bcf7eb5c7b441d8b867f0be0e65ccc 380685955c034a3781b3da8357c51553 - - default default] 10.0.0.112 "GET /v2.0/quotas/380685955c034a3781b3da8357c51553 HTTP/1.1" status: 200 len: 386 time: 0.0200207
2026-07-22 23:24:43.440 9 INFO neutron.notifiers.nova [-] Nova event matching ['req-3fdece5d-b537-49af-82e1-669b111f0c0d'] response: {'name': 'network-changed', 'server_uuid': 'd3379354-9c9b-4204-9751-d45abc868b3a', 'tag': 'a403eda6-7ec2-4643-8d03-ba759a9ca5c0', 'status': 'completed', 'code': 200}
2026-07-22 23:24:43.507 10 INFO neutron.wsgi [req-a48e6c51-08a8-41af-b7a9-febe1e28f6ff req-f02f2d74-148b-45ab-8c67-5bd012beb073 404045f7f66148ca87b33c3deb64ffac e48df614e2a542a690e1cc22a276933b - - 5e99659270f44b0f8c46fcb0fc3691df 5e99659270f44b0f8c46fcb0fc3691df] 199.19.213.74 "GET /v2.0/ports?tenant_id=380685955c034a3781b3da8357c51553&device_id=d3379354-9c9b-4204-9751-d45abc868b3a HTTP/1.1" status: 200 len: 1590 time: 0.0413778
2026-07-22 23:24:43.575 10 INFO neutron.wsgi [req-6a247f9d-a098-4123-aca5-7a9f7a3a9746 req-5bad6218-480a-40df-89ae-c67cce021f40 49bcf7eb5c7b441d8b867f0be0e65ccc 380685955c034a3781b3da8357c51553 - - default default] 10.0.0.112 "GET /v2.0/ports?tenant_id=380685955c034a3781b3da8357c51553&fields=id HTTP/1.1" status: 200 len: 532 time: 0.2829537
2026-07-22 23:24:43.590 10 INFO neutron.wsgi [req-a48e6c51-08a8-41af-b7a9-febe1e28f6ff req-180de8ca-e9e3-4dfd-825e-f4ada0e303f9 404045f7f66148ca87b33c3deb64ffac e48df614e2a542a690e1cc22a276933b - - 5e99659270f44b0f8c46fcb0fc3691df 5e99659270f44b0f8c46fcb0fc3691df] 199.19.213.74 "GET /v2.0/networks?id=118e93e3-6ed6-4fab-b8ae-0afba851b19f HTTP/1.1" status: 200 len: 1002 time: 0.0697365
2026-07-22 23:24:43.619 10 INFO neutron.wsgi [None req-9cacfccf-1afb-4473-a50a-c7145cfa1e45 94ed66b45d014b8b9e7e06f1a832116b 891a64cbcf0644459e3323a4cf97a4cc - - - -] 10.0.0.216 "POST /v2.0/trunks HTTP/1.1" status: 201 len: 608 time: 0.3366861 /var/lib/openstack/lib/python3.10/site-packages/pycadf/identifier.py:71: UserWarning: Invalid uuid: neutron. To ensure interoperability, identifiers should be a valid uuid. warnings.warn(('Invalid uuid: %s. To ensure interoperability, '
2026-07-22 23:24:43.657 9 INFO neutron.wsgi [None req-9cdde5ad-f8a6-4301-9271-9ce7604f928e 94ed66b45d014b8b9e7e06f1a832116b 891a64cbcf0644459e3323a4cf97a4cc - - - -] 10.0.0.216 "PUT /v2.0/trunks/e9f409ee-f417-4717-b4f3-85a4099545d4/tags HTTP/1.1" status: 200 len: 218 time: 0.0316906
2026-07-22 23:24:43.681 9 INFO neutron.wsgi [None req-40bc2f26-9eb1-4b51-b0df-9850be09bb57 94ed66b45d014b8b9e7e06f1a832116b 891a64cbcf0644459e3323a4cf97a4cc - - default default] 10.0.0.216 "GET /v2.0/trunks/e9f409ee-f417-4717-b4f3-85a4099545d4/tags HTTP/1.1" status: 200 len: 218 time: 0.0176735
2026-07-22 23:24:43.711 9 INFO neutron.wsgi [None req-60ac36df-f318-448a-9f90-2c57694b483b 94ed66b45d014b8b9e7e06f1a832116b 891a64cbcf0644459e3323a4cf97a4cc - - - -] 10.0.0.216 "PUT /v2.0/trunks/e9f409ee-f417-4717-b4f3-85a4099545d4/tags/green HTTP/1.1" status: 201 len: 201 time: 0.0264392
2026-07-22 23:24:43.729 9 INFO neutron.wsgi [None req-46becdef-0d0e-457c-ac75-b5ea5a03bdeb 94ed66b45d014b8b9e7e06f1a832116b 891a64cbcf0644459e3323a4cf97a4cc - - default default] 10.0.0.216 "GET /v2.0/trunks/e9f409ee-f417-4717-b4f3-85a4099545d4/tags HTTP/1.1" status: 200 len: 227 time: 0.0134544
2026-07-22 23:24:43.748 9 INFO neutron.wsgi [None req-a513a466-de8b-4bfc-bc59-b2eb684a8b12 94ed66b45d014b8b9e7e06f1a832116b 891a64cbcf0644459e3323a4cf97a4cc - - - -] 10.0.0.216 "PUT /v2.0/trunks/e9f409ee-f417-4717-b4f3-85a4099545d4/tags/red HTTP/1.1" status: 201 len: 201 time: 0.0141764
2026-07-22 23:24:43.768 9 INFO neutron.wsgi [None req-6f2d3e84-0c7d-429e-a0e4-b7778b120d8c 94ed66b45d014b8b9e7e06f1a832116b 891a64cbcf0644459e3323a4cf97a4cc - - default default] 10.0.0.216 "GET /v2.0/trunks/e9f409ee-f417-4717-b4f3-85a4099545d4/tags HTTP/1.1" status: 200 len: 227 time: 0.0149963
2026-07-22 23:24:43.800 9 INFO neutron.wsgi [None req-a43733d0-e0c8-4eda-9990-d9ce5c4b0358 94ed66b45d014b8b9e7e06f1a832116b 891a64cbcf0644459e3323a4cf97a4cc - - - -] 10.0.0.216 "PUT /v2.0/trunks/e9f409ee-f417-4717-b4f3-85a4099545d4/tags/black.or.white HTTP/1.1" status: 201 len: 201 time: 0.0273097
2026-07-22 23:24:43.821 9 INFO neutron.wsgi [None req-b50eecdd-1b9d-4b29-a847-c1f7d915b065 94ed66b45d014b8b9e7e06f1a832116b 891a64cbcf0644459e3323a4cf97a4cc - - default default] 10.0.0.216 "GET /v2.0/trunks/e9f409ee-f417-4717-b4f3-85a4099545d4/tags HTTP/1.1" status: 200 len: 245 time: 0.0152495
2026-07-22 23:24:43.854 9 INFO neutron.wsgi [None req-6b7afe44-9a6d-4836-99ec-bec1653021dd 94ed66b45d014b8b9e7e06f1a832116b 891a64cbcf0644459e3323a4cf97a4cc - - - -] 10.0.0.216 "PUT /v2.0/trunks/e9f409ee-f417-4717-b4f3-85a4099545d4/tags HTTP/1.1" status: 200 len: 230 time: 0.0279846
2026-07-22 23:24:43.877 9 INFO neutron.wsgi [None req-4633c092-4d01-4c9c-9cf8-9f8573b6e101 94ed66b45d014b8b9e7e06f1a832116b 891a64cbcf0644459e3323a4cf97a4cc - - default default] 10.0.0.216 "GET /v2.0/trunks/e9f409ee-f417-4717-b4f3-85a4099545d4/tags HTTP/1.1" status: 200 len: 230 time: 0.0171227
2026-07-22 23:24:43.896 9 INFO neutron.wsgi [None req-89440fa9-bde1-4c18-a7d5-f5af6f7476b5 94ed66b45d014b8b9e7e06f1a832116b 891a64cbcf0644459e3323a4cf97a4cc - - default default] 10.0.0.216 "GET /v2.0/trunks/e9f409ee-f417-4717-b4f3-85a4099545d4/tags/red HTTP/1.1" status: 204 len: 168 time: 0.0145051
2026-07-22 23:24:43.912 9 INFO neutron.api.v2.resource [None req-20bf93e0-9c76-4c0e-b20f-1b9835f45e2f 94ed66b45d014b8b9e7e06f1a832116b 891a64cbcf0644459e3323a4cf97a4cc - - default default] show failed (client error): The resource could not be found.
2026-07-22 23:24:43.913 9 INFO neutron.wsgi [None req-20bf93e0-9c76-4c0e-b20f-1b9835f45e2f 94ed66b45d014b8b9e7e06f1a832116b 891a64cbcf0644459e3323a4cf97a4cc - - default default] 10.0.0.216 "GET /v2.0/trunks/e9f409ee-f417-4717-b4f3-85a4099545d4/tags/green HTTP/1.1" status: 404 len: 299 time: 0.0122762
2026-07-22 23:24:43.949 9 INFO neutron.wsgi [None req-d9cb4c64-b385-435c-ac9e-0d464a00b7b6 94ed66b45d014b8b9e7e06f1a832116b 891a64cbcf0644459e3323a4cf97a4cc - - - -] 10.0.0.216 "DELETE /v2.0/trunks/e9f409ee-f417-4717-b4f3-85a4099545d4/tags/red HTTP/1.1" status: 204 len: 168 time: 0.0306649
2026-07-22 23:24:43.954 10 INFO neutron.wsgi [req-a48e6c51-08a8-41af-b7a9-febe1e28f6ff req-d3657e42-f828-4537-8ba0-67e04f70458e 404045f7f66148ca87b33c3deb64ffac e48df614e2a542a690e1cc22a276933b - - 5e99659270f44b0f8c46fcb0fc3691df 5e99659270f44b0f8c46fcb0fc3691df] 199.19.213.74 "GET /v2.0/floatingips?fixed_ip_address=10.2.1.177&port_id=a403eda6-7ec2-4643-8d03-ba759a9ca5c0 HTTP/1.1" status: 200 len: 1059 time: 0.3501658
2026-07-22 23:24:43.957 10 INFO neutron.wsgi [req-6a247f9d-a098-4123-aca5-7a9f7a3a9746 req-f934bc03-ce97-4b76-9d1e-9c51a08472cc 404045f7f66148ca87b33c3deb64ffac e48df614e2a542a690e1cc22a276933b - - 5e99659270f44b0f8c46fcb0fc3691df 5e99659270f44b0f8c46fcb0fc3691df] 10.0.0.112 "GET /v2.0/networks/d7e6147f-c3a7-4bd2-8cda-551bdd52a04c?fields=segments HTTP/1.1" status: 200 len: 212 time: 0.3690538
2026-07-22 23:24:43.964 9 INFO neutron.wsgi [None req-904f23ab-278c-4dc6-bde0-16a5c42d3b92 94ed66b45d014b8b9e7e06f1a832116b 891a64cbcf0644459e3323a4cf97a4cc - - default default] 10.0.0.216 "GET /v2.0/trunks/e9f409ee-f417-4717-b4f3-85a4099545d4/tags HTTP/1.1" status: 200 len: 223 time: 0.0118558
2026-07-22 23:24:43.986 9 INFO neutron.api.v2.resource [None req-b339c147-c1a9-43b7-9cf6-aaad18cd8017 94ed66b45d014b8b9e7e06f1a832116b 891a64cbcf0644459e3323a4cf97a4cc - - - -] delete failed (client error): The resource could not be found.
2026-07-22 23:24:43.988 9 INFO neutron.wsgi [None req-b339c147-c1a9-43b7-9cf6-aaad18cd8017 94ed66b45d014b8b9e7e06f1a832116b 891a64cbcf0644459e3323a4cf97a4cc - - - -] 10.0.0.216 "DELETE /v2.0/trunks/e9f409ee-f417-4717-b4f3-85a4099545d4/tags/green HTTP/1.1" status: 404 len: 299 time: 0.0199883
2026-07-22 23:24:43.994 10 INFO neutron.wsgi [req-a48e6c51-08a8-41af-b7a9-febe1e28f6ff req-44172aa9-d451-41fd-845d-2ed91321fde1 404045f7f66148ca87b33c3deb64ffac e48df614e2a542a690e1cc22a276933b - - 5e99659270f44b0f8c46fcb0fc3691df 5e99659270f44b0f8c46fcb0fc3691df] 199.19.213.74 "GET /v2.0/floatingips?fixed_ip_address=fd7b%3Af9f7%3Afff%3A4eca%3A%3A2aa&port_id=a403eda6-7ec2-4643-8d03-ba759a9ca5c0 HTTP/1.1" status: 200 len: 217 time: 0.0323427
2026-07-22 23:24:44.019 9 INFO neutron.wsgi [None req-9e2e235f-9c0a-4637-ae1d-08ea8447b29f 94ed66b45d014b8b9e7e06f1a832116b 891a64cbcf0644459e3323a4cf97a4cc - - - -] 10.0.0.216 "DELETE /v2.0/trunks/e9f409ee-f417-4717-b4f3-85a4099545d4/tags HTTP/1.1" status: 204 len: 168 time: 0.0262282
2026-07-22 23:24:44.034 9 INFO neutron.wsgi [None req-25562142-7e54-40be-9ff5-eb4c5703abaf 94ed66b45d014b8b9e7e06f1a832116b 891a64cbcf0644459e3323a4cf97a4cc - - default default] 10.0.0.216 "GET /v2.0/trunks/e9f409ee-f417-4717-b4f3-85a4099545d4/tags HTTP/1.1" status: 200 len: 205 time: 0.0119672
2026-07-22 23:24:44.048 10 INFO neutron.wsgi [req-a48e6c51-08a8-41af-b7a9-febe1e28f6ff req-6ba7d6f3-76e1-477a-9d4c-7955589443d7 404045f7f66148ca87b33c3deb64ffac e48df614e2a542a690e1cc22a276933b - - 5e99659270f44b0f8c46fcb0fc3691df 5e99659270f44b0f8c46fcb0fc3691df] 199.19.213.74 "GET /v2.0/subnets?id=c5cc7085-fc52-4f91-a34a-884f90bf17ff&id=4e4d5485-14fe-47c6-a07c-ec4125beedb7 HTTP/1.1" status: 200 len: 1561 time: 0.0468018
2026-07-22 23:24:44.051 10 INFO neutron.wsgi [req-6a247f9d-a098-4123-aca5-7a9f7a3a9746 req-09af0d1b-cec2-425a-aa10-67c3d8014cc0 404045f7f66148ca87b33c3deb64ffac e48df614e2a542a690e1cc22a276933b - - 5e99659270f44b0f8c46fcb0fc3691df 5e99659270f44b0f8c46fcb0fc3691df] 10.0.0.112 "GET /v2.0/networks/d7e6147f-c3a7-4bd2-8cda-551bdd52a04c?fields=provider%3Aphysical_network&fields=provider%3Anetwork_type HTTP/1.1" status: 200 len: 277 time: 0.0885551
2026-07-22 23:24:44.076 10 INFO neutron.wsgi [req-a48e6c51-08a8-41af-b7a9-febe1e28f6ff req-0bbd5b1e-486e-4cb5-9a65-ce3497c9c4b5 404045f7f66148ca87b33c3deb64ffac e48df614e2a542a690e1cc22a276933b - - 5e99659270f44b0f8c46fcb0fc3691df 5e99659270f44b0f8c46fcb0fc3691df] 199.19.213.74 "GET /v2.0/ports?network_id=118e93e3-6ed6-4fab-b8ae-0afba851b19f&device_owner=network%3Adhcp HTTP/1.1" status: 200 len: 210 time: 0.0202620
2026-07-22 23:24:44.081 9 INFO neutron.wsgi [None req-3cf1c55f-82c1-4134-87ad-8f7732a83faa 94ed66b45d014b8b9e7e06f1a832116b 891a64cbcf0644459e3323a4cf97a4cc - - default default] 10.0.0.216 "GET /v2.0/trunks/e9f409ee-f417-4717-b4f3-85a4099545d4 HTTP/1.1" status: 200 len: 603 time: 0.0233455
2026-07-22 23:24:44.105 10 INFO neutron.wsgi [req-a48e6c51-08a8-41af-b7a9-febe1e28f6ff req-da7eaeb8-4d60-4c28-81e6-9f8ee3c56050 404045f7f66148ca87b33c3deb64ffac e48df614e2a542a690e1cc22a276933b - - 5e99659270f44b0f8c46fcb0fc3691df 5e99659270f44b0f8c46fcb0fc3691df] 199.19.213.74 "GET /v2.0/ports?network_id=118e93e3-6ed6-4fab-b8ae-0afba851b19f&device_owner=network%3Adhcp HTTP/1.1" status: 200 len: 210 time: 0.0243652
2026-07-22 23:24:44.172 10 INFO neutron.wsgi [req-a48e6c51-08a8-41af-b7a9-febe1e28f6ff req-1951f419-3d8f-4fac-bd51-e9962f92a89e 404045f7f66148ca87b33c3deb64ffac e48df614e2a542a690e1cc22a276933b - - 5e99659270f44b0f8c46fcb0fc3691df 5e99659270f44b0f8c46fcb0fc3691df] 199.19.213.74 "GET /v2.0/networks/118e93e3-6ed6-4fab-b8ae-0afba851b19f?fields=segments HTTP/1.1" status: 200 len: 212 time: 0.0607364
2026-07-22 23:24:44.183 9 INFO neutron.wsgi [req-2eb0724d-9b24-4e51-8f09-3f9d4e7b7359 req-a3bafc08-ff5f-47bd-86ef-5bc9c8547f65 49bcf7eb5c7b441d8b867f0be0e65ccc 380685955c034a3781b3da8357c51553 - - default default] 10.0.0.112 "GET /v2.0/ports?device_id=b23f15ea-93de-43a1-bec9-a556834982c9 HTTP/1.1" status: 200 len: 210 time: 0.0251977
2026-07-22 23:24:44.221 9 INFO neutron.wsgi [None req-cf5831a4-0f38-4bb1-af9e-f70a3d2041da 94ed66b45d014b8b9e7e06f1a832116b 891a64cbcf0644459e3323a4cf97a4cc - - default default] 10.0.0.216 "GET /v2.0/ports/d5e7ad01-557c-4783-be35-9088279a6ef6 HTTP/1.1" status: 200 len: 1020 time: 0.1349208
2026-07-22 23:24:44.273 10 INFO neutron.wsgi [req-a48e6c51-08a8-41af-b7a9-febe1e28f6ff req-8826ded6-9faf-438e-8d3b-5860148704f8 404045f7f66148ca87b33c3deb64ffac e48df614e2a542a690e1cc22a276933b - - 5e99659270f44b0f8c46fcb0fc3691df 5e99659270f44b0f8c46fcb0fc3691df] 199.19.213.74 "GET /v2.0/networks/118e93e3-6ed6-4fab-b8ae-0afba851b19f?fields=provider%3Aphysical_network&fields=provider%3Anetwork_type HTTP/1.1" status: 200 len: 277 time: 0.0930197
2026-07-22 23:24:44.361 9 INFO neutron.wsgi [None req-3ff86985-a478-45c0-b387-70f82fbf7945 94ed66b45d014b8b9e7e06f1a832116b 891a64cbcf0644459e3323a4cf97a4cc - - - -] 10.0.0.216 "DELETE /v2.0/trunks/e9f409ee-f417-4717-b4f3-85a4099545d4 HTTP/1.1" status: 204 len: 168 time: 0.1361609
2026-07-22 23:24:44.526 10 INFO neutron.wsgi [req-d719e430-2581-4a20-851b-9de1fffddfb4 req-4688138c-04ea-4c0b-856e-b7cb4910460a 404045f7f66148ca87b33c3deb64ffac e48df614e2a542a690e1cc22a276933b - - 5e99659270f44b0f8c46fcb0fc3691df 5e99659270f44b0f8c46fcb0fc3691df] 199.19.213.74 "GET /v2.0/ports?device_id=f6d9e72f-fd03-4ed9-a8e3-439d09cd8691&fields=binding%3Ahost_id&fields=binding%3Avif_type HTTP/1.1" status: 200 len: 265 time: 0.0598516
2026-07-22 23:24:44.610 10 INFO neutron.wsgi [req-d719e430-2581-4a20-851b-9de1fffddfb4 req-2bf8a954-900c-4bdf-90e3-e9b80740bb07 404045f7f66148ca87b33c3deb64ffac e48df614e2a542a690e1cc22a276933b - - 5e99659270f44b0f8c46fcb0fc3691df 5e99659270f44b0f8c46fcb0fc3691df] 199.19.213.74 "GET /v2.0/ports?tenant_id=df8601d3a87f4cad9aa1a792c787b4bb&device_id=f6d9e72f-fd03-4ed9-a8e3-439d09cd8691 HTTP/1.1" status: 200 len: 1400 time: 0.0424092
2026-07-22 23:24:44.651 9 INFO neutron.wsgi [None req-50573981-f503-42e2-89e6-23ee3bcdb292 94ed66b45d014b8b9e7e06f1a832116b 891a64cbcf0644459e3323a4cf97a4cc - - - -] 10.0.0.216 "DELETE /v2.0/ports/d5e7ad01-557c-4783-be35-9088279a6ef6 HTTP/1.1" status: 204 len: 168 time: 0.2842777
2026-07-22 23:24:44.687 10 INFO neutron.wsgi [req-d719e430-2581-4a20-851b-9de1fffddfb4 req-aeba4de1-108b-42f8-8648-3a82591dafcd 404045f7f66148ca87b33c3deb64ffac e48df614e2a542a690e1cc22a276933b - - 5e99659270f44b0f8c46fcb0fc3691df 5e99659270f44b0f8c46fcb0fc3691df] 199.19.213.74 "GET /v2.0/networks?id=a06ba51a-109a-45b4-a7ef-c0cb6316f721 HTTP/1.1" status: 200 len: 970 time: 0.0562277
2026-07-22 23:24:44.740 10 INFO neutron.wsgi [req-d719e430-2581-4a20-851b-9de1fffddfb4 req-349bf23e-387f-4732-84b8-5918d5f72b3a 404045f7f66148ca87b33c3deb64ffac e48df614e2a542a690e1cc22a276933b - - 5e99659270f44b0f8c46fcb0fc3691df 5e99659270f44b0f8c46fcb0fc3691df] 199.19.213.74 "GET /v2.0/floatingips?fixed_ip_address=10.100.0.6&port_id=5994aef1-686c-4e90-ae07-10bc1907876a HTTP/1.1" status: 200 len: 1059 time: 0.0437908
2026-07-22 23:24:44.797 10 INFO neutron.wsgi [req-d719e430-2581-4a20-851b-9de1fffddfb4 req-4fed0d6c-ece5-4d8c-997a-8dfc93c1b3ca 404045f7f66148ca87b33c3deb64ffac e48df614e2a542a690e1cc22a276933b - - 5e99659270f44b0f8c46fcb0fc3691df 5e99659270f44b0f8c46fcb0fc3691df] 199.19.213.74 "GET /v2.0/subnets?id=aa08aa67-6393-4f82-8647-ef2792e21930 HTTP/1.1" status: 200 len: 865 time: 0.0466781
2026-07-22 23:24:44.829 10 INFO neutron.wsgi [req-d719e430-2581-4a20-851b-9de1fffddfb4 req-679f7c4f-3a00-43e8-b634-5c55a7a9a1ee 404045f7f66148ca87b33c3deb64ffac e48df614e2a542a690e1cc22a276933b - - 5e99659270f44b0f8c46fcb0fc3691df 5e99659270f44b0f8c46fcb0fc3691df] 199.19.213.74 "GET /v2.0/ports?network_id=a06ba51a-109a-45b4-a7ef-c0cb6316f721&device_owner=network%3Adhcp HTTP/1.1" status: 200 len: 210 time: 0.0235004
2026-07-22 23:24:44.923 10 INFO neutron.wsgi [req-d719e430-2581-4a20-851b-9de1fffddfb4 req-022e6ec0-2c07-4ef4-9d85-db89756125c1 404045f7f66148ca87b33c3deb64ffac e48df614e2a542a690e1cc22a276933b - - 5e99659270f44b0f8c46fcb0fc3691df 5e99659270f44b0f8c46fcb0fc3691df] 199.19.213.74 "GET /v2.0/networks/a06ba51a-109a-45b4-a7ef-c0cb6316f721?fields=segments HTTP/1.1" status: 200 len: 212 time: 0.0832376
2026-07-22 23:24:44.980 10 INFO neutron.wsgi [req-d719e430-2581-4a20-851b-9de1fffddfb4 req-a9d0348a-c52c-4482-af8b-cb0c46eea258 404045f7f66148ca87b33c3deb64ffac e48df614e2a542a690e1cc22a276933b - - 5e99659270f44b0f8c46fcb0fc3691df 5e99659270f44b0f8c46fcb0fc3691df] 199.19.213.74 "GET /v2.0/networks/a06ba51a-109a-45b4-a7ef-c0cb6316f721?fields=provider%3Aphysical_network&fields=provider%3Anetwork_type HTTP/1.1" status: 200 len: 277 time: 0.0507412
2026-07-22 23:24:45.081 9 INFO neutron.wsgi [req-6a247f9d-a098-4123-aca5-7a9f7a3a9746 req-035d2d73-dcf8-4f88-b5ec-4dd27b74a89b 49bcf7eb5c7b441d8b867f0be0e65ccc 380685955c034a3781b3da8357c51553 - - default default] 199.19.213.74 "GET /v2.0/networks?id=d7e6147f-c3a7-4bd2-8cda-551bdd52a04c HTTP/1.1" status: 200 len: 904 time: 0.0740645
2026-07-22 23:24:45.162 9 INFO neutron.wsgi [req-6a247f9d-a098-4123-aca5-7a9f7a3a9746 req-db6f7dbe-9dfc-4ac1-8f8c-835eb99e1dae 49bcf7eb5c7b441d8b867f0be0e65ccc 380685955c034a3781b3da8357c51553 - - default default] 199.19.213.74 "GET /v2.0/security-groups?fields=id&fields=name&tenant_id=380685955c034a3781b3da8357c51553 HTTP/1.1" status: 200 len: 378 time: 0.0706491
2026-07-22 23:24:45.463 9 INFO neutron.services.segments.plugin [-] Segment f4db6e76-c5da-4f88-a7a7-e34030b420a7 resource provider aggregate not found
