2026-07-22 23:23:17.576 10 INFO neutron.wsgi [None req-f7b24e1e-0df3-44a0-8b67-1b80238be174 650cad95edaf48ea94eaac528ff61509 b31005c5640c4eda9d7aa667aaed7ae5 - - default default] 10.0.0.216 "GET /v2.0/networks?not-tags=red HTTP/1.1" status: 200 len: 2069 time: 0.4065397
2026-07-22 23:23:17.583 10 INFO neutron.wsgi [None req-85e224d0-a002-483b-9d3a-70fb0fc1da70 cf73f69d1f7e49a59cf81fa0f22f15b3 54c749f18dbc43a79f6dd70b33b72377 - - default default] 10.0.0.216 "GET /v2.0/security-groups?tenant_id=24840ae9b3f949ef9c262e1c5a325522&name=default HTTP/1.1" status: 200 len: 2996 time: 0.5317760
2026-07-22 23:23:17.733 9 INFO neutron.wsgi [None req-fe1fa09e-f59e-468b-85d8-6b84d94af693 650cad95edaf48ea94eaac528ff61509 b31005c5640c4eda9d7aa667aaed7ae5 - - default default] 10.0.0.216 "GET /v2.0/networks?not-tags=red%2Cblue HTTP/1.1" status: 200 len: 2682 time: 0.1490464
2026-07-22 23:23:17.858 10 INFO neutron.wsgi [None req-2b6de91f-490a-4d7c-b27a-bfc2f3fc8fd7 cf73f69d1f7e49a59cf81fa0f22f15b3 54c749f18dbc43a79f6dd70b33b72377 - - - -] 10.0.0.216 "DELETE /v2.0/security-groups/de871e94-2e07-4914-b990-3b73250fa902 HTTP/1.1" status: 204 len: 168 time: 0.2705407
2026-07-22 23:23:17.884 10 INFO neutron.wsgi [None req-206653b5-5039-4ec0-b953-380aff5fdd5b 650cad95edaf48ea94eaac528ff61509 b31005c5640c4eda9d7aa667aaed7ae5 - - default default] 10.0.0.216 "GET /v2.0/networks?not-tags-any=blue HTTP/1.1" status: 200 len: 2682 time: 0.1462998
2026-07-22 23:23:17.959 10 INFO neutron.wsgi [None req-75a45637-af8d-4a69-99c8-41e00438adf3 650cad95edaf48ea94eaac528ff61509 b31005c5640c4eda9d7aa667aaed7ae5 - - default default] 10.0.0.216 "GET /v2.0/networks?not-tags-any=red%2Cblue HTTP/1.1" status: 200 len: 2069 time: 0.0689785
2026-07-22 23:23:18.161 9 INFO neutron.notifiers.nova [-] Nova event matching ['req-7ba30060-54a7-4a60-be27-cefef5b5ec27'] response: {'server_uuid': '0733ba4f-f693-419a-9bb1-83e760c1bef4', 'name': 'network-vif-plugged', 'status': 'completed', 'tag': 'cf17c56f-0a7e-4ee2-b531-d957804c3c76', 'code': 200}
2026-07-22 23:23:18.472 10 INFO neutron.wsgi [None req-687d06dc-2b09-4229-90b9-efe19a3265bb 650cad95edaf48ea94eaac528ff61509 b31005c5640c4eda9d7aa667aaed7ae5 - - - -] 10.0.0.216 "DELETE /v2.0/networks/0d0b975f-5480-4ae2-afcb-a264a96a2e65 HTTP/1.1" status: 204 len: 168 time: 0.5067945
2026-07-22 23:23:18.503 10 INFO neutron.wsgi [None req-a8e080bd-e19d-4967-839b-7122f17d0e58 22923918ffc14c87b5f60ad42d46b458 a95fb2e09ebe46d282f429652af4b6ca - - - -] 10.0.0.216 "DELETE /v2.0/security-groups/ff88a0e5-4def-4e4d-9452-f448b56cc50d HTTP/1.1" status: 204 len: 168 time: 0.2420313
2026-07-22 23:23:18.907 10 INFO neutron.services.segments.plugin [-] Segment 4ea98387-6289-4361-b1c2-ee2b81420d84 resource provider aggregate not found
2026-07-22 23:23:18.912 10 INFO neutron.services.segments.plugin [-] Segment 4ea98387-6289-4361-b1c2-ee2b81420d84 resource provider aggregate not found
2026-07-22 23:23:18.928 10 INFO neutron.services.segments.plugin [-] Segment 4ea98387-6289-4361-b1c2-ee2b81420d84 resource provider not found; error: Placement Client Error (4xx): {"errors": [{"status": 404, "title": "Not Found", "detail": "The resource could not be found.\n\n No resource provider with uuid 4ea98387-6289-4361-b1c2-ee2b81420d84 found for delete ", "request_id": "req-164502dc-c235-46c1-99fe-fbf63cfcddef"}]}
2026-07-22 23:23:18.940 10 INFO neutron.services.segments.plugin [-] Segment 4ea98387-6289-4361-b1c2-ee2b81420d84 resource provider not found; error: Placement Client Error (4xx): {"errors": [{"status": 404, "title": "Not Found", "detail": "The resource could not be found.\n\n No resource provider with uuid 4ea98387-6289-4361-b1c2-ee2b81420d84 found for delete ", "request_id": "req-cd6291b7-d6d1-426a-a954-41db6c33ab24"}]}
2026-07-22 23:23:18.972 9 INFO neutron.wsgi [None req-05bf95c6-c298-4179-a91e-918f7116589f 650cad95edaf48ea94eaac528ff61509 b31005c5640c4eda9d7aa667aaed7ae5 - - - -] 10.0.0.216 "DELETE /v2.0/networks/4487d01a-d866-4c2c-90d6-df16fc480643 HTTP/1.1" status: 204 len: 168 time: 0.4947903
2026-07-22 23:23:18.974 10 INFO neutron.wsgi [None req-83c359b9-ab45-416a-be65-76bffa7ccabc 22923918ffc14c87b5f60ad42d46b458 a95fb2e09ebe46d282f429652af4b6ca - - - -] 10.0.0.216 "DELETE /v2.0/floatingips/352861e1-2c12-489e-881f-22e47943240d HTTP/1.1" status: 204 len: 168 time: 0.4281135
2026-07-22 23:23:19.219 9 INFO neutron.plugins.ml2.drivers.ovn.mech_driver.mech_driver [None req-e94773ee-e484-46ec-9ae7-301148bfd26a - - - - - -] OVN reports status down for port: e4272823-1c70-4df0-88c6-eaf71412a47b
2026-07-22 23:23:19.377 9 INFO neutron.services.segments.plugin [-] Segment 57a895e9-8a0a-4bc5-af81-240bf6327983 resource provider aggregate not found
2026-07-22 23:23:19.385 9 INFO neutron.services.segments.plugin [-] Segment 57a895e9-8a0a-4bc5-af81-240bf6327983 resource provider aggregate not found
2026-07-22 23:23:19.397 9 INFO neutron.wsgi [-] 10.0.0.59 "GET / HTTP/1.1" status: 200 len: 246 time: 0.0019131
2026-07-22 23:23:19.400 9 INFO neutron.wsgi [-] 10.0.0.59 "GET / HTTP/1.1" status: 200 len: 246 time: 0.0019999
2026-07-22 23:23:19.407 9 INFO neutron.wsgi [req-fc87d8bb-1319-44ad-8d27-8f3c3ecab2f5 req-8aeea9d7-9de1-4b64-aef4-b01b6295d5d6 22923918ffc14c87b5f60ad42d46b458 a95fb2e09ebe46d282f429652af4b6ca - - default default] 10.0.0.112 "GET /v2.0/ports?device_id=7efcdf65-d8e0-43e4-81f4-785bf6ee853f HTTP/1.1" status: 200 len: 1174 time: 0.2519114
2026-07-22 23:23:19.409 9 INFO neutron.services.segments.plugin [-] Segment 57a895e9-8a0a-4bc5-af81-240bf6327983 resource provider not found; error: Placement Client Error (4xx): {"errors": [{"status": 404, "title": "Not Found", "detail": "The resource could not be found.\n\n No resource provider with uuid 57a895e9-8a0a-4bc5-af81-240bf6327983 found for delete ", "request_id": "req-e954de59-0d71-4099-93cf-63db8609a5cf"}]}
2026-07-22 23:23:19.412 9 INFO neutron.services.segments.plugin [-] Segment 57a895e9-8a0a-4bc5-af81-240bf6327983 resource provider not found; error: Placement Client Error (4xx): {"errors": [{"status": 404, "title": "Not Found", "detail": "The resource could not be found.\n\n No resource provider with uuid 57a895e9-8a0a-4bc5-af81-240bf6327983 found for delete ", "request_id": "req-d6c0ac94-28ad-4e82-9483-60c77f3c81ed"}]}
2026-07-22 23:23:19.470 10 INFO neutron.wsgi [None req-40766af2-f03c-4216-9e25-355a382eab9a 650cad95edaf48ea94eaac528ff61509 b31005c5640c4eda9d7aa667aaed7ae5 - - - -] 10.0.0.216 "DELETE /v2.0/networks/2c9ace01-c0f2-43de-80db-28ad4015ba6a HTTP/1.1" status: 204 len: 168 time: 0.4916539
2026-07-22 23:23:19.471 9 INFO neutron.wsgi [req-fc87d8bb-1319-44ad-8d27-8f3c3ecab2f5 req-bc3ba5a1-81cf-4875-a252-d9eb453b17a4 22923918ffc14c87b5f60ad42d46b458 a95fb2e09ebe46d282f429652af4b6ca - - default default] 10.0.0.112 "GET /v2.0/security-groups?id=fd7eec25-34cf-4706-8387-7aa53043c87e&fields=id&fields=name HTTP/1.1" status: 200 len: 313 time: 0.0548370
2026-07-22 23:23:19.545 10 INFO neutron.wsgi [req-dbb053ed-106b-41c5-9998-4d22079326c8 req-e0e89c2b-6c52-45b1-ad29-08a43c206019 22923918ffc14c87b5f60ad42d46b458 a95fb2e09ebe46d282f429652af4b6ca - - default default] 199.19.213.74 "GET /v2.0/ports?device_id=7efcdf65-d8e0-43e4-81f4-785bf6ee853f HTTP/1.1" status: 200 len: 1172 time: 0.0376699
2026-07-22 23:23:19.574 9 INFO neutron.db.ovn_revision_numbers_db [None req-6cb49e51-90f6-47e5-bc88-f8b7551d9a3c cf73f69d1f7e49a59cf81fa0f22f15b3 54c749f18dbc43a79f6dd70b33b72377 - - default default] Successfully bumped revision number for resource 22ec88a3-1402-4d2c-966c-a6474c7eb886 (type: security_groups) to 1
2026-07-22 23:23:19.611 9 INFO neutron.wsgi [None req-6cb49e51-90f6-47e5-bc88-f8b7551d9a3c cf73f69d1f7e49a59cf81fa0f22f15b3 54c749f18dbc43a79f6dd70b33b72377 - - default default] 10.0.0.216 "GET /v2.0/security-groups?tenant_id=0bdf1f73e2924c489aaa83488a7511dc&name=default HTTP/1.1" status: 200 len: 2996 time: 0.5312543
2026-07-22 23:23:19.748 9 INFO neutron.db.ovn_revision_numbers_db [None req-e94773ee-e484-46ec-9ae7-301148bfd26a - - - - - -] Successfully bumped revision number for resource e4272823-1c70-4df0-88c6-eaf71412a47b (type: ports) to 5
2026-07-22 23:23:19.912 10 INFO neutron.wsgi [None req-dda26a09-5646-4a09-a46f-04b307b3f36e 22923918ffc14c87b5f60ad42d46b458 a95fb2e09ebe46d282f429652af4b6ca - - - -] 199.19.213.74 "DELETE /v2.0/ports/e4272823-1c70-4df0-88c6-eaf71412a47b HTTP/1.1" status: 204 len: 173 time: 0.3636186
2026-07-22 23:23:19.926 10 INFO neutron.wsgi [None req-759a8f97-1a47-4934-9d5a-7cee355717d9 cf73f69d1f7e49a59cf81fa0f22f15b3 54c749f18dbc43a79f6dd70b33b72377 - - - -] 10.0.0.216 "DELETE /v2.0/security-groups/22ec88a3-1402-4d2c-966c-a6474c7eb886 HTTP/1.1" status: 204 len: 168 time: 0.3102567
2026-07-22 23:23:19.965 10 INFO neutron.notifiers.nova [-] Nova event matching ['req-e9ae9bea-9073-426d-9449-594f7019a73c'] response: {'server_uuid': '7efcdf65-d8e0-43e4-81f4-785bf6ee853f', 'name': 'network-vif-deleted', 'tag': 'e4272823-1c70-4df0-88c6-eaf71412a47b', 'status': 'completed', 'code': 200}
2026-07-22 23:23:20.041 9 INFO neutron.wsgi [None req-b500c023-99be-474b-b0a9-0c6aebdb3fdd 650cad95edaf48ea94eaac528ff61509 b31005c5640c4eda9d7aa667aaed7ae5 - - - -] 10.0.0.216 "DELETE /v2.0/networks/bf3d5758-e0de-496e-bd0a-a98e40d33ff3 HTTP/1.1" status: 204 len: 168 time: 0.5647230
2026-07-22 23:23:20.202 9 INFO neutron.notifiers.nova [-] Nova event matching ['req-f740bd0e-a06c-4b62-a3d3-502b65a78f10'] response: {'server_uuid': '7efcdf65-d8e0-43e4-81f4-785bf6ee853f', 'name': 'network-vif-unplugged', 'status': 'completed', 'tag': 'e4272823-1c70-4df0-88c6-eaf71412a47b', 'code': 200}
2026-07-22 23:23:20.202 9 INFO neutron.notifiers.nova [-] Nova event matching ['req-f740bd0e-a06c-4b62-a3d3-502b65a78f10'] response: {'server_uuid': '7efcdf65-d8e0-43e4-81f4-785bf6ee853f', 'name': 'network-vif-plugged', 'status': 'completed', 'tag': 'e4272823-1c70-4df0-88c6-eaf71412a47b', 'code': 200}
2026-07-22 23:23:20.460 10 INFO neutron.wsgi [None req-9965d028-08ed-455a-9707-7915a8c85ab7 650cad95edaf48ea94eaac528ff61509 b31005c5640c4eda9d7aa667aaed7ae5 - - - -] 10.0.0.216 "DELETE /v2.0/networks/3ee8d872-e709-48c6-a573-fd79d3e49a28 HTTP/1.1" status: 204 len: 168 time: 0.4144022
2026-07-22 23:23:20.670 10 INFO neutron.wsgi [None req-eb72717a-1076-4881-bcee-2a75ddf2d0b8 22923918ffc14c87b5f60ad42d46b458 a95fb2e09ebe46d282f429652af4b6ca - - - -] 10.0.0.216 "DELETE /v2.0/security-groups/fd7eec25-34cf-4706-8387-7aa53043c87e HTTP/1.1" status: 204 len: 168 time: 0.1357102
2026-07-22 23:23:20.965 10 INFO neutron.services.segments.plugin [-] Segment c85a26f1-11d5-42c2-8432-8409871d2f0e resource provider aggregate not found
2026-07-22 23:23:20.972 10 INFO neutron.services.segments.plugin [-] Segment c85a26f1-11d5-42c2-8432-8409871d2f0e resource provider aggregate not found
2026-07-22 23:23:20.987 10 INFO neutron.services.segments.plugin [-] Segment c85a26f1-11d5-42c2-8432-8409871d2f0e resource provider not found; error: Placement Client Error (4xx): {"errors": [{"status": 404, "title": "Not Found", "detail": "The resource could not be found.\n\n No resource provider with uuid c85a26f1-11d5-42c2-8432-8409871d2f0e found for delete ", "request_id": "req-c2967f19-fb6f-4d75-bb03-29ce02d9b15c"}]}
2026-07-22 23:23:20.993 10 INFO neutron.services.segments.plugin [-] Segment c85a26f1-11d5-42c2-8432-8409871d2f0e resource provider not found; error: Placement Client Error (4xx): {"errors": [{"status": 404, "title": "Not Found", "detail": "The resource could not be found.\n\n No resource provider with uuid c85a26f1-11d5-42c2-8432-8409871d2f0e found for delete ", "request_id": "req-fe3cd725-a907-4efc-ab81-fa4e674716b1"}]}
2026-07-22 23:23:21.003 10 INFO neutron.services.segments.plugin [-] Segment 708ff225-b526-4941-8e1b-1271ea1d35a0 resource provider aggregate not found
2026-07-22 23:23:21.008 10 INFO neutron.services.segments.plugin [-] Segment 708ff225-b526-4941-8e1b-1271ea1d35a0 resource provider aggregate not found
2026-07-22 23:23:21.030 10 INFO neutron.services.segments.plugin [-] Segment 708ff225-b526-4941-8e1b-1271ea1d35a0 resource provider not found; error: Placement Client Error (4xx): {"errors": [{"status": 404, "title": "Not Found", "detail": "The resource could not be found.\n\n No resource provider with uuid 708ff225-b526-4941-8e1b-1271ea1d35a0 found for delete ", "request_id": "req-39bec611-745d-484a-96b1-c63972f50ec7"}]}
2026-07-22 23:23:21.031 10 INFO neutron.services.segments.plugin [-] Segment 708ff225-b526-4941-8e1b-1271ea1d35a0 resource provider not found; error: Placement Client Error (4xx): {"errors": [{"status": 404, "title": "Not Found", "detail": "The resource could not be found.\n\n No resource provider with uuid 708ff225-b526-4941-8e1b-1271ea1d35a0 found for delete ", "request_id": "req-cf3a1545-37f0-4a67-b91f-451662d5340c"}]} /var/lib/openstack/lib/python3.10/site-packages/pycadf/identifier.py:71: UserWarning: Invalid uuid: neutron. To ensure interoperability, identifiers should be a valid uuid. warnings.warn(('Invalid uuid: %s. To ensure interoperability, '
2026-07-22 23:23:21.404 9 INFO neutron.wsgi [None req-8d7fa1c7-a620-4d66-89af-a08047ddee1c cf73f69d1f7e49a59cf81fa0f22f15b3 54c749f18dbc43a79f6dd70b33b72377 - - default default] 10.0.0.216 "GET /v2.0/security-groups?tenant_id=b31005c5640c4eda9d7aa667aaed7ae5&name=default HTTP/1.1" status: 200 len: 2996 time: 0.1526554
2026-07-22 23:23:21.434 9 INFO neutron.services.segments.plugin [-] Segment 53695139-d20a-4beb-b5ba-b87eecad388f resource provider aggregate not found
2026-07-22 23:23:21.441 9 INFO neutron.services.segments.plugin [-] Segment 53695139-d20a-4beb-b5ba-b87eecad388f resource provider aggregate not found
2026-07-22 23:23:21.457 9 INFO neutron.services.segments.plugin [-] Segment 53695139-d20a-4beb-b5ba-b87eecad388f resource provider not found; error: Placement Client Error (4xx): {"errors": [{"status": 404, "title": "Not Found", "detail": "The resource could not be found.\n\n No resource provider with uuid 53695139-d20a-4beb-b5ba-b87eecad388f found for delete ", "request_id": "req-0cedab77-51e2-40c6-b62d-7b18615c7e0d"}]}
2026-07-22 23:23:21.459 9 INFO neutron.services.segments.plugin [-] Segment 53695139-d20a-4beb-b5ba-b87eecad388f resource provider not found; error: Placement Client Error (4xx): {"errors": [{"status": 404, "title": "Not Found", "detail": "The resource could not be found.\n\n No resource provider with uuid 53695139-d20a-4beb-b5ba-b87eecad388f found for delete ", "request_id": "req-280126ea-cae4-4291-a728-b4084dd8f0e0"}]}
2026-07-22 23:23:21.621 9 INFO neutron.wsgi [None req-eecd2b55-5298-4436-9a92-c23f5bb0d7f3 cf73f69d1f7e49a59cf81fa0f22f15b3 54c749f18dbc43a79f6dd70b33b72377 - - - -] 10.0.0.216 "DELETE /v2.0/security-groups/b126a2aa-f2e3-414e-a272-fb9204f648c6 HTTP/1.1" status: 204 len: 168 time: 0.2123771
2026-07-22 23:23:21.909 9 INFO neutron.db.ovn_revision_numbers_db [None req-dc0af4c7-7782-49be-b9aa-ea9e1992d3ad cf73f69d1f7e49a59cf81fa0f22f15b3 54c749f18dbc43a79f6dd70b33b72377 - - default default] Successfully bumped revision number for resource bfd3c266-8441-41ed-bd61-ba37ce153647 (type: security_groups) to 1
2026-07-22 23:23:21.930 9 INFO neutron.wsgi [None req-dc0af4c7-7782-49be-b9aa-ea9e1992d3ad cf73f69d1f7e49a59cf81fa0f22f15b3 54c749f18dbc43a79f6dd70b33b72377 - - default default] 10.0.0.216 "GET /v2.0/security-groups?tenant_id=142f0eee29a7495ebeb32cef0917b41c&name=default HTTP/1.1" status: 200 len: 2996 time: 0.1236951
2026-07-22 23:23:22.010 10 INFO neutron.wsgi [None req-b0c1560a-9203-4fb5-a48e-adc0dee0dd87 22923918ffc14c87b5f60ad42d46b458 a95fb2e09ebe46d282f429652af4b6ca - - - -] 10.0.0.216 "PUT /v2.0/routers/ae7d5175-3806-41f7-a90d-0ef856d7d01b/remove_router_interface HTTP/1.1" status: 200 len: 503 time: 1.3015532 /var/lib/openstack/lib/python3.10/site-packages/pycadf/identifier.py:71: UserWarning: Invalid uuid: neutron. To ensure interoperability, identifiers should be a valid uuid. warnings.warn(('Invalid uuid: %s. To ensure interoperability, '
2026-07-22 23:23:22.111 9 INFO neutron.wsgi [None req-def25491-dff1-4ae9-9dfd-236968abe35d cf73f69d1f7e49a59cf81fa0f22f15b3 54c749f18dbc43a79f6dd70b33b72377 - - - -] 10.0.0.216 "DELETE /v2.0/security-groups/bfd3c266-8441-41ed-bd61-ba37ce153647 HTTP/1.1" status: 204 len: 168 time: 0.1727567
2026-07-22 23:23:22.270 10 INFO neutron.wsgi [None req-2884b668-03dc-4be4-8012-0b8c30ecb760 22923918ffc14c87b5f60ad42d46b458 a95fb2e09ebe46d282f429652af4b6ca - - - -] 10.0.0.216 "DELETE /v2.0/subnets/8f4948e4-1814-40e3-b747-00b6bd1c14ea HTTP/1.1" status: 204 len: 168 time: 0.2556086
2026-07-22 23:23:22.448 9 INFO neutron.db.ovn_revision_numbers_db [None req-831c3fa5-855f-4fb6-accd-6f634712d9f0 cf73f69d1f7e49a59cf81fa0f22f15b3 54c749f18dbc43a79f6dd70b33b72377 - - default default] Successfully bumped revision number for resource 6d5861b5-f3e5-44d9-a18b-5bc1bb6fd1e7 (type: security_groups) to 1
2026-07-22 23:23:22.489 9 INFO neutron.wsgi [None req-831c3fa5-855f-4fb6-accd-6f634712d9f0 cf73f69d1f7e49a59cf81fa0f22f15b3 54c749f18dbc43a79f6dd70b33b72377 - - default default] 10.0.0.216 "GET /v2.0/security-groups?tenant_id=733e3303ae6e46bc9c7976a56287005c&name=default HTTP/1.1" status: 200 len: 2996 time: 0.2255337
2026-07-22 23:23:22.703 10 INFO neutron.wsgi [None req-103d6f01-72a4-42b5-85f7-6b64f56d2c01 cf73f69d1f7e49a59cf81fa0f22f15b3 54c749f18dbc43a79f6dd70b33b72377 - - - -] 10.0.0.216 "DELETE /v2.0/security-groups/6d5861b5-f3e5-44d9-a18b-5bc1bb6fd1e7 HTTP/1.1" status: 204 len: 168 time: 0.2079716
2026-07-22 23:23:22.753 10 INFO neutron.db.ovn_revision_numbers_db [None req-7f63ea35-7b7a-42a4-bf36-8aba419a103c cf73f69d1f7e49a59cf81fa0f22f15b3 54c749f18dbc43a79f6dd70b33b72377 - - default default] Successfully bumped revision number for resource b831c71d-49ec-4e6d-8466-dd0336474ec6 (type: security_groups) to 1
2026-07-22 23:23:22.781 10 INFO neutron.wsgi [None req-7f63ea35-7b7a-42a4-bf36-8aba419a103c cf73f69d1f7e49a59cf81fa0f22f15b3 54c749f18dbc43a79f6dd70b33b72377 - - default default] 10.0.0.216 "GET /v2.0/security-groups?tenant_id=2891d6a6eaf44b21886205779b166356&name=default HTTP/1.1" status: 200 len: 2996 time: 0.2527893
2026-07-22 23:23:22.795 9 INFO neutron.db.ovn_revision_numbers_db [None req-b1446ab2-024d-4db8-8ff2-3045b6d17f67 cf73f69d1f7e49a59cf81fa0f22f15b3 54c749f18dbc43a79f6dd70b33b72377 - - default default] Successfully bumped revision number for resource 8d922603-89ce-4a6a-958e-cc1fa216ac82 (type: security_groups) to 1
2026-07-22 23:23:22.818 9 INFO neutron.wsgi [None req-b1446ab2-024d-4db8-8ff2-3045b6d17f67 cf73f69d1f7e49a59cf81fa0f22f15b3 54c749f18dbc43a79f6dd70b33b72377 - - default default] 10.0.0.216 "GET /v2.0/security-groups?tenant_id=7a8c7038e06c4b338b0f5d9988a79d5c&name=default HTTP/1.1" status: 200 len: 2996 time: 0.2831783
2026-07-22 23:23:22.962 9 INFO neutron.wsgi [None req-6ee5cd45-0932-423e-8dd5-fc6b8a1bf0ab 22923918ffc14c87b5f60ad42d46b458 a95fb2e09ebe46d282f429652af4b6ca - - - -] 10.0.0.216 "DELETE /v2.0/routers/ae7d5175-3806-41f7-a90d-0ef856d7d01b HTTP/1.1" status: 204 len: 168 time: 0.6878669
2026-07-22 23:23:23.070 10 INFO neutron.wsgi [None req-980093da-424c-4343-8407-3b5d8271ee9e cf73f69d1f7e49a59cf81fa0f22f15b3 54c749f18dbc43a79f6dd70b33b72377 - - - -] 10.0.0.216 "DELETE /v2.0/security-groups/b831c71d-49ec-4e6d-8466-dd0336474ec6 HTTP/1.1" status: 204 len: 168 time: 0.2820659
2026-07-22 23:23:23.077 10 INFO neutron.wsgi [None req-9be7de03-e699-4f9e-94e2-5e4abb10cdf1 cf73f69d1f7e49a59cf81fa0f22f15b3 54c749f18dbc43a79f6dd70b33b72377 - - - -] 10.0.0.216 "DELETE /v2.0/security-groups/8d922603-89ce-4a6a-958e-cc1fa216ac82 HTTP/1.1" status: 204 len: 168 time: 0.2541146
2026-07-22 23:23:23.384 10 INFO neutron.services.segments.plugin [-] Segment 23411037-385b-4194-9f40-9bec770d782f resource provider aggregate not found
2026-07-22 23:23:23.389 10 INFO neutron.services.segments.plugin [-] Segment 23411037-385b-4194-9f40-9bec770d782f resource provider aggregate not found
2026-07-22 23:23:23.417 10 INFO neutron.services.segments.plugin [-] Segment 23411037-385b-4194-9f40-9bec770d782f resource provider not found; error: Placement Client Error (4xx): {"errors": [{"status": 404, "title": "Not Found", "detail": "The resource could not be found.\n\n No resource provider with uuid 23411037-385b-4194-9f40-9bec770d782f found for delete ", "request_id": "req-8ea7e9a1-fc95-4398-beb8-d1283898e027"}]}
2026-07-22 23:23:23.419 10 INFO neutron.services.segments.plugin [-] Segment 23411037-385b-4194-9f40-9bec770d782f resource provider not found; error: Placement Client Error (4xx): {"errors": [{"status": 404, "title": "Not Found", "detail": "The resource could not be found.\n\n No resource provider with uuid 23411037-385b-4194-9f40-9bec770d782f found for delete ", "request_id": "req-acc39612-f7b5-4e18-b50d-52dfbe5caf91"}]}
2026-07-22 23:23:23.446 10 INFO neutron.db.ovn_revision_numbers_db [None req-2b7122e7-b8cb-4b70-a6e1-2cb05ce87e81 cf73f69d1f7e49a59cf81fa0f22f15b3 54c749f18dbc43a79f6dd70b33b72377 - - default default] Successfully bumped revision number for resource 169c2aa2-e472-4466-8835-330d3d91def7 (type: security_groups) to 1
2026-07-22 23:23:23.474 10 INFO neutron.wsgi [None req-761e702e-916d-4548-9299-ec6d3b6f2c14 22923918ffc14c87b5f60ad42d46b458 a95fb2e09ebe46d282f429652af4b6ca - - - -] 10.0.0.216 "DELETE /v2.0/networks/b78e26b0-4b9a-49f6-ac10-06c48ead53fc HTTP/1.1" status: 204 len: 168 time: 0.5025020
2026-07-22 23:23:23.483 10 INFO neutron.wsgi [None req-2b7122e7-b8cb-4b70-a6e1-2cb05ce87e81 cf73f69d1f7e49a59cf81fa0f22f15b3 54c749f18dbc43a79f6dd70b33b72377 - - default default] 10.0.0.216 "GET /v2.0/security-groups?tenant_id=87863be59747426c88df4ce2ab592ad1&name=default HTTP/1.1" status: 200 len: 2996 time: 0.2216654
2026-07-22 23:23:23.663 10 INFO neutron.wsgi [None req-57c6e5ee-5ece-424f-8b3d-5b9b52e90ec6 cf73f69d1f7e49a59cf81fa0f22f15b3 54c749f18dbc43a79f6dd70b33b72377 - - - -] 10.0.0.216 "DELETE /v2.0/security-groups/169c2aa2-e472-4466-8835-330d3d91def7 HTTP/1.1" status: 204 len: 168 time: 0.1748638
2026-07-22 23:23:24.337 9 INFO neutron.wsgi [None req-bcf42611-1654-401c-95b2-b7a1c5eedeea cf73f69d1f7e49a59cf81fa0f22f15b3 54c749f18dbc43a79f6dd70b33b72377 - - default default] 10.0.0.216 "GET /v2.0/security-groups?tenant_id=a95fb2e09ebe46d282f429652af4b6ca&name=default HTTP/1.1" status: 200 len: 2996 time: 0.1467624
2026-07-22 23:23:24.551 9 INFO neutron.wsgi [None req-18c275e3-fbdc-441f-89ae-c30de102b66f cf73f69d1f7e49a59cf81fa0f22f15b3 54c749f18dbc43a79f6dd70b33b72377 - - - -] 10.0.0.216 "DELETE /v2.0/security-groups/f432eccd-ab1d-4e02-b1a3-8682a62993b3 HTTP/1.1" status: 204 len: 168 time: 0.2029853
2026-07-22 23:23:24.766 10 INFO neutron.db.ovn_revision_numbers_db [None req-ad6f28b4-2098-4d38-9193-52cbc83a8b18 cf73f69d1f7e49a59cf81fa0f22f15b3 54c749f18dbc43a79f6dd70b33b72377 - - default default] Successfully bumped revision number for resource bf7c5ea9-3ce3-40eb-bd32-9bfae9afaa25 (type: security_groups) to 1
2026-07-22 23:23:24.789 10 INFO neutron.wsgi [None req-ad6f28b4-2098-4d38-9193-52cbc83a8b18 cf73f69d1f7e49a59cf81fa0f22f15b3 54c749f18dbc43a79f6dd70b33b72377 - - default default] 10.0.0.216 "GET /v2.0/security-groups?tenant_id=491ef249cd7643ada911d3630a168d1d&name=default HTTP/1.1" status: 200 len: 2996 time: 0.0914118
2026-07-22 23:23:24.976 10 INFO neutron.wsgi [None req-982d0f79-96ce-4cf8-986a-89b2d4ed5485 cf73f69d1f7e49a59cf81fa0f22f15b3 54c749f18dbc43a79f6dd70b33b72377 - - - -] 10.0.0.216 "DELETE /v2.0/security-groups/bf7c5ea9-3ce3-40eb-bd32-9bfae9afaa25 HTTP/1.1" status: 204 len: 168 time: 0.1833022
2026-07-22 23:23:27.309 10 INFO neutron.db.ovn_revision_numbers_db [None req-fd6efc5c-297a-4f7e-8070-f041801d5235 cf73f69d1f7e49a59cf81fa0f22f15b3 54c749f18dbc43a79f6dd70b33b72377 - - default default] Successfully bumped revision number for resource 62c7834c-b3d5-4b04-b622-c5a7cdc7ade1 (type: security_groups) to 1
2026-07-22 23:23:27.334 10 INFO neutron.wsgi [None req-fd6efc5c-297a-4f7e-8070-f041801d5235 cf73f69d1f7e49a59cf81fa0f22f15b3 54c749f18dbc43a79f6dd70b33b72377 - - default default] 10.0.0.216 "GET /v2.0/security-groups?tenant_id=3e159404045a4414bc4b8c7915659c5c&name=default HTTP/1.1" status: 200 len: 2996 time: 0.3412054
2026-07-22 23:23:27.354 9 INFO neutron.db.ovn_revision_numbers_db [None req-2089e338-dc40-4c4c-b2e3-91a765adec69 580b59c371e145b5a2d8e9f98ec4d73c baa32c3b42784d129213b543ad410a6b - - - -] Successfully bumped revision number for resource 5722ec45-83f8-40aa-8c1c-43d1e3336d15 (type: security_groups) to 1
2026-07-22 23:23:27.442 9 INFO neutron.db.ovn_revision_numbers_db [None req-2089e338-dc40-4c4c-b2e3-91a765adec69 580b59c371e145b5a2d8e9f98ec4d73c baa32c3b42784d129213b543ad410a6b - - - -] Successfully bumped revision number for resource a72d1286-c3ae-4490-bac4-d0b53bf3be8a (type: security_groups) to 1
2026-07-22 23:23:27.466 9 INFO neutron.wsgi [None req-2089e338-dc40-4c4c-b2e3-91a765adec69 580b59c371e145b5a2d8e9f98ec4d73c baa32c3b42784d129213b543ad410a6b - - - -] 10.0.0.216 "POST /v2.0/security-groups HTTP/1.1" status: 201 len: 1737 time: 0.3194702
2026-07-22 23:23:27.539 10 INFO neutron.wsgi [None req-2568c9b5-6152-4220-914c-6b96950c00a5 cf73f69d1f7e49a59cf81fa0f22f15b3 54c749f18dbc43a79f6dd70b33b72377 - - - -] 10.0.0.216 "DELETE /v2.0/security-groups/62c7834c-b3d5-4b04-b622-c5a7cdc7ade1 HTTP/1.1" status: 204 len: 168 time: 0.1939976
2026-07-22 23:23:27.579 9 INFO neutron.db.ovn_revision_numbers_db [None req-f9bf8544-4a80-4d68-8a81-28a1f82cb0b0 580b59c371e145b5a2d8e9f98ec4d73c baa32c3b42784d129213b543ad410a6b - - - -] Successfully bumped revision number for resource 300da7e7-ec19-4ad1-8c26-131dc1fe262a (type: security_groups) to 1
2026-07-22 23:23:27.605 9 INFO neutron.wsgi [None req-f9bf8544-4a80-4d68-8a81-28a1f82cb0b0 580b59c371e145b5a2d8e9f98ec4d73c baa32c3b42784d129213b543ad410a6b - - - -] 10.0.0.216 "POST /v2.0/security-groups HTTP/1.1" status: 201 len: 1737 time: 0.1344833
2026-07-22 23:23:27.703 9 INFO neutron.db.ovn_revision_numbers_db [None req-39888c94-b6f3-46af-ab61-6d2c172d36a9 580b59c371e145b5a2d8e9f98ec4d73c baa32c3b42784d129213b543ad410a6b - - - -] Successfully bumped revision number for resource 4fcef3ae-88e2-4870-9d61-34278b857d5c (type: security_groups) to 1
2026-07-22 23:23:27.725 9 INFO neutron.wsgi [None req-39888c94-b6f3-46af-ab61-6d2c172d36a9 580b59c371e145b5a2d8e9f98ec4d73c baa32c3b42784d129213b543ad410a6b - - - -] 10.0.0.216 "POST /v2.0/security-groups HTTP/1.1" status: 201 len: 1737 time: 0.1141379
2026-07-22 23:23:27.831 9 INFO neutron.db.ovn_revision_numbers_db [None req-61d5b329-365b-43f3-950b-8039b58534f6 580b59c371e145b5a2d8e9f98ec4d73c baa32c3b42784d129213b543ad410a6b - - - -] Successfully bumped revision number for resource 66d190f9-ca69-4d55-8169-fd14d6941305 (type: security_groups) to 1
2026-07-22 23:23:27.869 9 INFO neutron.wsgi [None req-61d5b329-365b-43f3-950b-8039b58534f6 580b59c371e145b5a2d8e9f98ec4d73c baa32c3b42784d129213b543ad410a6b - - - -] 10.0.0.216 "POST /v2.0/security-groups HTTP/1.1" status: 201 len: 1737 time: 0.1389325
2026-07-22 23:23:27.968 9 INFO neutron.db.ovn_revision_numbers_db [None req-4677cd56-7df4-4a42-a450-a61ca58efaef 580b59c371e145b5a2d8e9f98ec4d73c baa32c3b42784d129213b543ad410a6b - - - -] Successfully bumped revision number for resource 581b3b3e-52ab-4c27-bd5b-43d45aab0f09 (type: security_groups) to 1
2026-07-22 23:23:27.996 9 INFO neutron.wsgi [None req-4677cd56-7df4-4a42-a450-a61ca58efaef 580b59c371e145b5a2d8e9f98ec4d73c baa32c3b42784d129213b543ad410a6b - - - -] 10.0.0.216 "POST /v2.0/security-groups HTTP/1.1" status: 201 len: 1737 time: 0.1219957
2026-07-22 23:23:28.036 9 INFO neutron.wsgi [None req-332e9818-b1c0-4cf3-b86d-cdacf3b40e9a 580b59c371e145b5a2d8e9f98ec4d73c baa32c3b42784d129213b543ad410a6b - - - -] 10.0.0.216 "PUT /v2.0/security-groups/a72d1286-c3ae-4490-bac4-d0b53bf3be8a/tags HTTP/1.1" status: 200 len: 210 time: 0.0332575
2026-07-22 23:23:28.071 9 INFO neutron.wsgi [None req-711c883f-dc78-48ba-bbc3-08e1e1401ed3 580b59c371e145b5a2d8e9f98ec4d73c baa32c3b42784d129213b543ad410a6b - - - -] 10.0.0.216 "PUT /v2.0/security-groups/300da7e7-ec19-4ad1-8c26-131dc1fe262a/tags HTTP/1.1" status: 200 len: 218 time: 0.0280817
2026-07-22 23:23:28.100 9 INFO neutron.wsgi [None req-0ad3804f-805d-402e-b441-991bdb79f4cc 580b59c371e145b5a2d8e9f98ec4d73c baa32c3b42784d129213b543ad410a6b - - - -] 10.0.0.216 "PUT /v2.0/security-groups/4fcef3ae-88e2-4870-9d61-34278b857d5c/tags HTTP/1.1" status: 200 len: 227 time: 0.0237997
2026-07-22 23:23:28.127 9 INFO neutron.wsgi [None req-f0d25887-563a-4ac5-b4f6-54b8f8ba0010 580b59c371e145b5a2d8e9f98ec4d73c baa32c3b42784d129213b543ad410a6b - - - -] 10.0.0.216 "PUT /v2.0/security-groups/66d190f9-ca69-4d55-8169-fd14d6941305/tags HTTP/1.1" status: 200 len: 212 time: 0.0210862
2026-07-22 23:23:28.226 9 INFO neutron.wsgi [None req-e8213391-8f0c-4bc3-9fef-2de03da14b94 580b59c371e145b5a2d8e9f98ec4d73c baa32c3b42784d129213b543ad410a6b - - default default] 10.0.0.216 "GET /v2.0/security-groups?tags=red HTTP/1.1" status: 200 len: 4813 time: 0.0941315
2026-07-22 23:23:28.298 9 INFO neutron.wsgi [None req-b7ff98ad-5817-450e-9b4c-162a18b136f0 580b59c371e145b5a2d8e9f98ec4d73c baa32c3b42784d129213b543ad410a6b - - default default] 10.0.0.216 "GET /v2.0/security-groups?tags=red%2Cblue HTTP/1.1" status: 200 len: 3289 time: 0.0653350
2026-07-22 23:23:28.356 9 INFO neutron.wsgi [None req-fb7c9a26-b644-4efc-8cd9-fe69237170ac 580b59c371e145b5a2d8e9f98ec4d73c baa32c3b42784d129213b543ad410a6b - - default default] 10.0.0.216 "GET /v2.0/security-groups?tags-any=blue HTTP/1.1" status: 200 len: 3289 time: 0.0528922
2026-07-22 23:23:28.412 10 INFO neutron.wsgi [None req-2729640b-17f5-4837-bb10-7ab8e25301f4 580b59c371e145b5a2d8e9f98ec4d73c baa32c3b42784d129213b543ad410a6b - - default default] 10.0.0.216 "GET /v2.0/security-groups?tags-any=red%2Cblue HTTP/1.1" status: 200 len: 4813 time: 0.0511281
2026-07-22 23:23:28.471 10 INFO neutron.wsgi [None req-1fae754d-ceab-447a-b622-5c0c33db5101 580b59c371e145b5a2d8e9f98ec4d73c baa32c3b42784d129213b543ad410a6b - - default default] 10.0.0.216 "GET /v2.0/security-groups?not-tags=red HTTP/1.1" status: 200 len: 6041 time: 0.0521967
2026-07-22 23:23:28.531 10 INFO neutron.wsgi [None req-0300a20e-df92-4e90-8a52-0064d180973f 580b59c371e145b5a2d8e9f98ec4d73c baa32c3b42784d129213b543ad410a6b - - default default] 10.0.0.216 "GET /v2.0/security-groups?not-tags=red%2Cblue HTTP/1.1" status: 200 len: 7565 time: 0.0541358
2026-07-22 23:23:28.590 10 INFO neutron.wsgi [None req-fc2e26c4-4ab3-4529-b875-b17f5f0d2d6c 580b59c371e145b5a2d8e9f98ec4d73c baa32c3b42784d129213b543ad410a6b - - default default] 10.0.0.216 "GET /v2.0/security-groups?not-tags-any=blue HTTP/1.1" status: 200 len: 7565 time: 0.0548601
2026-07-22 23:23:28.638 10 INFO neutron.wsgi [None req-206cd10c-76f1-4fe0-9514-c0dc3a0ec0cd 580b59c371e145b5a2d8e9f98ec4d73c baa32c3b42784d129213b543ad410a6b - - default default] 10.0.0.216 "GET /v2.0/security-groups?not-tags-any=red%2Cblue HTTP/1.1" status: 200 len: 6041 time: 0.0431936
2026-07-22 23:23:28.768 10 INFO neutron.wsgi [None req-9ab92921-6516-437c-ac38-33341c966856 580b59c371e145b5a2d8e9f98ec4d73c baa32c3b42784d129213b543ad410a6b - - - -] 10.0.0.216 "DELETE /v2.0/security-groups/a72d1286-c3ae-4490-bac4-d0b53bf3be8a HTTP/1.1" status: 204 len: 168 time: 0.1239634
2026-07-22 23:23:28.885 10 INFO neutron.wsgi [None req-89182f7a-01a8-42b8-8d40-f8112932f51b 580b59c371e145b5a2d8e9f98ec4d73c baa32c3b42784d129213b543ad410a6b - - - -] 10.0.0.216 "DELETE /v2.0/security-groups/300da7e7-ec19-4ad1-8c26-131dc1fe262a HTTP/1.1" status: 204 len: 168 time: 0.1137314
2026-07-22 23:23:29.025 10 INFO neutron.wsgi [None req-ab455f81-7206-46c0-9798-2a54586affa1 580b59c371e145b5a2d8e9f98ec4d73c baa32c3b42784d129213b543ad410a6b - - - -] 10.0.0.216 "DELETE /v2.0/security-groups/4fcef3ae-88e2-4870-9d61-34278b857d5c HTTP/1.1" status: 204 len: 168 time: 0.1352835
2026-07-22 23:23:29.136 10 INFO neutron.wsgi [None req-0981961e-c8fa-4311-9a57-b468ddb28bca 580b59c371e145b5a2d8e9f98ec4d73c baa32c3b42784d129213b543ad410a6b - - - -] 10.0.0.216 "DELETE /v2.0/security-groups/66d190f9-ca69-4d55-8169-fd14d6941305 HTTP/1.1" status: 204 len: 168 time: 0.1056590
2026-07-22 23:23:29.266 10 INFO neutron.wsgi [None req-8844ab94-f5b8-4eb1-854b-8437ab8d13fb 580b59c371e145b5a2d8e9f98ec4d73c baa32c3b42784d129213b543ad410a6b - - - -] 10.0.0.216 "DELETE /v2.0/security-groups/581b3b3e-52ab-4c27-bd5b-43d45aab0f09 HTTP/1.1" status: 204 len: 168 time: 0.1256065
2026-07-22 23:23:29.786 9 INFO neutron.db.ovn_revision_numbers_db [None req-0f001f62-c740-47c3-afd6-608e0fb3d9c0 cf73f69d1f7e49a59cf81fa0f22f15b3 54c749f18dbc43a79f6dd70b33b72377 - - - -] Successfully bumped revision number for resource 224aa632-dd2d-47e8-a82f-d91138ff88c3 (type: security_groups) to 1
2026-07-22 23:23:29.822 10 INFO neutron.db.ovn_revision_numbers_db [None req-c1cacedb-943b-425a-b6ec-3f3c870d2039 9adeae8146d141c98d9b347e919bd314 c6d3f1d01d944248acc7faf85792275c - - - -] Successfully bumped revision number for resource 46749142-80d2-4c60-ac85-ffb17c0aca9c (type: security_groups) to 1
2026-07-22 23:23:29.837 9 INFO neutron.db.segments_db [None req-0f001f62-c740-47c3-afd6-608e0fb3d9c0 cf73f69d1f7e49a59cf81fa0f22f15b3 54c749f18dbc43a79f6dd70b33b72377 - - - -] Added segment c679f50e-19cb-4bce-9d12-d879ae25f8e7 of type geneve for network c761c8e0-f15b-426e-973a-ae9e4b7920f5
2026-07-22 23:23:29.883 10 INFO neutron.db.segments_db [None req-c1cacedb-943b-425a-b6ec-3f3c870d2039 9adeae8146d141c98d9b347e919bd314 c6d3f1d01d944248acc7faf85792275c - - - -] Added segment 6ab73fd2-29d2-489f-9331-617f6ff1a891 of type geneve for network e4179900-30ba-4865-b20f-2008417adf62
2026-07-22 23:23:30.046 10 INFO neutron.db.ovn_revision_numbers_db [None req-c1cacedb-943b-425a-b6ec-3f3c870d2039 9adeae8146d141c98d9b347e919bd314 c6d3f1d01d944248acc7faf85792275c - - - -] Successfully bumped revision number for resource e4179900-30ba-4865-b20f-2008417adf62 (type: networks) to 1
2026-07-22 23:23:30.244 9 INFO neutron.db.ovn_revision_numbers_db [None req-0f001f62-c740-47c3-afd6-608e0fb3d9c0 cf73f69d1f7e49a59cf81fa0f22f15b3 54c749f18dbc43a79f6dd70b33b72377 - - - -] Successfully bumped revision number for resource c761c8e0-f15b-426e-973a-ae9e4b7920f5 (type: networks) to 1
2026-07-22 23:23:30.269 10 WARNING neutron.scheduler.dhcp_agent_scheduler [None req-c1cacedb-943b-425a-b6ec-3f3c870d2039 9adeae8146d141c98d9b347e919bd314 c6d3f1d01d944248acc7faf85792275c - - - -] No more DHCP agents
2026-07-22 23:23:30.272 10 WARNING neutron.api.rpc.agentnotifiers.dhcp_rpc_agent_api [None req-c1cacedb-943b-425a-b6ec-3f3c870d2039 9adeae8146d141c98d9b347e919bd314 c6d3f1d01d944248acc7faf85792275c - - - -] Unable to schedule network e4179900-30ba-4865-b20f-2008417adf62: no agents available; will retry on subsequent port and subnet creation events.
2026-07-22 23:23:30.368 10 INFO neutron.db.ovn_revision_numbers_db [None req-c1cacedb-943b-425a-b6ec-3f3c870d2039 9adeae8146d141c98d9b347e919bd314 c6d3f1d01d944248acc7faf85792275c - - - -] Successfully bumped revision number for resource 08101c20-98b1-455d-91ed-f9b784840f2e (type: ports) to 1
2026-07-22 23:23:30.393 10 INFO neutron.wsgi [None req-c1cacedb-943b-425a-b6ec-3f3c870d2039 9adeae8146d141c98d9b347e919bd314 c6d3f1d01d944248acc7faf85792275c - - - -] 10.0.0.216 "POST /v2.0/networks HTTP/1.1" status: 201 len: 929 time: 0.9947701
2026-07-22 23:23:30.467 9 INFO neutron.wsgi [None req-ce075524-5e52-4226-acb9-9e3d3440b9ab cf73f69d1f7e49a59cf81fa0f22f15b3 54c749f18dbc43a79f6dd70b33b72377 - - default default] 10.0.0.216 "GET /v2.0/security-groups?tenant_id=baa32c3b42784d129213b543ad410a6b&name=default HTTP/1.1" status: 200 len: 2996 time: 0.1756029
2026-07-22 23:23:30.471 9 WARNING neutron.scheduler.dhcp_agent_scheduler [None req-0f001f62-c740-47c3-afd6-608e0fb3d9c0 cf73f69d1f7e49a59cf81fa0f22f15b3 54c749f18dbc43a79f6dd70b33b72377 - - - -] No more DHCP agents
2026-07-22 23:23:30.474 9 WARNING neutron.api.rpc.agentnotifiers.dhcp_rpc_agent_api [None req-0f001f62-c740-47c3-afd6-608e0fb3d9c0 cf73f69d1f7e49a59cf81fa0f22f15b3 54c749f18dbc43a79f6dd70b33b72377 - - - -] Unable to schedule network c761c8e0-f15b-426e-973a-ae9e4b7920f5: no agents available; will retry on subsequent port and subnet creation events.
2026-07-22 23:23:30.561 9 INFO neutron.db.ovn_revision_numbers_db [None req-0f001f62-c740-47c3-afd6-608e0fb3d9c0 cf73f69d1f7e49a59cf81fa0f22f15b3 54c749f18dbc43a79f6dd70b33b72377 - - - -] Successfully bumped revision number for resource d3048fff-0ccf-439b-afc6-68abcd6b4274 (type: ports) to 1
2026-07-22 23:23:30.597 9 INFO neutron.wsgi [None req-0f001f62-c740-47c3-afd6-608e0fb3d9c0 cf73f69d1f7e49a59cf81fa0f22f15b3 54c749f18dbc43a79f6dd70b33b72377 - - - -] 10.0.0.216 "POST /v2.0/networks HTTP/1.1" status: 201 len: 942 time: 1.2268667
2026-07-22 23:23:30.623 9 WARNING neutron.scheduler.dhcp_agent_scheduler [None req-93c15321-49a0-4579-8fc3-3fdfae524196 9adeae8146d141c98d9b347e919bd314 c6d3f1d01d944248acc7faf85792275c - - - -] No more DHCP agents
2026-07-22 23:23:30.625 9 WARNING neutron.api.rpc.agentnotifiers.dhcp_rpc_agent_api [None req-93c15321-49a0-4579-8fc3-3fdfae524196 9adeae8146d141c98d9b347e919bd314 c6d3f1d01d944248acc7faf85792275c - - - -] Unable to schedule network e4179900-30ba-4865-b20f-2008417adf62: no agents available; will retry on subsequent port and subnet creation events.
2026-07-22 23:23:30.703 10 INFO neutron.wsgi [None req-2d34b961-2276-48f2-92ad-6640210cd5ed cf73f69d1f7e49a59cf81fa0f22f15b3 54c749f18dbc43a79f6dd70b33b72377 - - - -] 10.0.0.216 "DELETE /v2.0/security-groups/5722ec45-83f8-40aa-8c1c-43d1e3336d15 HTTP/1.1" status: 204 len: 168 time: 0.2312562
2026-07-22 23:23:30.768 10 WARNING neutron.scheduler.dhcp_agent_scheduler [None req-4535f472-26f8-4188-b9f3-57d1a24250e1 cf73f69d1f7e49a59cf81fa0f22f15b3 54c749f18dbc43a79f6dd70b33b72377 - - - -] No more DHCP agents
2026-07-22 23:23:30.770 10 WARNING neutron.api.rpc.agentnotifiers.dhcp_rpc_agent_api [None req-4535f472-26f8-4188-b9f3-57d1a24250e1 cf73f69d1f7e49a59cf81fa0f22f15b3 54c749f18dbc43a79f6dd70b33b72377 - - - -] Unable to schedule network c761c8e0-f15b-426e-973a-ae9e4b7920f5: no agents available; will retry on subsequent port and subnet creation events.
2026-07-22 23:23:30.936 9 INFO neutron.db.ovn_revision_numbers_db [None req-4d313c26-5f61-443a-84f5-4da4fcb07998 cf73f69d1f7e49a59cf81fa0f22f15b3 54c749f18dbc43a79f6dd70b33b72377 - - default default] Successfully bumped revision number for resource c1187e12-2ba2-442a-ad45-8adc07de4042 (type: security_groups) to 1
2026-07-22 23:23:30.969 9 INFO neutron.wsgi [None req-4d313c26-5f61-443a-84f5-4da4fcb07998 cf73f69d1f7e49a59cf81fa0f22f15b3 54c749f18dbc43a79f6dd70b33b72377 - - default default] 10.0.0.216 "GET /v2.0/security-groups?tenant_id=e31fc961ac9f4ee3a4e77a4b4c31e7fe&name=default HTTP/1.1" status: 200 len: 2996 time: 0.1662569
2026-07-22 23:23:31.132 9 INFO neutron.db.ovn_revision_numbers_db [None req-93c15321-49a0-4579-8fc3-3fdfae524196 9adeae8146d141c98d9b347e919bd314 c6d3f1d01d944248acc7faf85792275c - - - -] Successfully bumped revision number for resource 08101c20-98b1-455d-91ed-f9b784840f2e (type: ports) to 2
2026-07-22 23:23:31.155 9 INFO neutron.db.ovn_revision_numbers_db [None req-93c15321-49a0-4579-8fc3-3fdfae524196 9adeae8146d141c98d9b347e919bd314 c6d3f1d01d944248acc7faf85792275c - - - -] Successfully bumped revision number for resource aa0e12bb-6c9e-4d81-b287-1a967190a51a (type: subnets) to 0
2026-07-22 23:23:31.168 9 INFO neutron.wsgi [None req-93c15321-49a0-4579-8fc3-3fdfae524196 9adeae8146d141c98d9b347e919bd314 c6d3f1d01d944248acc7faf85792275c - - - -] 10.0.0.216 "POST /v2.0/subnets HTTP/1.1" status: 201 len: 819 time: 0.7670195
2026-07-22 23:23:31.178 9 WARNING neutron.api.v2.base [None req-b52cce10-030d-41ff-ab68-7595ec9cd25b 9adeae8146d141c98d9b347e919bd314 c6d3f1d01d944248acc7faf85792275c - - - -] An exception happened while processing the request body. The exception message is [Invalid input for target_tenant. Reason: 'None' is not a valid string.].: webob.exc.HTTPBadRequest: Invalid input for target_tenant. Reason: 'None' is not a valid string.
2026-07-22 23:23:31.179 9 INFO neutron.api.v2.resource [None req-b52cce10-030d-41ff-ab68-7595ec9cd25b 9adeae8146d141c98d9b347e919bd314 c6d3f1d01d944248acc7faf85792275c - - - -] create failed (client error): Invalid input for target_tenant. Reason: 'None' is not a valid string.
2026-07-22 23:23:31.180 9 INFO neutron.wsgi [None req-b52cce10-030d-41ff-ab68-7595ec9cd25b 9adeae8146d141c98d9b347e919bd314 c6d3f1d01d944248acc7faf85792275c - - - -] 10.0.0.216 "POST /v2.0/rbac-policies HTTP/1.1" status: 400 len: 346 time: 0.0064375
2026-07-22 23:23:31.203 9 INFO neutron.wsgi [None req-5b274719-7618-4b7c-af2d-e129bf9e4bd2 cf73f69d1f7e49a59cf81fa0f22f15b3 54c749f18dbc43a79f6dd70b33b72377 - - - -] 10.0.0.216 "DELETE /v2.0/security-groups/c1187e12-2ba2-442a-ad45-8adc07de4042 HTTP/1.1" status: 204 len: 168 time: 0.2290821
2026-07-22 23:23:31.508 9 INFO neutron.db.ovn_revision_numbers_db [None req-16be9836-0ac7-493b-8bd4-5edb04da0680 cf73f69d1f7e49a59cf81fa0f22f15b3 54c749f18dbc43a79f6dd70b33b72377 - - default default] Successfully bumped revision number for resource e55c1d9c-f3e7-4b2b-b856-592ee44fa92c (type: security_groups) to 1
2026-07-22 23:23:31.540 9 INFO neutron.wsgi [None req-16be9836-0ac7-493b-8bd4-5edb04da0680 cf73f69d1f7e49a59cf81fa0f22f15b3 54c749f18dbc43a79f6dd70b33b72377 - - default default] 10.0.0.216 "GET /v2.0/security-groups?tenant_id=83b52d9b150e4b3f90fff2f25c6fd398&name=default HTTP/1.1" status: 200 len: 2996 time: 0.1772847
2026-07-22 23:23:31.549 10 INFO neutron.db.ovn_revision_numbers_db [None req-4535f472-26f8-4188-b9f3-57d1a24250e1 cf73f69d1f7e49a59cf81fa0f22f15b3 54c749f18dbc43a79f6dd70b33b72377 - - - -] Successfully bumped revision number for resource d3048fff-0ccf-439b-afc6-68abcd6b4274 (type: ports) to 2
2026-07-22 23:23:31.566 10 INFO neutron.db.ovn_revision_numbers_db [None req-4535f472-26f8-4188-b9f3-57d1a24250e1 cf73f69d1f7e49a59cf81fa0f22f15b3 54c749f18dbc43a79f6dd70b33b72377 - - - -] Successfully bumped revision number for resource cf233181-2630-48cd-b418-97a892d7a073 (type: subnets) to 0
2026-07-22 23:23:31.583 10 INFO neutron.wsgi [None req-4535f472-26f8-4188-b9f3-57d1a24250e1 cf73f69d1f7e49a59cf81fa0f22f15b3 54c749f18dbc43a79f6dd70b33b72377 - - - -] 10.0.0.216 "POST /v2.0/subnets HTTP/1.1" status: 201 len: 862 time: 0.9779329
2026-07-22 23:23:31.798 9 INFO neutron.services.segments.plugin [-] Segment 6ab73fd2-29d2-489f-9331-617f6ff1a891 resource provider aggregate not found
2026-07-22 23:23:31.805 9 INFO neutron.services.segments.plugin [-] Segment 6ab73fd2-29d2-489f-9331-617f6ff1a891 resource provider aggregate not found
2026-07-22 23:23:31.828 9 INFO neutron.services.segments.plugin [-] Segment 6ab73fd2-29d2-489f-9331-617f6ff1a891 resource provider not found; error: Placement Client Error (4xx): {"errors": [{"status": 404, "title": "Not Found", "detail": "The resource could not be found.\n\n No resource provider with uuid 6ab73fd2-29d2-489f-9331-617f6ff1a891 found for delete ", "request_id": "req-3b8f6e9d-e949-4d52-9a91-0d57718f7b5e"}]}
2026-07-22 23:23:31.831 9 INFO neutron.services.segments.plugin [-] Segment 6ab73fd2-29d2-489f-9331-617f6ff1a891 resource provider not found; error: Placement Client Error (4xx): {"errors": [{"status": 404, "title": "Not Found", "detail": "The resource could not be found.\n\n No resource provider with uuid 6ab73fd2-29d2-489f-9331-617f6ff1a891 found for delete ", "request_id": "req-f4de03f0-f774-4a7b-94f3-b1c906d15356"}]}
2026-07-22 23:23:31.838 9 INFO neutron.wsgi [None req-7612c2c9-15de-49ba-bac9-2e685f4272cf cf73f69d1f7e49a59cf81fa0f22f15b3 54c749f18dbc43a79f6dd70b33b72377 - - - -] 10.0.0.216 "DELETE /v2.0/security-groups/e55c1d9c-f3e7-4b2b-b856-592ee44fa92c HTTP/1.1" status: 204 len: 168 time: 0.2922337
2026-07-22 23:23:31.846 9 INFO neutron.wsgi [None req-6ace85e7-dae6-4097-9f91-4f589b9afa42 9adeae8146d141c98d9b347e919bd314 c6d3f1d01d944248acc7faf85792275c - - - -] 10.0.0.216 "DELETE /v2.0/networks/e4179900-30ba-4865-b20f-2008417adf62 HTTP/1.1" status: 204 len: 168 time: 0.6613281
2026-07-22 23:23:31.941 9 INFO neutron.db.segments_db [None req-091e3700-c2e4-4d77-82bc-f8b21ebefc41 9adeae8146d141c98d9b347e919bd314 c6d3f1d01d944248acc7faf85792275c - - - -] Added segment ef3833e4-c3c9-4c3f-aeff-54caadf30898 of type geneve for network b2e1dec0-25b4-4151-88df-1ae9edebc0e0
2026-07-22 23:23:32.078 9 INFO neutron.db.ovn_revision_numbers_db [None req-091e3700-c2e4-4d77-82bc-f8b21ebefc41 9adeae8146d141c98d9b347e919bd314 c6d3f1d01d944248acc7faf85792275c - - - -] Successfully bumped revision number for resource b2e1dec0-25b4-4151-88df-1ae9edebc0e0 (type: networks) to 1
2026-07-22 23:23:32.114 10 WARNING neutron.scheduler.dhcp_agent_scheduler [None req-3e3b5f72-b5bf-44aa-8c3b-af21966d96eb cf73f69d1f7e49a59cf81fa0f22f15b3 54c749f18dbc43a79f6dd70b33b72377 - - - -] No more DHCP agents
2026-07-22 23:23:32.116 10 WARNING neutron.api.rpc.agentnotifiers.dhcp_rpc_agent_api [None req-3e3b5f72-b5bf-44aa-8c3b-af21966d96eb cf73f69d1f7e49a59cf81fa0f22f15b3 54c749f18dbc43a79f6dd70b33b72377 - - - -] Unable to schedule network 7c15f7fc-5f92-4a46-bbbe-3da8a40c9bad: no agents available; will retry on subsequent port and subnet creation events.
2026-07-22 23:23:32.255 9 WARNING neutron.scheduler.dhcp_agent_scheduler [None req-091e3700-c2e4-4d77-82bc-f8b21ebefc41 9adeae8146d141c98d9b347e919bd314 c6d3f1d01d944248acc7faf85792275c - - - -] No more DHCP agents
2026-07-22 23:23:32.259 9 WARNING neutron.api.rpc.agentnotifiers.dhcp_rpc_agent_api [None req-091e3700-c2e4-4d77-82bc-f8b21ebefc41 9adeae8146d141c98d9b347e919bd314 c6d3f1d01d944248acc7faf85792275c - - - -] Unable to schedule network b2e1dec0-25b4-4151-88df-1ae9edebc0e0: no agents available; will retry on subsequent port and subnet creation events.
2026-07-22 23:23:32.274 10 INFO neutron.db.ovn_revision_numbers_db [None req-3e3b5f72-b5bf-44aa-8c3b-af21966d96eb cf73f69d1f7e49a59cf81fa0f22f15b3 54c749f18dbc43a79f6dd70b33b72377 - - - -] Successfully bumped revision number for resource 6c175cd6-d168-4b9e-a117-10aff80725c1 (type: ports) to 1
2026-07-22 23:23:32.342 9 INFO neutron.db.ovn_revision_numbers_db [None req-091e3700-c2e4-4d77-82bc-f8b21ebefc41 9adeae8146d141c98d9b347e919bd314 c6d3f1d01d944248acc7faf85792275c - - - -] Successfully bumped revision number for resource b310ad27-ff3c-4eb1-a5fb-9fc6e7d8bd46 (type: ports) to 1
2026-07-22 23:23:32.360 9 INFO neutron.wsgi [None req-091e3700-c2e4-4d77-82bc-f8b21ebefc41 9adeae8146d141c98d9b347e919bd314 c6d3f1d01d944248acc7faf85792275c - - - -] 10.0.0.216 "POST /v2.0/networks HTTP/1.1" status: 201 len: 929 time: 0.5027559
2026-07-22 23:23:32.538 9 WARNING neutron.scheduler.dhcp_agent_scheduler [None req-9bc5bdb8-2558-48d4-acfa-4510c518e43b 9adeae8146d141c98d9b347e919bd314 c6d3f1d01d944248acc7faf85792275c - - - -] No more DHCP agents
2026-07-22 23:23:32.542 9 WARNING neutron.api.rpc.agentnotifiers.dhcp_rpc_agent_api [None req-9bc5bdb8-2558-48d4-acfa-4510c518e43b 9adeae8146d141c98d9b347e919bd314 c6d3f1d01d944248acc7faf85792275c - - - -] Unable to schedule network b2e1dec0-25b4-4151-88df-1ae9edebc0e0: no agents available; will retry on subsequent port and subnet creation events.
2026-07-22 23:23:32.931 10 INFO neutron.plugins.ml2.drivers.ovn.mech_driver.ovsdb.ovsdb_monitor [None req-3d65cf31-be1a-40d1-a3ed-638be7ca5365 - - - - - -] Router e081e51f-7551-4e60-9ce2-f282bf4e8f47 is bound to host instance
2026-07-22 23:23:32.933 10 INFO neutron.db.ovn_revision_numbers_db [None req-3e3b5f72-b5bf-44aa-8c3b-af21966d96eb cf73f69d1f7e49a59cf81fa0f22f15b3 54c749f18dbc43a79f6dd70b33b72377 - - - -] Successfully bumped revision number for resource 6c175cd6-d168-4b9e-a117-10aff80725c1 (type: router_ports) to 1
2026-07-22 23:23:32.946 9 INFO neutron.plugins.ml2.drivers.ovn.mech_driver.mech_driver [None req-e94773ee-e484-46ec-9ae7-301148bfd26a - - - - - -] OVN reports status up for port: 6c175cd6-d168-4b9e-a117-10aff80725c1
2026-07-22 23:23:32.980 9 INFO neutron.plugins.ml2.plugin [None req-e94773ee-e484-46ec-9ae7-301148bfd26a - - - - - -] Attempt 1 to provision port 6c175cd6-d168-4b9e-a117-10aff80725c1
2026-07-22 23:23:33.055 9 INFO neutron.db.ovn_revision_numbers_db [None req-9bc5bdb8-2558-48d4-acfa-4510c518e43b 9adeae8146d141c98d9b347e919bd314 c6d3f1d01d944248acc7faf85792275c - - - -] Successfully bumped revision number for resource b310ad27-ff3c-4eb1-a5fb-9fc6e7d8bd46 (type: ports) to 2
2026-07-22 23:23:33.068 9 INFO neutron.db.ovn_revision_numbers_db [None req-9bc5bdb8-2558-48d4-acfa-4510c518e43b 9adeae8146d141c98d9b347e919bd314 c6d3f1d01d944248acc7faf85792275c - - - -] Successfully bumped revision number for resource 8e7c064a-f510-4b04-aae1-de67c43083c9 (type: subnets) to 0
2026-07-22 23:23:33.073 10 INFO neutron.db.ovn_revision_numbers_db [None req-3e3b5f72-b5bf-44aa-8c3b-af21966d96eb cf73f69d1f7e49a59cf81fa0f22f15b3 54c749f18dbc43a79f6dd70b33b72377 - - - -] Successfully bumped revision number for resource e081e51f-7551-4e60-9ce2-f282bf4e8f47 (type: routers) to 3
2026-07-22 23:23:33.082 9 INFO neutron.wsgi [None req-9bc5bdb8-2558-48d4-acfa-4510c518e43b 9adeae8146d141c98d9b347e919bd314 c6d3f1d01d944248acc7faf85792275c - - - -] 10.0.0.216 "POST /v2.0/subnets HTTP/1.1" status: 201 len: 822 time: 0.7170742
2026-07-22 23:23:33.088 10 INFO neutron.wsgi [None req-3e3b5f72-b5bf-44aa-8c3b-af21966d96eb cf73f69d1f7e49a59cf81fa0f22f15b3 54c749f18dbc43a79f6dd70b33b72377 - - - -] 10.0.0.216 "POST /v2.0/routers HTTP/1.1" status: 201 len: 873 time: 1.4971108
