2026-07-22 23:21:59.159 10 INFO neutron.wsgi [None req-cae1a6c7-e2e3-47ac-8498-885daac2473a cf73f69d1f7e49a59cf81fa0f22f15b3 54c749f18dbc43a79f6dd70b33b72377 - - - -] 10.0.0.216 "DELETE /v2.0/networks/2f317d71-f1c6-4b93-aab7-44915b661ced HTTP/1.1" status: 204 len: 168 time: 0.4891858
2026-07-22 23:21:59.161 9 INFO neutron.db.ovn_revision_numbers_db [None req-8ff51776-1d9c-40bc-84bb-929d14e6aa5f b3235c8607f140e29768e471c7a216a4 6c1750a09f754a1d87a4009e71f0f7f7 - - - -] Successfully bumped revision number for resource a91c0c99-66eb-4b6e-ac4d-892d9513767e (type: router_ports) to 2
2026-07-22 23:21:59.164 9 INFO neutron.wsgi [None req-8ff51776-1d9c-40bc-84bb-929d14e6aa5f b3235c8607f140e29768e471c7a216a4 6c1750a09f754a1d87a4009e71f0f7f7 - - - -] 10.0.0.216 "PUT /v2.0/routers/22433a37-28e5-4d24-b64e-16ec22b24c86/add_router_interface HTTP/1.1" status: 200 len: 503 time: 3.3695233
2026-07-22 23:21:59.206 9 WARNING neutron.scheduler.dhcp_agent_scheduler [None req-3c60e11f-6c6e-4d80-b0dd-acbd2235d254 5d2ca1fd29234a1d8c63dcff8c931ce5 bf0e1ffb50a340218cf3cee68e1948af - - default default] No more DHCP agents
2026-07-22 23:21:59.207 9 WARNING neutron.api.rpc.agentnotifiers.dhcp_rpc_agent_api [None req-3c60e11f-6c6e-4d80-b0dd-acbd2235d254 5d2ca1fd29234a1d8c63dcff8c931ce5 bf0e1ffb50a340218cf3cee68e1948af - - default default] Unable to schedule network 8c7914ef-74bc-465a-9468-2ca582cb75ce: no agents available; will retry on subsequent port and subnet creation events. /var/lib/openstack/lib/python3.10/site-packages/pycadf/identifier.py:71: UserWarning: Invalid uuid: neutron. To ensure interoperability, identifiers should be a valid uuid. warnings.warn(('Invalid uuid: %s. To ensure interoperability, '
2026-07-22 23:21:59.322 9 INFO neutron.wsgi [req-ccc604b1-977d-4e2c-bb65-53903a42c943 req-228591a6-e2a1-4e92-b721-35a4164d40a4 545a8bf425fe4b9f8984786c7c1071ed d7244ebda5424d4c9f3fb95fa03de378 - - default default] 10.0.0.112 "GET /v2.0/ports?device_id=51e5debf-e48c-45a6-b200-5195515566ed HTTP/1.1" status: 200 len: 210 time: 0.0296617
2026-07-22 23:21:59.393 9 INFO neutron.wsgi [None req-d9e53aab-8f80-4a57-88ce-66ce3de86ebc cf73f69d1f7e49a59cf81fa0f22f15b3 54c749f18dbc43a79f6dd70b33b72377 - - default default] 10.0.0.216 "GET /v2.0/security-groups?tenant_id=32ee8140ac544caf933694200dfd56d9&name=default HTTP/1.1" status: 200 len: 2996 time: 0.0391366
2026-07-22 23:21:59.427 9 INFO neutron.db.ovn_revision_numbers_db [None req-3c60e11f-6c6e-4d80-b0dd-acbd2235d254 5d2ca1fd29234a1d8c63dcff8c931ce5 bf0e1ffb50a340218cf3cee68e1948af - - - -] Successfully bumped revision number for resource 4150f49f-38ae-450b-9e1b-90ce3dea803c (type: router_ports) to 4
2026-07-22 23:21:59.430 9 INFO neutron.wsgi [None req-3c60e11f-6c6e-4d80-b0dd-acbd2235d254 5d2ca1fd29234a1d8c63dcff8c931ce5 bf0e1ffb50a340218cf3cee68e1948af - - - -] 10.0.0.216 "PUT /v2.0/routers/25b205c2-01a2-49d5-b248-7857e53f8b01/add_router_interface HTTP/1.1" status: 200 len: 503 time: 2.7502723
2026-07-22 23:21:59.537 9 INFO neutron.wsgi [None req-11de7ec7-6228-4a44-9878-70aed2f708d6 5d2ca1fd29234a1d8c63dcff8c931ce5 bf0e1ffb50a340218cf3cee68e1948af - - default default] 10.0.0.216 "GET /v2.0/ports/4150f49f-38ae-450b-9e1b-90ce3dea803c HTTP/1.1" status: 200 len: 1205 time: 0.1014190
2026-07-22 23:21:59.560 10 WARNING neutron.scheduler.dhcp_agent_scheduler [None req-6417d1c2-a341-44ac-86c6-30210e2aaec7 b3235c8607f140e29768e471c7a216a4 6c1750a09f754a1d87a4009e71f0f7f7 - - - -] No more DHCP agents
2026-07-22 23:21:59.563 10 WARNING neutron.api.rpc.agentnotifiers.dhcp_rpc_agent_api [None req-6417d1c2-a341-44ac-86c6-30210e2aaec7 b3235c8607f140e29768e471c7a216a4 6c1750a09f754a1d87a4009e71f0f7f7 - - - -] Unable to schedule network 666c9bb4-26ef-4b6c-b9b4-2f99121fcf02: no agents available; will retry on subsequent port and subnet creation events.
2026-07-22 23:21:59.647 10 INFO neutron.notifiers.nova [-] Nova event matching ['req-16f25555-1300-4a54-9a78-96e18f35549b'] response: {'server_uuid': '51e5debf-e48c-45a6-b200-5195515566ed', 'name': 'network-vif-deleted', 'tag': '871078cd-03e7-4db9-92a0-bb237b83c621', 'status': 'completed', 'code': 200}
2026-07-22 23:21:59.720 10 INFO neutron.db.ovn_revision_numbers_db [None req-6417d1c2-a341-44ac-86c6-30210e2aaec7 b3235c8607f140e29768e471c7a216a4 6c1750a09f754a1d87a4009e71f0f7f7 - - - -] Successfully bumped revision number for resource 7522e79b-a61d-4346-965f-a52a0d6ff244 (type: ports) to 1
2026-07-22 23:21:59.745 10 INFO neutron.wsgi [None req-6417d1c2-a341-44ac-86c6-30210e2aaec7 b3235c8607f140e29768e471c7a216a4 6c1750a09f754a1d87a4009e71f0f7f7 - - - -] 10.0.0.216 "POST /v2.0/ports HTTP/1.1" status: 201 len: 1157 time: 0.5734224 /var/lib/openstack/lib/python3.10/site-packages/pycadf/identifier.py:71: UserWarning: Invalid uuid: neutron. To ensure interoperability, identifiers should be a valid uuid. warnings.warn(('Invalid uuid: %s. To ensure interoperability, '
2026-07-22 23:21:59.753 9 INFO neutron.wsgi [None req-8c57de28-ff41-4501-8b53-c9dc527542b4 cf73f69d1f7e49a59cf81fa0f22f15b3 54c749f18dbc43a79f6dd70b33b72377 - - - -] 10.0.0.216 "DELETE /v2.0/security-groups/851696ac-a443-4b6f-9e0a-7ca3e253b62c HTTP/1.1" status: 204 len: 168 time: 0.3533087
2026-07-22 23:22:00.092 10 WARNING neutron.scheduler.dhcp_agent_scheduler [None req-d1130ff1-f304-4550-bd5b-8e2ab3ceebdb b3235c8607f140e29768e471c7a216a4 6c1750a09f754a1d87a4009e71f0f7f7 - - - -] No more DHCP agents
2026-07-22 23:22:00.094 10 WARNING neutron.api.rpc.agentnotifiers.dhcp_rpc_agent_api [None req-d1130ff1-f304-4550-bd5b-8e2ab3ceebdb b3235c8607f140e29768e471c7a216a4 6c1750a09f754a1d87a4009e71f0f7f7 - - - -] Unable to schedule network 666c9bb4-26ef-4b6c-b9b4-2f99121fcf02: no agents available; will retry on subsequent port and subnet creation events.
2026-07-22 23:22:00.249 9 INFO neutron.wsgi [None req-6009fd9d-b365-4bb9-a6ab-89fb4d372bf1 5d2ca1fd29234a1d8c63dcff8c931ce5 bf0e1ffb50a340218cf3cee68e1948af - - - -] 10.0.0.216 "PUT /v2.0/routers/25b205c2-01a2-49d5-b248-7857e53f8b01/remove_router_interface HTTP/1.1" status: 200 len: 503 time: 0.7064667 /var/lib/openstack/lib/python3.10/site-packages/pycadf/identifier.py:71: UserWarning: Invalid uuid: neutron. To ensure interoperability, identifiers should be a valid uuid. warnings.warn(('Invalid uuid: %s. To ensure interoperability, '
2026-07-22 23:22:00.291 10 INFO neutron.db.ovn_revision_numbers_db [None req-d1130ff1-f304-4550-bd5b-8e2ab3ceebdb b3235c8607f140e29768e471c7a216a4 6c1750a09f754a1d87a4009e71f0f7f7 - - - -] Successfully bumped revision number for resource f7159be2-ed23-4a79-b71f-9541af02e326 (type: ports) to 1
2026-07-22 23:22:00.330 10 INFO neutron.wsgi [None req-d1130ff1-f304-4550-bd5b-8e2ab3ceebdb b3235c8607f140e29768e471c7a216a4 6c1750a09f754a1d87a4009e71f0f7f7 - - - -] 10.0.0.216 "POST /v2.0/ports HTTP/1.1" status: 201 len: 1152 time: 0.5794132
2026-07-22 23:22:00.337 9 INFO neutron.api.v2.resource [None req-488ca776-eeeb-4695-877c-9fb7948d6cc0 5d2ca1fd29234a1d8c63dcff8c931ce5 bf0e1ffb50a340218cf3cee68e1948af - - default default] remove_router_interface failed (client error): The resource could not be found.
2026-07-22 23:22:00.338 9 INFO neutron.wsgi [None req-488ca776-eeeb-4695-877c-9fb7948d6cc0 5d2ca1fd29234a1d8c63dcff8c931ce5 bf0e1ffb50a340218cf3cee68e1948af - - default default] 10.0.0.216 "PUT /v2.0/routers/25b205c2-01a2-49d5-b248-7857e53f8b01/remove_router_interface HTTP/1.1" status: 404 len: 398 time: 0.0822814 /var/lib/openstack/lib/python3.10/site-packages/pycadf/identifier.py:71: UserWarning: Invalid uuid: neutron. To ensure interoperability, identifiers should be a valid uuid. warnings.warn(('Invalid uuid: %s. To ensure interoperability, '
2026-07-22 23:22:00.383 9 INFO neutron.wsgi [None req-1f2f8952-e275-4733-a041-7b5b90dc21a0 5d2ca1fd29234a1d8c63dcff8c931ce5 bf0e1ffb50a340218cf3cee68e1948af - - default default] 10.0.0.216 "GET /v2.0/ports?device_id=25b205c2-01a2-49d5-b248-7857e53f8b01 HTTP/1.1" status: 200 len: 205 time: 0.0390563
2026-07-22 23:22:00.838 10 WARNING neutron.plugins.ml2.drivers.ovn.mech_driver.ovsdb.ovn_client [None req-bc687c49-6adf-4944-a055-3629312b5243 - - - - - -] No hosting information found for port d48397ea-4231-4273-addf-2e9d07b0bb07: RuntimeError: No hosting information found for port d48397ea-4231-4273-addf-2e9d07b0bb07
2026-07-22 23:22:01.041 10 INFO neutron.wsgi [None req-c1128e64-0e19-4a15-8058-5b96601f7aa8 5d2ca1fd29234a1d8c63dcff8c931ce5 bf0e1ffb50a340218cf3cee68e1948af - - - -] 10.0.0.216 "DELETE /v2.0/routers/25b205c2-01a2-49d5-b248-7857e53f8b01 HTTP/1.1" status: 204 len: 168 time: 0.6514735
2026-07-22 23:22:01.105 10 INFO neutron.wsgi [None req-c0c7ba45-d7e6-46fd-a63a-f479ef967327 545a8bf425fe4b9f8984786c7c1071ed d7244ebda5424d4c9f3fb95fa03de378 - - - -] 10.0.0.216 "DELETE /v2.0/security-groups/401c58fe-2bb2-4263-9237-6f5dcaa371d3 HTTP/1.1" status: 204 len: 168 time: 0.6804051 /var/lib/openstack/lib/python3.10/site-packages/pycadf/identifier.py:71: UserWarning: Invalid uuid: neutron. To ensure interoperability, identifiers should be a valid uuid. warnings.warn(('Invalid uuid: %s. To ensure interoperability, '
2026-07-22 23:22:01.136 10 INFO neutron.api.v2.resource [None req-720b1d8a-b5fd-41f0-8a7c-80b7814512c1 545a8bf425fe4b9f8984786c7c1071ed d7244ebda5424d4c9f3fb95fa03de378 - - default default] show failed (client error): The resource could not be found.
2026-07-22 23:22:01.138 10 INFO neutron.wsgi [None req-720b1d8a-b5fd-41f0-8a7c-80b7814512c1 545a8bf425fe4b9f8984786c7c1071ed d7244ebda5424d4c9f3fb95fa03de378 - - default default] 10.0.0.216 "GET /v2.0/security-groups/401c58fe-2bb2-4263-9237-6f5dcaa371d3 HTTP/1.1" status: 404 len: 347 time: 0.0271909
2026-07-22 23:22:01.151 10 WARNING neutron.scheduler.dhcp_agent_scheduler [None req-a3271eaf-f295-4b6c-b3f3-b15fef25e2f1 b3235c8607f140e29768e471c7a216a4 6c1750a09f754a1d87a4009e71f0f7f7 - - - -] No more DHCP agents
2026-07-22 23:22:01.155 10 WARNING neutron.api.rpc.agentnotifiers.dhcp_rpc_agent_api [None req-a3271eaf-f295-4b6c-b3f3-b15fef25e2f1 b3235c8607f140e29768e471c7a216a4 6c1750a09f754a1d87a4009e71f0f7f7 - - - -] Unable to schedule network 7c15f7fc-5f92-4a46-bbbe-3da8a40c9bad: no agents available; will retry on subsequent port and subnet creation events.
2026-07-22 23:22:01.386 9 INFO neutron.wsgi [None req-f9dfb6c9-5bd6-4c26-a3fa-38b557a8c245 5d2ca1fd29234a1d8c63dcff8c931ce5 bf0e1ffb50a340218cf3cee68e1948af - - - -] 10.0.0.216 "DELETE /v2.0/subnets/9913d455-8d69-48d4-be19-4da51c913f0a HTTP/1.1" status: 204 len: 168 time: 0.3404357
2026-07-22 23:22:01.618 10 INFO neutron.db.l3_db [None req-a3271eaf-f295-4b6c-b3f3-b15fef25e2f1 b3235c8607f140e29768e471c7a216a4 6c1750a09f754a1d87a4009e71f0f7f7 - - - -] Floating IP 12a1c140-7bea-4d57-93d0-5059d1d15ad7 associated. External IP: 10.96.250.207, port: f7159be2-ed23-4a79-b71f-9541af02e326.
2026-07-22 23:22:01.792 10 INFO neutron.db.ovn_revision_numbers_db [None req-a3271eaf-f295-4b6c-b3f3-b15fef25e2f1 b3235c8607f140e29768e471c7a216a4 6c1750a09f754a1d87a4009e71f0f7f7 - - - -] Successfully bumped revision number for resource 12a1c140-7bea-4d57-93d0-5059d1d15ad7 (type: floatingips) to 0
2026-07-22 23:22:01.873 10 INFO neutron.db.ovn_revision_numbers_db [None req-4a95a334-68ef-448c-b5e5-c906814ec327 cf73f69d1f7e49a59cf81fa0f22f15b3 54c749f18dbc43a79f6dd70b33b72377 - - - -] Successfully bumped revision number for resource 9fc27b0a-0184-4b42-b725-d336fd37962b (type: security_groups) to 1
2026-07-22 23:22:01.892 9 INFO neutron.wsgi [None req-48b17b4e-5bcd-4e7a-8b9d-f7c46743a996 545a8bf425fe4b9f8984786c7c1071ed d7244ebda5424d4c9f3fb95fa03de378 - - - -] 10.0.0.216 "DELETE /v2.0/floatingips/c7a0bf89-dcf3-42b8-a382-d6eea0aa022c HTTP/1.1" status: 204 len: 168 time: 0.7485878
2026-07-22 23:22:01.892 10 INFO neutron.db.ovn_revision_numbers_db [None req-a3271eaf-f295-4b6c-b3f3-b15fef25e2f1 b3235c8607f140e29768e471c7a216a4 6c1750a09f754a1d87a4009e71f0f7f7 - - - -] Successfully bumped revision number for resource 12a1c140-7bea-4d57-93d0-5059d1d15ad7 (type: floatingips) to 1
2026-07-22 23:22:01.935 10 INFO neutron.db.segments_db [None req-4a95a334-68ef-448c-b5e5-c906814ec327 cf73f69d1f7e49a59cf81fa0f22f15b3 54c749f18dbc43a79f6dd70b33b72377 - - - -] Added segment d1ff6523-24c1-4278-a0b6-d73e3ebf257e of type geneve for network 9a3254fe-f082-4a16-b88f-a1282e61a69b
2026-07-22 23:22:01.937 10 INFO neutron.wsgi [None req-a3271eaf-f295-4b6c-b3f3-b15fef25e2f1 b3235c8607f140e29768e471c7a216a4 6c1750a09f754a1d87a4009e71f0f7f7 - - - -] 10.0.0.216 "POST /v2.0/floatingips HTTP/1.1" status: 201 len: 1039 time: 1.5980999
2026-07-22 23:22:02.100 10 INFO neutron.db.ovn_revision_numbers_db [None req-4a95a334-68ef-448c-b5e5-c906814ec327 cf73f69d1f7e49a59cf81fa0f22f15b3 54c749f18dbc43a79f6dd70b33b72377 - - - -] Successfully bumped revision number for resource 9a3254fe-f082-4a16-b88f-a1282e61a69b (type: networks) to 1
2026-07-22 23:22:02.151 9 INFO neutron.services.segments.plugin [-] Segment 76c6fa26-f6b7-49ab-aa6b-cd65d4452626 resource provider aggregate not found
2026-07-22 23:22:02.155 9 INFO neutron.services.segments.plugin [-] Segment 76c6fa26-f6b7-49ab-aa6b-cd65d4452626 resource provider aggregate not found
2026-07-22 23:22:02.196 9 INFO neutron.services.segments.plugin [-] Segment 76c6fa26-f6b7-49ab-aa6b-cd65d4452626 resource provider not found; error: Placement Client Error (4xx): {"errors": [{"status": 404, "title": "Not Found", "detail": "The resource could not be found.\n\n No resource provider with uuid 76c6fa26-f6b7-49ab-aa6b-cd65d4452626 found for delete ", "request_id": "req-1c591267-7f01-4ae7-acb4-c6291fef7b5d"}]}
2026-07-22 23:22:02.196 9 INFO neutron.services.segments.plugin [-] Segment 76c6fa26-f6b7-49ab-aa6b-cd65d4452626 resource provider not found; error: Placement Client Error (4xx): {"errors": [{"status": 404, "title": "Not Found", "detail": "The resource could not be found.\n\n No resource provider with uuid 76c6fa26-f6b7-49ab-aa6b-cd65d4452626 found for delete ", "request_id": "req-5e56ec2e-3373-4373-9f83-8a7a93ed7468"}]}
2026-07-22 23:22:02.207 9 INFO neutron.db.l3_db [None req-eadfd58f-beb2-4d9a-97cc-97b5137a4b33 b3235c8607f140e29768e471c7a216a4 6c1750a09f754a1d87a4009e71f0f7f7 - - - -] Floating IP 12a1c140-7bea-4d57-93d0-5059d1d15ad7 disassociated. External IP: 10.96.250.207, port: f7159be2-ed23-4a79-b71f-9541af02e326.
2026-07-22 23:22:02.245 9 INFO neutron.db.ovn_revision_numbers_db [None req-eadfd58f-beb2-4d9a-97cc-97b5137a4b33 b3235c8607f140e29768e471c7a216a4 6c1750a09f754a1d87a4009e71f0f7f7 - - - -] Successfully bumped revision number for resource 12a1c140-7bea-4d57-93d0-5059d1d15ad7 (type: floatingips) to 2
2026-07-22 23:22:02.267 9 INFO neutron.wsgi [None req-8044f05e-00b1-4f27-b841-0e16b8ce51aa 5d2ca1fd29234a1d8c63dcff8c931ce5 bf0e1ffb50a340218cf3cee68e1948af - - - -] 10.0.0.216 "DELETE /v2.0/networks/8c7914ef-74bc-465a-9468-2ca582cb75ce HTTP/1.1" status: 204 len: 168 time: 0.8741972
2026-07-22 23:22:02.315 10 WARNING neutron.scheduler.dhcp_agent_scheduler [None req-4a95a334-68ef-448c-b5e5-c906814ec327 cf73f69d1f7e49a59cf81fa0f22f15b3 54c749f18dbc43a79f6dd70b33b72377 - - - -] No more DHCP agents
2026-07-22 23:22:02.320 10 WARNING neutron.api.rpc.agentnotifiers.dhcp_rpc_agent_api [None req-4a95a334-68ef-448c-b5e5-c906814ec327 cf73f69d1f7e49a59cf81fa0f22f15b3 54c749f18dbc43a79f6dd70b33b72377 - - - -] Unable to schedule network 9a3254fe-f082-4a16-b88f-a1282e61a69b: no agents available; will retry on subsequent port and subnet creation events.
2026-07-22 23:22:02.343 9 INFO neutron.wsgi [None req-eadfd58f-beb2-4d9a-97cc-97b5137a4b33 b3235c8607f140e29768e471c7a216a4 6c1750a09f754a1d87a4009e71f0f7f7 - - - -] 10.0.0.216 "PUT /v2.0/floatingips/12a1c140-7bea-4d57-93d0-5059d1d15ad7 HTTP/1.1" status: 200 len: 748 time: 0.3955803
2026-07-22 23:22:02.385 10 INFO neutron.db.segments_db [None req-e3b7025b-81c2-4546-bede-71c0a3971012 5d2ca1fd29234a1d8c63dcff8c931ce5 bf0e1ffb50a340218cf3cee68e1948af - - - -] Added segment 26d8f936-a9b0-439c-be89-74079f276521 of type geneve for network 96b08621-e0ea-4241-b9d9-169c9b626908
2026-07-22 23:22:02.386 10 INFO neutron.db.ovn_revision_numbers_db [None req-4a95a334-68ef-448c-b5e5-c906814ec327 cf73f69d1f7e49a59cf81fa0f22f15b3 54c749f18dbc43a79f6dd70b33b72377 - - - -] Successfully bumped revision number for resource 75bc4101-c770-4e02-a420-704c89d2b9ab (type: ports) to 1
2026-07-22 23:22:02.417 10 INFO neutron.wsgi [None req-4a95a334-68ef-448c-b5e5-c906814ec327 cf73f69d1f7e49a59cf81fa0f22f15b3 54c749f18dbc43a79f6dd70b33b72377 - - - -] 10.0.0.216 "POST /v2.0/networks HTTP/1.1" status: 201 len: 947 time: 0.9302993
2026-07-22 23:22:02.518 10 INFO neutron.db.ovn_revision_numbers_db [None req-e3b7025b-81c2-4546-bede-71c0a3971012 5d2ca1fd29234a1d8c63dcff8c931ce5 bf0e1ffb50a340218cf3cee68e1948af - - - -] Successfully bumped revision number for resource 96b08621-e0ea-4241-b9d9-169c9b626908 (type: networks) to 1
2026-07-22 23:22:02.700 9 WARNING neutron.scheduler.dhcp_agent_scheduler [None req-663f9dee-383f-4209-b8ed-fcd04307c3fb cf73f69d1f7e49a59cf81fa0f22f15b3 54c749f18dbc43a79f6dd70b33b72377 - - - -] No more DHCP agents
2026-07-22 23:22:02.709 9 WARNING neutron.api.rpc.agentnotifiers.dhcp_rpc_agent_api [None req-663f9dee-383f-4209-b8ed-fcd04307c3fb cf73f69d1f7e49a59cf81fa0f22f15b3 54c749f18dbc43a79f6dd70b33b72377 - - - -] Unable to schedule network 9a3254fe-f082-4a16-b88f-a1282e61a69b: no agents available; will retry on subsequent port and subnet creation events.
2026-07-22 23:22:02.716 10 WARNING neutron.scheduler.dhcp_agent_scheduler [None req-e3b7025b-81c2-4546-bede-71c0a3971012 5d2ca1fd29234a1d8c63dcff8c931ce5 bf0e1ffb50a340218cf3cee68e1948af - - - -] No more DHCP agents
2026-07-22 23:22:02.719 10 WARNING neutron.api.rpc.agentnotifiers.dhcp_rpc_agent_api [None req-e3b7025b-81c2-4546-bede-71c0a3971012 5d2ca1fd29234a1d8c63dcff8c931ce5 bf0e1ffb50a340218cf3cee68e1948af - - - -] Unable to schedule network 96b08621-e0ea-4241-b9d9-169c9b626908: no agents available; will retry on subsequent port and subnet creation events.
2026-07-22 23:22:02.791 10 INFO neutron.db.ovn_revision_numbers_db [None req-e3b7025b-81c2-4546-bede-71c0a3971012 5d2ca1fd29234a1d8c63dcff8c931ce5 bf0e1ffb50a340218cf3cee68e1948af - - - -] Successfully bumped revision number for resource df387c08-eef9-47f2-afe3-1a16a4d94e7b (type: ports) to 1
2026-07-22 23:22:02.811 10 INFO neutron.wsgi [None req-e3b7025b-81c2-4546-bede-71c0a3971012 5d2ca1fd29234a1d8c63dcff8c931ce5 bf0e1ffb50a340218cf3cee68e1948af - - - -] 10.0.0.216 "POST /v2.0/networks HTTP/1.1" status: 201 len: 828 time: 0.5365489
2026-07-22 23:22:02.976 9 INFO neutron.wsgi [None req-50c69fc4-e35d-4f29-9a61-9a0fb95cc214 b3235c8607f140e29768e471c7a216a4 6c1750a09f754a1d87a4009e71f0f7f7 - - - -] 10.0.0.216 "DELETE /v2.0/floatingips/12a1c140-7bea-4d57-93d0-5059d1d15ad7 HTTP/1.1" status: 204 len: 168 time: 0.6278644
2026-07-22 23:22:03.092 10 WARNING neutron.scheduler.dhcp_agent_scheduler [None req-4aaf5b4c-8893-49a1-9be8-9758a3889028 5d2ca1fd29234a1d8c63dcff8c931ce5 bf0e1ffb50a340218cf3cee68e1948af - - - -] No more DHCP agents
2026-07-22 23:22:03.095 10 WARNING neutron.api.rpc.agentnotifiers.dhcp_rpc_agent_api [None req-4aaf5b4c-8893-49a1-9be8-9758a3889028 5d2ca1fd29234a1d8c63dcff8c931ce5 bf0e1ffb50a340218cf3cee68e1948af - - - -] Unable to schedule network 96b08621-e0ea-4241-b9d9-169c9b626908: no agents available; will retry on subsequent port and subnet creation events.
2026-07-22 23:22:03.333 10 WARNING neutron.scheduler.dhcp_agent_scheduler [None req-061e7038-8833-46e0-88c0-7c55d1e15c63 b3235c8607f140e29768e471c7a216a4 6c1750a09f754a1d87a4009e71f0f7f7 - - - -] No more DHCP agents
2026-07-22 23:22:03.335 10 WARNING neutron.api.rpc.agentnotifiers.dhcp_rpc_agent_api [None req-061e7038-8833-46e0-88c0-7c55d1e15c63 b3235c8607f140e29768e471c7a216a4 6c1750a09f754a1d87a4009e71f0f7f7 - - - -] Unable to schedule network 7c15f7fc-5f92-4a46-bbbe-3da8a40c9bad: no agents available; will retry on subsequent port and subnet creation events.
2026-07-22 23:22:03.626 9 INFO neutron.db.ovn_revision_numbers_db [None req-663f9dee-383f-4209-b8ed-fcd04307c3fb cf73f69d1f7e49a59cf81fa0f22f15b3 54c749f18dbc43a79f6dd70b33b72377 - - - -] Successfully bumped revision number for resource 75bc4101-c770-4e02-a420-704c89d2b9ab (type: ports) to 2
2026-07-22 23:22:03.652 9 INFO neutron.db.ovn_revision_numbers_db [None req-663f9dee-383f-4209-b8ed-fcd04307c3fb cf73f69d1f7e49a59cf81fa0f22f15b3 54c749f18dbc43a79f6dd70b33b72377 - - - -] Successfully bumped revision number for resource 86157948-1a1b-465d-8c4c-870ef8853cc3 (type: subnets) to 0
2026-07-22 23:22:03.682 9 INFO neutron.wsgi [None req-663f9dee-383f-4209-b8ed-fcd04307c3fb cf73f69d1f7e49a59cf81fa0f22f15b3 54c749f18dbc43a79f6dd70b33b72377 - - - -] 10.0.0.216 "POST /v2.0/subnets HTTP/1.1" status: 201 len: 867 time: 1.2589042
2026-07-22 23:22:03.684 10 INFO neutron.db.ovn_revision_numbers_db [None req-4aaf5b4c-8893-49a1-9be8-9758a3889028 5d2ca1fd29234a1d8c63dcff8c931ce5 bf0e1ffb50a340218cf3cee68e1948af - - - -] Successfully bumped revision number for resource df387c08-eef9-47f2-afe3-1a16a4d94e7b (type: ports) to 2
2026-07-22 23:22:03.734 9 WARNING neutron.plugins.ml2.drivers.ovn.mech_driver.ovsdb.ovn_client [None req-e94773ee-e484-46ec-9ae7-301148bfd26a - - - - - -] No port found with ID 4150f49f-38ae-450b-9e1b-90ce3dea803c: RuntimeError: No port found with ID 4150f49f-38ae-450b-9e1b-90ce3dea803c
2026-07-22 23:22:03.734 9 INFO neutron.plugins.ml2.drivers.ovn.mech_driver.mech_driver [None req-e94773ee-e484-46ec-9ae7-301148bfd26a - - - - - -] OVN reports status up for port: a91c0c99-66eb-4b6e-ac4d-892d9513767e
2026-07-22 23:22:03.757 9 INFO neutron.plugins.ml2.plugin [None req-e94773ee-e484-46ec-9ae7-301148bfd26a - - - - - -] Attempt 1 to provision port a91c0c99-66eb-4b6e-ac4d-892d9513767e
2026-07-22 23:22:03.820 9 INFO neutron.wsgi [None req-5c882b72-ee7f-499e-87f1-e057cb260a07 cf73f69d1f7e49a59cf81fa0f22f15b3 54c749f18dbc43a79f6dd70b33b72377 - - - -] 10.0.0.216 "PUT /v2.0/routers/a37d8a53-e2da-4c86-b6b6-b31b77f57d08/remove_router_interface HTTP/1.1" status: 200 len: 503 time: 1.9209580 /var/lib/openstack/lib/python3.10/site-packages/pycadf/identifier.py:71: UserWarning: Invalid uuid: neutron. To ensure interoperability, identifiers should be a valid uuid. warnings.warn(('Invalid uuid: %s. To ensure interoperability, '
2026-07-22 23:22:03.964 10 INFO neutron.db.ovn_revision_numbers_db [None req-4aaf5b4c-8893-49a1-9be8-9758a3889028 5d2ca1fd29234a1d8c63dcff8c931ce5 bf0e1ffb50a340218cf3cee68e1948af - - - -] Successfully bumped revision number for resource a1627a5e-a817-4ad8-8e60-8bad1f6c0de3 (type: subnets) to 0
2026-07-22 23:22:03.983 10 INFO neutron.wsgi [None req-4aaf5b4c-8893-49a1-9be8-9758a3889028 5d2ca1fd29234a1d8c63dcff8c931ce5 bf0e1ffb50a340218cf3cee68e1948af - - - -] 10.0.0.216 "POST /v2.0/subnets HTTP/1.1" status: 201 len: 801 time: 1.1639588
2026-07-22 23:22:04.094 10 INFO neutron.db.l3_db [None req-061e7038-8833-46e0-88c0-7c55d1e15c63 b3235c8607f140e29768e471c7a216a4 6c1750a09f754a1d87a4009e71f0f7f7 - - - -] Floating IP cd756919-612d-48c9-a7ba-81b2b8a3c5ab associated. External IP: 10.96.250.204, port: 7522e79b-a61d-4346-965f-a52a0d6ff244.
2026-07-22 23:22:04.214 10 INFO neutron.db.ovn_revision_numbers_db [None req-b916d5db-d0fd-404c-bfe2-c2d5dbabc08f 5d2ca1fd29234a1d8c63dcff8c931ce5 bf0e1ffb50a340218cf3cee68e1948af - - - -] Successfully bumped revision number for resource d22faaf5-9a43-4aa0-b074-9bb0e6a4f68c (type: routers) to 1
2026-07-22 23:22:04.245 10 INFO neutron.wsgi [None req-b916d5db-d0fd-404c-bfe2-c2d5dbabc08f 5d2ca1fd29234a1d8c63dcff8c931ce5 bf0e1ffb50a340218cf3cee68e1948af - - - -] 10.0.0.216 "POST /v2.0/routers HTTP/1.1" status: 201 len: 686 time: 0.2525480
2026-07-22 23:22:04.386 9 INFO neutron.db.ovn_revision_numbers_db [None req-e94773ee-e484-46ec-9ae7-301148bfd26a - - - - - -] Successfully bumped revision number for resource a91c0c99-66eb-4b6e-ac4d-892d9513767e (type: ports) to 3
2026-07-22 23:22:04.402 9 INFO neutron.wsgi [-] 10.0.0.59 "GET / HTTP/1.1" status: 200 len: 246 time: 0.0040796
2026-07-22 23:22:04.404 9 INFO neutron.wsgi [-] 10.0.0.59 "GET / HTTP/1.1" status: 200 len: 246 time: 0.0009794
2026-07-22 23:22:04.429 10 INFO neutron.db.ovn_revision_numbers_db [None req-061e7038-8833-46e0-88c0-7c55d1e15c63 b3235c8607f140e29768e471c7a216a4 6c1750a09f754a1d87a4009e71f0f7f7 - - - -] Successfully bumped revision number for resource cd756919-612d-48c9-a7ba-81b2b8a3c5ab (type: floatingips) to 0
2026-07-22 23:22:04.577 9 WARNING neutron.scheduler.dhcp_agent_scheduler [None req-090636dd-fd4d-4fc2-ab0d-c98a061f50d3 cf73f69d1f7e49a59cf81fa0f22f15b3 54c749f18dbc43a79f6dd70b33b72377 - - - -] No more DHCP agents
2026-07-22 23:22:04.581 9 WARNING neutron.api.rpc.agentnotifiers.dhcp_rpc_agent_api [None req-090636dd-fd4d-4fc2-ab0d-c98a061f50d3 cf73f69d1f7e49a59cf81fa0f22f15b3 54c749f18dbc43a79f6dd70b33b72377 - - - -] Unable to schedule network 7c15f7fc-5f92-4a46-bbbe-3da8a40c9bad: no agents available; will retry on subsequent port and subnet creation events.
2026-07-22 23:22:04.601 10 INFO neutron.db.ovn_revision_numbers_db [None req-061e7038-8833-46e0-88c0-7c55d1e15c63 b3235c8607f140e29768e471c7a216a4 6c1750a09f754a1d87a4009e71f0f7f7 - - - -] Successfully bumped revision number for resource cd756919-612d-48c9-a7ba-81b2b8a3c5ab (type: floatingips) to 1
2026-07-22 23:22:04.613 9 INFO neutron.db.ovn_revision_numbers_db [None req-e94773ee-e484-46ec-9ae7-301148bfd26a - - - - - -] Successfully bumped revision number for resource a91c0c99-66eb-4b6e-ac4d-892d9513767e (type: router_ports) to 3
2026-07-22 23:22:04.658 10 INFO neutron.wsgi [None req-061e7038-8833-46e0-88c0-7c55d1e15c63 b3235c8607f140e29768e471c7a216a4 6c1750a09f754a1d87a4009e71f0f7f7 - - - -] 10.0.0.216 "POST /v2.0/floatingips HTTP/1.1" status: 201 len: 1041 time: 1.6740437 /var/lib/openstack/lib/python3.10/site-packages/pycadf/identifier.py:71: UserWarning: Invalid uuid: neutron. To ensure interoperability, identifiers should be a valid uuid. warnings.warn(('Invalid uuid: %s. To ensure interoperability, '
2026-07-22 23:22:04.722 10 INFO neutron.wsgi [None req-30761173-33ba-4d26-91de-9d292feab665 b3235c8607f140e29768e471c7a216a4 6c1750a09f754a1d87a4009e71f0f7f7 - - default default] 10.0.0.216 "GET /v2.0/floatingips/cd756919-612d-48c9-a7ba-81b2b8a3c5ab HTTP/1.1" status: 200 len: 1038 time: 0.0561349
2026-07-22 23:22:04.813 10 INFO neutron.wsgi [None req-938972e9-7b3a-45c7-98c2-fcff157ddb60 b3235c8607f140e29768e471c7a216a4 6c1750a09f754a1d87a4009e71f0f7f7 - - default default] 10.0.0.216 "GET /v2.0/floatingips HTTP/1.1" status: 200 len: 1041 time: 0.0871191
2026-07-22 23:22:04.919 10 WARNING neutron.scheduler.dhcp_agent_scheduler [None req-d71a365f-73ba-43ef-878c-a2a8296f3d5d 5d2ca1fd29234a1d8c63dcff8c931ce5 bf0e1ffb50a340218cf3cee68e1948af - - default default] No more DHCP agents
2026-07-22 23:22:04.923 10 WARNING neutron.api.rpc.agentnotifiers.dhcp_rpc_agent_api [None req-d71a365f-73ba-43ef-878c-a2a8296f3d5d 5d2ca1fd29234a1d8c63dcff8c931ce5 bf0e1ffb50a340218cf3cee68e1948af - - default default] Unable to schedule network 96b08621-e0ea-4241-b9d9-169c9b626908: no agents available; will retry on subsequent port and subnet creation events.
2026-07-22 23:22:05.056 9 INFO neutron.db.ovn_revision_numbers_db [None req-090636dd-fd4d-4fc2-ab0d-c98a061f50d3 cf73f69d1f7e49a59cf81fa0f22f15b3 54c749f18dbc43a79f6dd70b33b72377 - - - -] Successfully bumped revision number for resource 771f3694-60fa-43c0-acdc-a84207433faa (type: ports) to 1
2026-07-22 23:22:05.151 10 INFO neutron.db.ovn_revision_numbers_db [None req-d71a365f-73ba-43ef-878c-a2a8296f3d5d 5d2ca1fd29234a1d8c63dcff8c931ce5 bf0e1ffb50a340218cf3cee68e1948af - - default default] Successfully bumped revision number for resource 70d5d6c6-5abd-479c-b61d-7b26757331e8 (type: ports) to 1
2026-07-22 23:22:05.153 10 INFO neutron.db.l3_db [None req-81216bbc-5b16-4d07-b85c-3d76d66f3f4c b3235c8607f140e29768e471c7a216a4 6c1750a09f754a1d87a4009e71f0f7f7 - - - -] Floating IP cd756919-612d-48c9-a7ba-81b2b8a3c5ab associated. External IP: 10.96.250.204, port: 7522e79b-a61d-4346-965f-a52a0d6ff244.
2026-07-22 23:22:05.250 9 INFO neutron.wsgi [None req-6be73e68-aef7-438c-bc2e-5f2e70c01500 cf73f69d1f7e49a59cf81fa0f22f15b3 54c749f18dbc43a79f6dd70b33b72377 - - - -] 10.0.0.216 "DELETE /v2.0/routers/a37d8a53-e2da-4c86-b6b6-b31b77f57d08 HTTP/1.1" status: 204 len: 168 time: 1.4241235
2026-07-22 23:22:05.536 9 INFO neutron.wsgi [None req-bbc49f41-a439-46a1-ac9a-5719aba74ea4 cf73f69d1f7e49a59cf81fa0f22f15b3 54c749f18dbc43a79f6dd70b33b72377 - - - -] 10.0.0.216 "DELETE /v2.0/subnets/4e1c2a03-2d0c-4722-94d0-04a9dce7c42c HTTP/1.1" status: 204 len: 168 time: 0.2762651
2026-07-22 23:22:05.798 10 INFO neutron.db.ovn_revision_numbers_db [None req-81216bbc-5b16-4d07-b85c-3d76d66f3f4c b3235c8607f140e29768e471c7a216a4 6c1750a09f754a1d87a4009e71f0f7f7 - - - -] Successfully bumped revision number for resource cd756919-612d-48c9-a7ba-81b2b8a3c5ab (type: floatingips) to 2
2026-07-22 23:22:05.829 10 INFO neutron.plugins.ml2.drivers.ovn.mech_driver.mech_driver [None req-bc687c49-6adf-4944-a055-3629312b5243 - - - - - -] OVN reports status up for port: 771f3694-60fa-43c0-acdc-a84207433faa
2026-07-22 23:22:05.830 10 INFO neutron.plugins.ml2.drivers.ovn.mech_driver.ovsdb.ovsdb_monitor [None req-3d65cf31-be1a-40d1-a3ed-638be7ca5365 - - - - - -] Router 3df59b62-c6f8-4947-ac59-00c4ca6df5e4 is bound to host instance
2026-07-22 23:22:05.844 9 INFO neutron.db.ovn_revision_numbers_db [None req-090636dd-fd4d-4fc2-ab0d-c98a061f50d3 cf73f69d1f7e49a59cf81fa0f22f15b3 54c749f18dbc43a79f6dd70b33b72377 - - - -] Successfully bumped revision number for resource 771f3694-60fa-43c0-acdc-a84207433faa (type: router_ports) to 1
2026-07-22 23:22:05.905 10 INFO neutron.plugins.ml2.plugin [None req-bc687c49-6adf-4944-a055-3629312b5243 - - - - - -] Attempt 1 to provision port 771f3694-60fa-43c0-acdc-a84207433faa
2026-07-22 23:22:05.941 9 INFO neutron.db.ovn_revision_numbers_db [None req-090636dd-fd4d-4fc2-ab0d-c98a061f50d3 cf73f69d1f7e49a59cf81fa0f22f15b3 54c749f18dbc43a79f6dd70b33b72377 - - - -] Successfully bumped revision number for resource 3df59b62-c6f8-4947-ac59-00c4ca6df5e4 (type: routers) to 3
2026-07-22 23:22:05.958 9 INFO neutron.wsgi [None req-090636dd-fd4d-4fc2-ab0d-c98a061f50d3 cf73f69d1f7e49a59cf81fa0f22f15b3 54c749f18dbc43a79f6dd70b33b72377 - - - -] 10.0.0.216 "POST /v2.0/routers HTTP/1.1" status: 201 len: 878 time: 2.2688785 /var/lib/openstack/lib/python3.10/site-packages/pycadf/identifier.py:71: UserWarning: Invalid uuid: neutron. To ensure interoperability, identifiers should be a valid uuid. warnings.warn(('Invalid uuid: %s. To ensure interoperability, '
2026-07-22 23:22:06.005 9 INFO neutron.services.segments.plugin [-] Segment 67a436dc-0eaa-48e7-a03b-61716e9b83b1 resource provider aggregate not found
2026-07-22 23:22:06.011 9 INFO neutron.services.segments.plugin [-] Segment 67a436dc-0eaa-48e7-a03b-61716e9b83b1 resource provider aggregate not found
2026-07-22 23:22:06.034 9 INFO neutron.services.segments.plugin [-] Segment 67a436dc-0eaa-48e7-a03b-61716e9b83b1 resource provider not found; error: Placement Client Error (4xx): {"errors": [{"status": 404, "title": "Not Found", "detail": "The resource could not be found.\n\n No resource provider with uuid 67a436dc-0eaa-48e7-a03b-61716e9b83b1 found for delete ", "request_id": "req-737c31e3-c379-48fb-9571-d1ef8d12a0b9"}]}
2026-07-22 23:22:06.035 10 INFO neutron.db.ovn_revision_numbers_db [None req-81216bbc-5b16-4d07-b85c-3d76d66f3f4c b3235c8607f140e29768e471c7a216a4 6c1750a09f754a1d87a4009e71f0f7f7 - - - -] Successfully bumped revision number for resource cd756919-612d-48c9-a7ba-81b2b8a3c5ab (type: floatingips) to 3
2026-07-22 23:22:06.035 9 INFO neutron.services.segments.plugin [-] Segment 67a436dc-0eaa-48e7-a03b-61716e9b83b1 resource provider not found; error: Placement Client Error (4xx): {"errors": [{"status": 404, "title": "Not Found", "detail": "The resource could not be found.\n\n No resource provider with uuid 67a436dc-0eaa-48e7-a03b-61716e9b83b1 found for delete ", "request_id": "req-a123ec25-2844-4124-877c-3413fae30d3c"}]}
2026-07-22 23:22:06.046 9 INFO neutron.wsgi [None req-e4e794f2-aadd-439d-a2db-042cf7cabea8 cf73f69d1f7e49a59cf81fa0f22f15b3 54c749f18dbc43a79f6dd70b33b72377 - - - -] 10.0.0.216 "DELETE /v2.0/networks/d9c8b98d-b3d7-4ac9-a2c9-629ce3b779c3 HTTP/1.1" status: 204 len: 168 time: 0.5027072
2026-07-22 23:22:06.156 10 INFO neutron.wsgi [None req-81216bbc-5b16-4d07-b85c-3d76d66f3f4c b3235c8607f140e29768e471c7a216a4 6c1750a09f754a1d87a4009e71f0f7f7 - - - -] 10.0.0.216 "PUT /v2.0/floatingips/cd756919-612d-48c9-a7ba-81b2b8a3c5ab HTTP/1.1" status: 200 len: 1036 time: 1.3375261
2026-07-22 23:22:06.195 9 INFO neutron.wsgi [None req-14d68846-235b-40aa-809a-497300d9ab18 cf73f69d1f7e49a59cf81fa0f22f15b3 54c749f18dbc43a79f6dd70b33b72377 - - default default] 10.0.0.216 "GET /v2.0/security-groups?tenant_id=d7244ebda5424d4c9f3fb95fa03de378&name=default HTTP/1.1" status: 200 len: 2996 time: 0.0517008
2026-07-22 23:22:06.325 9 INFO neutron.db.l3_db [None req-58ab741f-7c8a-4b08-84c9-dbee93040b70 b3235c8607f140e29768e471c7a216a4 6c1750a09f754a1d87a4009e71f0f7f7 - - - -] Floating IP cd756919-612d-48c9-a7ba-81b2b8a3c5ab disassociated. External IP: 10.96.250.204, port: f7159be2-ed23-4a79-b71f-9541af02e326.
2026-07-22 23:22:06.349 9 INFO neutron.db.ovn_revision_numbers_db [None req-58ab741f-7c8a-4b08-84c9-dbee93040b70 b3235c8607f140e29768e471c7a216a4 6c1750a09f754a1d87a4009e71f0f7f7 - - - -] Successfully bumped revision number for resource cd756919-612d-48c9-a7ba-81b2b8a3c5ab (type: floatingips) to 4
2026-07-22 23:22:06.349 10 INFO neutron.db.ovn_revision_numbers_db [None req-d71a365f-73ba-43ef-878c-a2a8296f3d5d 5d2ca1fd29234a1d8c63dcff8c931ce5 bf0e1ffb50a340218cf3cee68e1948af - - default default] Successfully bumped revision number for resource 70d5d6c6-5abd-479c-b61d-7b26757331e8 (type: router_ports) to 2
2026-07-22 23:22:06.437 9 INFO neutron.wsgi [None req-58ab741f-7c8a-4b08-84c9-dbee93040b70 b3235c8607f140e29768e471c7a216a4 6c1750a09f754a1d87a4009e71f0f7f7 - - - -] 10.0.0.216 "PUT /v2.0/floatingips/cd756919-612d-48c9-a7ba-81b2b8a3c5ab HTTP/1.1" status: 200 len: 748 time: 0.2716675
2026-07-22 23:22:06.512 9 INFO neutron.wsgi [None req-b9c6635b-1bd4-4f52-911d-ce337d472700 cf73f69d1f7e49a59cf81fa0f22f15b3 54c749f18dbc43a79f6dd70b33b72377 - - - -] 10.0.0.216 "DELETE /v2.0/security-groups/7d6627ac-1f33-4964-8d02-b5fc1c659e6e HTTP/1.1" status: 204 len: 168 time: 0.3087981
2026-07-22 23:22:06.811 9 INFO neutron.wsgi [None req-bd968a03-4dc0-4303-9f1f-df45e96481e9 b3235c8607f140e29768e471c7a216a4 6c1750a09f754a1d87a4009e71f0f7f7 - - - -] 10.0.0.216 "DELETE /v2.0/floatingips/cd756919-612d-48c9-a7ba-81b2b8a3c5ab HTTP/1.1" status: 204 len: 168 time: 0.3635981
2026-07-22 23:22:06.841 9 INFO neutron.api.v2.resource [None req-e486fffe-f5b1-49fa-9d67-6aef7dee48ce b3235c8607f140e29768e471c7a216a4 6c1750a09f754a1d87a4009e71f0f7f7 - - - -] delete failed (client error): The resource could not be found.
2026-07-22 23:22:06.842 9 INFO neutron.wsgi [None req-e486fffe-f5b1-49fa-9d67-6aef7dee48ce b3235c8607f140e29768e471c7a216a4 6c1750a09f754a1d87a4009e71f0f7f7 - - - -] 10.0.0.216 "DELETE /v2.0/floatingips/cd756919-612d-48c9-a7ba-81b2b8a3c5ab HTTP/1.1" status: 404 len: 345 time: 0.0267673
2026-07-22 23:22:06.915 10 INFO neutron.db.ovn_revision_numbers_db [None req-d71a365f-73ba-43ef-878c-a2a8296f3d5d 5d2ca1fd29234a1d8c63dcff8c931ce5 bf0e1ffb50a340218cf3cee68e1948af - - default default] Successfully bumped revision number for resource 70d5d6c6-5abd-479c-b61d-7b26757331e8 (type: ports) to 2
2026-07-22 23:22:07.056 10 WARNING neutron.scheduler.dhcp_agent_scheduler [None req-d71a365f-73ba-43ef-878c-a2a8296f3d5d 5d2ca1fd29234a1d8c63dcff8c931ce5 bf0e1ffb50a340218cf3cee68e1948af - - default default] No more DHCP agents
2026-07-22 23:22:07.061 10 WARNING neutron.api.rpc.agentnotifiers.dhcp_rpc_agent_api [None req-d71a365f-73ba-43ef-878c-a2a8296f3d5d 5d2ca1fd29234a1d8c63dcff8c931ce5 bf0e1ffb50a340218cf3cee68e1948af - - default default] Unable to schedule network 96b08621-e0ea-4241-b9d9-169c9b626908: no agents available; will retry on subsequent port and subnet creation events.
2026-07-22 23:22:07.140 10 WARNING neutron.scheduler.dhcp_agent_scheduler [None req-bd6aac35-4ffe-4871-b563-b5844d561a3e cf73f69d1f7e49a59cf81fa0f22f15b3 54c749f18dbc43a79f6dd70b33b72377 - - default default] No more DHCP agents
2026-07-22 23:22:07.173 10 WARNING neutron.api.rpc.agentnotifiers.dhcp_rpc_agent_api [None req-bd6aac35-4ffe-4871-b563-b5844d561a3e cf73f69d1f7e49a59cf81fa0f22f15b3 54c749f18dbc43a79f6dd70b33b72377 - - default default] Unable to schedule network 9a3254fe-f082-4a16-b88f-a1282e61a69b: no agents available; will retry on subsequent port and subnet creation events.
2026-07-22 23:22:07.247 10 INFO neutron.db.ovn_revision_numbers_db [None req-3d65cf31-be1a-40d1-a3ed-638be7ca5365 - - - - - -] Successfully bumped revision number for resource 771f3694-60fa-43c0-acdc-a84207433faa (type: ports) to 1
2026-07-22 23:22:07.413 10 INFO neutron.db.ovn_revision_numbers_db [None req-d71a365f-73ba-43ef-878c-a2a8296f3d5d 5d2ca1fd29234a1d8c63dcff8c931ce5 bf0e1ffb50a340218cf3cee68e1948af - - - -] Successfully bumped revision number for resource 70d5d6c6-5abd-479c-b61d-7b26757331e8 (type: router_ports) to 2
2026-07-22 23:22:07.415 10 INFO neutron.wsgi [None req-d71a365f-73ba-43ef-878c-a2a8296f3d5d 5d2ca1fd29234a1d8c63dcff8c931ce5 bf0e1ffb50a340218cf3cee68e1948af - - - -] 10.0.0.216 "PUT /v2.0/routers/d22faaf5-9a43-4aa0-b074-9bb0e6a4f68c/add_router_interface HTTP/1.1" status: 200 len: 503 time: 3.1605988
2026-07-22 23:22:07.454 10 INFO neutron.db.ovn_revision_numbers_db [None req-bd6aac35-4ffe-4871-b563-b5844d561a3e cf73f69d1f7e49a59cf81fa0f22f15b3 54c749f18dbc43a79f6dd70b33b72377 - - default default] Successfully bumped revision number for resource c8fd04a9-f5fc-4e2d-9f20-0a91eca1aff8 (type: ports) to 1
2026-07-22 23:22:07.560 9 INFO neutron.wsgi [None req-c3864769-cf17-48a4-ba36-dd38390f55fd 5d2ca1fd29234a1d8c63dcff8c931ce5 bf0e1ffb50a340218cf3cee68e1948af - - default default] 10.0.0.216 "GET /v2.0/ports/70d5d6c6-5abd-479c-b61d-7b26757331e8 HTTP/1.1" status: 200 len: 1135 time: 0.1294563
2026-07-22 23:22:07.564 9 INFO neutron.wsgi [None req-81c6b409-f647-48ea-af1a-9c373eef9608 b3235c8607f140e29768e471c7a216a4 6c1750a09f754a1d87a4009e71f0f7f7 - - - -] 10.0.0.216 "DELETE /v2.0/ports/f7159be2-ed23-4a79-b71f-9541af02e326 HTTP/1.1" status: 204 len: 168 time: 0.7150836
2026-07-22 23:22:07.607 9 INFO neutron.wsgi [None req-0924608e-69a4-4669-8f0e-de6b2058a6db 5d2ca1fd29234a1d8c63dcff8c931ce5 bf0e1ffb50a340218cf3cee68e1948af - - default default] 10.0.0.216 "GET /v2.0/ports/70d5d6c6-5abd-479c-b61d-7b26757331e8 HTTP/1.1" status: 200 len: 1135 time: 0.0397534
2026-07-22 23:22:07.747 10 INFO neutron.db.ovn_revision_numbers_db [None req-3d65cf31-be1a-40d1-a3ed-638be7ca5365 - - - - - -] Successfully bumped revision number for resource 771f3694-60fa-43c0-acdc-a84207433faa (type: router_ports) to 3
2026-07-22 23:22:07.942 10 INFO neutron.db.ovn_revision_numbers_db [None req-3d65cf31-be1a-40d1-a3ed-638be7ca5365 - - - - - -] Successfully bumped revision number for resource 771f3694-60fa-43c0-acdc-a84207433faa (type: ports) to 2
2026-07-22 23:22:07.954 9 INFO neutron.wsgi [None req-72cc6a6b-5979-4980-b2ca-65c85a8b35eb b3235c8607f140e29768e471c7a216a4 6c1750a09f754a1d87a4009e71f0f7f7 - - - -] 10.0.0.216 "DELETE /v2.0/ports/7522e79b-a61d-4346-965f-a52a0d6ff244 HTTP/1.1" status: 204 len: 168 time: 0.3857894
2026-07-22 23:22:08.094 10 INFO neutron.db.ovn_revision_numbers_db [None req-bd6aac35-4ffe-4871-b563-b5844d561a3e cf73f69d1f7e49a59cf81fa0f22f15b3 54c749f18dbc43a79f6dd70b33b72377 - - default default] Successfully bumped revision number for resource c8fd04a9-f5fc-4e2d-9f20-0a91eca1aff8 (type: router_ports) to 2
2026-07-22 23:22:08.122 10 INFO neutron.wsgi [None req-4574fbdc-ec8d-4d4e-9d69-6c7078dda878 b3235c8607f140e29768e471c7a216a4 6c1750a09f754a1d87a4009e71f0f7f7 - - default default] 10.0.0.216 "GET /v2.0/ports?device_id=22433a37-28e5-4d24-b64e-16ec22b24c86 HTTP/1.1" status: 200 len: 1140 time: 0.1632676
2026-07-22 23:22:08.596 10 INFO neutron.db.ovn_revision_numbers_db [None req-bd6aac35-4ffe-4871-b563-b5844d561a3e cf73f69d1f7e49a59cf81fa0f22f15b3 54c749f18dbc43a79f6dd70b33b72377 - - default default] Successfully bumped revision number for resource c8fd04a9-f5fc-4e2d-9f20-0a91eca1aff8 (type: ports) to 2
2026-07-22 23:22:08.667 10 INFO neutron.db.ovn_revision_numbers_db [None req-3d65cf31-be1a-40d1-a3ed-638be7ca5365 - - - - - -] Successfully bumped revision number for resource 771f3694-60fa-43c0-acdc-a84207433faa (type: ports) to 4
2026-07-22 23:22:08.787 10 INFO neutron.wsgi [None req-9af5a23c-3546-4860-8f94-fc5d6edee0ad 5d2ca1fd29234a1d8c63dcff8c931ce5 bf0e1ffb50a340218cf3cee68e1948af - - default default] 10.0.0.216 "GET /v2.0/ports/70d5d6c6-5abd-479c-b61d-7b26757331e8 HTTP/1.1" status: 200 len: 1135 time: 0.1696146
2026-07-22 23:22:08.820 10 WARNING neutron.scheduler.dhcp_agent_scheduler [None req-bd6aac35-4ffe-4871-b563-b5844d561a3e cf73f69d1f7e49a59cf81fa0f22f15b3 54c749f18dbc43a79f6dd70b33b72377 - - default default] No more DHCP agents
2026-07-22 23:22:08.823 10 WARNING neutron.api.rpc.agentnotifiers.dhcp_rpc_agent_api [None req-bd6aac35-4ffe-4871-b563-b5844d561a3e cf73f69d1f7e49a59cf81fa0f22f15b3 54c749f18dbc43a79f6dd70b33b72377 - - default default] Unable to schedule network 9a3254fe-f082-4a16-b88f-a1282e61a69b: no agents available; will retry on subsequent port and subnet creation events.
2026-07-22 23:22:08.879 9 INFO neutron.db.ovn_revision_numbers_db [None req-52d59417-813b-49a2-82e1-bf5ffdbec362 cf73f69d1f7e49a59cf81fa0f22f15b3 54c749f18dbc43a79f6dd70b33b72377 - - - -] Successfully bumped revision number for resource 0e0e3470-9c57-466d-a198-084de76b984d (type: security_groups) to 1
2026-07-22 23:22:08.931 9 INFO neutron.db.segments_db [None req-52d59417-813b-49a2-82e1-bf5ffdbec362 cf73f69d1f7e49a59cf81fa0f22f15b3 54c749f18dbc43a79f6dd70b33b72377 - - - -] Added segment 32f11a97-2e1a-472b-a67a-5f7ea0e64ff0 of type geneve for network 5a86d808-0e44-48f7-afa2-7481e9d2544a
2026-07-22 23:22:09.000 10 INFO neutron.plugins.ml2.drivers.ovn.mech_driver.mech_driver [None req-bc687c49-6adf-4944-a055-3629312b5243 - - - - - -] OVN reports status up for port: 70d5d6c6-5abd-479c-b61d-7b26757331e8
2026-07-22 23:22:09.035 10 INFO neutron.plugins.ml2.plugin [None req-bc687c49-6adf-4944-a055-3629312b5243 - - - - - -] Attempt 1 to provision port 70d5d6c6-5abd-479c-b61d-7b26757331e8
2026-07-22 23:22:09.060 9 INFO neutron.db.ovn_revision_numbers_db [None req-52d59417-813b-49a2-82e1-bf5ffdbec362 cf73f69d1f7e49a59cf81fa0f22f15b3 54c749f18dbc43a79f6dd70b33b72377 - - - -] Successfully bumped revision number for resource 5a86d808-0e44-48f7-afa2-7481e9d2544a (type: networks) to 1
2026-07-22 23:22:09.275 10 INFO neutron.db.ovn_revision_numbers_db [None req-3d65cf31-be1a-40d1-a3ed-638be7ca5365 - - - - - -] Successfully bumped revision number for resource 771f3694-60fa-43c0-acdc-a84207433faa (type: router_ports) to 4
2026-07-22 23:22:09.360 9 WARNING neutron.scheduler.dhcp_agent_scheduler [None req-52d59417-813b-49a2-82e1-bf5ffdbec362 cf73f69d1f7e49a59cf81fa0f22f15b3 54c749f18dbc43a79f6dd70b33b72377 - - - -] No more DHCP agents
2026-07-22 23:22:09.364 9 WARNING neutron.api.rpc.agentnotifiers.dhcp_rpc_agent_api [None req-52d59417-813b-49a2-82e1-bf5ffdbec362 cf73f69d1f7e49a59cf81fa0f22f15b3 54c749f18dbc43a79f6dd70b33b72377 - - - -] Unable to schedule network 5a86d808-0e44-48f7-afa2-7481e9d2544a: no agents available; will retry on subsequent port and subnet creation events.
2026-07-22 23:22:09.461 9 INFO neutron.db.ovn_revision_numbers_db [None req-52d59417-813b-49a2-82e1-bf5ffdbec362 cf73f69d1f7e49a59cf81fa0f22f15b3 54c749f18dbc43a79f6dd70b33b72377 - - - -] Successfully bumped revision number for resource 41e88eb7-4bcd-4cdd-9d0d-16b203a84ae8 (type: ports) to 1
2026-07-22 23:22:09.462 9 WARNING neutron.plugins.ml2.drivers.ovn.mech_driver.ovsdb.ovn_client [None req-e94773ee-e484-46ec-9ae7-301148bfd26a - - - - - -] No port found with ID a91c0c99-66eb-4b6e-ac4d-892d9513767e: RuntimeError: No port found with ID a91c0c99-66eb-4b6e-ac4d-892d9513767e
2026-07-22 23:22:09.463 9 INFO neutron.plugins.ml2.drivers.ovn.mech_driver.mech_driver [None req-e94773ee-e484-46ec-9ae7-301148bfd26a - - - - - -] OVN reports status down for port: 871078cd-03e7-4db9-92a0-bb237b83c621
2026-07-22 23:22:09.539 9 INFO neutron.plugins.ml2.drivers.ovn.mech_driver.mech_driver [None req-e94773ee-e484-46ec-9ae7-301148bfd26a - - - - - -] OVN reports status up for port: c8fd04a9-f5fc-4e2d-9f20-0a91eca1aff8
2026-07-22 23:22:09.548 9 INFO neutron.plugins.ml2.plugin [None req-e94773ee-e484-46ec-9ae7-301148bfd26a - - - - - -] Attempt 1 to provision port c8fd04a9-f5fc-4e2d-9f20-0a91eca1aff8
2026-07-22 23:22:09.553 9 INFO neutron.wsgi [None req-52d59417-813b-49a2-82e1-bf5ffdbec362 cf73f69d1f7e49a59cf81fa0f22f15b3 54c749f18dbc43a79f6dd70b33b72377 - - - -] 10.0.0.216 "POST /v2.0/networks HTTP/1.1" status: 201 len: 946 time: 1.0701137 /var/lib/openstack/lib/python3.10/site-packages/pycadf/identifier.py:71: UserWarning: Invalid uuid: neutron. To ensure interoperability, identifiers should be a valid uuid. warnings.warn(('Invalid uuid: %s. To ensure interoperability, '
2026-07-22 23:22:09.862 9 INFO neutron.wsgi [None req-bc154f4a-b44a-4c26-b806-52e465bee49e 5d2ca1fd29234a1d8c63dcff8c931ce5 bf0e1ffb50a340218cf3cee68e1948af - - default default] 10.0.0.216 "GET /v2.0/ports/70d5d6c6-5abd-479c-b61d-7b26757331e8 HTTP/1.1" status: 200 len: 1137 time: 0.0689402
2026-07-22 23:22:09.871 9 WARNING neutron.scheduler.dhcp_agent_scheduler [None req-d89db2c3-8d1a-44e8-b61f-0213516a5fbf cf73f69d1f7e49a59cf81fa0f22f15b3 54c749f18dbc43a79f6dd70b33b72377 - - - -] No more DHCP agents
2026-07-22 23:22:09.876 9 WARNING neutron.api.rpc.agentnotifiers.dhcp_rpc_agent_api [None req-d89db2c3-8d1a-44e8-b61f-0213516a5fbf cf73f69d1f7e49a59cf81fa0f22f15b3 54c749f18dbc43a79f6dd70b33b72377 - - - -] Unable to schedule network 5a86d808-0e44-48f7-afa2-7481e9d2544a: no agents available; will retry on subsequent port and subnet creation events.
2026-07-22 23:22:10.010 10 INFO neutron.db.ovn_revision_numbers_db [None req-bc687c49-6adf-4944-a055-3629312b5243 - - - - - -] Successfully bumped revision number for resource 70d5d6c6-5abd-479c-b61d-7b26757331e8 (type: ports) to 3
2026-07-22 23:22:10.098 9 INFO neutron.db.ovn_revision_numbers_db [None req-e94773ee-e484-46ec-9ae7-301148bfd26a - - - - - -] Successfully bumped revision number for resource c8fd04a9-f5fc-4e2d-9f20-0a91eca1aff8 (type: ports) to 3
2026-07-22 23:22:10.208 10 INFO neutron.db.ovn_revision_numbers_db [None req-bd6aac35-4ffe-4871-b563-b5844d561a3e cf73f69d1f7e49a59cf81fa0f22f15b3 54c749f18dbc43a79f6dd70b33b72377 - - - -] Successfully bumped revision number for resource c8fd04a9-f5fc-4e2d-9f20-0a91eca1aff8 (type: router_ports) to 2
2026-07-22 23:22:10.210 10 INFO neutron.wsgi [None req-bd6aac35-4ffe-4871-b563-b5844d561a3e cf73f69d1f7e49a59cf81fa0f22f15b3 54c749f18dbc43a79f6dd70b33b72377 - - - -] 10.0.0.216 "PUT /v2.0/routers/3df59b62-c6f8-4947-ac59-00c4ca6df5e4/add_router_interface HTTP/1.1" status: 200 len: 503 time: 4.2425761
2026-07-22 23:22:10.222 10 INFO neutron.db.ovn_revision_numbers_db [None req-bc687c49-6adf-4944-a055-3629312b5243 - - - - - -] Successfully bumped revision number for resource 70d5d6c6-5abd-479c-b61d-7b26757331e8 (type: router_ports) to 3
2026-07-22 23:22:10.330 9 INFO neutron.db.ovn_revision_numbers_db [None req-e94773ee-e484-46ec-9ae7-301148bfd26a - - - - - -] Successfully bumped revision number for resource c8fd04a9-f5fc-4e2d-9f20-0a91eca1aff8 (type: router_ports) to 3
2026-07-22 23:22:10.373 10 INFO neutron.wsgi [None req-e8986d4e-bc69-46f8-8e94-b5bec34d93a3 b3235c8607f140e29768e471c7a216a4 6c1750a09f754a1d87a4009e71f0f7f7 - - - -] 10.0.0.216 "PUT /v2.0/routers/22433a37-28e5-4d24-b64e-16ec22b24c86/remove_router_interface HTTP/1.1" status: 200 len: 503 time: 2.2464814 /var/lib/openstack/lib/python3.10/site-packages/pycadf/identifier.py:71: UserWarning: Invalid uuid: neutron. To ensure interoperability, identifiers should be a valid uuid. warnings.warn(('Invalid uuid: %s. To ensure interoperability, '
2026-07-22 23:22:10.655 9 INFO neutron.db.ovn_revision_numbers_db [None req-d89db2c3-8d1a-44e8-b61f-0213516a5fbf cf73f69d1f7e49a59cf81fa0f22f15b3 54c749f18dbc43a79f6dd70b33b72377 - - - -] Successfully bumped revision number for resource 41e88eb7-4bcd-4cdd-9d0d-16b203a84ae8 (type: ports) to 2
2026-07-22 23:22:10.679 9 INFO neutron.db.ovn_revision_numbers_db [None req-d89db2c3-8d1a-44e8-b61f-0213516a5fbf cf73f69d1f7e49a59cf81fa0f22f15b3 54c749f18dbc43a79f6dd70b33b72377 - - - -] Successfully bumped revision number for resource 2b2d8542-c516-4f19-9550-11b96740db76 (type: subnets) to 0
2026-07-22 23:22:10.693 9 INFO neutron.wsgi [None req-d89db2c3-8d1a-44e8-b61f-0213516a5fbf cf73f69d1f7e49a59cf81fa0f22f15b3 54c749f18dbc43a79f6dd70b33b72377 - - - -] 10.0.0.216 "POST /v2.0/subnets HTTP/1.1" status: 201 len: 866 time: 1.1266060
2026-07-22 23:22:11.010 10 INFO neutron.wsgi [None req-4a39db7e-744c-416d-8c6d-a77c09ce1b47 b3235c8607f140e29768e471c7a216a4 6c1750a09f754a1d87a4009e71f0f7f7 - - - -] 10.0.0.216 "DELETE /v2.0/routers/22433a37-28e5-4d24-b64e-16ec22b24c86 HTTP/1.1" status: 204 len: 168 time: 0.6330044 /var/lib/openstack/lib/python3.10/site-packages/pycadf/identifier.py:71: UserWarning: Invalid uuid: neutron. To ensure interoperability, identifiers should be a valid uuid. warnings.warn(('Invalid uuid: %s. To ensure interoperability, '
2026-07-22 23:22:11.172 9 INFO neutron.wsgi [None req-bacc2b58-2ac2-4ae4-8d19-14057b2c0b6e 5d2ca1fd29234a1d8c63dcff8c931ce5 bf0e1ffb50a340218cf3cee68e1948af - - - -] 10.0.0.216 "PUT /v2.0/routers/d22faaf5-9a43-4aa0-b074-9bb0e6a4f68c/remove_router_interface HTTP/1.1" status: 200 len: 503 time: 1.3034992
