2026-07-22 23:25:07.275 9 INFO neutron.wsgi [None req-7b9fb9ac-21dc-43bc-951c-efd14a98df3e cf73f69d1f7e49a59cf81fa0f22f15b3 54c749f18dbc43a79f6dd70b33b72377 - - default default] 199.19.213.74 "GET /v2.0/extensions/dns-integration HTTP/1.1" status: 200 len: 371 time: 0.0060487
2026-07-22 23:25:07.298 9 INFO neutron.wsgi [None req-0191eafd-fe19-4b14-b1b5-f6495957224b cf73f69d1f7e49a59cf81fa0f22f15b3 54c749f18dbc43a79f6dd70b33b72377 - - default default] 199.19.213.74 "GET /v2.0/extensions/qos HTTP/1.1" status: 200 len: 365 time: 0.0055387
2026-07-22 23:25:07.325 9 INFO neutron.wsgi [None req-0743bf90-b917-41be-8691-f5fc8150d2b7 cf73f69d1f7e49a59cf81fa0f22f15b3 54c749f18dbc43a79f6dd70b33b72377 - - default default] 199.19.213.74 "GET /v2.0/extensions/allowed-address-pairs HTTP/1.1" status: 200 len: 383 time: 0.0048401
2026-07-22 23:25:07.337 9 INFO neutron.db.ovn_revision_numbers_db [None req-51b97ef7-def5-4ae2-b883-05ef357a098d e0f5504dacaf44ad93a4bd7ca916c1c1 2b11c5e4c89e4a6f8f6044bcbce16131 - - - -] Successfully bumped revision number for resource 323b2e10-fe50-496b-847d-eb3c4e7a672c (type: routers) to 4
2026-07-22 23:25:07.340 9 INFO neutron.wsgi [None req-51b97ef7-def5-4ae2-b883-05ef357a098d e0f5504dacaf44ad93a4bd7ca916c1c1 2b11c5e4c89e4a6f8f6044bcbce16131 - - - -] 10.0.0.216 "PUT /v2.0/routers/323b2e10-fe50-496b-847d-eb3c4e7a672c HTTP/1.1" status: 200 len: 660 time: 0.5590119 /var/lib/openstack/lib/python3.10/site-packages/pycadf/identifier.py:71: UserWarning: Invalid uuid: neutron. To ensure interoperability, identifiers should be a valid uuid. warnings.warn(('Invalid uuid: %s. To ensure interoperability, '
2026-07-22 23:25:07.359 9 INFO neutron.wsgi [None req-73047848-0287-483a-a87d-0560a67db2fb cf73f69d1f7e49a59cf81fa0f22f15b3 54c749f18dbc43a79f6dd70b33b72377 - - default default] 199.19.213.74 "GET /v2.0/ports/b00b1de5-c8a6-45ba-9023-495e11a50317 HTTP/1.1" status: 200 len: 1332 time: 0.0287874
2026-07-22 23:25:07.370 10 INFO neutron.wsgi [None req-57472e82-014b-4aec-868e-eb7e2207b746 e0f5504dacaf44ad93a4bd7ca916c1c1 2b11c5e4c89e4a6f8f6044bcbce16131 - - default default] 10.0.0.216 "GET /v2.0/ports?device_id=323b2e10-fe50-496b-847d-eb3c4e7a672c HTTP/1.1" status: 200 len: 205 time: 0.0247989
2026-07-22 23:25:07.477 9 INFO neutron.wsgi [None req-7dfc88f2-ca04-49e9-9ac4-2ea42d2a6b9d cf73f69d1f7e49a59cf81fa0f22f15b3 54c749f18dbc43a79f6dd70b33b72377 - - default default] 199.19.213.74 "GET /v2.0/extensions/security-group HTTP/1.1" status: 200 len: 369 time: 0.0052218
2026-07-22 23:25:07.484 9 INFO neutron.wsgi [None req-0adb4b12-be16-49dc-8cc7-01000b5f7452 cf73f69d1f7e49a59cf81fa0f22f15b3 54c749f18dbc43a79f6dd70b33b72377 - - default default] 199.19.213.74 "GET /v2.0/extensions/dns-integration HTTP/1.1" status: 200 len: 371 time: 0.0031009
2026-07-22 23:25:07.508 9 INFO neutron.wsgi [None req-f63f845b-6758-4b97-845d-a1e7b9c66a55 cf73f69d1f7e49a59cf81fa0f22f15b3 54c749f18dbc43a79f6dd70b33b72377 - - default default] 199.19.213.74 "GET /v2.0/extensions/qos HTTP/1.1" status: 200 len: 365 time: 0.0109060
2026-07-22 23:25:07.534 9 INFO neutron.wsgi [None req-7b1d5641-e927-4d6e-86ba-9821f7fd1547 cf73f69d1f7e49a59cf81fa0f22f15b3 54c749f18dbc43a79f6dd70b33b72377 - - default default] 199.19.213.74 "GET /v2.0/extensions/allowed-address-pairs HTTP/1.1" status: 200 len: 383 time: 0.0047600
2026-07-22 23:25:07.607 9 INFO neutron.wsgi [None req-0ec2e276-0990-4058-abf7-e6c04d8df6c1 cf73f69d1f7e49a59cf81fa0f22f15b3 54c749f18dbc43a79f6dd70b33b72377 - - default default] 199.19.213.74 "GET /v2.0/security-groups?name=lb-25324a20-4c84-4cec-9a42-b8c5dd5e939f HTTP/1.1" status: 200 len: 221 time: 0.0550375
2026-07-22 23:25:07.647 9 INFO neutron.wsgi [None req-d31149e6-a574-4977-be22-296e4acc6ab6 e0f5504dacaf44ad93a4bd7ca916c1c1 2b11c5e4c89e4a6f8f6044bcbce16131 - - - -] 10.0.0.216 "DELETE /v2.0/routers/323b2e10-fe50-496b-847d-eb3c4e7a672c HTTP/1.1" status: 204 len: 168 time: 0.2697532
2026-07-22 23:25:07.708 9 INFO neutron.wsgi [None req-2dbc0351-095e-4436-b37b-8c837f1820c2 e0f5504dacaf44ad93a4bd7ca916c1c1 2b11c5e4c89e4a6f8f6044bcbce16131 - - default default] 10.0.0.216 "GET /v2.0/routers/985c8af3-4ce3-47a4-bc56-2fc3700a53ee HTTP/1.1" status: 200 len: 668 time: 0.0558383
2026-07-22 23:25:07.746 9 INFO neutron.db.ovn_revision_numbers_db [None req-759e9c8f-abd4-4eac-acbe-b3d52cd53620 cf73f69d1f7e49a59cf81fa0f22f15b3 54c749f18dbc43a79f6dd70b33b72377 - - - -] Successfully bumped revision number for resource 0f98b210-145c-4f62-ba80-791751034150 (type: security_groups) to 1
2026-07-22 23:25:07.770 9 INFO neutron.wsgi [None req-759e9c8f-abd4-4eac-acbe-b3d52cd53620 cf73f69d1f7e49a59cf81fa0f22f15b3 54c749f18dbc43a79f6dd70b33b72377 - - - -] 199.19.213.74 "POST /v2.0/security-groups HTTP/1.1" status: 201 len: 1779 time: 0.1488888
2026-07-22 23:25:07.802 9 INFO neutron.wsgi [None req-e995a5bd-0384-42c8-ba21-6fe1f621f37a cf73f69d1f7e49a59cf81fa0f22f15b3 54c749f18dbc43a79f6dd70b33b72377 - - default default] 199.19.213.74 "GET /v2.0/security-group-rules?security_group_id=0f98b210-145c-4f62-ba80-791751034150 HTTP/1.1" status: 200 len: 1318 time: 0.0243840
2026-07-22 23:25:08.147 9 INFO neutron.db.ovn_revision_numbers_db [None req-e492587d-8ca6-4cbe-a172-36603d4490e1 cf73f69d1f7e49a59cf81fa0f22f15b3 54c749f18dbc43a79f6dd70b33b72377 - - - -] Successfully bumped revision number for resource b00b1de5-c8a6-45ba-9023-495e11a50317 (type: ports) to 2
2026-07-22 23:25:08.154 9 INFO neutron.wsgi [None req-e492587d-8ca6-4cbe-a172-36603d4490e1 cf73f69d1f7e49a59cf81fa0f22f15b3 54c749f18dbc43a79f6dd70b33b72377 - - - -] 199.19.213.74 "PUT /v2.0/ports/b00b1de5-c8a6-45ba-9023-495e11a50317 HTTP/1.1" status: 200 len: 1332 time: 0.3454101 /var/lib/openstack/lib/python3.10/site-packages/pycadf/identifier.py:71: UserWarning: Invalid uuid: neutron. To ensure interoperability, identifiers should be a valid uuid. warnings.warn(('Invalid uuid: %s. To ensure interoperability, '
2026-07-22 23:25:08.172 9 INFO neutron.wsgi [None req-3558ff9d-3646-452c-92dc-66c160aafb67 cf73f69d1f7e49a59cf81fa0f22f15b3 54c749f18dbc43a79f6dd70b33b72377 - - default default] 199.19.213.74 "GET /v2.0/extensions/security-group HTTP/1.1" status: 200 len: 369 time: 0.0050201
2026-07-22 23:25:08.181 9 INFO neutron.wsgi [None req-53e29d12-ba08-49e1-8a94-be9b04af2629 cf73f69d1f7e49a59cf81fa0f22f15b3 54c749f18dbc43a79f6dd70b33b72377 - - default default] 199.19.213.74 "GET /v2.0/extensions/dns-integration HTTP/1.1" status: 200 len: 371 time: 0.0044539
2026-07-22 23:25:08.189 9 INFO neutron.wsgi [None req-6321f106-4ea2-49ad-92a7-0be2c8a10b26 cf73f69d1f7e49a59cf81fa0f22f15b3 54c749f18dbc43a79f6dd70b33b72377 - - default default] 199.19.213.74 "GET /v2.0/extensions/qos HTTP/1.1" status: 200 len: 365 time: 0.0045125
2026-07-22 23:25:08.201 9 INFO neutron.wsgi [None req-995da279-92f9-45c6-bc54-dda52f4b5eaf cf73f69d1f7e49a59cf81fa0f22f15b3 54c749f18dbc43a79f6dd70b33b72377 - - default default] 199.19.213.74 "GET /v2.0/extensions/allowed-address-pairs HTTP/1.1" status: 200 len: 383 time: 0.0051095
2026-07-22 23:25:08.245 9 INFO neutron.wsgi [None req-416d8a36-2806-4114-87b2-a8db033e33f5 cf73f69d1f7e49a59cf81fa0f22f15b3 54c749f18dbc43a79f6dd70b33b72377 - - default default] 199.19.213.74 "GET /v2.0/subnets/a7562bf4-3737-44e8-9d58-1aa617553f40 HTTP/1.1" status: 200 len: 850 time: 0.0368788
2026-07-22 23:25:08.423 10 INFO neutron.db.ovn_revision_numbers_db [None req-ca37f99d-b36c-4326-819b-c6830f8518b6 e0f5504dacaf44ad93a4bd7ca916c1c1 2b11c5e4c89e4a6f8f6044bcbce16131 - - - -] Successfully bumped revision number for resource 985c8af3-4ce3-47a4-bc56-2fc3700a53ee (type: routers) to 4
2026-07-22 23:25:08.426 10 INFO neutron.wsgi [None req-ca37f99d-b36c-4326-819b-c6830f8518b6 e0f5504dacaf44ad93a4bd7ca916c1c1 2b11c5e4c89e4a6f8f6044bcbce16131 - - - -] 10.0.0.216 "PUT /v2.0/routers/985c8af3-4ce3-47a4-bc56-2fc3700a53ee HTTP/1.1" status: 200 len: 668 time: 0.7122598
2026-07-22 23:25:08.455 10 INFO neutron.wsgi [None req-a5be02c4-54f7-4b8a-882f-e1b7d786fbf3 e0f5504dacaf44ad93a4bd7ca916c1c1 2b11c5e4c89e4a6f8f6044bcbce16131 - - default default] 10.0.0.216 "GET /v2.0/ports?device_id=985c8af3-4ce3-47a4-bc56-2fc3700a53ee HTTP/1.1" status: 200 len: 205 time: 0.0246677
2026-07-22 23:25:08.753 10 INFO neutron.wsgi [None req-b3de4cdd-f7d5-4338-95da-0aeba3abee02 e0f5504dacaf44ad93a4bd7ca916c1c1 2b11c5e4c89e4a6f8f6044bcbce16131 - - - -] 10.0.0.216 "DELETE /v2.0/routers/985c8af3-4ce3-47a4-bc56-2fc3700a53ee HTTP/1.1" status: 204 len: 168 time: 0.2941589
2026-07-22 23:25:08.812 10 INFO neutron.wsgi [None req-6ce34ecb-e4c3-4f9e-8ce7-e79eb52250a9 e0f5504dacaf44ad93a4bd7ca916c1c1 2b11c5e4c89e4a6f8f6044bcbce16131 - - default default] 10.0.0.216 "GET /v2.0/routers/6590fe10-0948-4c8e-aa58-10289225ab36 HTTP/1.1" status: 200 len: 677 time: 0.0535920
2026-07-22 23:25:09.385 10 INFO neutron.db.ovn_revision_numbers_db [None req-eab156c1-2a78-472c-b199-5392866af927 e0f5504dacaf44ad93a4bd7ca916c1c1 2b11c5e4c89e4a6f8f6044bcbce16131 - - - -] Successfully bumped revision number for resource 6590fe10-0948-4c8e-aa58-10289225ab36 (type: routers) to 4
2026-07-22 23:25:09.388 10 INFO neutron.wsgi [None req-eab156c1-2a78-472c-b199-5392866af927 e0f5504dacaf44ad93a4bd7ca916c1c1 2b11c5e4c89e4a6f8f6044bcbce16131 - - - -] 10.0.0.216 "PUT /v2.0/routers/6590fe10-0948-4c8e-aa58-10289225ab36 HTTP/1.1" status: 200 len: 677 time: 0.5705214
2026-07-22 23:25:09.428 9 INFO neutron.wsgi [None req-26d2d500-956f-435b-823e-91680ec1ab44 e0f5504dacaf44ad93a4bd7ca916c1c1 2b11c5e4c89e4a6f8f6044bcbce16131 - - default default] 10.0.0.216 "GET /v2.0/ports?device_id=6590fe10-0948-4c8e-aa58-10289225ab36 HTTP/1.1" status: 200 len: 205 time: 0.0335608
2026-07-22 23:25:10.033 9 INFO neutron.wsgi [None req-bd3f8f79-cc82-4547-857e-e98bf5e443ee e0f5504dacaf44ad93a4bd7ca916c1c1 2b11c5e4c89e4a6f8f6044bcbce16131 - - - -] 10.0.0.216 "DELETE /v2.0/routers/6590fe10-0948-4c8e-aa58-10289225ab36 HTTP/1.1" status: 204 len: 168 time: 0.5945437
2026-07-22 23:25:10.090 9 INFO neutron.wsgi [None req-38decec2-04e5-429e-878a-08c8e71b6624 e0f5504dacaf44ad93a4bd7ca916c1c1 2b11c5e4c89e4a6f8f6044bcbce16131 - - default default] 10.0.0.216 "GET /v2.0/routers/561d3d71-3628-4511-ac74-e29dcb475479 HTTP/1.1" status: 200 len: 662 time: 0.0510538
2026-07-22 23:25:10.561 9 INFO neutron.db.ovn_revision_numbers_db [None req-0c8e708c-be77-4ee9-8d16-b53251f3f97c e0f5504dacaf44ad93a4bd7ca916c1c1 2b11c5e4c89e4a6f8f6044bcbce16131 - - - -] Successfully bumped revision number for resource 561d3d71-3628-4511-ac74-e29dcb475479 (type: routers) to 4
2026-07-22 23:25:10.564 9 INFO neutron.wsgi [None req-0c8e708c-be77-4ee9-8d16-b53251f3f97c e0f5504dacaf44ad93a4bd7ca916c1c1 2b11c5e4c89e4a6f8f6044bcbce16131 - - - -] 10.0.0.216 "PUT /v2.0/routers/561d3d71-3628-4511-ac74-e29dcb475479 HTTP/1.1" status: 200 len: 662 time: 0.4687922
2026-07-22 23:25:10.589 9 INFO neutron.wsgi [None req-23a8e1fc-a536-4086-b81b-aa37c5ab741d e0f5504dacaf44ad93a4bd7ca916c1c1 2b11c5e4c89e4a6f8f6044bcbce16131 - - default default] 10.0.0.216 "GET /v2.0/ports?device_id=561d3d71-3628-4511-ac74-e29dcb475479 HTTP/1.1" status: 200 len: 205 time: 0.0203075
2026-07-22 23:25:10.800 9 INFO neutron.wsgi [None req-ccaa34ce-ac7b-4b45-937d-e9bd57cb0740 e0f5504dacaf44ad93a4bd7ca916c1c1 2b11c5e4c89e4a6f8f6044bcbce16131 - - - -] 10.0.0.216 "DELETE /v2.0/routers/561d3d71-3628-4511-ac74-e29dcb475479 HTTP/1.1" status: 204 len: 168 time: 0.2064779
2026-07-22 23:25:10.852 9 INFO neutron.wsgi [None req-69e35fc5-c5dc-44a3-9ee6-39bfe0fcd1a2 e0f5504dacaf44ad93a4bd7ca916c1c1 2b11c5e4c89e4a6f8f6044bcbce16131 - - default default] 10.0.0.216 "GET /v2.0/routers/fff97f08-b167-41d0-90a0-387e3c2b5de3 HTTP/1.1" status: 200 len: 655 time: 0.0474787
2026-07-22 23:25:11.312 9 INFO neutron.db.ovn_revision_numbers_db [None req-6b0c2411-2a24-43e4-8abf-b2ad8bb36534 e0f5504dacaf44ad93a4bd7ca916c1c1 2b11c5e4c89e4a6f8f6044bcbce16131 - - - -] Successfully bumped revision number for resource fff97f08-b167-41d0-90a0-387e3c2b5de3 (type: routers) to 3
2026-07-22 23:25:11.315 9 INFO neutron.wsgi [None req-6b0c2411-2a24-43e4-8abf-b2ad8bb36534 e0f5504dacaf44ad93a4bd7ca916c1c1 2b11c5e4c89e4a6f8f6044bcbce16131 - - - -] 10.0.0.216 "PUT /v2.0/routers/fff97f08-b167-41d0-90a0-387e3c2b5de3 HTTP/1.1" status: 200 len: 655 time: 0.4588606
2026-07-22 23:25:11.343 9 INFO neutron.wsgi [None req-2afe7be2-c4af-4abc-9883-bb331d634e9e e0f5504dacaf44ad93a4bd7ca916c1c1 2b11c5e4c89e4a6f8f6044bcbce16131 - - default default] 10.0.0.216 "GET /v2.0/ports?device_id=fff97f08-b167-41d0-90a0-387e3c2b5de3 HTTP/1.1" status: 200 len: 205 time: 0.0237594
2026-07-22 23:25:11.579 9 INFO neutron.wsgi [None req-16291125-0999-4d75-95bd-0857104dac5e e0f5504dacaf44ad93a4bd7ca916c1c1 2b11c5e4c89e4a6f8f6044bcbce16131 - - - -] 10.0.0.216 "DELETE /v2.0/routers/fff97f08-b167-41d0-90a0-387e3c2b5de3 HTTP/1.1" status: 204 len: 168 time: 0.2324021
2026-07-22 23:25:12.606 9 INFO neutron.db.ovn_revision_numbers_db [None req-ca3dd73e-3b0b-4aeb-8166-a4468d5cfd79 cf73f69d1f7e49a59cf81fa0f22f15b3 54c749f18dbc43a79f6dd70b33b72377 - - default default] Successfully bumped revision number for resource d4f963cd-ea25-44a1-913b-a47283b4beae (type: security_groups) to 1
2026-07-22 23:25:12.632 9 INFO neutron.wsgi [None req-ca3dd73e-3b0b-4aeb-8166-a4468d5cfd79 cf73f69d1f7e49a59cf81fa0f22f15b3 54c749f18dbc43a79f6dd70b33b72377 - - default default] 10.0.0.216 "GET /v2.0/security-groups?tenant_id=2b11c5e4c89e4a6f8f6044bcbce16131&name=default HTTP/1.1" status: 200 len: 3000 time: 0.2845736
2026-07-22 23:25:12.827 9 INFO neutron.wsgi [None req-f213ae93-b8a1-4b96-b421-96efcd12eab1 cf73f69d1f7e49a59cf81fa0f22f15b3 54c749f18dbc43a79f6dd70b33b72377 - - - -] 10.0.0.216 "DELETE /v2.0/security-groups/d4f963cd-ea25-44a1-913b-a47283b4beae HTTP/1.1" status: 204 len: 168 time: 0.1905735
2026-07-22 23:25:13.337 9 INFO neutron.db.ovn_revision_numbers_db [None req-ab2a3f75-ee13-41f0-889b-5cda43c52424 cf73f69d1f7e49a59cf81fa0f22f15b3 54c749f18dbc43a79f6dd70b33b72377 - - default default] Successfully bumped revision number for resource 509e2486-5599-4402-9133-52dcc80d8c6b (type: security_groups) to 1
2026-07-22 23:25:13.342 10 INFO neutron.wsgi [None req-b354f8a2-d9a8-4dd5-a840-e44e634a117e cf73f69d1f7e49a59cf81fa0f22f15b3 54c749f18dbc43a79f6dd70b33b72377 - - default default] 10.0.0.31 "GET /v2.0/networks HTTP/1.1" status: 200 len: 4718 time: 0.2867734
2026-07-22 23:25:13.359 9 INFO neutron.wsgi [None req-ab2a3f75-ee13-41f0-889b-5cda43c52424 cf73f69d1f7e49a59cf81fa0f22f15b3 54c749f18dbc43a79f6dd70b33b72377 - - default default] 10.0.0.216 "GET /v2.0/security-groups?tenant_id=89a28e6656134b1ca726214daebe210d&name=default HTTP/1.1" status: 200 len: 3000 time: 0.4345758
2026-07-22 23:25:13.365 10 INFO neutron.wsgi [None req-7dbf8700-7fec-4f6a-9529-c14570e53a65 cf73f69d1f7e49a59cf81fa0f22f15b3 54c749f18dbc43a79f6dd70b33b72377 - - default default] 10.0.0.31 "GET /v2.0/agents HTTP/1.1" status: 200 len: 997 time: 0.0177300
2026-07-22 23:25:13.546 9 INFO neutron.wsgi [None req-a9550307-1b0c-491c-b1bb-5f7591631d69 cf73f69d1f7e49a59cf81fa0f22f15b3 54c749f18dbc43a79f6dd70b33b72377 - - - -] 10.0.0.216 "DELETE /v2.0/security-groups/509e2486-5599-4402-9133-52dcc80d8c6b HTTP/1.1" status: 204 len: 168 time: 0.1821830
2026-07-22 23:25:13.697 10 INFO neutron.wsgi [None req-0c6d3514-85ae-4369-bae0-1ecba6672541 cf73f69d1f7e49a59cf81fa0f22f15b3 54c749f18dbc43a79f6dd70b33b72377 - - default default] 10.0.0.31 "GET /v2.0/subnets HTTP/1.1" status: 200 len: 5495 time: 0.3282831
2026-07-22 23:25:13.722 10 INFO neutron.wsgi [None req-77ccbefa-d792-4e40-b1aa-016046e7c3e2 cf73f69d1f7e49a59cf81fa0f22f15b3 54c749f18dbc43a79f6dd70b33b72377 - - default default] 10.0.0.31 "GET /v2.0/subnetpools HTTP/1.1" status: 200 len: 193 time: 0.0230067
2026-07-22 23:25:13.743 9 INFO neutron.db.ovn_revision_numbers_db [None req-cc88f012-6acc-4476-87a4-6b52856953e6 cf73f69d1f7e49a59cf81fa0f22f15b3 54c749f18dbc43a79f6dd70b33b72377 - - default default] Successfully bumped revision number for resource 94e99e1e-f305-408e-aadb-acef3403c3c0 (type: security_groups) to 1
2026-07-22 23:25:13.764 9 INFO neutron.wsgi [None req-cc88f012-6acc-4476-87a4-6b52856953e6 cf73f69d1f7e49a59cf81fa0f22f15b3 54c749f18dbc43a79f6dd70b33b72377 - - default default] 10.0.0.216 "GET /v2.0/security-groups?tenant_id=f4c505f8bc5041378c88e7a97c988416&name=default HTTP/1.1" status: 200 len: 3000 time: 0.1105185
2026-07-22 23:25:13.782 10 INFO neutron.wsgi [None req-fdcca61e-7426-427b-bba5-fd2dc6434f71 cf73f69d1f7e49a59cf81fa0f22f15b3 54c749f18dbc43a79f6dd70b33b72377 - - default default] 10.0.0.31 "GET /v2.0/floatingips HTTP/1.1" status: 200 len: 1879 time: 0.0584841
2026-07-22 23:25:13.815 10 INFO neutron.wsgi [None req-0310065e-5864-47a6-9192-1e0df7111d97 cf73f69d1f7e49a59cf81fa0f22f15b3 54c749f18dbc43a79f6dd70b33b72377 - - default default] 10.0.0.31 "GET /v2.0/subnets HTTP/1.1" status: 200 len: 5495 time: 0.0316234
2026-07-22 23:25:13.879 10 INFO neutron.wsgi [None req-16c6cc9d-5091-4431-9e2c-c43e96a86052 cf73f69d1f7e49a59cf81fa0f22f15b3 54c749f18dbc43a79f6dd70b33b72377 - - default default] 10.0.0.31 "GET /v2.0/ports HTTP/1.1" status: 200 len: 18463 time: 0.0616541
2026-07-22 23:25:13.903 10 INFO neutron.wsgi [None req-c20a4487-db95-437c-ac8e-e978068bf9f9 cf73f69d1f7e49a59cf81fa0f22f15b3 54c749f18dbc43a79f6dd70b33b72377 - - default default] 10.0.0.31 "GET /v2.0/network-ip-availabilities HTTP/1.1" status: 200 len: 3361 time: 0.0129337
2026-07-22 23:25:13.950 9 INFO neutron.wsgi [None req-c154511f-2dc4-4967-9701-aabb8538a8e9 cf73f69d1f7e49a59cf81fa0f22f15b3 54c749f18dbc43a79f6dd70b33b72377 - - - -] 10.0.0.216 "DELETE /v2.0/security-groups/94e99e1e-f305-408e-aadb-acef3403c3c0 HTTP/1.1" status: 204 len: 168 time: 0.1796470
2026-07-22 23:25:14.007 10 INFO neutron.wsgi [None req-d3193acb-21d7-48fd-95d6-cdd63de7c232 cf73f69d1f7e49a59cf81fa0f22f15b3 54c749f18dbc43a79f6dd70b33b72377 - - default default] 10.0.0.31 "GET /v2.0/security-groups HTTP/1.1" status: 200 len: 31860 time: 0.0997503
2026-07-22 23:25:14.144 10 INFO neutron.wsgi [None req-026552b7-e722-447e-b774-328541ac89de cf73f69d1f7e49a59cf81fa0f22f15b3 54c749f18dbc43a79f6dd70b33b72377 - - default default] 10.0.0.31 "GET /v2.0/routers HTTP/1.1" status: 200 len: 849 time: 0.1263061
2026-07-22 23:25:14.154 10 INFO neutron.wsgi [None req-0ea36415-0159-4b32-a696-8ebef1ffc7a9 cf73f69d1f7e49a59cf81fa0f22f15b3 54c749f18dbc43a79f6dd70b33b72377 - - default default] 10.0.0.31 "GET /v2.0/agents?binary=ovn-controller HTTP/1.1" status: 200 len: 591 time: 0.0088432
2026-07-22 23:25:15.752 9 INFO neutron.wsgi [req-f56668f1-7d60-4365-a20a-cc3d5dd94f67 req-95176ab7-f318-434b-9ec2-5b7747b5b265 cf73f69d1f7e49a59cf81fa0f22f15b3 54c749f18dbc43a79f6dd70b33b72377 - - default default] 10.0.0.112 "GET /v2.0/security-groups?id=d7be4c99-1250-4e72-bac6-b32c0177e39e&fields=id HTTP/1.1" status: 200 len: 267 time: 0.0350852
2026-07-22 23:25:15.819 9 INFO neutron.wsgi [req-f56668f1-7d60-4365-a20a-cc3d5dd94f67 req-adbc3e69-ef24-4509-bd59-add33c0d3e2b cf73f69d1f7e49a59cf81fa0f22f15b3 54c749f18dbc43a79f6dd70b33b72377 - - default default] 10.0.0.112 "GET /v2.0/networks?id=7cd5e4f1-edfe-4c36-b14d-f4253fdac274 HTTP/1.1" status: 200 len: 936 time: 0.0584230
2026-07-22 23:25:15.836 9 INFO neutron.wsgi [req-f56668f1-7d60-4365-a20a-cc3d5dd94f67 req-805ab345-fadf-4ff7-af35-ab65755c1669 cf73f69d1f7e49a59cf81fa0f22f15b3 54c749f18dbc43a79f6dd70b33b72377 - - default default] 10.0.0.112 "GET /v2.0/quotas/54c749f18dbc43a79f6dd70b33b72377 HTTP/1.1" status: 200 len: 385 time: 0.0089784
2026-07-22 23:25:15.911 9 INFO neutron.wsgi [req-f56668f1-7d60-4365-a20a-cc3d5dd94f67 req-bbc0023d-c650-4e65-88c9-5c1319b2cef2 cf73f69d1f7e49a59cf81fa0f22f15b3 54c749f18dbc43a79f6dd70b33b72377 - - default default] 10.0.0.112 "GET /v2.0/ports?tenant_id=54c749f18dbc43a79f6dd70b33b72377&fields=id HTTP/1.1" status: 200 len: 348 time: 0.0690367
2026-07-22 23:25:15.985 9 INFO neutron.wsgi [req-f56668f1-7d60-4365-a20a-cc3d5dd94f67 req-571b8a2f-1385-42d0-8617-f459e6e37374 404045f7f66148ca87b33c3deb64ffac e48df614e2a542a690e1cc22a276933b - - 5e99659270f44b0f8c46fcb0fc3691df 5e99659270f44b0f8c46fcb0fc3691df] 10.0.0.112 "GET /v2.0/networks/7cd5e4f1-edfe-4c36-b14d-f4253fdac274?fields=segments HTTP/1.1" status: 200 len: 212 time: 0.0617249
2026-07-22 23:25:16.042 9 INFO neutron.wsgi [req-f56668f1-7d60-4365-a20a-cc3d5dd94f67 req-9a4b171d-9376-416d-b6d5-f723507b9cc2 404045f7f66148ca87b33c3deb64ffac e48df614e2a542a690e1cc22a276933b - - 5e99659270f44b0f8c46fcb0fc3691df 5e99659270f44b0f8c46fcb0fc3691df] 10.0.0.112 "GET /v2.0/networks/7cd5e4f1-edfe-4c36-b14d-f4253fdac274?fields=provider%3Aphysical_network&fields=provider%3Anetwork_type HTTP/1.1" status: 200 len: 277 time: 0.0488284
2026-07-22 23:25:16.396 10 INFO neutron.wsgi [req-434e3ca0-3554-44d4-a100-bcaf502c96e4 req-bd5404d0-426b-48c3-a2ab-706b50b8a265 cf73f69d1f7e49a59cf81fa0f22f15b3 54c749f18dbc43a79f6dd70b33b72377 - - default default] 10.0.0.112 "GET /v2.0/ports?device_id=2d1bba47-c292-4051-ba35-ecb107369df5 HTTP/1.1" status: 200 len: 210 time: 0.0231812
2026-07-22 23:25:16.467 9 INFO neutron.wsgi [req-6137b784-f77b-49c6-bbba-578aa1a4aa9a req-eb6970f8-e5c5-4449-ac29-1fe6bcef902d cf73f69d1f7e49a59cf81fa0f22f15b3 54c749f18dbc43a79f6dd70b33b72377 - - default default] 10.0.0.112 "GET /v2.0/ports?device_id=2d1bba47-c292-4051-ba35-ecb107369df5 HTTP/1.1" status: 200 len: 210 time: 0.0308132
2026-07-22 23:25:17.218 10 INFO neutron.wsgi [req-f56668f1-7d60-4365-a20a-cc3d5dd94f67 req-0ce94d83-5d1c-476f-8afa-60c63d6ae290 cf73f69d1f7e49a59cf81fa0f22f15b3 54c749f18dbc43a79f6dd70b33b72377 - - default default] 199.19.213.74 "GET /v2.0/networks?id=7cd5e4f1-edfe-4c36-b14d-f4253fdac274 HTTP/1.1" status: 200 len: 936 time: 0.0823276
2026-07-22 23:25:17.330 10 INFO neutron.wsgi [req-f56668f1-7d60-4365-a20a-cc3d5dd94f67 req-79b85f0a-f9c7-44c9-8a89-553c52c1afc9 cf73f69d1f7e49a59cf81fa0f22f15b3 54c749f18dbc43a79f6dd70b33b72377 - - default default] 199.19.213.74 "GET /v2.0/security-groups?fields=id&fields=name&tenant_id=54c749f18dbc43a79f6dd70b33b72377 HTTP/1.1" status: 200 len: 542 time: 0.1058278
2026-07-22 23:25:17.637 10 WARNING neutron.scheduler.dhcp_agent_scheduler [None req-9c3abd7d-a726-4f6f-9dc0-dceff614a0e5 cf73f69d1f7e49a59cf81fa0f22f15b3 54c749f18dbc43a79f6dd70b33b72377 - - - -] No more DHCP agents
2026-07-22 23:25:17.643 10 WARNING neutron.api.rpc.agentnotifiers.dhcp_rpc_agent_api [None req-9c3abd7d-a726-4f6f-9dc0-dceff614a0e5 cf73f69d1f7e49a59cf81fa0f22f15b3 54c749f18dbc43a79f6dd70b33b72377 - - - -] Unable to schedule network 7cd5e4f1-edfe-4c36-b14d-f4253fdac274: no agents available; will retry on subsequent port and subnet creation events.
2026-07-22 23:25:17.754 10 WARNING neutron.scheduler.dhcp_agent_scheduler [None req-07686b6a-9054-49f6-bed1-3e61f8be774d 91421efea30a44f09439db49693c891b fc660d2f5dd7440c8fc724191cd07563 - - - -] No more DHCP agents
2026-07-22 23:25:17.759 10 WARNING neutron.api.rpc.agentnotifiers.dhcp_rpc_agent_api [None req-07686b6a-9054-49f6-bed1-3e61f8be774d 91421efea30a44f09439db49693c891b fc660d2f5dd7440c8fc724191cd07563 - - - -] Unable to schedule network 7c15f7fc-5f92-4a46-bbbe-3da8a40c9bad: no agents available; will retry on subsequent port and subnet creation events.
2026-07-22 23:25:17.845 10 INFO neutron.db.ovn_revision_numbers_db [None req-9c3abd7d-a726-4f6f-9dc0-dceff614a0e5 cf73f69d1f7e49a59cf81fa0f22f15b3 54c749f18dbc43a79f6dd70b33b72377 - - - -] Successfully bumped revision number for resource 5c1679e0-0423-4bab-9bf0-162ffaa4a454 (type: ports) to 1
2026-07-22 23:25:17.866 10 INFO neutron.wsgi [None req-9c3abd7d-a726-4f6f-9dc0-dceff614a0e5 cf73f69d1f7e49a59cf81fa0f22f15b3 54c749f18dbc43a79f6dd70b33b72377 - - - -] 199.19.213.74 "POST /v2.0/ports HTTP/1.1" status: 201 len: 1287 time: 0.5289149 /var/lib/openstack/lib/python3.10/site-packages/pycadf/identifier.py:71: UserWarning: Invalid uuid: neutron. To ensure interoperability, identifiers should be a valid uuid. warnings.warn(('Invalid uuid: %s. To ensure interoperability, '
2026-07-22 23:25:18.146 10 INFO neutron.db.ovn_revision_numbers_db [None req-07686b6a-9054-49f6-bed1-3e61f8be774d 91421efea30a44f09439db49693c891b fc660d2f5dd7440c8fc724191cd07563 - - - -] Successfully bumped revision number for resource c5a0e48a-ba71-4525-956b-152e4509fafe (type: floatingips) to 0
2026-07-22 23:25:18.165 10 INFO neutron.wsgi [None req-07686b6a-9054-49f6-bed1-3e61f8be774d 91421efea30a44f09439db49693c891b fc660d2f5dd7440c8fc724191cd07563 - - - -] 10.0.0.216 "POST /v2.0/floatingips HTTP/1.1" status: 201 len: 751 time: 0.9684181
2026-07-22 23:25:18.253 10 INFO neutron.wsgi [None req-1b4a7837-1a05-4527-8bbe-1185f6fbefd3 91421efea30a44f09439db49693c891b fc660d2f5dd7440c8fc724191cd07563 - - - -] 10.0.0.216 "PUT /v2.0/floatingips/c5a0e48a-ba71-4525-956b-152e4509fafe/tags HTTP/1.1" status: 200 len: 218 time: 0.0827267 /var/lib/openstack/lib/python3.10/site-packages/pycadf/identifier.py:71: UserWarning: Invalid uuid: neutron. To ensure interoperability, identifiers should be a valid uuid. warnings.warn(('Invalid uuid: %s. To ensure interoperability, '
2026-07-22 23:25:18.292 10 INFO neutron.wsgi [None req-741100e2-1442-4150-a138-1f9f8beb76af 91421efea30a44f09439db49693c891b fc660d2f5dd7440c8fc724191cd07563 - - default default] 10.0.0.216 "GET /v2.0/floatingips/c5a0e48a-ba71-4525-956b-152e4509fafe/tags HTTP/1.1" status: 200 len: 218 time: 0.0328085
2026-07-22 23:25:18.362 9 INFO neutron.wsgi [None req-24b5ac4d-fd8d-4473-835c-600d24a87092 91421efea30a44f09439db49693c891b fc660d2f5dd7440c8fc724191cd07563 - - - -] 10.0.0.216 "PUT /v2.0/floatingips/c5a0e48a-ba71-4525-956b-152e4509fafe/tags/green HTTP/1.1" status: 201 len: 201 time: 0.0602553
2026-07-22 23:25:18.394 10 INFO neutron.wsgi [None req-677e1a03-3a5b-499c-93d8-70626204edb7 91421efea30a44f09439db49693c891b fc660d2f5dd7440c8fc724191cd07563 - - default default] 10.0.0.216 "GET /v2.0/floatingips/c5a0e48a-ba71-4525-956b-152e4509fafe/tags HTTP/1.1" status: 200 len: 227 time: 0.0271091
2026-07-22 23:25:18.394 10 INFO neutron.db.ovn_revision_numbers_db [None req-61e2e526-4c0c-49a9-be32-b66b70720c75 404045f7f66148ca87b33c3deb64ffac e48df614e2a542a690e1cc22a276933b - - - -] Successfully bumped revision number for resource 5c1679e0-0423-4bab-9bf0-162ffaa4a454 (type: ports) to 2
2026-07-22 23:25:18.429 9 INFO neutron.wsgi [None req-adae6884-c8b9-49e6-82c8-b1eafa473939 91421efea30a44f09439db49693c891b fc660d2f5dd7440c8fc724191cd07563 - - - -] 10.0.0.216 "PUT /v2.0/floatingips/c5a0e48a-ba71-4525-956b-152e4509fafe/tags/red HTTP/1.1" status: 201 len: 201 time: 0.0317688
2026-07-22 23:25:18.466 9 INFO neutron.wsgi [None req-162a8753-0f98-4926-a423-3ead1fed0ad9 91421efea30a44f09439db49693c891b fc660d2f5dd7440c8fc724191cd07563 - - default default] 10.0.0.216 "GET /v2.0/floatingips/c5a0e48a-ba71-4525-956b-152e4509fafe/tags HTTP/1.1" status: 200 len: 227 time: 0.0330086
2026-07-22 23:25:18.513 9 INFO neutron.wsgi [None req-26603504-555f-4f66-8e38-76dbb61a14bc 91421efea30a44f09439db49693c891b fc660d2f5dd7440c8fc724191cd07563 - - - -] 10.0.0.216 "PUT /v2.0/floatingips/c5a0e48a-ba71-4525-956b-152e4509fafe/tags/black.or.white HTTP/1.1" status: 201 len: 201 time: 0.0415595
2026-07-22 23:25:18.545 9 INFO neutron.wsgi [None req-a4fe01ac-c8ec-480c-808d-7dd32b5d42e4 91421efea30a44f09439db49693c891b fc660d2f5dd7440c8fc724191cd07563 - - default default] 10.0.0.216 "GET /v2.0/floatingips/c5a0e48a-ba71-4525-956b-152e4509fafe/tags HTTP/1.1" status: 200 len: 245 time: 0.0279667
2026-07-22 23:25:18.599 9 INFO neutron.wsgi [None req-400ddf2e-bb84-441c-9986-271039ceed17 91421efea30a44f09439db49693c891b fc660d2f5dd7440c8fc724191cd07563 - - - -] 10.0.0.216 "PUT /v2.0/floatingips/c5a0e48a-ba71-4525-956b-152e4509fafe/tags HTTP/1.1" status: 200 len: 230 time: 0.0484953
2026-07-22 23:25:18.634 9 INFO neutron.wsgi [None req-e771d95d-b671-4e96-9cd5-73e2d3fda3f4 91421efea30a44f09439db49693c891b fc660d2f5dd7440c8fc724191cd07563 - - default default] 10.0.0.216 "GET /v2.0/floatingips/c5a0e48a-ba71-4525-956b-152e4509fafe/tags HTTP/1.1" status: 200 len: 230 time: 0.0315447
2026-07-22 23:25:18.667 9 INFO neutron.wsgi [None req-ce2d1bd7-29b5-435e-bc04-48f88d874e17 91421efea30a44f09439db49693c891b fc660d2f5dd7440c8fc724191cd07563 - - default default] 10.0.0.216 "GET /v2.0/floatingips/c5a0e48a-ba71-4525-956b-152e4509fafe/tags/red HTTP/1.1" status: 204 len: 168 time: 0.0281487
2026-07-22 23:25:18.700 9 INFO neutron.api.v2.resource [None req-d2050f43-b7ef-4cb7-9e75-06ce9319dddd 91421efea30a44f09439db49693c891b fc660d2f5dd7440c8fc724191cd07563 - - default default] show failed (client error): The resource could not be found.
2026-07-22 23:25:18.701 9 INFO neutron.wsgi [None req-d2050f43-b7ef-4cb7-9e75-06ce9319dddd 91421efea30a44f09439db49693c891b fc660d2f5dd7440c8fc724191cd07563 - - default default] 10.0.0.216 "GET /v2.0/floatingips/c5a0e48a-ba71-4525-956b-152e4509fafe/tags/green HTTP/1.1" status: 404 len: 299 time: 0.0300426
2026-07-22 23:25:18.746 9 INFO neutron.wsgi [None req-2012eafa-620c-45a7-a5d2-c08242774768 91421efea30a44f09439db49693c891b fc660d2f5dd7440c8fc724191cd07563 - - - -] 10.0.0.216 "DELETE /v2.0/floatingips/c5a0e48a-ba71-4525-956b-152e4509fafe/tags/red HTTP/1.1" status: 204 len: 168 time: 0.0410693
2026-07-22 23:25:18.781 9 INFO neutron.wsgi [None req-0958d80e-88cc-465c-a17b-b6bdc6138d9d 91421efea30a44f09439db49693c891b fc660d2f5dd7440c8fc724191cd07563 - - default default] 10.0.0.216 "GET /v2.0/floatingips/c5a0e48a-ba71-4525-956b-152e4509fafe/tags HTTP/1.1" status: 200 len: 223 time: 0.0301826
2026-07-22 23:25:18.791 10 INFO neutron.wsgi [req-376b7ea5-4d66-49bb-a496-75fb04459181 req-57dc1a60-4115-496e-afd8-f495ffe5158f cf73f69d1f7e49a59cf81fa0f22f15b3 54c749f18dbc43a79f6dd70b33b72377 - - default default] 10.0.0.112 "GET /v2.0/ports?device_id=2d1bba47-c292-4051-ba35-ecb107369df5 HTTP/1.1" status: 200 len: 1367 time: 0.0476174 /var/lib/openstack/lib/python3.10/site-packages/pycadf/identifier.py:71: UserWarning: Invalid uuid: neutron. To ensure interoperability, identifiers should be a valid uuid. warnings.warn(('Invalid uuid: %s. To ensure interoperability, '
2026-07-22 23:25:18.819 9 INFO neutron.api.v2.resource [None req-a9e57e44-265a-4bd6-95f6-b7f984d37052 91421efea30a44f09439db49693c891b fc660d2f5dd7440c8fc724191cd07563 - - - -] delete failed (client error): The resource could not be found.
2026-07-22 23:25:18.820 9 INFO neutron.wsgi [None req-a9e57e44-265a-4bd6-95f6-b7f984d37052 91421efea30a44f09439db49693c891b fc660d2f5dd7440c8fc724191cd07563 - - - -] 10.0.0.216 "DELETE /v2.0/floatingips/c5a0e48a-ba71-4525-956b-152e4509fafe/tags/green HTTP/1.1" status: 404 len: 299 time: 0.0340276
2026-07-22 23:25:18.842 10 INFO neutron.wsgi [req-376b7ea5-4d66-49bb-a496-75fb04459181 req-dc15515c-1321-41c6-9ba6-0734b2494aa3 cf73f69d1f7e49a59cf81fa0f22f15b3 54c749f18dbc43a79f6dd70b33b72377 - - default default] 10.0.0.112 "GET /v2.0/security-groups?id=d7be4c99-1250-4e72-bac6-b32c0177e39e&fields=id&fields=name HTTP/1.1" status: 200 len: 294 time: 0.0370059
2026-07-22 23:25:18.845 10 INFO neutron.db.ovn_revision_numbers_db [None req-61e2e526-4c0c-49a9-be32-b66b70720c75 404045f7f66148ca87b33c3deb64ffac e48df614e2a542a690e1cc22a276933b - - - -] Successfully bumped revision number for resource 5c1679e0-0423-4bab-9bf0-162ffaa4a454 (type: ports) to 2
2026-07-22 23:25:18.856 10 INFO neutron.wsgi [None req-61e2e526-4c0c-49a9-be32-b66b70720c75 404045f7f66148ca87b33c3deb64ffac e48df614e2a542a690e1cc22a276933b - - - -] 199.19.213.74 "PUT /v2.0/ports/5c1679e0-0423-4bab-9bf0-162ffaa4a454 HTTP/1.1" status: 200 len: 1336 time: 0.9734173
2026-07-22 23:25:18.863 9 INFO neutron.wsgi [None req-1c7a1497-c99e-4bb8-8010-a7d514104916 91421efea30a44f09439db49693c891b fc660d2f5dd7440c8fc724191cd07563 - - - -] 10.0.0.216 "DELETE /v2.0/floatingips/c5a0e48a-ba71-4525-956b-152e4509fafe/tags HTTP/1.1" status: 204 len: 168 time: 0.0388086
2026-07-22 23:25:18.889 10 INFO neutron.notifiers.nova [-] Nova event matching ['req-cae54226-8933-4b12-83fc-5344ac7326c4'] response: {'name': 'network-changed', 'server_uuid': '2d1bba47-c292-4051-ba35-ecb107369df5', 'tag': '5c1679e0-0423-4bab-9bf0-162ffaa4a454', 'status': 'completed', 'code': 200}
2026-07-22 23:25:18.898 9 INFO neutron.wsgi [None req-319cbc96-71dd-4adf-b68d-363c89ebf626 91421efea30a44f09439db49693c891b fc660d2f5dd7440c8fc724191cd07563 - - default default] 10.0.0.216 "GET /v2.0/floatingips/c5a0e48a-ba71-4525-956b-152e4509fafe/tags HTTP/1.1" status: 200 len: 205 time: 0.0301247
2026-07-22 23:25:18.926 10 INFO neutron.wsgi [req-f56668f1-7d60-4365-a20a-cc3d5dd94f67 req-46f7ee0f-a50a-4fcc-8c7c-9e86707647d6 404045f7f66148ca87b33c3deb64ffac e48df614e2a542a690e1cc22a276933b - - 5e99659270f44b0f8c46fcb0fc3691df 5e99659270f44b0f8c46fcb0fc3691df] 199.19.213.74 "GET /v2.0/ports?tenant_id=54c749f18dbc43a79f6dd70b33b72377&device_id=2d1bba47-c292-4051-ba35-ecb107369df5 HTTP/1.1" status: 200 len: 1367 time: 0.0295105
2026-07-22 23:25:18.964 10 INFO neutron.wsgi [req-f56668f1-7d60-4365-a20a-cc3d5dd94f67 req-57ba0bff-af31-4211-be58-ad592e5e0ec3 404045f7f66148ca87b33c3deb64ffac e48df614e2a542a690e1cc22a276933b - - 5e99659270f44b0f8c46fcb0fc3691df 5e99659270f44b0f8c46fcb0fc3691df] 199.19.213.74 "GET /v2.0/floatingips?fixed_ip_address=172.24.1.146&port_id=5c1679e0-0423-4bab-9bf0-162ffaa4a454 HTTP/1.1" status: 200 len: 217 time: 0.0302179
2026-07-22 23:25:18.967 9 INFO neutron.wsgi [req-8320f033-1e59-4192-8ea8-8cc473287040 req-c64c4ddd-f151-4e62-9c65-ae28b385e2b2 cf73f69d1f7e49a59cf81fa0f22f15b3 54c749f18dbc43a79f6dd70b33b72377 - - default default] 10.0.0.112 "GET /v2.0/ports?device_id=2d1bba47-c292-4051-ba35-ecb107369df5 HTTP/1.1" status: 200 len: 1367 time: 0.0444400
2026-07-22 23:25:19.004 10 INFO neutron.wsgi [req-f56668f1-7d60-4365-a20a-cc3d5dd94f67 req-04598de5-aff2-4e9f-b2b3-f979a65d38f6 404045f7f66148ca87b33c3deb64ffac e48df614e2a542a690e1cc22a276933b - - 5e99659270f44b0f8c46fcb0fc3691df 5e99659270f44b0f8c46fcb0fc3691df] 199.19.213.74 "GET /v2.0/subnets?id=32de1fd5-0027-4eb7-9bc6-074381fb1714 HTTP/1.1" status: 200 len: 829 time: 0.0316443
2026-07-22 23:25:19.035 10 INFO neutron.wsgi [req-f56668f1-7d60-4365-a20a-cc3d5dd94f67 req-41b2fe11-c80c-4c99-ae70-c6eb57ee4c55 404045f7f66148ca87b33c3deb64ffac e48df614e2a542a690e1cc22a276933b - - 5e99659270f44b0f8c46fcb0fc3691df 5e99659270f44b0f8c46fcb0fc3691df] 199.19.213.74 "GET /v2.0/ports?network_id=7cd5e4f1-edfe-4c36-b14d-f4253fdac274&device_owner=network%3Adhcp HTTP/1.1" status: 200 len: 210 time: 0.0232997
2026-07-22 23:25:19.114 10 INFO neutron.wsgi [req-f56668f1-7d60-4365-a20a-cc3d5dd94f67 req-d63697a2-b2cf-401a-a23b-e01d14633428 404045f7f66148ca87b33c3deb64ffac e48df614e2a542a690e1cc22a276933b - - 5e99659270f44b0f8c46fcb0fc3691df 5e99659270f44b0f8c46fcb0fc3691df] 199.19.213.74 "GET /v2.0/networks/7cd5e4f1-edfe-4c36-b14d-f4253fdac274?fields=segments HTTP/1.1" status: 200 len: 212 time: 0.0707977
2026-07-22 23:25:19.183 10 INFO neutron.wsgi [req-f56668f1-7d60-4365-a20a-cc3d5dd94f67 req-8bd07eae-e080-41ba-ab53-42f742431c54 404045f7f66148ca87b33c3deb64ffac e48df614e2a542a690e1cc22a276933b - - 5e99659270f44b0f8c46fcb0fc3691df 5e99659270f44b0f8c46fcb0fc3691df] 199.19.213.74 "GET /v2.0/networks/7cd5e4f1-edfe-4c36-b14d-f4253fdac274?fields=provider%3Aphysical_network&fields=provider%3Anetwork_type HTTP/1.1" status: 200 len: 277 time: 0.0620759
2026-07-22 23:25:19.285 10 INFO neutron.wsgi [req-74cb26bf-4abf-418f-9afe-f85e21531fdf req-92adc5b8-7b37-4594-98e2-330918979066 404045f7f66148ca87b33c3deb64ffac e48df614e2a542a690e1cc22a276933b - - 5e99659270f44b0f8c46fcb0fc3691df 5e99659270f44b0f8c46fcb0fc3691df] 199.19.213.74 "GET /v2.0/ports?tenant_id=54c749f18dbc43a79f6dd70b33b72377&device_id=2d1bba47-c292-4051-ba35-ecb107369df5 HTTP/1.1" status: 200 len: 1367 time: 0.0425894
2026-07-22 23:25:19.288 9 INFO neutron.wsgi [None req-a57480c9-ac34-46d2-b822-8f5823dcb01c 91421efea30a44f09439db49693c891b fc660d2f5dd7440c8fc724191cd07563 - - - -] 10.0.0.216 "DELETE /v2.0/floatingips/c5a0e48a-ba71-4525-956b-152e4509fafe HTTP/1.1" status: 204 len: 168 time: 0.3864853
2026-07-22 23:25:19.352 10 INFO neutron.wsgi [req-74cb26bf-4abf-418f-9afe-f85e21531fdf req-a76a87f1-75f5-404d-9348-13337fdf1438 404045f7f66148ca87b33c3deb64ffac e48df614e2a542a690e1cc22a276933b - - 5e99659270f44b0f8c46fcb0fc3691df 5e99659270f44b0f8c46fcb0fc3691df] 199.19.213.74 "GET /v2.0/networks?id=7cd5e4f1-edfe-4c36-b14d-f4253fdac274 HTTP/1.1" status: 200 len: 936 time: 0.0580821
2026-07-22 23:25:19.388 10 INFO neutron.wsgi [req-74cb26bf-4abf-418f-9afe-f85e21531fdf req-a06e9166-1e68-44f4-964c-ec3f10c1e99c 404045f7f66148ca87b33c3deb64ffac e48df614e2a542a690e1cc22a276933b - - 5e99659270f44b0f8c46fcb0fc3691df 5e99659270f44b0f8c46fcb0fc3691df] 199.19.213.74 "GET /v2.0/floatingips?fixed_ip_address=172.24.1.146&port_id=5c1679e0-0423-4bab-9bf0-162ffaa4a454 HTTP/1.1" status: 200 len: 217 time: 0.0304103
2026-07-22 23:25:19.394 10 INFO neutron.wsgi [-] 10.0.0.59 "GET / HTTP/1.1" status: 200 len: 246 time: 0.0010331
2026-07-22 23:25:19.394 9 INFO neutron.wsgi [-] 10.0.0.59 "GET / HTTP/1.1" status: 200 len: 246 time: 0.0013354
2026-07-22 23:25:19.404 9 INFO neutron.wsgi [req-e3efeba9-dcaf-4500-9042-ba403b4ece9c req-ac36b5a8-a41d-427d-bbf9-457af7958b43 404045f7f66148ca87b33c3deb64ffac e48df614e2a542a690e1cc22a276933b - - 5e99659270f44b0f8c46fcb0fc3691df 5e99659270f44b0f8c46fcb0fc3691df] 199.19.213.74 "GET /v2.0/ports?device_id=2d1bba47-c292-4051-ba35-ecb107369df5 HTTP/1.1" status: 200 len: 1367 time: 0.0344441
2026-07-22 23:25:19.432 10 INFO neutron.wsgi [req-74cb26bf-4abf-418f-9afe-f85e21531fdf req-40b85f03-dd62-4350-b712-ca6dbd1dc29c 404045f7f66148ca87b33c3deb64ffac e48df614e2a542a690e1cc22a276933b - - 5e99659270f44b0f8c46fcb0fc3691df 5e99659270f44b0f8c46fcb0fc3691df] 199.19.213.74 "GET /v2.0/subnets?id=32de1fd5-0027-4eb7-9bc6-074381fb1714 HTTP/1.1" status: 200 len: 829 time: 0.0346026
2026-07-22 23:25:19.439 9 INFO neutron.wsgi [req-e3efeba9-dcaf-4500-9042-ba403b4ece9c req-1608f52a-97da-45d3-9104-056935aca80a 404045f7f66148ca87b33c3deb64ffac e48df614e2a542a690e1cc22a276933b - - 5e99659270f44b0f8c46fcb0fc3691df 5e99659270f44b0f8c46fcb0fc3691df] 199.19.213.74 "GET /v2.0/security-groups?id=d7be4c99-1250-4e72-bac6-b32c0177e39e&fields=id&fields=name HTTP/1.1" status: 200 len: 294 time: 0.0284219
2026-07-22 23:25:19.459 10 INFO neutron.wsgi [req-74cb26bf-4abf-418f-9afe-f85e21531fdf req-8f286a4f-88b3-4fdd-bb06-6415aa7c658b 404045f7f66148ca87b33c3deb64ffac e48df614e2a542a690e1cc22a276933b - - 5e99659270f44b0f8c46fcb0fc3691df 5e99659270f44b0f8c46fcb0fc3691df] 199.19.213.74 "GET /v2.0/ports?network_id=7cd5e4f1-edfe-4c36-b14d-f4253fdac274&device_owner=network%3Adhcp HTTP/1.1" status: 200 len: 210 time: 0.0208874
2026-07-22 23:25:19.542 9 INFO neutron.plugins.ml2.drivers.ovn.mech_driver.mech_driver [None req-e94773ee-e484-46ec-9ae7-301148bfd26a - - - - - -] OVN reports status up for port: 5c1679e0-0423-4bab-9bf0-162ffaa4a454
2026-07-22 23:25:19.549 10 INFO neutron.wsgi [req-74cb26bf-4abf-418f-9afe-f85e21531fdf req-911eb06d-213d-40ce-957c-f85e90ff784e 404045f7f66148ca87b33c3deb64ffac e48df614e2a542a690e1cc22a276933b - - 5e99659270f44b0f8c46fcb0fc3691df 5e99659270f44b0f8c46fcb0fc3691df] 199.19.213.74 "GET /v2.0/networks/7cd5e4f1-edfe-4c36-b14d-f4253fdac274?fields=segments HTTP/1.1" status: 200 len: 212 time: 0.0786386
2026-07-22 23:25:19.557 9 INFO neutron.plugins.ml2.plugin [None req-e94773ee-e484-46ec-9ae7-301148bfd26a - - - - - -] Attempt 1 to provision port 5c1679e0-0423-4bab-9bf0-162ffaa4a454
2026-07-22 23:25:19.612 10 INFO neutron.wsgi [req-74cb26bf-4abf-418f-9afe-f85e21531fdf req-233fb480-4754-47b4-860e-5f84a78e6e2f 404045f7f66148ca87b33c3deb64ffac e48df614e2a542a690e1cc22a276933b - - 5e99659270f44b0f8c46fcb0fc3691df 5e99659270f44b0f8c46fcb0fc3691df] 199.19.213.74 "GET /v2.0/networks/7cd5e4f1-edfe-4c36-b14d-f4253fdac274?fields=provider%3Aphysical_network&fields=provider%3Anetwork_type HTTP/1.1" status: 200 len: 277 time: 0.0564981
2026-07-22 23:25:19.703 9 INFO neutron.notifiers.nova [-] Nova event matching ['req-ea95a509-258f-4cfb-b88d-34ebc1a7bfbf'] response: {'server_uuid': '2d1bba47-c292-4051-ba35-ecb107369df5', 'name': 'network-vif-plugged', 'status': 'completed', 'tag': '5c1679e0-0423-4bab-9bf0-162ffaa4a454', 'code': 200}
2026-07-22 23:25:19.884 9 INFO neutron.db.ovn_revision_numbers_db [None req-e94773ee-e484-46ec-9ae7-301148bfd26a - - - - - -] Successfully bumped revision number for resource 5c1679e0-0423-4bab-9bf0-162ffaa4a454 (type: ports) to 4
2026-07-22 23:25:20.301 10 INFO neutron.db.ovn_revision_numbers_db [None req-7d005b95-66c0-49b2-bed1-ad7e8fe0d136 cf73f69d1f7e49a59cf81fa0f22f15b3 54c749f18dbc43a79f6dd70b33b72377 - - default default] Successfully bumped revision number for resource 32f7f325-ba36-465d-bf23-ccd03adfe68f (type: security_groups) to 1
2026-07-22 23:25:20.329 10 INFO neutron.wsgi [None req-7d005b95-66c0-49b2-bed1-ad7e8fe0d136 cf73f69d1f7e49a59cf81fa0f22f15b3 54c749f18dbc43a79f6dd70b33b72377 - - default default] 10.0.0.216 "GET /v2.0/security-groups?tenant_id=b69dfd5a060043139f5a2d87978da4c3&name=default HTTP/1.1" status: 200 len: 3000 time: 0.2590337
2026-07-22 23:25:20.538 10 INFO neutron.wsgi [None req-543fc106-d522-42ea-a304-da065b92204a cf73f69d1f7e49a59cf81fa0f22f15b3 54c749f18dbc43a79f6dd70b33b72377 - - - -] 10.0.0.216 "DELETE /v2.0/security-groups/32f7f325-ba36-465d-bf23-ccd03adfe68f HTTP/1.1" status: 204 len: 168 time: 0.2004750
2026-07-22 23:25:20.747 10 INFO neutron.db.ovn_revision_numbers_db [None req-c0fe2a94-691e-46e7-8f58-dedfa0806327 cf73f69d1f7e49a59cf81fa0f22f15b3 54c749f18dbc43a79f6dd70b33b72377 - - default default] Successfully bumped revision number for resource ef1c5a9d-52d3-4a65-b14a-1e712a5b5753 (type: security_groups) to 1
2026-07-22 23:25:20.773 10 INFO neutron.wsgi [None req-c0fe2a94-691e-46e7-8f58-dedfa0806327 cf73f69d1f7e49a59cf81fa0f22f15b3 54c749f18dbc43a79f6dd70b33b72377 - - default default] 10.0.0.216 "GET /v2.0/security-groups?tenant_id=fc660d2f5dd7440c8fc724191cd07563&name=default HTTP/1.1" status: 200 len: 3000 time: 0.1332021
2026-07-22 23:25:20.933 10 INFO neutron.wsgi [None req-54a74866-d548-4daa-97c3-63561797ba3b cf73f69d1f7e49a59cf81fa0f22f15b3 54c749f18dbc43a79f6dd70b33b72377 - - - -] 10.0.0.216 "DELETE /v2.0/security-groups/ef1c5a9d-52d3-4a65-b14a-1e712a5b5753 HTTP/1.1" status: 204 len: 168 time: 0.1559894
2026-07-22 23:25:21.193 10 INFO neutron.wsgi [req-332d418f-6768-4f36-b000-35f2de0ad676 req-f7e64b03-5c5b-4913-992b-ce0fa6b6cb53 cf73f69d1f7e49a59cf81fa0f22f15b3 54c749f18dbc43a79f6dd70b33b72377 - - default default] 10.0.0.112 "GET /v2.0/ports?device_id=2d1bba47-c292-4051-ba35-ecb107369df5 HTTP/1.1" status: 200 len: 1369 time: 0.0288932
2026-07-22 23:25:21.234 10 INFO neutron.wsgi [req-332d418f-6768-4f36-b000-35f2de0ad676 req-d8e7b0da-dc5c-49df-ab2c-4302130347e0 cf73f69d1f7e49a59cf81fa0f22f15b3 54c749f18dbc43a79f6dd70b33b72377 - - default default] 10.0.0.112 "GET /v2.0/security-groups?id=d7be4c99-1250-4e72-bac6-b32c0177e39e&fields=id&fields=name HTTP/1.1" status: 200 len: 294 time: 0.0347626 /var/lib/openstack/lib/python3.10/site-packages/pycadf/identifier.py:71: UserWarning: Invalid uuid: neutron. To ensure interoperability, identifiers should be a valid uuid. warnings.warn(('Invalid uuid: %s. To ensure interoperability, '
2026-07-22 23:25:21.345 9 INFO neutron.wsgi [req-eb61eb03-00c0-43f9-8398-c8f19916ecf4 req-f9669ea1-7f12-45e4-a8f2-f1fbc5a2103f cf73f69d1f7e49a59cf81fa0f22f15b3 54c749f18dbc43a79f6dd70b33b72377 - - default default] 10.0.0.112 "GET /v2.0/ports?device_id=2d1bba47-c292-4051-ba35-ecb107369df5 HTTP/1.1" status: 200 len: 1369 time: 0.0495777
2026-07-22 23:25:21.747 9 INFO neutron.notifiers.nova [-] Nova event matching ['req-1954110e-28bd-450b-b8fa-4a983081eb53'] response: {'server_uuid': '2d1bba47-c292-4051-ba35-ecb107369df5', 'name': 'network-vif-plugged', 'status': 'completed', 'tag': '5c1679e0-0423-4bab-9bf0-162ffaa4a454', 'code': 200}
2026-07-22 23:25:24.470 9 INFO neutron.db.ovn_revision_numbers_db [None req-415d65b5-ab28-470b-87eb-64101efa5d2b cfc6642eb4c04cfd92da55a31e724958 03b38e2cb159427a95cee3ff737816ef - - - -] Successfully bumped revision number for resource 1931932d-c15b-4181-ac09-9e894ac34a87 (type: security_groups) to 1
2026-07-22 23:25:24.529 9 INFO neutron.db.segments_db [None req-415d65b5-ab28-470b-87eb-64101efa5d2b cfc6642eb4c04cfd92da55a31e724958 03b38e2cb159427a95cee3ff737816ef - - - -] Added segment 469e43e6-4ec4-45eb-ac06-0fec179bddfe of type geneve for network 4dfa7005-2644-4ead-87e2-8fcb2ca3f498
2026-07-22 23:25:24.657 9 INFO neutron.db.ovn_revision_numbers_db [None req-415d65b5-ab28-470b-87eb-64101efa5d2b cfc6642eb4c04cfd92da55a31e724958 03b38e2cb159427a95cee3ff737816ef - - - -] Successfully bumped revision number for resource 4dfa7005-2644-4ead-87e2-8fcb2ca3f498 (type: networks) to 1
2026-07-22 23:25:24.842 9 WARNING neutron.scheduler.dhcp_agent_scheduler [None req-415d65b5-ab28-470b-87eb-64101efa5d2b cfc6642eb4c04cfd92da55a31e724958 03b38e2cb159427a95cee3ff737816ef - - - -] No more DHCP agents
2026-07-22 23:25:24.844 9 WARNING neutron.api.rpc.agentnotifiers.dhcp_rpc_agent_api [None req-415d65b5-ab28-470b-87eb-64101efa5d2b cfc6642eb4c04cfd92da55a31e724958 03b38e2cb159427a95cee3ff737816ef - - - -] Unable to schedule network 4dfa7005-2644-4ead-87e2-8fcb2ca3f498: no agents available; will retry on subsequent port and subnet creation events.
2026-07-22 23:25:24.912 9 INFO neutron.db.ovn_revision_numbers_db [None req-415d65b5-ab28-470b-87eb-64101efa5d2b cfc6642eb4c04cfd92da55a31e724958 03b38e2cb159427a95cee3ff737816ef - - - -] Successfully bumped revision number for resource 3d8b0f7c-fda6-4afe-98c7-6f818e7ef0f0 (type: ports) to 1
2026-07-22 23:25:24.935 9 INFO neutron.wsgi [None req-415d65b5-ab28-470b-87eb-64101efa5d2b cfc6642eb4c04cfd92da55a31e724958 03b38e2cb159427a95cee3ff737816ef - - - -] 10.0.0.216 "POST /v2.0/networks HTTP/1.1" status: 201 len: 830 time: 0.7903767
2026-07-22 23:25:25.182 9 WARNING neutron.scheduler.dhcp_agent_scheduler [None req-90f68b3f-c11a-40da-9385-4657c1c1f626 cfc6642eb4c04cfd92da55a31e724958 03b38e2cb159427a95cee3ff737816ef - - - -] No more DHCP agents
2026-07-22 23:25:25.184 9 WARNING neutron.api.rpc.agentnotifiers.dhcp_rpc_agent_api [None req-90f68b3f-c11a-40da-9385-4657c1c1f626 cfc6642eb4c04cfd92da55a31e724958 03b38e2cb159427a95cee3ff737816ef - - - -] Unable to schedule network 4dfa7005-2644-4ead-87e2-8fcb2ca3f498: no agents available; will retry on subsequent port and subnet creation events.
2026-07-22 23:25:25.265 9 INFO neutron.db.ovn_revision_numbers_db [None req-90f68b3f-c11a-40da-9385-4657c1c1f626 cfc6642eb4c04cfd92da55a31e724958 03b38e2cb159427a95cee3ff737816ef - - - -] Successfully bumped revision number for resource 99c7f6e6-8a31-4ef5-8542-85a80ae7bd75 (type: ports) to 1
2026-07-22 23:25:25.294 9 INFO neutron.wsgi [None req-90f68b3f-c11a-40da-9385-4657c1c1f626 cfc6642eb4c04cfd92da55a31e724958 03b38e2cb159427a95cee3ff737816ef - - - -] 10.0.0.216 "POST /v2.0/ports HTTP/1.1" status: 201 len: 942 time: 0.3551550 /var/lib/openstack/lib/python3.10/site-packages/pycadf/identifier.py:71: UserWarning: Invalid uuid: neutron. To ensure interoperability, identifiers should be a valid uuid. warnings.warn(('Invalid uuid: %s. To ensure interoperability, '
2026-07-22 23:25:25.354 9 INFO neutron.wsgi [None req-3380985b-ccb5-4d4c-8f83-f2d6df3212f3 cfc6642eb4c04cfd92da55a31e724958 03b38e2cb159427a95cee3ff737816ef - - - -] 10.0.0.216 "PUT /v2.0/ports/99c7f6e6-8a31-4ef5-8542-85a80ae7bd75/tags HTTP/1.1" status: 200 len: 218 time: 0.0542977
2026-07-22 23:25:25.392 9 INFO neutron.wsgi [None req-5ad6c3e8-f928-46f8-871c-04390fea79ab cfc6642eb4c04cfd92da55a31e724958 03b38e2cb159427a95cee3ff737816ef - - default default] 10.0.0.216 "GET /v2.0/ports/99c7f6e6-8a31-4ef5-8542-85a80ae7bd75/tags HTTP/1.1" status: 200 len: 218 time: 0.0325260
2026-07-22 23:25:25.443 9 INFO neutron.wsgi [None req-a0e40da9-0688-4886-82eb-3890fa743959 cfc6642eb4c04cfd92da55a31e724958 03b38e2cb159427a95cee3ff737816ef - - - -] 10.0.0.216 "PUT /v2.0/ports/99c7f6e6-8a31-4ef5-8542-85a80ae7bd75/tags/green HTTP/1.1" status: 201 len: 201 time: 0.0422168
2026-07-22 23:25:25.474 9 INFO neutron.wsgi [None req-f37c7adb-975a-44c7-a775-df06b30f9402 cfc6642eb4c04cfd92da55a31e724958 03b38e2cb159427a95cee3ff737816ef - - default default] 10.0.0.216 "GET /v2.0/ports/99c7f6e6-8a31-4ef5-8542-85a80ae7bd75/tags HTTP/1.1" status: 200 len: 227 time: 0.0258181
2026-07-22 23:25:25.514 9 INFO neutron.wsgi [None req-32c99fe0-2785-420f-97d6-5cc03c03f95a cfc6642eb4c04cfd92da55a31e724958 03b38e2cb159427a95cee3ff737816ef - - - -] 10.0.0.216 "PUT /v2.0/ports/99c7f6e6-8a31-4ef5-8542-85a80ae7bd75/tags/red HTTP/1.1" status: 201 len: 201 time: 0.0335665
2026-07-22 23:25:25.555 10 INFO neutron.wsgi [None req-f63f399e-402b-4ab1-8b5f-8eb2c52cb9ec cfc6642eb4c04cfd92da55a31e724958 03b38e2cb159427a95cee3ff737816ef - - default default] 10.0.0.216 "GET /v2.0/ports/99c7f6e6-8a31-4ef5-8542-85a80ae7bd75/tags HTTP/1.1" status: 200 len: 227 time: 0.0324109
2026-07-22 23:25:25.605 10 INFO neutron.wsgi [None req-744b21a0-1fa1-49f1-826f-4d73aff02786 cfc6642eb4c04cfd92da55a31e724958 03b38e2cb159427a95cee3ff737816ef - - - -] 10.0.0.216 "PUT /v2.0/ports/99c7f6e6-8a31-4ef5-8542-85a80ae7bd75/tags/black.or.white HTTP/1.1" status: 201 len: 201 time: 0.0451443
2026-07-22 23:25:25.641 10 INFO neutron.wsgi [None req-eae6943b-ac4f-4252-a922-266cd8dfd36d cfc6642eb4c04cfd92da55a31e724958 03b38e2cb159427a95cee3ff737816ef - - default default] 10.0.0.216 "GET /v2.0/ports/99c7f6e6-8a31-4ef5-8542-85a80ae7bd75/tags HTTP/1.1" status: 200 len: 245 time: 0.0312212
2026-07-22 23:25:25.694 10 INFO neutron.wsgi [None req-c46de362-5966-4d83-a704-e21ce84f9e3b cfc6642eb4c04cfd92da55a31e724958 03b38e2cb159427a95cee3ff737816ef - - - -] 10.0.0.216 "PUT /v2.0/ports/99c7f6e6-8a31-4ef5-8542-85a80ae7bd75/tags HTTP/1.1" status: 200 len: 230 time: 0.0482857
