2026-07-17 13:56:41.751 8 INFO neutron.db.ovn_revision_numbers_db [None req-cf627ea9-4c1e-42cf-92b5-c97940ba83cd dbd55c6bf2204c219e16828583539190 c236f4d0323647afbcb29d71ccf49b1e - - default default] Successfully bumped revision number for resource 0b8bb3b8-5c6f-409f-886b-f91057cd0427 (type: security_group_rules) to 0
2026-07-17 13:56:41.767 8 INFO neutron.db.ovn_revision_numbers_db [None req-cf627ea9-4c1e-42cf-92b5-c97940ba83cd dbd55c6bf2204c219e16828583539190 c236f4d0323647afbcb29d71ccf49b1e - - default default] Successfully bumped revision number for resource 7452b0ae-f678-4651-a2df-d503dc6ad8aa (type: security_group_rules) to 0
2026-07-17 13:56:41.781 8 INFO neutron.db.ovn_revision_numbers_db [None req-cf627ea9-4c1e-42cf-92b5-c97940ba83cd dbd55c6bf2204c219e16828583539190 c236f4d0323647afbcb29d71ccf49b1e - - default default] Successfully bumped revision number for resource d235f7e2-02a8-47c0-86d5-84f4a7a62101 (type: security_group_rules) to 0
2026-07-17 13:56:41.792 8 INFO neutron.db.ovn_revision_numbers_db [None req-cf627ea9-4c1e-42cf-92b5-c97940ba83cd dbd55c6bf2204c219e16828583539190 c236f4d0323647afbcb29d71ccf49b1e - - default default] Successfully bumped revision number for resource eea0087f-1985-4509-963f-b5a799d8fae9 (type: security_group_rules) to 0
2026-07-17 13:56:41.870 8 INFO neutron.db.segments_db [None req-cf627ea9-4c1e-42cf-92b5-c97940ba83cd dbd55c6bf2204c219e16828583539190 c236f4d0323647afbcb29d71ccf49b1e - - default default] Added segment 65be234c-bae8-443a-9a45-389dbab869c9 of type geneve for network 29c9d129-f9fd-410f-acf5-fd16eff681fa
2026-07-17 13:56:41.936 7 INFO neutron.plugins.ml2.drivers.ovn.mech_driver.ovsdb.commands [None req-d6415c41-efb1-4782-bd05-58068e911618 - - - - - -] Schedule LRP lrp-9c5e0447-afc7-49b4-a3cd-9cf31a9b6ad2 on gateway 6164d361-60dc-4f72-83bd-6f5343b17d92 with priority 1
2026-07-17 13:56:41.955 7 INFO neutron.plugins.ml2.drivers.ovn.mech_driver.mech_driver [None req-1144a7b7-05fc-4994-a1dd-6b3ecff556b9 - - - - - -] OVN reports status up for port: 9c5e0447-afc7-49b4-a3cd-9cf31a9b6ad2
2026-07-17 13:56:41.985 8 INFO neutron.db.ovn_revision_numbers_db [None req-cf627ea9-4c1e-42cf-92b5-c97940ba83cd dbd55c6bf2204c219e16828583539190 c236f4d0323647afbcb29d71ccf49b1e - - default default] Successfully bumped revision number for resource 29c9d129-f9fd-410f-acf5-fd16eff681fa (type: networks) to 1
2026-07-17 13:56:41.994 7 INFO neutron.plugins.ml2.plugin [None req-1144a7b7-05fc-4994-a1dd-6b3ecff556b9 - - - - - -] Attempt 1 to provision port 9c5e0447-afc7-49b4-a3cd-9cf31a9b6ad2
2026-07-17 13:56:42.022 7 INFO neutron.db.ovn_revision_numbers_db [None req-103fbe5f-bc3a-4d7b-954f-861507854d23 ed927859d0ac42aa8e6132a8506bcce0 120082bb0797481b84bc1412e85613eb - - default default] Successfully bumped revision number for resource 9c5e0447-afc7-49b4-a3cd-9cf31a9b6ad2 (type: router_ports) to 1
2026-07-17 13:56:42.155 7 INFO neutron.db.ovn_revision_numbers_db [None req-103fbe5f-bc3a-4d7b-954f-861507854d23 ed927859d0ac42aa8e6132a8506bcce0 120082bb0797481b84bc1412e85613eb - - default default] Successfully bumped revision number for resource 514090b3-5518-45b6-8855-92f45a268a98 (type: routers) to 2 [pid: 7|app: 0|req: 1216/2562] 10.0.0.162 () {34 vars in 668 bytes} [Fri Jul 17 13:56:40 2026] POST /v2.0/routers => generated 936 bytes in 1594 msecs (HTTP/1.1 201) 4 headers in 162 bytes (1 switches on core 0)
2026-07-17 13:56:42.186 8 WARNING neutron.scheduler.dhcp_agent_scheduler [None req-cf627ea9-4c1e-42cf-92b5-c97940ba83cd dbd55c6bf2204c219e16828583539190 c236f4d0323647afbcb29d71ccf49b1e - - default default] No more DHCP agents
2026-07-17 13:56:42.187 8 WARNING neutron.api.rpc.agentnotifiers.dhcp_rpc_agent_api [None req-cf627ea9-4c1e-42cf-92b5-c97940ba83cd dbd55c6bf2204c219e16828583539190 c236f4d0323647afbcb29d71ccf49b1e - - default default] Unable to schedule network 29c9d129-f9fd-410f-acf5-fd16eff681fa: no agents available; will retry on subsequent port and subnet creation events.
2026-07-17 13:56:42.230 8 INFO neutron.plugins.ml2.drivers.ovn.mech_driver.mech_driver [None req-f38b63dc-a98e-4a76-b5dd-81024d76428b - - - - - -] OVN reports status down for port: 2dd9c56f-9c00-45e4-99fa-02baabc451ee
2026-07-17 13:56:42.297 8 INFO neutron.db.ovn_revision_numbers_db [None req-cf627ea9-4c1e-42cf-92b5-c97940ba83cd dbd55c6bf2204c219e16828583539190 c236f4d0323647afbcb29d71ccf49b1e - - default default] Successfully bumped revision number for resource 2dd9c56f-9c00-45e4-99fa-02baabc451ee (type: ports) to 1
2026-07-17 13:56:42.326 7 INFO neutron_taas.services.taas.taas_plugin [None req-a73d2310-9cd1-4091-b5bf-92d82e4282a5 8b97c6ca23544e669f5ff165d3effff3 140a2b04aa554a4abd1ffaf9a2d07fb9 - - default default] TaaS: Handle Delete Port: 1c79a078-e995-43f8-aeed-29660f0c22ae
2026-07-17 13:56:42.328 7 INFO neutron_taas.services.taas.tap_mirror_plugin [None req-a73d2310-9cd1-4091-b5bf-92d82e4282a5 8b97c6ca23544e669f5ff165d3effff3 140a2b04aa554a4abd1ffaf9a2d07fb9 - - default default] Tap Mirror: Handle Delete Port: 1c79a078-e995-43f8-aeed-29660f0c22ae [pid: 8|app: 0|req: 1347/2563] 10.0.0.162 () {34 vars in 669 bytes} [Fri Jul 17 13:56:41 2026] POST /v2.0/networks => generated 670 bytes in 872 msecs (HTTP/1.1 201) 4 headers in 162 bytes (1 switches on core 0) [pid: 7|app: 0|req: 1217/2564] 10.0.0.162 () {32 vars in 731 bytes} [Fri Jul 17 13:56:42 2026] DELETE /v2.0/floatingips/3d2e9e3b-7c52-46c4-ac81-d6dafee2ff48 => generated 0 bytes in 329 msecs (HTTP/1.1 204) 2 headers in 112 bytes (1 switches on core 0)
2026-07-17 13:56:42.543 8 INFO neutron.db.ovn_revision_numbers_db [None req-180594ae-5d8d-4774-8414-c99a80df39fa 700c5708a4a74e40a8c63d598a94a2f5 3f031fc26c6b462b878b51ea6f948af7 - - default default] Successfully bumped revision number for resource 9ce2822b-8f6a-4cec-a3ea-151a98666e25 (type: security_groups) to 1
2026-07-17 13:56:42.557 8 INFO neutron.db.ovn_revision_numbers_db [None req-180594ae-5d8d-4774-8414-c99a80df39fa 700c5708a4a74e40a8c63d598a94a2f5 3f031fc26c6b462b878b51ea6f948af7 - - default default] Successfully bumped revision number for resource 02c95b9e-1495-4f84-9462-5ab70c06b231 (type: security_group_rules) to 0
2026-07-17 13:56:42.568 8 INFO neutron.db.ovn_revision_numbers_db [None req-180594ae-5d8d-4774-8414-c99a80df39fa 700c5708a4a74e40a8c63d598a94a2f5 3f031fc26c6b462b878b51ea6f948af7 - - default default] Successfully bumped revision number for resource 3cde5991-38dc-411d-b01f-28f471d98340 (type: security_group_rules) to 0
2026-07-17 13:56:42.580 8 INFO neutron.db.ovn_revision_numbers_db [None req-180594ae-5d8d-4774-8414-c99a80df39fa 700c5708a4a74e40a8c63d598a94a2f5 3f031fc26c6b462b878b51ea6f948af7 - - default default] Successfully bumped revision number for resource 5ca251fb-e896-4e9f-b1a5-fb6c387b4d0b (type: security_group_rules) to 0
2026-07-17 13:56:42.591 8 INFO neutron.db.ovn_revision_numbers_db [None req-180594ae-5d8d-4774-8414-c99a80df39fa 700c5708a4a74e40a8c63d598a94a2f5 3f031fc26c6b462b878b51ea6f948af7 - - default default] Successfully bumped revision number for resource d4385972-a486-43da-bccf-bb2c4cad336f (type: security_group_rules) to 0
2026-07-17 13:56:42.668 8 INFO neutron.db.segments_db [None req-180594ae-5d8d-4774-8414-c99a80df39fa 700c5708a4a74e40a8c63d598a94a2f5 3f031fc26c6b462b878b51ea6f948af7 - - default default] Added segment 6158c09b-556a-41a8-ada8-b16263446d1e of type geneve for network 1c292cc3-50cb-40c1-88ae-dd659913f6c4
2026-07-17 13:56:42.779 8 INFO neutron.db.ovn_revision_numbers_db [None req-180594ae-5d8d-4774-8414-c99a80df39fa 700c5708a4a74e40a8c63d598a94a2f5 3f031fc26c6b462b878b51ea6f948af7 - - default default] Successfully bumped revision number for resource 1c292cc3-50cb-40c1-88ae-dd659913f6c4 (type: networks) to 1
2026-07-17 13:56:42.971 8 WARNING neutron.scheduler.dhcp_agent_scheduler [None req-180594ae-5d8d-4774-8414-c99a80df39fa 700c5708a4a74e40a8c63d598a94a2f5 3f031fc26c6b462b878b51ea6f948af7 - - default default] No more DHCP agents
2026-07-17 13:56:42.972 8 WARNING neutron.api.rpc.agentnotifiers.dhcp_rpc_agent_api [None req-180594ae-5d8d-4774-8414-c99a80df39fa 700c5708a4a74e40a8c63d598a94a2f5 3f031fc26c6b462b878b51ea6f948af7 - - default default] Unable to schedule network 1c292cc3-50cb-40c1-88ae-dd659913f6c4: no agents available; will retry on subsequent port and subnet creation events.
2026-07-17 13:56:43.050 7 WARNING neutron.scheduler.dhcp_agent_scheduler [None req-ff405f7e-ef8c-406d-8f17-cebb3d6f0fbf ed927859d0ac42aa8e6132a8506bcce0 120082bb0797481b84bc1412e85613eb - - default default] No more DHCP agents
2026-07-17 13:56:43.050 8 INFO neutron.plugins.ml2.drivers.ovn.mech_driver.mech_driver [None req-f38b63dc-a98e-4a76-b5dd-81024d76428b - - - - - -] OVN reports status down for port: 53a36cbb-d340-4335-874f-6719c195dbc5
2026-07-17 13:56:43.051 7 WARNING neutron.api.rpc.agentnotifiers.dhcp_rpc_agent_api [None req-ff405f7e-ef8c-406d-8f17-cebb3d6f0fbf ed927859d0ac42aa8e6132a8506bcce0 120082bb0797481b84bc1412e85613eb - - default default] Unable to schedule network 49a5e40b-9148-46f6-a52d-74267f0f6ea1: no agents available; will retry on subsequent port and subnet creation events.
2026-07-17 13:56:43.107 8 INFO neutron.db.ovn_revision_numbers_db [None req-180594ae-5d8d-4774-8414-c99a80df39fa 700c5708a4a74e40a8c63d598a94a2f5 3f031fc26c6b462b878b51ea6f948af7 - - default default] Successfully bumped revision number for resource 53a36cbb-d340-4335-874f-6719c195dbc5 (type: ports) to 1 [pid: 8|app: 0|req: 1348/2565] 10.0.0.162 () {34 vars in 669 bytes} [Fri Jul 17 13:56:42 2026] POST /v2.0/networks => generated 669 bytes in 833 msecs (HTTP/1.1 201) 4 headers in 162 bytes (1 switches on core 0)
2026-07-17 13:56:43.220 7 INFO neutron.db.ovn_revision_numbers_db [None req-ff405f7e-ef8c-406d-8f17-cebb3d6f0fbf ed927859d0ac42aa8e6132a8506bcce0 120082bb0797481b84bc1412e85613eb - - default default] Successfully bumped revision number for resource 0d665208-f316-4d0c-bbd7-be064ece0888 (type: ports) to 1
2026-07-17 13:56:43.405 8 WARNING neutron.scheduler.dhcp_agent_scheduler [None req-9011ed3a-691b-45ff-9685-1406b4265d49 dbd55c6bf2204c219e16828583539190 c236f4d0323647afbcb29d71ccf49b1e - - default default] No more DHCP agents
2026-07-17 13:56:43.406 8 WARNING neutron.api.rpc.agentnotifiers.dhcp_rpc_agent_api [None req-9011ed3a-691b-45ff-9685-1406b4265d49 dbd55c6bf2204c219e16828583539190 c236f4d0323647afbcb29d71ccf49b1e - - default default] Unable to schedule network 29c9d129-f9fd-410f-acf5-fd16eff681fa: no agents available; will retry on subsequent port and subnet creation events.
2026-07-17 13:56:43.844 8 INFO neutron.db.ovn_revision_numbers_db [None req-92361e19-6a2c-4a94-bbc4-5015296d5886 - - - - - -] Successfully bumped revision number for resource 2dd9c56f-9c00-45e4-99fa-02baabc451ee (type: ports) to 2
2026-07-17 13:56:43.890 8 INFO neutron.db.ovn_revision_numbers_db [None req-92361e19-6a2c-4a94-bbc4-5015296d5886 - - - - - -] Successfully bumped revision number for resource ed3ff30c-5517-4561-902f-39cd0e042624 (type: subnets) to 0 [pid: 8|app: 0|req: 1349/2566] 10.0.0.162 () {34 vars in 668 bytes} [Fri Jul 17 13:56:43 2026] POST /v2.0/subnets => generated 626 bytes in 726 msecs (HTTP/1.1 201) 4 headers in 162 bytes (1 switches on core 0)
2026-07-17 13:56:43.957 7 WARNING neutron.scheduler.dhcp_agent_scheduler [None req-ff405f7e-ef8c-406d-8f17-cebb3d6f0fbf ed927859d0ac42aa8e6132a8506bcce0 120082bb0797481b84bc1412e85613eb - - default default] No more DHCP agents
2026-07-17 13:56:43.958 7 WARNING neutron.api.rpc.agentnotifiers.dhcp_rpc_agent_api [None req-ff405f7e-ef8c-406d-8f17-cebb3d6f0fbf ed927859d0ac42aa8e6132a8506bcce0 120082bb0797481b84bc1412e85613eb - - default default] Unable to schedule network 49a5e40b-9148-46f6-a52d-74267f0f6ea1: no agents available; will retry on subsequent port and subnet creation events.
2026-07-17 13:56:44.080 8 INFO neutron_taas.services.taas.taas_plugin [None req-1fe14a0d-7493-4edb-b738-91d9cb335349 8b97c6ca23544e669f5ff165d3effff3 140a2b04aa554a4abd1ffaf9a2d07fb9 - - default default] TaaS: Handle Delete Port: c5fdf61e-51ed-4173-819a-b733daa665ce
2026-07-17 13:56:44.083 8 INFO neutron_taas.services.taas.tap_mirror_plugin [None req-1fe14a0d-7493-4edb-b738-91d9cb335349 8b97c6ca23544e669f5ff165d3effff3 140a2b04aa554a4abd1ffaf9a2d07fb9 - - default default] Tap Mirror: Handle Delete Port: c5fdf61e-51ed-4173-819a-b733daa665ce [pid: 8|app: 0|req: 1350/2567] 10.0.0.162 () {32 vars in 731 bytes} [Fri Jul 17 13:56:43 2026] DELETE /v2.0/floatingips/32d9b6ad-9661-40de-b3a9-a02c9ad39922 => generated 0 bytes in 333 msecs (HTTP/1.1 204) 2 headers in 112 bytes (1 switches on core 0)
2026-07-17 13:56:44.348 8 INFO neutron.db.segments_db [None req-db125144-29bc-4482-aba0-3fe52c2e3887 700c5708a4a74e40a8c63d598a94a2f5 3f031fc26c6b462b878b51ea6f948af7 - - default default] Added segment cb17f45e-da60-4d3b-bb48-d9599c94c50a of type geneve for network 9def4f91-0d07-4b51-b763-49b5a5e13f12
2026-07-17 13:56:44.372 7 INFO neutron.db.ovn_revision_numbers_db [None req-ff405f7e-ef8c-406d-8f17-cebb3d6f0fbf ed927859d0ac42aa8e6132a8506bcce0 120082bb0797481b84bc1412e85613eb - - default default] Successfully bumped revision number for resource 0d665208-f316-4d0c-bbd7-be064ece0888 (type: router_ports) to 1 [pid: 7|app: 0|req: 1218/2570] 10.0.0.162 () {34 vars in 782 bytes} [Fri Jul 17 13:56:42 2026] PUT /v2.0/routers/514090b3-5518-45b6-8855-92f45a268a98/add_router_interface => generated 309 bytes in 1874 msecs (HTTP/1.1 200) 4 headers in 157 bytes (1 switches on core 0) [pid: 7|app: 0|req: 1219/2571] 10.0.0.162 () {34 vars in 750 bytes} [Fri Jul 17 13:56:44 2026] PUT /v2.0/subnets/ed3ff30c-5517-4561-902f-39cd0e042624/tags => generated 25 bytes in 56 msecs (HTTP/1.1 200) 4 headers in 156 bytes (1 switches on core 0)
2026-07-17 13:56:44.470 8 INFO neutron.db.ovn_revision_numbers_db [None req-db125144-29bc-4482-aba0-3fe52c2e3887 700c5708a4a74e40a8c63d598a94a2f5 3f031fc26c6b462b878b51ea6f948af7 - - default default] Successfully bumped revision number for resource 9def4f91-0d07-4b51-b763-49b5a5e13f12 (type: networks) to 1
2026-07-17 13:56:44.568 7 INFO neutron_taas.services.taas.taas_plugin [None req-31c2fb09-627a-48ee-aea3-76e053d742a0 8b97c6ca23544e669f5ff165d3effff3 140a2b04aa554a4abd1ffaf9a2d07fb9 - - default default] TaaS: Handle Delete Port: 27296cd1-ae9d-46d4-8613-0dd9c9bfc237
2026-07-17 13:56:44.571 7 INFO neutron_taas.services.taas.tap_mirror_plugin [None req-31c2fb09-627a-48ee-aea3-76e053d742a0 8b97c6ca23544e669f5ff165d3effff3 140a2b04aa554a4abd1ffaf9a2d07fb9 - - default default] Tap Mirror: Handle Delete Port: 27296cd1-ae9d-46d4-8613-0dd9c9bfc237
2026-07-17 13:56:44.632 8 WARNING neutron.scheduler.dhcp_agent_scheduler [None req-db125144-29bc-4482-aba0-3fe52c2e3887 700c5708a4a74e40a8c63d598a94a2f5 3f031fc26c6b462b878b51ea6f948af7 - - default default] No more DHCP agents
2026-07-17 13:56:44.634 8 WARNING neutron.api.rpc.agentnotifiers.dhcp_rpc_agent_api [None req-db125144-29bc-4482-aba0-3fe52c2e3887 700c5708a4a74e40a8c63d598a94a2f5 3f031fc26c6b462b878b51ea6f948af7 - - default default] Unable to schedule network 9def4f91-0d07-4b51-b763-49b5a5e13f12: no agents available; will retry on subsequent port and subnet creation events.
2026-07-17 13:56:44.700 8 INFO neutron.db.ovn_revision_numbers_db [None req-db125144-29bc-4482-aba0-3fe52c2e3887 700c5708a4a74e40a8c63d598a94a2f5 3f031fc26c6b462b878b51ea6f948af7 - - default default] Successfully bumped revision number for resource 8c4b1716-d866-47f6-984d-3d94f7a04cc1 (type: ports) to 1 [pid: 8|app: 0|req: 1353/2572] 10.0.0.162 () {34 vars in 669 bytes} [Fri Jul 17 13:56:44 2026] POST /v2.0/networks => generated 670 bytes in 477 msecs (HTTP/1.1 201) 4 headers in 162 bytes (1 switches on core 0) [pid: 7|app: 0|req: 1220/2573] 10.0.0.162 () {32 vars in 731 bytes} [Fri Jul 17 13:56:44 2026] DELETE /v2.0/floatingips/912c0862-a74b-4c99-932b-d6d31fa16be7 => generated 0 bytes in 311 msecs (HTTP/1.1 204) 2 headers in 112 bytes (1 switches on core 0) [pid: 7|app: 0|req: 1221/2574] 10.0.0.162 () {32 vars in 730 bytes} [Fri Jul 17 13:56:44 2026] GET /v2.0/subnets/ed3ff30c-5517-4561-902f-39cd0e042624/tags => generated 25 bytes in 43 msecs (HTTP/1.1 200) 4 headers in 156 bytes (1 switches on core 0) [pid: 7|app: 0|req: 1222/2575] 10.0.0.162 () {34 vars in 752 bytes} [Fri Jul 17 13:56:44 2026] PUT /v2.0/networks/1c292cc3-50cb-40c1-88ae-dd659913f6c4/tags => generated 25 bytes in 55 msecs (HTTP/1.1 200) 4 headers in 156 bytes (1 switches on core 0)
2026-07-17 13:56:44.972 7 INFO neutron_taas.services.taas.taas_plugin [None req-b3a0f6ce-92b5-464c-ab38-5d7ed6c5e15a 8b97c6ca23544e669f5ff165d3effff3 140a2b04aa554a4abd1ffaf9a2d07fb9 - - default default] TaaS: Handle Delete Port: 39bbff97-c728-4dea-809f-9ecd06655c28
2026-07-17 13:56:44.976 7 INFO neutron_taas.services.taas.tap_mirror_plugin [None req-b3a0f6ce-92b5-464c-ab38-5d7ed6c5e15a 8b97c6ca23544e669f5ff165d3effff3 140a2b04aa554a4abd1ffaf9a2d07fb9 - - default default] Tap Mirror: Handle Delete Port: 39bbff97-c728-4dea-809f-9ecd06655c28 [pid: 7|app: 0|req: 1223/2576] 10.0.0.162 () {32 vars in 731 bytes} [Fri Jul 17 13:56:44 2026] DELETE /v2.0/floatingips/82e1d242-fb43-424a-be2d-d671199bb4a6 => generated 0 bytes in 354 msecs (HTTP/1.1 204) 2 headers in 112 bytes (1 switches on core 0) [pid: 7|app: 0|req: 1224/2577] 10.0.0.162 () {34 vars in 761 bytes} [Fri Jul 17 13:56:45 2026] PUT /v2.0/subnets/ed3ff30c-5517-4561-902f-39cd0e042624/tags/green => generated 4 bytes in 83 msecs (HTTP/1.1 201) 4 headers in 160 bytes (1 switches on core 0) [pid: 7|app: 0|req: 1225/2578] 10.0.0.162 () {32 vars in 732 bytes} [Fri Jul 17 13:56:45 2026] GET /v2.0/networks/1c292cc3-50cb-40c1-88ae-dd659913f6c4/tags => generated 25 bytes in 67 msecs (HTTP/1.1 200) 4 headers in 156 bytes (1 switches on core 0) [pid: 7|app: 0|req: 1226/2579] 10.0.0.162 () {32 vars in 730 bytes} [Fri Jul 17 13:56:45 2026] GET /v2.0/subnets/ed3ff30c-5517-4561-902f-39cd0e042624/tags => generated 34 bytes in 35 msecs (HTTP/1.1 200) 4 headers in 156 bytes (1 switches on core 0) [pid: 7|app: 0|req: 1227/2580] 10.0.0.162 () {34 vars in 752 bytes} [Fri Jul 17 13:56:45 2026] PUT /v2.0/networks/9def4f91-0d07-4b51-b763-49b5a5e13f12/tags => generated 17 bytes in 54 msecs (HTTP/1.1 200) 4 headers in 156 bytes (1 switches on core 0) [pid: 7|app: 0|req: 1228/2581] 10.0.0.162 () {34 vars in 757 bytes} [Fri Jul 17 13:56:45 2026] PUT /v2.0/subnets/ed3ff30c-5517-4561-902f-39cd0e042624/tags/red => generated 4 bytes in 51 msecs (HTTP/1.1 201) 4 headers in 160 bytes (1 switches on core 0) [pid: 7|app: 0|req: 1229/2582] 10.0.0.162 () {32 vars in 732 bytes} [Fri Jul 17 13:56:45 2026] GET /v2.0/networks/9def4f91-0d07-4b51-b763-49b5a5e13f12/tags => generated 17 bytes in 57 msecs (HTTP/1.1 200) 4 headers in 156 bytes (1 switches on core 0) [pid: 7|app: 0|req: 1230/2583] 10.0.0.162 () {32 vars in 730 bytes} [Fri Jul 17 13:56:45 2026] GET /v2.0/subnets/ed3ff30c-5517-4561-902f-39cd0e042624/tags => generated 34 bytes in 41 msecs (HTTP/1.1 200) 4 headers in 156 bytes (1 switches on core 0) [pid: 7|app: 0|req: 1231/2584] 10.0.0.162 () {34 vars in 752 bytes} [Fri Jul 17 13:56:45 2026] PUT /v2.0/networks/9def4f91-0d07-4b51-b763-49b5a5e13f12/tags => generated 12 bytes in 66 msecs (HTTP/1.1 200) 4 headers in 156 bytes (1 switches on core 0) [pid: 7|app: 0|req: 1232/2585] 10.0.0.162 () {34 vars in 779 bytes} [Fri Jul 17 13:56:45 2026] PUT /v2.0/subnets/ed3ff30c-5517-4561-902f-39cd0e042624/tags/black.or.white => generated 4 bytes in 74 msecs (HTTP/1.1 201) 4 headers in 160 bytes (1 switches on core 0) [pid: 7|app: 0|req: 1233/2586] 10.0.0.162 () {32 vars in 732 bytes} [Fri Jul 17 13:56:45 2026] GET /v2.0/networks/9def4f91-0d07-4b51-b763-49b5a5e13f12/tags => generated 12 bytes in 53 msecs (HTTP/1.1 200) 4 headers in 156 bytes (1 switches on core 0) [pid: 7|app: 0|req: 1234/2587] 10.0.0.162 () {32 vars in 730 bytes} [Fri Jul 17 13:56:45 2026] GET /v2.0/subnets/ed3ff30c-5517-4561-902f-39cd0e042624/tags => generated 52 bytes in 40 msecs (HTTP/1.1 200) 4 headers in 156 bytes (1 switches on core 0) [pid: 7|app: 0|req: 1235/2588] 10.0.0.162 () {32 vars in 732 bytes} [Fri Jul 17 13:56:45 2026] GET /v2.0/networks/1c292cc3-50cb-40c1-88ae-dd659913f6c4/tags => generated 25 bytes in 42 msecs (HTTP/1.1 200) 4 headers in 156 bytes (1 switches on core 0)
2026-07-17 13:56:45.922 8 WARNING neutron.scheduler.dhcp_agent_scheduler [None req-734b9df2-562d-4e4f-91d0-cb2d412fbf3e - - - - - -] No more DHCP agents
2026-07-17 13:56:45.924 8 WARNING neutron.api.rpc.agentnotifiers.dhcp_rpc_agent_api [None req-734b9df2-562d-4e4f-91d0-cb2d412fbf3e - - - - - -] Unable to schedule network f9e46c24-2e3d-4209-ba33-87e7412532be: no agents available; will retry on subsequent port and subnet creation events. [pid: 7|app: 0|req: 1236/2589] 10.0.0.162 () {34 vars in 750 bytes} [Fri Jul 17 13:56:45 2026] PUT /v2.0/subnets/ed3ff30c-5517-4561-902f-39cd0e042624/tags => generated 37 bytes in 52 msecs (HTTP/1.1 200) 4 headers in 156 bytes (1 switches on core 0)
2026-07-17 13:56:46.099 7 INFO neutron_taas.services.taas.taas_plugin [None req-deabf293-dade-4e73-9369-86c0b6f3742d 700c5708a4a74e40a8c63d598a94a2f5 3f031fc26c6b462b878b51ea6f948af7 - - default default] TaaS: Handle Delete Port: 53a36cbb-d340-4335-874f-6719c195dbc5
2026-07-17 13:56:46.100 8 INFO neutron.db.ovn_revision_numbers_db [None req-734b9df2-562d-4e4f-91d0-cb2d412fbf3e - - - - - -] Successfully bumped revision number for resource 8bdffbf2-16b4-4053-bc1f-3b62e1c4eac6 (type: ports) to 1
2026-07-17 13:56:46.102 7 INFO neutron_taas.services.taas.tap_mirror_plugin [None req-deabf293-dade-4e73-9369-86c0b6f3742d 700c5708a4a74e40a8c63d598a94a2f5 3f031fc26c6b462b878b51ea6f948af7 - - default default] Tap Mirror: Handle Delete Port: 53a36cbb-d340-4335-874f-6719c195dbc5
2026-07-17 13:56:46.295 7 INFO neutron.services.segments.plugin [-] Segment 6158c09b-556a-41a8-ada8-b16263446d1e resource provider aggregate not found
2026-07-17 13:56:46.300 7 INFO neutron.services.segments.plugin [-] Segment 6158c09b-556a-41a8-ada8-b16263446d1e resource provider aggregate not found
2026-07-17 13:56:46.314 7 INFO neutron.services.segments.plugin [-] Client error retrieving segment 6158c09b-556a-41a8-ada8-b16263446d1e resource provider; error: Placement Client Error (4xx): {"errors": [{"status": 404, "title": "Not Found", "detail": "The resource could not be found.\n\n No resource provider with uuid 6158c09b-556a-41a8-ada8-b16263446d1e found for delete ", "request_id": "req-7d27d8a0-5848-4ddd-803f-8597edb09bc4"}]}
2026-07-17 13:56:46.319 7 INFO neutron.services.segments.plugin [-] Client error retrieving segment 6158c09b-556a-41a8-ada8-b16263446d1e resource provider; error: Placement Client Error (4xx): {"errors": [{"status": 404, "title": "Not Found", "detail": "The resource could not be found.\n\n No resource provider with uuid 6158c09b-556a-41a8-ada8-b16263446d1e found for delete ", "request_id": "req-0a6d85d3-d8f2-4188-abfb-e5777ce44b10"}]} [pid: 7|app: 0|req: 1237/2590] 10.0.0.162 () {32 vars in 725 bytes} [Fri Jul 17 13:56:45 2026] DELETE /v2.0/networks/1c292cc3-50cb-40c1-88ae-dd659913f6c4 => generated 0 bytes in 442 msecs (HTTP/1.1 204) 3 headers in 131 bytes (1 switches on core 0)
2026-07-17 13:56:46.380 8 INFO neutron.db.ovn_revision_numbers_db [None req-734b9df2-562d-4e4f-91d0-cb2d412fbf3e - - - - - -] Successfully bumped revision number for resource 8bdffbf2-16b4-4053-bc1f-3b62e1c4eac6 (type: ports) to 3 [pid: 7|app: 0|req: 1238/2591] 10.0.0.162 () {32 vars in 730 bytes} [Fri Jul 17 13:56:46 2026] GET /v2.0/subnets/ed3ff30c-5517-4561-902f-39cd0e042624/tags => generated 37 bytes in 45 msecs (HTTP/1.1 200) 4 headers in 156 bytes (1 switches on core 0)
2026-07-17 13:56:46.454 8 INFO neutron.db.segments_db [None req-734b9df2-562d-4e4f-91d0-cb2d412fbf3e - - - - - -] Added segment edae2dd7-2393-4c0f-88b7-a2fbad6530f4 of type geneve for network 4909a51b-0c98-4f5c-9e08-6a21f861f93f
2026-07-17 13:56:46.573 8 INFO neutron.db.ovn_revision_numbers_db [None req-043bb299-1414-4b10-8073-f93a4421d8ca - - - - - -] Successfully bumped revision number for resource 4909a51b-0c98-4f5c-9e08-6a21f861f93f (type: networks) to 1
2026-07-17 13:56:46.689 7 INFO neutron.db.ovn_revision_numbers_db [None req-4134a333-e2c5-4652-8d50-ab459bee1468 ed3e97af1b704792b1ac3de856873f7b 7de33ca4ce6f4899a96265cad6d88b22 - - default default] Successfully bumped revision number for resource d98a4404-9411-41d5-b025-32f2481eb008 (type: security_groups) to 1
2026-07-17 13:56:46.702 7 INFO neutron.db.ovn_revision_numbers_db [None req-4134a333-e2c5-4652-8d50-ab459bee1468 ed3e97af1b704792b1ac3de856873f7b 7de33ca4ce6f4899a96265cad6d88b22 - - default default] Successfully bumped revision number for resource 43e19b9c-19fb-42f9-80f3-511df9d97a79 (type: security_group_rules) to 0
2026-07-17 13:56:46.715 7 INFO neutron.db.ovn_revision_numbers_db [None req-4134a333-e2c5-4652-8d50-ab459bee1468 ed3e97af1b704792b1ac3de856873f7b 7de33ca4ce6f4899a96265cad6d88b22 - - default default] Successfully bumped revision number for resource 52ab2f55-e0a1-459c-8a93-2f6967941d8e (type: security_group_rules) to 0
2026-07-17 13:56:46.727 7 INFO neutron.db.ovn_revision_numbers_db [None req-4134a333-e2c5-4652-8d50-ab459bee1468 ed3e97af1b704792b1ac3de856873f7b 7de33ca4ce6f4899a96265cad6d88b22 - - default default] Successfully bumped revision number for resource 5d3157a1-707d-4f49-b634-e699bbc403ee (type: security_group_rules) to 0
2026-07-17 13:56:46.738 7 INFO neutron.db.ovn_revision_numbers_db [None req-4134a333-e2c5-4652-8d50-ab459bee1468 ed3e97af1b704792b1ac3de856873f7b 7de33ca4ce6f4899a96265cad6d88b22 - - default default] Successfully bumped revision number for resource 75575049-03d6-47f6-9027-056a6990e1d8 (type: security_group_rules) to 0
2026-07-17 13:56:46.750 8 WARNING neutron.scheduler.dhcp_agent_scheduler [None req-043bb299-1414-4b10-8073-f93a4421d8ca - - - - - -] No more DHCP agents
2026-07-17 13:56:46.752 8 WARNING neutron.api.rpc.agentnotifiers.dhcp_rpc_agent_api [None req-043bb299-1414-4b10-8073-f93a4421d8ca - - - - - -] Unable to schedule network 4909a51b-0c98-4f5c-9e08-6a21f861f93f: no agents available; will retry on subsequent port and subnet creation events. [pid: 7|app: 0|req: 1239/2592] 10.0.0.162 () {32 vars in 773 bytes} [Fri Jul 17 13:56:46 2026] GET /v2.0/security-groups?tenant_id=140a2b04aa554a4abd1ffaf9a2d07fb9&name=default => generated 2929 bytes in 367 msecs (HTTP/1.1 200) 4 headers in 158 bytes (1 switches on core 0)
2026-07-17 13:56:46.832 8 INFO neutron.db.ovn_revision_numbers_db [None req-043bb299-1414-4b10-8073-f93a4421d8ca - - - - - -] Successfully bumped revision number for resource 7d4e7b9f-5699-4b36-b03a-f6aa51918127 (type: ports) to 1
2026-07-17 13:56:46.917 7 INFO neutron_taas.services.taas.taas_plugin [None req-70ba243a-6482-4444-a9f5-172333afcc40 700c5708a4a74e40a8c63d598a94a2f5 3f031fc26c6b462b878b51ea6f948af7 - - default default] TaaS: Handle Delete Port: 8c4b1716-d866-47f6-984d-3d94f7a04cc1
2026-07-17 13:56:46.921 7 INFO neutron_taas.services.taas.tap_mirror_plugin [None req-70ba243a-6482-4444-a9f5-172333afcc40 700c5708a4a74e40a8c63d598a94a2f5 3f031fc26c6b462b878b51ea6f948af7 - - default default] Tap Mirror: Handle Delete Port: 8c4b1716-d866-47f6-984d-3d94f7a04cc1
2026-07-17 13:56:46.959 8 WARNING neutron.scheduler.dhcp_agent_scheduler [None req-043bb299-1414-4b10-8073-f93a4421d8ca - - - - - -] No more DHCP agents
2026-07-17 13:56:46.961 8 WARNING neutron.api.rpc.agentnotifiers.dhcp_rpc_agent_api [None req-043bb299-1414-4b10-8073-f93a4421d8ca - - - - - -] Unable to schedule network 4909a51b-0c98-4f5c-9e08-6a21f861f93f: no agents available; will retry on subsequent port and subnet creation events.
2026-07-17 13:56:46.985 8 INFO neutron.db.ovn_revision_numbers_db [None req-043bb299-1414-4b10-8073-f93a4421d8ca - - - - - -] Successfully bumped revision number for resource cfadfec9-defd-4db2-836f-33fa35a4ab58 (type: subnets) to 0 [pid: 7|app: 0|req: 1240/2593] 10.0.0.162 () {32 vars in 725 bytes} [Fri Jul 17 13:56:46 2026] DELETE /v2.0/networks/9def4f91-0d07-4b51-b763-49b5a5e13f12 => generated 0 bytes in 404 msecs (HTTP/1.1 204) 3 headers in 131 bytes (1 switches on core 0) [pid: 7|app: 0|req: 1241/2594] 10.0.0.162 () {32 vars in 738 bytes} [Fri Jul 17 13:56:47 2026] GET /v2.0/subnets/ed3ff30c-5517-4561-902f-39cd0e042624/tags/red => generated 0 bytes in 52 msecs (HTTP/1.1 204) 2 headers in 112 bytes (1 switches on core 0)
2026-07-17 13:56:47.441 8 WARNING neutron.scheduler.dhcp_agent_scheduler [None req-043bb299-1414-4b10-8073-f93a4421d8ca - - - - - -] No more DHCP agents
2026-07-17 13:56:47.442 8 WARNING neutron.api.rpc.agentnotifiers.dhcp_rpc_agent_api [None req-043bb299-1414-4b10-8073-f93a4421d8ca - - - - - -] Unable to schedule network 4909a51b-0c98-4f5c-9e08-6a21f861f93f: no agents available; will retry on subsequent port and subnet creation events. [pid: 7|app: 0|req: 1242/2595] 10.0.0.162 () {32 vars in 739 bytes} [Fri Jul 17 13:56:47 2026] DELETE /v2.0/security-groups/d98a4404-9411-41d5-b025-32f2481eb008 => generated 0 bytes in 224 msecs (HTTP/1.1 204) 2 headers in 112 bytes (1 switches on core 0)
2026-07-17 13:56:47.502 7 INFO neutron.api.v2.resource [None req-6983c1c7-3b2a-4964-9ae8-4eaadd702004 dbd55c6bf2204c219e16828583539190 c236f4d0323647afbcb29d71ccf49b1e - - default default] show failed (client error): The resource could not be found. [pid: 7|app: 0|req: 1243/2596] 10.0.0.162 () {32 vars in 742 bytes} [Fri Jul 17 13:56:47 2026] GET /v2.0/subnets/ed3ff30c-5517-4561-902f-39cd0e042624/tags/green => generated 99 bytes in 41 msecs (HTTP/1.1 404) 4 headers in 163 bytes (1 switches on core 0) [pid: 7|app: 0|req: 1244/2597] 10.0.0.162 () {32 vars in 741 bytes} [Fri Jul 17 13:56:47 2026] DELETE /v2.0/subnets/ed3ff30c-5517-4561-902f-39cd0e042624/tags/red => generated 0 bytes in 68 msecs (HTTP/1.1 204) 2 headers in 112 bytes (1 switches on core 0)
2026-07-17 13:56:47.604 8 INFO neutron.db.ovn_revision_numbers_db [None req-043bb299-1414-4b10-8073-f93a4421d8ca - - - - - -] Successfully bumped revision number for resource 3486573a-6288-4513-8199-a4ad1a941edc (type: ports) to 1 [pid: 7|app: 0|req: 1245/2598] 10.0.0.162 () {32 vars in 730 bytes} [Fri Jul 17 13:56:47 2026] GET /v2.0/subnets/ed3ff30c-5517-4561-902f-39cd0e042624/tags => generated 30 bytes in 50 msecs (HTTP/1.1 200) 4 headers in 156 bytes (1 switches on core 0)
2026-07-17 13:56:47.693 7 INFO neutron.api.v2.resource [None req-f5814eac-d4d3-4d80-86ed-734034a600ec dbd55c6bf2204c219e16828583539190 c236f4d0323647afbcb29d71ccf49b1e - - default default] delete failed (client error): The resource could not be found. [pid: 7|app: 0|req: 1246/2599] 10.0.0.162 () {32 vars in 745 bytes} [Fri Jul 17 13:56:47 2026] DELETE /v2.0/subnets/ed3ff30c-5517-4561-902f-39cd0e042624/tags/green => generated 99 bytes in 59 msecs (HTTP/1.1 404) 4 headers in 163 bytes (1 switches on core 0)
2026-07-17 13:56:47.861 7 INFO neutron.db.ovn_revision_numbers_db [None req-510b4b56-72b1-460c-8f10-4ed7b40db728 ed3e97af1b704792b1ac3de856873f7b 7de33ca4ce6f4899a96265cad6d88b22 - - default default] Successfully bumped revision number for resource 71a3824b-4bbd-43dd-9572-a4e9385a1030 (type: security_groups) to 1
2026-07-17 13:56:47.871 7 INFO neutron.db.ovn_revision_numbers_db [None req-510b4b56-72b1-460c-8f10-4ed7b40db728 ed3e97af1b704792b1ac3de856873f7b 7de33ca4ce6f4899a96265cad6d88b22 - - default default] Successfully bumped revision number for resource 6dce33cb-0184-439c-9cc3-340e00f8b4c0 (type: security_group_rules) to 0
2026-07-17 13:56:47.883 7 INFO neutron.db.ovn_revision_numbers_db [None req-510b4b56-72b1-460c-8f10-4ed7b40db728 ed3e97af1b704792b1ac3de856873f7b 7de33ca4ce6f4899a96265cad6d88b22 - - default default] Successfully bumped revision number for resource cb3af486-713d-452b-bf9e-156c0a551bbf (type: security_group_rules) to 0
2026-07-17 13:56:47.894 7 INFO neutron.db.ovn_revision_numbers_db [None req-510b4b56-72b1-460c-8f10-4ed7b40db728 ed3e97af1b704792b1ac3de856873f7b 7de33ca4ce6f4899a96265cad6d88b22 - - default default] Successfully bumped revision number for resource f75a0019-6aa2-4a12-81f5-323e4cb0b847 (type: security_group_rules) to 0
2026-07-17 13:56:47.909 7 INFO neutron.db.ovn_revision_numbers_db [None req-510b4b56-72b1-460c-8f10-4ed7b40db728 ed3e97af1b704792b1ac3de856873f7b 7de33ca4ce6f4899a96265cad6d88b22 - - default default] Successfully bumped revision number for resource fdec6df7-b6ba-4854-a0fd-59535e9b0188 (type: security_group_rules) to 0 [pid: 7|app: 0|req: 1247/2600] 10.0.0.162 () {32 vars in 773 bytes} [Fri Jul 17 13:56:47 2026] GET /v2.0/security-groups?tenant_id=4e5933b347a84b189cd7ee16b683fefc&name=default => generated 2929 bytes in 259 msecs (HTTP/1.1 200) 4 headers in 158 bytes (1 switches on core 0) [pid: 7|app: 0|req: 1248/2601] 10.0.0.162 () {32 vars in 733 bytes} [Fri Jul 17 13:56:47 2026] DELETE /v2.0/subnets/ed3ff30c-5517-4561-902f-39cd0e042624/tags => generated 0 bytes in 50 msecs (HTTP/1.1 204) 2 headers in 112 bytes (1 switches on core 0)
2026-07-17 13:56:48.228 7 WARNING neutron.plugins.ml2.drivers.ovn.mech_driver.ovsdb.ovn_client [None req-1144a7b7-05fc-4994-a1dd-6b3ecff556b9 - - - - - -] No hosting information found for port 9c5e0447-afc7-49b4-a3cd-9cf31a9b6ad2: RuntimeError: No hosting information found for port 9c5e0447-afc7-49b4-a3cd-9cf31a9b6ad2
2026-07-17 13:56:48.234 7 INFO neutron.plugins.ml2.drivers.ovn.mech_driver.mech_driver [None req-1144a7b7-05fc-4994-a1dd-6b3ecff556b9 - - - - - -] OVN reports status down for port: 0d665208-f316-4d0c-bbd7-be064ece0888
2026-07-17 13:56:48.347 7 INFO neutron.services.segments.plugin [-] Segment cb17f45e-da60-4d3b-bb48-d9599c94c50a resource provider aggregate not found
2026-07-17 13:56:48.370 7 INFO neutron.services.segments.plugin [-] Segment cb17f45e-da60-4d3b-bb48-d9599c94c50a resource provider aggregate not found
2026-07-17 13:56:48.372 8 WARNING neutron.scheduler.dhcp_agent_scheduler [None req-043bb299-1414-4b10-8073-f93a4421d8ca - - - - - -] No more DHCP agents
2026-07-17 13:56:48.373 8 WARNING neutron.api.rpc.agentnotifiers.dhcp_rpc_agent_api [None req-043bb299-1414-4b10-8073-f93a4421d8ca - - - - - -] Unable to schedule network 4909a51b-0c98-4f5c-9e08-6a21f861f93f: no agents available; will retry on subsequent port and subnet creation events.
2026-07-17 13:56:48.384 7 INFO neutron.db.ovn_revision_numbers_db [None req-a9e770f9-fb9a-4f3f-a4cd-1587784e7e48 ed3e97af1b704792b1ac3de856873f7b 7de33ca4ce6f4899a96265cad6d88b22 - - default default] Successfully bumped revision number for resource 24192d9a-054b-4e9d-a76c-80478a5ee2fc (type: security_groups) to 1
2026-07-17 13:56:48.385 7 INFO neutron.services.segments.plugin [-] Client error retrieving segment cb17f45e-da60-4d3b-bb48-d9599c94c50a resource provider; error: Placement Client Error (4xx): {"errors": [{"status": 404, "title": "Not Found", "detail": "The resource could not be found.\n\n No resource provider with uuid cb17f45e-da60-4d3b-bb48-d9599c94c50a found for delete ", "request_id": "req-263df3f3-1a1a-4802-b05c-d1b80a223d2a"}]}
2026-07-17 13:56:48.388 7 INFO neutron.services.segments.plugin [-] Client error retrieving segment cb17f45e-da60-4d3b-bb48-d9599c94c50a resource provider; error: Placement Client Error (4xx): {"errors": [{"status": 404, "title": "Not Found", "detail": "The resource could not be found.\n\n No resource provider with uuid cb17f45e-da60-4d3b-bb48-d9599c94c50a found for delete ", "request_id": "req-f3887ebe-49c5-41ab-a6d9-965f9a0443d9"}]}
2026-07-17 13:56:48.391 7 WARNING neutron.plugins.ml2.drivers.ovn.mech_driver.ovsdb.ovn_client [None req-1144a7b7-05fc-4994-a1dd-6b3ecff556b9 - - - - - -] Logical_Switch_Port 0d665208-f316-4d0c-bbd7-be064ece0888 host information not removed, the port state is up
2026-07-17 13:56:48.391 7 INFO neutron.plugins.ml2.drivers.ovn.mech_driver.mech_driver [None req-1144a7b7-05fc-4994-a1dd-6b3ecff556b9 - - - - - -] OVN reports status up for port: 0d665208-f316-4d0c-bbd7-be064ece0888
2026-07-17 13:56:48.409 7 INFO neutron.db.ovn_revision_numbers_db [None req-a9e770f9-fb9a-4f3f-a4cd-1587784e7e48 ed3e97af1b704792b1ac3de856873f7b 7de33ca4ce6f4899a96265cad6d88b22 - - default default] Successfully bumped revision number for resource 2b61f80f-e9a6-4185-a15e-226156f86a1e (type: security_group_rules) to 0
2026-07-17 13:56:48.411 7 INFO neutron.plugins.ml2.plugin [None req-1144a7b7-05fc-4994-a1dd-6b3ecff556b9 - - - - - -] Attempt 1 to provision port 0d665208-f316-4d0c-bbd7-be064ece0888
2026-07-17 13:56:48.435 7 INFO neutron.db.ovn_revision_numbers_db [None req-a9e770f9-fb9a-4f3f-a4cd-1587784e7e48 ed3e97af1b704792b1ac3de856873f7b 7de33ca4ce6f4899a96265cad6d88b22 - - default default] Successfully bumped revision number for resource 35838ba9-eddb-4244-9059-f0ce838d0370 (type: security_group_rules) to 0
2026-07-17 13:56:48.460 7 INFO neutron.db.ovn_revision_numbers_db [None req-a9e770f9-fb9a-4f3f-a4cd-1587784e7e48 ed3e97af1b704792b1ac3de856873f7b 7de33ca4ce6f4899a96265cad6d88b22 - - default default] Successfully bumped revision number for resource 3af4f391-8a22-4168-8c73-94e402e5426d (type: security_group_rules) to 0
2026-07-17 13:56:48.484 7 INFO neutron.db.ovn_revision_numbers_db [None req-a9e770f9-fb9a-4f3f-a4cd-1587784e7e48 ed3e97af1b704792b1ac3de856873f7b 7de33ca4ce6f4899a96265cad6d88b22 - - default default] Successfully bumped revision number for resource 9f2cf047-700b-4fb8-a474-ba2fff60718d (type: security_group_rules) to 0 [pid: 7|app: 0|req: 1249/2602] 10.0.0.162 () {32 vars in 773 bytes} [Fri Jul 17 13:56:48 2026] GET /v2.0/security-groups?tenant_id=3a94c027617f47048c3e35cffd1a4f48&name=default => generated 2929 bytes in 552 msecs (HTTP/1.1 200) 4 headers in 158 bytes (1 switches on core 0)
2026-07-17 13:56:48.830 8 INFO neutron.db.ovn_revision_numbers_db [None req-043bb299-1414-4b10-8073-f93a4421d8ca - - - - - -] Successfully bumped revision number for resource 3486573a-6288-4513-8199-a4ad1a941edc (type: router_ports) to 1
2026-07-17 13:56:49.088 8 WARNING neutron.scheduler.dhcp_agent_scheduler [None req-043bb299-1414-4b10-8073-f93a4421d8ca - - - - - -] No more DHCP agents
2026-07-17 13:56:49.089 8 WARNING neutron.api.rpc.agentnotifiers.dhcp_rpc_agent_api [None req-043bb299-1414-4b10-8073-f93a4421d8ca - - - - - -] Unable to schedule network 4909a51b-0c98-4f5c-9e08-6a21f861f93f: no agents available; will retry on subsequent port and subnet creation events. [pid: 7|app: 0|req: 1250/2603] 10.0.0.162 () {32 vars in 739 bytes} [Fri Jul 17 13:56:48 2026] DELETE /v2.0/security-groups/71a3824b-4bbd-43dd-9572-a4e9385a1030 => generated 0 bytes in 607 msecs (HTTP/1.1 204) 2 headers in 112 bytes (1 switches on core 0)
2026-07-17 13:56:49.214 8 INFO neutron.plugins.ml2.drivers.ovn.mech_driver.mech_driver [None req-f38b63dc-a98e-4a76-b5dd-81024d76428b - - - - - -] OVN reports status down for port: f7bdbd91-b8cc-49bb-9f96-cdf10f5b8a7b
2026-07-17 13:56:49.281 8 INFO neutron.db.ovn_revision_numbers_db [None req-043bb299-1414-4b10-8073-f93a4421d8ca - - - - - -] Successfully bumped revision number for resource f7bdbd91-b8cc-49bb-9f96-cdf10f5b8a7b (type: ports) to 1 [pid: 7|app: 0|req: 1251/2604] 10.0.0.162 () {32 vars in 730 bytes} [Fri Jul 17 13:56:49 2026] GET /v2.0/subnets/ed3ff30c-5517-4561-902f-39cd0e042624/tags => generated 12 bytes in 117 msecs (HTTP/1.1 200) 4 headers in 156 bytes (1 switches on core 0)
2026-07-17 13:56:49.313 7 INFO neutron.db.ovn_revision_numbers_db [None req-1144a7b7-05fc-4994-a1dd-6b3ecff556b9 - - - - - -] Successfully bumped revision number for resource 0d665208-f316-4d0c-bbd7-be064ece0888 (type: ports) to 2
2026-07-17 13:56:49.588 8 INFO neutron.db.ovn_revision_numbers_db [None req-043bb299-1414-4b10-8073-f93a4421d8ca - - - - - -] Successfully bumped revision number for resource f7bdbd91-b8cc-49bb-9f96-cdf10f5b8a7b (type: ports) to 3 [pid: 7|app: 0|req: 1252/2605] 10.0.0.162 () {32 vars in 739 bytes} [Fri Jul 17 13:56:49 2026] DELETE /v2.0/security-groups/24192d9a-054b-4e9d-a76c-80478a5ee2fc => generated 0 bytes in 305 msecs (HTTP/1.1 204) 2 headers in 112 bytes (1 switches on core 0)
2026-07-17 13:56:49.722 7 INFO neutron.db.ovn_revision_numbers_db [None req-9b9b5928-b067-4a31-9914-e5f5f9add192 ed3e97af1b704792b1ac3de856873f7b 7de33ca4ce6f4899a96265cad6d88b22 - - default default] Successfully bumped revision number for resource 132e1daf-826b-4277-9740-cbb7dfd85902 (type: security_groups) to 1
2026-07-17 13:56:49.739 7 INFO neutron.db.ovn_revision_numbers_db [None req-9b9b5928-b067-4a31-9914-e5f5f9add192 ed3e97af1b704792b1ac3de856873f7b 7de33ca4ce6f4899a96265cad6d88b22 - - default default] Successfully bumped revision number for resource 2bfadf5c-0ca2-402f-be08-3da2395eb4cf (type: security_group_rules) to 0
2026-07-17 13:56:49.752 7 INFO neutron.db.ovn_revision_numbers_db [None req-9b9b5928-b067-4a31-9914-e5f5f9add192 ed3e97af1b704792b1ac3de856873f7b 7de33ca4ce6f4899a96265cad6d88b22 - - default default] Successfully bumped revision number for resource 71599ebd-916c-422b-aa8d-6e5e16fc8484 (type: security_group_rules) to 0
2026-07-17 13:56:49.763 7 INFO neutron.db.ovn_revision_numbers_db [None req-9b9b5928-b067-4a31-9914-e5f5f9add192 ed3e97af1b704792b1ac3de856873f7b 7de33ca4ce6f4899a96265cad6d88b22 - - default default] Successfully bumped revision number for resource 7ec6ea4a-c427-496f-a0e0-aacc27e4aab0 (type: security_group_rules) to 0
2026-07-17 13:56:49.775 7 INFO neutron.db.ovn_revision_numbers_db [None req-9b9b5928-b067-4a31-9914-e5f5f9add192 ed3e97af1b704792b1ac3de856873f7b 7de33ca4ce6f4899a96265cad6d88b22 - - default default] Successfully bumped revision number for resource fb8558ca-7888-4f62-9c09-c05f400e527d (type: security_group_rules) to 0 [pid: 7|app: 0|req: 1253/2606] 10.0.0.162 () {32 vars in 773 bytes} [Fri Jul 17 13:56:49 2026] GET /v2.0/security-groups?tenant_id=1b301371fd55481089ce0e514303cd06&name=default => generated 2929 bytes in 229 msecs (HTTP/1.1 200) 4 headers in 158 bytes (1 switches on core 0) [pid: 8|app: 0|req: 1354/2607] 10.0.0.162 () {34 vars in 684 bytes} [Fri Jul 17 13:56:44 2026] POST /v2.0/vpn/vpnservices => generated 458 bytes in 5120 msecs (HTTP/1.1 201) 4 headers in 162 bytes (1 switches on core 0) [pid: 8|app: 0|req: 1355/2608] 10.0.0.162 () {32 vars in 773 bytes} [Fri Jul 17 13:56:49 2026] GET /v2.0/security-groups?tenant_id=3f031fc26c6b462b878b51ea6f948af7&name=default => generated 2925 bytes in 36 msecs (HTTP/1.1 200) 4 headers in 158 bytes (1 switches on core 0) [pid: 7|app: 0|req: 1254/2609] 10.0.0.162 () {32 vars in 723 bytes} [Fri Jul 17 13:56:49 2026] DELETE /v2.0/subnets/ed3ff30c-5517-4561-902f-39cd0e042624 => generated 0 bytes in 202 msecs (HTTP/1.1 204) 3 headers in 131 bytes (1 switches on core 0) [pid: 7|app: 0|req: 1255/2610] 10.0.0.162 () {32 vars in 662 bytes} [Fri Jul 17 13:56:50 2026] GET /v2.0/vpn/vpnservices => generated 1315 bytes in 21 msecs (HTTP/1.1 200) 4 headers in 158 bytes (1 switches on core 0) [pid: 8|app: 0|req: 1356/2611] 10.0.0.162 () {32 vars in 739 bytes} [Fri Jul 17 13:56:49 2026] DELETE /v2.0/security-groups/132e1daf-826b-4277-9740-cbb7dfd85902 => generated 0 bytes in 258 msecs (HTTP/1.1 204) 2 headers in 112 bytes (1 switches on core 0)
2026-07-17 13:56:50.250 8 INFO neutron_taas.services.taas.taas_plugin [None req-016a28e6-5dfc-4b35-98b4-1dd57ca94b4f dbd55c6bf2204c219e16828583539190 c236f4d0323647afbcb29d71ccf49b1e - - default default] TaaS: Handle Delete Port: 2dd9c56f-9c00-45e4-99fa-02baabc451ee
2026-07-17 13:56:50.252 8 INFO neutron_taas.services.taas.tap_mirror_plugin [None req-016a28e6-5dfc-4b35-98b4-1dd57ca94b4f dbd55c6bf2204c219e16828583539190 c236f4d0323647afbcb29d71ccf49b1e - - default default] Tap Mirror: Handle Delete Port: 2dd9c56f-9c00-45e4-99fa-02baabc451ee [pid: 7|app: 0|req: 1256/2612] 10.0.0.162 () {32 vars in 739 bytes} [Fri Jul 17 13:56:50 2026] DELETE /v2.0/security-groups/9ce2822b-8f6a-4cec-a3ea-151a98666e25 => generated 0 bytes in 273 msecs (HTTP/1.1 204) 2 headers in 112 bytes (1 switches on core 0)
2026-07-17 13:56:50.494 8 INFO neutron.services.segments.plugin [-] Segment 65be234c-bae8-443a-9a45-389dbab869c9 resource provider aggregate not found
2026-07-17 13:56:50.500 8 INFO neutron.services.segments.plugin [-] Segment 65be234c-bae8-443a-9a45-389dbab869c9 resource provider aggregate not found
2026-07-17 13:56:50.516 8 INFO neutron.services.segments.plugin [-] Client error retrieving segment 65be234c-bae8-443a-9a45-389dbab869c9 resource provider; error: Placement Client Error (4xx): {"errors": [{"status": 404, "title": "Not Found", "detail": "The resource could not be found.\n\n No resource provider with uuid 65be234c-bae8-443a-9a45-389dbab869c9 found for delete ", "request_id": "req-a12e9301-c764-4d88-bc01-45a2b982a1f6"}]}
2026-07-17 13:56:50.525 8 INFO neutron.services.segments.plugin [-] Client error retrieving segment 65be234c-bae8-443a-9a45-389dbab869c9 resource provider; error: Placement Client Error (4xx): {"errors": [{"status": 404, "title": "Not Found", "detail": "The resource could not be found.\n\n No resource provider with uuid 65be234c-bae8-443a-9a45-389dbab869c9 found for delete ", "request_id": "req-cd9076a2-7827-488d-b516-32fb5bf15326"}]} [pid: 8|app: 0|req: 1357/2613] 10.0.0.162 () {32 vars in 725 bytes} [Fri Jul 17 13:56:50 2026] DELETE /v2.0/networks/29c9d129-f9fd-410f-acf5-fd16eff681fa => generated 0 bytes in 407 msecs (HTTP/1.1 204) 3 headers in 131 bytes (1 switches on core 0)
2026-07-17 13:56:50.645 7 INFO neutron_taas.services.taas.taas_plugin [None req-a6a2e92a-a37f-4157-9c9a-470e21e40d2e 65df1045cbc14cb58b3e0e0f6144b328 504c8af989e34282adae6db8df0b929b - - default default] TaaS: Handle Delete Port: 8bdffbf2-16b4-4053-bc1f-3b62e1c4eac6
2026-07-17 13:56:50.648 7 INFO neutron_taas.services.taas.tap_mirror_plugin [None req-a6a2e92a-a37f-4157-9c9a-470e21e40d2e 65df1045cbc14cb58b3e0e0f6144b328 504c8af989e34282adae6db8df0b929b - - default default] Tap Mirror: Handle Delete Port: 8bdffbf2-16b4-4053-bc1f-3b62e1c4eac6
2026-07-17 13:56:51.497 8 INFO neutron.db.ovn_revision_numbers_db [None req-52a6e869-6841-4d4f-b555-936d006c362f ed3e97af1b704792b1ac3de856873f7b 7de33ca4ce6f4899a96265cad6d88b22 - - default default] Successfully bumped revision number for resource 079fa925-3798-4986-899f-707aa81710c0 (type: security_groups) to 1
2026-07-17 13:56:51.516 8 INFO neutron.db.ovn_revision_numbers_db [None req-52a6e869-6841-4d4f-b555-936d006c362f ed3e97af1b704792b1ac3de856873f7b 7de33ca4ce6f4899a96265cad6d88b22 - - default default] Successfully bumped revision number for resource 312cc09e-b5c8-48dc-a2b3-e63f5eb1dfbc (type: security_group_rules) to 0
2026-07-17 13:56:51.536 8 INFO neutron.db.ovn_revision_numbers_db [None req-52a6e869-6841-4d4f-b555-936d006c362f ed3e97af1b704792b1ac3de856873f7b 7de33ca4ce6f4899a96265cad6d88b22 - - default default] Successfully bumped revision number for resource 31f17790-0ee0-4570-bd2b-fad300c47534 (type: security_group_rules) to 0
2026-07-17 13:56:51.551 8 INFO neutron.db.ovn_revision_numbers_db [None req-52a6e869-6841-4d4f-b555-936d006c362f ed3e97af1b704792b1ac3de856873f7b 7de33ca4ce6f4899a96265cad6d88b22 - - default default] Successfully bumped revision number for resource 739497ec-b50b-4fc6-b9b7-df698016ab04 (type: security_group_rules) to 0
2026-07-17 13:56:51.564 8 INFO neutron.db.ovn_revision_numbers_db [None req-52a6e869-6841-4d4f-b555-936d006c362f ed3e97af1b704792b1ac3de856873f7b 7de33ca4ce6f4899a96265cad6d88b22 - - default default] Successfully bumped revision number for resource d31429e8-3dc7-4279-99f6-ab26a7eeb8d6 (type: security_group_rules) to 0 [pid: 8|app: 0|req: 1358/2614] 10.0.0.162 () {32 vars in 773 bytes} [Fri Jul 17 13:56:51 2026] GET /v2.0/security-groups?tenant_id=17bd960b81a44dd0a2b76e2b5a9cf38b&name=default => generated 2929 bytes in 388 msecs (HTTP/1.1 200) 4 headers in 158 bytes (1 switches on core 0) [pid: 8|app: 0|req: 1359/2615] 10.0.0.162 () {32 vars in 739 bytes} [Fri Jul 17 13:56:51 2026] DELETE /v2.0/security-groups/079fa925-3798-4986-899f-707aa81710c0 => generated 0 bytes in 271 msecs (HTTP/1.1 204) 2 headers in 112 bytes (1 switches on core 0)
2026-07-17 13:56:52.004 7 INFO neutron_taas.services.taas.taas_plugin [None req-6d238933-e01b-49c9-acc5-c8eae41cd1dc - - - - - -] TaaS: Handle Delete Port: f7bdbd91-b8cc-49bb-9f96-cdf10f5b8a7b
2026-07-17 13:56:52.007 7 INFO neutron_taas.services.taas.tap_mirror_plugin [None req-6d238933-e01b-49c9-acc5-c8eae41cd1dc - - - - - -] Tap Mirror: Handle Delete Port: f7bdbd91-b8cc-49bb-9f96-cdf10f5b8a7b [pid: 8|app: 0|req: 1360/2616] 10.0.0.162 () {32 vars in 773 bytes} [Fri Jul 17 13:56:52 2026] GET /v2.0/security-groups?tenant_id=c236f4d0323647afbcb29d71ccf49b1e&name=default => generated 2925 bytes in 30 msecs (HTTP/1.1 200) 4 headers in 158 bytes (1 switches on core 0) [pid: 8|app: 0|req: 1361/2617] 10.0.0.162 () {32 vars in 739 bytes} [Fri Jul 17 13:56:52 2026] DELETE /v2.0/security-groups/fd215bd9-96f8-4445-b20d-df26328cd0ef => generated 0 bytes in 280 msecs (HTTP/1.1 204) 2 headers in 112 bytes (1 switches on core 0)
2026-07-17 13:56:52.487 7 INFO neutron_taas.services.taas.taas_plugin [None req-80599b95-b8fa-48b6-8ede-2e362ed7c126 - - - - - -] TaaS: Handle Delete Port: 3486573a-6288-4513-8199-a4ad1a941edc
2026-07-17 13:56:52.490 7 INFO neutron_taas.services.taas.tap_mirror_plugin [None req-80599b95-b8fa-48b6-8ede-2e362ed7c126 - - - - - -] Tap Mirror: Handle Delete Port: 3486573a-6288-4513-8199-a4ad1a941edc
2026-07-17 13:56:53.373 7 INFO neutron_taas.services.taas.taas_plugin [None req-80599b95-b8fa-48b6-8ede-2e362ed7c126 - - - - - -] TaaS: Handle Delete Port: 7d4e7b9f-5699-4b36-b03a-f6aa51918127
2026-07-17 13:56:53.376 7 INFO neutron_taas.services.taas.tap_mirror_plugin [None req-80599b95-b8fa-48b6-8ede-2e362ed7c126 - - - - - -] Tap Mirror: Handle Delete Port: 7d4e7b9f-5699-4b36-b03a-f6aa51918127
2026-07-17 13:56:53.597 7 INFO neutron.services.segments.plugin [-] Segment edae2dd7-2393-4c0f-88b7-a2fbad6530f4 resource provider aggregate not found
2026-07-17 13:56:53.602 7 INFO neutron.services.segments.plugin [-] Segment edae2dd7-2393-4c0f-88b7-a2fbad6530f4 resource provider aggregate not found
