2026-07-17 13:55:09.270 8 WARNING neutron.api.rpc.agentnotifiers.dhcp_rpc_agent_api [None req-4b34c3ae-3906-4e94-98f2-82b64d5bbd63 ed3e97af1b704792b1ac3de856873f7b 7de33ca4ce6f4899a96265cad6d88b22 - - default default] Unable to schedule network 25a0d437-2c6b-400f-ab86-130f84d6c96f: no agents available; will retry on subsequent port and subnet creation events. [pid: 7|app: 0|req: 932/1897] 10.0.0.162 () {32 vars in 723 bytes} [Fri Jul 17 13:55:09 2026] DELETE /v2.0/subnets/b40efb6e-d900-46cc-a9a0-2549bff7cddd => generated 0 bytes in 198 msecs (HTTP/1.1 204) 3 headers in 131 bytes (1 switches on core 0)
2026-07-17 13:55:09.486 7 INFO neutron_taas.services.taas.taas_plugin [None req-c682fe23-825f-4fd0-b85d-8613749d4223 7eb92608ee2e4c7ab9c69697755fe911 404c9fed19e3499ab6f80039ea22893f - - default default] TaaS: Handle Delete Port: 272e06cb-5a7a-4c75-9663-f868ee634e4a
2026-07-17 13:55:09.490 7 INFO neutron_taas.services.taas.tap_mirror_plugin [None req-c682fe23-825f-4fd0-b85d-8613749d4223 7eb92608ee2e4c7ab9c69697755fe911 404c9fed19e3499ab6f80039ea22893f - - default default] Tap Mirror: Handle Delete Port: 272e06cb-5a7a-4c75-9663-f868ee634e4a
2026-07-17 13:55:09.747 8 INFO neutron.db.ovn_revision_numbers_db [None req-67e11e0f-fb6c-4d3d-8950-25c50a6a9262 - - - - - -] Successfully bumped revision number for resource 9b2c4f71-2eb6-4ce5-aa16-db1059895d92 (type: ports) to 2 [pid: 7|app: 0|req: 933/1898] 10.0.0.162 () {32 vars in 725 bytes} [Fri Jul 17 13:55:09 2026] DELETE /v2.0/networks/a9d34791-c929-4f5d-8759-a80f7ef44230 => generated 0 bytes in 375 msecs (HTTP/1.1 204) 3 headers in 131 bytes (1 switches on core 0)
2026-07-17 13:55:09.780 8 INFO neutron.db.ovn_revision_numbers_db [None req-67e11e0f-fb6c-4d3d-8950-25c50a6a9262 - - - - - -] Successfully bumped revision number for resource 36ca157a-9b92-4bf8-b5d2-6e1e3c0365a1 (type: subnets) to 0 [pid: 8|app: 0|req: 966/1899] 10.0.0.162 () {34 vars in 668 bytes} [Fri Jul 17 13:55:09 2026] POST /v2.0/subnets => generated 688 bytes in 663 msecs (HTTP/1.1 201) 4 headers in 162 bytes (1 switches on core 0) [pid: 8|app: 0|req: 967/1900] 199.19.213.52 () {34 vars in 984 bytes} [Fri Jul 17 13:55:09 2026] GET /v2.0/networks?id=285515a9-4fc1-43e0-a804-a5f6348fefc5 => generated 699 bytes in 40 msecs (HTTP/1.1 200) 4 headers in 157 bytes (1 switches on core 0)
2026-07-17 13:55:10.136 7 INFO neutron.db.ovn_revision_numbers_db [None req-c6f413e0-c1ba-4910-8278-ab6f900d190e ed3e97af1b704792b1ac3de856873f7b 7de33ca4ce6f4899a96265cad6d88b22 - - default default] Successfully bumped revision number for resource d2b0d72e-6d66-4082-ab87-7cc9a823bf60 (type: security_groups) to 1
2026-07-17 13:55:10.149 7 INFO neutron.db.ovn_revision_numbers_db [None req-c6f413e0-c1ba-4910-8278-ab6f900d190e ed3e97af1b704792b1ac3de856873f7b 7de33ca4ce6f4899a96265cad6d88b22 - - default default] Successfully bumped revision number for resource 0497f3eb-8efa-4d05-8726-f0cf9d189625 (type: security_group_rules) to 0
2026-07-17 13:55:10.162 7 INFO neutron.db.ovn_revision_numbers_db [None req-c6f413e0-c1ba-4910-8278-ab6f900d190e ed3e97af1b704792b1ac3de856873f7b 7de33ca4ce6f4899a96265cad6d88b22 - - default default] Successfully bumped revision number for resource 14875afe-f3ea-4084-8f5a-20033922b376 (type: security_group_rules) to 0
2026-07-17 13:55:10.174 7 INFO neutron.db.ovn_revision_numbers_db [None req-c6f413e0-c1ba-4910-8278-ab6f900d190e ed3e97af1b704792b1ac3de856873f7b 7de33ca4ce6f4899a96265cad6d88b22 - - default default] Successfully bumped revision number for resource 5ff910a9-a3ee-4297-ac14-60d07d806621 (type: security_group_rules) to 0
2026-07-17 13:55:10.186 7 INFO neutron.db.ovn_revision_numbers_db [None req-c6f413e0-c1ba-4910-8278-ab6f900d190e ed3e97af1b704792b1ac3de856873f7b 7de33ca4ce6f4899a96265cad6d88b22 - - default default] Successfully bumped revision number for resource 8cce5146-1223-4ffd-8658-1c20b1de4a48 (type: security_group_rules) to 0
2026-07-17 13:55:10.252 8 WARNING neutron.scheduler.dhcp_agent_scheduler [None req-9bc97c97-4196-40b5-9479-c1f3a4d6160b ed3e97af1b704792b1ac3de856873f7b 7de33ca4ce6f4899a96265cad6d88b22 - - default default] No more DHCP agents
2026-07-17 13:55:10.254 8 WARNING neutron.api.rpc.agentnotifiers.dhcp_rpc_agent_api [None req-9bc97c97-4196-40b5-9479-c1f3a4d6160b ed3e97af1b704792b1ac3de856873f7b 7de33ca4ce6f4899a96265cad6d88b22 - - default default] Unable to schedule network f9e46c24-2e3d-4209-ba33-87e7412532be: no agents available; will retry on subsequent port and subnet creation events.
2026-07-17 13:55:10.273 7 INFO neutron.db.segments_db [None req-c6f413e0-c1ba-4910-8278-ab6f900d190e ed3e97af1b704792b1ac3de856873f7b 7de33ca4ce6f4899a96265cad6d88b22 - - default default] Added segment 1198e0e6-5074-46ca-ba03-e46f2186f1d0 of type geneve for network 4f8dc317-1a44-4da2-bfd6-84da8adf7ac3
2026-07-17 13:55:10.365 7 INFO neutron.plugins.ml2.drivers.ovn.mech_driver.mech_driver [None req-46c446c0-bd92-4bbd-8a63-7c63a6b6038d - - - - - -] OVN reports status down for port: 924f452a-db8e-4aff-ba80-ce06249816a2
2026-07-17 13:55:10.418 8 INFO neutron.db.ovn_revision_numbers_db [None req-9bc97c97-4196-40b5-9479-c1f3a4d6160b ed3e97af1b704792b1ac3de856873f7b 7de33ca4ce6f4899a96265cad6d88b22 - - default default] Successfully bumped revision number for resource 924f452a-db8e-4aff-ba80-ce06249816a2 (type: ports) to 1
2026-07-17 13:55:10.423 7 INFO neutron.db.ovn_revision_numbers_db [None req-c6f413e0-c1ba-4910-8278-ab6f900d190e ed3e97af1b704792b1ac3de856873f7b 7de33ca4ce6f4899a96265cad6d88b22 - - default default] Successfully bumped revision number for resource 4f8dc317-1a44-4da2-bfd6-84da8adf7ac3 (type: networks) to 1
2026-07-17 13:55:10.638 7 WARNING neutron.scheduler.dhcp_agent_scheduler [None req-c6f413e0-c1ba-4910-8278-ab6f900d190e ed3e97af1b704792b1ac3de856873f7b 7de33ca4ce6f4899a96265cad6d88b22 - - default default] No more DHCP agents
2026-07-17 13:55:10.640 7 WARNING neutron.api.rpc.agentnotifiers.dhcp_rpc_agent_api [None req-c6f413e0-c1ba-4910-8278-ab6f900d190e ed3e97af1b704792b1ac3de856873f7b 7de33ca4ce6f4899a96265cad6d88b22 - - default default] Unable to schedule network 4f8dc317-1a44-4da2-bfd6-84da8adf7ac3: no agents available; will retry on subsequent port and subnet creation events.
2026-07-17 13:55:10.708 7 INFO neutron.plugins.ml2.drivers.ovn.mech_driver.mech_driver [None req-46c446c0-bd92-4bbd-8a63-7c63a6b6038d - - - - - -] OVN reports status down for port: 9f1b3a86-f979-4d80-9ebe-4dd8eafd5dc8
2026-07-17 13:55:10.747 7 INFO neutron.services.segments.plugin [-] Segment 02d2ede7-b021-4f7c-9dd5-9f2f4aceee40 resource provider aggregate not found
2026-07-17 13:55:10.753 7 INFO neutron.services.segments.plugin [-] Segment 02d2ede7-b021-4f7c-9dd5-9f2f4aceee40 resource provider aggregate not found
2026-07-17 13:55:10.774 7 INFO neutron.services.segments.plugin [-] Client error retrieving segment 02d2ede7-b021-4f7c-9dd5-9f2f4aceee40 resource provider; error: Placement Client Error (4xx): {"errors": [{"status": 404, "title": "Not Found", "detail": "The resource could not be found.\n\n No resource provider with uuid 02d2ede7-b021-4f7c-9dd5-9f2f4aceee40 found for delete ", "request_id": "req-b37d1d10-dc46-4816-9d9b-44eb2d2b5147"}]}
2026-07-17 13:55:10.785 7 INFO neutron.services.segments.plugin [-] Client error retrieving segment 02d2ede7-b021-4f7c-9dd5-9f2f4aceee40 resource provider; error: Placement Client Error (4xx): {"errors": [{"status": 404, "title": "Not Found", "detail": "The resource could not be found.\n\n No resource provider with uuid 02d2ede7-b021-4f7c-9dd5-9f2f4aceee40 found for delete ", "request_id": "req-f4275f1c-7acf-4906-a3fd-39e902cfa6d6"}]}
2026-07-17 13:55:10.798 7 INFO neutron.db.ovn_revision_numbers_db [None req-c6f413e0-c1ba-4910-8278-ab6f900d190e ed3e97af1b704792b1ac3de856873f7b 7de33ca4ce6f4899a96265cad6d88b22 - - default default] Successfully bumped revision number for resource 9f1b3a86-f979-4d80-9ebe-4dd8eafd5dc8 (type: ports) to 1 [pid: 7|app: 0|req: 934/1901] 10.0.0.162 () {34 vars in 670 bytes} [Fri Jul 17 13:55:09 2026] POST /v2.0/networks => generated 781 bytes in 1096 msecs (HTTP/1.1 201) 4 headers in 162 bytes (1 switches on core 0) [pid: 7|app: 0|req: 935/1902] 199.19.213.52 () {34 vars in 1048 bytes} [Fri Jul 17 13:55:10 2026] GET /v2.0/security-groups?fields=id&fields=name&tenant_id=72805cb5b3d74f76a64f61ed8ce863ca => generated 274 bytes in 34 msecs (HTTP/1.1 200) 4 headers in 157 bytes (1 switches on core 0) [pid: 7|app: 0|req: 936/1903] 10.0.0.234 () {34 vars in 989 bytes} [Fri Jul 17 13:55:10 2026] GET /v2.0/ports?device_id=945c3eaf-a9d9-4641-a998-98c668cf64cd => generated 12 bytes in 25 msecs (HTTP/1.1 200) 4 headers in 156 bytes (1 switches on core 0) [pid: 7|app: 0|req: 937/1904] 10.0.0.162 () {32 vars in 773 bytes} [Fri Jul 17 13:55:10 2026] GET /v2.0/security-groups?tenant_id=404c9fed19e3499ab6f80039ea22893f&name=default => generated 2925 bytes in 246 msecs (HTTP/1.1 200) 4 headers in 158 bytes (1 switches on core 0)
2026-07-17 13:55:11.187 8 INFO neutron.plugins.ml2.drivers.ovn.mech_driver.ovsdb.commands [None req-507c8778-714e-47fe-a2e8-ce5def025d64 - - - - - -] Schedule LRP lrp-924f452a-db8e-4aff-ba80-ce06249816a2 on gateway 6164d361-60dc-4f72-83bd-6f5343b17d92 with priority 1
2026-07-17 13:55:11.259 7 INFO neutron.plugins.ml2.drivers.ovn.mech_driver.mech_driver [None req-46c446c0-bd92-4bbd-8a63-7c63a6b6038d - - - - - -] OVN reports status up for port: 924f452a-db8e-4aff-ba80-ce06249816a2
2026-07-17 13:55:11.261 8 INFO neutron.plugins.ml2.drivers.ovn.mech_driver.ovsdb.ovsdb_monitor [None req-9637d7af-adf7-4a8c-8331-5451cc50a3b4 - - - - - -] Router 6c9b5e8c-b412-414c-8c81-2eaa6c451efb is bound to host instance
2026-07-17 13:55:11.265 8 INFO neutron.db.ovn_revision_numbers_db [None req-9bc97c97-4196-40b5-9479-c1f3a4d6160b ed3e97af1b704792b1ac3de856873f7b 7de33ca4ce6f4899a96265cad6d88b22 - - default default] Successfully bumped revision number for resource 924f452a-db8e-4aff-ba80-ce06249816a2 (type: router_ports) to 1
2026-07-17 13:55:11.297 7 INFO neutron.plugins.ml2.plugin [None req-46c446c0-bd92-4bbd-8a63-7c63a6b6038d - - - - - -] Attempt 1 to provision port 924f452a-db8e-4aff-ba80-ce06249816a2
2026-07-17 13:55:11.384 7 WARNING neutron.scheduler.dhcp_agent_scheduler [None req-ccd6b917-1863-4b14-873b-88ce7bdc6f98 ed3e97af1b704792b1ac3de856873f7b 7de33ca4ce6f4899a96265cad6d88b22 - - default default] No more DHCP agents
2026-07-17 13:55:11.387 7 WARNING neutron.api.rpc.agentnotifiers.dhcp_rpc_agent_api [None req-ccd6b917-1863-4b14-873b-88ce7bdc6f98 ed3e97af1b704792b1ac3de856873f7b 7de33ca4ce6f4899a96265cad6d88b22 - - default default] Unable to schedule network 4f8dc317-1a44-4da2-bfd6-84da8adf7ac3: no agents available; will retry on subsequent port and subnet creation events.
2026-07-17 13:55:11.390 8 INFO neutron.db.ovn_revision_numbers_db [None req-9bc97c97-4196-40b5-9479-c1f3a4d6160b ed3e97af1b704792b1ac3de856873f7b 7de33ca4ce6f4899a96265cad6d88b22 - - default default] Successfully bumped revision number for resource 6c9b5e8c-b412-414c-8c81-2eaa6c451efb (type: routers) to 2 [pid: 8|app: 0|req: 968/1905] 10.0.0.162 () {34 vars in 668 bytes} [Fri Jul 17 13:55:09 2026] POST /v2.0/routers => generated 966 bytes in 1591 msecs (HTTP/1.1 201) 4 headers in 162 bytes (1 switches on core 0)
2026-07-17 13:55:11.867 7 INFO neutron.db.ovn_revision_numbers_db [None req-91885072-f7a5-4c98-96f8-0c9a7ebad15e - - - - - -] Successfully bumped revision number for resource 9f1b3a86-f979-4d80-9ebe-4dd8eafd5dc8 (type: ports) to 2
2026-07-17 13:55:11.907 7 INFO neutron.db.ovn_revision_numbers_db [None req-91885072-f7a5-4c98-96f8-0c9a7ebad15e - - - - - -] Successfully bumped revision number for resource c20b9734-cd99-4c35-9832-31bfe10cab95 (type: subnets) to 0 [pid: 7|app: 0|req: 938/1906] 10.0.0.162 () {34 vars in 668 bytes} [Fri Jul 17 13:55:11 2026] POST /v2.0/subnets => generated 687 bytes in 783 msecs (HTTP/1.1 201) 4 headers in 162 bytes (1 switches on core 0)
2026-07-17 13:55:12.013 8 WARNING neutron.scheduler.dhcp_agent_scheduler [req-f99e1fb0-0d06-4180-ac8e-2b366a442a52 req-5e7661e0-1584-4737-8abb-c3102a3a7161 8b6c33894c7b49c0990ba37372c045b7 72805cb5b3d74f76a64f61ed8ce863ca - - default default] No more DHCP agents
2026-07-17 13:55:12.019 8 WARNING neutron.api.rpc.agentnotifiers.dhcp_rpc_agent_api [req-f99e1fb0-0d06-4180-ac8e-2b366a442a52 req-5e7661e0-1584-4737-8abb-c3102a3a7161 8b6c33894c7b49c0990ba37372c045b7 72805cb5b3d74f76a64f61ed8ce863ca - - default default] Unable to schedule network 285515a9-4fc1-43e0-a804-a5f6348fefc5: no agents available; will retry on subsequent port and subnet creation events. [pid: 7|app: 0|req: 939/1907] 10.0.0.162 () {32 vars in 739 bytes} [Fri Jul 17 13:55:11 2026] DELETE /v2.0/security-groups/0bb8f248-09da-4f1c-86c1-b28704a73075 => generated 0 bytes in 225 msecs (HTTP/1.1 204) 2 headers in 112 bytes (1 switches on core 0)
2026-07-17 13:55:12.361 8 INFO neutron.db.ovn_revision_numbers_db [req-f99e1fb0-0d06-4180-ac8e-2b366a442a52 req-5e7661e0-1584-4737-8abb-c3102a3a7161 8b6c33894c7b49c0990ba37372c045b7 72805cb5b3d74f76a64f61ed8ce863ca - - default default] Successfully bumped revision number for resource b8dd3701-0b2a-45d8-be6d-1d2ec74e5c1e (type: ports) to 1 [pid: 8|app: 0|req: 969/1908] 199.19.213.52 () {38 vars in 953 bytes} [Fri Jul 17 13:55:11 2026] POST /v2.0/ports => generated 954 bytes in 1052 msecs (HTTP/1.1 201) 4 headers in 162 bytes (1 switches on core 0) /var/lib/openstack/lib/python3.12/site-packages/pycadf/identifier.py:70: UserWarning: Invalid uuid: neutron. To ensure interoperability, identifiers should be a valid uuid. warnings.warn(('Invalid uuid: %s. To ensure interoperability, '
2026-07-17 13:55:12.612 7 WARNING neutron.scheduler.dhcp_agent_scheduler [None req-62d3f2d3-862e-477b-8e5e-08a9bf12dfe9 ed3e97af1b704792b1ac3de856873f7b 7de33ca4ce6f4899a96265cad6d88b22 - - default default] No more DHCP agents
2026-07-17 13:55:12.613 7 WARNING neutron.api.rpc.agentnotifiers.dhcp_rpc_agent_api [None req-62d3f2d3-862e-477b-8e5e-08a9bf12dfe9 ed3e97af1b704792b1ac3de856873f7b 7de33ca4ce6f4899a96265cad6d88b22 - - default default] Unable to schedule network 25a0d437-2c6b-400f-ab86-130f84d6c96f: no agents available; will retry on subsequent port and subnet creation events.
2026-07-17 13:55:12.799 7 INFO neutron.db.ovn_revision_numbers_db [None req-62d3f2d3-862e-477b-8e5e-08a9bf12dfe9 ed3e97af1b704792b1ac3de856873f7b 7de33ca4ce6f4899a96265cad6d88b22 - - default default] Successfully bumped revision number for resource 1972eacd-d644-434a-b0bb-47d076322f6b (type: ports) to 1
2026-07-17 13:55:13.463 7 WARNING neutron.scheduler.dhcp_agent_scheduler [None req-62d3f2d3-862e-477b-8e5e-08a9bf12dfe9 ed3e97af1b704792b1ac3de856873f7b 7de33ca4ce6f4899a96265cad6d88b22 - - default default] No more DHCP agents
2026-07-17 13:55:13.464 7 WARNING neutron.api.rpc.agentnotifiers.dhcp_rpc_agent_api [None req-62d3f2d3-862e-477b-8e5e-08a9bf12dfe9 ed3e97af1b704792b1ac3de856873f7b 7de33ca4ce6f4899a96265cad6d88b22 - - default default] Unable to schedule network 25a0d437-2c6b-400f-ab86-130f84d6c96f: no agents available; will retry on subsequent port and subnet creation events.
2026-07-17 13:55:13.707 8 INFO neutron.db.ovn_revision_numbers_db [None req-e99549a9-6dd5-415a-a676-05e299596e7d - - - - - -] Successfully bumped revision number for resource 924f452a-db8e-4aff-ba80-ce06249816a2 (type: ports) to 4
2026-07-17 13:55:13.946 7 INFO neutron.db.ovn_revision_numbers_db [None req-62d3f2d3-862e-477b-8e5e-08a9bf12dfe9 ed3e97af1b704792b1ac3de856873f7b 7de33ca4ce6f4899a96265cad6d88b22 - - default default] Successfully bumped revision number for resource 1972eacd-d644-434a-b0bb-47d076322f6b (type: router_ports) to 1 [pid: 7|app: 0|req: 940/1909] 10.0.0.162 () {34 vars in 782 bytes} [Fri Jul 17 13:55:12 2026] PUT /v2.0/routers/6c9b5e8c-b412-414c-8c81-2eaa6c451efb/add_router_interface => generated 309 bytes in 1794 msecs (HTTP/1.1 200) 4 headers in 157 bytes (1 switches on core 0) [pid: 7|app: 0|req: 941/1910] 10.0.0.234 () {34 vars in 989 bytes} [Fri Jul 17 13:55:13 2026] GET /v2.0/ports?device_id=945c3eaf-a9d9-4641-a998-98c668cf64cd => generated 957 bytes in 101 msecs (HTTP/1.1 200) 4 headers in 157 bytes (1 switches on core 0)
2026-07-17 13:55:14.068 8 WARNING neutron.scheduler.dhcp_agent_scheduler [None req-564bc70c-4cc9-44b2-869e-cb12506e434d ed3e97af1b704792b1ac3de856873f7b 7de33ca4ce6f4899a96265cad6d88b22 - - default default] No more DHCP agents
2026-07-17 13:55:14.074 8 WARNING neutron.api.rpc.agentnotifiers.dhcp_rpc_agent_api [None req-564bc70c-4cc9-44b2-869e-cb12506e434d ed3e97af1b704792b1ac3de856873f7b 7de33ca4ce6f4899a96265cad6d88b22 - - default default] Unable to schedule network f9e46c24-2e3d-4209-ba33-87e7412532be: no agents available; will retry on subsequent port and subnet creation events.
2026-07-17 13:55:14.225 7 INFO neutron.plugins.ml2.drivers.ovn.mech_driver.mech_driver [None req-46c446c0-bd92-4bbd-8a63-7c63a6b6038d - - - - - -] OVN reports status down for port: b8dd3701-0b2a-45d8-be6d-1d2ec74e5c1e
2026-07-17 13:55:14.311 8 INFO neutron.plugins.ml2.drivers.ovn.mech_driver.mech_driver [None req-86dc8607-b885-4846-82b7-49c895cd192a - - - - - -] OVN reports status down for port: 3ad1dfa2-ce4f-48d1-afde-8f30f4d71cc1
2026-07-17 13:55:14.422 8 INFO neutron.db.ovn_revision_numbers_db [None req-564bc70c-4cc9-44b2-869e-cb12506e434d ed3e97af1b704792b1ac3de856873f7b 7de33ca4ce6f4899a96265cad6d88b22 - - default default] Successfully bumped revision number for resource 3ad1dfa2-ce4f-48d1-afde-8f30f4d71cc1 (type: ports) to 1
2026-07-17 13:55:14.433 8 INFO neutron.db.ovn_revision_numbers_db [None req-e99549a9-6dd5-415a-a676-05e299596e7d - - - - - -] Successfully bumped revision number for resource 924f452a-db8e-4aff-ba80-ce06249816a2 (type: ports) to 5
2026-07-17 13:55:14.519 7 INFO neutron.db.ovn_revision_numbers_db [req-f99e1fb0-0d06-4180-ac8e-2b366a442a52 req-7f22abf0-ab19-4cd2-a941-4efc1d4547ef efb41eb0383244f49196dd4aad0d89b5 8f407bfc8cc646da901f7bfb72919780 - - c222ca511d7349d8ad067cc2ed9b1e77 c222ca511d7349d8ad067cc2ed9b1e77] Successfully bumped revision number for resource b8dd3701-0b2a-45d8-be6d-1d2ec74e5c1e (type: ports) to 2
2026-07-17 13:55:14.760 7 INFO neutron.db.ovn_revision_numbers_db [req-f99e1fb0-0d06-4180-ac8e-2b366a442a52 req-7f22abf0-ab19-4cd2-a941-4efc1d4547ef efb41eb0383244f49196dd4aad0d89b5 8f407bfc8cc646da901f7bfb72919780 - - c222ca511d7349d8ad067cc2ed9b1e77 c222ca511d7349d8ad067cc2ed9b1e77] Successfully bumped revision number for resource b8dd3701-0b2a-45d8-be6d-1d2ec74e5c1e (type: ports) to 4 [pid: 7|app: 0|req: 942/1911] 199.19.213.52 () {38 vars in 1026 bytes} [Fri Jul 17 13:55:14 2026] PUT /v2.0/ports/b8dd3701-0b2a-45d8-be6d-1d2ec74e5c1e => generated 1204 bytes in 726 msecs (HTTP/1.1 200) 4 headers in 158 bytes (1 switches on core 0)
2026-07-17 13:55:14.828 7 INFO neutron.notifiers.nova [-] Nova event matching ['req-fd909cb5-d69f-4e43-9c39-045a59271e84'] response: {'name': 'network-changed', 'server_uuid': '945c3eaf-a9d9-4641-a998-98c668cf64cd', 'tag': 'b8dd3701-0b2a-45d8-be6d-1d2ec74e5c1e', 'status': 'completed', 'code': 200}
2026-07-17 13:55:14.858 7 INFO neutron.plugins.ml2.drivers.ovn.mech_driver.mech_driver [None req-46c446c0-bd92-4bbd-8a63-7c63a6b6038d - - - - - -] OVN reports status down for port: 1972eacd-d644-434a-b0bb-47d076322f6b
2026-07-17 13:55:14.919 7 WARNING neutron.plugins.ml2.drivers.ovn.mech_driver.ovsdb.ovn_client [None req-46c446c0-bd92-4bbd-8a63-7c63a6b6038d - - - - - -] Logical_Switch_Port 1972eacd-d644-434a-b0bb-47d076322f6b host information not removed, the port state is up
2026-07-17 13:55:14.919 7 INFO neutron.plugins.ml2.drivers.ovn.mech_driver.mech_driver [None req-46c446c0-bd92-4bbd-8a63-7c63a6b6038d - - - - - -] OVN reports status up for port: 1972eacd-d644-434a-b0bb-47d076322f6b
2026-07-17 13:55:14.932 7 INFO neutron.plugins.ml2.plugin [None req-46c446c0-bd92-4bbd-8a63-7c63a6b6038d - - - - - -] Attempt 1 to provision port 1972eacd-d644-434a-b0bb-47d076322f6b /var/lib/openstack/lib/python3.12/site-packages/pycadf/identifier.py:70: UserWarning: Invalid uuid: neutron. To ensure interoperability, identifiers should be a valid uuid. warnings.warn(('Invalid uuid: %s. To ensure interoperability, '
2026-07-17 13:55:15.253 7 INFO neutron.db.ovn_revision_numbers_db [None req-2604ea66-de6f-465d-9161-b420e9b55877 3e7c7ce3ec7a49a3b3e7c3588bb6afa8 260637e470c845d29f9ba7513297cb4f - - default default] Successfully bumped revision number for resource 1739f82a-6747-4b24-abf0-22eaa57a7626 (type: security_groups) to 1
2026-07-17 13:55:15.284 7 INFO neutron.db.ovn_revision_numbers_db [None req-2604ea66-de6f-465d-9161-b420e9b55877 3e7c7ce3ec7a49a3b3e7c3588bb6afa8 260637e470c845d29f9ba7513297cb4f - - default default] Successfully bumped revision number for resource 0861db4e-cc13-4f39-8028-26080296b713 (type: security_group_rules) to 0
2026-07-17 13:55:15.287 8 INFO neutron.plugins.ml2.drivers.ovn.mech_driver.ovsdb.commands [None req-507c8778-714e-47fe-a2e8-ce5def025d64 - - - - - -] Schedule LRP lrp-3ad1dfa2-ce4f-48d1-afde-8f30f4d71cc1 on gateway 6164d361-60dc-4f72-83bd-6f5343b17d92 with priority 1
2026-07-17 13:55:15.332 8 INFO neutron.plugins.ml2.drivers.ovn.mech_driver.mech_driver [None req-86dc8607-b885-4846-82b7-49c895cd192a - - - - - -] OVN reports status up for port: 3ad1dfa2-ce4f-48d1-afde-8f30f4d71cc1
2026-07-17 13:55:15.347 7 INFO neutron.db.ovn_revision_numbers_db [None req-2604ea66-de6f-465d-9161-b420e9b55877 3e7c7ce3ec7a49a3b3e7c3588bb6afa8 260637e470c845d29f9ba7513297cb4f - - default default] Successfully bumped revision number for resource 20d43753-9d4a-4eb8-b111-4a6fd31acb27 (type: security_group_rules) to 0
2026-07-17 13:55:15.362 8 INFO neutron.plugins.ml2.plugin [None req-86dc8607-b885-4846-82b7-49c895cd192a - - - - - -] Attempt 1 to provision port 3ad1dfa2-ce4f-48d1-afde-8f30f4d71cc1
2026-07-17 13:55:15.377 7 INFO neutron.db.ovn_revision_numbers_db [None req-2604ea66-de6f-465d-9161-b420e9b55877 3e7c7ce3ec7a49a3b3e7c3588bb6afa8 260637e470c845d29f9ba7513297cb4f - - default default] Successfully bumped revision number for resource 2f9211ea-0736-46b4-a9b4-8687b55168d9 (type: security_group_rules) to 0
2026-07-17 13:55:15.387 7 INFO neutron.plugins.ml2.drivers.ovn.mech_driver.ovsdb.ovsdb_monitor [None req-fff9f434-32aa-45e2-98c4-6c34ef8e2af8 - - - - - -] Router 574b8b70-6da3-4267-9ad3-31008fa77290 is bound to host instance
2026-07-17 13:55:15.394 8 INFO neutron.db.ovn_revision_numbers_db [None req-564bc70c-4cc9-44b2-869e-cb12506e434d ed3e97af1b704792b1ac3de856873f7b 7de33ca4ce6f4899a96265cad6d88b22 - - default default] Successfully bumped revision number for resource 3ad1dfa2-ce4f-48d1-afde-8f30f4d71cc1 (type: router_ports) to 1
2026-07-17 13:55:15.430 7 INFO neutron.db.ovn_revision_numbers_db [None req-2604ea66-de6f-465d-9161-b420e9b55877 3e7c7ce3ec7a49a3b3e7c3588bb6afa8 260637e470c845d29f9ba7513297cb4f - - default default] Successfully bumped revision number for resource 33e78256-ba41-4f02-89cd-c3ec2ddfe14a (type: security_group_rules) to 0
2026-07-17 13:55:15.507 8 INFO neutron.db.ovn_revision_numbers_db [None req-564bc70c-4cc9-44b2-869e-cb12506e434d ed3e97af1b704792b1ac3de856873f7b 7de33ca4ce6f4899a96265cad6d88b22 - - default default] Successfully bumped revision number for resource 574b8b70-6da3-4267-9ad3-31008fa77290 (type: routers) to 2 [pid: 8|app: 0|req: 970/1914] 10.0.0.162 () {34 vars in 668 bytes} [Fri Jul 17 13:55:12 2026] POST /v2.0/routers => generated 965 bytes in 3043 msecs (HTTP/1.1 201) 4 headers in 162 bytes (1 switches on core 0) [pid: 8|app: 0|req: 971/1915] 10.0.0.234 () {34 vars in 1039 bytes} [Fri Jul 17 13:55:15 2026] GET /v2.0/security-groups?id=b7d959dd-9aa4-4ccd-94c8-94fdc26b3890&fields=id&fields=name => generated 114 bytes in 30 msecs (HTTP/1.1 200) 4 headers in 157 bytes (1 switches on core 0)
2026-07-17 13:55:15.691 8 INFO neutron.db.ovn_revision_numbers_db [None req-debc4dda-d0af-4322-93fe-31b6a8d9da8a ed3e97af1b704792b1ac3de856873f7b 7de33ca4ce6f4899a96265cad6d88b22 - - default default] Successfully bumped revision number for resource d4e638c8-824b-4d63-8a11-06189cf9e322 (type: security_groups) to 1
2026-07-17 13:55:15.707 8 INFO neutron.db.ovn_revision_numbers_db [None req-debc4dda-d0af-4322-93fe-31b6a8d9da8a ed3e97af1b704792b1ac3de856873f7b 7de33ca4ce6f4899a96265cad6d88b22 - - default default] Successfully bumped revision number for resource 00ec39a5-ed97-41e2-b767-a51bab468860 (type: security_group_rules) to 0
2026-07-17 13:55:15.720 8 INFO neutron.db.ovn_revision_numbers_db [None req-debc4dda-d0af-4322-93fe-31b6a8d9da8a ed3e97af1b704792b1ac3de856873f7b 7de33ca4ce6f4899a96265cad6d88b22 - - default default] Successfully bumped revision number for resource 8843b259-b1dc-4726-8d4b-49ccfdcdf46b (type: security_group_rules) to 0
2026-07-17 13:55:15.732 8 INFO neutron.db.ovn_revision_numbers_db [None req-debc4dda-d0af-4322-93fe-31b6a8d9da8a ed3e97af1b704792b1ac3de856873f7b 7de33ca4ce6f4899a96265cad6d88b22 - - default default] Successfully bumped revision number for resource bcc9fc36-aeb3-4444-8092-51c2de276c44 (type: security_group_rules) to 0
2026-07-17 13:55:15.747 8 INFO neutron.db.ovn_revision_numbers_db [None req-debc4dda-d0af-4322-93fe-31b6a8d9da8a ed3e97af1b704792b1ac3de856873f7b 7de33ca4ce6f4899a96265cad6d88b22 - - default default] Successfully bumped revision number for resource c941b67d-0607-4bc0-8921-7ba3facc6989 (type: security_group_rules) to 0
2026-07-17 13:55:15.818 7 INFO neutron.db.ovn_revision_numbers_db [None req-2604ea66-de6f-465d-9161-b420e9b55877 3e7c7ce3ec7a49a3b3e7c3588bb6afa8 260637e470c845d29f9ba7513297cb4f - - default default] Successfully bumped revision number for resource 874bb575-c457-4177-95e7-663a3b891384 (type: security_groups) to 1
2026-07-17 13:55:15.846 8 INFO neutron.db.segments_db [None req-debc4dda-d0af-4322-93fe-31b6a8d9da8a ed3e97af1b704792b1ac3de856873f7b 7de33ca4ce6f4899a96265cad6d88b22 - - default default] Added segment bf9139da-24ce-4cd9-8ac9-e3fad2ddaeaa of type geneve for network 783f87e9-9f44-4b7d-980a-333918a0c0fd
2026-07-17 13:55:15.907 7 INFO neutron.db.ovn_revision_numbers_db [None req-2604ea66-de6f-465d-9161-b420e9b55877 3e7c7ce3ec7a49a3b3e7c3588bb6afa8 260637e470c845d29f9ba7513297cb4f - - default default] Successfully bumped revision number for resource 14f847bd-d599-4f36-adfe-68cf4054b8e4 (type: security_group_rules) to 0
2026-07-17 13:55:15.979 7 INFO neutron.db.ovn_revision_numbers_db [None req-2604ea66-de6f-465d-9161-b420e9b55877 3e7c7ce3ec7a49a3b3e7c3588bb6afa8 260637e470c845d29f9ba7513297cb4f - - default default] Successfully bumped revision number for resource 7ae2a84d-edda-48b2-967e-f9aebf2b7648 (type: security_group_rules) to 0
2026-07-17 13:55:16.003 8 INFO neutron.db.ovn_revision_numbers_db [None req-debc4dda-d0af-4322-93fe-31b6a8d9da8a ed3e97af1b704792b1ac3de856873f7b 7de33ca4ce6f4899a96265cad6d88b22 - - default default] Successfully bumped revision number for resource 783f87e9-9f44-4b7d-980a-333918a0c0fd (type: networks) to 1 [pid: 7|app: 0|req: 945/1916] 10.0.0.162 () {34 vars in 683 bytes} [Fri Jul 17 13:55:14 2026] POST /v2.0/security-groups => generated 1625 bytes in 1340 msecs (HTTP/1.1 201) 4 headers in 163 bytes (1 switches on core 0)
2026-07-17 13:55:16.193 7 INFO neutron.db.ovn_revision_numbers_db [None req-46c446c0-bd92-4bbd-8a63-7c63a6b6038d - - - - - -] Successfully bumped revision number for resource 1972eacd-d644-434a-b0bb-47d076322f6b (type: ports) to 2
2026-07-17 13:55:16.202 8 WARNING neutron.scheduler.dhcp_agent_scheduler [None req-debc4dda-d0af-4322-93fe-31b6a8d9da8a ed3e97af1b704792b1ac3de856873f7b 7de33ca4ce6f4899a96265cad6d88b22 - - default default] No more DHCP agents
2026-07-17 13:55:16.205 8 WARNING neutron.api.rpc.agentnotifiers.dhcp_rpc_agent_api [None req-debc4dda-d0af-4322-93fe-31b6a8d9da8a ed3e97af1b704792b1ac3de856873f7b 7de33ca4ce6f4899a96265cad6d88b22 - - default default] Unable to schedule network 783f87e9-9f44-4b7d-980a-333918a0c0fd: no agents available; will retry on subsequent port and subnet creation events. [pid: 7|app: 0|req: 946/1917] 199.19.213.52 () {34 vars in 1078 bytes} [Fri Jul 17 13:55:16 2026] GET /v2.0/ports?tenant_id=72805cb5b3d74f76a64f61ed8ce863ca&device_id=945c3eaf-a9d9-4641-a998-98c668cf64cd => generated 1207 bytes in 138 msecs (HTTP/1.1 200) 4 headers in 158 bytes (1 switches on core 0)
2026-07-17 13:55:16.282 8 INFO neutron.db.ovn_revision_numbers_db [None req-debc4dda-d0af-4322-93fe-31b6a8d9da8a ed3e97af1b704792b1ac3de856873f7b 7de33ca4ce6f4899a96265cad6d88b22 - - default default] Successfully bumped revision number for resource 572c29d6-4fb3-4537-a964-b8f10cd67994 (type: ports) to 1 [pid: 8|app: 0|req: 972/1918] 10.0.0.162 () {34 vars in 670 bytes} [Fri Jul 17 13:55:15 2026] POST /v2.0/networks => generated 780 bytes in 747 msecs (HTTP/1.1 201) 4 headers in 162 bytes (1 switches on core 0) [pid: 8|app: 0|req: 973/1919] 10.0.0.162 () {32 vars in 662 bytes} [Fri Jul 17 13:55:16 2026] GET /v2.0/security-groups => generated 4530 bytes in 27 msecs (HTTP/1.1 200) 4 headers in 158 bytes (1 switches on core 0) [pid: 8|app: 0|req: 974/1920] 199.19.213.52 () {34 vars in 1016 bytes} [Fri Jul 17 13:55:16 2026] GET /v2.0/networks?tenant_id=72805cb5b3d74f76a64f61ed8ce863ca&shared=False => generated 798 bytes in 45 msecs (HTTP/1.1 200) 4 headers in 157 bytes (1 switches on core 0)
2026-07-17 13:55:16.503 8 WARNING neutron.scheduler.dhcp_agent_scheduler [None req-0a99c64b-0748-4728-91e0-771e9fa36560 ed3e97af1b704792b1ac3de856873f7b 7de33ca4ce6f4899a96265cad6d88b22 - - default default] No more DHCP agents
2026-07-17 13:55:16.505 8 WARNING neutron.api.rpc.agentnotifiers.dhcp_rpc_agent_api [None req-0a99c64b-0748-4728-91e0-771e9fa36560 ed3e97af1b704792b1ac3de856873f7b 7de33ca4ce6f4899a96265cad6d88b22 - - default default] Unable to schedule network 783f87e9-9f44-4b7d-980a-333918a0c0fd: no agents available; will retry on subsequent port and subnet creation events.
2026-07-17 13:55:16.998 8 INFO neutron.db.ovn_revision_numbers_db [None req-709aa772-0767-4916-b19b-67f01c5586d4 - - - - - -] Successfully bumped revision number for resource 572c29d6-4fb3-4537-a964-b8f10cd67994 (type: ports) to 2
2026-07-17 13:55:17.024 8 INFO neutron.db.ovn_revision_numbers_db [None req-709aa772-0767-4916-b19b-67f01c5586d4 - - - - - -] Successfully bumped revision number for resource e1d7f82e-9123-45ee-83be-7ba2c9f41bcd (type: subnets) to 0 [pid: 8|app: 0|req: 975/1921] 10.0.0.162 () {34 vars in 668 bytes} [Fri Jul 17 13:55:16 2026] POST /v2.0/subnets => generated 687 bytes in 678 msecs (HTTP/1.1 201) 4 headers in 162 bytes (1 switches on core 0)
2026-07-17 13:55:17.135 8 INFO neutron.db.ovn_revision_numbers_db [None req-6065255e-c780-4047-a51c-78d786450667 3e7c7ce3ec7a49a3b3e7c3588bb6afa8 260637e470c845d29f9ba7513297cb4f - - default default] Successfully bumped revision number for resource 874bb575-c457-4177-95e7-663a3b891384 (type: security_groups) to 2 [pid: 8|app: 0|req: 976/1922] 10.0.0.162 () {34 vars in 757 bytes} [Fri Jul 17 13:55:17 2026] PUT /v2.0/security-groups/874bb575-c457-4177-95e7-663a3b891384 => generated 1664 bytes in 98 msecs (HTTP/1.1 200) 4 headers in 158 bytes (1 switches on core 0) [pid: 8|app: 0|req: 977/1923] 199.19.213.52 () {34 vars in 928 bytes} [Fri Jul 17 13:55:17 2026] GET /v2.0/networks?shared=True => generated 791 bytes in 43 msecs (HTTP/1.1 200) 4 headers in 157 bytes (1 switches on core 0) [pid: 8|app: 0|req: 978/1924] 10.0.0.234 () {34 vars in 989 bytes} [Fri Jul 17 13:55:17 2026] GET /v2.0/ports?device_id=945c3eaf-a9d9-4641-a998-98c668cf64cd => generated 969 bytes in 37 msecs (HTTP/1.1 200) 4 headers in 157 bytes (1 switches on core 0)
2026-07-17 13:55:17.346 7 WARNING neutron.scheduler.dhcp_agent_scheduler [None req-c4f75c30-5409-4dab-9ff7-608a97da8d61 ed3e97af1b704792b1ac3de856873f7b 7de33ca4ce6f4899a96265cad6d88b22 - - default default] No more DHCP agents
2026-07-17 13:55:17.351 7 WARNING neutron.api.rpc.agentnotifiers.dhcp_rpc_agent_api [None req-c4f75c30-5409-4dab-9ff7-608a97da8d61 ed3e97af1b704792b1ac3de856873f7b 7de33ca4ce6f4899a96265cad6d88b22 - - default default] Unable to schedule network 4f8dc317-1a44-4da2-bfd6-84da8adf7ac3: no agents available; will retry on subsequent port and subnet creation events.
2026-07-17 13:55:17.610 7 INFO neutron.db.ovn_revision_numbers_db [None req-d85937b0-c218-4ae3-a3ac-c2258a3b23ce - - - - - -] Successfully bumped revision number for resource 3ad1dfa2-ce4f-48d1-afde-8f30f4d71cc1 (type: ports) to 4
2026-07-17 13:55:17.613 7 INFO neutron.db.ovn_revision_numbers_db [None req-c4f75c30-5409-4dab-9ff7-608a97da8d61 ed3e97af1b704792b1ac3de856873f7b 7de33ca4ce6f4899a96265cad6d88b22 - - default default] Successfully bumped revision number for resource 953c874c-f73b-4b4c-866d-b637c577b22b (type: ports) to 1
2026-07-17 13:55:17.736 8 WARNING neutron.scheduler.dhcp_agent_scheduler [None req-6065c806-969f-4ab2-a15c-c865ef66d646 ed3e97af1b704792b1ac3de856873f7b 7de33ca4ce6f4899a96265cad6d88b22 - - default default] No more DHCP agents
2026-07-17 13:55:17.737 8 WARNING neutron.api.rpc.agentnotifiers.dhcp_rpc_agent_api [None req-6065c806-969f-4ab2-a15c-c865ef66d646 ed3e97af1b704792b1ac3de856873f7b 7de33ca4ce6f4899a96265cad6d88b22 - - default default] Unable to schedule network f9e46c24-2e3d-4209-ba33-87e7412532be: no agents available; will retry on subsequent port and subnet creation events.
2026-07-17 13:55:17.902 8 INFO neutron.db.ovn_revision_numbers_db [None req-6065c806-969f-4ab2-a15c-c865ef66d646 ed3e97af1b704792b1ac3de856873f7b 7de33ca4ce6f4899a96265cad6d88b22 - - default default] Successfully bumped revision number for resource aa8f9ed0-49cd-404c-88ad-ff5695003b82 (type: ports) to 1
2026-07-17 13:55:18.029 8 INFO neutron.plugins.ml2.drivers.ovn.mech_driver.mech_driver [None req-86dc8607-b885-4846-82b7-49c895cd192a - - - - - -] OVN reports status down for port: 953c874c-f73b-4b4c-866d-b637c577b22b
2026-07-17 13:55:18.174 8 INFO neutron.plugins.ml2.drivers.ovn.mech_driver.mech_driver [None req-86dc8607-b885-4846-82b7-49c895cd192a - - - - - -] OVN reports status down for port: aa8f9ed0-49cd-404c-88ad-ff5695003b82
2026-07-17 13:55:18.334 7 INFO neutron.db.ovn_revision_numbers_db [None req-d85937b0-c218-4ae3-a3ac-c2258a3b23ce - - - - - -] Successfully bumped revision number for resource 3ad1dfa2-ce4f-48d1-afde-8f30f4d71cc1 (type: ports) to 5
2026-07-17 13:55:18.692 8 INFO neutron.plugins.ml2.drivers.ovn.mech_driver.mech_driver [None req-86dc8607-b885-4846-82b7-49c895cd192a - - - - - -] OVN reports status up for port: 953c874c-f73b-4b4c-866d-b637c577b22b
2026-07-17 13:55:18.722 8 INFO neutron.plugins.ml2.drivers.ovn.mech_driver.ovsdb.commands [None req-507c8778-714e-47fe-a2e8-ce5def025d64 - - - - - -] Schedule LRP lrp-aa8f9ed0-49cd-404c-88ad-ff5695003b82 on gateway 6164d361-60dc-4f72-83bd-6f5343b17d92 with priority 1
2026-07-17 13:55:18.726 8 INFO neutron.plugins.ml2.plugin [None req-86dc8607-b885-4846-82b7-49c895cd192a - - - - - -] Attempt 1 to provision port 953c874c-f73b-4b4c-866d-b637c577b22b
2026-07-17 13:55:18.816 7 INFO neutron.plugins.ml2.drivers.ovn.mech_driver.ovsdb.ovsdb_monitor [None req-d85937b0-c218-4ae3-a3ac-c2258a3b23ce - - - - - -] Router 519080ca-9706-4a66-92ce-4a1969395bc6 is bound to host instance
2026-07-17 13:55:18.817 8 INFO neutron.db.ovn_revision_numbers_db [None req-6065c806-969f-4ab2-a15c-c865ef66d646 ed3e97af1b704792b1ac3de856873f7b 7de33ca4ce6f4899a96265cad6d88b22 - - default default] Successfully bumped revision number for resource aa8f9ed0-49cd-404c-88ad-ff5695003b82 (type: router_ports) to 1
2026-07-17 13:55:18.832 7 WARNING neutron.scheduler.dhcp_agent_scheduler [None req-c4f75c30-5409-4dab-9ff7-608a97da8d61 ed3e97af1b704792b1ac3de856873f7b 7de33ca4ce6f4899a96265cad6d88b22 - - default default] No more DHCP agents
2026-07-17 13:55:18.835 7 WARNING neutron.api.rpc.agentnotifiers.dhcp_rpc_agent_api [None req-c4f75c30-5409-4dab-9ff7-608a97da8d61 ed3e97af1b704792b1ac3de856873f7b 7de33ca4ce6f4899a96265cad6d88b22 - - default default] Unable to schedule network 4f8dc317-1a44-4da2-bfd6-84da8adf7ac3: no agents available; will retry on subsequent port and subnet creation events.
2026-07-17 13:55:18.970 8 INFO neutron.db.ovn_revision_numbers_db [None req-6065c806-969f-4ab2-a15c-c865ef66d646 ed3e97af1b704792b1ac3de856873f7b 7de33ca4ce6f4899a96265cad6d88b22 - - default default] Successfully bumped revision number for resource 519080ca-9706-4a66-92ce-4a1969395bc6 (type: routers) to 2 [pid: 8|app: 0|req: 979/1925] 10.0.0.162 () {34 vars in 668 bytes} [Fri Jul 17 13:55:17 2026] POST /v2.0/routers => generated 965 bytes in 1787 msecs (HTTP/1.1 201) 4 headers in 162 bytes (1 switches on core 0) [pid: 8|app: 0|req: 980/1926] 10.0.0.162 () {32 vars in 736 bytes} [Fri Jul 17 13:55:19 2026] GET /v2.0/security-groups/874bb575-c457-4177-95e7-663a3b891384 => generated 1664 bytes in 47 msecs (HTTP/1.1 200) 4 headers in 158 bytes (1 switches on core 0) [pid: 8|app: 0|req: 981/1927] 10.0.0.234 () {34 vars in 1039 bytes} [Fri Jul 17 13:55:19 2026] GET /v2.0/security-groups?id=b7d959dd-9aa4-4ccd-94c8-94fdc26b3890&fields=id&fields=name => generated 114 bytes in 68 msecs (HTTP/1.1 200) 4 headers in 157 bytes (1 switches on core 0) [pid: 8|app: 0|req: 982/1928] 199.19.213.52 () {34 vars in 1078 bytes} [Fri Jul 17 13:55:19 2026] GET /v2.0/ports?tenant_id=72805cb5b3d74f76a64f61ed8ce863ca&device_id=945c3eaf-a9d9-4641-a998-98c668cf64cd => generated 1207 bytes in 60 msecs (HTTP/1.1 200) 4 headers in 158 bytes (1 switches on core 0)
2026-07-17 13:55:19.479 8 INFO neutron.db.ovn_revision_numbers_db [None req-86dc8607-b885-4846-82b7-49c895cd192a - - - - - -] Successfully bumped revision number for resource 953c874c-f73b-4b4c-866d-b637c577b22b (type: ports) to 2
2026-07-17 13:55:19.780 7 INFO neutron.db.ovn_revision_numbers_db [None req-c4f75c30-5409-4dab-9ff7-608a97da8d61 ed3e97af1b704792b1ac3de856873f7b 7de33ca4ce6f4899a96265cad6d88b22 - - default default] Successfully bumped revision number for resource 953c874c-f73b-4b4c-866d-b637c577b22b (type: router_ports) to 1 [pid: 7|app: 0|req: 947/1929] 10.0.0.162 () {34 vars in 782 bytes} [Fri Jul 17 13:55:16 2026] PUT /v2.0/routers/574b8b70-6da3-4267-9ad3-31008fa77290/add_router_interface => generated 309 bytes in 3520 msecs (HTTP/1.1 200) 4 headers in 157 bytes (1 switches on core 0)
2026-07-17 13:55:19.946 8 WARNING neutron.scheduler.dhcp_agent_scheduler [None req-bc5cbdff-ef66-4ece-8390-317af5dfed78 ed3e97af1b704792b1ac3de856873f7b 7de33ca4ce6f4899a96265cad6d88b22 - - default default] No more DHCP agents
2026-07-17 13:55:19.947 8 WARNING neutron.api.rpc.agentnotifiers.dhcp_rpc_agent_api [None req-bc5cbdff-ef66-4ece-8390-317af5dfed78 ed3e97af1b704792b1ac3de856873f7b 7de33ca4ce6f4899a96265cad6d88b22 - - default default] Unable to schedule network 783f87e9-9f44-4b7d-980a-333918a0c0fd: no agents available; will retry on subsequent port and subnet creation events. [pid: 7|app: 0|req: 948/1930] 10.0.0.162 () {32 vars in 739 bytes} [Fri Jul 17 13:55:19 2026] DELETE /v2.0/security-groups/874bb575-c457-4177-95e7-663a3b891384 => generated 0 bytes in 290 msecs (HTTP/1.1 204) 2 headers in 112 bytes (1 switches on core 0)
2026-07-17 13:55:20.101 8 INFO neutron.db.ovn_revision_numbers_db [None req-bc5cbdff-ef66-4ece-8390-317af5dfed78 ed3e97af1b704792b1ac3de856873f7b 7de33ca4ce6f4899a96265cad6d88b22 - - default default] Successfully bumped revision number for resource 0a6ef150-752e-4e05-b993-aee3d730ee11 (type: ports) to 1 [pid: 7|app: 0|req: 949/1931] 199.19.213.52 () {34 vars in 1056 bytes} [Fri Jul 17 13:55:20 2026] GET /v2.0/floatingips?fixed_ip_address=10.100.0.9&port_id=b8dd3701-0b2a-45d8-be6d-1d2ec74e5c1e => generated 19 bytes in 59 msecs (HTTP/1.1 200) 4 headers in 156 bytes (1 switches on core 0) [pid: 7|app: 0|req: 950/1932] 10.0.0.162 () {32 vars in 662 bytes} [Fri Jul 17 13:55:20 2026] GET /v2.0/security-groups => generated 2925 bytes in 66 msecs (HTTP/1.1 200) 4 headers in 158 bytes (1 switches on core 0) [pid: 7|app: 0|req: 951/1933] 199.19.213.52 () {34 vars in 982 bytes} [Fri Jul 17 13:55:20 2026] GET /v2.0/subnets?id=e5bb6697-1bc0-47bb-8de6-8e11f1a50bd7 => generated 678 bytes in 72 msecs (HTTP/1.1 200) 4 headers in 157 bytes (1 switches on core 0) [pid: 7|app: 0|req: 952/1934] 10.0.0.234 () {34 vars in 989 bytes} [Fri Jul 17 13:55:20 2026] GET /v2.0/ports?device_id=945c3eaf-a9d9-4641-a998-98c668cf64cd => generated 969 bytes in 171 msecs (HTTP/1.1 200) 4 headers in 157 bytes (1 switches on core 0)
2026-07-17 13:55:20.453 7 INFO neutron.db.ovn_revision_numbers_db [None req-be72d2d8-6394-4c27-b2a2-b0c25c643de3 - - - - - -] Successfully bumped revision number for resource aa8f9ed0-49cd-404c-88ad-ff5695003b82 (type: ports) to 4
2026-07-17 13:55:20.471 7 INFO neutron.api.v2.resource [None req-220b5497-03a7-454a-8de6-cb8a4c21442b 3e7c7ce3ec7a49a3b3e7c3588bb6afa8 260637e470c845d29f9ba7513297cb4f - - default default] delete failed (client error): The resource could not be found. [pid: 7|app: 0|req: 953/1935] 10.0.0.162 () {32 vars in 739 bytes} [Fri Jul 17 13:55:20 2026] DELETE /v2.0/security-groups/874bb575-c457-4177-95e7-663a3b891384 => generated 146 bytes in 19 msecs (HTTP/1.1 404) 4 headers in 164 bytes (1 switches on core 0) [pid: 7|app: 0|req: 954/1936] 199.19.213.52 () {34 vars in 1050 bytes} [Fri Jul 17 13:55:20 2026] GET /v2.0/ports?network_id=285515a9-4fc1-43e0-a804-a5f6348fefc5&device_owner=network%3Adhcp => generated 12 bytes in 43 msecs (HTTP/1.1 200) 4 headers in 156 bytes (1 switches on core 0) [pid: 7|app: 0|req: 955/1937] 10.0.0.234 () {34 vars in 1039 bytes} [Fri Jul 17 13:55:20 2026] GET /v2.0/security-groups?id=b7d959dd-9aa4-4ccd-94c8-94fdc26b3890&fields=id&fields=name => generated 114 bytes in 59 msecs (HTTP/1.1 200) 4 headers in 157 bytes (1 switches on core 0)
2026-07-17 13:55:20.819 8 WARNING neutron.scheduler.dhcp_agent_scheduler [None req-bc5cbdff-ef66-4ece-8390-317af5dfed78 ed3e97af1b704792b1ac3de856873f7b 7de33ca4ce6f4899a96265cad6d88b22 - - default default] No more DHCP agents
2026-07-17 13:55:20.822 8 WARNING neutron.api.rpc.agentnotifiers.dhcp_rpc_agent_api [None req-bc5cbdff-ef66-4ece-8390-317af5dfed78 ed3e97af1b704792b1ac3de856873f7b 7de33ca4ce6f4899a96265cad6d88b22 - - default default] Unable to schedule network 783f87e9-9f44-4b7d-980a-333918a0c0fd: no agents available; will retry on subsequent port and subnet creation events.
2026-07-17 13:55:20.839 7 INFO neutron.db.ovn_revision_numbers_db [None req-ff9d50ca-4f47-48b1-9a87-1bb2743b2f75 3e7c7ce3ec7a49a3b3e7c3588bb6afa8 260637e470c845d29f9ba7513297cb4f - - default default] Successfully bumped revision number for resource fcacf558-f6ab-4d3a-94cc-1f82a300ab6a (type: security_groups) to 1
2026-07-17 13:55:20.868 7 INFO neutron.db.ovn_revision_numbers_db [None req-ff9d50ca-4f47-48b1-9a87-1bb2743b2f75 3e7c7ce3ec7a49a3b3e7c3588bb6afa8 260637e470c845d29f9ba7513297cb4f - - default default] Successfully bumped revision number for resource 1cf9b637-9959-4a3d-b49f-f88b043d0e73 (type: security_group_rules) to 0
2026-07-17 13:55:20.887 7 INFO neutron.db.ovn_revision_numbers_db [None req-ff9d50ca-4f47-48b1-9a87-1bb2743b2f75 3e7c7ce3ec7a49a3b3e7c3588bb6afa8 260637e470c845d29f9ba7513297cb4f - - default default] Successfully bumped revision number for resource af1d8302-6a8b-4d41-9832-db00c8c73b37 (type: security_group_rules) to 0 [pid: 7|app: 0|req: 956/1938] 10.0.0.162 () {34 vars in 683 bytes} [Fri Jul 17 13:55:20 2026] POST /v2.0/security-groups => generated 1625 bytes in 412 msecs (HTTP/1.1 201) 4 headers in 163 bytes (1 switches on core 0)
2026-07-17 13:55:21.106 7 INFO neutron.db.ovn_revision_numbers_db [None req-be72d2d8-6394-4c27-b2a2-b0c25c643de3 - - - - - -] Successfully bumped revision number for resource aa8f9ed0-49cd-404c-88ad-ff5695003b82 (type: ports) to 5 [pid: 7|app: 0|req: 957/1939] 199.19.213.52 () {34 vars in 1010 bytes} [Fri Jul 17 13:55:20 2026] GET /v2.0/networks/285515a9-4fc1-43e0-a804-a5f6348fefc5?fields=segments => generated 14 bytes in 119 msecs (HTTP/1.1 200) 4 headers in 156 bytes (1 switches on core 0)
2026-07-17 13:55:21.349 8 INFO neutron.db.ovn_revision_numbers_db [None req-bc5cbdff-ef66-4ece-8390-317af5dfed78 ed3e97af1b704792b1ac3de856873f7b 7de33ca4ce6f4899a96265cad6d88b22 - - default default] Successfully bumped revision number for resource 0a6ef150-752e-4e05-b993-aee3d730ee11 (type: router_ports) to 1 [pid: 8|app: 0|req: 983/1940] 10.0.0.162 () {34 vars in 782 bytes} [Fri Jul 17 13:55:19 2026] PUT /v2.0/routers/519080ca-9706-4a66-92ce-4a1969395bc6/add_router_interface => generated 309 bytes in 2155 msecs (HTTP/1.1 200) 4 headers in 157 bytes (1 switches on core 0) [pid: 8|app: 0|req: 984/1941] 199.19.213.52 () {34 vars in 1110 bytes} [Fri Jul 17 13:55:21 2026] GET /v2.0/networks/285515a9-4fc1-43e0-a804-a5f6348fefc5?fields=provider%3Aphysical_network&fields=provider%3Anetwork_type => generated 79 bytes in 39 msecs (HTTP/1.1 200) 4 headers in 156 bytes (1 switches on core 0)
2026-07-17 13:55:21.454 7 INFO neutron.db.ovn_revision_numbers_db [None req-36e390a8-f0aa-443a-ab88-36b4594bbbb8 3e7c7ce3ec7a49a3b3e7c3588bb6afa8 260637e470c845d29f9ba7513297cb4f - - default default] Successfully bumped revision number for resource 2570f40e-5ea8-4317-b282-cdfc1e4c8594 (type: security_group_rules) to 0 [pid: 7|app: 0|req: 958/1942] 10.0.0.162 () {34 vars in 694 bytes} [Fri Jul 17 13:55:21 2026] POST /v2.0/security-group-rules => generated 601 bytes in 380 msecs (HTTP/1.1 201) 4 headers in 162 bytes (1 switches on core 0) [pid: 8|app: 0|req: 985/1943] 10.0.0.162 () {32 vars in 746 bytes} [Fri Jul 17 13:55:21 2026] GET /v2.0/security-group-rules/2570f40e-5ea8-4317-b282-cdfc1e4c8594 => generated 601 bytes in 23 msecs (HTTP/1.1 200) 4 headers in 157 bytes (1 switches on core 0) [pid: 7|app: 0|req: 959/1944] 10.0.0.162 () {32 vars in 672 bytes} [Fri Jul 17 13:55:21 2026] GET /v2.0/security-group-rules => generated 4138 bytes in 82 msecs (HTTP/1.1 200) 4 headers in 158 bytes (1 switches on core 0) [pid: 7|app: 0|req: 960/1945] 10.0.0.234 () {34 vars in 989 bytes} [Fri Jul 17 13:55:21 2026] GET /v2.0/ports?device_id=945c3eaf-a9d9-4641-a998-98c668cf64cd => generated 969 bytes in 46 msecs (HTTP/1.1 200) 4 headers in 157 bytes (1 switches on core 0) [pid: 7|app: 0|req: 961/1946] 10.0.0.234 () {34 vars in 1039 bytes} [Fri Jul 17 13:55:21 2026] GET /v2.0/security-groups?id=b7d959dd-9aa4-4ccd-94c8-94fdc26b3890&fields=id&fields=name => generated 114 bytes in 36 msecs (HTTP/1.1 200) 4 headers in 157 bytes (1 switches on core 0) [pid: 8|app: 0|req: 986/1947] 10.0.0.162 () {32 vars in 749 bytes} [Fri Jul 17 13:55:21 2026] DELETE /v2.0/security-group-rules/2570f40e-5ea8-4317-b282-cdfc1e4c8594 => generated 0 bytes in 119 msecs (HTTP/1.1 204) 2 headers in 112 bytes (1 switches on core 0) [pid: 7|app: 0|req: 962/1948] 10.0.0.162 () {32 vars in 672 bytes} [Fri Jul 17 13:55:21 2026] GET /v2.0/security-group-rules => generated 3560 bytes in 56 msecs (HTTP/1.1 200) 4 headers in 158 bytes (1 switches on core 0)
2026-07-17 13:55:21.814 7 WARNING neutron.plugins.ml2.drivers.ovn.mech_driver.ovsdb.ovn_client [None req-1a0145ff-c972-4e6e-b79f-f7d8716f617a - - - - - -] No hosting information found for port 1972eacd-d644-434a-b0bb-47d076322f6b: RuntimeError: No hosting information found for port 1972eacd-d644-434a-b0bb-47d076322f6b
2026-07-17 13:55:21.899 7 INFO neutron.db.ovn_revision_numbers_db [None req-1a0145ff-c972-4e6e-b79f-f7d8716f617a - - - - - -] Successfully bumped revision number for resource 1972eacd-d644-434a-b0bb-47d076322f6b (type: router_ports) to 2
2026-07-17 13:55:21.945 8 INFO neutron.db.ovn_revision_numbers_db [None req-70ce915a-02c7-4f71-aea7-4a47a178ebea 3e7c7ce3ec7a49a3b3e7c3588bb6afa8 260637e470c845d29f9ba7513297cb4f - - default default] Successfully bumped revision number for resource 0572724b-7ac4-4722-b03b-84f6ca8535f5 (type: security_group_rules) to 0
2026-07-17 13:55:21.979 7 INFO neutron.plugins.ml2.drivers.ovn.mech_driver.mech_driver [None req-1a0145ff-c972-4e6e-b79f-f7d8716f617a - - - - - -] OVN reports status down for port: 572c29d6-4fb3-4537-a964-b8f10cd67994 [pid: 8|app: 0|req: 987/1949] 10.0.0.162 () {34 vars in 694 bytes} [Fri Jul 17 13:55:21 2026] POST /v2.0/security-group-rules => generated 601 bytes in 224 msecs (HTTP/1.1 201) 4 headers in 162 bytes (1 switches on core 0) [pid: 7|app: 0|req: 963/1950] 10.0.0.234 () {34 vars in 981 bytes} [Fri Jul 17 13:55:21 2026] GET /v2.0/networks?id=4f8dc317-1a44-4da2-bfd6-84da8adf7ac3 => generated 710 bytes in 106 msecs (HTTP/1.1 200) 4 headers in 157 bytes (1 switches on core 0) [pid: 7|app: 0|req: 964/1951] 10.0.0.162 () {32 vars in 746 bytes} [Fri Jul 17 13:55:22 2026] GET /v2.0/security-group-rules/0572724b-7ac4-4722-b03b-84f6ca8535f5 => generated 601 bytes in 29 msecs (HTTP/1.1 200) 4 headers in 157 bytes (1 switches on core 0)
2026-07-17 13:55:22.112 7 INFO neutron.plugins.ml2.drivers.ovn.mech_driver.mech_driver [None req-1a0145ff-c972-4e6e-b79f-f7d8716f617a - - - - - -] OVN reports status down for port: 0a6ef150-752e-4e05-b993-aee3d730ee11 [pid: 7|app: 0|req: 965/1952] 10.0.0.234 () {34 vars in 964 bytes} [Fri Jul 17 13:55:22 2026] GET /v2.0/quotas/97a2149026d1460b8b3dde905e15db6c => generated 292 bytes in 17 msecs (HTTP/1.1 200) 4 headers in 157 bytes (1 switches on core 0)
2026-07-17 13:55:22.165 8 INFO neutron.db.ovn_revision_numbers_db [None req-3a524210-8981-49a6-a939-bc0d550c788e f808203af7c24720a6be3f2794e22497 32ce758e85504c539c27e734cfd5578a - - default default] Successfully bumped revision number for resource 3cfbc95b-9dbd-47e2-9441-1222ee5a38c9 (type: security_groups) to 1
2026-07-17 13:55:22.180 8 INFO neutron.db.ovn_revision_numbers_db [None req-3a524210-8981-49a6-a939-bc0d550c788e f808203af7c24720a6be3f2794e22497 32ce758e85504c539c27e734cfd5578a - - default default] Successfully bumped revision number for resource 85d7e91b-1f0a-4495-86f2-93a12d17e8bd (type: security_group_rules) to 0
