2026-07-17 13:54:01.436 7 INFO neutron.plugins.ml2.drivers.ovn.mech_driver.mech_driver [None req-08ec968e-8630-489f-b2ec-83ac51464a6b - - - - - -] OVN reports status down for port: db80e701-17a0-427d-99ca-5d163cb732e5
2026-07-17 13:54:01.464 8 INFO neutron.db.ovn_revision_numbers_db [None req-93d4c24a-67c7-46ee-8bef-fd0dc173987f ea4f4dd2d77845a688822ad1af84d9b8 906df714578b4a68a376a942aa4e602d - - default default] Successfully bumped revision number for resource db80e701-17a0-427d-99ca-5d163cb732e5 (type: ports) to 1 [pid: 8|app: 0|req: 725/1436] 10.0.0.162 () {34 vars in 664 bytes} [Fri Jul 17 13:54:01 2026] POST /v2.0/ports => generated 927 bytes in 431 msecs (HTTP/1.1 201) 4 headers in 162 bytes (1 switches on core 0)
2026-07-17 13:54:01.691 7 INFO neutron_taas.services.taas.taas_plugin [None req-0cc6f4da-3782-4f2d-b2c2-bd9b300a3655 ea4f4dd2d77845a688822ad1af84d9b8 906df714578b4a68a376a942aa4e602d - - default default] TaaS: Handle Delete Port: db80e701-17a0-427d-99ca-5d163cb732e5
2026-07-17 13:54:01.693 7 INFO neutron_taas.services.taas.tap_mirror_plugin [None req-0cc6f4da-3782-4f2d-b2c2-bd9b300a3655 ea4f4dd2d77845a688822ad1af84d9b8 906df714578b4a68a376a942aa4e602d - - default default] Tap Mirror: Handle Delete Port: db80e701-17a0-427d-99ca-5d163cb732e5 [pid: 7|app: 0|req: 712/1437] 10.0.0.162 () {32 vars in 719 bytes} [Fri Jul 17 13:54:01 2026] DELETE /v2.0/ports/db80e701-17a0-427d-99ca-5d163cb732e5 => generated 0 bytes in 278 msecs (HTTP/1.1 204) 3 headers in 131 bytes (1 switches on core 0)
2026-07-17 13:54:01.847 7 INFO neutron.pecan_wsgi.hooks.translation [None req-749c0487-aae5-4e79-ad63-cb94a9399362 ea4f4dd2d77845a688822ad1af84d9b8 906df714578b4a68a376a942aa4e602d - - default default] GET failed (client error): The resource could not be found. [pid: 7|app: 0|req: 713/1438] 10.0.0.162 () {32 vars in 716 bytes} [Fri Jul 17 13:54:01 2026] GET /v2.0/ports/db80e701-17a0-427d-99ca-5d163cb732e5 => generated 132 bytes in 19 msecs (HTTP/1.1 404) 4 headers in 164 bytes (1 switches on core 0)
2026-07-17 13:54:01.980 8 INFO neutron.db.ovn_revision_numbers_db [None req-8038d9f5-34af-4511-8cb4-4ff73767d477 ed3e97af1b704792b1ac3de856873f7b 7de33ca4ce6f4899a96265cad6d88b22 - - default default] Successfully bumped revision number for resource 4c27fa64-96a9-4d9d-b050-5138dcb49faf (type: security_groups) to 1
2026-07-17 13:54:02.005 8 INFO neutron.db.ovn_revision_numbers_db [None req-8038d9f5-34af-4511-8cb4-4ff73767d477 ed3e97af1b704792b1ac3de856873f7b 7de33ca4ce6f4899a96265cad6d88b22 - - default default] Successfully bumped revision number for resource 1c64c127-0c17-4d53-b2a4-606fb22337ad (type: security_group_rules) to 0 [pid: 7|app: 0|req: 714/1439] 10.0.0.162 () {32 vars in 723 bytes} [Fri Jul 17 13:54:01 2026] DELETE /v2.0/subnets/d4931cfb-1ff7-420b-8389-e69ef416fb81 => generated 0 bytes in 162 msecs (HTTP/1.1 204) 3 headers in 131 bytes (1 switches on core 0)
2026-07-17 13:54:02.022 8 INFO neutron.db.ovn_revision_numbers_db [None req-8038d9f5-34af-4511-8cb4-4ff73767d477 ed3e97af1b704792b1ac3de856873f7b 7de33ca4ce6f4899a96265cad6d88b22 - - default default] Successfully bumped revision number for resource 29b751c1-e366-483e-9117-8256ea7d8f0c (type: security_group_rules) to 0
2026-07-17 13:54:02.041 8 INFO neutron.db.ovn_revision_numbers_db [None req-8038d9f5-34af-4511-8cb4-4ff73767d477 ed3e97af1b704792b1ac3de856873f7b 7de33ca4ce6f4899a96265cad6d88b22 - - default default] Successfully bumped revision number for resource 2ee77ffd-2aab-46aa-a901-94568a5bf18c (type: security_group_rules) to 0
2026-07-17 13:54:02.059 8 INFO neutron.db.ovn_revision_numbers_db [None req-8038d9f5-34af-4511-8cb4-4ff73767d477 ed3e97af1b704792b1ac3de856873f7b 7de33ca4ce6f4899a96265cad6d88b22 - - default default] Successfully bumped revision number for resource 4f9dbe1b-bfd7-4fee-ad1e-cb211a82ee94 (type: security_group_rules) to 0 [pid: 8|app: 0|req: 726/1440] 10.0.0.162 () {32 vars in 773 bytes} [Fri Jul 17 13:54:01 2026] GET /v2.0/security-groups?tenant_id=c7377288759d42649c6a121a95cc5dd8&name=default => generated 2925 bytes in 369 msecs (HTTP/1.1 200) 4 headers in 158 bytes (1 switches on core 0)
2026-07-17 13:54:02.156 7 INFO neutron_taas.services.taas.taas_plugin [None req-dce9c09e-8076-4481-a456-8c5bc3ff3224 ea4f4dd2d77845a688822ad1af84d9b8 906df714578b4a68a376a942aa4e602d - - default default] TaaS: Handle Delete Port: 5b9131bb-e7c3-4a28-9149-fdf012c3cd79
2026-07-17 13:54:02.159 7 INFO neutron_taas.services.taas.tap_mirror_plugin [None req-dce9c09e-8076-4481-a456-8c5bc3ff3224 ea4f4dd2d77845a688822ad1af84d9b8 906df714578b4a68a376a942aa4e602d - - default default] Tap Mirror: Handle Delete Port: 5b9131bb-e7c3-4a28-9149-fdf012c3cd79 [pid: 8|app: 0|req: 727/1441] 10.0.0.162 () {32 vars in 739 bytes} [Fri Jul 17 13:54:02 2026] DELETE /v2.0/security-groups/4c27fa64-96a9-4d9d-b050-5138dcb49faf => generated 0 bytes in 257 msecs (HTTP/1.1 204) 2 headers in 112 bytes (1 switches on core 0)
2026-07-17 13:54:02.370 7 INFO neutron.services.segments.plugin [-] Segment bb9d83ad-5db0-4b65-81aa-390b3217da6d resource provider aggregate not found
2026-07-17 13:54:02.373 7 INFO neutron.services.segments.plugin [-] Segment bb9d83ad-5db0-4b65-81aa-390b3217da6d resource provider aggregate not found
2026-07-17 13:54:02.394 7 INFO neutron.services.segments.plugin [-] Client error retrieving segment bb9d83ad-5db0-4b65-81aa-390b3217da6d resource provider; error: Placement Client Error (4xx): {"errors": [{"status": 404, "title": "Not Found", "detail": "The resource could not be found.\n\n No resource provider with uuid bb9d83ad-5db0-4b65-81aa-390b3217da6d found for delete ", "request_id": "req-669c2303-653f-45a5-9b2f-71dbb56a6e39"}]}
2026-07-17 13:54:02.398 7 INFO neutron.services.segments.plugin [-] Client error retrieving segment bb9d83ad-5db0-4b65-81aa-390b3217da6d resource provider; error: Placement Client Error (4xx): {"errors": [{"status": 404, "title": "Not Found", "detail": "The resource could not be found.\n\n No resource provider with uuid bb9d83ad-5db0-4b65-81aa-390b3217da6d found for delete ", "request_id": "req-ec91b078-301f-4730-b264-5fb7d185c095"}]} [pid: 7|app: 0|req: 715/1442] 10.0.0.162 () {32 vars in 725 bytes} [Fri Jul 17 13:54:02 2026] DELETE /v2.0/networks/3416ed88-5f27-4adf-9af6-4b318a081756 => generated 0 bytes in 404 msecs (HTTP/1.1 204) 3 headers in 131 bytes (1 switches on core 0)
2026-07-17 13:54:02.718 7 INFO neutron.db.ovn_revision_numbers_db [None req-f29d1478-b179-4511-86ab-2490992b0d17 ed3e97af1b704792b1ac3de856873f7b 7de33ca4ce6f4899a96265cad6d88b22 - - default default] Successfully bumped revision number for resource 819b6df8-dce6-4db5-88f3-43b8ef3cd60d (type: security_groups) to 1
2026-07-17 13:54:02.730 7 INFO neutron.db.ovn_revision_numbers_db [None req-f29d1478-b179-4511-86ab-2490992b0d17 ed3e97af1b704792b1ac3de856873f7b 7de33ca4ce6f4899a96265cad6d88b22 - - default default] Successfully bumped revision number for resource 1176d26b-4683-4eb6-bf7e-53860c1cea63 (type: security_group_rules) to 0
2026-07-17 13:54:02.742 7 INFO neutron.db.ovn_revision_numbers_db [None req-f29d1478-b179-4511-86ab-2490992b0d17 ed3e97af1b704792b1ac3de856873f7b 7de33ca4ce6f4899a96265cad6d88b22 - - default default] Successfully bumped revision number for resource 619321ea-9469-4342-9371-6d3ed539a84c (type: security_group_rules) to 0
2026-07-17 13:54:02.752 7 INFO neutron.db.ovn_revision_numbers_db [None req-f29d1478-b179-4511-86ab-2490992b0d17 ed3e97af1b704792b1ac3de856873f7b 7de33ca4ce6f4899a96265cad6d88b22 - - default default] Successfully bumped revision number for resource b9766402-874c-4cb9-8e7c-da16b2868f16 (type: security_group_rules) to 0
2026-07-17 13:54:02.763 8 WARNING neutron.scheduler.dhcp_agent_scheduler [None req-4fce06a7-90ca-4c29-8485-2bfae880304e ea4f4dd2d77845a688822ad1af84d9b8 906df714578b4a68a376a942aa4e602d - - default default] No more DHCP agents
2026-07-17 13:54:02.764 7 INFO neutron.db.ovn_revision_numbers_db [None req-f29d1478-b179-4511-86ab-2490992b0d17 ed3e97af1b704792b1ac3de856873f7b 7de33ca4ce6f4899a96265cad6d88b22 - - default default] Successfully bumped revision number for resource e94a33e2-48c4-4f1c-9b64-cbfa46c9d406 (type: security_group_rules) to 0
2026-07-17 13:54:02.764 8 WARNING neutron.api.rpc.agentnotifiers.dhcp_rpc_agent_api [None req-4fce06a7-90ca-4c29-8485-2bfae880304e ea4f4dd2d77845a688822ad1af84d9b8 906df714578b4a68a376a942aa4e602d - - default default] Unable to schedule network 4225d334-80c6-4f26-9968-192430470951: no agents available; will retry on subsequent port and subnet creation events. [pid: 7|app: 0|req: 716/1443] 10.0.0.162 () {32 vars in 773 bytes} [Fri Jul 17 13:54:02 2026] GET /v2.0/security-groups?tenant_id=087b88fa629342cd86f8ad42eef9674c&name=default => generated 2925 bytes in 219 msecs (HTTP/1.1 200) 4 headers in 158 bytes (1 switches on core 0)
2026-07-17 13:54:02.825 8 INFO neutron.plugins.ml2.drivers.ovn.mech_driver.mech_driver [None req-02770ec4-0cb3-4ed9-bf13-bafcaf1410fc - - - - - -] OVN reports status down for port: d371cdea-4c4a-4bd2-8e90-79e773671b4e
2026-07-17 13:54:02.898 8 INFO neutron.db.ovn_revision_numbers_db [None req-4fce06a7-90ca-4c29-8485-2bfae880304e ea4f4dd2d77845a688822ad1af84d9b8 906df714578b4a68a376a942aa4e602d - - default default] Successfully bumped revision number for resource d371cdea-4c4a-4bd2-8e90-79e773671b4e (type: ports) to 1 [pid: 8|app: 0|req: 728/1444] 10.0.0.162 () {34 vars in 664 bytes} [Fri Jul 17 13:54:02 2026] POST /v2.0/ports => generated 779 bytes in 588 msecs (HTTP/1.1 201) 4 headers in 162 bytes (1 switches on core 0) /var/lib/openstack/lib/python3.12/site-packages/pycadf/identifier.py:70: UserWarning: Invalid uuid: neutron. To ensure interoperability, identifiers should be a valid uuid. warnings.warn(('Invalid uuid: %s. To ensure interoperability, ' [pid: 7|app: 0|req: 717/1445] 10.0.0.162 () {32 vars in 739 bytes} [Fri Jul 17 13:54:02 2026] DELETE /v2.0/security-groups/819b6df8-dce6-4db5-88f3-43b8ef3cd60d => generated 0 bytes in 299 msecs (HTTP/1.1 204) 2 headers in 112 bytes (1 switches on core 0)
2026-07-17 13:54:03.268 8 INFO neutron.plugins.ml2.drivers.ovn.mech_driver.mech_driver [None req-02770ec4-0cb3-4ed9-bf13-bafcaf1410fc - - - - - -] OVN reports status down for port: d371cdea-4c4a-4bd2-8e90-79e773671b4e
2026-07-17 13:54:03.331 8 INFO neutron.db.ovn_revision_numbers_db [None req-7f000a64-2850-4a1b-894b-f61366bd346d ea4f4dd2d77845a688822ad1af84d9b8 906df714578b4a68a376a942aa4e602d - - default default] Successfully bumped revision number for resource d371cdea-4c4a-4bd2-8e90-79e773671b4e (type: ports) to 2 [pid: 8|app: 0|req: 729/1446] 10.0.0.162 () {34 vars in 736 bytes} [Fri Jul 17 13:54:03 2026] PUT /v2.0/ports/d371cdea-4c4a-4bd2-8e90-79e773671b4e => generated 752 bytes in 344 msecs (HTTP/1.1 200) 4 headers in 157 bytes (1 switches on core 0)
2026-07-17 13:54:03.535 7 INFO neutron_taas.services.taas.taas_plugin [None req-a2f41d35-4fe8-46ea-a98f-69f3e535addd ea4f4dd2d77845a688822ad1af84d9b8 906df714578b4a68a376a942aa4e602d - - default default] TaaS: Handle Delete Port: d371cdea-4c4a-4bd2-8e90-79e773671b4e
2026-07-17 13:54:03.539 7 INFO neutron_taas.services.taas.tap_mirror_plugin [None req-a2f41d35-4fe8-46ea-a98f-69f3e535addd ea4f4dd2d77845a688822ad1af84d9b8 906df714578b4a68a376a942aa4e602d - - default default] Tap Mirror: Handle Delete Port: d371cdea-4c4a-4bd2-8e90-79e773671b4e [pid: 7|app: 0|req: 718/1447] 10.0.0.162 () {32 vars in 719 bytes} [Fri Jul 17 13:54:03 2026] DELETE /v2.0/ports/d371cdea-4c4a-4bd2-8e90-79e773671b4e => generated 0 bytes in 280 msecs (HTTP/1.1 204) 3 headers in 131 bytes (1 switches on core 0) /var/lib/openstack/lib/python3.12/site-packages/pycadf/identifier.py:70: UserWarning: Invalid uuid: neutron. To ensure interoperability, identifiers should be a valid uuid. warnings.warn(('Invalid uuid: %s. To ensure interoperability, ' [pid: 8|app: 0|req: 730/1448] 10.0.0.162 () {32 vars in 642 bytes} [Fri Jul 17 13:54:03 2026] GET /v2.0/ports => generated 1536 bytes in 41 msecs (HTTP/1.1 200) 4 headers in 158 bytes (1 switches on core 0)
2026-07-17 13:54:03.732 7 INFO neutron.pecan_wsgi.hooks.translation [None req-23d1f361-2964-41b4-a47f-2f714d7c7ba8 ea4f4dd2d77845a688822ad1af84d9b8 906df714578b4a68a376a942aa4e602d - - default default] GET failed (client error): The resource could not be found. [pid: 7|app: 0|req: 719/1449] 10.0.0.162 () {32 vars in 716 bytes} [Fri Jul 17 13:54:03 2026] GET /v2.0/ports/d371cdea-4c4a-4bd2-8e90-79e773671b4e => generated 132 bytes in 24 msecs (HTTP/1.1 404) 4 headers in 164 bytes (1 switches on core 0) [pid: 8|app: 0|req: 731/1450] 10.0.0.162 () {32 vars in 642 bytes} [Fri Jul 17 13:54:03 2026] GET /v2.0/ports => generated 1536 bytes in 40 msecs (HTTP/1.1 200) 4 headers in 158 bytes (1 switches on core 0) [pid: 7|app: 0|req: 720/1451] 10.0.0.162 () {32 vars in 716 bytes} [Fri Jul 17 13:54:03 2026] GET /v2.0/ports/3f9669fe-975e-4543-af86-000983d36df2 => generated 777 bytes in 36 msecs (HTTP/1.1 200) 4 headers in 157 bytes (1 switches on core 0)
2026-07-17 13:54:03.846 8 INFO neutron.pecan_wsgi.hooks.translation [None req-7fe572ac-1874-47f4-957e-81d8305dee3a ea4f4dd2d77845a688822ad1af84d9b8 906df714578b4a68a376a942aa4e602d - - default default] DELETE failed (client error): The resource could not be found. [pid: 8|app: 0|req: 732/1452] 10.0.0.162 () {32 vars in 719 bytes} [Fri Jul 17 13:54:03 2026] DELETE /v2.0/ports/db80e701-17a0-427d-99ca-5d163cb732e5 => generated 132 bytes in 17 msecs (HTTP/1.1 404) 4 headers in 164 bytes (1 switches on core 0)
2026-07-17 13:54:03.868 7 INFO neutron.pecan_wsgi.hooks.translation [None req-9165b853-c6fd-4fb9-b03e-73f3036d5da9 ea4f4dd2d77845a688822ad1af84d9b8 906df714578b4a68a376a942aa4e602d - - default default] DELETE failed (client error): The resource could not be found. [pid: 7|app: 0|req: 721/1453] 10.0.0.162 () {32 vars in 723 bytes} [Fri Jul 17 13:54:03 2026] DELETE /v2.0/subnets/d4931cfb-1ff7-420b-8389-e69ef416fb81 => generated 136 bytes in 17 msecs (HTTP/1.1 404) 4 headers in 164 bytes (1 switches on core 0)
2026-07-17 13:54:03.894 8 INFO neutron.pecan_wsgi.hooks.translation [None req-a1f37e6d-8896-4df6-ae9b-e2940791e40e ea4f4dd2d77845a688822ad1af84d9b8 906df714578b4a68a376a942aa4e602d - - default default] DELETE failed (client error): The resource could not be found. [pid: 8|app: 0|req: 733/1454] 10.0.0.162 () {32 vars in 723 bytes} [Fri Jul 17 13:54:03 2026] DELETE /v2.0/subnets/d07f41c0-a04f-4144-a385-e0688bd09f3e => generated 136 bytes in 22 msecs (HTTP/1.1 404) 4 headers in 164 bytes (1 switches on core 0)
2026-07-17 13:54:04.053 8 INFO neutron_taas.services.taas.taas_plugin [None req-d1b12f17-8556-4285-9216-d05dcf1041a2 ea4f4dd2d77845a688822ad1af84d9b8 906df714578b4a68a376a942aa4e602d - - default default] TaaS: Handle Delete Port: 3f9669fe-975e-4543-af86-000983d36df2
2026-07-17 13:54:04.055 8 INFO neutron_taas.services.taas.tap_mirror_plugin [None req-d1b12f17-8556-4285-9216-d05dcf1041a2 ea4f4dd2d77845a688822ad1af84d9b8 906df714578b4a68a376a942aa4e602d - - default default] Tap Mirror: Handle Delete Port: 3f9669fe-975e-4543-af86-000983d36df2
2026-07-17 13:54:04.122 7 INFO neutron.db.ovn_revision_numbers_db [None req-40fdd8fb-eeef-4265-9d03-fc3de7f98236 ed3e97af1b704792b1ac3de856873f7b 7de33ca4ce6f4899a96265cad6d88b22 - - default default] Successfully bumped revision number for resource f2727cdc-e53f-4bd9-b069-8a6afcf83746 (type: security_groups) to 1
2026-07-17 13:54:04.136 7 INFO neutron.db.ovn_revision_numbers_db [None req-40fdd8fb-eeef-4265-9d03-fc3de7f98236 ed3e97af1b704792b1ac3de856873f7b 7de33ca4ce6f4899a96265cad6d88b22 - - default default] Successfully bumped revision number for resource 4689fa4d-9334-4748-bb5f-50aa9004b3a4 (type: security_group_rules) to 0
2026-07-17 13:54:04.151 7 INFO neutron.db.ovn_revision_numbers_db [None req-40fdd8fb-eeef-4265-9d03-fc3de7f98236 ed3e97af1b704792b1ac3de856873f7b 7de33ca4ce6f4899a96265cad6d88b22 - - default default] Successfully bumped revision number for resource 659f4f29-c3a7-4261-901e-719b21a901e6 (type: security_group_rules) to 0
2026-07-17 13:54:04.172 7 INFO neutron.db.ovn_revision_numbers_db [None req-40fdd8fb-eeef-4265-9d03-fc3de7f98236 ed3e97af1b704792b1ac3de856873f7b 7de33ca4ce6f4899a96265cad6d88b22 - - default default] Successfully bumped revision number for resource 747c0c18-e9de-4a0d-bc85-80e2c4b37794 (type: security_group_rules) to 0 [pid: 8|app: 0|req: 734/1455] 10.0.0.162 () {32 vars in 719 bytes} [Fri Jul 17 13:54:03 2026] DELETE /v2.0/ports/3f9669fe-975e-4543-af86-000983d36df2 => generated 0 bytes in 283 msecs (HTTP/1.1 204) 3 headers in 131 bytes (1 switches on core 0)
2026-07-17 13:54:04.187 7 INFO neutron.db.ovn_revision_numbers_db [None req-40fdd8fb-eeef-4265-9d03-fc3de7f98236 ed3e97af1b704792b1ac3de856873f7b 7de33ca4ce6f4899a96265cad6d88b22 - - default default] Successfully bumped revision number for resource faa1d08c-44e7-4ad3-b4b9-99fbb2c021ba (type: security_group_rules) to 0 [pid: 7|app: 0|req: 722/1456] 10.0.0.162 () {32 vars in 773 bytes} [Fri Jul 17 13:54:03 2026] GET /v2.0/security-groups?tenant_id=c75841b42e094e8598763c8653ba1891&name=default => generated 2925 bytes in 336 msecs (HTTP/1.1 200) 4 headers in 158 bytes (1 switches on core 0)
2026-07-17 13:54:04.316 8 INFO neutron_taas.services.taas.taas_plugin [None req-be86aecb-e4a1-49a2-9744-1ced5e0ad3cc ea4f4dd2d77845a688822ad1af84d9b8 906df714578b4a68a376a942aa4e602d - - default default] TaaS: Handle Delete Port: aca53e96-b72b-4650-b211-2fe61a7331ff
2026-07-17 13:54:04.324 8 INFO neutron_taas.services.taas.tap_mirror_plugin [None req-be86aecb-e4a1-49a2-9744-1ced5e0ad3cc ea4f4dd2d77845a688822ad1af84d9b8 906df714578b4a68a376a942aa4e602d - - default default] Tap Mirror: Handle Delete Port: aca53e96-b72b-4650-b211-2fe61a7331ff [pid: 7|app: 0|req: 723/1457] 10.0.0.162 () {32 vars in 739 bytes} [Fri Jul 17 13:54:04 2026] DELETE /v2.0/security-groups/f2727cdc-e53f-4bd9-b069-8a6afcf83746 => generated 0 bytes in 259 msecs (HTTP/1.1 204) 2 headers in 112 bytes (1 switches on core 0)
2026-07-17 13:54:04.568 8 INFO neutron.services.segments.plugin [-] Segment 1640d2b5-dd52-4ffe-9d6a-fc8ca2aafe05 resource provider aggregate not found
2026-07-17 13:54:04.579 8 INFO neutron.services.segments.plugin [-] Segment 1640d2b5-dd52-4ffe-9d6a-fc8ca2aafe05 resource provider aggregate not found
2026-07-17 13:54:04.590 8 INFO neutron.services.segments.plugin [-] Client error retrieving segment 1640d2b5-dd52-4ffe-9d6a-fc8ca2aafe05 resource provider; error: Placement Client Error (4xx): {"errors": [{"status": 404, "title": "Not Found", "detail": "The resource could not be found.\n\n No resource provider with uuid 1640d2b5-dd52-4ffe-9d6a-fc8ca2aafe05 found for delete ", "request_id": "req-74ae20c3-f4f2-4ef6-8b62-b346696caad5"}]}
2026-07-17 13:54:04.593 8 INFO neutron.services.segments.plugin [-] Client error retrieving segment 1640d2b5-dd52-4ffe-9d6a-fc8ca2aafe05 resource provider; error: Placement Client Error (4xx): {"errors": [{"status": 404, "title": "Not Found", "detail": "The resource could not be found.\n\n No resource provider with uuid 1640d2b5-dd52-4ffe-9d6a-fc8ca2aafe05 found for delete ", "request_id": "req-b90e64c5-ca22-43af-ad33-5dd4908b567a"}]} [pid: 8|app: 0|req: 735/1458] 10.0.0.162 () {32 vars in 725 bytes} [Fri Jul 17 13:54:04 2026] DELETE /v2.0/networks/4225d334-80c6-4f26-9968-192430470951 => generated 0 bytes in 431 msecs (HTTP/1.1 204) 3 headers in 131 bytes (1 switches on core 0)
2026-07-17 13:54:04.766 7 INFO neutron.db.ovn_revision_numbers_db [None req-11072885-ec53-44c9-a61a-31f2eae7d9bd ed3e97af1b704792b1ac3de856873f7b 7de33ca4ce6f4899a96265cad6d88b22 - - default default] Successfully bumped revision number for resource f3001599-f1b4-4496-9e98-d7cc25cf2c4d (type: security_groups) to 1
2026-07-17 13:54:04.777 7 INFO neutron.db.ovn_revision_numbers_db [None req-11072885-ec53-44c9-a61a-31f2eae7d9bd ed3e97af1b704792b1ac3de856873f7b 7de33ca4ce6f4899a96265cad6d88b22 - - default default] Successfully bumped revision number for resource 17ec3a11-8ef5-4bb6-a5dc-e67203fe070d (type: security_group_rules) to 0
2026-07-17 13:54:04.790 7 INFO neutron.db.ovn_revision_numbers_db [None req-11072885-ec53-44c9-a61a-31f2eae7d9bd ed3e97af1b704792b1ac3de856873f7b 7de33ca4ce6f4899a96265cad6d88b22 - - default default] Successfully bumped revision number for resource 6511a983-7b02-40d8-aa87-0459b684a718 (type: security_group_rules) to 0
2026-07-17 13:54:04.802 7 INFO neutron.db.ovn_revision_numbers_db [None req-11072885-ec53-44c9-a61a-31f2eae7d9bd ed3e97af1b704792b1ac3de856873f7b 7de33ca4ce6f4899a96265cad6d88b22 - - default default] Successfully bumped revision number for resource 8ad5f693-e398-4d9e-a5cc-a6349eef05e7 (type: security_group_rules) to 0
2026-07-17 13:54:04.815 7 INFO neutron.db.ovn_revision_numbers_db [None req-11072885-ec53-44c9-a61a-31f2eae7d9bd ed3e97af1b704792b1ac3de856873f7b 7de33ca4ce6f4899a96265cad6d88b22 - - default default] Successfully bumped revision number for resource e4d06fae-d622-4d76-8f46-8bb6567a156d (type: security_group_rules) to 0 [pid: 7|app: 0|req: 724/1459] 10.0.0.162 () {32 vars in 773 bytes} [Fri Jul 17 13:54:04 2026] GET /v2.0/security-groups?tenant_id=ae1366cfe0984e45af3689b21ff61895&name=default => generated 2925 bytes in 254 msecs (HTTP/1.1 200) 4 headers in 158 bytes (1 switches on core 0) [pid: 8|app: 0|req: 736/1460] 10.0.0.162 () {32 vars in 739 bytes} [Fri Jul 17 13:54:04 2026] DELETE /v2.0/security-groups/f3001599-f1b4-4496-9e98-d7cc25cf2c4d => generated 0 bytes in 246 msecs (HTTP/1.1 204) 2 headers in 112 bytes (1 switches on core 0)
2026-07-17 13:54:05.193 7 INFO neutron.db.ovn_revision_numbers_db [None req-58f4b6cf-6c9b-4242-bf12-44cf104644a4 b202c40d08d243039d4500cfe775be1c 07831f64832c40a5856b13488012333e - - default default] Successfully bumped revision number for resource 862b289a-d5b7-4448-b2c4-50bc580e85ed (type: security_groups) to 1
2026-07-17 13:54:05.206 7 INFO neutron.db.ovn_revision_numbers_db [None req-58f4b6cf-6c9b-4242-bf12-44cf104644a4 b202c40d08d243039d4500cfe775be1c 07831f64832c40a5856b13488012333e - - default default] Successfully bumped revision number for resource 40e3fc2e-af06-4f42-b09d-6255b1dfd067 (type: security_group_rules) to 0 [pid: 8|app: 0|req: 737/1461] 10.0.0.162 () {32 vars in 773 bytes} [Fri Jul 17 13:54:05 2026] GET /v2.0/security-groups?tenant_id=906df714578b4a68a376a942aa4e602d&name=default => generated 2925 bytes in 68 msecs (HTTP/1.1 200) 4 headers in 158 bytes (1 switches on core 0)
2026-07-17 13:54:05.219 7 INFO neutron.db.ovn_revision_numbers_db [None req-58f4b6cf-6c9b-4242-bf12-44cf104644a4 b202c40d08d243039d4500cfe775be1c 07831f64832c40a5856b13488012333e - - default default] Successfully bumped revision number for resource 51ee4ce7-72b3-4917-9190-54a20fe69608 (type: security_group_rules) to 0
2026-07-17 13:54:05.234 7 INFO neutron.db.ovn_revision_numbers_db [None req-58f4b6cf-6c9b-4242-bf12-44cf104644a4 b202c40d08d243039d4500cfe775be1c 07831f64832c40a5856b13488012333e - - default default] Successfully bumped revision number for resource 54969d2f-97a4-4e4c-af5f-a839e965e0b9 (type: security_group_rules) to 0
2026-07-17 13:54:05.248 7 INFO neutron.db.ovn_revision_numbers_db [None req-58f4b6cf-6c9b-4242-bf12-44cf104644a4 b202c40d08d243039d4500cfe775be1c 07831f64832c40a5856b13488012333e - - default default] Successfully bumped revision number for resource d96a71a1-7527-45d7-89c3-ccfe4fbca2f6 (type: security_group_rules) to 0
2026-07-17 13:54:05.326 7 INFO neutron.db.segments_db [None req-58f4b6cf-6c9b-4242-bf12-44cf104644a4 b202c40d08d243039d4500cfe775be1c 07831f64832c40a5856b13488012333e - - default default] Added segment 21ed4e72-f992-4b1a-8c71-6e0e1e9afa5b of type geneve for network b3c92326-4b11-48c3-9a56-f730a7f22bfa
2026-07-17 13:54:05.440 7 INFO neutron.db.ovn_revision_numbers_db [None req-58f4b6cf-6c9b-4242-bf12-44cf104644a4 b202c40d08d243039d4500cfe775be1c 07831f64832c40a5856b13488012333e - - default default] Successfully bumped revision number for resource b3c92326-4b11-48c3-9a56-f730a7f22bfa (type: networks) to 1 [pid: 8|app: 0|req: 738/1462] 10.0.0.162 () {32 vars in 739 bytes} [Fri Jul 17 13:54:05 2026] DELETE /v2.0/security-groups/be301a74-5522-41bc-af90-6479f83f9270 => generated 0 bytes in 252 msecs (HTTP/1.1 204) 2 headers in 112 bytes (1 switches on core 0)
2026-07-17 13:54:05.581 7 WARNING neutron.scheduler.dhcp_agent_scheduler [None req-58f4b6cf-6c9b-4242-bf12-44cf104644a4 b202c40d08d243039d4500cfe775be1c 07831f64832c40a5856b13488012333e - - default default] No more DHCP agents
2026-07-17 13:54:05.583 7 WARNING neutron.api.rpc.agentnotifiers.dhcp_rpc_agent_api [None req-58f4b6cf-6c9b-4242-bf12-44cf104644a4 b202c40d08d243039d4500cfe775be1c 07831f64832c40a5856b13488012333e - - default default] Unable to schedule network b3c92326-4b11-48c3-9a56-f730a7f22bfa: no agents available; will retry on subsequent port and subnet creation events.
2026-07-17 13:54:05.649 8 INFO neutron.plugins.ml2.drivers.ovn.mech_driver.mech_driver [None req-02770ec4-0cb3-4ed9-bf13-bafcaf1410fc - - - - - -] OVN reports status down for port: b74072ab-1401-4677-8faa-9eeb31051b92
2026-07-17 13:54:05.670 7 INFO neutron.db.ovn_revision_numbers_db [None req-58f4b6cf-6c9b-4242-bf12-44cf104644a4 b202c40d08d243039d4500cfe775be1c 07831f64832c40a5856b13488012333e - - default default] Successfully bumped revision number for resource b74072ab-1401-4677-8faa-9eeb31051b92 (type: ports) to 1 [pid: 7|app: 0|req: 725/1463] 10.0.0.162 () {34 vars in 669 bytes} [Fri Jul 17 13:54:04 2026] POST /v2.0/networks => generated 683 bytes in 814 msecs (HTTP/1.1 201) 4 headers in 162 bytes (1 switches on core 0)
2026-07-17 13:54:05.907 8 WARNING neutron.scheduler.dhcp_agent_scheduler [None req-e359ab2b-5518-45da-bd1c-9f7698479b8b b202c40d08d243039d4500cfe775be1c 07831f64832c40a5856b13488012333e - - default default] No more DHCP agents
2026-07-17 13:54:05.913 8 WARNING neutron.api.rpc.agentnotifiers.dhcp_rpc_agent_api [None req-e359ab2b-5518-45da-bd1c-9f7698479b8b b202c40d08d243039d4500cfe775be1c 07831f64832c40a5856b13488012333e - - default default] Unable to schedule network b3c92326-4b11-48c3-9a56-f730a7f22bfa: no agents available; will retry on subsequent port and subnet creation events. [pid: 7|app: 0|req: 726/1464] 10.0.0.234 () {34 vars in 989 bytes} [Fri Jul 17 13:54:05 2026] GET /v2.0/ports?device_id=eda35167-b68b-4a41-a2a9-96335258f47e => generated 971 bytes in 70 msecs (HTTP/1.1 200) 4 headers in 157 bytes (1 switches on core 0) [pid: 7|app: 0|req: 727/1465] 10.0.0.234 () {34 vars in 1039 bytes} [Fri Jul 17 13:54:05 2026] GET /v2.0/security-groups?id=b0ddf728-cdb8-4ac7-8c12-317371a05643&fields=id&fields=name => generated 113 bytes in 63 msecs (HTTP/1.1 200) 4 headers in 157 bytes (1 switches on core 0)
2026-07-17 13:54:05.999 7 INFO neutron.plugins.ml2.drivers.ovn.mech_driver.mech_driver [None req-08ec968e-8630-489f-b2ec-83ac51464a6b - - - - - -] OVN reports status down for port: 7c3c15a9-a7ad-41a9-b001-2ea187fd6369
2026-07-17 13:54:06.032 8 INFO neutron.db.ovn_revision_numbers_db [None req-e359ab2b-5518-45da-bd1c-9f7698479b8b b202c40d08d243039d4500cfe775be1c 07831f64832c40a5856b13488012333e - - default default] Successfully bumped revision number for resource 7c3c15a9-a7ad-41a9-b001-2ea187fd6369 (type: ports) to 1 [pid: 8|app: 0|req: 739/1466] 10.0.0.162 () {34 vars in 664 bytes} [Fri Jul 17 13:54:05 2026] POST /v2.0/ports => generated 774 bytes in 387 msecs (HTTP/1.1 201) 4 headers in 162 bytes (1 switches on core 0) /var/lib/openstack/lib/python3.12/site-packages/pycadf/identifier.py:70: UserWarning: Invalid uuid: neutron. To ensure interoperability, identifiers should be a valid uuid. warnings.warn(('Invalid uuid: %s. To ensure interoperability, '
2026-07-17 13:54:06.208 7 INFO neutron.db.segments_db [None req-99d4c1da-2fc1-4f61-b68f-ba3ae27eea59 b202c40d08d243039d4500cfe775be1c 07831f64832c40a5856b13488012333e - - default default] Added segment a8526af4-6d7e-4ee0-a328-85b3310e6d37 of type geneve for network 410d82ab-91e4-4105-846e-aeac909c8185 [pid: 8|app: 0|req: 740/1467] 10.0.0.234 () {34 vars in 989 bytes} [Fri Jul 17 13:54:06 2026] GET /v2.0/ports?device_id=eda35167-b68b-4a41-a2a9-96335258f47e => generated 971 bytes in 107 msecs (HTTP/1.1 200) 4 headers in 157 bytes (1 switches on core 0)
2026-07-17 13:54:06.312 7 INFO neutron.db.ovn_revision_numbers_db [None req-99d4c1da-2fc1-4f61-b68f-ba3ae27eea59 b202c40d08d243039d4500cfe775be1c 07831f64832c40a5856b13488012333e - - default default] Successfully bumped revision number for resource 410d82ab-91e4-4105-846e-aeac909c8185 (type: networks) to 1 [pid: 8|app: 0|req: 741/1468] 10.0.0.234 () {34 vars in 1039 bytes} [Fri Jul 17 13:54:06 2026] GET /v2.0/security-groups?id=b0ddf728-cdb8-4ac7-8c12-317371a05643&fields=id&fields=name => generated 113 bytes in 45 msecs (HTTP/1.1 200) 4 headers in 157 bytes (1 switches on core 0)
2026-07-17 13:54:06.472 7 WARNING neutron.scheduler.dhcp_agent_scheduler [None req-99d4c1da-2fc1-4f61-b68f-ba3ae27eea59 b202c40d08d243039d4500cfe775be1c 07831f64832c40a5856b13488012333e - - default default] No more DHCP agents
2026-07-17 13:54:06.473 7 WARNING neutron.api.rpc.agentnotifiers.dhcp_rpc_agent_api [None req-99d4c1da-2fc1-4f61-b68f-ba3ae27eea59 b202c40d08d243039d4500cfe775be1c 07831f64832c40a5856b13488012333e - - default default] Unable to schedule network 410d82ab-91e4-4105-846e-aeac909c8185: no agents available; will retry on subsequent port and subnet creation events.
2026-07-17 13:54:06.535 8 INFO neutron.plugins.ml2.drivers.ovn.mech_driver.mech_driver [None req-02770ec4-0cb3-4ed9-bf13-bafcaf1410fc - - - - - -] OVN reports status down for port: f70bfa25-37d8-4036-9ab8-ba94669a9603
2026-07-17 13:54:06.552 7 INFO neutron.db.ovn_revision_numbers_db [None req-99d4c1da-2fc1-4f61-b68f-ba3ae27eea59 b202c40d08d243039d4500cfe775be1c 07831f64832c40a5856b13488012333e - - default default] Successfully bumped revision number for resource f70bfa25-37d8-4036-9ab8-ba94669a9603 (type: ports) to 1 [pid: 7|app: 0|req: 728/1469] 10.0.0.162 () {34 vars in 669 bytes} [Fri Jul 17 13:54:06 2026] POST /v2.0/networks => generated 669 bytes in 482 msecs (HTTP/1.1 201) 4 headers in 162 bytes (1 switches on core 0)
2026-07-17 13:54:06.776 8 WARNING neutron.scheduler.dhcp_agent_scheduler [None req-5602a137-c9cd-4605-9bb4-db5926487dce b202c40d08d243039d4500cfe775be1c 07831f64832c40a5856b13488012333e - - default default] No more DHCP agents
2026-07-17 13:54:06.777 8 WARNING neutron.api.rpc.agentnotifiers.dhcp_rpc_agent_api [None req-5602a137-c9cd-4605-9bb4-db5926487dce b202c40d08d243039d4500cfe775be1c 07831f64832c40a5856b13488012333e - - default default] Unable to schedule network 410d82ab-91e4-4105-846e-aeac909c8185: no agents available; will retry on subsequent port and subnet creation events.
2026-07-17 13:54:07.279 7 INFO neutron.plugins.ml2.drivers.ovn.mech_driver.mech_driver [None req-08ec968e-8630-489f-b2ec-83ac51464a6b - - - - - -] OVN reports status down for port: 111e00d8-7058-4d36-ab17-4f2c8c494d1e
2026-07-17 13:54:07.339 8 INFO neutron.db.ovn_revision_numbers_db [None req-4506b9c6-b62c-4d06-b147-1a8207ee6118 - - - - - -] Successfully bumped revision number for resource f70bfa25-37d8-4036-9ab8-ba94669a9603 (type: ports) to 2
2026-07-17 13:54:07.394 8 INFO neutron.db.ovn_revision_numbers_db [None req-4506b9c6-b62c-4d06-b147-1a8207ee6118 - - - - - -] Successfully bumped revision number for resource 2e6a1d13-014d-4b73-ace4-56601b3060c1 (type: subnets) to 0 [pid: 8|app: 0|req: 742/1470] 10.0.0.162 () {34 vars in 668 bytes} [Fri Jul 17 13:54:06 2026] POST /v2.0/subnets => generated 626 bytes in 849 msecs (HTTP/1.1 201) 4 headers in 162 bytes (1 switches on core 0)
2026-07-17 13:54:07.467 7 INFO neutron.notifiers.nova [-] Nova event matching ['req-5440a84e-d4ce-4ca7-bdb8-4793f39ea9f0'] response: {'server_uuid': 'eda35167-b68b-4a41-a2a9-96335258f47e', 'name': 'network-vif-unplugged', 'status': 'completed', 'tag': '111e00d8-7058-4d36-ab17-4f2c8c494d1e', 'code': 200}
2026-07-17 13:54:07.588 7 INFO neutron.db.ovn_revision_numbers_db [None req-08ec968e-8630-489f-b2ec-83ac51464a6b - - - - - -] Successfully bumped revision number for resource 111e00d8-7058-4d36-ab17-4f2c8c494d1e (type: ports) to 8
2026-07-17 13:54:07.789 7 INFO neutron.db.ovn_revision_numbers_db [None req-ac247f6a-ad68-4c09-8a38-2fe9f875282e 49ed585be95c48b8a66304cbfa90ce46 0ccb0cd66af0470c8066d388ff187b19 - - default default] Successfully bumped revision number for resource 0cde2017-1a7f-481b-bbc9-6df86eee2c99 (type: security_groups) to 1
2026-07-17 13:54:07.800 7 INFO neutron.db.ovn_revision_numbers_db [None req-ac247f6a-ad68-4c09-8a38-2fe9f875282e 49ed585be95c48b8a66304cbfa90ce46 0ccb0cd66af0470c8066d388ff187b19 - - default default] Successfully bumped revision number for resource 3bf96ea8-4705-431e-a47f-eedd9e46f23c (type: security_group_rules) to 0
2026-07-17 13:54:07.814 7 INFO neutron.db.ovn_revision_numbers_db [None req-ac247f6a-ad68-4c09-8a38-2fe9f875282e 49ed585be95c48b8a66304cbfa90ce46 0ccb0cd66af0470c8066d388ff187b19 - - default default] Successfully bumped revision number for resource 3df51716-9577-4f2b-b2e7-27f026739e73 (type: security_group_rules) to 0
2026-07-17 13:54:07.826 7 INFO neutron.db.ovn_revision_numbers_db [None req-ac247f6a-ad68-4c09-8a38-2fe9f875282e 49ed585be95c48b8a66304cbfa90ce46 0ccb0cd66af0470c8066d388ff187b19 - - default default] Successfully bumped revision number for resource cf95c7b5-8241-4e88-8a91-f639e4e6c586 (type: security_group_rules) to 0
2026-07-17 13:54:07.837 7 INFO neutron.db.ovn_revision_numbers_db [None req-ac247f6a-ad68-4c09-8a38-2fe9f875282e 49ed585be95c48b8a66304cbfa90ce46 0ccb0cd66af0470c8066d388ff187b19 - - default default] Successfully bumped revision number for resource d5073d3f-fe4b-4f1d-ba95-17d22ba4c115 (type: security_group_rules) to 0
2026-07-17 13:54:07.935 7 INFO neutron.db.segments_db [None req-ac247f6a-ad68-4c09-8a38-2fe9f875282e 49ed585be95c48b8a66304cbfa90ce46 0ccb0cd66af0470c8066d388ff187b19 - - default default] Added segment f37b2570-0466-4a43-ac7d-d69770c1ac35 of type geneve for network 1be72b11-601f-457d-8c5a-0a7c04bb57d7
2026-07-17 13:54:08.075 7 INFO neutron.db.ovn_revision_numbers_db [None req-ac247f6a-ad68-4c09-8a38-2fe9f875282e 49ed585be95c48b8a66304cbfa90ce46 0ccb0cd66af0470c8066d388ff187b19 - - default default] Successfully bumped revision number for resource 1be72b11-601f-457d-8c5a-0a7c04bb57d7 (type: networks) to 1
2026-07-17 13:54:08.292 7 WARNING neutron.scheduler.dhcp_agent_scheduler [None req-ac247f6a-ad68-4c09-8a38-2fe9f875282e 49ed585be95c48b8a66304cbfa90ce46 0ccb0cd66af0470c8066d388ff187b19 - - default default] No more DHCP agents
2026-07-17 13:54:08.294 7 WARNING neutron.api.rpc.agentnotifiers.dhcp_rpc_agent_api [None req-ac247f6a-ad68-4c09-8a38-2fe9f875282e 49ed585be95c48b8a66304cbfa90ce46 0ccb0cd66af0470c8066d388ff187b19 - - default default] Unable to schedule network 1be72b11-601f-457d-8c5a-0a7c04bb57d7: no agents available; will retry on subsequent port and subnet creation events.
2026-07-17 13:54:08.300 8 WARNING neutron.scheduler.dhcp_agent_scheduler [None req-0e7f8966-9940-4d61-9e66-cc906deb3643 b202c40d08d243039d4500cfe775be1c 07831f64832c40a5856b13488012333e - - default default] No more DHCP agents
2026-07-17 13:54:08.301 8 WARNING neutron.api.rpc.agentnotifiers.dhcp_rpc_agent_api [None req-0e7f8966-9940-4d61-9e66-cc906deb3643 b202c40d08d243039d4500cfe775be1c 07831f64832c40a5856b13488012333e - - default default] Unable to schedule network 410d82ab-91e4-4105-846e-aeac909c8185: no agents available; will retry on subsequent port and subnet creation events.
2026-07-17 13:54:08.350 7 INFO neutron.plugins.ml2.drivers.ovn.mech_driver.mech_driver [None req-ab0fa0f5-ae38-4198-b562-2ecfe7cf4578 - - - - - -] OVN reports status down for port: ff41aff7-620a-407a-9f36-6f3aa93667e6
2026-07-17 13:54:08.412 7 INFO neutron.db.ovn_revision_numbers_db [None req-ac247f6a-ad68-4c09-8a38-2fe9f875282e 49ed585be95c48b8a66304cbfa90ce46 0ccb0cd66af0470c8066d388ff187b19 - - default default] Successfully bumped revision number for resource ff41aff7-620a-407a-9f36-6f3aa93667e6 (type: ports) to 1
2026-07-17 13:54:08.480 8 INFO neutron.db.ovn_revision_numbers_db [None req-0e7f8966-9940-4d61-9e66-cc906deb3643 b202c40d08d243039d4500cfe775be1c 07831f64832c40a5856b13488012333e - - default default] Successfully bumped revision number for resource 87887551-2211-4f0b-963c-0dceba0d142a (type: ports) to 1 [pid: 7|app: 0|req: 729/1471] 10.0.0.162 () {34 vars in 669 bytes} [Fri Jul 17 13:54:07 2026] POST /v2.0/networks => generated 668 bytes in 1250 msecs (HTTP/1.1 201) 4 headers in 162 bytes (1 switches on core 0)
2026-07-17 13:54:08.500 7 INFO neutron.plugins.ml2.drivers.ovn.mech_driver.mech_driver [None req-ab0fa0f5-ae38-4198-b562-2ecfe7cf4578 - - - - - -] OVN reports status down for port: 87887551-2211-4f0b-963c-0dceba0d142a /var/lib/openstack/lib/python3.12/site-packages/pycadf/identifier.py:70: UserWarning: Invalid uuid: neutron. To ensure interoperability, identifiers should be a valid uuid. warnings.warn(('Invalid uuid: %s. To ensure interoperability, ' [pid: 8|app: 0|req: 743/1472] 10.0.0.162 () {34 vars in 664 bytes} [Fri Jul 17 13:54:07 2026] POST /v2.0/ports => generated 950 bytes in 1064 msecs (HTTP/1.1 201) 4 headers in 162 bytes (1 switches on core 0) /var/lib/openstack/lib/python3.12/site-packages/pycadf/identifier.py:70: UserWarning: Invalid uuid: neutron. To ensure interoperability, identifiers should be a valid uuid. warnings.warn(('Invalid uuid: %s. To ensure interoperability, ' [pid: 8|app: 0|req: 744/1473] 199.19.213.52 () {34 vars in 992 bytes} [Fri Jul 17 13:54:08 2026] GET /v2.0/ports?device_id=eda35167-b68b-4a41-a2a9-96335258f47e => generated 969 bytes in 42 msecs (HTTP/1.1 200) 4 headers in 157 bytes (1 switches on core 0) [pid: 7|app: 0|req: 730/1474] 10.0.0.234 () {34 vars in 989 bytes} [Fri Jul 17 13:54:08 2026] GET /v2.0/ports?device_id=eda35167-b68b-4a41-a2a9-96335258f47e => generated 969 bytes in 76 msecs (HTTP/1.1 200) 4 headers in 157 bytes (1 switches on core 0)
2026-07-17 13:54:08.634 8 INFO neutron.db.segments_db [None req-6aed777b-bb78-4bd5-b24c-b789718c8472 49ed585be95c48b8a66304cbfa90ce46 0ccb0cd66af0470c8066d388ff187b19 - - default default] Added segment 28837d67-0216-4866-96eb-99a35b1f1b86 of type geneve for network 44c01d24-8455-4668-b2d4-d2d3b07a9e10
2026-07-17 13:54:08.775 8 INFO neutron.db.ovn_revision_numbers_db [None req-6aed777b-bb78-4bd5-b24c-b789718c8472 49ed585be95c48b8a66304cbfa90ce46 0ccb0cd66af0470c8066d388ff187b19 - - default default] Successfully bumped revision number for resource 44c01d24-8455-4668-b2d4-d2d3b07a9e10 (type: networks) to 1
2026-07-17 13:54:08.820 7 INFO neutron_taas.services.taas.taas_plugin [None req-d7410f17-f4d9-4fcf-96cb-47d64f447c7b b202c40d08d243039d4500cfe775be1c 07831f64832c40a5856b13488012333e - - default default] TaaS: Handle Delete Port: 87887551-2211-4f0b-963c-0dceba0d142a
2026-07-17 13:54:08.825 7 INFO neutron_taas.services.taas.tap_mirror_plugin [None req-d7410f17-f4d9-4fcf-96cb-47d64f447c7b b202c40d08d243039d4500cfe775be1c 07831f64832c40a5856b13488012333e - - default default] Tap Mirror: Handle Delete Port: 87887551-2211-4f0b-963c-0dceba0d142a
2026-07-17 13:54:08.979 8 WARNING neutron.scheduler.dhcp_agent_scheduler [None req-6aed777b-bb78-4bd5-b24c-b789718c8472 49ed585be95c48b8a66304cbfa90ce46 0ccb0cd66af0470c8066d388ff187b19 - - default default] No more DHCP agents
2026-07-17 13:54:08.981 8 WARNING neutron.api.rpc.agentnotifiers.dhcp_rpc_agent_api [None req-6aed777b-bb78-4bd5-b24c-b789718c8472 49ed585be95c48b8a66304cbfa90ce46 0ccb0cd66af0470c8066d388ff187b19 - - default default] Unable to schedule network 44c01d24-8455-4668-b2d4-d2d3b07a9e10: no agents available; will retry on subsequent port and subnet creation events. [pid: 7|app: 0|req: 731/1475] 10.0.0.162 () {32 vars in 719 bytes} [Fri Jul 17 13:54:08 2026] DELETE /v2.0/ports/87887551-2211-4f0b-963c-0dceba0d142a => generated 0 bytes in 465 msecs (HTTP/1.1 204) 3 headers in 131 bytes (1 switches on core 0)
2026-07-17 13:54:09.100 7 INFO neutron.plugins.ml2.drivers.ovn.mech_driver.mech_driver [None req-ab0fa0f5-ae38-4198-b562-2ecfe7cf4578 - - - - - -] OVN reports status down for port: a58055d3-99af-4a11-a881-6ca7fde18c2a
2026-07-17 13:54:09.112 8 INFO neutron.db.ovn_revision_numbers_db [None req-6aed777b-bb78-4bd5-b24c-b789718c8472 49ed585be95c48b8a66304cbfa90ce46 0ccb0cd66af0470c8066d388ff187b19 - - default default] Successfully bumped revision number for resource a58055d3-99af-4a11-a881-6ca7fde18c2a (type: ports) to 1 [pid: 8|app: 0|req: 745/1476] 10.0.0.162 () {34 vars in 669 bytes} [Fri Jul 17 13:54:08 2026] POST /v2.0/networks => generated 667 bytes in 586 msecs (HTTP/1.1 201) 4 headers in 162 bytes (1 switches on core 0) [pid: 8|app: 0|req: 746/1477] 10.0.0.234 () {34 vars in 1039 bytes} [Fri Jul 17 13:54:09 2026] GET /v2.0/security-groups?id=b0ddf728-cdb8-4ac7-8c12-317371a05643&fields=id&fields=name => generated 113 bytes in 26 msecs (HTTP/1.1 200) 4 headers in 157 bytes (1 switches on core 0)
2026-07-17 13:54:09.177 8 INFO neutron.pecan_wsgi.hooks.translation [None req-ac73cf81-c479-4e5a-b104-784ff791ae56 b202c40d08d243039d4500cfe775be1c 07831f64832c40a5856b13488012333e - - default default] DELETE failed (client error): The resource could not be found. [pid: 8|app: 0|req: 747/1478] 10.0.0.162 () {32 vars in 719 bytes} [Fri Jul 17 13:54:09 2026] DELETE /v2.0/ports/87887551-2211-4f0b-963c-0dceba0d142a => generated 132 bytes in 15 msecs (HTTP/1.1 404) 4 headers in 164 bytes (1 switches on core 0)
2026-07-17 13:54:09.254 7 INFO neutron_taas.services.taas.taas_plugin [req-d4274507-da9c-44e7-b128-8424bab69c03 req-a2ffbafd-c968-4377-a94a-be03613b2076 af7c516ab2e54348be5ff92bc6ed5fcc 7ffcec42e67e43ab97f9b9c600e3f98f - - default default] TaaS: Handle Delete Port: 111e00d8-7058-4d36-ab17-4f2c8c494d1e
2026-07-17 13:54:09.257 7 INFO neutron_taas.services.taas.tap_mirror_plugin [req-d4274507-da9c-44e7-b128-8424bab69c03 req-a2ffbafd-c968-4377-a94a-be03613b2076 af7c516ab2e54348be5ff92bc6ed5fcc 7ffcec42e67e43ab97f9b9c600e3f98f - - default default] Tap Mirror: Handle Delete Port: 111e00d8-7058-4d36-ab17-4f2c8c494d1e
2026-07-17 13:54:09.383 8 WARNING neutron.scheduler.dhcp_agent_scheduler [None req-c64e6970-7e59-43da-a9df-2c3225385b83 49ed585be95c48b8a66304cbfa90ce46 0ccb0cd66af0470c8066d388ff187b19 - - default default] No more DHCP agents
2026-07-17 13:54:09.384 8 WARNING neutron.api.rpc.agentnotifiers.dhcp_rpc_agent_api [None req-c64e6970-7e59-43da-a9df-2c3225385b83 49ed585be95c48b8a66304cbfa90ce46 0ccb0cd66af0470c8066d388ff187b19 - - default default] Unable to schedule network 1be72b11-601f-457d-8c5a-0a7c04bb57d7: no agents available; will retry on subsequent port and subnet creation events.
2026-07-17 13:54:09.477 7 INFO neutron.db.l3_db [req-d4274507-da9c-44e7-b128-8424bab69c03 req-a2ffbafd-c968-4377-a94a-be03613b2076 af7c516ab2e54348be5ff92bc6ed5fcc 7ffcec42e67e43ab97f9b9c600e3f98f - - default default] Floating IP 448e1ca3-9e80-46f2-9300-f3f7aee2475b disassociated. External IP: 10.96.250.204, port: 111e00d8-7058-4d36-ab17-4f2c8c494d1e.
2026-07-17 13:54:09.511 7 INFO neutron.notifiers.nova [-] Nova event matching ['req-032c4fb9-ebc5-43ee-bb98-c44cb8a3b3fb'] response: {'server_uuid': 'eda35167-b68b-4a41-a2a9-96335258f47e', 'name': 'network-vif-unplugged', 'status': 'completed', 'tag': '111e00d8-7058-4d36-ab17-4f2c8c494d1e', 'code': 200} [pid: 7|app: 0|req: 732/1479] 199.19.213.52 () {36 vars in 995 bytes} [Fri Jul 17 13:54:09 2026] DELETE /v2.0/ports/111e00d8-7058-4d36-ab17-4f2c8c494d1e => generated 0 bytes in 581 msecs (HTTP/1.1 204) 3 headers in 131 bytes (1 switches on core 0)
2026-07-17 13:54:09.638 7 INFO neutron.pecan_wsgi.hooks.translation [None req-fb0d6fd8-3249-43af-aa3e-3ac01d05fe98 b202c40d08d243039d4500cfe775be1c 07831f64832c40a5856b13488012333e - - default default] GET failed (client error): The resource could not be found. [pid: 7|app: 0|req: 733/1480] 10.0.0.162 () {32 vars in 716 bytes} [Fri Jul 17 13:54:09 2026] GET /v2.0/ports/87887551-2211-4f0b-963c-0dceba0d142a => generated 132 bytes in 16 msecs (HTTP/1.1 404) 4 headers in 164 bytes (1 switches on core 0) [pid: 7|app: 0|req: 734/1481] 10.0.0.162 () {32 vars in 723 bytes} [Fri Jul 17 13:54:09 2026] DELETE /v2.0/subnets/2e6a1d13-014d-4b73-ace4-56601b3060c1 => generated 0 bytes in 159 msecs (HTTP/1.1 204) 3 headers in 131 bytes (1 switches on core 0)
2026-07-17 13:54:09.895 8 INFO neutron.db.ovn_revision_numbers_db [None req-164af2d4-fffb-4caf-a705-799552b21715 - - - - - -] Successfully bumped revision number for resource ff41aff7-620a-407a-9f36-6f3aa93667e6 (type: ports) to 2
2026-07-17 13:54:09.932 8 INFO neutron.db.ovn_revision_numbers_db [None req-164af2d4-fffb-4caf-a705-799552b21715 - - - - - -] Successfully bumped revision number for resource a939b2e1-35ae-4224-8f4e-cd235aa8876f (type: subnets) to 0
2026-07-17 13:54:09.933 7 INFO neutron_taas.services.taas.taas_plugin [None req-604be8f6-2a20-4909-81a9-788841a9121a b202c40d08d243039d4500cfe775be1c 07831f64832c40a5856b13488012333e - - default default] TaaS: Handle Delete Port: f70bfa25-37d8-4036-9ab8-ba94669a9603
2026-07-17 13:54:09.936 7 INFO neutron_taas.services.taas.tap_mirror_plugin [None req-604be8f6-2a20-4909-81a9-788841a9121a b202c40d08d243039d4500cfe775be1c 07831f64832c40a5856b13488012333e - - default default] Tap Mirror: Handle Delete Port: f70bfa25-37d8-4036-9ab8-ba94669a9603 [pid: 8|app: 0|req: 748/1482] 10.0.0.162 () {34 vars in 668 bytes} [Fri Jul 17 13:54:09 2026] POST /v2.0/subnets => generated 626 bytes in 772 msecs (HTTP/1.1 201) 4 headers in 162 bytes (1 switches on core 0) /var/lib/openstack/lib/python3.12/site-packages/pycadf/identifier.py:70: UserWarning: Invalid uuid: neutron. To ensure interoperability, identifiers should be a valid uuid. warnings.warn(('Invalid uuid: %s. To ensure interoperability, '
2026-07-17 13:54:10.117 7 INFO neutron.services.segments.plugin [-] Segment a8526af4-6d7e-4ee0-a328-85b3310e6d37 resource provider aggregate not found
2026-07-17 13:54:10.121 7 INFO neutron.services.segments.plugin [-] Segment a8526af4-6d7e-4ee0-a328-85b3310e6d37 resource provider aggregate not found
2026-07-17 13:54:10.133 7 INFO neutron.services.segments.plugin [-] Client error retrieving segment a8526af4-6d7e-4ee0-a328-85b3310e6d37 resource provider; error: Placement Client Error (4xx): {"errors": [{"status": 404, "title": "Not Found", "detail": "The resource could not be found.\n\n No resource provider with uuid a8526af4-6d7e-4ee0-a328-85b3310e6d37 found for delete ", "request_id": "req-8f47ec94-1e0d-4cd0-9cc6-f969e3869345"}]}
2026-07-17 13:54:10.140 7 INFO neutron.services.segments.plugin [-] Client error retrieving segment a8526af4-6d7e-4ee0-a328-85b3310e6d37 resource provider; error: Placement Client Error (4xx): {"errors": [{"status": 404, "title": "Not Found", "detail": "The resource could not be found.\n\n No resource provider with uuid a8526af4-6d7e-4ee0-a328-85b3310e6d37 found for delete ", "request_id": "req-69ff0c0a-2ba0-49aa-8ef8-b833e7e7dc3e"}]} [pid: 7|app: 0|req: 735/1483] 10.0.0.162 () {32 vars in 725 bytes} [Fri Jul 17 13:54:09 2026] DELETE /v2.0/networks/410d82ab-91e4-4105-846e-aeac909c8185 => generated 0 bytes in 351 msecs (HTTP/1.1 204) 3 headers in 131 bytes (1 switches on core 0)
2026-07-17 13:54:10.180 8 WARNING neutron.scheduler.dhcp_agent_scheduler [None req-3adb59d8-7df4-4eee-9801-fc71709dceed 49ed585be95c48b8a66304cbfa90ce46 0ccb0cd66af0470c8066d388ff187b19 - - default default] No more DHCP agents
2026-07-17 13:54:10.182 8 WARNING neutron.api.rpc.agentnotifiers.dhcp_rpc_agent_api [None req-3adb59d8-7df4-4eee-9801-fc71709dceed 49ed585be95c48b8a66304cbfa90ce46 0ccb0cd66af0470c8066d388ff187b19 - - default default] Unable to schedule network 44c01d24-8455-4668-b2d4-d2d3b07a9e10: no agents available; will retry on subsequent port and subnet creation events.
2026-07-17 13:54:10.482 7 INFO neutron.db.ovn_revision_numbers_db [None req-5c2e1b20-3d61-474a-bf39-bd7956133223 ed3e97af1b704792b1ac3de856873f7b 7de33ca4ce6f4899a96265cad6d88b22 - - default default] Successfully bumped revision number for resource 52211ea5-644e-4870-b43d-2755e760eefa (type: security_groups) to 1
2026-07-17 13:54:10.501 7 INFO neutron.db.ovn_revision_numbers_db [None req-5c2e1b20-3d61-474a-bf39-bd7956133223 ed3e97af1b704792b1ac3de856873f7b 7de33ca4ce6f4899a96265cad6d88b22 - - default default] Successfully bumped revision number for resource 25d0032f-e35f-4657-aa0a-fc5213b34e1f (type: security_group_rules) to 0
2026-07-17 13:54:10.515 7 INFO neutron.db.ovn_revision_numbers_db [None req-5c2e1b20-3d61-474a-bf39-bd7956133223 ed3e97af1b704792b1ac3de856873f7b 7de33ca4ce6f4899a96265cad6d88b22 - - default default] Successfully bumped revision number for resource 79add48e-029a-4670-af79-fea4bf7037e1 (type: security_group_rules) to 0
2026-07-17 13:54:10.527 7 INFO neutron.db.ovn_revision_numbers_db [None req-5c2e1b20-3d61-474a-bf39-bd7956133223 ed3e97af1b704792b1ac3de856873f7b 7de33ca4ce6f4899a96265cad6d88b22 - - default default] Successfully bumped revision number for resource 7ae03f84-ca1f-4c88-ab66-993f30255930 (type: security_group_rules) to 0
2026-07-17 13:54:10.538 7 INFO neutron.db.ovn_revision_numbers_db [None req-5c2e1b20-3d61-474a-bf39-bd7956133223 ed3e97af1b704792b1ac3de856873f7b 7de33ca4ce6f4899a96265cad6d88b22 - - default default] Successfully bumped revision number for resource b6e5609a-5f5d-481d-962b-7480123a7491 (type: security_group_rules) to 0 [pid: 7|app: 0|req: 736/1484] 10.0.0.162 () {32 vars in 773 bytes} [Fri Jul 17 13:54:10 2026] GET /v2.0/security-groups?tenant_id=fcf8afba59c342fa8971dea0b4e3d7c6&name=default => generated 2925 bytes in 443 msecs (HTTP/1.1 200) 4 headers in 158 bytes (1 switches on core 0)
