2026-07-17 13:53:49.494 8 INFO neutron_taas.services.taas.tap_mirror_plugin [None req-6789a842-fca6-49a8-9ca2-13e99d6db2fb d247124441144b7a94b75d784c68829a 5e3721e63c59493e86c626766a29c0ca - - default default] Tap Mirror: Handle Delete Port: 316f0863-cd52-4647-8d66-2b039bdd17fe [pid: 8|app: 0|req: 701/1390] 10.0.0.162 () {32 vars in 719 bytes} [Fri Jul 17 13:53:49 2026] DELETE /v2.0/ports/316f0863-cd52-4647-8d66-2b039bdd17fe => generated 0 bytes in 255 msecs (HTTP/1.1 204) 3 headers in 131 bytes (1 switches on core 0)
2026-07-17 13:53:49.626 7 WARNING keystonemiddleware.audit [None req-c5ac22eb-5c29-46e8-86c2-edbdb3f2d0d6 d247124441144b7a94b75d784c68829a 5e3721e63c59493e86c626766a29c0ca - - default default] Skipping service tempest-service-1306986048 as it have no endpoints.
2026-07-17 13:53:49.768 7 INFO neutron_taas.services.taas.taas_plugin [None req-73d1f57b-59f8-4f42-a61c-1bbc97f25144 d247124441144b7a94b75d784c68829a 5e3721e63c59493e86c626766a29c0ca - - default default] TaaS: Handle Delete Port: fe3b2c2c-b70f-49b3-953d-0b6a2bc9e277
2026-07-17 13:53:49.773 7 INFO neutron_taas.services.taas.tap_mirror_plugin [None req-73d1f57b-59f8-4f42-a61c-1bbc97f25144 d247124441144b7a94b75d784c68829a 5e3721e63c59493e86c626766a29c0ca - - default default] Tap Mirror: Handle Delete Port: fe3b2c2c-b70f-49b3-953d-0b6a2bc9e277 [pid: 7|app: 0|req: 690/1391] 10.0.0.162 () {32 vars in 719 bytes} [Fri Jul 17 13:53:49 2026] DELETE /v2.0/ports/fe3b2c2c-b70f-49b3-953d-0b6a2bc9e277 => generated 0 bytes in 269 msecs (HTTP/1.1 204) 3 headers in 131 bytes (1 switches on core 0)
2026-07-17 13:53:49.899 8 WARNING keystonemiddleware.audit [None req-6789a842-fca6-49a8-9ca2-13e99d6db2fb d247124441144b7a94b75d784c68829a 5e3721e63c59493e86c626766a29c0ca - - default default] Skipping service tempest-service-1306986048 as it have no endpoints. [pid: 8|app: 0|req: 702/1392] 10.0.0.162 () {32 vars in 642 bytes} [Fri Jul 17 13:53:49 2026] GET /v2.0/ports => generated 1523 bytes in 79 msecs (HTTP/1.1 200) 4 headers in 158 bytes (1 switches on core 0)
2026-07-17 13:53:49.984 7 WARNING keystonemiddleware.audit [None req-73d1f57b-59f8-4f42-a61c-1bbc97f25144 d247124441144b7a94b75d784c68829a 5e3721e63c59493e86c626766a29c0ca - - default default] Skipping service tempest-service-1306986048 as it have no endpoints.
2026-07-17 13:53:50.080 7 INFO neutron.db.segments_db [None req-3b22075d-d23c-49ce-8a3e-c5fd43221576 d247124441144b7a94b75d784c68829a 5e3721e63c59493e86c626766a29c0ca - - default default] Added segment c4625146-71da-4e16-abd4-034dbf54425d of type geneve for network 7001449b-910e-4203-a802-26d208136846
2026-07-17 13:53:50.183 7 INFO neutron.db.ovn_revision_numbers_db [None req-3b22075d-d23c-49ce-8a3e-c5fd43221576 d247124441144b7a94b75d784c68829a 5e3721e63c59493e86c626766a29c0ca - - default default] Successfully bumped revision number for resource 7001449b-910e-4203-a802-26d208136846 (type: networks) to 1 [pid: 8|app: 0|req: 703/1393] 10.0.0.234 () {34 vars in 989 bytes} [Fri Jul 17 13:53:50 2026] GET /v2.0/ports?device_id=eda35167-b68b-4a41-a2a9-96335258f47e => generated 971 bytes in 80 msecs (HTTP/1.1 200) 4 headers in 157 bytes (1 switches on core 0) [pid: 8|app: 0|req: 704/1394] 10.0.0.234 () {34 vars in 1039 bytes} [Fri Jul 17 13:53:50 2026] GET /v2.0/security-groups?id=b0ddf728-cdb8-4ac7-8c12-317371a05643&fields=id&fields=name => generated 113 bytes in 27 msecs (HTTP/1.1 200) 4 headers in 157 bytes (1 switches on core 0)
2026-07-17 13:53:50.379 7 WARNING neutron.scheduler.dhcp_agent_scheduler [None req-3b22075d-d23c-49ce-8a3e-c5fd43221576 d247124441144b7a94b75d784c68829a 5e3721e63c59493e86c626766a29c0ca - - default default] No more DHCP agents
2026-07-17 13:53:50.381 7 WARNING neutron.api.rpc.agentnotifiers.dhcp_rpc_agent_api [None req-3b22075d-d23c-49ce-8a3e-c5fd43221576 d247124441144b7a94b75d784c68829a 5e3721e63c59493e86c626766a29c0ca - - default default] Unable to schedule network 7001449b-910e-4203-a802-26d208136846: no agents available; will retry on subsequent port and subnet creation events.
2026-07-17 13:53:50.442 8 INFO neutron.plugins.ml2.drivers.ovn.mech_driver.mech_driver [None req-02770ec4-0cb3-4ed9-bf13-bafcaf1410fc - - - - - -] OVN reports status down for port: 071cfda8-734a-4764-b86c-a94b1f2c0b3d
2026-07-17 13:53:50.469 7 INFO neutron.db.ovn_revision_numbers_db [None req-3b22075d-d23c-49ce-8a3e-c5fd43221576 d247124441144b7a94b75d784c68829a 5e3721e63c59493e86c626766a29c0ca - - default default] Successfully bumped revision number for resource 071cfda8-734a-4764-b86c-a94b1f2c0b3d (type: ports) to 1 [pid: 7|app: 0|req: 691/1395] 10.0.0.162 () {34 vars in 669 bytes} [Fri Jul 17 13:53:49 2026] POST /v2.0/networks => generated 688 bytes in 510 msecs (HTTP/1.1 201) 4 headers in 162 bytes (1 switches on core 0)
2026-07-17 13:53:50.499 7 WARNING keystonemiddleware.audit [None req-3b22075d-d23c-49ce-8a3e-c5fd43221576 d247124441144b7a94b75d784c68829a 5e3721e63c59493e86c626766a29c0ca - - default default] Skipping service tempest-service-1306986048 as it have no endpoints.
2026-07-17 13:53:50.594 7 INFO neutron.db.segments_db [None req-b3aab56d-e380-462a-9605-33716de6f515 d247124441144b7a94b75d784c68829a 5e3721e63c59493e86c626766a29c0ca - - default default] Added segment fe5e29c0-9516-4470-a347-833b94178f76 of type geneve for network f4f027e1-fe6e-4538-8c44-641a8e5d47de
2026-07-17 13:53:50.627 8 INFO neutron.db.ovn_revision_numbers_db [None req-b7682a93-a56e-46e2-a785-51cdbaed1777 ed3e97af1b704792b1ac3de856873f7b 7de33ca4ce6f4899a96265cad6d88b22 - - default default] Successfully bumped revision number for resource 11300e3f-f756-4cd1-8aa7-61da1f65b85c (type: security_groups) to 1
2026-07-17 13:53:50.639 8 INFO neutron.db.ovn_revision_numbers_db [None req-b7682a93-a56e-46e2-a785-51cdbaed1777 ed3e97af1b704792b1ac3de856873f7b 7de33ca4ce6f4899a96265cad6d88b22 - - default default] Successfully bumped revision number for resource 0e5947dd-0869-4e75-9326-465fdd779f01 (type: security_group_rules) to 0
2026-07-17 13:53:50.648 8 INFO neutron.db.ovn_revision_numbers_db [None req-b7682a93-a56e-46e2-a785-51cdbaed1777 ed3e97af1b704792b1ac3de856873f7b 7de33ca4ce6f4899a96265cad6d88b22 - - default default] Successfully bumped revision number for resource 3216a9b2-a27c-4355-a9a2-1f861d6943e1 (type: security_group_rules) to 0
2026-07-17 13:53:50.657 8 INFO neutron.db.ovn_revision_numbers_db [None req-b7682a93-a56e-46e2-a785-51cdbaed1777 ed3e97af1b704792b1ac3de856873f7b 7de33ca4ce6f4899a96265cad6d88b22 - - default default] Successfully bumped revision number for resource b15a33d6-cab6-4a70-8746-975cc571376c (type: security_group_rules) to 0
2026-07-17 13:53:50.668 8 INFO neutron.db.ovn_revision_numbers_db [None req-b7682a93-a56e-46e2-a785-51cdbaed1777 ed3e97af1b704792b1ac3de856873f7b 7de33ca4ce6f4899a96265cad6d88b22 - - default default] Successfully bumped revision number for resource e611c857-e341-4c5f-8442-a2de79f37c09 (type: security_group_rules) to 0 [pid: 8|app: 0|req: 705/1396] 10.0.0.162 () {32 vars in 773 bytes} [Fri Jul 17 13:53:50 2026] GET /v2.0/security-groups?tenant_id=c1820c8450414f208d5e0192567b46ca&name=default => generated 2925 bytes in 396 msecs (HTTP/1.1 200) 4 headers in 158 bytes (1 switches on core 0)
2026-07-17 13:53:50.749 7 INFO neutron.db.ovn_revision_numbers_db [None req-b3aab56d-e380-462a-9605-33716de6f515 d247124441144b7a94b75d784c68829a 5e3721e63c59493e86c626766a29c0ca - - default default] Successfully bumped revision number for resource f4f027e1-fe6e-4538-8c44-641a8e5d47de (type: networks) to 1 [pid: 8|app: 0|req: 706/1397] 10.0.0.162 () {32 vars in 739 bytes} [Fri Jul 17 13:53:50 2026] DELETE /v2.0/security-groups/11300e3f-f756-4cd1-8aa7-61da1f65b85c => generated 0 bytes in 211 msecs (HTTP/1.1 204) 2 headers in 112 bytes (1 switches on core 0)
2026-07-17 13:53:50.941 7 WARNING neutron.scheduler.dhcp_agent_scheduler [None req-b3aab56d-e380-462a-9605-33716de6f515 d247124441144b7a94b75d784c68829a 5e3721e63c59493e86c626766a29c0ca - - default default] No more DHCP agents
2026-07-17 13:53:50.942 7 WARNING neutron.api.rpc.agentnotifiers.dhcp_rpc_agent_api [None req-b3aab56d-e380-462a-9605-33716de6f515 d247124441144b7a94b75d784c68829a 5e3721e63c59493e86c626766a29c0ca - - default default] Unable to schedule network f4f027e1-fe6e-4538-8c44-641a8e5d47de: no agents available; will retry on subsequent port and subnet creation events.
2026-07-17 13:53:51.019 7 INFO neutron.plugins.ml2.drivers.ovn.mech_driver.mech_driver [None req-08ec968e-8630-489f-b2ec-83ac51464a6b - - - - - -] OVN reports status down for port: e0377a70-a9d7-4790-93c2-f72568f01508
2026-07-17 13:53:51.082 7 INFO neutron.db.ovn_revision_numbers_db [None req-b3aab56d-e380-462a-9605-33716de6f515 d247124441144b7a94b75d784c68829a 5e3721e63c59493e86c626766a29c0ca - - default default] Successfully bumped revision number for resource e0377a70-a9d7-4790-93c2-f72568f01508 (type: ports) to 1 [pid: 7|app: 0|req: 692/1398] 10.0.0.162 () {34 vars in 669 bytes} [Fri Jul 17 13:53:50 2026] POST /v2.0/networks => generated 687 bytes in 628 msecs (HTTP/1.1 201) 4 headers in 162 bytes (1 switches on core 0)
2026-07-17 13:53:51.158 8 WARNING keystonemiddleware.audit [None req-4e002711-b9e7-4af8-ba01-88753cb261e3 ed3e97af1b704792b1ac3de856873f7b 7de33ca4ce6f4899a96265cad6d88b22 - - default default] Skipping service tempest-service-1306986048 as it have no endpoints.
2026-07-17 13:53:51.447 8 WARNING neutron.scheduler.dhcp_agent_scheduler [None req-fab36a05-a0e4-4ad7-b0ea-62a9a00ef135 d247124441144b7a94b75d784c68829a 5e3721e63c59493e86c626766a29c0ca - - default default] No more DHCP agents
2026-07-17 13:53:51.449 8 WARNING neutron.api.rpc.agentnotifiers.dhcp_rpc_agent_api [None req-fab36a05-a0e4-4ad7-b0ea-62a9a00ef135 d247124441144b7a94b75d784c68829a 5e3721e63c59493e86c626766a29c0ca - - default default] Unable to schedule network 7001449b-910e-4203-a802-26d208136846: no agents available; will retry on subsequent port and subnet creation events.
2026-07-17 13:53:51.866 8 INFO neutron.db.ovn_revision_numbers_db [None req-2b5665f6-8e0e-4b04-8268-3edf631cb972 - - - - - -] Successfully bumped revision number for resource 071cfda8-734a-4764-b86c-a94b1f2c0b3d (type: ports) to 2
2026-07-17 13:53:51.900 8 INFO neutron.db.ovn_revision_numbers_db [None req-2b5665f6-8e0e-4b04-8268-3edf631cb972 - - - - - -] Successfully bumped revision number for resource 1832adb9-77be-43b9-84f4-f4ad5175638e (type: subnets) to 0
2026-07-17 13:53:51.939 8 WARNING neutron.scheduler.dhcp_agent_scheduler [None req-fab36a05-a0e4-4ad7-b0ea-62a9a00ef135 d247124441144b7a94b75d784c68829a 5e3721e63c59493e86c626766a29c0ca - - default default] No more DHCP agents
2026-07-17 13:53:51.941 8 WARNING neutron.api.rpc.agentnotifiers.dhcp_rpc_agent_api [None req-fab36a05-a0e4-4ad7-b0ea-62a9a00ef135 d247124441144b7a94b75d784c68829a 5e3721e63c59493e86c626766a29c0ca - - default default] Unable to schedule network f4f027e1-fe6e-4538-8c44-641a8e5d47de: no agents available; will retry on subsequent port and subnet creation events.
2026-07-17 13:53:52.438 8 INFO neutron.db.ovn_revision_numbers_db [None req-ac983c3c-54ea-4736-b9c6-09e2e2bd7594 - - - - - -] Successfully bumped revision number for resource e0377a70-a9d7-4790-93c2-f72568f01508 (type: ports) to 2
2026-07-17 13:53:52.482 8 INFO neutron.db.ovn_revision_numbers_db [None req-ac983c3c-54ea-4736-b9c6-09e2e2bd7594 - - - - - -] Successfully bumped revision number for resource f0ff7831-c61e-4f14-8529-7cc4ff682a63 (type: subnets) to 0 [pid: 8|app: 0|req: 707/1399] 10.0.0.162 () {34 vars in 668 bytes} [Fri Jul 17 13:53:51 2026] POST /v2.0/subnets => generated 1273 bytes in 1347 msecs (HTTP/1.1 201) 4 headers in 163 bytes (1 switches on core 0)
2026-07-17 13:53:52.511 7 WARNING keystonemiddleware.audit [None req-b3aab56d-e380-462a-9605-33716de6f515 d247124441144b7a94b75d784c68829a 5e3721e63c59493e86c626766a29c0ca - - default default] Skipping service tempest-service-1306986048 as it have no endpoints. [pid: 7|app: 0|req: 693/1400] 10.0.0.162 () {32 vars in 646 bytes} [Fri Jul 17 13:53:52 2026] GET /v2.0/subnets => generated 1909 bytes in 64 msecs (HTTP/1.1 200) 4 headers in 158 bytes (1 switches on core 0)
2026-07-17 13:53:52.580 8 WARNING keystonemiddleware.audit [None req-fab36a05-a0e4-4ad7-b0ea-62a9a00ef135 d247124441144b7a94b75d784c68829a 5e3721e63c59493e86c626766a29c0ca - - default default] Skipping service tempest-service-1306986048 as it have no endpoints. [pid: 8|app: 0|req: 708/1401] 10.0.0.162 () {32 vars in 723 bytes} [Fri Jul 17 13:53:52 2026] DELETE /v2.0/subnets/1832adb9-77be-43b9-84f4-f4ad5175638e => generated 0 bytes in 154 msecs (HTTP/1.1 204) 3 headers in 131 bytes (1 switches on core 0)
2026-07-17 13:53:52.739 7 WARNING keystonemiddleware.audit [None req-7e3561b1-1240-4621-a82e-22ebfd89b1e8 d247124441144b7a94b75d784c68829a 5e3721e63c59493e86c626766a29c0ca - - default default] Skipping service tempest-service-1306986048 as it have no endpoints. [pid: 7|app: 0|req: 694/1402] 10.0.0.162 () {32 vars in 723 bytes} [Fri Jul 17 13:53:52 2026] DELETE /v2.0/subnets/f0ff7831-c61e-4f14-8529-7cc4ff682a63 => generated 0 bytes in 162 msecs (HTTP/1.1 204) 3 headers in 131 bytes (1 switches on core 0)
2026-07-17 13:53:52.909 8 WARNING keystonemiddleware.audit [None req-950d2a69-3abc-40e1-a024-090886a6008d d247124441144b7a94b75d784c68829a 5e3721e63c59493e86c626766a29c0ca - - default default] Skipping service tempest-service-1306986048 as it have no endpoints. [pid: 8|app: 0|req: 709/1403] 10.0.0.162 () {32 vars in 646 bytes} [Fri Jul 17 13:53:52 2026] GET /v2.0/subnets => generated 649 bytes in 46 msecs (HTTP/1.1 200) 4 headers in 157 bytes (1 switches on core 0)
2026-07-17 13:53:52.963 7 WARNING keystonemiddleware.audit [None req-921b2502-4747-4bd3-a8e9-653cfa174104 d247124441144b7a94b75d784c68829a 5e3721e63c59493e86c626766a29c0ca - - default default] Skipping service tempest-service-1306986048 as it have no endpoints.
2026-07-17 13:53:53.092 7 INFO neutron_taas.services.taas.taas_plugin [None req-510cb7ab-fd4b-4aa3-ab10-f0c6cd1e0573 d247124441144b7a94b75d784c68829a 5e3721e63c59493e86c626766a29c0ca - - default default] TaaS: Handle Delete Port: e0377a70-a9d7-4790-93c2-f72568f01508
2026-07-17 13:53:53.095 7 INFO neutron_taas.services.taas.tap_mirror_plugin [None req-510cb7ab-fd4b-4aa3-ab10-f0c6cd1e0573 d247124441144b7a94b75d784c68829a 5e3721e63c59493e86c626766a29c0ca - - default default] Tap Mirror: Handle Delete Port: e0377a70-a9d7-4790-93c2-f72568f01508
2026-07-17 13:53:53.280 7 INFO neutron.services.segments.plugin [-] Segment fe5e29c0-9516-4470-a347-833b94178f76 resource provider aggregate not found
2026-07-17 13:53:53.284 7 INFO neutron.services.segments.plugin [-] Segment fe5e29c0-9516-4470-a347-833b94178f76 resource provider aggregate not found
2026-07-17 13:53:53.301 7 INFO neutron.services.segments.plugin [-] Client error retrieving segment fe5e29c0-9516-4470-a347-833b94178f76 resource provider; error: Placement Client Error (4xx): {"errors": [{"status": 404, "title": "Not Found", "detail": "The resource could not be found.\n\n No resource provider with uuid fe5e29c0-9516-4470-a347-833b94178f76 found for delete ", "request_id": "req-5dbc4922-3897-40e2-bac4-269d2bdc5216"}]}
2026-07-17 13:53:53.305 7 INFO neutron.services.segments.plugin [-] Client error retrieving segment fe5e29c0-9516-4470-a347-833b94178f76 resource provider; error: Placement Client Error (4xx): {"errors": [{"status": 404, "title": "Not Found", "detail": "The resource could not be found.\n\n No resource provider with uuid fe5e29c0-9516-4470-a347-833b94178f76 found for delete ", "request_id": "req-b26c4b44-49cd-437e-8d9f-c171fdf2bc03"}]} [pid: 7|app: 0|req: 695/1404] 10.0.0.162 () {32 vars in 725 bytes} [Fri Jul 17 13:53:52 2026] DELETE /v2.0/networks/f4f027e1-fe6e-4538-8c44-641a8e5d47de => generated 0 bytes in 372 msecs (HTTP/1.1 204) 3 headers in 131 bytes (1 switches on core 0)
2026-07-17 13:53:53.341 8 WARNING keystonemiddleware.audit [None req-2265bc61-3b8a-4d17-913f-2edd37731e6a d247124441144b7a94b75d784c68829a 5e3721e63c59493e86c626766a29c0ca - - default default] Skipping service tempest-service-1306986048 as it have no endpoints.
2026-07-17 13:53:53.463 8 INFO neutron_taas.services.taas.taas_plugin [None req-ba3cd904-558d-40e0-9e4c-0802edcdc998 d247124441144b7a94b75d784c68829a 5e3721e63c59493e86c626766a29c0ca - - default default] TaaS: Handle Delete Port: 071cfda8-734a-4764-b86c-a94b1f2c0b3d
2026-07-17 13:53:53.466 8 INFO neutron_taas.services.taas.tap_mirror_plugin [None req-ba3cd904-558d-40e0-9e4c-0802edcdc998 d247124441144b7a94b75d784c68829a 5e3721e63c59493e86c626766a29c0ca - - default default] Tap Mirror: Handle Delete Port: 071cfda8-734a-4764-b86c-a94b1f2c0b3d
2026-07-17 13:53:53.666 8 INFO neutron.services.segments.plugin [-] Segment c4625146-71da-4e16-abd4-034dbf54425d resource provider aggregate not found
2026-07-17 13:53:53.672 8 INFO neutron.services.segments.plugin [-] Segment c4625146-71da-4e16-abd4-034dbf54425d resource provider aggregate not found
2026-07-17 13:53:53.687 8 INFO neutron.services.segments.plugin [-] Client error retrieving segment c4625146-71da-4e16-abd4-034dbf54425d resource provider; error: Placement Client Error (4xx): {"errors": [{"status": 404, "title": "Not Found", "detail": "The resource could not be found.\n\n No resource provider with uuid c4625146-71da-4e16-abd4-034dbf54425d found for delete ", "request_id": "req-fce39fd4-e701-4cf0-9314-bbbacbc15de2"}]}
2026-07-17 13:53:53.694 8 INFO neutron.services.segments.plugin [-] Client error retrieving segment c4625146-71da-4e16-abd4-034dbf54425d resource provider; error: Placement Client Error (4xx): {"errors": [{"status": 404, "title": "Not Found", "detail": "The resource could not be found.\n\n No resource provider with uuid c4625146-71da-4e16-abd4-034dbf54425d found for delete ", "request_id": "req-c1a2f058-fae5-4596-83ab-5a30b7da9d45"}]} [pid: 8|app: 0|req: 710/1405] 10.0.0.162 () {32 vars in 725 bytes} [Fri Jul 17 13:53:53 2026] DELETE /v2.0/networks/7001449b-910e-4203-a802-26d208136846 => generated 0 bytes in 391 msecs (HTTP/1.1 204) 3 headers in 131 bytes (1 switches on core 0)
2026-07-17 13:53:53.737 8 WARNING keystonemiddleware.audit [None req-ba3cd904-558d-40e0-9e4c-0802edcdc998 d247124441144b7a94b75d784c68829a 5e3721e63c59493e86c626766a29c0ca - - default default] Skipping service tempest-service-1306986048 as it have no endpoints.
2026-07-17 13:53:53.857 8 INFO neutron_taas.services.taas.taas_plugin [None req-6102ee55-2322-477d-822e-d49cf60a7fe8 d247124441144b7a94b75d784c68829a 5e3721e63c59493e86c626766a29c0ca - - default default] TaaS: Handle Delete Port: aa58cae1-45cf-4520-bf64-440c67f976b7
2026-07-17 13:53:53.859 8 INFO neutron_taas.services.taas.tap_mirror_plugin [None req-6102ee55-2322-477d-822e-d49cf60a7fe8 d247124441144b7a94b75d784c68829a 5e3721e63c59493e86c626766a29c0ca - - default default] Tap Mirror: Handle Delete Port: aa58cae1-45cf-4520-bf64-440c67f976b7
2026-07-17 13:53:53.931 7 INFO neutron.db.ovn_revision_numbers_db [None req-cf515423-b8c8-4537-a361-efe49baa1d01 ed3e97af1b704792b1ac3de856873f7b 7de33ca4ce6f4899a96265cad6d88b22 - - default default] Successfully bumped revision number for resource a9ca79f6-87d0-4339-b600-a579c8ac3eda (type: security_groups) to 1
2026-07-17 13:53:53.942 7 INFO neutron.db.ovn_revision_numbers_db [None req-cf515423-b8c8-4537-a361-efe49baa1d01 ed3e97af1b704792b1ac3de856873f7b 7de33ca4ce6f4899a96265cad6d88b22 - - default default] Successfully bumped revision number for resource 02ebb19b-371e-4055-b1cd-6852656cfbf8 (type: security_group_rules) to 0
2026-07-17 13:53:53.958 7 INFO neutron.db.ovn_revision_numbers_db [None req-cf515423-b8c8-4537-a361-efe49baa1d01 ed3e97af1b704792b1ac3de856873f7b 7de33ca4ce6f4899a96265cad6d88b22 - - default default] Successfully bumped revision number for resource 228e473e-9314-451d-bac6-750fb2e70ef0 (type: security_group_rules) to 0
2026-07-17 13:53:53.982 7 INFO neutron.db.ovn_revision_numbers_db [None req-cf515423-b8c8-4537-a361-efe49baa1d01 ed3e97af1b704792b1ac3de856873f7b 7de33ca4ce6f4899a96265cad6d88b22 - - default default] Successfully bumped revision number for resource 81a9a866-e09c-41bc-87d3-f2d48c0d6080 (type: security_group_rules) to 0
2026-07-17 13:53:53.996 7 INFO neutron.db.ovn_revision_numbers_db [None req-cf515423-b8c8-4537-a361-efe49baa1d01 ed3e97af1b704792b1ac3de856873f7b 7de33ca4ce6f4899a96265cad6d88b22 - - default default] Successfully bumped revision number for resource 8869bcf1-85c9-44cb-af66-e25ade99dd97 (type: security_group_rules) to 0 [pid: 7|app: 0|req: 696/1406] 10.0.0.162 () {32 vars in 773 bytes} [Fri Jul 17 13:53:53 2026] GET /v2.0/security-groups?tenant_id=a73c56f66f224ef7966dfd39792e27d4&name=default => generated 2925 bytes in 412 msecs (HTTP/1.1 200) 4 headers in 158 bytes (1 switches on core 0) [pid: 8|app: 0|req: 711/1407] 10.0.0.162 () {32 vars in 725 bytes} [Fri Jul 17 13:53:53 2026] DELETE /v2.0/networks/a66fde25-2cad-4b08-8ae7-bb0eb007d6a7 => generated 0 bytes in 349 msecs (HTTP/1.1 204) 3 headers in 131 bytes (1 switches on core 0)
2026-07-17 13:53:54.094 8 WARNING keystonemiddleware.audit [None req-6102ee55-2322-477d-822e-d49cf60a7fe8 d247124441144b7a94b75d784c68829a 5e3721e63c59493e86c626766a29c0ca - - default default] Skipping service tempest-service-1306986048 as it have no endpoints.
2026-07-17 13:53:54.227 8 INFO neutron_taas.services.taas.taas_plugin [None req-2e978d85-3bb8-4e88-b720-c5f2fea3205f d247124441144b7a94b75d784c68829a 5e3721e63c59493e86c626766a29c0ca - - default default] TaaS: Handle Delete Port: 99148c9f-8123-4a23-96c6-4f9a3e9ab6fb
2026-07-17 13:53:54.230 8 INFO neutron_taas.services.taas.tap_mirror_plugin [None req-2e978d85-3bb8-4e88-b720-c5f2fea3205f d247124441144b7a94b75d784c68829a 5e3721e63c59493e86c626766a29c0ca - - default default] Tap Mirror: Handle Delete Port: 99148c9f-8123-4a23-96c6-4f9a3e9ab6fb [pid: 7|app: 0|req: 697/1408] 10.0.0.162 () {32 vars in 739 bytes} [Fri Jul 17 13:53:54 2026] DELETE /v2.0/security-groups/a9ca79f6-87d0-4339-b600-a579c8ac3eda => generated 0 bytes in 234 msecs (HTTP/1.1 204) 2 headers in 112 bytes (1 switches on core 0) [pid: 8|app: 0|req: 712/1409] 10.0.0.162 () {32 vars in 725 bytes} [Fri Jul 17 13:53:54 2026] DELETE /v2.0/networks/cd0c08e3-2f33-489c-994f-69ed61967047 => generated 0 bytes in 405 msecs (HTTP/1.1 204) 3 headers in 131 bytes (1 switches on core 0)
2026-07-17 13:53:54.557 7 INFO neutron.db.ovn_revision_numbers_db [None req-939e3cc0-5d72-4829-8ca4-1392d41665df ed3e97af1b704792b1ac3de856873f7b 7de33ca4ce6f4899a96265cad6d88b22 - - default default] Successfully bumped revision number for resource 3a4564ca-4e36-4959-9ae2-44c74e170474 (type: security_groups) to 1
2026-07-17 13:53:54.568 7 INFO neutron.db.ovn_revision_numbers_db [None req-939e3cc0-5d72-4829-8ca4-1392d41665df ed3e97af1b704792b1ac3de856873f7b 7de33ca4ce6f4899a96265cad6d88b22 - - default default] Successfully bumped revision number for resource 56c69f6a-32fc-46ab-b1b0-f8afc133f653 (type: security_group_rules) to 0
2026-07-17 13:53:54.578 7 INFO neutron.db.ovn_revision_numbers_db [None req-939e3cc0-5d72-4829-8ca4-1392d41665df ed3e97af1b704792b1ac3de856873f7b 7de33ca4ce6f4899a96265cad6d88b22 - - default default] Successfully bumped revision number for resource 602b4deb-e17a-41e1-bf19-4c128d7b09c4 (type: security_group_rules) to 0
2026-07-17 13:53:54.592 7 INFO neutron.db.ovn_revision_numbers_db [None req-939e3cc0-5d72-4829-8ca4-1392d41665df ed3e97af1b704792b1ac3de856873f7b 7de33ca4ce6f4899a96265cad6d88b22 - - default default] Successfully bumped revision number for resource 703a4ddd-438f-475a-bb96-2ecc8bddfa4a (type: security_group_rules) to 0
2026-07-17 13:53:54.604 7 INFO neutron.db.ovn_revision_numbers_db [None req-939e3cc0-5d72-4829-8ca4-1392d41665df ed3e97af1b704792b1ac3de856873f7b 7de33ca4ce6f4899a96265cad6d88b22 - - default default] Successfully bumped revision number for resource da75f95f-fc5c-4a05-9b0d-5a05c57387a2 (type: security_group_rules) to 0 [pid: 7|app: 0|req: 698/1410] 10.0.0.162 () {32 vars in 773 bytes} [Fri Jul 17 13:53:54 2026] GET /v2.0/security-groups?tenant_id=f2f137166ad24b69912c9781b20bbebe&name=default => generated 2925 bytes in 356 msecs (HTTP/1.1 200) 4 headers in 158 bytes (1 switches on core 0) [pid: 8|app: 0|req: 713/1411] 10.0.0.162 () {32 vars in 739 bytes} [Fri Jul 17 13:53:54 2026] DELETE /v2.0/security-groups/3a4564ca-4e36-4959-9ae2-44c74e170474 => generated 0 bytes in 238 msecs (HTTP/1.1 204) 2 headers in 112 bytes (1 switches on core 0)
2026-07-17 13:53:55.095 7 INFO neutron.db.ovn_revision_numbers_db [None req-d088d5ac-08a7-49c8-9efd-0c4c10d9e2a2 ed3e97af1b704792b1ac3de856873f7b 7de33ca4ce6f4899a96265cad6d88b22 - - default default] Successfully bumped revision number for resource 9eb503d3-bd4e-4901-b35a-5ff40e811b80 (type: security_groups) to 1
2026-07-17 13:53:55.109 7 INFO neutron.db.ovn_revision_numbers_db [None req-d088d5ac-08a7-49c8-9efd-0c4c10d9e2a2 ed3e97af1b704792b1ac3de856873f7b 7de33ca4ce6f4899a96265cad6d88b22 - - default default] Successfully bumped revision number for resource 0ab5bad9-649b-43c0-ad57-be91203427d3 (type: security_group_rules) to 0
2026-07-17 13:53:55.123 7 INFO neutron.db.ovn_revision_numbers_db [None req-d088d5ac-08a7-49c8-9efd-0c4c10d9e2a2 ed3e97af1b704792b1ac3de856873f7b 7de33ca4ce6f4899a96265cad6d88b22 - - default default] Successfully bumped revision number for resource 0cf9ef14-6e6d-4447-95ca-99b9e0fa1b3c (type: security_group_rules) to 0
2026-07-17 13:53:55.134 7 INFO neutron.db.ovn_revision_numbers_db [None req-d088d5ac-08a7-49c8-9efd-0c4c10d9e2a2 ed3e97af1b704792b1ac3de856873f7b 7de33ca4ce6f4899a96265cad6d88b22 - - default default] Successfully bumped revision number for resource e511c8b5-33ce-48ee-997a-eff17dff4593 (type: security_group_rules) to 0
2026-07-17 13:53:55.144 7 INFO neutron.db.ovn_revision_numbers_db [None req-d088d5ac-08a7-49c8-9efd-0c4c10d9e2a2 ed3e97af1b704792b1ac3de856873f7b 7de33ca4ce6f4899a96265cad6d88b22 - - default default] Successfully bumped revision number for resource eafe4384-c3f2-4e8e-ac6a-ea52510757c2 (type: security_group_rules) to 0 [pid: 7|app: 0|req: 699/1412] 10.0.0.162 () {32 vars in 773 bytes} [Fri Jul 17 13:53:54 2026] GET /v2.0/security-groups?tenant_id=93572b9807544d9bb25bb701dc58230d&name=default => generated 2925 bytes in 212 msecs (HTTP/1.1 200) 4 headers in 158 bytes (1 switches on core 0) [pid: 8|app: 0|req: 714/1413] 10.0.0.162 () {32 vars in 773 bytes} [Fri Jul 17 13:53:55 2026] GET /v2.0/security-groups?tenant_id=5e3721e63c59493e86c626766a29c0ca&name=default => generated 2925 bytes in 196 msecs (HTTP/1.1 200) 4 headers in 158 bytes (1 switches on core 0) [pid: 7|app: 0|req: 700/1414] 10.0.0.162 () {32 vars in 739 bytes} [Fri Jul 17 13:53:55 2026] DELETE /v2.0/security-groups/9eb503d3-bd4e-4901-b35a-5ff40e811b80 => generated 0 bytes in 239 msecs (HTTP/1.1 204) 2 headers in 112 bytes (1 switches on core 0) [pid: 8|app: 0|req: 715/1415] 10.0.0.162 () {32 vars in 739 bytes} [Fri Jul 17 13:53:55 2026] DELETE /v2.0/security-groups/157fe963-5058-44ea-9826-c27d9d1d62df => generated 0 bytes in 249 msecs (HTTP/1.1 204) 2 headers in 112 bytes (1 switches on core 0)
2026-07-17 13:53:55.710 8 INFO neutron.services.segments.plugin [-] Segment 511442b7-785b-4bee-92f5-a513a319bf66 resource provider aggregate not found
2026-07-17 13:53:55.722 8 INFO neutron.services.segments.plugin [-] Segment 511442b7-785b-4bee-92f5-a513a319bf66 resource provider aggregate not found
2026-07-17 13:53:55.727 8 INFO neutron.services.segments.plugin [-] Client error retrieving segment 511442b7-785b-4bee-92f5-a513a319bf66 resource provider; error: Placement Client Error (4xx): {"errors": [{"status": 404, "title": "Not Found", "detail": "The resource could not be found.\n\n No resource provider with uuid 511442b7-785b-4bee-92f5-a513a319bf66 found for delete ", "request_id": "req-f812aa16-b75e-450b-aa06-049ca996d8a8"}]}
2026-07-17 13:53:55.742 8 INFO neutron.services.segments.plugin [-] Client error retrieving segment 511442b7-785b-4bee-92f5-a513a319bf66 resource provider; error: Placement Client Error (4xx): {"errors": [{"status": 404, "title": "Not Found", "detail": "The resource could not be found.\n\n No resource provider with uuid 511442b7-785b-4bee-92f5-a513a319bf66 found for delete ", "request_id": "req-a45b03ea-a778-450f-9c89-ccd52169fb57"}]}
2026-07-17 13:53:55.743 8 INFO neutron.services.segments.plugin [-] Segment b80290bc-7b7f-4bf1-9318-f126c875b9f7 resource provider aggregate not found
2026-07-17 13:53:55.757 8 INFO neutron.services.segments.plugin [-] Segment b80290bc-7b7f-4bf1-9318-f126c875b9f7 resource provider aggregate not found
2026-07-17 13:53:55.762 8 INFO neutron.services.segments.plugin [-] Client error retrieving segment b80290bc-7b7f-4bf1-9318-f126c875b9f7 resource provider; error: Placement Client Error (4xx): {"errors": [{"status": 404, "title": "Not Found", "detail": "The resource could not be found.\n\n No resource provider with uuid b80290bc-7b7f-4bf1-9318-f126c875b9f7 found for delete ", "request_id": "req-ded89360-2ce3-4050-bfb1-04f862c6c951"}]}
2026-07-17 13:53:55.770 8 INFO neutron.services.segments.plugin [-] Client error retrieving segment b80290bc-7b7f-4bf1-9318-f126c875b9f7 resource provider; error: Placement Client Error (4xx): {"errors": [{"status": 404, "title": "Not Found", "detail": "The resource could not be found.\n\n No resource provider with uuid b80290bc-7b7f-4bf1-9318-f126c875b9f7 found for delete ", "request_id": "req-ba4cbef2-37bc-4032-9496-39c3b9f2b567"}]}
2026-07-17 13:53:56.296 7 INFO neutron.db.ovn_revision_numbers_db [None req-dcc16824-28d3-48fb-8f22-5b2afb405553 ea4f4dd2d77845a688822ad1af84d9b8 906df714578b4a68a376a942aa4e602d - - default default] Successfully bumped revision number for resource be301a74-5522-41bc-af90-6479f83f9270 (type: security_groups) to 1
2026-07-17 13:53:56.312 7 INFO neutron.db.ovn_revision_numbers_db [None req-dcc16824-28d3-48fb-8f22-5b2afb405553 ea4f4dd2d77845a688822ad1af84d9b8 906df714578b4a68a376a942aa4e602d - - default default] Successfully bumped revision number for resource 2205c44a-ee95-42be-bbc4-2e52ef0270b6 (type: security_group_rules) to 0
2026-07-17 13:53:56.324 7 INFO neutron.db.ovn_revision_numbers_db [None req-dcc16824-28d3-48fb-8f22-5b2afb405553 ea4f4dd2d77845a688822ad1af84d9b8 906df714578b4a68a376a942aa4e602d - - default default] Successfully bumped revision number for resource 7ea9cb72-40fd-4a40-97ac-d2c6bd834635 (type: security_group_rules) to 0
2026-07-17 13:53:56.343 7 INFO neutron.db.ovn_revision_numbers_db [None req-dcc16824-28d3-48fb-8f22-5b2afb405553 ea4f4dd2d77845a688822ad1af84d9b8 906df714578b4a68a376a942aa4e602d - - default default] Successfully bumped revision number for resource cb362c85-77fd-4a4f-a3ca-81238ac155af (type: security_group_rules) to 0
2026-07-17 13:53:56.358 7 INFO neutron.db.ovn_revision_numbers_db [None req-dcc16824-28d3-48fb-8f22-5b2afb405553 ea4f4dd2d77845a688822ad1af84d9b8 906df714578b4a68a376a942aa4e602d - - default default] Successfully bumped revision number for resource cfe4895d-e1d3-46f6-a0b2-856fd331fb63 (type: security_group_rules) to 0
2026-07-17 13:53:56.435 7 INFO neutron.db.segments_db [None req-dcc16824-28d3-48fb-8f22-5b2afb405553 ea4f4dd2d77845a688822ad1af84d9b8 906df714578b4a68a376a942aa4e602d - - default default] Added segment 1640d2b5-dd52-4ffe-9d6a-fc8ca2aafe05 of type geneve for network 4225d334-80c6-4f26-9968-192430470951
2026-07-17 13:53:56.550 7 INFO neutron.db.ovn_revision_numbers_db [None req-dcc16824-28d3-48fb-8f22-5b2afb405553 ea4f4dd2d77845a688822ad1af84d9b8 906df714578b4a68a376a942aa4e602d - - default default] Successfully bumped revision number for resource 4225d334-80c6-4f26-9968-192430470951 (type: networks) to 1
2026-07-17 13:53:57.147 7 WARNING neutron.scheduler.dhcp_agent_scheduler [None req-dcc16824-28d3-48fb-8f22-5b2afb405553 ea4f4dd2d77845a688822ad1af84d9b8 906df714578b4a68a376a942aa4e602d - - default default] No more DHCP agents
2026-07-17 13:53:57.148 7 WARNING neutron.api.rpc.agentnotifiers.dhcp_rpc_agent_api [None req-dcc16824-28d3-48fb-8f22-5b2afb405553 ea4f4dd2d77845a688822ad1af84d9b8 906df714578b4a68a376a942aa4e602d - - default default] Unable to schedule network 4225d334-80c6-4f26-9968-192430470951: no agents available; will retry on subsequent port and subnet creation events.
2026-07-17 13:53:57.197 8 INFO neutron.plugins.ml2.drivers.ovn.mech_driver.mech_driver [None req-02770ec4-0cb3-4ed9-bf13-bafcaf1410fc - - - - - -] OVN reports status down for port: aca53e96-b72b-4650-b211-2fe61a7331ff
2026-07-17 13:53:57.220 7 INFO neutron.db.ovn_revision_numbers_db [None req-dcc16824-28d3-48fb-8f22-5b2afb405553 ea4f4dd2d77845a688822ad1af84d9b8 906df714578b4a68a376a942aa4e602d - - default default] Successfully bumped revision number for resource aca53e96-b72b-4650-b211-2fe61a7331ff (type: ports) to 1 [pid: 8|app: 0|req: 716/1416] 10.0.0.162 () {32 vars in 622 bytes} [Fri Jul 17 13:53:57 2026] GET / => generated 151 bytes in 3 msecs (HTTP/1.1 200) 3 headers in 91 bytes (1 switches on core 0) [pid: 7|app: 0|req: 701/1417] 10.0.0.162 () {34 vars in 669 bytes} [Fri Jul 17 13:53:56 2026] POST /v2.0/networks => generated 687 bytes in 1224 msecs (HTTP/1.1 201) 4 headers in 162 bytes (1 switches on core 0) [pid: 8|app: 0|req: 717/1418] 10.0.0.162 () {32 vars in 632 bytes} [Fri Jul 17 13:53:57 2026] GET /v2.0/ => generated 632 bytes in 108 msecs (HTTP/1.1 200) 4 headers in 157 bytes (1 switches on core 0)
2026-07-17 13:53:57.453 7 WARNING neutron.scheduler.dhcp_agent_scheduler [None req-ab269d1c-5c5b-4fab-aeda-7f68bbf4d5ce ea4f4dd2d77845a688822ad1af84d9b8 906df714578b4a68a376a942aa4e602d - - default default] No more DHCP agents
2026-07-17 13:53:57.455 7 WARNING neutron.api.rpc.agentnotifiers.dhcp_rpc_agent_api [None req-ab269d1c-5c5b-4fab-aeda-7f68bbf4d5ce ea4f4dd2d77845a688822ad1af84d9b8 906df714578b4a68a376a942aa4e602d - - default default] Unable to schedule network 4225d334-80c6-4f26-9968-192430470951: no agents available; will retry on subsequent port and subnet creation events.
2026-07-17 13:53:57.534 7 INFO neutron.plugins.ml2.drivers.ovn.mech_driver.mech_driver [None req-08ec968e-8630-489f-b2ec-83ac51464a6b - - - - - -] OVN reports status down for port: 3f9669fe-975e-4543-af86-000983d36df2
2026-07-17 13:53:57.584 7 INFO neutron.db.ovn_revision_numbers_db [None req-ab269d1c-5c5b-4fab-aeda-7f68bbf4d5ce ea4f4dd2d77845a688822ad1af84d9b8 906df714578b4a68a376a942aa4e602d - - default default] Successfully bumped revision number for resource 3f9669fe-975e-4543-af86-000983d36df2 (type: ports) to 1 [pid: 7|app: 0|req: 702/1419] 10.0.0.162 () {34 vars in 664 bytes} [Fri Jul 17 13:53:57 2026] POST /v2.0/ports => generated 777 bytes in 402 msecs (HTTP/1.1 201) 4 headers in 162 bytes (1 switches on core 0)
2026-07-17 13:53:57.762 8 INFO neutron.db.segments_db [None req-19149038-96dd-4899-9773-9228b1cc2265 ea4f4dd2d77845a688822ad1af84d9b8 906df714578b4a68a376a942aa4e602d - - default default] Added segment e391c373-d2f6-4b7f-befd-709fdc0f3491 of type geneve for network 590a4d48-7efb-4a60-8c16-d019c141dd33
2026-07-17 13:53:57.892 8 INFO neutron.db.ovn_revision_numbers_db [None req-19149038-96dd-4899-9773-9228b1cc2265 ea4f4dd2d77845a688822ad1af84d9b8 906df714578b4a68a376a942aa4e602d - - default default] Successfully bumped revision number for resource 590a4d48-7efb-4a60-8c16-d019c141dd33 (type: networks) to 1 /var/lib/openstack/lib/python3.12/site-packages/pycadf/identifier.py:70: UserWarning: Invalid uuid: neutron. To ensure interoperability, identifiers should be a valid uuid. warnings.warn(('Invalid uuid: %s. To ensure interoperability, '
2026-07-17 13:53:58.114 8 WARNING neutron.scheduler.dhcp_agent_scheduler [None req-19149038-96dd-4899-9773-9228b1cc2265 ea4f4dd2d77845a688822ad1af84d9b8 906df714578b4a68a376a942aa4e602d - - default default] No more DHCP agents
2026-07-17 13:53:58.115 8 WARNING neutron.api.rpc.agentnotifiers.dhcp_rpc_agent_api [None req-19149038-96dd-4899-9773-9228b1cc2265 ea4f4dd2d77845a688822ad1af84d9b8 906df714578b4a68a376a942aa4e602d - - default default] Unable to schedule network 590a4d48-7efb-4a60-8c16-d019c141dd33: no agents available; will retry on subsequent port and subnet creation events.
2026-07-17 13:53:58.178 8 INFO neutron.plugins.ml2.drivers.ovn.mech_driver.mech_driver [None req-02770ec4-0cb3-4ed9-bf13-bafcaf1410fc - - - - - -] OVN reports status down for port: fa7b5860-4dd2-4017-8de5-d21445b06a6b
2026-07-17 13:53:58.213 7 INFO neutron.db.ovn_revision_numbers_db [None req-115302b5-52e4-4f88-ae56-8b5b4a03b2b8 ed3e97af1b704792b1ac3de856873f7b 7de33ca4ce6f4899a96265cad6d88b22 - - default default] Successfully bumped revision number for resource 66c24ad8-7fbb-4c49-b952-8ba3290b14bc (type: security_groups) to 1
2026-07-17 13:53:58.224 7 INFO neutron.db.ovn_revision_numbers_db [None req-115302b5-52e4-4f88-ae56-8b5b4a03b2b8 ed3e97af1b704792b1ac3de856873f7b 7de33ca4ce6f4899a96265cad6d88b22 - - default default] Successfully bumped revision number for resource 1057a0ee-5988-482a-9f14-5332c9af92c6 (type: security_group_rules) to 0
2026-07-17 13:53:58.235 7 INFO neutron.db.ovn_revision_numbers_db [None req-115302b5-52e4-4f88-ae56-8b5b4a03b2b8 ed3e97af1b704792b1ac3de856873f7b 7de33ca4ce6f4899a96265cad6d88b22 - - default default] Successfully bumped revision number for resource 658163aa-54d3-4538-946d-095c032bea70 (type: security_group_rules) to 0
2026-07-17 13:53:58.247 7 INFO neutron.db.ovn_revision_numbers_db [None req-115302b5-52e4-4f88-ae56-8b5b4a03b2b8 ed3e97af1b704792b1ac3de856873f7b 7de33ca4ce6f4899a96265cad6d88b22 - - default default] Successfully bumped revision number for resource c6e430ba-692f-4a58-b987-703d8e4f0f86 (type: security_group_rules) to 0
2026-07-17 13:53:58.259 8 INFO neutron.db.ovn_revision_numbers_db [None req-19149038-96dd-4899-9773-9228b1cc2265 ea4f4dd2d77845a688822ad1af84d9b8 906df714578b4a68a376a942aa4e602d - - default default] Successfully bumped revision number for resource fa7b5860-4dd2-4017-8de5-d21445b06a6b (type: ports) to 1
2026-07-17 13:53:58.263 7 INFO neutron.db.ovn_revision_numbers_db [None req-115302b5-52e4-4f88-ae56-8b5b4a03b2b8 ed3e97af1b704792b1ac3de856873f7b 7de33ca4ce6f4899a96265cad6d88b22 - - default default] Successfully bumped revision number for resource dc6d1b56-74f3-46c6-8a2c-7d30349a4124 (type: security_group_rules) to 0 [pid: 7|app: 0|req: 703/1420] 10.0.0.162 () {32 vars in 773 bytes} [Fri Jul 17 13:53:57 2026] GET /v2.0/security-groups?tenant_id=5525315d3a884fc1893c6b8d6310b3f9&name=default => generated 2925 bytes in 419 msecs (HTTP/1.1 200) 4 headers in 158 bytes (1 switches on core 0) [pid: 8|app: 0|req: 718/1423] 10.0.0.162 () {34 vars in 669 bytes} [Fri Jul 17 13:53:57 2026] POST /v2.0/networks => generated 674 bytes in 666 msecs (HTTP/1.1 201) 4 headers in 162 bytes (1 switches on core 0)
2026-07-17 13:53:58.525 8 WARNING neutron.scheduler.dhcp_agent_scheduler [None req-edb3340c-04fe-463e-bc40-69850c6c25c3 ea4f4dd2d77845a688822ad1af84d9b8 906df714578b4a68a376a942aa4e602d - - default default] No more DHCP agents
2026-07-17 13:53:58.527 8 WARNING neutron.api.rpc.agentnotifiers.dhcp_rpc_agent_api [None req-edb3340c-04fe-463e-bc40-69850c6c25c3 ea4f4dd2d77845a688822ad1af84d9b8 906df714578b4a68a376a942aa4e602d - - default default] Unable to schedule network 590a4d48-7efb-4a60-8c16-d019c141dd33: no agents available; will retry on subsequent port and subnet creation events. [pid: 7|app: 0|req: 706/1424] 10.0.0.162 () {32 vars in 739 bytes} [Fri Jul 17 13:53:58 2026] DELETE /v2.0/security-groups/66c24ad8-7fbb-4c49-b952-8ba3290b14bc => generated 0 bytes in 223 msecs (HTTP/1.1 204) 2 headers in 112 bytes (1 switches on core 0)
2026-07-17 13:53:58.556 8 INFO neutron.db.ovn_revision_numbers_db [None req-edb3340c-04fe-463e-bc40-69850c6c25c3 ea4f4dd2d77845a688822ad1af84d9b8 906df714578b4a68a376a942aa4e602d - - default default] Successfully bumped revision number for resource d07f41c0-a04f-4144-a385-e0688bd09f3e (type: subnets) to 0 [pid: 8|app: 0|req: 719/1425] 10.0.0.162 () {34 vars in 668 bytes} [Fri Jul 17 13:53:58 2026] POST /v2.0/subnets => generated 646 bytes in 246 msecs (HTTP/1.1 201) 4 headers in 162 bytes (1 switches on core 0)
2026-07-17 13:53:58.889 7 WARNING neutron.scheduler.dhcp_agent_scheduler [None req-6916015e-1393-44d2-8247-cfeab85c86be ea4f4dd2d77845a688822ad1af84d9b8 906df714578b4a68a376a942aa4e602d - - default default] No more DHCP agents
2026-07-17 13:53:58.891 7 WARNING neutron.api.rpc.agentnotifiers.dhcp_rpc_agent_api [None req-6916015e-1393-44d2-8247-cfeab85c86be ea4f4dd2d77845a688822ad1af84d9b8 906df714578b4a68a376a942aa4e602d - - default default] Unable to schedule network 590a4d48-7efb-4a60-8c16-d019c141dd33: no agents available; will retry on subsequent port and subnet creation events.
2026-07-17 13:53:58.981 7 INFO neutron.plugins.ml2.drivers.ovn.mech_driver.mech_driver [None req-08ec968e-8630-489f-b2ec-83ac51464a6b - - - - - -] OVN reports status down for port: dcbb1e8b-7e37-4e34-b34e-79b3b90ee084
2026-07-17 13:53:59.056 7 INFO neutron.db.ovn_revision_numbers_db [None req-6916015e-1393-44d2-8247-cfeab85c86be ea4f4dd2d77845a688822ad1af84d9b8 906df714578b4a68a376a942aa4e602d - - default default] Successfully bumped revision number for resource dcbb1e8b-7e37-4e34-b34e-79b3b90ee084 (type: ports) to 1 [pid: 7|app: 0|req: 707/1426] 10.0.0.162 () {34 vars in 664 bytes} [Fri Jul 17 13:53:58 2026] POST /v2.0/ports => generated 966 bytes in 581 msecs (HTTP/1.1 201) 4 headers in 162 bytes (1 switches on core 0)
2026-07-17 13:53:59.361 8 INFO neutron_taas.services.taas.taas_plugin [None req-dce430d5-013f-41d1-a201-af0edf651077 ea4f4dd2d77845a688822ad1af84d9b8 906df714578b4a68a376a942aa4e602d - - default default] TaaS: Handle Delete Port: dcbb1e8b-7e37-4e34-b34e-79b3b90ee084
2026-07-17 13:53:59.364 8 INFO neutron_taas.services.taas.tap_mirror_plugin [None req-dce430d5-013f-41d1-a201-af0edf651077 ea4f4dd2d77845a688822ad1af84d9b8 906df714578b4a68a376a942aa4e602d - - default default] Tap Mirror: Handle Delete Port: dcbb1e8b-7e37-4e34-b34e-79b3b90ee084 [pid: 8|app: 0|req: 720/1427] 10.0.0.162 () {32 vars in 719 bytes} [Fri Jul 17 13:53:59 2026] DELETE /v2.0/ports/dcbb1e8b-7e37-4e34-b34e-79b3b90ee084 => generated 0 bytes in 347 msecs (HTTP/1.1 204) 3 headers in 131 bytes (1 switches on core 0) /var/lib/openstack/lib/python3.12/site-packages/pycadf/identifier.py:70: UserWarning: Invalid uuid: neutron. To ensure interoperability, identifiers should be a valid uuid. warnings.warn(('Invalid uuid: %s. To ensure interoperability, '
2026-07-17 13:53:59.542 7 INFO neutron.pecan_wsgi.hooks.translation [None req-ab5f90be-7bdb-4895-936e-ea4b5ff18b90 ea4f4dd2d77845a688822ad1af84d9b8 906df714578b4a68a376a942aa4e602d - - default default] DELETE failed (client error): The resource could not be found. [pid: 7|app: 0|req: 708/1428] 10.0.0.162 () {32 vars in 719 bytes} [Fri Jul 17 13:53:59 2026] DELETE /v2.0/ports/dcbb1e8b-7e37-4e34-b34e-79b3b90ee084 => generated 132 bytes in 23 msecs (HTTP/1.1 404) 4 headers in 164 bytes (1 switches on core 0)
2026-07-17 13:53:59.572 8 INFO neutron.pecan_wsgi.hooks.translation [None req-3c8fd867-f608-42db-8c6c-d6c8c7c99e24 ea4f4dd2d77845a688822ad1af84d9b8 906df714578b4a68a376a942aa4e602d - - default default] GET failed (client error): The resource could not be found. [pid: 8|app: 0|req: 721/1429] 10.0.0.162 () {32 vars in 716 bytes} [Fri Jul 17 13:53:59 2026] GET /v2.0/ports/dcbb1e8b-7e37-4e34-b34e-79b3b90ee084 => generated 132 bytes in 23 msecs (HTTP/1.1 404) 4 headers in 164 bytes (1 switches on core 0) [pid: 7|app: 0|req: 709/1430] 10.0.0.162 () {32 vars in 723 bytes} [Fri Jul 17 13:53:59 2026] DELETE /v2.0/subnets/d07f41c0-a04f-4144-a385-e0688bd09f3e => generated 0 bytes in 179 msecs (HTTP/1.1 204) 3 headers in 131 bytes (1 switches on core 0)
2026-07-17 13:53:59.889 8 INFO neutron_taas.services.taas.taas_plugin [None req-8859ecaa-3836-4d1a-b52e-131b23de0420 ea4f4dd2d77845a688822ad1af84d9b8 906df714578b4a68a376a942aa4e602d - - default default] TaaS: Handle Delete Port: fa7b5860-4dd2-4017-8de5-d21445b06a6b
2026-07-17 13:53:59.891 8 INFO neutron_taas.services.taas.tap_mirror_plugin [None req-8859ecaa-3836-4d1a-b52e-131b23de0420 ea4f4dd2d77845a688822ad1af84d9b8 906df714578b4a68a376a942aa4e602d - - default default] Tap Mirror: Handle Delete Port: fa7b5860-4dd2-4017-8de5-d21445b06a6b
2026-07-17 13:54:00.116 8 INFO neutron.services.segments.plugin [-] Segment e391c373-d2f6-4b7f-befd-709fdc0f3491 resource provider aggregate not found
2026-07-17 13:54:00.121 8 INFO neutron.services.segments.plugin [-] Segment e391c373-d2f6-4b7f-befd-709fdc0f3491 resource provider aggregate not found
2026-07-17 13:54:00.140 8 INFO neutron.services.segments.plugin [-] Client error retrieving segment e391c373-d2f6-4b7f-befd-709fdc0f3491 resource provider; error: Placement Client Error (4xx): {"errors": [{"status": 404, "title": "Not Found", "detail": "The resource could not be found.\n\n No resource provider with uuid e391c373-d2f6-4b7f-befd-709fdc0f3491 found for delete ", "request_id": "req-a057ab8f-45a7-4470-aed1-1b903262393a"}]}
2026-07-17 13:54:00.142 8 INFO neutron.services.segments.plugin [-] Client error retrieving segment e391c373-d2f6-4b7f-befd-709fdc0f3491 resource provider; error: Placement Client Error (4xx): {"errors": [{"status": 404, "title": "Not Found", "detail": "The resource could not be found.\n\n No resource provider with uuid e391c373-d2f6-4b7f-befd-709fdc0f3491 found for delete ", "request_id": "req-18dd0fce-7693-4166-9067-4ea2558a6b59"}]} [pid: 8|app: 0|req: 722/1431] 10.0.0.162 () {32 vars in 725 bytes} [Fri Jul 17 13:53:59 2026] DELETE /v2.0/networks/590a4d48-7efb-4a60-8c16-d019c141dd33 => generated 0 bytes in 409 msecs (HTTP/1.1 204) 3 headers in 131 bytes (1 switches on core 0)
2026-07-17 13:54:00.269 7 INFO neutron.db.segments_db [None req-85b0efef-a55f-466b-b6ab-55255eca881e ea4f4dd2d77845a688822ad1af84d9b8 906df714578b4a68a376a942aa4e602d - - default default] Added segment bb9d83ad-5db0-4b65-81aa-390b3217da6d of type geneve for network 3416ed88-5f27-4adf-9af6-4b318a081756
2026-07-17 13:54:00.427 7 INFO neutron.db.ovn_revision_numbers_db [None req-85b0efef-a55f-466b-b6ab-55255eca881e ea4f4dd2d77845a688822ad1af84d9b8 906df714578b4a68a376a942aa4e602d - - default default] Successfully bumped revision number for resource 3416ed88-5f27-4adf-9af6-4b318a081756 (type: networks) to 1
2026-07-17 13:54:00.619 7 WARNING neutron.scheduler.dhcp_agent_scheduler [None req-85b0efef-a55f-466b-b6ab-55255eca881e ea4f4dd2d77845a688822ad1af84d9b8 906df714578b4a68a376a942aa4e602d - - default default] No more DHCP agents
2026-07-17 13:54:00.624 7 WARNING neutron.api.rpc.agentnotifiers.dhcp_rpc_agent_api [None req-85b0efef-a55f-466b-b6ab-55255eca881e ea4f4dd2d77845a688822ad1af84d9b8 906df714578b4a68a376a942aa4e602d - - default default] Unable to schedule network 3416ed88-5f27-4adf-9af6-4b318a081756: no agents available; will retry on subsequent port and subnet creation events.
2026-07-17 13:54:00.683 7 INFO neutron.plugins.ml2.drivers.ovn.mech_driver.mech_driver [None req-08ec968e-8630-489f-b2ec-83ac51464a6b - - - - - -] OVN reports status down for port: 5b9131bb-e7c3-4a28-9149-fdf012c3cd79
2026-07-17 13:54:00.742 7 INFO neutron.db.ovn_revision_numbers_db [None req-85b0efef-a55f-466b-b6ab-55255eca881e ea4f4dd2d77845a688822ad1af84d9b8 906df714578b4a68a376a942aa4e602d - - default default] Successfully bumped revision number for resource 5b9131bb-e7c3-4a28-9149-fdf012c3cd79 (type: ports) to 1 [pid: 7|app: 0|req: 710/1432] 10.0.0.162 () {34 vars in 669 bytes} [Fri Jul 17 13:54:00 2026] POST /v2.0/networks => generated 674 bytes in 615 msecs (HTTP/1.1 201) 4 headers in 162 bytes (1 switches on core 0) [pid: 8|app: 0|req: 723/1433] 10.0.0.172 () {34 vars in 989 bytes} [Fri Jul 17 13:54:00 2026] GET /v2.0/ports?device_id=eda35167-b68b-4a41-a2a9-96335258f47e => generated 1209 bytes in 406 msecs (HTTP/1.1 200) 4 headers in 158 bytes (1 switches on core 0)
2026-07-17 13:54:01.041 7 WARNING neutron.scheduler.dhcp_agent_scheduler [None req-c0fc7116-5ca3-45eb-b09e-254a8911f2d0 ea4f4dd2d77845a688822ad1af84d9b8 906df714578b4a68a376a942aa4e602d - - default default] No more DHCP agents
2026-07-17 13:54:01.042 7 WARNING neutron.api.rpc.agentnotifiers.dhcp_rpc_agent_api [None req-c0fc7116-5ca3-45eb-b09e-254a8911f2d0 ea4f4dd2d77845a688822ad1af84d9b8 906df714578b4a68a376a942aa4e602d - - default default] Unable to schedule network 3416ed88-5f27-4adf-9af6-4b318a081756: no agents available; will retry on subsequent port and subnet creation events.
2026-07-17 13:54:01.072 7 INFO neutron.db.ovn_revision_numbers_db [None req-c0fc7116-5ca3-45eb-b09e-254a8911f2d0 ea4f4dd2d77845a688822ad1af84d9b8 906df714578b4a68a376a942aa4e602d - - default default] Successfully bumped revision number for resource d4931cfb-1ff7-420b-8389-e69ef416fb81 (type: subnets) to 0 [pid: 8|app: 0|req: 724/1434] 10.0.0.172 () {34 vars in 1039 bytes} [Fri Jul 17 13:54:01 2026] GET /v2.0/security-groups?id=b0ddf728-cdb8-4ac7-8c12-317371a05643&fields=id&fields=name => generated 113 bytes in 29 msecs (HTTP/1.1 200) 4 headers in 157 bytes (1 switches on core 0) [pid: 7|app: 0|req: 711/1435] 10.0.0.162 () {34 vars in 668 bytes} [Fri Jul 17 13:54:00 2026] POST /v2.0/subnets => generated 646 bytes in 286 msecs (HTTP/1.1 201) 4 headers in 162 bytes (1 switches on core 0)
2026-07-17 13:54:01.352 8 WARNING neutron.scheduler.dhcp_agent_scheduler [None req-93d4c24a-67c7-46ee-8bef-fd0dc173987f ea4f4dd2d77845a688822ad1af84d9b8 906df714578b4a68a376a942aa4e602d - - default default] No more DHCP agents
2026-07-17 13:54:01.353 8 WARNING neutron.api.rpc.agentnotifiers.dhcp_rpc_agent_api [None req-93d4c24a-67c7-46ee-8bef-fd0dc173987f ea4f4dd2d77845a688822ad1af84d9b8 906df714578b4a68a376a942aa4e602d - - default default] Unable to schedule network 3416ed88-5f27-4adf-9af6-4b318a081756: no agents available; will retry on subsequent port and subnet creation events.
