2026-07-17 14:01:31.301 8 INFO neutron.notifiers.nova [-] Nova event matching ['req-4f01598a-751c-40e6-86a9-1faa19febfea'] response: {'server_uuid': '20ab70cc-38d2-489f-b638-0932e2ba928e', 'name': 'network-vif-deleted', 'tag': '3890b4b6-61d7-4cab-b73b-fd7fce3e91fe', 'status': 'completed', 'code': 200}
2026-07-17 14:01:31.798 7 INFO neutron.notifiers.nova [-] Nova event matching ['req-3fa7534d-bf9b-40d3-82ba-bb8455c0dfaf'] response: {'server_uuid': '20ab70cc-38d2-489f-b638-0932e2ba928e', 'name': 'network-vif-unplugged', 'status': 'completed', 'tag': '3890b4b6-61d7-4cab-b73b-fd7fce3e91fe', 'code': 200} [pid: 7|app: 0|req: 1753/3657] 10.0.0.234 () {34 vars in 989 bytes} [Fri Jul 17 14:01:33 2026] GET /v2.0/ports?device_id=20ab70cc-38d2-489f-b638-0932e2ba928e => generated 12 bytes in 25 msecs (HTTP/1.1 200) 4 headers in 156 bytes (1 switches on core 0) [pid: 8|app: 0|req: 1905/3658] 10.0.0.162 () {32 vars in 749 bytes} [Fri Jul 17 14:01:38 2026] DELETE /v2.0/security-group-rules/ed0f1bb0-f502-4f72-9b93-d47f0eac2088 => generated 0 bytes in 167 msecs (HTTP/1.1 204) 2 headers in 112 bytes (1 switches on core 0)
2026-07-17 14:01:39.035 7 INFO neutron.api.v2.resource [None req-4a8d1dee-754e-45d6-80e0-620959e88f0d 8007ca8bd0b646638d24f803310a6efb e3afcea363ee4f519fa33b51c16feaf2 - - default default] show failed (client error): The resource could not be found. [pid: 7|app: 0|req: 1754/3659] 10.0.0.162 () {32 vars in 746 bytes} [Fri Jul 17 14:01:39 2026] GET /v2.0/security-group-rules/ed0f1bb0-f502-4f72-9b93-d47f0eac2088 => generated 155 bytes in 12 msecs (HTTP/1.1 404) 4 headers in 164 bytes (1 switches on core 0) [pid: 8|app: 0|req: 1906/3660] 10.0.0.162 () {32 vars in 749 bytes} [Fri Jul 17 14:01:39 2026] DELETE /v2.0/security-group-rules/cc11f338-56af-4ae9-a33c-1026dab8207c => generated 0 bytes in 145 msecs (HTTP/1.1 204) 2 headers in 112 bytes (1 switches on core 0)
2026-07-17 14:01:39.206 7 INFO neutron.api.v2.resource [None req-00a8af9c-fa1d-4104-8c92-c4b21974849b 8007ca8bd0b646638d24f803310a6efb e3afcea363ee4f519fa33b51c16feaf2 - - default default] show failed (client error): The resource could not be found. [pid: 7|app: 0|req: 1755/3661] 10.0.0.162 () {32 vars in 746 bytes} [Fri Jul 17 14:01:39 2026] GET /v2.0/security-group-rules/cc11f338-56af-4ae9-a33c-1026dab8207c => generated 155 bytes in 11 msecs (HTTP/1.1 404) 4 headers in 164 bytes (1 switches on core 0) [pid: 8|app: 0|req: 1907/3662] 10.0.0.162 () {32 vars in 749 bytes} [Fri Jul 17 14:01:39 2026] DELETE /v2.0/security-group-rules/53c7e0b7-51db-420f-8119-7f12cd126aab => generated 0 bytes in 120 msecs (HTTP/1.1 204) 2 headers in 112 bytes (1 switches on core 0)
2026-07-17 14:01:39.348 7 INFO neutron.api.v2.resource [None req-ceb00242-c9e5-47e3-9de7-4b00be16589a 8007ca8bd0b646638d24f803310a6efb e3afcea363ee4f519fa33b51c16feaf2 - - default default] show failed (client error): The resource could not be found. [pid: 7|app: 0|req: 1756/3663] 10.0.0.162 () {32 vars in 746 bytes} [Fri Jul 17 14:01:39 2026] GET /v2.0/security-group-rules/53c7e0b7-51db-420f-8119-7f12cd126aab => generated 155 bytes in 13 msecs (HTTP/1.1 404) 4 headers in 164 bytes (1 switches on core 0) [pid: 8|app: 0|req: 1908/3664] 10.0.0.162 () {32 vars in 749 bytes} [Fri Jul 17 14:01:39 2026] DELETE /v2.0/security-group-rules/701407a9-b8ed-4395-be4b-1f8965236a40 => generated 0 bytes in 127 msecs (HTTP/1.1 204) 2 headers in 112 bytes (1 switches on core 0)
2026-07-17 14:01:39.494 7 INFO neutron.api.v2.resource [None req-13d4cbb1-a1c9-43ca-8d89-351d32747866 8007ca8bd0b646638d24f803310a6efb e3afcea363ee4f519fa33b51c16feaf2 - - default default] show failed (client error): The resource could not be found. [pid: 7|app: 0|req: 1757/3665] 10.0.0.162 () {32 vars in 746 bytes} [Fri Jul 17 14:01:39 2026] GET /v2.0/security-group-rules/701407a9-b8ed-4395-be4b-1f8965236a40 => generated 155 bytes in 11 msecs (HTTP/1.1 404) 4 headers in 164 bytes (1 switches on core 0) [pid: 8|app: 0|req: 1909/3666] 10.0.0.162 () {32 vars in 749 bytes} [Fri Jul 17 14:01:39 2026] DELETE /v2.0/security-group-rules/fdf5a8af-6775-4170-b437-521d5c3505bb => generated 0 bytes in 125 msecs (HTTP/1.1 204) 2 headers in 112 bytes (1 switches on core 0)
2026-07-17 14:01:39.637 7 INFO neutron.api.v2.resource [None req-b00ec654-d603-4d5f-a3a8-5a7606d5fefb 8007ca8bd0b646638d24f803310a6efb e3afcea363ee4f519fa33b51c16feaf2 - - default default] show failed (client error): The resource could not be found. [pid: 7|app: 0|req: 1758/3667] 10.0.0.162 () {32 vars in 746 bytes} [Fri Jul 17 14:01:39 2026] GET /v2.0/security-group-rules/fdf5a8af-6775-4170-b437-521d5c3505bb => generated 155 bytes in 11 msecs (HTTP/1.1 404) 4 headers in 164 bytes (1 switches on core 0) [pid: 8|app: 0|req: 1910/3668] 10.0.0.162 () {32 vars in 749 bytes} [Fri Jul 17 14:01:39 2026] DELETE /v2.0/security-group-rules/09274e2b-61f2-496e-a141-859c9c1bf165 => generated 0 bytes in 131 msecs (HTTP/1.1 204) 2 headers in 112 bytes (1 switches on core 0)
2026-07-17 14:01:39.794 7 INFO neutron.api.v2.resource [None req-2de54d5f-150a-48cd-bc13-de53d4e3e3a5 8007ca8bd0b646638d24f803310a6efb e3afcea363ee4f519fa33b51c16feaf2 - - default default] show failed (client error): The resource could not be found. [pid: 7|app: 0|req: 1759/3669] 10.0.0.162 () {32 vars in 746 bytes} [Fri Jul 17 14:01:39 2026] GET /v2.0/security-group-rules/09274e2b-61f2-496e-a141-859c9c1bf165 => generated 155 bytes in 14 msecs (HTTP/1.1 404) 4 headers in 164 bytes (1 switches on core 0) [pid: 8|app: 0|req: 1911/3670] 10.0.0.162 () {32 vars in 749 bytes} [Fri Jul 17 14:01:39 2026] DELETE /v2.0/security-group-rules/e38ce234-a307-460d-b2cc-113526226658 => generated 0 bytes in 136 msecs (HTTP/1.1 204) 2 headers in 112 bytes (1 switches on core 0)
2026-07-17 14:01:39.958 7 INFO neutron.api.v2.resource [None req-65adf502-fafc-43cc-a755-db4d238a3efe 8007ca8bd0b646638d24f803310a6efb e3afcea363ee4f519fa33b51c16feaf2 - - default default] show failed (client error): The resource could not be found. [pid: 7|app: 0|req: 1760/3671] 10.0.0.162 () {32 vars in 746 bytes} [Fri Jul 17 14:01:39 2026] GET /v2.0/security-group-rules/e38ce234-a307-460d-b2cc-113526226658 => generated 155 bytes in 22 msecs (HTTP/1.1 404) 4 headers in 164 bytes (1 switches on core 0) [pid: 8|app: 0|req: 1912/3672] 10.0.0.162 () {32 vars in 749 bytes} [Fri Jul 17 14:01:39 2026] DELETE /v2.0/security-group-rules/aac89e3b-61d0-4836-a6b5-5259c945d29a => generated 0 bytes in 124 msecs (HTTP/1.1 204) 2 headers in 112 bytes (1 switches on core 0)
2026-07-17 14:01:40.109 7 INFO neutron.api.v2.resource [None req-01a280c2-8adf-4a8d-82cd-502c7e4fabb2 8007ca8bd0b646638d24f803310a6efb e3afcea363ee4f519fa33b51c16feaf2 - - default default] show failed (client error): The resource could not be found. [pid: 7|app: 0|req: 1761/3673] 10.0.0.162 () {32 vars in 746 bytes} [Fri Jul 17 14:01:40 2026] GET /v2.0/security-group-rules/aac89e3b-61d0-4836-a6b5-5259c945d29a => generated 155 bytes in 13 msecs (HTTP/1.1 404) 4 headers in 164 bytes (1 switches on core 0) [pid: 8|app: 0|req: 1913/3674] 10.0.0.162 () {32 vars in 749 bytes} [Fri Jul 17 14:01:40 2026] DELETE /v2.0/security-group-rules/7c1bf287-316c-47b8-8e2a-56e87d1faf92 => generated 0 bytes in 109 msecs (HTTP/1.1 204) 2 headers in 112 bytes (1 switches on core 0)
2026-07-17 14:01:40.239 7 INFO neutron.api.v2.resource [None req-1750f2cc-5f1a-49d2-bda8-3de8280b4ef8 8007ca8bd0b646638d24f803310a6efb e3afcea363ee4f519fa33b51c16feaf2 - - default default] show failed (client error): The resource could not be found. [pid: 7|app: 0|req: 1762/3675] 10.0.0.162 () {32 vars in 746 bytes} [Fri Jul 17 14:01:40 2026] GET /v2.0/security-group-rules/7c1bf287-316c-47b8-8e2a-56e87d1faf92 => generated 155 bytes in 12 msecs (HTTP/1.1 404) 4 headers in 164 bytes (1 switches on core 0) [pid: 8|app: 0|req: 1914/3676] 10.0.0.162 () {32 vars in 749 bytes} [Fri Jul 17 14:01:40 2026] DELETE /v2.0/security-group-rules/4fec0e64-815e-45f7-a26a-fc697800e240 => generated 0 bytes in 125 msecs (HTTP/1.1 204) 2 headers in 112 bytes (1 switches on core 0)
2026-07-17 14:01:40.384 7 INFO neutron.api.v2.resource [None req-540e5d7c-bd22-4787-9e03-800bc4e43a89 8007ca8bd0b646638d24f803310a6efb e3afcea363ee4f519fa33b51c16feaf2 - - default default] show failed (client error): The resource could not be found. [pid: 7|app: 0|req: 1763/3677] 10.0.0.162 () {32 vars in 746 bytes} [Fri Jul 17 14:01:40 2026] GET /v2.0/security-group-rules/4fec0e64-815e-45f7-a26a-fc697800e240 => generated 155 bytes in 10 msecs (HTTP/1.1 404) 4 headers in 164 bytes (1 switches on core 0) [pid: 8|app: 0|req: 1915/3678] 10.0.0.162 () {32 vars in 749 bytes} [Fri Jul 17 14:01:40 2026] DELETE /v2.0/security-group-rules/5a2be9dd-3f75-4be9-a418-6d22e5220f98 => generated 0 bytes in 96 msecs (HTTP/1.1 204) 2 headers in 112 bytes (1 switches on core 0)
2026-07-17 14:01:40.500 7 INFO neutron.api.v2.resource [None req-a0a2096e-3efc-418b-844e-416351583e61 8007ca8bd0b646638d24f803310a6efb e3afcea363ee4f519fa33b51c16feaf2 - - default default] show failed (client error): The resource could not be found. [pid: 7|app: 0|req: 1764/3679] 10.0.0.162 () {32 vars in 746 bytes} [Fri Jul 17 14:01:40 2026] GET /v2.0/security-group-rules/5a2be9dd-3f75-4be9-a418-6d22e5220f98 => generated 155 bytes in 13 msecs (HTTP/1.1 404) 4 headers in 164 bytes (1 switches on core 0) [pid: 8|app: 0|req: 1916/3680] 10.0.0.162 () {32 vars in 739 bytes} [Fri Jul 17 14:01:40 2026] DELETE /v2.0/security-groups/8c5fd67d-f21e-4bd7-b334-e6754fd34f50 => generated 0 bytes in 136 msecs (HTTP/1.1 204) 2 headers in 112 bytes (1 switches on core 0)
2026-07-17 14:01:40.659 7 INFO neutron.api.v2.resource [None req-c0e9728b-9793-4da6-9921-62258cb591a3 8007ca8bd0b646638d24f803310a6efb e3afcea363ee4f519fa33b51c16feaf2 - - default default] show failed (client error): The resource could not be found. [pid: 7|app: 0|req: 1765/3681] 10.0.0.162 () {32 vars in 736 bytes} [Fri Jul 17 14:01:40 2026] GET /v2.0/security-groups/8c5fd67d-f21e-4bd7-b334-e6754fd34f50 => generated 146 bytes in 15 msecs (HTTP/1.1 404) 4 headers in 164 bytes (1 switches on core 0)
2026-07-17 14:01:41.051 8 INFO neutron_taas.services.taas.taas_plugin [None req-69425557-cd4f-4e93-9424-6d3bbe43ba82 8007ca8bd0b646638d24f803310a6efb e3afcea363ee4f519fa33b51c16feaf2 - - default default] TaaS: Handle Delete Port: fe25d9a2-a633-4d46-9c12-36435ae12975
2026-07-17 14:01:41.056 8 INFO neutron_taas.services.taas.tap_mirror_plugin [None req-69425557-cd4f-4e93-9424-6d3bbe43ba82 8007ca8bd0b646638d24f803310a6efb e3afcea363ee4f519fa33b51c16feaf2 - - default default] Tap Mirror: Handle Delete Port: fe25d9a2-a633-4d46-9c12-36435ae12975 [pid: 8|app: 0|req: 1917/3682] 10.0.0.162 () {34 vars in 788 bytes} [Fri Jul 17 14:01:40 2026] PUT /v2.0/routers/57328db7-ca43-4860-a669-d3ce2c24e3cb/remove_router_interface => generated 309 bytes in 1940 msecs (HTTP/1.1 200) 4 headers in 157 bytes (1 switches on core 0)
2026-07-17 14:01:42.760 7 INFO neutron.api.v2.resource [None req-c7e255b4-dced-4898-ba1f-f39eeba3d69f 8007ca8bd0b646638d24f803310a6efb e3afcea363ee4f519fa33b51c16feaf2 - - default default] remove_router_interface failed (client error): The resource could not be found. [pid: 7|app: 0|req: 1766/3683] 10.0.0.162 () {34 vars in 788 bytes} [Fri Jul 17 14:01:42 2026] PUT /v2.0/routers/57328db7-ca43-4860-a669-d3ce2c24e3cb/remove_router_interface => generated 198 bytes in 106 msecs (HTTP/1.1 404) 4 headers in 164 bytes (1 switches on core 0) /var/lib/openstack/lib/python3.12/site-packages/pycadf/identifier.py:70: UserWarning: Invalid uuid: neutron. To ensure interoperability, identifiers should be a valid uuid. warnings.warn(('Invalid uuid: %s. To ensure interoperability, '
2026-07-17 14:01:43.121 8 INFO neutron_taas.services.taas.taas_plugin [None req-3070b839-1a75-4c1b-ad6a-c48c081620cc 8007ca8bd0b646638d24f803310a6efb e3afcea363ee4f519fa33b51c16feaf2 - - default default] TaaS: Handle Delete Port: 742e4eba-5e82-4b0e-a420-d59daee96b36
2026-07-17 14:01:43.124 8 INFO neutron_taas.services.taas.tap_mirror_plugin [None req-3070b839-1a75-4c1b-ad6a-c48c081620cc 8007ca8bd0b646638d24f803310a6efb e3afcea363ee4f519fa33b51c16feaf2 - - default default] Tap Mirror: Handle Delete Port: 742e4eba-5e82-4b0e-a420-d59daee96b36 [pid: 8|app: 0|req: 1918/3686] 10.0.0.162 () {34 vars in 788 bytes} [Fri Jul 17 14:01:42 2026] PUT /v2.0/routers/57328db7-ca43-4860-a669-d3ce2c24e3cb/remove_router_interface => generated 309 bytes in 857 msecs (HTTP/1.1 200) 4 headers in 157 bytes (1 switches on core 0)
2026-07-17 14:01:43.743 7 INFO neutron.api.v2.resource [None req-bf2d2c8a-a982-4ffc-af3c-f4362aeecf7c 8007ca8bd0b646638d24f803310a6efb e3afcea363ee4f519fa33b51c16feaf2 - - default default] remove_router_interface failed (client error): The resource could not be found. [pid: 7|app: 0|req: 1769/3687] 10.0.0.162 () {34 vars in 788 bytes} [Fri Jul 17 14:01:43 2026] PUT /v2.0/routers/57328db7-ca43-4860-a669-d3ce2c24e3cb/remove_router_interface => generated 198 bytes in 117 msecs (HTTP/1.1 404) 4 headers in 164 bytes (1 switches on core 0) /var/lib/openstack/lib/python3.12/site-packages/pycadf/identifier.py:70: UserWarning: Invalid uuid: neutron. To ensure interoperability, identifiers should be a valid uuid. warnings.warn(('Invalid uuid: %s. To ensure interoperability, '
2026-07-17 14:01:44.049 8 INFO neutron_taas.services.taas.taas_plugin [None req-ccd4e65b-c133-4037-81d3-de0d2ae5ac0f 8007ca8bd0b646638d24f803310a6efb e3afcea363ee4f519fa33b51c16feaf2 - - default default] TaaS: Handle Delete Port: ae0a0d02-4970-4756-954c-0d20f9cc1a0f
2026-07-17 14:01:44.055 8 INFO neutron_taas.services.taas.tap_mirror_plugin [None req-ccd4e65b-c133-4037-81d3-de0d2ae5ac0f 8007ca8bd0b646638d24f803310a6efb e3afcea363ee4f519fa33b51c16feaf2 - - default default] Tap Mirror: Handle Delete Port: ae0a0d02-4970-4756-954c-0d20f9cc1a0f [pid: 8|app: 0|req: 1919/3688] 10.0.0.162 () {34 vars in 788 bytes} [Fri Jul 17 14:01:43 2026] PUT /v2.0/routers/57328db7-ca43-4860-a669-d3ce2c24e3cb/remove_router_interface => generated 309 bytes in 874 msecs (HTTP/1.1 200) 4 headers in 157 bytes (1 switches on core 0)
2026-07-17 14:01:44.737 7 INFO neutron.api.v2.resource [None req-a3181036-513c-4da3-b402-d0ad192b684d 8007ca8bd0b646638d24f803310a6efb e3afcea363ee4f519fa33b51c16feaf2 - - default default] remove_router_interface failed (client error): The resource could not be found. [pid: 7|app: 0|req: 1770/3689] 10.0.0.162 () {34 vars in 788 bytes} [Fri Jul 17 14:01:44 2026] PUT /v2.0/routers/57328db7-ca43-4860-a669-d3ce2c24e3cb/remove_router_interface => generated 198 bytes in 109 msecs (HTTP/1.1 404) 4 headers in 164 bytes (1 switches on core 0) /var/lib/openstack/lib/python3.12/site-packages/pycadf/identifier.py:70: UserWarning: Invalid uuid: neutron. To ensure interoperability, identifiers should be a valid uuid. warnings.warn(('Invalid uuid: %s. To ensure interoperability, '
2026-07-17 14:01:45.110 8 INFO neutron_taas.services.taas.taas_plugin [None req-a1bde3b3-9aac-4fa2-90b1-781a2f86982e 8007ca8bd0b646638d24f803310a6efb e3afcea363ee4f519fa33b51c16feaf2 - - default default] TaaS: Handle Delete Port: ebef7422-551e-49b7-87b1-03e7bf71b012
2026-07-17 14:01:45.114 8 INFO neutron_taas.services.taas.tap_mirror_plugin [None req-a1bde3b3-9aac-4fa2-90b1-781a2f86982e 8007ca8bd0b646638d24f803310a6efb e3afcea363ee4f519fa33b51c16feaf2 - - default default] Tap Mirror: Handle Delete Port: ebef7422-551e-49b7-87b1-03e7bf71b012 [pid: 8|app: 0|req: 1920/3690] 10.0.0.162 () {32 vars in 723 bytes} [Fri Jul 17 14:01:44 2026] DELETE /v2.0/routers/57328db7-ca43-4860-a669-d3ce2c24e3cb => generated 0 bytes in 750 msecs (HTTP/1.1 204) 2 headers in 112 bytes (1 switches on core 0)
2026-07-17 14:01:45.521 7 INFO neutron.api.v2.resource [None req-b76227c8-69e6-4a9b-ac5f-80e5768257e1 8007ca8bd0b646638d24f803310a6efb e3afcea363ee4f519fa33b51c16feaf2 - - default default] show failed (client error): The resource could not be found. [pid: 7|app: 0|req: 1771/3691] 10.0.0.162 () {32 vars in 720 bytes} [Fri Jul 17 14:01:45 2026] GET /v2.0/routers/57328db7-ca43-4860-a669-d3ce2c24e3cb => generated 135 bytes in 24 msecs (HTTP/1.1 404) 4 headers in 164 bytes (1 switches on core 0) [pid: 8|app: 0|req: 1921/3692] 10.0.0.162 () {32 vars in 723 bytes} [Fri Jul 17 14:01:45 2026] DELETE /v2.0/subnets/914688c6-aa86-45f1-b158-88088362ab5e => generated 0 bytes in 146 msecs (HTTP/1.1 204) 3 headers in 131 bytes (1 switches on core 0)
2026-07-17 14:01:45.695 7 INFO neutron.pecan_wsgi.hooks.translation [None req-fd49f779-6bfb-4b8d-aea8-57f559b9f221 8007ca8bd0b646638d24f803310a6efb e3afcea363ee4f519fa33b51c16feaf2 - - default default] GET failed (client error): The resource could not be found. [pid: 7|app: 0|req: 1772/3693] 10.0.0.162 () {32 vars in 720 bytes} [Fri Jul 17 14:01:45 2026] GET /v2.0/subnets/914688c6-aa86-45f1-b158-88088362ab5e => generated 136 bytes in 18 msecs (HTTP/1.1 404) 4 headers in 164 bytes (1 switches on core 0) [pid: 8|app: 0|req: 1922/3694] 10.0.0.162 () {32 vars in 723 bytes} [Fri Jul 17 14:01:45 2026] DELETE /v2.0/subnets/d7d719a8-136b-43d0-835e-d60d0a4d0b3a => generated 0 bytes in 167 msecs (HTTP/1.1 204) 3 headers in 131 bytes (1 switches on core 0)
2026-07-17 14:01:45.889 7 INFO neutron.pecan_wsgi.hooks.translation [None req-5af13ab3-c6de-4f6a-8119-02cb35cfbd78 8007ca8bd0b646638d24f803310a6efb e3afcea363ee4f519fa33b51c16feaf2 - - default default] GET failed (client error): The resource could not be found. [pid: 7|app: 0|req: 1773/3695] 10.0.0.162 () {32 vars in 720 bytes} [Fri Jul 17 14:01:45 2026] GET /v2.0/subnets/d7d719a8-136b-43d0-835e-d60d0a4d0b3a => generated 136 bytes in 16 msecs (HTTP/1.1 404) 4 headers in 164 bytes (1 switches on core 0)
2026-07-17 14:01:46.055 8 INFO neutron_taas.services.taas.taas_plugin [None req-a838e64f-3069-42db-81e7-00e851e44104 8007ca8bd0b646638d24f803310a6efb e3afcea363ee4f519fa33b51c16feaf2 - - default default] TaaS: Handle Delete Port: 1ef1a228-8daa-497f-a5b4-deffe1ddda1a
2026-07-17 14:01:46.058 8 INFO neutron_taas.services.taas.tap_mirror_plugin [None req-a838e64f-3069-42db-81e7-00e851e44104 8007ca8bd0b646638d24f803310a6efb e3afcea363ee4f519fa33b51c16feaf2 - - default default] Tap Mirror: Handle Delete Port: 1ef1a228-8daa-497f-a5b4-deffe1ddda1a
2026-07-17 14:01:46.237 8 INFO neutron.services.segments.plugin [-] Segment e092e5b3-59c7-4358-b62d-c36debcc1fa7 resource provider aggregate not found
2026-07-17 14:01:46.248 8 INFO neutron.services.segments.plugin [-] Segment e092e5b3-59c7-4358-b62d-c36debcc1fa7 resource provider aggregate not found
2026-07-17 14:01:46.261 8 INFO neutron.services.segments.plugin [-] Client error retrieving segment e092e5b3-59c7-4358-b62d-c36debcc1fa7 resource provider; error: Placement Client Error (4xx): {"errors": [{"status": 404, "title": "Not Found", "detail": "The resource could not be found.\n\n No resource provider with uuid e092e5b3-59c7-4358-b62d-c36debcc1fa7 found for delete ", "request_id": "req-54966cd1-5e43-466b-8b08-4a6dc9f4788c"}]}
2026-07-17 14:01:46.270 8 INFO neutron.services.segments.plugin [-] Client error retrieving segment e092e5b3-59c7-4358-b62d-c36debcc1fa7 resource provider; error: Placement Client Error (4xx): {"errors": [{"status": 404, "title": "Not Found", "detail": "The resource could not be found.\n\n No resource provider with uuid e092e5b3-59c7-4358-b62d-c36debcc1fa7 found for delete ", "request_id": "req-24cdbde5-6aa8-4a3b-9d14-a839facb13ed"}]} [pid: 8|app: 0|req: 1923/3696] 10.0.0.162 () {32 vars in 725 bytes} [Fri Jul 17 14:01:45 2026] DELETE /v2.0/networks/e367b11e-1b00-46d0-a423-1736931bf73b => generated 0 bytes in 398 msecs (HTTP/1.1 204) 3 headers in 131 bytes (1 switches on core 0)
2026-07-17 14:01:46.316 7 INFO neutron.pecan_wsgi.hooks.translation [None req-5100637a-acd1-430b-b954-fce79704b483 8007ca8bd0b646638d24f803310a6efb e3afcea363ee4f519fa33b51c16feaf2 - - default default] GET failed (client error): The resource could not be found. [pid: 7|app: 0|req: 1774/3697] 10.0.0.162 () {32 vars in 722 bytes} [Fri Jul 17 14:01:46 2026] GET /v2.0/networks/e367b11e-1b00-46d0-a423-1736931bf73b => generated 138 bytes in 20 msecs (HTTP/1.1 404) 4 headers in 164 bytes (1 switches on core 0) [pid: 8|app: 0|req: 1924/3698] 10.0.0.162 () {32 vars in 723 bytes} [Fri Jul 17 14:01:46 2026] DELETE /v2.0/subnets/5a8ca8c6-ea65-4992-a7db-1ef88133fd87 => generated 0 bytes in 148 msecs (HTTP/1.1 204) 3 headers in 131 bytes (1 switches on core 0)
2026-07-17 14:01:46.491 7 INFO neutron.pecan_wsgi.hooks.translation [None req-a4bbbc4f-26e1-4e25-ae47-f76bab9969bd 8007ca8bd0b646638d24f803310a6efb e3afcea363ee4f519fa33b51c16feaf2 - - default default] GET failed (client error): The resource could not be found. [pid: 7|app: 0|req: 1775/3699] 10.0.0.162 () {32 vars in 720 bytes} [Fri Jul 17 14:01:46 2026] GET /v2.0/subnets/5a8ca8c6-ea65-4992-a7db-1ef88133fd87 => generated 136 bytes in 16 msecs (HTTP/1.1 404) 4 headers in 164 bytes (1 switches on core 0) [pid: 8|app: 0|req: 1925/3700] 10.0.0.162 () {32 vars in 723 bytes} [Fri Jul 17 14:01:46 2026] DELETE /v2.0/subnets/7163ae72-6bf5-49c4-9c48-c9f0060fd9c1 => generated 0 bytes in 158 msecs (HTTP/1.1 204) 3 headers in 131 bytes (1 switches on core 0)
2026-07-17 14:01:46.676 7 INFO neutron.pecan_wsgi.hooks.translation [None req-1138f0d9-00bb-4f82-931c-a6708581ddef 8007ca8bd0b646638d24f803310a6efb e3afcea363ee4f519fa33b51c16feaf2 - - default default] GET failed (client error): The resource could not be found. [pid: 7|app: 0|req: 1776/3701] 10.0.0.162 () {32 vars in 720 bytes} [Fri Jul 17 14:01:46 2026] GET /v2.0/subnets/7163ae72-6bf5-49c4-9c48-c9f0060fd9c1 => generated 136 bytes in 16 msecs (HTTP/1.1 404) 4 headers in 164 bytes (1 switches on core 0)
2026-07-17 14:01:46.822 8 INFO neutron_taas.services.taas.taas_plugin [None req-4ce01115-f6cf-4aed-85c5-914903902e72 8007ca8bd0b646638d24f803310a6efb e3afcea363ee4f519fa33b51c16feaf2 - - default default] TaaS: Handle Delete Port: 68bcd907-d232-44e6-b002-0e4073e572a7
2026-07-17 14:01:46.825 8 INFO neutron_taas.services.taas.tap_mirror_plugin [None req-4ce01115-f6cf-4aed-85c5-914903902e72 8007ca8bd0b646638d24f803310a6efb e3afcea363ee4f519fa33b51c16feaf2 - - default default] Tap Mirror: Handle Delete Port: 68bcd907-d232-44e6-b002-0e4073e572a7 [pid: 8|app: 0|req: 1926/3702] 10.0.0.162 () {32 vars in 725 bytes} [Fri Jul 17 14:01:46 2026] DELETE /v2.0/networks/f47631a9-3b24-44ca-a496-9b0b13a812f7 => generated 0 bytes in 403 msecs (HTTP/1.1 204) 3 headers in 131 bytes (1 switches on core 0)
2026-07-17 14:01:47.102 7 INFO neutron.pecan_wsgi.hooks.translation [None req-425c28c1-95cd-4810-b0fe-970e543dc307 8007ca8bd0b646638d24f803310a6efb e3afcea363ee4f519fa33b51c16feaf2 - - default default] GET failed (client error): The resource could not be found. [pid: 7|app: 0|req: 1777/3703] 10.0.0.162 () {32 vars in 722 bytes} [Fri Jul 17 14:01:47 2026] GET /v2.0/networks/f47631a9-3b24-44ca-a496-9b0b13a812f7 => generated 138 bytes in 14 msecs (HTTP/1.1 404) 4 headers in 164 bytes (1 switches on core 0) [pid: 8|app: 0|req: 1927/3704] 10.0.0.162 () {32 vars in 723 bytes} [Fri Jul 17 14:01:47 2026] DELETE /v2.0/subnets/7dcb8322-a14e-4af6-bef2-1dfc938284b9 => generated 0 bytes in 142 msecs (HTTP/1.1 204) 3 headers in 131 bytes (1 switches on core 0)
2026-07-17 14:01:47.273 7 INFO neutron.pecan_wsgi.hooks.translation [None req-6a17afde-dd01-4a18-8d7f-b4b31e131e81 8007ca8bd0b646638d24f803310a6efb e3afcea363ee4f519fa33b51c16feaf2 - - default default] GET failed (client error): The resource could not be found. [pid: 7|app: 0|req: 1778/3705] 10.0.0.162 () {32 vars in 720 bytes} [Fri Jul 17 14:01:47 2026] GET /v2.0/subnets/7dcb8322-a14e-4af6-bef2-1dfc938284b9 => generated 136 bytes in 17 msecs (HTTP/1.1 404) 4 headers in 164 bytes (1 switches on core 0) [pid: 8|app: 0|req: 1928/3706] 10.0.0.162 () {32 vars in 723 bytes} [Fri Jul 17 14:01:47 2026] DELETE /v2.0/subnets/48e9b8d4-dbe0-4f64-b5b1-b907d60ed1e9 => generated 0 bytes in 185 msecs (HTTP/1.1 204) 3 headers in 131 bytes (1 switches on core 0)
2026-07-17 14:01:47.488 7 INFO neutron.pecan_wsgi.hooks.translation [None req-368b072f-f785-4e34-b24c-686cbb6b3439 8007ca8bd0b646638d24f803310a6efb e3afcea363ee4f519fa33b51c16feaf2 - - default default] GET failed (client error): The resource could not be found. [pid: 7|app: 0|req: 1779/3707] 10.0.0.162 () {32 vars in 720 bytes} [Fri Jul 17 14:01:47 2026] GET /v2.0/subnets/48e9b8d4-dbe0-4f64-b5b1-b907d60ed1e9 => generated 136 bytes in 20 msecs (HTTP/1.1 404) 4 headers in 164 bytes (1 switches on core 0)
2026-07-17 14:01:47.598 8 INFO neutron_taas.services.taas.taas_plugin [None req-f76ec30e-24af-4fe8-9699-187be2242155 8007ca8bd0b646638d24f803310a6efb e3afcea363ee4f519fa33b51c16feaf2 - - default default] TaaS: Handle Delete Port: 6cc55d72-c217-4f33-acca-35045e22f419
2026-07-17 14:01:47.600 8 INFO neutron_taas.services.taas.tap_mirror_plugin [None req-f76ec30e-24af-4fe8-9699-187be2242155 8007ca8bd0b646638d24f803310a6efb e3afcea363ee4f519fa33b51c16feaf2 - - default default] Tap Mirror: Handle Delete Port: 6cc55d72-c217-4f33-acca-35045e22f419 [pid: 8|app: 0|req: 1929/3708] 10.0.0.162 () {32 vars in 725 bytes} [Fri Jul 17 14:01:47 2026] DELETE /v2.0/networks/c2d2f31b-ac99-48c3-8ae1-0a3fb628367a => generated 0 bytes in 325 msecs (HTTP/1.1 204) 3 headers in 131 bytes (1 switches on core 0)
2026-07-17 14:01:47.866 7 INFO neutron.pecan_wsgi.hooks.translation [None req-06adeb3c-7844-470a-9ec0-fe1eb1c1c5fe 8007ca8bd0b646638d24f803310a6efb e3afcea363ee4f519fa33b51c16feaf2 - - default default] GET failed (client error): The resource could not be found. [pid: 7|app: 0|req: 1780/3709] 10.0.0.162 () {32 vars in 722 bytes} [Fri Jul 17 14:01:47 2026] GET /v2.0/networks/c2d2f31b-ac99-48c3-8ae1-0a3fb628367a => generated 138 bytes in 45 msecs (HTTP/1.1 404) 4 headers in 164 bytes (1 switches on core 0)
2026-07-17 14:01:48.283 8 INFO neutron.services.segments.plugin [-] Segment a9ea2f92-c79a-4a31-8f45-65e2ec679368 resource provider aggregate not found
2026-07-17 14:01:48.290 8 INFO neutron.services.segments.plugin [-] Segment a9ea2f92-c79a-4a31-8f45-65e2ec679368 resource provider aggregate not found
2026-07-17 14:01:48.305 8 INFO neutron.services.segments.plugin [-] Client error retrieving segment a9ea2f92-c79a-4a31-8f45-65e2ec679368 resource provider; error: Placement Client Error (4xx): {"errors": [{"status": 404, "title": "Not Found", "detail": "The resource could not be found.\n\n No resource provider with uuid a9ea2f92-c79a-4a31-8f45-65e2ec679368 found for delete ", "request_id": "req-1dabef28-db50-4b82-a930-925ffd04113f"}]}
2026-07-17 14:01:48.309 8 INFO neutron.services.segments.plugin [-] Client error retrieving segment a9ea2f92-c79a-4a31-8f45-65e2ec679368 resource provider; error: Placement Client Error (4xx): {"errors": [{"status": 404, "title": "Not Found", "detail": "The resource could not be found.\n\n No resource provider with uuid a9ea2f92-c79a-4a31-8f45-65e2ec679368 found for delete ", "request_id": "req-213ccbd4-899b-4361-8618-a6d4f7b946ee"}]}
2026-07-17 14:01:48.325 8 INFO neutron.services.segments.plugin [-] Segment ef050e44-d606-460d-8bc6-6b4db0f84ccf resource provider aggregate not found
2026-07-17 14:01:48.331 8 INFO neutron.services.segments.plugin [-] Segment ef050e44-d606-460d-8bc6-6b4db0f84ccf resource provider aggregate not found
2026-07-17 14:01:48.347 8 INFO neutron.services.segments.plugin [-] Client error retrieving segment ef050e44-d606-460d-8bc6-6b4db0f84ccf resource provider; error: Placement Client Error (4xx): {"errors": [{"status": 404, "title": "Not Found", "detail": "The resource could not be found.\n\n No resource provider with uuid ef050e44-d606-460d-8bc6-6b4db0f84ccf found for delete ", "request_id": "req-0899b388-dbb6-421c-8c18-c68e3c203ed2"}]}
2026-07-17 14:01:48.348 8 INFO neutron.services.segments.plugin [-] Client error retrieving segment ef050e44-d606-460d-8bc6-6b4db0f84ccf resource provider; error: Placement Client Error (4xx): {"errors": [{"status": 404, "title": "Not Found", "detail": "The resource could not be found.\n\n No resource provider with uuid ef050e44-d606-460d-8bc6-6b4db0f84ccf found for delete ", "request_id": "req-8319949b-199a-4be0-9708-56c04711676d"}]}
2026-07-17 14:01:50.055 8 INFO neutron.db.ovn_revision_numbers_db [None req-de20c2b6-4128-45bc-8b08-abd49b5f4cad ed3e97af1b704792b1ac3de856873f7b 7de33ca4ce6f4899a96265cad6d88b22 - - default default] Successfully bumped revision number for resource 62c3cf0f-e41d-414f-9d9a-e3383f9efbcc (type: security_groups) to 1
2026-07-17 14:01:50.068 8 INFO neutron.db.ovn_revision_numbers_db [None req-de20c2b6-4128-45bc-8b08-abd49b5f4cad ed3e97af1b704792b1ac3de856873f7b 7de33ca4ce6f4899a96265cad6d88b22 - - default default] Successfully bumped revision number for resource 9b2bd456-5e16-4e5e-a198-1924921e4d75 (type: security_group_rules) to 0
2026-07-17 14:01:50.081 8 INFO neutron.db.ovn_revision_numbers_db [None req-de20c2b6-4128-45bc-8b08-abd49b5f4cad ed3e97af1b704792b1ac3de856873f7b 7de33ca4ce6f4899a96265cad6d88b22 - - default default] Successfully bumped revision number for resource b55467d0-4d02-4f3e-8471-5db6578acf49 (type: security_group_rules) to 0
2026-07-17 14:01:50.099 8 INFO neutron.db.ovn_revision_numbers_db [None req-de20c2b6-4128-45bc-8b08-abd49b5f4cad ed3e97af1b704792b1ac3de856873f7b 7de33ca4ce6f4899a96265cad6d88b22 - - default default] Successfully bumped revision number for resource b98e82f2-4c54-46de-993a-023e1d4f6f68 (type: security_group_rules) to 0
2026-07-17 14:01:50.113 8 INFO neutron.db.ovn_revision_numbers_db [None req-de20c2b6-4128-45bc-8b08-abd49b5f4cad ed3e97af1b704792b1ac3de856873f7b 7de33ca4ce6f4899a96265cad6d88b22 - - default default] Successfully bumped revision number for resource e023748f-5415-4241-9ea6-bb8edab68693 (type: security_group_rules) to 0 [pid: 8|app: 0|req: 1930/3710] 10.0.0.162 () {32 vars in 773 bytes} [Fri Jul 17 14:01:49 2026] GET /v2.0/security-groups?tenant_id=5fab9db9fc3843bfb1705d83082597a6&name=default => generated 2929 bytes in 419 msecs (HTTP/1.1 200) 4 headers in 158 bytes (1 switches on core 0) [pid: 7|app: 0|req: 1781/3711] 10.0.0.162 () {32 vars in 739 bytes} [Fri Jul 17 14:01:50 2026] DELETE /v2.0/security-groups/62c3cf0f-e41d-414f-9d9a-e3383f9efbcc => generated 0 bytes in 258 msecs (HTTP/1.1 204) 2 headers in 112 bytes (1 switches on core 0) [pid: 8|app: 0|req: 1931/3712] 10.0.0.162 () {32 vars in 773 bytes} [Fri Jul 17 14:01:50 2026] GET /v2.0/security-groups?tenant_id=e3afcea363ee4f519fa33b51c16feaf2&name=default => generated 2929 bytes in 32 msecs (HTTP/1.1 200) 4 headers in 158 bytes (1 switches on core 0) [pid: 7|app: 0|req: 1782/3713] 10.0.0.162 () {32 vars in 739 bytes} [Fri Jul 17 14:01:50 2026] DELETE /v2.0/security-groups/e102cf70-93eb-4c12-b99f-fd344824f915 => generated 0 bytes in 245 msecs (HTTP/1.1 204) 2 headers in 112 bytes (1 switches on core 0)
2026-07-17 14:01:51.060 8 INFO neutron.db.ovn_revision_numbers_db [None req-46d3c162-4c12-4393-8485-0b95e3b845ec ed3e97af1b704792b1ac3de856873f7b 7de33ca4ce6f4899a96265cad6d88b22 - - default default] Successfully bumped revision number for resource 5a2a22f9-8463-49be-b0f0-0b38ddc066ed (type: security_groups) to 1
2026-07-17 14:01:51.071 8 INFO neutron.db.ovn_revision_numbers_db [None req-46d3c162-4c12-4393-8485-0b95e3b845ec ed3e97af1b704792b1ac3de856873f7b 7de33ca4ce6f4899a96265cad6d88b22 - - default default] Successfully bumped revision number for resource 62873bc7-8d07-4f77-9c3c-6686e0360931 (type: security_group_rules) to 0
2026-07-17 14:01:51.086 8 INFO neutron.db.ovn_revision_numbers_db [None req-46d3c162-4c12-4393-8485-0b95e3b845ec ed3e97af1b704792b1ac3de856873f7b 7de33ca4ce6f4899a96265cad6d88b22 - - default default] Successfully bumped revision number for resource d8debacb-0d11-46ef-8722-e24e1e758b9d (type: security_group_rules) to 0
2026-07-17 14:01:51.100 8 INFO neutron.db.ovn_revision_numbers_db [None req-46d3c162-4c12-4393-8485-0b95e3b845ec ed3e97af1b704792b1ac3de856873f7b 7de33ca4ce6f4899a96265cad6d88b22 - - default default] Successfully bumped revision number for resource d999fa07-28c4-4ff8-93c7-6b53ed4ae00e (type: security_group_rules) to 0
2026-07-17 14:01:51.115 8 INFO neutron.db.ovn_revision_numbers_db [None req-46d3c162-4c12-4393-8485-0b95e3b845ec ed3e97af1b704792b1ac3de856873f7b 7de33ca4ce6f4899a96265cad6d88b22 - - default default] Successfully bumped revision number for resource dd609bec-12ac-46cb-86e7-524469220e88 (type: security_group_rules) to 0 [pid: 8|app: 0|req: 1932/3714] 10.0.0.162 () {32 vars in 773 bytes} [Fri Jul 17 14:01:50 2026] GET /v2.0/security-groups?tenant_id=3dc2f16f48484e4a80edba6c67a73c1d&name=default => generated 2929 bytes in 231 msecs (HTTP/1.1 200) 4 headers in 158 bytes (1 switches on core 0) [pid: 7|app: 0|req: 1783/3715] 10.0.0.162 () {32 vars in 739 bytes} [Fri Jul 17 14:01:51 2026] DELETE /v2.0/security-groups/5a2a22f9-8463-49be-b0f0-0b38ddc066ed => generated 0 bytes in 264 msecs (HTTP/1.1 204) 2 headers in 112 bytes (1 switches on core 0)
2026-07-17 14:01:51.692 8 INFO neutron.db.ovn_revision_numbers_db [None req-9859b9b7-5e65-4dfd-832c-5a1ffc4b398c ed3e97af1b704792b1ac3de856873f7b 7de33ca4ce6f4899a96265cad6d88b22 - - default default] Successfully bumped revision number for resource 3adc32d8-38c4-495d-8cba-6de6515d7465 (type: security_groups) to 1
2026-07-17 14:01:51.703 8 INFO neutron.db.ovn_revision_numbers_db [None req-9859b9b7-5e65-4dfd-832c-5a1ffc4b398c ed3e97af1b704792b1ac3de856873f7b 7de33ca4ce6f4899a96265cad6d88b22 - - default default] Successfully bumped revision number for resource 3df16fa4-65fc-4aa9-a72e-d02ba04bf985 (type: security_group_rules) to 0
2026-07-17 14:01:51.714 8 INFO neutron.db.ovn_revision_numbers_db [None req-9859b9b7-5e65-4dfd-832c-5a1ffc4b398c ed3e97af1b704792b1ac3de856873f7b 7de33ca4ce6f4899a96265cad6d88b22 - - default default] Successfully bumped revision number for resource 5e57ecda-69b4-414a-8627-e96d91060c3f (type: security_group_rules) to 0
2026-07-17 14:01:51.725 8 INFO neutron.db.ovn_revision_numbers_db [None req-9859b9b7-5e65-4dfd-832c-5a1ffc4b398c ed3e97af1b704792b1ac3de856873f7b 7de33ca4ce6f4899a96265cad6d88b22 - - default default] Successfully bumped revision number for resource 8e7453b0-2d09-4a1d-90d7-28bb9635976d (type: security_group_rules) to 0
2026-07-17 14:01:51.737 8 INFO neutron.db.ovn_revision_numbers_db [None req-9859b9b7-5e65-4dfd-832c-5a1ffc4b398c ed3e97af1b704792b1ac3de856873f7b 7de33ca4ce6f4899a96265cad6d88b22 - - default default] Successfully bumped revision number for resource b43ce859-3c62-44cf-9e2f-859ad1111be3 (type: security_group_rules) to 0 [pid: 8|app: 0|req: 1933/3716] 10.0.0.162 () {32 vars in 773 bytes} [Fri Jul 17 14:01:51 2026] GET /v2.0/security-groups?tenant_id=0caa108d73ed470a899d5869d2b2ca26&name=default => generated 2929 bytes in 221 msecs (HTTP/1.1 200) 4 headers in 158 bytes (1 switches on core 0) [pid: 7|app: 0|req: 1784/3717] 10.0.0.162 () {32 vars in 739 bytes} [Fri Jul 17 14:01:51 2026] DELETE /v2.0/security-groups/3adc32d8-38c4-495d-8cba-6de6515d7465 => generated 0 bytes in 246 msecs (HTTP/1.1 204) 2 headers in 112 bytes (1 switches on core 0)
2026-07-17 14:01:52.295 8 INFO neutron.db.ovn_revision_numbers_db [None req-49721046-54a4-432b-8038-b04aa9d131b7 ed3e97af1b704792b1ac3de856873f7b 7de33ca4ce6f4899a96265cad6d88b22 - - default default] Successfully bumped revision number for resource cf8f2d72-3b43-45d6-9daf-96f500b734dc (type: security_groups) to 1
2026-07-17 14:01:52.310 8 INFO neutron.db.ovn_revision_numbers_db [None req-49721046-54a4-432b-8038-b04aa9d131b7 ed3e97af1b704792b1ac3de856873f7b 7de33ca4ce6f4899a96265cad6d88b22 - - default default] Successfully bumped revision number for resource 3953d1f9-7b2e-4c3f-a11d-03ce101b7348 (type: security_group_rules) to 0
2026-07-17 14:01:52.322 8 INFO neutron.db.ovn_revision_numbers_db [None req-49721046-54a4-432b-8038-b04aa9d131b7 ed3e97af1b704792b1ac3de856873f7b 7de33ca4ce6f4899a96265cad6d88b22 - - default default] Successfully bumped revision number for resource 5f378fef-ad4a-49e5-a988-a91d1cc63f0b (type: security_group_rules) to 0
2026-07-17 14:01:52.334 8 INFO neutron.db.ovn_revision_numbers_db [None req-49721046-54a4-432b-8038-b04aa9d131b7 ed3e97af1b704792b1ac3de856873f7b 7de33ca4ce6f4899a96265cad6d88b22 - - default default] Successfully bumped revision number for resource 651cfc38-4b47-4389-9260-ac2b44d7029a (type: security_group_rules) to 0
2026-07-17 14:01:52.344 8 INFO neutron.db.ovn_revision_numbers_db [None req-49721046-54a4-432b-8038-b04aa9d131b7 ed3e97af1b704792b1ac3de856873f7b 7de33ca4ce6f4899a96265cad6d88b22 - - default default] Successfully bumped revision number for resource f4805761-ef50-46ed-a510-1c875fd8f147 (type: security_group_rules) to 0 [pid: 8|app: 0|req: 1934/3718] 10.0.0.162 () {32 vars in 773 bytes} [Fri Jul 17 14:01:52 2026] GET /v2.0/security-groups?tenant_id=3f5511e5e33b4212b68f955a6e1e37eb&name=default => generated 2929 bytes in 202 msecs (HTTP/1.1 200) 4 headers in 158 bytes (1 switches on core 0) [pid: 7|app: 0|req: 1785/3719] 10.0.0.162 () {32 vars in 739 bytes} [Fri Jul 17 14:01:52 2026] DELETE /v2.0/security-groups/cf8f2d72-3b43-45d6-9daf-96f500b734dc => generated 0 bytes in 255 msecs (HTTP/1.1 204) 2 headers in 112 bytes (1 switches on core 0)
2026-07-17 14:01:52.898 8 INFO neutron.db.ovn_revision_numbers_db [None req-6ec78a31-69a4-4c6d-a8ce-f6dfadac86a5 ed3e97af1b704792b1ac3de856873f7b 7de33ca4ce6f4899a96265cad6d88b22 - - default default] Successfully bumped revision number for resource 1a47bf3a-0675-4797-baaa-37e7854067ed (type: security_groups) to 1
2026-07-17 14:01:52.922 8 INFO neutron.db.ovn_revision_numbers_db [None req-6ec78a31-69a4-4c6d-a8ce-f6dfadac86a5 ed3e97af1b704792b1ac3de856873f7b 7de33ca4ce6f4899a96265cad6d88b22 - - default default] Successfully bumped revision number for resource 7b40dfdd-7d67-4863-9a6d-027ba0bf32c9 (type: security_group_rules) to 0
2026-07-17 14:01:52.943 8 INFO neutron.db.ovn_revision_numbers_db [None req-6ec78a31-69a4-4c6d-a8ce-f6dfadac86a5 ed3e97af1b704792b1ac3de856873f7b 7de33ca4ce6f4899a96265cad6d88b22 - - default default] Successfully bumped revision number for resource 9ab0