2026-07-17 13:54:10.700 7 INFO neutron.db.segments_db [None req-cb3d21ee-ecd8-4b25-a86d-fb90658b50e8 b202c40d08d243039d4500cfe775be1c 07831f64832c40a5856b13488012333e - - default default] Added segment e24b7ddd-ce49-4597-a426-300ed5f08a10 of type geneve for network e340b597-dbcc-42b2-8a7e-7ce10b781fcd
2026-07-17 13:54:10.738 8 INFO neutron.db.ovn_revision_numbers_db [None req-d19ad24f-298c-4242-859a-2127a7d9b7dd - - - - - -] Successfully bumped revision number for resource a58055d3-99af-4a11-a881-6ca7fde18c2a (type: ports) to 2
2026-07-17 13:54:10.771 8 INFO neutron.db.ovn_revision_numbers_db [None req-d19ad24f-298c-4242-859a-2127a7d9b7dd - - - - - -] Successfully bumped revision number for resource 3eceb550-905b-4e67-aabf-27e84c1fc655 (type: subnets) to 0 [pid: 8|app: 0|req: 749/1485] 10.0.0.162 () {34 vars in 668 bytes} [Fri Jul 17 13:54:09 2026] POST /v2.0/subnets => generated 626 bytes in 844 msecs (HTTP/1.1 201) 4 headers in 162 bytes (1 switches on core 0)
2026-07-17 13:54:10.809 7 INFO neutron.db.ovn_revision_numbers_db [None req-cb3d21ee-ecd8-4b25-a86d-fb90658b50e8 b202c40d08d243039d4500cfe775be1c 07831f64832c40a5856b13488012333e - - default default] Successfully bumped revision number for resource e340b597-dbcc-42b2-8a7e-7ce10b781fcd (type: networks) to 1 [pid: 8|app: 0|req: 750/1486] 10.0.0.234 () {34 vars in 989 bytes} [Fri Jul 17 13:54:10 2026] GET /v2.0/ports?device_id=eda35167-b68b-4a41-a2a9-96335258f47e => generated 12 bytes in 27 msecs (HTTP/1.1 200) 4 headers in 156 bytes (1 switches on core 0)
2026-07-17 13:54:11.026 7 WARNING neutron.scheduler.dhcp_agent_scheduler [None req-cb3d21ee-ecd8-4b25-a86d-fb90658b50e8 b202c40d08d243039d4500cfe775be1c 07831f64832c40a5856b13488012333e - - default default] No more DHCP agents
2026-07-17 13:54:11.027 7 WARNING neutron.api.rpc.agentnotifiers.dhcp_rpc_agent_api [None req-cb3d21ee-ecd8-4b25-a86d-fb90658b50e8 b202c40d08d243039d4500cfe775be1c 07831f64832c40a5856b13488012333e - - default default] Unable to schedule network e340b597-dbcc-42b2-8a7e-7ce10b781fcd: no agents available; will retry on subsequent port and subnet creation events.
2026-07-17 13:54:11.086 7 INFO neutron.plugins.ml2.drivers.ovn.mech_driver.mech_driver [None req-ab0fa0f5-ae38-4198-b562-2ecfe7cf4578 - - - - - -] OVN reports status down for port: 047aa743-ca8f-4644-add1-099a7c6e62fc [pid: 8|app: 0|req: 751/1487] 10.0.0.162 () {32 vars in 739 bytes} [Fri Jul 17 13:54:10 2026] DELETE /v2.0/security-groups/52211ea5-644e-4870-b43d-2755e760eefa => generated 0 bytes in 274 msecs (HTTP/1.1 204) 2 headers in 112 bytes (1 switches on core 0)
2026-07-17 13:54:11.147 7 INFO neutron.db.ovn_revision_numbers_db [None req-cb3d21ee-ecd8-4b25-a86d-fb90658b50e8 b202c40d08d243039d4500cfe775be1c 07831f64832c40a5856b13488012333e - - default default] Successfully bumped revision number for resource 047aa743-ca8f-4644-add1-099a7c6e62fc (type: ports) to 1 [pid: 7|app: 0|req: 737/1488] 10.0.0.162 () {34 vars in 669 bytes} [Fri Jul 17 13:54:10 2026] POST /v2.0/networks => generated 669 bytes in 603 msecs (HTTP/1.1 201) 4 headers in 162 bytes (1 switches on core 0)
2026-07-17 13:54:11.215 8 INFO neutron.db.ovn_revision_numbers_db [None req-e75d3cf1-3b36-46f3-a1d7-74e16e39fa97 49ed585be95c48b8a66304cbfa90ce46 0ccb0cd66af0470c8066d388ff187b19 - - default default] Successfully bumped revision number for resource 62840090-ed6b-4a9a-a136-9f7fab8b0bac (type: routers) to 1 [pid: 8|app: 0|req: 752/1489] 10.0.0.162 () {34 vars in 668 bytes} [Fri Jul 17 13:54:11 2026] POST /v2.0/routers => generated 603 bytes in 130 msecs (HTTP/1.1 201) 4 headers in 162 bytes (1 switches on core 0)
2026-07-17 13:54:11.353 7 INFO neutron.db.ovn_revision_numbers_db [None req-75844dc6-cfa3-4d3b-a53f-43a2893b9ac2 ed3e97af1b704792b1ac3de856873f7b 7de33ca4ce6f4899a96265cad6d88b22 - - default default] Successfully bumped revision number for resource f958b536-8920-4a92-8612-7df4d4e2d347 (type: security_groups) to 1
2026-07-17 13:54:11.366 7 INFO neutron.db.ovn_revision_numbers_db [None req-75844dc6-cfa3-4d3b-a53f-43a2893b9ac2 ed3e97af1b704792b1ac3de856873f7b 7de33ca4ce6f4899a96265cad6d88b22 - - default default] Successfully bumped revision number for resource 2d1ce20b-16f8-4fe3-9c37-33e71bcf5bd5 (type: security_group_rules) to 0
2026-07-17 13:54:11.380 7 INFO neutron.db.ovn_revision_numbers_db [None req-75844dc6-cfa3-4d3b-a53f-43a2893b9ac2 ed3e97af1b704792b1ac3de856873f7b 7de33ca4ce6f4899a96265cad6d88b22 - - default default] Successfully bumped revision number for resource 5cf7bd93-a2a9-45f5-b19f-8ebe329431b6 (type: security_group_rules) to 0
2026-07-17 13:54:11.391 7 INFO neutron.db.ovn_revision_numbers_db [None req-75844dc6-cfa3-4d3b-a53f-43a2893b9ac2 ed3e97af1b704792b1ac3de856873f7b 7de33ca4ce6f4899a96265cad6d88b22 - - default default] Successfully bumped revision number for resource 8b41707b-38a1-4cbe-b807-e3294beb1475 (type: security_group_rules) to 0
2026-07-17 13:54:11.403 7 INFO neutron.db.ovn_revision_numbers_db [None req-75844dc6-cfa3-4d3b-a53f-43a2893b9ac2 ed3e97af1b704792b1ac3de856873f7b 7de33ca4ce6f4899a96265cad6d88b22 - - default default] Successfully bumped revision number for resource fd40cf2a-2c91-4cc3-8dff-bcefb9957b8c (type: security_group_rules) to 0
2026-07-17 13:54:11.435 8 WARNING neutron.scheduler.dhcp_agent_scheduler [None req-5046fde9-c02c-44ab-893c-984c1dd7177d b202c40d08d243039d4500cfe775be1c 07831f64832c40a5856b13488012333e - - default default] No more DHCP agents
2026-07-17 13:54:11.438 8 WARNING neutron.api.rpc.agentnotifiers.dhcp_rpc_agent_api [None req-5046fde9-c02c-44ab-893c-984c1dd7177d b202c40d08d243039d4500cfe775be1c 07831f64832c40a5856b13488012333e - - default default] Unable to schedule network e340b597-dbcc-42b2-8a7e-7ce10b781fcd: no agents available; will retry on subsequent port and subnet creation events. [pid: 7|app: 0|req: 738/1490] 10.0.0.162 () {32 vars in 773 bytes} [Fri Jul 17 13:54:11 2026] GET /v2.0/security-groups?tenant_id=7322018c32d14ee6a7f03200de3349ce&name=default => generated 2925 bytes in 239 msecs (HTTP/1.1 200) 4 headers in 158 bytes (1 switches on core 0)
2026-07-17 13:54:11.558 7 INFO neutron.notifiers.nova [-] Nova event matching ['req-4c67a2b9-078e-464c-97bf-731c4f4a993d'] response: {'server_uuid': 'eda35167-b68b-4a41-a2a9-96335258f47e', 'name': 'network-vif-deleted', 'tag': '111e00d8-7058-4d36-ab17-4f2c8c494d1e', 'status': 'completed', 'code': 200}
2026-07-17 13:54:11.820 7 WARNING neutron.scheduler.dhcp_agent_scheduler [None req-d8dc0783-8062-4c9c-9d87-21c82419daac 49ed585be95c48b8a66304cbfa90ce46 0ccb0cd66af0470c8066d388ff187b19 - - default default] No more DHCP agents
2026-07-17 13:54:11.821 7 WARNING neutron.api.rpc.agentnotifiers.dhcp_rpc_agent_api [None req-d8dc0783-8062-4c9c-9d87-21c82419daac 49ed585be95c48b8a66304cbfa90ce46 0ccb0cd66af0470c8066d388ff187b19 - - default default] Unable to schedule network 1be72b11-601f-457d-8c5a-0a7c04bb57d7: no agents available; will retry on subsequent port and subnet creation events.
2026-07-17 13:54:11.877 8 INFO neutron.db.ovn_revision_numbers_db [None req-15a2c250-0fbc-4336-9638-37cb828ac68d - - - - - -] Successfully bumped revision number for resource 047aa743-ca8f-4644-add1-099a7c6e62fc (type: ports) to 2
2026-07-17 13:54:11.916 8 INFO neutron.db.ovn_revision_numbers_db [None req-15a2c250-0fbc-4336-9638-37cb828ac68d - - - - - -] Successfully bumped revision number for resource f3eb1f6e-3a17-4d02-bd1c-59029dc1f4ba (type: subnets) to 0 [pid: 8|app: 0|req: 753/1491] 10.0.0.162 () {34 vars in 668 bytes} [Fri Jul 17 13:54:11 2026] POST /v2.0/subnets => generated 626 bytes in 707 msecs (HTTP/1.1 201) 4 headers in 162 bytes (1 switches on core 0)
2026-07-17 13:54:11.973 7 INFO neutron.plugins.ml2.drivers.ovn.mech_driver.mech_driver [None req-ab0fa0f5-ae38-4198-b562-2ecfe7cf4578 - - - - - -] OVN reports status down for port: 611c620c-586b-437d-980a-c1f1aea695ca
2026-07-17 13:54:12.046 7 INFO neutron.db.ovn_revision_numbers_db [None req-d8dc0783-8062-4c9c-9d87-21c82419daac 49ed585be95c48b8a66304cbfa90ce46 0ccb0cd66af0470c8066d388ff187b19 - - default default] Successfully bumped revision number for resource 611c620c-586b-437d-980a-c1f1aea695ca (type: ports) to 1 [pid: 8|app: 0|req: 754/1492] 10.0.0.162 () {32 vars in 739 bytes} [Fri Jul 17 13:54:11 2026] DELETE /v2.0/security-groups/f958b536-8920-4a92-8612-7df4d4e2d347 => generated 0 bytes in 263 msecs (HTTP/1.1 204) 2 headers in 112 bytes (1 switches on core 0) [pid: 8|app: 0|req: 755/1493] 10.0.0.234 () {34 vars in 989 bytes} [Fri Jul 17 13:54:12 2026] GET /v2.0/ports?device_id=eda35167-b68b-4a41-a2a9-96335258f47e => generated 12 bytes in 21 msecs (HTTP/1.1 200) 4 headers in 156 bytes (1 switches on core 0)
2026-07-17 13:54:12.490 8 WARNING neutron.scheduler.dhcp_agent_scheduler [None req-5d0bab69-3b28-493c-a289-90b73f0dfa23 b202c40d08d243039d4500cfe775be1c 07831f64832c40a5856b13488012333e - - default default] No more DHCP agents
2026-07-17 13:54:12.492 8 WARNING neutron.api.rpc.agentnotifiers.dhcp_rpc_agent_api [None req-5d0bab69-3b28-493c-a289-90b73f0dfa23 b202c40d08d243039d4500cfe775be1c 07831f64832c40a5856b13488012333e - - default default] Unable to schedule network e340b597-dbcc-42b2-8a7e-7ce10b781fcd: no agents available; will retry on subsequent port and subnet creation events.
2026-07-17 13:54:12.573 7 INFO neutron.plugins.ml2.drivers.ovn.mech_driver.mech_driver [None req-ab0fa0f5-ae38-4198-b562-2ecfe7cf4578 - - - - - -] OVN reports status up for port: 611c620c-586b-437d-980a-c1f1aea695ca
2026-07-17 13:54:12.601 7 INFO neutron.plugins.ml2.plugin [None req-ab0fa0f5-ae38-4198-b562-2ecfe7cf4578 - - - - - -] Attempt 1 to provision port 611c620c-586b-437d-980a-c1f1aea695ca
2026-07-17 13:54:12.623 8 INFO neutron.plugins.ml2.drivers.ovn.mech_driver.mech_driver [None req-02770ec4-0cb3-4ed9-bf13-bafcaf1410fc - - - - - -] OVN reports status down for port: 8817f9d8-4418-43c2-a83e-592c22f3d15d
2026-07-17 13:54:12.692 8 INFO neutron.db.ovn_revision_numbers_db [None req-5d0bab69-3b28-493c-a289-90b73f0dfa23 b202c40d08d243039d4500cfe775be1c 07831f64832c40a5856b13488012333e - - default default] Successfully bumped revision number for resource 8817f9d8-4418-43c2-a83e-592c22f3d15d (type: ports) to 1
2026-07-17 13:54:12.732 7 WARNING neutron.scheduler.dhcp_agent_scheduler [None req-d8dc0783-8062-4c9c-9d87-21c82419daac 49ed585be95c48b8a66304cbfa90ce46 0ccb0cd66af0470c8066d388ff187b19 - - default default] No more DHCP agents
2026-07-17 13:54:12.735 7 WARNING neutron.api.rpc.agentnotifiers.dhcp_rpc_agent_api [None req-d8dc0783-8062-4c9c-9d87-21c82419daac 49ed585be95c48b8a66304cbfa90ce46 0ccb0cd66af0470c8066d388ff187b19 - - default default] Unable to schedule network 1be72b11-601f-457d-8c5a-0a7c04bb57d7: no agents available; will retry on subsequent port and subnet creation events. [pid: 8|app: 0|req: 756/1494] 10.0.0.162 () {34 vars in 664 bytes} [Fri Jul 17 13:54:12 2026] POST /v2.0/ports => generated 911 bytes in 519 msecs (HTTP/1.1 201) 4 headers in 162 bytes (1 switches on core 0)
2026-07-17 13:54:12.894 8 INFO neutron_taas.services.taas.taas_plugin [None req-26bde6e2-93e4-4500-b53d-6a566489cb91 b202c40d08d243039d4500cfe775be1c 07831f64832c40a5856b13488012333e - - default default] TaaS: Handle Delete Port: 8817f9d8-4418-43c2-a83e-592c22f3d15d
2026-07-17 13:54:12.898 8 INFO neutron_taas.services.taas.tap_mirror_plugin [None req-26bde6e2-93e4-4500-b53d-6a566489cb91 b202c40d08d243039d4500cfe775be1c 07831f64832c40a5856b13488012333e - - default default] Tap Mirror: Handle Delete Port: 8817f9d8-4418-43c2-a83e-592c22f3d15d [pid: 8|app: 0|req: 757/1495] 10.0.0.162 () {32 vars in 719 bytes} [Fri Jul 17 13:54:12 2026] DELETE /v2.0/ports/8817f9d8-4418-43c2-a83e-592c22f3d15d => generated 0 bytes in 360 msecs (HTTP/1.1 204) 3 headers in 131 bytes (1 switches on core 0)
2026-07-17 13:54:13.131 8 INFO neutron.pecan_wsgi.hooks.translation [None req-e26fffbe-ad78-45ae-8c3a-f9bac2e220ce b202c40d08d243039d4500cfe775be1c 07831f64832c40a5856b13488012333e - - default default] GET failed (client error): The resource could not be found. [pid: 8|app: 0|req: 758/1496] 10.0.0.162 () {32 vars in 716 bytes} [Fri Jul 17 13:54:13 2026] GET /v2.0/ports/8817f9d8-4418-43c2-a83e-592c22f3d15d => generated 132 bytes in 17 msecs (HTTP/1.1 404) 4 headers in 164 bytes (1 switches on core 0)
2026-07-17 13:54:13.156 7 INFO neutron.db.ovn_revision_numbers_db [None req-d8dc0783-8062-4c9c-9d87-21c82419daac 49ed585be95c48b8a66304cbfa90ce46 0ccb0cd66af0470c8066d388ff187b19 - - default default] Successfully bumped revision number for resource 611c620c-586b-437d-980a-c1f1aea695ca (type: router_ports) to 1 [pid: 7|app: 0|req: 739/1499] 10.0.0.162 () {34 vars in 782 bytes} [Fri Jul 17 13:54:11 2026] PUT /v2.0/routers/62840090-ed6b-4a9a-a136-9f7fab8b0bac/add_router_interface => generated 309 bytes in 1721 msecs (HTTP/1.1 200) 4 headers in 157 bytes (1 switches on core 0) [pid: 8|app: 0|req: 761/1500] 10.0.0.162 () {32 vars in 723 bytes} [Fri Jul 17 13:54:13 2026] DELETE /v2.0/subnets/f3eb1f6e-3a17-4d02-bd1c-59029dc1f4ba => generated 0 bytes in 139 msecs (HTTP/1.1 204) 3 headers in 131 bytes (1 switches on core 0) [pid: 7|app: 0|req: 740/1501] 10.0.0.162 () {32 vars in 716 bytes} [Fri Jul 17 13:54:13 2026] GET /v2.0/ports/611c620c-586b-437d-980a-c1f1aea695ca => generated 943 bytes in 139 msecs (HTTP/1.1 200) 4 headers in 157 bytes (1 switches on core 0)
2026-07-17 13:54:13.427 8 INFO neutron_taas.services.taas.taas_plugin [None req-c55b2fd0-6fef-4932-8cb4-0c749f272a3f b202c40d08d243039d4500cfe775be1c 07831f64832c40a5856b13488012333e - - default default] TaaS: Handle Delete Port: 047aa743-ca8f-4644-add1-099a7c6e62fc
2026-07-17 13:54:13.432 8 INFO neutron_taas.services.taas.tap_mirror_plugin [None req-c55b2fd0-6fef-4932-8cb4-0c749f272a3f b202c40d08d243039d4500cfe775be1c 07831f64832c40a5856b13488012333e - - default default] Tap Mirror: Handle Delete Port: 047aa743-ca8f-4644-add1-099a7c6e62fc
2026-07-17 13:54:13.493 7 INFO neutron.db.ovn_revision_numbers_db [None req-ab0fa0f5-ae38-4198-b562-2ecfe7cf4578 - - - - - -] Successfully bumped revision number for resource 611c620c-586b-437d-980a-c1f1aea695ca (type: ports) to 2 [pid: 7|app: 0|req: 741/1502] 10.0.0.162 () {32 vars in 739 bytes} [Fri Jul 17 13:54:13 2026] DELETE /v2.0/security-groups/b0ddf728-cdb8-4ac7-8c12-317371a05643 => generated 0 bytes in 278 msecs (HTTP/1.1 204) 2 headers in 112 bytes (1 switches on core 0)
2026-07-17 13:54:13.634 8 INFO neutron.services.segments.plugin [-] Segment e24b7ddd-ce49-4597-a426-300ed5f08a10 resource provider aggregate not found
2026-07-17 13:54:13.639 8 INFO neutron.services.segments.plugin [-] Segment e24b7ddd-ce49-4597-a426-300ed5f08a10 resource provider aggregate not found
2026-07-17 13:54:13.657 8 INFO neutron.services.segments.plugin [-] Client error retrieving segment e24b7ddd-ce49-4597-a426-300ed5f08a10 resource provider; error: Placement Client Error (4xx): {"errors": [{"status": 404, "title": "Not Found", "detail": "The resource could not be found.\n\n No resource provider with uuid e24b7ddd-ce49-4597-a426-300ed5f08a10 found for delete ", "request_id": "req-a09cd4a4-85ef-42b8-997e-82c02c85ecad"}]}
2026-07-17 13:54:13.658 8 INFO neutron.services.segments.plugin [-] Client error retrieving segment e24b7ddd-ce49-4597-a426-300ed5f08a10 resource provider; error: Placement Client Error (4xx): {"errors": [{"status": 404, "title": "Not Found", "detail": "The resource could not be found.\n\n No resource provider with uuid e24b7ddd-ce49-4597-a426-300ed5f08a10 found for delete ", "request_id": "req-995aac7f-a5e7-4b92-91ec-d9050549bcfc"}]} [pid: 8|app: 0|req: 762/1503] 10.0.0.162 () {32 vars in 725 bytes} [Fri Jul 17 13:54:13 2026] DELETE /v2.0/networks/e340b597-dbcc-42b2-8a7e-7ce10b781fcd => generated 0 bytes in 413 msecs (HTTP/1.1 204) 3 headers in 131 bytes (1 switches on core 0)
2026-07-17 13:54:13.704 8 INFO neutron.api.v2.resource [None req-3417c784-67f8-4d64-9db7-487c16d1d6e5 af7c516ab2e54348be5ff92bc6ed5fcc 7ffcec42e67e43ab97f9b9c600e3f98f - - default default] show failed (client error): The resource could not be found. [pid: 8|app: 0|req: 763/1504] 10.0.0.162 () {32 vars in 736 bytes} [Fri Jul 17 13:54:13 2026] GET /v2.0/security-groups/b0ddf728-cdb8-4ac7-8c12-317371a05643 => generated 146 bytes in 10 msecs (HTTP/1.1 404) 4 headers in 164 bytes (1 switches on core 0)
2026-07-17 13:54:13.914 8 WARNING neutron.scheduler.dhcp_agent_scheduler [None req-97b33c17-5e4f-45c4-bf93-e63b9d1cf938 b202c40d08d243039d4500cfe775be1c 07831f64832c40a5856b13488012333e - - default default] No more DHCP agents
2026-07-17 13:54:13.916 8 WARNING neutron.api.rpc.agentnotifiers.dhcp_rpc_agent_api [None req-97b33c17-5e4f-45c4-bf93-e63b9d1cf938 b202c40d08d243039d4500cfe775be1c 07831f64832c40a5856b13488012333e - - default default] Unable to schedule network b3c92326-4b11-48c3-9a56-f730a7f22bfa: no agents available; will retry on subsequent port and subnet creation events.
2026-07-17 13:54:13.990 8 INFO neutron.plugins.ml2.drivers.ovn.mech_driver.mech_driver [None req-02770ec4-0cb3-4ed9-bf13-bafcaf1410fc - - - - - -] OVN reports status down for port: 85ab6f69-dde2-418a-a967-313baf1c26e5
2026-07-17 13:54:14.057 8 INFO neutron.db.ovn_revision_numbers_db [None req-97b33c17-5e4f-45c4-bf93-e63b9d1cf938 b202c40d08d243039d4500cfe775be1c 07831f64832c40a5856b13488012333e - - default default] Successfully bumped revision number for resource 85ab6f69-dde2-418a-a967-313baf1c26e5 (type: ports) to 1
2026-07-17 13:54:14.101 7 WARNING neutron.scheduler.dhcp_agent_scheduler [None req-f175d35e-26e2-48ae-a952-165626357976 49ed585be95c48b8a66304cbfa90ce46 0ccb0cd66af0470c8066d388ff187b19 - - default default] No more DHCP agents
2026-07-17 13:54:14.103 7 WARNING neutron.api.rpc.agentnotifiers.dhcp_rpc_agent_api [None req-f175d35e-26e2-48ae-a952-165626357976 49ed585be95c48b8a66304cbfa90ce46 0ccb0cd66af0470c8066d388ff187b19 - - default default] Unable to schedule network 44c01d24-8455-4668-b2d4-d2d3b07a9e10: no agents available; will retry on subsequent port and subnet creation events. [pid: 8|app: 0|req: 764/1505] 10.0.0.162 () {34 vars in 664 bytes} [Fri Jul 17 13:54:13 2026] POST /v2.0/ports => generated 774 bytes in 425 msecs (HTTP/1.1 201) 4 headers in 162 bytes (1 switches on core 0) /var/lib/openstack/lib/python3.12/site-packages/pycadf/identifier.py:70: UserWarning: Invalid uuid: neutron. To ensure interoperability, identifiers should be a valid uuid. warnings.warn(('Invalid uuid: %s. To ensure interoperability, '
2026-07-17 13:54:14.268 8 INFO neutron_taas.services.taas.taas_plugin [None req-7d53b5bc-dc0e-42d8-a5cc-ea9a3df6c683 af7c516ab2e54348be5ff92bc6ed5fcc 7ffcec42e67e43ab97f9b9c600e3f98f - - default default] TaaS: Handle Delete Port: cdde6e2d-56e6-4ae2-9bcc-1ad76ca5ac7b
2026-07-17 13:54:14.271 8 INFO neutron_taas.services.taas.tap_mirror_plugin [None req-7d53b5bc-dc0e-42d8-a5cc-ea9a3df6c683 af7c516ab2e54348be5ff92bc6ed5fcc 7ffcec42e67e43ab97f9b9c600e3f98f - - default default] Tap Mirror: Handle Delete Port: cdde6e2d-56e6-4ae2-9bcc-1ad76ca5ac7b
2026-07-17 13:54:14.280 7 INFO neutron.db.ovn_revision_numbers_db [None req-f175d35e-26e2-48ae-a952-165626357976 49ed585be95c48b8a66304cbfa90ce46 0ccb0cd66af0470c8066d388ff187b19 - - default default] Successfully bumped revision number for resource 4488e877-2087-45ab-89f9-1e9a011a87b4 (type: ports) to 1 [pid: 8|app: 0|req: 765/1506] 10.0.0.162 () {32 vars in 731 bytes} [Fri Jul 17 13:54:14 2026] DELETE /v2.0/floatingips/448e1ca3-9e80-46f2-9300-f3f7aee2475b => generated 0 bytes in 290 msecs (HTTP/1.1 204) 2 headers in 112 bytes (1 switches on core 0)
2026-07-17 13:54:14.672 8 INFO neutron.plugins.ml2.drivers.ovn.mech_driver.mech_driver [None req-02770ec4-0cb3-4ed9-bf13-bafcaf1410fc - - - - - -] OVN reports status down for port: 85ab6f69-dde2-418a-a967-313baf1c26e5
2026-07-17 13:54:14.730 8 INFO neutron.db.ovn_revision_numbers_db [None req-765ee546-4e61-46b6-b30a-6494e09f07c0 b202c40d08d243039d4500cfe775be1c 07831f64832c40a5856b13488012333e - - default default] Successfully bumped revision number for resource 85ab6f69-dde2-418a-a967-313baf1c26e5 (type: ports) to 2 [pid: 8|app: 0|req: 766/1507] 10.0.0.162 () {34 vars in 736 bytes} [Fri Jul 17 13:54:14 2026] PUT /v2.0/ports/85ab6f69-dde2-418a-a967-313baf1c26e5 => generated 752 bytes in 350 msecs (HTTP/1.1 200) 4 headers in 157 bytes (1 switches on core 0) /var/lib/openstack/lib/python3.12/site-packages/pycadf/identifier.py:70: UserWarning: Invalid uuid: neutron. To ensure interoperability, identifiers should be a valid uuid. warnings.warn(('Invalid uuid: %s. To ensure interoperability, '
2026-07-17 13:54:15.028 7 WARNING neutron.scheduler.dhcp_agent_scheduler [None req-f175d35e-26e2-48ae-a952-165626357976 49ed585be95c48b8a66304cbfa90ce46 0ccb0cd66af0470c8066d388ff187b19 - - default default] No more DHCP agents
2026-07-17 13:54:15.030 7 WARNING neutron.api.rpc.agentnotifiers.dhcp_rpc_agent_api [None req-f175d35e-26e2-48ae-a952-165626357976 49ed585be95c48b8a66304cbfa90ce46 0ccb0cd66af0470c8066d388ff187b19 - - default default] Unable to schedule network 44c01d24-8455-4668-b2d4-d2d3b07a9e10: no agents available; will retry on subsequent port and subnet creation events.
2026-07-17 13:54:15.090 8 INFO neutron_taas.services.taas.taas_plugin [None req-355e2a77-7e2d-486b-aad2-23c6b80f2848 ed3e97af1b704792b1ac3de856873f7b 7de33ca4ce6f4899a96265cad6d88b22 - - default default] TaaS: Handle Delete Port: 60a9a9af-6084-4eb0-9be0-0fd31547b50e
2026-07-17 13:54:15.092 8 INFO neutron_taas.services.taas.tap_mirror_plugin [None req-355e2a77-7e2d-486b-aad2-23c6b80f2848 ed3e97af1b704792b1ac3de856873f7b 7de33ca4ce6f4899a96265cad6d88b22 - - default default] Tap Mirror: Handle Delete Port: 60a9a9af-6084-4eb0-9be0-0fd31547b50e
2026-07-17 13:54:15.255 7 INFO neutron.db.ovn_revision_numbers_db [None req-f175d35e-26e2-48ae-a952-165626357976 49ed585be95c48b8a66304cbfa90ce46 0ccb0cd66af0470c8066d388ff187b19 - - default default] Successfully bumped revision number for resource 4488e877-2087-45ab-89f9-1e9a011a87b4 (type: router_ports) to 1 [pid: 7|app: 0|req: 742/1508] 10.0.0.162 () {34 vars in 782 bytes} [Fri Jul 17 13:54:13 2026] PUT /v2.0/routers/62840090-ed6b-4a9a-a136-9f7fab8b0bac/add_router_interface => generated 309 bytes in 1668 msecs (HTTP/1.1 200) 4 headers in 157 bytes (1 switches on core 0)
2026-07-17 13:54:15.423 7 INFO neutron_taas.services.taas.taas_plugin [None req-b8626101-345f-4ff2-acfb-7b7a3f533a84 b202c40d08d243039d4500cfe775be1c 07831f64832c40a5856b13488012333e - - default default] TaaS: Handle Delete Port: 85ab6f69-dde2-418a-a967-313baf1c26e5
2026-07-17 13:54:15.426 7 INFO neutron_taas.services.taas.tap_mirror_plugin [None req-b8626101-345f-4ff2-acfb-7b7a3f533a84 b202c40d08d243039d4500cfe775be1c 07831f64832c40a5856b13488012333e - - default default] Tap Mirror: Handle Delete Port: 85ab6f69-dde2-418a-a967-313baf1c26e5 [pid: 7|app: 0|req: 743/1509] 10.0.0.162 () {32 vars in 719 bytes} [Fri Jul 17 13:54:15 2026] DELETE /v2.0/ports/85ab6f69-dde2-418a-a967-313baf1c26e5 => generated 0 bytes in 280 msecs (HTTP/1.1 204) 3 headers in 131 bytes (1 switches on core 0) [pid: 7|app: 0|req: 744/1510] 10.0.0.162 () {32 vars in 716 bytes} [Fri Jul 17 13:54:15 2026] GET /v2.0/ports/4488e877-2087-45ab-89f9-1e9a011a87b4 => generated 941 bytes in 76 msecs (HTTP/1.1 200) 4 headers in 157 bytes (1 switches on core 0) [pid: 8|app: 0|req: 767/1511] 10.0.0.162 () {34 vars in 788 bytes} [Fri Jul 17 13:54:14 2026] PUT /v2.0/routers/5b98c9b8-3468-4f23-a797-71012d63d5be/remove_router_interface => generated 309 bytes in 1003 msecs (HTTP/1.1 200) 4 headers in 157 bytes (1 switches on core 0) /var/lib/openstack/lib/python3.12/site-packages/pycadf/identifier.py:70: UserWarning: Invalid uuid: neutron. To ensure interoperability, identifiers should be a valid uuid. warnings.warn(('Invalid uuid: %s. To ensure interoperability, ' [pid: 8|app: 0|req: 768/1512] 10.0.0.162 () {32 vars in 642 bytes} [Fri Jul 17 13:54:15 2026] GET /v2.0/ports => generated 1533 bytes in 41 msecs (HTTP/1.1 200) 4 headers in 158 bytes (1 switches on core 0)
2026-07-17 13:54:15.890 7 INFO neutron.db.ovn_revision_numbers_db [None req-fc06509b-75ef-443f-a05d-54d50e1b5235 ed3e97af1b704792b1ac3de856873f7b 7de33ca4ce6f4899a96265cad6d88b22 - - default default] Successfully bumped revision number for resource 2b269d37-35cc-4886-86fa-40ed86b23b30 (type: security_groups) to 1 [pid: 8|app: 0|req: 769/1513] 10.0.0.162 () {32 vars in 716 bytes} [Fri Jul 17 13:54:15 2026] GET /v2.0/ports/4488e877-2087-45ab-89f9-1e9a011a87b4 => generated 941 bytes in 73 msecs (HTTP/1.1 200) 4 headers in 157 bytes (1 switches on core 0)
2026-07-17 13:54:15.901 7 INFO neutron.db.ovn_revision_numbers_db [None req-fc06509b-75ef-443f-a05d-54d50e1b5235 ed3e97af1b704792b1ac3de856873f7b 7de33ca4ce6f4899a96265cad6d88b22 - - default default] Successfully bumped revision number for resource 1e5067ea-4469-4e5b-bdaf-a53479baa6f3 (type: security_group_rules) to 0
2026-07-17 13:54:15.919 7 INFO neutron.db.ovn_revision_numbers_db [None req-fc06509b-75ef-443f-a05d-54d50e1b5235 ed3e97af1b704792b1ac3de856873f7b 7de33ca4ce6f4899a96265cad6d88b22 - - default default] Successfully bumped revision number for resource 50709058-e52d-424b-ba8f-dbbc223c983d (type: security_group_rules) to 0
2026-07-17 13:54:15.937 7 INFO neutron.db.ovn_revision_numbers_db [None req-fc06509b-75ef-443f-a05d-54d50e1b5235 ed3e97af1b704792b1ac3de856873f7b 7de33ca4ce6f4899a96265cad6d88b22 - - default default] Successfully bumped revision number for resource 57b9dd14-662a-467a-9fb0-a16f52740787 (type: security_group_rules) to 0
2026-07-17 13:54:15.955 7 INFO neutron.db.ovn_revision_numbers_db [None req-fc06509b-75ef-443f-a05d-54d50e1b5235 ed3e97af1b704792b1ac3de856873f7b 7de33ca4ce6f4899a96265cad6d88b22 - - default default] Successfully bumped revision number for resource 9900b35c-06c0-4d39-acec-7673a42f22db (type: security_group_rules) to 0 [pid: 7|app: 0|req: 745/1514] 10.0.0.162 () {32 vars in 773 bytes} [Fri Jul 17 13:54:15 2026] GET /v2.0/security-groups?tenant_id=ce394811048846489d1409bb5c9919e4&name=default => generated 2925 bytes in 381 msecs (HTTP/1.1 200) 4 headers in 158 bytes (1 switches on core 0)
2026-07-17 13:54:16.018 7 INFO neutron.pecan_wsgi.hooks.translation [None req-d6328eba-0291-48f2-8f9e-c07d3a57760f b202c40d08d243039d4500cfe775be1c 07831f64832c40a5856b13488012333e - - default default] GET failed (client error): The resource could not be found. [pid: 7|app: 0|req: 746/1515] 10.0.0.162 () {32 vars in 716 bytes} [Fri Jul 17 13:54:16 2026] GET /v2.0/ports/85ab6f69-dde2-418a-a967-313baf1c26e5 => generated 132 bytes in 19 msecs (HTTP/1.1 404) 4 headers in 164 bytes (1 switches on core 0) [pid: 7|app: 0|req: 747/1516] 10.0.0.162 () {32 vars in 739 bytes} [Fri Jul 17 13:54:16 2026] DELETE /v2.0/security-groups/2b269d37-35cc-4886-86fa-40ed86b23b30 => generated 0 bytes in 248 msecs (HTTP/1.1 204) 2 headers in 112 bytes (1 switches on core 0)
2026-07-17 13:54:16.270 8 INFO neutron_taas.services.taas.taas_plugin [None req-97ff04bd-1d43-4a1e-b139-2cacbb49e72f ed3e97af1b704792b1ac3de856873f7b 7de33ca4ce6f4899a96265cad6d88b22 - - default default] TaaS: Handle Delete Port: 041cf411-b3d3-4819-921f-9c5dc7745d60
2026-07-17 13:54:16.274 8 INFO neutron_taas.services.taas.tap_mirror_plugin [None req-97ff04bd-1d43-4a1e-b139-2cacbb49e72f ed3e97af1b704792b1ac3de856873f7b 7de33ca4ce6f4899a96265cad6d88b22 - - default default] Tap Mirror: Handle Delete Port: 041cf411-b3d3-4819-921f-9c5dc7745d60 [pid: 7|app: 0|req: 748/1517] 10.0.0.162 () {32 vars in 642 bytes} [Fri Jul 17 13:54:16 2026] GET /v2.0/ports => generated 1533 bytes in 39 msecs (HTTP/1.1 200) 4 headers in 158 bytes (1 switches on core 0) [pid: 7|app: 0|req: 749/1518] 10.0.0.162 () {32 vars in 716 bytes} [Fri Jul 17 13:54:16 2026] GET /v2.0/ports/7c3c15a9-a7ad-41a9-b001-2ea187fd6369 => generated 774 bytes in 36 msecs (HTTP/1.1 200) 4 headers in 157 bytes (1 switches on core 0)
2026-07-17 13:54:16.374 7 INFO neutron.pecan_wsgi.hooks.translation [None req-dd492115-e135-4f03-b0c8-91e3d36934c2 b202c40d08d243039d4500cfe775be1c 07831f64832c40a5856b13488012333e - - default default] DELETE failed (client error): The resource could not be found. [pid: 7|app: 0|req: 750/1519] 10.0.0.162 () {32 vars in 719 bytes} [Fri Jul 17 13:54:16 2026] DELETE /v2.0/ports/8817f9d8-4418-43c2-a83e-592c22f3d15d => generated 132 bytes in 18 msecs (HTTP/1.1 404) 4 headers in 164 bytes (1 switches on core 0)
2026-07-17 13:54:16.393 7 INFO neutron.pecan_wsgi.hooks.translation [None req-b3b7e560-d7a6-4923-970a-fa8c496bf27f b202c40d08d243039d4500cfe775be1c 07831f64832c40a5856b13488012333e - - default default] DELETE failed (client error): The resource could not be found. [pid: 7|app: 0|req: 751/1520] 10.0.0.162 () {32 vars in 723 bytes} [Fri Jul 17 13:54:16 2026] DELETE /v2.0/subnets/f3eb1f6e-3a17-4d02-bd1c-59029dc1f4ba => generated 136 bytes in 14 msecs (HTTP/1.1 404) 4 headers in 164 bytes (1 switches on core 0)
2026-07-17 13:54:16.410 7 INFO neutron.pecan_wsgi.hooks.translation [None req-bfdd9d20-e93c-469a-8f2e-9e6e5b3e25e3 b202c40d08d243039d4500cfe775be1c 07831f64832c40a5856b13488012333e - - default default] DELETE failed (client error): The resource could not be found. [pid: 7|app: 0|req: 752/1521] 10.0.0.162 () {32 vars in 723 bytes} [Fri Jul 17 13:54:16 2026] DELETE /v2.0/subnets/2e6a1d13-014d-4b73-ace4-56601b3060c1 => generated 136 bytes in 12 msecs (HTTP/1.1 404) 4 headers in 164 bytes (1 switches on core 0)
2026-07-17 13:54:16.548 7 INFO neutron_taas.services.taas.taas_plugin [None req-2e9b2390-c22b-40ba-9fd8-c9c74ce2c5b5 b202c40d08d243039d4500cfe775be1c 07831f64832c40a5856b13488012333e - - default default] TaaS: Handle Delete Port: 7c3c15a9-a7ad-41a9-b001-2ea187fd6369
2026-07-17 13:54:16.551 7 INFO neutron_taas.services.taas.tap_mirror_plugin [None req-2e9b2390-c22b-40ba-9fd8-c9c74ce2c5b5 b202c40d08d243039d4500cfe775be1c 07831f64832c40a5856b13488012333e - - default default] Tap Mirror: Handle Delete Port: 7c3c15a9-a7ad-41a9-b001-2ea187fd6369 [pid: 7|app: 0|req: 753/1522] 10.0.0.162 () {32 vars in 719 bytes} [Fri Jul 17 13:54:16 2026] DELETE /v2.0/ports/7c3c15a9-a7ad-41a9-b001-2ea187fd6369 => generated 0 bytes in 246 msecs (HTTP/1.1 204) 3 headers in 131 bytes (1 switches on core 0) [pid: 8|app: 0|req: 770/1523] 10.0.0.162 () {32 vars in 723 bytes} [Fri Jul 17 13:54:15 2026] DELETE /v2.0/routers/5b98c9b8-3468-4f23-a797-71012d63d5be => generated 0 bytes in 803 msecs (HTTP/1.1 204) 2 headers in 112 bytes (1 switches on core 0)
2026-07-17 13:54:16.810 7 INFO neutron_taas.services.taas.taas_plugin [None req-2cb0361c-9fd0-4f45-a749-778088bac3b4 b202c40d08d243039d4500cfe775be1c 07831f64832c40a5856b13488012333e - - default default] TaaS: Handle Delete Port: b74072ab-1401-4677-8faa-9eeb31051b92
2026-07-17 13:54:16.814 7 INFO neutron_taas.services.taas.tap_mirror_plugin [None req-2cb0361c-9fd0-4f45-a749-778088bac3b4 b202c40d08d243039d4500cfe775be1c 07831f64832c40a5856b13488012333e - - default default] Tap Mirror: Handle Delete Port: b74072ab-1401-4677-8faa-9eeb31051b92 [pid: 8|app: 0|req: 771/1524] 10.0.0.162 () {32 vars in 723 bytes} [Fri Jul 17 13:54:16 2026] DELETE /v2.0/subnets/da3a39d5-9d00-42bc-905f-9c613dd29d64 => generated 0 bytes in 152 msecs (HTTP/1.1 204) 3 headers in 131 bytes (1 switches on core 0)
2026-07-17 13:54:16.995 8 INFO neutron_taas.services.taas.taas_plugin [None req-d4d460f4-21fb-4428-b22d-cb51b83b9c01 ed3e97af1b704792b1ac3de856873f7b 7de33ca4ce6f4899a96265cad6d88b22 - - default default] TaaS: Handle Delete Port: 3dd3ead6-8813-4fcd-b7c9-51a221701f48
2026-07-17 13:54:16.998 8 INFO neutron_taas.services.taas.tap_mirror_plugin [None req-d4d460f4-21fb-4428-b22d-cb51b83b9c01 ed3e97af1b704792b1ac3de856873f7b 7de33ca4ce6f4899a96265cad6d88b22 - - default default] Tap Mirror: Handle Delete Port: 3dd3ead6-8813-4fcd-b7c9-51a221701f48
2026-07-17 13:54:17.002 7 INFO neutron.services.segments.plugin [-] Segment 21ed4e72-f992-4b1a-8c71-6e0e1e9afa5b resource provider aggregate not found
2026-07-17 13:54:17.013 7 INFO neutron.services.segments.plugin [-] Segment 21ed4e72-f992-4b1a-8c71-6e0e1e9afa5b resource provider aggregate not found
2026-07-17 13:54:17.030 7 INFO neutron.services.segments.plugin [-] Client error retrieving segment 21ed4e72-f992-4b1a-8c71-6e0e1e9afa5b resource provider; error: Placement Client Error (4xx): {"errors": [{"status": 404, "title": "Not Found", "detail": "The resource could not be found.\n\n No resource provider with uuid 21ed4e72-f992-4b1a-8c71-6e0e1e9afa5b found for delete ", "request_id": "req-47c3aeff-0f4a-4839-9f3f-ce39e17760c9"}]}
2026-07-17 13:54:17.054 7 INFO neutron.services.segments.plugin [-] Client error retrieving segment 21ed4e72-f992-4b1a-8c71-6e0e1e9afa5b resource provider; error: Placement Client Error (4xx): {"errors": [{"status": 404, "title": "Not Found", "detail": "The resource could not be found.\n\n No resource provider with uuid 21ed4e72-f992-4b1a-8c71-6e0e1e9afa5b found for delete ", "request_id": "req-8b4e637a-6e91-47ad-82ab-fa9cb7493dbb"}]} [pid: 7|app: 0|req: 754/1525] 10.0.0.162 () {32 vars in 725 bytes} [Fri Jul 17 13:54:16 2026] DELETE /v2.0/networks/b3c92326-4b11-48c3-9a56-f730a7f22bfa => generated 0 bytes in 400 msecs (HTTP/1.1 204) 3 headers in 131 bytes (1 switches on core 0) [pid: 7|app: 0|req: 755/1526] 10.0.0.162 () {32 vars in 716 bytes} [Fri Jul 17 13:54:17 2026] GET /v2.0/ports/4488e877-2087-45ab-89f9-1e9a011a87b4 => generated 941 bytes in 50 msecs (HTTP/1.1 200) 4 headers in 157 bytes (1 switches on core 0)
2026-07-17 13:54:17.248 8 INFO neutron.services.segments.plugin [-] Segment 44ab87a3-f7a1-4505-92f4-6e4a699c94ff resource provider aggregate not found
2026-07-17 13:54:17.253 8 INFO neutron.services.segments.plugin [-] Segment 44ab87a3-f7a1-4505-92f4-6e4a699c94ff resource provider aggregate not found
2026-07-17 13:54:17.276 8 INFO neutron.services.segments.plugin [-] Client error retrieving segment 44ab87a3-f7a1-4505-92f4-6e4a699c94ff resource provider; error: Placement Client Error (4xx): {"errors": [{"status": 404, "title": "Not Found", "detail": "The resource could not be found.\n\n No resource provider with uuid 44ab87a3-f7a1-4505-92f4-6e4a699c94ff found for delete ", "request_id": "req-52f0f4e7-a8fd-4b1c-9ce0-f42d06864286"}]}
2026-07-17 13:54:17.278 8 INFO neutron.services.segments.plugin [-] Client error retrieving segment 44ab87a3-f7a1-4505-92f4-6e4a699c94ff resource provider; error: Placement Client Error (4xx): {"errors": [{"status": 404, "title": "Not Found", "detail": "The resource could not be found.\n\n No resource provider with uuid 44ab87a3-f7a1-4505-92f4-6e4a699c94ff found for delete ", "request_id": "req-87608c56-f8ce-4df9-a293-b24b62d4ca7c"}]} [pid: 8|app: 0|req: 772/1527] 10.0.0.162 () {32 vars in 725 bytes} [Fri Jul 17 13:54:16 2026] DELETE /v2.0/networks/553c3fdc-5caf-4e3c-8ec3-d8cf4f88225c => generated 0 bytes in 438 msecs (HTTP/1.1 204) 3 headers in 131 bytes (1 switches on core 0) [pid: 7|app: 0|req: 756/1528] 10.0.0.162 () {32 vars in 773 bytes} [Fri Jul 17 13:54:17 2026] GET /v2.0/security-groups?tenant_id=7ffcec42e67e43ab97f9b9c600e3f98f&name=default => generated 2925 bytes in 44 msecs (HTTP/1.1 200) 4 headers in 158 bytes (1 switches on core 0) [pid: 8|app: 0|req: 773/1529] 10.0.0.162 () {32 vars in 739 bytes} [Fri Jul 17 13:54:17 2026] DELETE /v2.0/security-groups/ee88e611-6020-4988-baed-2e6f6f32c0a8 => generated 0 bytes in 247 msecs (HTTP/1.1 204) 2 headers in 112 bytes (1 switches on core 0) [pid: 7|app: 0|req: 757/1530] 10.0.0.162 () {32 vars in 773 bytes} [Fri Jul 17 13:54:17 2026] GET /v2.0/security-groups?tenant_id=07831f64832c40a5856b13488012333e&name=default => generated 2925 bytes in 262 msecs (HTTP/1.1 200) 4 headers in 158 bytes (1 switches on core 0) [pid: 8|app: 0|req: 774/1531] 10.0.0.162 () {32 vars in 739 bytes} [Fri Jul 17 13:54:17 2026] DELETE /v2.0/security-groups/862b289a-d5b7-4448-b2c4-50bc580e85ed => generated 0 bytes in 300 msecs (HTTP/1.1 204) 2 headers in 112 bytes (1 switches on core 0) [pid: 7|app: 0|req: 758/1532] 10.0.0.162 () {32 vars in 716 bytes} [Fri Jul 17 13:54:18 2026] GET /v2.0/ports/4488e877-2087-45ab-89f9-1e9a011a87b4 => generated 941 bytes in 42 msecs (HTTP/1.1 200) 4 headers in 157 bytes (1 switches on core 0)
2026-07-17 13:54:18.479 7 WARNING neutron.plugins.ml2.drivers.ovn.mech_driver.ovsdb.ovn_client [None req-936912f1-d891-42e7-877d-2d5bcf4ecc23 - - - - - -] No hosting information found for port 611c620c-586b-437d-980a-c1f1aea695ca: RuntimeError: No hosting information found for port 611c620c-586b-437d-980a-c1f1aea695ca
2026-07-17 13:54:18.576 7 INFO neutron.db.ovn_revision_numbers_db [None req-936912f1-d891-42e7-877d-2d5bcf4ecc23 - - - - - -] Successfully bumped revision number for resource 611c620c-586b-437d-980a-c1f1aea695ca (type: router_ports) to 2
2026-07-17 13:54:18.622 7 INFO neutron.plugins.ml2.drivers.ovn.mech_driver.mech_driver [None req-936912f1-d891-42e7-877d-2d5bcf4ecc23 - - - - - -] OVN reports status down for port: 4488e877-2087-45ab-89f9-1e9a011a87b4
2026-07-17 13:54:18.682 7 WARNING neutron.plugins.ml2.drivers.ovn.mech_driver.ovsdb.ovn_client [None req-936912f1-d891-42e7-877d-2d5bcf4ecc23 - - - - - -] Logical_Switch_Port 4488e877-2087-45ab-89f9-1e9a011a87b4 host information not removed, the port state is up
2026-07-17 13:54:18.683 7 INFO neutron.plugins.ml2.drivers.ovn.mech_driver.mech_driver [None req-936912f1-d891-42e7-877d-2d5bcf4ecc23 - - - - - -] OVN reports status up for port: 4488e877-2087-45ab-89f9-1e9a011a87b4
2026-07-17 13:54:18.693 7 INFO neutron.plugins.ml2.plugin [None req-936912f1-d891-42e7-877d-2d5bcf4ecc23 - - - - - -] Attempt 1 to provision port 4488e877-2087-45ab-89f9-1e9a011a87b4
2026-07-17 13:54:19.101 7 INFO neutron.db.ovn_revision_numbers_db [None req-936912f1-d891-42e7-877d-2d5bcf4ecc23 - - - - - -] Successfully bumped revision number for resource 4488e877-2087-45ab-89f9-1e9a011a87b4 (type: ports) to 2 [pid: 7|app: 0|req: 759/1533] 10.0.0.162 () {32 vars in 716 bytes} [Fri Jul 17 13:54:19 2026] GET /v2.0/ports/4488e877-2087-45ab-89f9-1e9a011a87b4 => generated 943 bytes in 68 msecs (HTTP/1.1 200) 4 headers in 157 bytes (1 switches on core 0)
2026-07-17 13:54:19.449 8 INFO neutron.db.ovn_revision_numbers_db [None req-f9da2c6c-da67-4bf5-bf80-eb8b4c079edd 8b6c33894c7b49c0990ba37372c045b7 72805cb5b3d74f76a64f61ed8ce863ca - - default default] Successfully bumped revision number for resource 151ba061-a1b9-4605-9c96-7a428b656cbc (type: security_groups) to 1
2026-07-17 13:54:19.463 8 INFO neutron.db.ovn_revision_numbers_db [None req-f9da2c6c-da67-4bf5-bf80-eb8b4c079edd 8b6c33894c7b49c0990ba37372c045b7 72805cb5b3d74f76a64f61ed8ce863ca - - default default] Successfully bumped revision number for resource 2443803d-9b6e-485e-8a07-0b286d766b14 (type: security_group_rules) to 0
2026-07-17 13:54:19.474 8 INFO neutron.db.ovn_revision_numbers_db [None req-f9da2c6c-da67-4bf5-bf80-eb8b4c079edd 8b6c33894c7b49c0990ba37372c045b7 72805cb5b3d74f76a64f61ed8ce863ca - - default default] Successfully bumped revision number for resource 25b8bf5e-d208-4824-8026-e4b82fe5f83e (type: security_group_rules) to 0
2026-07-17 13:54:19.487 8 INFO neutron.db.ovn_revision_numbers_db [None req-f9da2c6c-da67-4bf5-bf80-eb8b4c079edd 8b6c33894c7b49c0990ba37372c045b7 72805cb5b3d74f76a64f61ed8ce863ca - - default default] Successfully bumped revision number for resource 5dbb011f-9f0d-4500-aeec-b8301cffd0a2 (type: security_group_rules) to 0
2026-07-17 13:54:19.501 8 INFO neutron.db.ovn_revision_numbers_db [None req-f9da2c6c-da67-4bf5-bf80-eb8b4c079edd 8b6c33894c7b49c0990ba37372c045b7 72805cb5b3d74f76a64f61ed8ce863ca - - default default] Successfully bumped revision number for resource e5140e1f-56d8-4086-9a04-f56fd2a6df46 (type: security_group_rules) to 0
2026-07-17 13:54:19.540 7 INFO neutron_taas.services.taas.taas_plugin [None req-780f5e95-c7dc-4458-a54c-f01faf3146c8 49ed585be95c48b8a66304cbfa90ce46 0ccb0cd66af0470c8066d388ff187b19 - - default default] TaaS: Handle Delete Port: 4488e877-2087-45ab-89f9-1e9a011a87b4
2026-07-17 13:54:19.544 7 INFO neutron_taas.services.taas.tap_mirror_plugin [None req-780f5e95-c7dc-4458-a54c-f01faf3146c8 49ed585be95c48b8a66304cbfa90ce46 0ccb0cd66af0470c8066d388ff187b19 - - default default] Tap Mirror: Handle Delete Port: 4488e877-2087-45ab-89f9-1e9a011a87b4
2026-07-17 13:54:19.609 8 INFO neutron.db.segments_db [None req-f9da2c6c-da67-4bf5-bf80-eb8b4c079edd 8b6c33894c7b49c0990ba37372c045b7 72805cb5b3d74f76a64f61ed8ce863ca - - default default] Added segment c04aeb56-ec55-4983-9fac-e40158e64f7b of type geneve for network 285515a9-4fc1-43e0-a804-a5f6348fefc5
2026-07-17 13:54:19.766 8 INFO neutron.db.ovn_revision_numbers_db [None req-f9da2c6c-da67-4bf5-bf80-eb8b4c079edd 8b6c33894c7b49c0990ba37372c045b7 72805cb5b3d74f76a64f61ed8ce863ca - - default default] Successfully bumped revision number for resource 285515a9-4fc1-43e0-a804-a5f6348fefc5 (type: networks) to 1
2026-07-17 13:54:19.977 8 WARNING neutron.scheduler.dhcp_agent_scheduler [None req-f9da2c6c-da67-4bf5-bf80-eb8b4c079edd 8b6c33894c7b49c0990ba37372c045b7 72805cb5b3d74f76a64f61ed8ce863ca - - default default] No more DHCP agents
2026-07-17 13:54:19.978 8 WARNING neutron.api.rpc.agentnotifiers.dhcp_rpc_agent_api [None req-f9da2c6c-da67-4bf5-bf80-eb8b4c079edd 8b6c33894c7b49c0990ba37372c045b7 72805cb5b3d74f76a64f61ed8ce863ca - - default default] Unable to schedule network 285515a9-4fc1-43e0-a804-a5f6348fefc5: no agents available; will retry on subsequent port and subnet creation events. [pid: 7|app: 0|req: 760/1534] 10.0.0.162 () {34 vars in 788 bytes} [Fri Jul 17 13:54:19 2026] PUT /v2.0/routers/62840090-ed6b-4a9a-a136-9f7fab8b0bac/remove_router_interface => generated 309 bytes in 767 msecs (HTTP/1.1 200) 4 headers in 157 bytes (1 switches on core 0)
2026-07-17 13:54:20.079 8 INFO neutron.db.ovn_revision_numbers_db [None req-f9da2c6c-da67-4bf5-bf80-eb8b4c079edd 8b6c33894c7b49c0990ba37372c045b7 72805cb5b3d74f76a64f61ed8ce863ca - - default default] Successfully bumped revision number for resource 3b84c37e-a268-4e58-9cb6-68ef99c1f171 (type: ports) to 1 [pid: 8|app: 0|req: 775/1535] 10.0.0.162 () {34 vars in 670 bytes} [Fri Jul 17 13:54:19 2026] POST /v2.0/networks => generated 671 bytes in 1021 msecs (HTTP/1.1 201) 4 headers in 162 bytes (1 switches on core 0) /var/lib/openstack/lib/python3.12/site-packages/pycadf/identifier.py:70: UserWarning: Invalid uuid: neutron. To ensure interoperability, identifiers should be a valid uuid. warnings.warn(('Invalid uuid: %s. To ensure interoperability, ' [pid: 8|app: 0|req: 776/1536] 10.0.0.162 () {32 vars in 716 bytes} [Fri Jul 17 13:54:20 2026] GET /v2.0/ports/611c620c-586b-437d-980a-c1f1aea695ca => generated 943 bytes in 65 msecs (HTTP/1.1 200) 4 headers in 157 bytes (1 switches on core 0)
2026-07-17 13:54:20.269 7 INFO neutron.db.ovn_revision_numbers_db [None req-1154516b-2eb8-4094-b917-621ba6a9cd76 9019ab8256bf4c149eaad9e32e95115e 9c885b3f75894041a217b513f93b1169 - - default default] Successfully bumped revision number for resource 109e5539-5e94-4c6b-9005-f013bbe7bd8d (type: security_groups) to 1
2026-07-17 13:54:20.281 7 INFO neutron.db.ovn_revision_numbers_db [None req-1154516b-2eb8-4094-b917-621ba6a9cd76 9019ab8256bf4c149eaad9e32e95115e 9c885b3f75894041a217b513f93b1169 - - default default] Successfully bumped revision number for resource 100a05d8-04b2-4ce4-9ad1-58b06e428d9f (type: security_group_rules) to 0
2026-07-17 13:54:20.308 7 INFO neutron.db.ovn_revision_numbers_db [None req-1154516b-2eb8-4094-b917-621ba6a9cd76 9019ab8256bf4c149eaad9e32e95115e 9c885b3f75894041a217b513f93b1169 - - default default] Successfully bumped revision number for resource 84272fe8-65c9-42fc-ae37-d174e8f4a5b8 (type: security_group_rules) to 0
2026-07-17 13:54:20.321 7 INFO neutron.db.ovn_revision_numbers_db [None req-1154516b-2eb8-4094-b917-621ba6a9cd76 9019ab8256bf4c149eaad9e32e95115e 9c885b3f75894041a217b513f93b1169 - - default default] Successfully bumped revision number for resource b182079d-ef79-4a2f-914f-ec2e4696a14e (type: security_group_rules) to 0
2026-07-17 13:54:20.334 7 INFO neutron.db.ovn_revision_numbers_db [None req-1154516b-2eb8-4094-b917-621ba6a9cd76 9019ab8256bf4c149eaad9e32e95115e 9c885b3f75894041a217b513f93b1169 - - default default] Successfully bumped revision number for resource f3ba41fd-065a-4191-beb8-1d4875c24425 (type: security_group_rules) to 0
2026-07-17 13:54:20.423 7 INFO neutron.db.segments_db [None req-1154516b-2eb8-4094-b917-621ba6a9cd76 9019ab8256bf4c149eaad9e32e95115e 9c885b3f75894041a217b513f93b1169 - - default default] Added segment f3b4ae82-e4d9-482c-be69-ec409498d3db of type geneve for network d1883fac-eba9-41a2-9423-35a68c4983ea
2026-07-17 13:54:20.528 7 INFO neutron.db.ovn_revision_numbers_db [None req-1154516b-2eb8-4094-b917-621ba6a9cd76 9019ab8256bf4c149eaad9e32e95115e 9c885b3f75894041a217b513f93b1169 - - default default] Successfully bumped revision number for resource d1883fac-eba9-41a2-9423-35a68c4983ea (type: networks) to 1
2026-07-17 13:54:20.634 8 WARNING neutron.scheduler.dhcp_agent_scheduler [None req-bae28a1b-0acb-48cb-922c-6530ef21fefc 8b6c33894c7b49c0990ba37372c045b7 72805cb5b3d74f76a64f61ed8ce863ca - - default default] No more DHCP agents
2026-07-17 13:54:20.635 8 WARNING neutron.api.rpc.agentnotifiers.dhcp_rpc_agent_api [None req-bae28a1b-0acb-48cb-922c-6530ef21fefc 8b6c33894c7b49c0990ba37372c045b7 72805cb5b3d74f76a64f61ed8ce863ca - - default default] Unable to schedule network f9e46c24-2e3d-4209-ba33-87e7412532be: no agents available; will retry on subsequent port and subnet creation events.
2026-07-17 13:54:20.695 7 WARNING neutron.scheduler.dhcp_agent_scheduler [None req-1154516b-2eb8-4094-b917-621ba6a9cd76 9019ab8256bf4c149eaad9e32e95115e 9c885b3f75894041a217b513f93b1169 - - default default] No more DHCP agents
2026-07-17 13:54:20.696 7 WARNING neutron.api.rpc.agentnotifiers.dhcp_rpc_agent_api [None req-1154516b-2eb8-4094-b917-621ba6a9cd76 9019ab8256bf4c149eaad9e32e95115e 9c885b3f75894041a217b513f93b1169 - - default default] Unable to schedule network d1883fac-eba9-41a2-9423-35a68c4983ea: no agents available; will retry on subsequent port and subnet creation events.
2026-07-17 13:54:20.778 8 INFO neutron.plugins.ml2.drivers.ovn.mech_driver.mech_driver [None req-02770ec4-0cb3-4ed9-bf13-bafcaf1410fc - - - - - -] OVN reports status down for port: 5349c9d3-4bae-4bd4-a85f-a7c092b493f7
2026-07-17 13:54:20.796 7 INFO neutron.db.ovn_revision_numbers_db [None req-1154516b-2eb8-4094-b917-621ba6a9cd76 9019ab8256bf4c149eaad9e32e95115e 9c885b3f75894041a217b513f93b1169 - - default default] Successfully bumped revision number for resource ce466c8e-ea81-4720-abe2-33aa9fdf4f37 (type: ports) to 1 [pid: 7|app: 0|req: 761/1537] 10.0.0.162 () {34 vars in 669 bytes} [Fri Jul 17 13:54:20 2026] POST /v2.0/networks => generated 671 bytes in 813 msecs (HTTP/1.1 201) 4 headers in 162 bytes (1 switches on core 0)
2026-07-17 13:54:20.844 8 INFO neutron.db.ovn_revision_numbers_db [None req-bae28a1b-0acb-48cb-922c-6530ef21fefc 8b6c33894c7b49c0990ba37372c045b7 72805cb5b3d74f76a64f61ed8ce863ca - - default default] Successfully bumped revision number for resource 5349c9d3-4bae-4bd4-a85f-a7c092b493f7 (type: ports) to 1
2026-07-17 13:54:21.123 7 INFO neutron_taas.services.taas.taas_plugin [None req-e0f92fd0-e699-4f5e-b889-2c3d4396097f 49ed585be95c48b8a66304cbfa90ce46 0ccb0cd66af0470c8066d388ff187b19 - - default default] TaaS: Handle Delete Port: 611c620c-586b-437d-980a-c1f1aea695ca
2026-07-17 13:54:21.127 7 INFO neutron_taas.services.taas.tap_mirror_plugin [None req-e0f92fd0-e699-4f5e-b889-2c3d4396097f 49ed585be95c48b8a66304cbfa90ce46 0ccb0cd66af0470c8066d388ff187b19 - - default default] Tap Mirror: Handle Delete Port: 611c620c-586b-437d-980a-c1f1aea695ca [pid: 7|app: 0|req: 762/1538] 10.0.0.162 () {34 vars in 788 bytes} [Fri Jul 17 13:54:20 2026] PUT /v2.0/routers/62840090-ed6b-4a9a-a136-9f7fab8b0bac/remove_router_interface => generated 309 bytes in 649 msecs (HTTP/1.1 200) 4 headers in 157 bytes (1 switches on core 0)
2026-07-17 13:54:21.520 8 INFO neutron.plugins.ml2.drivers.ovn.mech_driver.ovsdb.commands [None req-507c8778-714e-47fe-a2e8-ce5def025d64 - - - - - -] Schedule LRP lrp-5349c9d3-4bae-4bd4-a85f-a7c092b493f7 on gateway 6164d361-60dc-4f72-83bd-6f5343b17d92 with priority 1 /var/lib/openstack/lib/python3.12/site-packages/pycadf/identifier.py:70: UserWarning: Invalid uuid: neutron. To ensure interoperability, identifiers should be a valid uuid. warnings.warn(('Invalid uuid: %s. To ensure interoperability, '
2026-07-17 13:54:21.577 8 INFO neutron.plugins.ml2.drivers.ovn.mech_driver.mech_driver [None req-02770ec4-0cb3-4ed9-bf13-bafcaf1410fc - - - - - -] OVN reports status up for port: 5349c9d3-4bae-4bd4-a85f-a7c092b493f7
2026-07-17 13:54:21.585 7 INFO neutron.plugins.ml2.drivers.ovn.mech_driver.ovsdb.ovsdb_monitor [None req-b976267f-b280-4f1f-be9f-f3866a5befcf - - - - - -] Router faa766b0-d710-45bf-9d04-881724c8b1a4 is bound to host instance
2026-07-17 13:54:21.619 8 INFO neutron.plugins.ml2.plugin [None req-02770ec4-0cb3-4ed9-bf13-bafcaf1410fc - - - - - -] Attempt 1 to provision port 5349c9d3-4bae-4bd4-a85f-a7c092b493f7
2026-07-17 13:54:21.636 8 INFO neutron.db.ovn_revision_numbers_db [None req-bae28a1b-0acb-48cb-922c-6530ef21fefc 8b6c33894c7b49c0990ba37372c045b7 72805cb5b3d74f76a64f61ed8ce863ca - - default default] Successfully bumped revision number for resource 5349c9d3-4bae-4bd4-a85f-a7c092b493f7 (type: router_ports) to 1
2026-07-17 13:54:21.780 8 INFO neutron.db.ovn_revision_numbers_db [None req-bae28a1b-0acb-48cb-922c-6530ef21fefc 8b6c33894c7b49c0990ba37372c045b7 72805cb5b3d74f76a64f61ed8ce863ca - - default default] Successfully bumped revision number for resource faa766b0-d710-45bf-9d04-881724c8b1a4 (type: routers) to 2
