2026-07-17 13:54:41.591 8 INFO neutron.services.segments.plugin [-] Segment f5bf8bc9-dd83-46d1-880e-29eff82d2853 resource provider aggregate not found
2026-07-17 13:54:41.608 8 INFO neutron.services.segments.plugin [-] Client error retrieving segment f5bf8bc9-dd83-46d1-880e-29eff82d2853 resource provider; error: Placement Client Error (4xx): {"errors": [{"status": 404, "title": "Not Found", "detail": "The resource could not be found.\n\n No resource provider with uuid f5bf8bc9-dd83-46d1-880e-29eff82d2853 found for delete ", "request_id": "req-c7a439fa-18ce-4c30-9487-7eb3b49333e6"}]}
2026-07-17 13:54:41.612 8 INFO neutron.services.segments.plugin [-] Client error retrieving segment f5bf8bc9-dd83-46d1-880e-29eff82d2853 resource provider; error: Placement Client Error (4xx): {"errors": [{"status": 404, "title": "Not Found", "detail": "The resource could not be found.\n\n No resource provider with uuid f5bf8bc9-dd83-46d1-880e-29eff82d2853 found for delete ", "request_id": "req-d9fb1417-efa7-407d-8386-7a261abc6b59"}]} [pid: 8|app: 0|req: 848/1670] 10.0.0.162 () {32 vars in 725 bytes} [Fri Jul 17 13:54:41 2026] DELETE /v2.0/networks/af41420f-38fc-432a-8ca9-2f9986dfea65 => generated 0 bytes in 403 msecs (HTTP/1.1 204) 3 headers in 131 bytes (1 switches on core 0) [pid: 8|app: 0|req: 849/1671] 199.19.213.52 () {34 vars in 1050 bytes} [Fri Jul 17 13:54:41 2026] GET /v2.0/ports?network_id=285515a9-4fc1-43e0-a804-a5f6348fefc5&device_owner=network%3Adhcp => generated 12 bytes in 21 msecs (HTTP/1.1 200) 4 headers in 156 bytes (1 switches on core 0) [pid: 8|app: 0|req: 850/1672] 10.0.0.234 () {34 vars in 989 bytes} [Fri Jul 17 13:54:41 2026] GET /v2.0/ports?device_id=22434f28-539d-44b3-b5df-64dfd4ec9718 => generated 973 bytes in 42 msecs (HTTP/1.1 200) 4 headers in 157 bytes (1 switches on core 0)
2026-07-17 13:54:41.782 8 INFO neutron.db.segments_db [None req-4450a658-ef43-4863-96ca-90e395fc3446 9019ab8256bf4c149eaad9e32e95115e 9c885b3f75894041a217b513f93b1169 - - default default] Added segment bad87c4a-f425-4eca-9d39-04b372c4ffc8 of type geneve for network 23f70141-10a5-42a0-a7ed-7433f81413aa
2026-07-17 13:54:41.908 8 INFO neutron.db.ovn_revision_numbers_db [None req-4450a658-ef43-4863-96ca-90e395fc3446 9019ab8256bf4c149eaad9e32e95115e 9c885b3f75894041a217b513f93b1169 - - default default] Successfully bumped revision number for resource 23f70141-10a5-42a0-a7ed-7433f81413aa (type: networks) to 1
2026-07-17 13:54:42.075 7 INFO neutron.plugins.ml2.drivers.ovn.mech_driver.ovsdb.commands [None req-d6415c41-efb1-4782-bd05-58068e911618 - - - - - -] Schedule LRP lrp-9c90f6ed-9bdc-4d8c-9355-19e90846a6da on gateway 6164d361-60dc-4f72-83bd-6f5343b17d92 with priority 1
2026-07-17 13:54:42.125 8 WARNING neutron.scheduler.dhcp_agent_scheduler [None req-4450a658-ef43-4863-96ca-90e395fc3446 9019ab8256bf4c149eaad9e32e95115e 9c885b3f75894041a217b513f93b1169 - - default default] No more DHCP agents
2026-07-17 13:54:42.126 7 INFO neutron.db.ovn_revision_numbers_db [None req-7f0b9a64-ee07-49ab-8939-395aee3af5b0 49ed585be95c48b8a66304cbfa90ce46 0ccb0cd66af0470c8066d388ff187b19 - - default default] Successfully bumped revision number for resource 9c90f6ed-9bdc-4d8c-9355-19e90846a6da (type: router_ports) to 1
2026-07-17 13:54:42.127 8 WARNING neutron.api.rpc.agentnotifiers.dhcp_rpc_agent_api [None req-4450a658-ef43-4863-96ca-90e395fc3446 9019ab8256bf4c149eaad9e32e95115e 9c885b3f75894041a217b513f93b1169 - - default default] Unable to schedule network 23f70141-10a5-42a0-a7ed-7433f81413aa: no agents available; will retry on subsequent port and subnet creation events.
2026-07-17 13:54:42.208 8 INFO neutron.db.ovn_revision_numbers_db [None req-4450a658-ef43-4863-96ca-90e395fc3446 9019ab8256bf4c149eaad9e32e95115e 9c885b3f75894041a217b513f93b1169 - - default default] Successfully bumped revision number for resource 0ee809dc-0c88-44ac-b275-f5366db60aee (type: ports) to 1
2026-07-17 13:54:42.215 7 INFO neutron.db.ovn_revision_numbers_db [None req-7f0b9a64-ee07-49ab-8939-395aee3af5b0 49ed585be95c48b8a66304cbfa90ce46 0ccb0cd66af0470c8066d388ff187b19 - - default default] Successfully bumped revision number for resource c1768fdb-cf67-4bca-8415-83f59e617485 (type: routers) to 2 [pid: 8|app: 0|req: 851/1673] 10.0.0.162 () {34 vars in 669 bytes} [Fri Jul 17 13:54:41 2026] POST /v2.0/networks => generated 672 bytes in 537 msecs (HTTP/1.1 201) 4 headers in 162 bytes (1 switches on core 0) [pid: 7|app: 0|req: 823/1674] 10.0.0.162 () {34 vars in 668 bytes} [Fri Jul 17 13:54:40 2026] POST /v2.0/routers => generated 947 bytes in 1289 msecs (HTTP/1.1 201) 4 headers in 162 bytes (1 switches on core 0) [pid: 7|app: 0|req: 824/1675] 10.0.0.234 () {34 vars in 1039 bytes} [Fri Jul 17 13:54:42 2026] GET /v2.0/security-groups?id=1d357554-b6b0-480d-b7bc-0a71ca81452b&fields=id&fields=name => generated 114 bytes in 29 msecs (HTTP/1.1 200) 4 headers in 157 bytes (1 switches on core 0) [pid: 8|app: 0|req: 852/1676] 199.19.213.52 () {34 vars in 1010 bytes} [Fri Jul 17 13:54:42 2026] GET /v2.0/networks/285515a9-4fc1-43e0-a804-a5f6348fefc5?fields=segments => generated 14 bytes in 44 msecs (HTTP/1.1 200) 4 headers in 156 bytes (1 switches on core 0) [pid: 7|app: 0|req: 825/1677] 10.0.0.162 () {32 vars in 720 bytes} [Fri Jul 17 13:54:42 2026] GET /v2.0/routers/c1768fdb-cf67-4bca-8415-83f59e617485 => generated 953 bytes in 59 msecs (HTTP/1.1 200) 4 headers in 157 bytes (1 switches on core 0) [pid: 7|app: 0|req: 826/1678] 199.19.213.52 () {34 vars in 1110 bytes} [Fri Jul 17 13:54:42 2026] GET /v2.0/networks/285515a9-4fc1-43e0-a804-a5f6348fefc5?fields=provider%3Aphysical_network&fields=provider%3Anetwork_type => generated 79 bytes in 41 msecs (HTTP/1.1 200) 4 headers in 156 bytes (1 switches on core 0) [pid: 7|app: 0|req: 827/1679] 10.0.0.162 () {32 vars in 646 bytes} [Fri Jul 17 13:54:42 2026] GET /v2.0/routers => generated 956 bytes in 94 msecs (HTTP/1.1 200) 4 headers in 157 bytes (1 switches on core 0)
2026-07-17 13:54:42.480 8 WARNING neutron.scheduler.dhcp_agent_scheduler [None req-60d6dea4-d2f4-4c3b-b233-ec487ea2973e 9019ab8256bf4c149eaad9e32e95115e 9c885b3f75894041a217b513f93b1169 - - default default] No more DHCP agents
2026-07-17 13:54:42.481 8 WARNING neutron.api.rpc.agentnotifiers.dhcp_rpc_agent_api [None req-60d6dea4-d2f4-4c3b-b233-ec487ea2973e 9019ab8256bf4c149eaad9e32e95115e 9c885b3f75894041a217b513f93b1169 - - default default] Unable to schedule network 23f70141-10a5-42a0-a7ed-7433f81413aa: no agents available; will retry on subsequent port and subnet creation events.
2026-07-17 13:54:42.512 8 INFO neutron.db.ovn_revision_numbers_db [None req-60d6dea4-d2f4-4c3b-b233-ec487ea2973e 9019ab8256bf4c149eaad9e32e95115e 9c885b3f75894041a217b513f93b1169 - - default default] Successfully bumped revision number for resource 91fd6f6e-636b-4b19-a013-c016783d9035 (type: subnets) to 0 [pid: 8|app: 0|req: 853/1680] 10.0.0.162 () {34 vars in 668 bytes} [Fri Jul 17 13:54:42 2026] POST /v2.0/subnets => generated 646 bytes in 253 msecs (HTTP/1.1 201) 4 headers in 162 bytes (1 switches on core 0)
2026-07-17 13:54:42.839 8 INFO neutron.db.ovn_revision_numbers_db [None req-57f909a9-b06b-4144-b445-f20aa1e2786f af2adb1b4432485c828ff3205839c7cb 6314850f258c446492dc7b2639cc0100 - - default default] Successfully bumped revision number for resource e5e08e36-ed0d-4de9-9404-2e161773db6e (type: security_groups) to 1
2026-07-17 13:54:42.852 8 INFO neutron.db.ovn_revision_numbers_db [None req-57f909a9-b06b-4144-b445-f20aa1e2786f af2adb1b4432485c828ff3205839c7cb 6314850f258c446492dc7b2639cc0100 - - default default] Successfully bumped revision number for resource 157a486f-7dea-4952-a406-0717cb8e270e (type: security_group_rules) to 0
2026-07-17 13:54:42.863 8 INFO neutron.db.ovn_revision_numbers_db [None req-57f909a9-b06b-4144-b445-f20aa1e2786f af2adb1b4432485c828ff3205839c7cb 6314850f258c446492dc7b2639cc0100 - - default default] Successfully bumped revision number for resource 77f8d666-39d4-4fbe-ae05-d95cc36992c1 (type: security_group_rules) to 0
2026-07-17 13:54:42.875 8 INFO neutron.db.ovn_revision_numbers_db [None req-57f909a9-b06b-4144-b445-f20aa1e2786f af2adb1b4432485c828ff3205839c7cb 6314850f258c446492dc7b2639cc0100 - - default default] Successfully bumped revision number for resource d5085683-ac5b-4476-bbb0-fd08a7ba6baf (type: security_group_rules) to 0
2026-07-17 13:54:42.882 7 INFO neutron.db.ovn_revision_numbers_db [None req-6e660c1f-2d5b-4735-8839-dd5dad6b13cb 49ed585be95c48b8a66304cbfa90ce46 0ccb0cd66af0470c8066d388ff187b19 - - default default] Successfully bumped revision number for resource c1768fdb-cf67-4bca-8415-83f59e617485 (type: routers) to 3
2026-07-17 13:54:42.903 8 INFO neutron.db.ovn_revision_numbers_db [None req-57f909a9-b06b-4144-b445-f20aa1e2786f af2adb1b4432485c828ff3205839c7cb 6314850f258c446492dc7b2639cc0100 - - default default] Successfully bumped revision number for resource e4fedc15-9d37-4243-b8f0-f47e6f173c4a (type: security_group_rules) to 0 [pid: 7|app: 0|req: 828/1681] 10.0.0.162 () {34 vars in 740 bytes} [Fri Jul 17 13:54:42 2026] PUT /v2.0/routers/c1768fdb-cf67-4bca-8415-83f59e617485 => generated 960 bytes in 437 msecs (HTTP/1.1 200) 4 headers in 157 bytes (1 switches on core 0)
2026-07-17 13:54:43.011 8 INFO neutron.db.segments_db [None req-57f909a9-b06b-4144-b445-f20aa1e2786f af2adb1b4432485c828ff3205839c7cb 6314850f258c446492dc7b2639cc0100 - - default default] Added segment d8972b71-5567-47c6-9c0c-285dea4df47a of type geneve for network 3238ae70-3e99-4565-b0b6-9530bd9b95e6
2026-07-17 13:54:43.082 7 INFO neutron.db.ovn_revision_numbers_db [None req-1275b38d-5b80-452f-a4c4-b28935da331b 9019ab8256bf4c149eaad9e32e95115e 9c885b3f75894041a217b513f93b1169 - - default default] Successfully bumped revision number for resource 75e90949-fbde-4d7e-aa6d-41a6b4ff365d (type: routers) to 1 [pid: 7|app: 0|req: 829/1682] 10.0.0.162 () {34 vars in 668 bytes} [Fri Jul 17 13:54:42 2026] POST /v2.0/routers => generated 607 bytes in 197 msecs (HTTP/1.1 201) 4 headers in 162 bytes (1 switches on core 0)
2026-07-17 13:54:43.106 8 INFO neutron.db.segments_db [None req-57f909a9-b06b-4144-b445-f20aa1e2786f af2adb1b4432485c828ff3205839c7cb 6314850f258c446492dc7b2639cc0100 - - default default] Added segment 1c2db46a-65d7-4a93-b893-ee0992ed983e of type geneve for network 61b3c8d3-cc32-4006-9b70-7d7826246119 [pid: 7|app: 0|req: 830/1683] 10.0.0.162 () {32 vars in 720 bytes} [Fri Jul 17 13:54:43 2026] GET /v2.0/routers/c1768fdb-cf67-4bca-8415-83f59e617485 => generated 960 bytes in 69 msecs (HTTP/1.1 200) 4 headers in 157 bytes (1 switches on core 0)
2026-07-17 13:54:43.245 8 INFO neutron.db.ovn_revision_numbers_db [None req-57f909a9-b06b-4144-b445-f20aa1e2786f af2adb1b4432485c828ff3205839c7cb 6314850f258c446492dc7b2639cc0100 - - default default] Successfully bumped revision number for resource 3238ae70-3e99-4565-b0b6-9530bd9b95e6 (type: networks) to 1
2026-07-17 13:54:43.413 8 WARNING neutron.scheduler.dhcp_agent_scheduler [None req-57f909a9-b06b-4144-b445-f20aa1e2786f af2adb1b4432485c828ff3205839c7cb 6314850f258c446492dc7b2639cc0100 - - default default] No more DHCP agents
2026-07-17 13:54:43.417 8 WARNING neutron.api.rpc.agentnotifiers.dhcp_rpc_agent_api [None req-57f909a9-b06b-4144-b445-f20aa1e2786f af2adb1b4432485c828ff3205839c7cb 6314850f258c446492dc7b2639cc0100 - - default default] Unable to schedule network 3238ae70-3e99-4565-b0b6-9530bd9b95e6: no agents available; will retry on subsequent port and subnet creation events.
2026-07-17 13:54:43.472 8 INFO neutron.plugins.ml2.drivers.ovn.mech_driver.mech_driver [None req-db220cf9-d9ff-4cd5-9569-d2348a4c21cc - - - - - -] OVN reports status down for port: 741ab221-d2d9-45b6-8e05-68f135b536fb
2026-07-17 13:54:43.546 8 INFO neutron.db.ovn_revision_numbers_db [None req-57f909a9-b06b-4144-b445-f20aa1e2786f af2adb1b4432485c828ff3205839c7cb 6314850f258c446492dc7b2639cc0100 - - default default] Successfully bumped revision number for resource 741ab221-d2d9-45b6-8e05-68f135b536fb (type: ports) to 1
2026-07-17 13:54:43.559 7 WARNING neutron.scheduler.dhcp_agent_scheduler [None req-8c3814f3-9174-4696-9f2c-c39c3fba1f67 9019ab8256bf4c149eaad9e32e95115e 9c885b3f75894041a217b513f93b1169 - - default default] No more DHCP agents
2026-07-17 13:54:43.560 7 WARNING neutron.api.rpc.agentnotifiers.dhcp_rpc_agent_api [None req-8c3814f3-9174-4696-9f2c-c39c3fba1f67 9019ab8256bf4c149eaad9e32e95115e 9c885b3f75894041a217b513f93b1169 - - default default] Unable to schedule network 23f70141-10a5-42a0-a7ed-7433f81413aa: no agents available; will retry on subsequent port and subnet creation events.
2026-07-17 13:54:43.668 7 INFO neutron.db.ovn_revision_numbers_db [None req-8c3814f3-9174-4696-9f2c-c39c3fba1f67 9019ab8256bf4c149eaad9e32e95115e 9c885b3f75894041a217b513f93b1169 - - default default] Successfully bumped revision number for resource 7f6cbf93-4bd0-4091-ac9d-2f4269cb8077 (type: ports) to 1
2026-07-17 13:54:43.669 8 INFO neutron.db.ovn_revision_numbers_db [None req-57f909a9-b06b-4144-b445-f20aa1e2786f af2adb1b4432485c828ff3205839c7cb 6314850f258c446492dc7b2639cc0100 - - default default] Successfully bumped revision number for resource 61b3c8d3-cc32-4006-9b70-7d7826246119 (type: networks) to 1
2026-07-17 13:54:43.872 8 WARNING neutron.scheduler.dhcp_agent_scheduler [None req-57f909a9-b06b-4144-b445-f20aa1e2786f af2adb1b4432485c828ff3205839c7cb 6314850f258c446492dc7b2639cc0100 - - default default] No more DHCP agents
2026-07-17 13:54:43.874 8 WARNING neutron.api.rpc.agentnotifiers.dhcp_rpc_agent_api [None req-57f909a9-b06b-4144-b445-f20aa1e2786f af2adb1b4432485c828ff3205839c7cb 6314850f258c446492dc7b2639cc0100 - - default default] Unable to schedule network 61b3c8d3-cc32-4006-9b70-7d7826246119: no agents available; will retry on subsequent port and subnet creation events.
2026-07-17 13:54:43.942 8 INFO neutron.plugins.ml2.drivers.ovn.mech_driver.mech_driver [None req-db220cf9-d9ff-4cd5-9569-d2348a4c21cc - - - - - -] OVN reports status down for port: dc4c6886-1b82-4b42-9c90-0220be924f63
2026-07-17 13:54:44.006 8 INFO neutron.db.ovn_revision_numbers_db [None req-57f909a9-b06b-4144-b445-f20aa1e2786f af2adb1b4432485c828ff3205839c7cb 6314850f258c446492dc7b2639cc0100 - - default default] Successfully bumped revision number for resource dc4c6886-1b82-4b42-9c90-0220be924f63 (type: ports) to 1
2026-07-17 13:54:44.029 7 WARNING neutron.plugins.ml2.drivers.ovn.mech_driver.ovsdb.ovn_client [None req-df5ef424-f192-4a62-a6fb-90e22f7ad263 - - - - - -] No port found with ID 0d8c9166-4b8e-4708-baeb-218cb2942822: RuntimeError: No port found with ID 0d8c9166-4b8e-4708-baeb-218cb2942822 [pid: 8|app: 0|req: 854/1684] 10.0.0.162 () {34 vars in 669 bytes} [Fri Jul 17 13:54:42 2026] POST /v2.0/networks => generated 1321 bytes in 1509 msecs (HTTP/1.1 201) 4 headers in 163 bytes (1 switches on core 0)
2026-07-17 13:54:44.053 7 INFO neutron.plugins.ml2.drivers.ovn.mech_driver.mech_driver [None req-df5ef424-f192-4a62-a6fb-90e22f7ad263 - - - - - -] OVN reports status down for port: f6d96713-8cae-4e90-93dc-2d1a4f1725eb [pid: 8|app: 0|req: 857/1687] 10.0.0.162 () {32 vars in 735 bytes} [Fri Jul 17 13:54:44 2026] GET /v2.0/ports?device_id=c1768fdb-cf67-4bca-8415-83f59e617485 => generated 12 bytes in 20 msecs (HTTP/1.1 200) 4 headers in 156 bytes (1 switches on core 0)
2026-07-17 13:54:44.077 7 INFO neutron.plugins.ml2.drivers.ovn.mech_driver.mech_driver [None req-df5ef424-f192-4a62-a6fb-90e22f7ad263 - - - - - -] OVN reports status down for port: 3c47ae16-e6bb-44db-b108-089900c47bad
2026-07-17 13:54:44.090 7 INFO neutron.plugins.ml2.drivers.ovn.mech_driver.mech_driver [None req-df5ef424-f192-4a62-a6fb-90e22f7ad263 - - - - - -] OVN reports status up for port: 3c47ae16-e6bb-44db-b108-089900c47bad [pid: 8|app: 0|req: 858/1688] 10.0.0.234 () {34 vars in 989 bytes} [Fri Jul 17 13:54:44 2026] GET /v2.0/ports?device_id=22434f28-539d-44b3-b5df-64dfd4ec9718 => generated 973 bytes in 84 msecs (HTTP/1.1 200) 4 headers in 157 bytes (1 switches on core 0)
2026-07-17 13:54:44.157 7 INFO neutron.plugins.ml2.drivers.ovn.mech_driver.mech_driver [None req-df5ef424-f192-4a62-a6fb-90e22f7ad263 - - - - - -] OVN reports status down for port: 9c90f6ed-9bdc-4d8c-9355-19e90846a6da [pid: 8|app: 0|req: 859/1689] 10.0.0.162 () {32 vars in 648 bytes} [Fri Jul 17 13:54:44 2026] GET /v2.0/networks => generated 1970 bytes in 53 msecs (HTTP/1.1 200) 4 headers in 158 bytes (1 switches on core 0)
2026-07-17 13:54:44.280 7 WARNING neutron.plugins.ml2.drivers.ovn.mech_driver.ovsdb.ovn_client [None req-df5ef424-f192-4a62-a6fb-90e22f7ad263 - - - - - -] Logical_Switch_Port 9c90f6ed-9bdc-4d8c-9355-19e90846a6da host information not removed, the port state is up
2026-07-17 13:54:44.281 7 INFO neutron.plugins.ml2.drivers.ovn.mech_driver.mech_driver [None req-df5ef424-f192-4a62-a6fb-90e22f7ad263 - - - - - -] OVN reports status up for port: 9c90f6ed-9bdc-4d8c-9355-19e90846a6da
2026-07-17 13:54:44.324 7 INFO neutron.plugins.ml2.plugin [None req-df5ef424-f192-4a62-a6fb-90e22f7ad263 - - - - - -] Attempt 1 to provision port 9c90f6ed-9bdc-4d8c-9355-19e90846a6da
2026-07-17 13:54:44.500 7 WARNING neutron.scheduler.dhcp_agent_scheduler [None req-8c3814f3-9174-4696-9f2c-c39c3fba1f67 9019ab8256bf4c149eaad9e32e95115e 9c885b3f75894041a217b513f93b1169 - - default default] No more DHCP agents
2026-07-17 13:54:44.501 8 INFO neutron_taas.services.taas.taas_plugin [None req-3d68ef5e-2083-4d03-842e-337e978d44c8 49ed585be95c48b8a66304cbfa90ce46 0ccb0cd66af0470c8066d388ff187b19 - - default default] TaaS: Handle Delete Port: 9c90f6ed-9bdc-4d8c-9355-19e90846a6da
2026-07-17 13:54:44.501 7 WARNING neutron.api.rpc.agentnotifiers.dhcp_rpc_agent_api [None req-8c3814f3-9174-4696-9f2c-c39c3fba1f67 9019ab8256bf4c149eaad9e32e95115e 9c885b3f75894041a217b513f93b1169 - - default default] Unable to schedule network 23f70141-10a5-42a0-a7ed-7433f81413aa: no agents available; will retry on subsequent port and subnet creation events.
2026-07-17 13:54:44.508 8 INFO neutron_taas.services.taas.tap_mirror_plugin [None req-3d68ef5e-2083-4d03-842e-337e978d44c8 49ed585be95c48b8a66304cbfa90ce46 0ccb0cd66af0470c8066d388ff187b19 - - default default] Tap Mirror: Handle Delete Port: 9c90f6ed-9bdc-4d8c-9355-19e90846a6da
2026-07-17 13:54:44.756 7 INFO neutron.db.ovn_revision_numbers_db [None req-8c3814f3-9174-4696-9f2c-c39c3fba1f67 9019ab8256bf4c149eaad9e32e95115e 9c885b3f75894041a217b513f93b1169 - - default default] Successfully bumped revision number for resource 7f6cbf93-4bd0-4091-ac9d-2f4269cb8077 (type: router_ports) to 1 [pid: 7|app: 0|req: 831/1690] 10.0.0.162 () {34 vars in 782 bytes} [Fri Jul 17 13:54:43 2026] PUT /v2.0/routers/75e90949-fbde-4d7e-aa6d-41a6b4ff365d/add_router_interface => generated 309 bytes in 1590 msecs (HTTP/1.1 200) 4 headers in 157 bytes (1 switches on core 0) [pid: 7|app: 0|req: 832/1691] 10.0.0.234 () {34 vars in 1039 bytes} [Fri Jul 17 13:54:44 2026] GET /v2.0/security-groups?id=1d357554-b6b0-480d-b7bc-0a71ca81452b&fields=id&fields=name => generated 114 bytes in 27 msecs (HTTP/1.1 200) 4 headers in 157 bytes (1 switches on core 0)
2026-07-17 13:54:44.899 7 INFO neutron_taas.services.taas.taas_plugin [None req-bc51ecb5-7aad-43ee-a722-449bee3c8dbf af2adb1b4432485c828ff3205839c7cb 6314850f258c446492dc7b2639cc0100 - - default default] TaaS: Handle Delete Port: 741ab221-d2d9-45b6-8e05-68f135b536fb
2026-07-17 13:54:44.901 7 INFO neutron_taas.services.taas.tap_mirror_plugin [None req-bc51ecb5-7aad-43ee-a722-449bee3c8dbf af2adb1b4432485c828ff3205839c7cb 6314850f258c446492dc7b2639cc0100 - - default default] Tap Mirror: Handle Delete Port: 741ab221-d2d9-45b6-8e05-68f135b536fb [pid: 8|app: 0|req: 860/1692] 10.0.0.162 () {32 vars in 723 bytes} [Fri Jul 17 13:54:44 2026] DELETE /v2.0/routers/c1768fdb-cf67-4bca-8415-83f59e617485 => generated 0 bytes in 701 msecs (HTTP/1.1 204) 2 headers in 112 bytes (1 switches on core 0) [pid: 8|app: 0|req: 861/1693] 10.0.0.162 () {32 vars in 716 bytes} [Fri Jul 17 13:54:44 2026] GET /v2.0/ports/7f6cbf93-4bd0-4091-ac9d-2f4269cb8077 => generated 945 bytes in 31 msecs (HTTP/1.1 200) 4 headers in 157 bytes (1 switches on core 0) [pid: 8|app: 0|req: 862/1694] 10.0.0.162 () {32 vars in 735 bytes} [Fri Jul 17 13:54:44 2026] GET /v2.0/ports?device_id=c1768fdb-cf67-4bca-8415-83f59e617485 => generated 12 bytes in 16 msecs (HTTP/1.1 200) 4 headers in 156 bytes (1 switches on core 0) [pid: 8|app: 0|req: 863/1695] 10.0.0.162 () {32 vars in 716 bytes} [Fri Jul 17 13:54:44 2026] GET /v2.0/ports/7f6cbf93-4bd0-4091-ac9d-2f4269cb8077 => generated 945 bytes in 39 msecs (HTTP/1.1 200) 4 headers in 157 bytes (1 switches on core 0)
2026-07-17 13:54:45.017 8 INFO neutron.api.v2.resource [None req-782baeb8-80ba-495f-8a9b-cdeb5343c4cf 49ed585be95c48b8a66304cbfa90ce46 0ccb0cd66af0470c8066d388ff187b19 - - default default] delete failed (client error): The resource could not be found. [pid: 8|app: 0|req: 864/1696] 10.0.0.162 () {32 vars in 723 bytes} [Fri Jul 17 13:54:44 2026] DELETE /v2.0/routers/c1768fdb-cf67-4bca-8415-83f59e617485 => generated 135 bytes in 24 msecs (HTTP/1.1 404) 4 headers in 164 bytes (1 switches on core 0) [pid: 8|app: 0|req: 865/1697] 10.0.0.162 () {32 vars in 735 bytes} [Fri Jul 17 13:54:45 2026] GET /v2.0/ports?device_id=412fa151-9734-48c4-8dd5-5299ed00e4e8 => generated 12 bytes in 39 msecs (HTTP/1.1 200) 4 headers in 156 bytes (1 switches on core 0)
2026-07-17 13:54:45.101 8 INFO neutron.api.v2.resource [None req-82342ea0-14e6-4689-9955-97c2054dd879 49ed585be95c48b8a66304cbfa90ce46 0ccb0cd66af0470c8066d388ff187b19 - - default default] delete failed (client error): The resource could not be found. [pid: 8|app: 0|req: 866/1698] 10.0.0.162 () {32 vars in 723 bytes} [Fri Jul 17 13:54:45 2026] DELETE /v2.0/routers/412fa151-9734-48c4-8dd5-5299ed00e4e8 => generated 135 bytes in 33 msecs (HTTP/1.1 404) 4 headers in 164 bytes (1 switches on core 0)
2026-07-17 13:54:45.114 8 INFO neutron.plugins.ml2.drivers.ovn.mech_driver.mech_driver [None req-db220cf9-d9ff-4cd5-9569-d2348a4c21cc - - - - - -] OVN reports status up for port: 4f60a9f3-c6a2-47c1-9d5c-74abd7979d60
2026-07-17 13:54:45.141 8 INFO neutron.plugins.ml2.plugin [None req-db220cf9-d9ff-4cd5-9569-d2348a4c21cc - - - - - -] Attempt 1 to provision port 4f60a9f3-c6a2-47c1-9d5c-74abd7979d60
2026-07-17 13:54:45.145 8 INFO neutron.pecan_wsgi.hooks.translation [None req-985d81be-feb7-4511-8b45-1fb25f4700f4 49ed585be95c48b8a66304cbfa90ce46 0ccb0cd66af0470c8066d388ff187b19 - - default default] DELETE failed (client error): The resource could not be found. [pid: 8|app: 0|req: 867/1699] 10.0.0.162 () {32 vars in 723 bytes} [Fri Jul 17 13:54:45 2026] DELETE /v2.0/subnets/8d154555-eb55-4eaa-bad7-4fb5a22f2846 => generated 136 bytes in 42 msecs (HTTP/1.1 404) 4 headers in 164 bytes (1 switches on core 0)
2026-07-17 13:54:45.155 7 INFO neutron.services.segments.plugin [-] Segment d8972b71-5567-47c6-9c0c-285dea4df47a resource provider aggregate not found
2026-07-17 13:54:45.167 7 INFO neutron.services.segments.plugin [-] Segment d8972b71-5567-47c6-9c0c-285dea4df47a resource provider aggregate not found
2026-07-17 13:54:45.185 7 INFO neutron.services.segments.plugin [-] Client error retrieving segment d8972b71-5567-47c6-9c0c-285dea4df47a resource provider; error: Placement Client Error (4xx): {"errors": [{"status": 404, "title": "Not Found", "detail": "The resource could not be found.\n\n No resource provider with uuid d8972b71-5567-47c6-9c0c-285dea4df47a found for delete ", "request_id": "req-aea87f71-3bc8-45e6-bd73-93d2b4019cc4"}]} [pid: 8|app: 0|req: 868/1700] 10.0.0.162 () {32 vars in 735 bytes} [Fri Jul 17 13:54:45 2026] GET /v2.0/ports?device_id=0735ae81-7196-49e3-a68d-b4baa452c60b => generated 12 bytes in 33 msecs (HTTP/1.1 200) 4 headers in 156 bytes (1 switches on core 0)
2026-07-17 13:54:45.194 7 INFO neutron.services.segments.plugin [-] Client error retrieving segment d8972b71-5567-47c6-9c0c-285dea4df47a resource provider; error: Placement Client Error (4xx): {"errors": [{"status": 404, "title": "Not Found", "detail": "The resource could not be found.\n\n No resource provider with uuid d8972b71-5567-47c6-9c0c-285dea4df47a found for delete ", "request_id": "req-cf3ea8de-7492-408b-ab24-336256d93521"}]} [pid: 7|app: 0|req: 833/1701] 10.0.0.162 () {32 vars in 725 bytes} [Fri Jul 17 13:54:44 2026] DELETE /v2.0/networks/3238ae70-3e99-4565-b0b6-9530bd9b95e6 => generated 0 bytes in 426 msecs (HTTP/1.1 204) 3 headers in 131 bytes (1 switches on core 0)
2026-07-17 13:54:45.222 8 INFO neutron.api.v2.resource [None req-354962db-9540-4a65-a914-cd807613f4c7 49ed585be95c48b8a66304cbfa90ce46 0ccb0cd66af0470c8066d388ff187b19 - - default default] delete failed (client error): The resource could not be found. [pid: 8|app: 0|req: 869/1702] 10.0.0.162 () {32 vars in 723 bytes} [Fri Jul 17 13:54:45 2026] DELETE /v2.0/routers/0735ae81-7196-49e3-a68d-b4baa452c60b => generated 135 bytes in 33 msecs (HTTP/1.1 404) 4 headers in 164 bytes (1 switches on core 0)
2026-07-17 13:54:45.272 8 INFO neutron.pecan_wsgi.hooks.translation [None req-db9d9f71-d018-459a-aab4-cf22077476d5 49ed585be95c48b8a66304cbfa90ce46 0ccb0cd66af0470c8066d388ff187b19 - - default default] DELETE failed (client error): The resource could not be found. [pid: 8|app: 0|req: 870/1703] 10.0.0.162 () {32 vars in 723 bytes} [Fri Jul 17 13:54:45 2026] DELETE /v2.0/subnets/9b5d3e48-5950-41eb-9448-e61b051d3435 => generated 136 bytes in 49 msecs (HTTP/1.1 404) 4 headers in 164 bytes (1 switches on core 0) [pid: 8|app: 0|req: 871/1704] 10.0.0.162 () {32 vars in 735 bytes} [Fri Jul 17 13:54:45 2026] GET /v2.0/ports?device_id=62840090-ed6b-4a9a-a136-9f7fab8b0bac => generated 12 bytes in 31 msecs (HTTP/1.1 200) 4 headers in 156 bytes (1 switches on core 0)
2026-07-17 13:54:45.379 8 INFO neutron.api.v2.resource [None req-55a15ae4-3ef0-43f6-a890-a74080ed7657 49ed585be95c48b8a66304cbfa90ce46 0ccb0cd66af0470c8066d388ff187b19 - - default default] delete failed (client error): The resource could not be found. [pid: 8|app: 0|req: 872/1705] 10.0.0.162 () {32 vars in 723 bytes} [Fri Jul 17 13:54:45 2026] DELETE /v2.0/routers/62840090-ed6b-4a9a-a136-9f7fab8b0bac => generated 135 bytes in 52 msecs (HTTP/1.1 404) 4 headers in 164 bytes (1 switches on core 0)
2026-07-17 13:54:45.391 7 INFO neutron_taas.services.taas.taas_plugin [None req-6d2301c6-8ad5-42f3-a64d-6ba58a39b565 af2adb1b4432485c828ff3205839c7cb 6314850f258c446492dc7b2639cc0100 - - default default] TaaS: Handle Delete Port: dc4c6886-1b82-4b42-9c90-0220be924f63
2026-07-17 13:54:45.394 7 INFO neutron_taas.services.taas.tap_mirror_plugin [None req-6d2301c6-8ad5-42f3-a64d-6ba58a39b565 af2adb1b4432485c828ff3205839c7cb 6314850f258c446492dc7b2639cc0100 - - default default] Tap Mirror: Handle Delete Port: dc4c6886-1b82-4b42-9c90-0220be924f63
2026-07-17 13:54:45.407 8 INFO neutron.notifiers.nova [-] Nova event matching ['req-509b3331-364f-424b-8b23-4111b80a6b88'] response: {'server_uuid': '22434f28-539d-44b3-b5df-64dfd4ec9718', 'name': 'network-vif-plugged', 'status': 'completed', 'tag': '4f60a9f3-c6a2-47c1-9d5c-74abd7979d60', 'code': 200}
2026-07-17 13:54:45.417 8 INFO neutron.pecan_wsgi.hooks.translation [None req-b61c8399-939f-4dc4-bee9-2f02b000b2e8 49ed585be95c48b8a66304cbfa90ce46 0ccb0cd66af0470c8066d388ff187b19 - - default default] DELETE failed (client error): The resource could not be found. [pid: 8|app: 0|req: 873/1706] 10.0.0.162 () {32 vars in 723 bytes} [Fri Jul 17 13:54:45 2026] DELETE /v2.0/subnets/3eceb550-905b-4e67-aabf-27e84c1fc655 => generated 136 bytes in 35 msecs (HTTP/1.1 404) 4 headers in 164 bytes (1 switches on core 0)
2026-07-17 13:54:45.461 8 INFO neutron.pecan_wsgi.hooks.translation [None req-43ba2d18-f0a3-4e3e-952b-136e4740f3f2 49ed585be95c48b8a66304cbfa90ce46 0ccb0cd66af0470c8066d388ff187b19 - - default default] DELETE failed (client error): The resource could not be found. [pid: 8|app: 0|req: 874/1707] 10.0.0.162 () {32 vars in 723 bytes} [Fri Jul 17 13:54:45 2026] DELETE /v2.0/subnets/a939b2e1-35ae-4224-8f4e-cd235aa8876f => generated 136 bytes in 40 msecs (HTTP/1.1 404) 4 headers in 164 bytes (1 switches on core 0)
2026-07-17 13:54:45.593 8 INFO neutron.db.ovn_revision_numbers_db [None req-db220cf9-d9ff-4cd5-9569-d2348a4c21cc - - - - - -] Successfully bumped revision number for resource 4f60a9f3-c6a2-47c1-9d5c-74abd7979d60 (type: ports) to 5 [pid: 7|app: 0|req: 834/1708] 10.0.0.162 () {32 vars in 725 bytes} [Fri Jul 17 13:54:45 2026] DELETE /v2.0/networks/61b3c8d3-cc32-4006-9b70-7d7826246119 => generated 0 bytes in 417 msecs (HTTP/1.1 204) 3 headers in 131 bytes (1 switches on core 0) /var/lib/openstack/lib/python3.12/site-packages/pycadf/identifier.py:70: UserWarning: Invalid uuid: neutron. To ensure interoperability, identifiers should be a valid uuid. warnings.warn(('Invalid uuid: %s. To ensure interoperability, ' [pid: 8|app: 0|req: 875/1709] 10.0.0.162 () {32 vars in 648 bytes} [Fri Jul 17 13:54:45 2026] GET /v2.0/networks => generated 689 bytes in 69 msecs (HTTP/1.1 200) 4 headers in 157 bytes (1 switches on core 0)
2026-07-17 13:54:45.823 7 INFO neutron.db.segments_db [None req-f476bf86-b415-432a-b4f9-fc51be543993 af2adb1b4432485c828ff3205839c7cb 6314850f258c446492dc7b2639cc0100 - - default default] Added segment f0f9c90c-5874-4f85-abd5-4c829c4efba4 of type geneve for network c3875189-dc87-482b-a07e-d52409360899 [pid: 8|app: 0|req: 876/1710] 10.0.0.234 () {34 vars in 989 bytes} [Fri Jul 17 13:54:45 2026] GET /v2.0/ports?device_id=22434f28-539d-44b3-b5df-64dfd4ec9718 => generated 975 bytes in 43 msecs (HTTP/1.1 200) 4 headers in 157 bytes (1 switches on core 0) [pid: 8|app: 0|req: 877/1711] 10.0.0.234 () {34 vars in 1039 bytes} [Fri Jul 17 13:54:45 2026] GET /v2.0/security-groups?id=1d357554-b6b0-480d-b7bc-0a71ca81452b&fields=id&fields=name => generated 114 bytes in 46 msecs (HTTP/1.1 200) 4 headers in 157 bytes (1 switches on core 0)
2026-07-17 13:54:45.975 7 INFO neutron.db.ovn_revision_numbers_db [None req-f476bf86-b415-432a-b4f9-fc51be543993 af2adb1b4432485c828ff3205839c7cb 6314850f258c446492dc7b2639cc0100 - - default default] Successfully bumped revision number for resource c3875189-dc87-482b-a07e-d52409360899 (type: networks) to 1 [pid: 8|app: 0|req: 878/1712] 10.0.0.162 () {32 vars in 716 bytes} [Fri Jul 17 13:54:46 2026] GET /v2.0/ports/7f6cbf93-4bd0-4091-ac9d-2f4269cb8077 => generated 945 bytes in 57 msecs (HTTP/1.1 200) 4 headers in 157 bytes (1 switches on core 0) [pid: 8|app: 0|req: 879/1713] 10.0.0.162 () {32 vars in 773 bytes} [Fri Jul 17 13:54:46 2026] GET /v2.0/security-groups?tenant_id=0ccb0cd66af0470c8066d388ff187b19&name=default => generated 2925 bytes in 129 msecs (HTTP/1.1 200) 4 headers in 158 bytes (1 switches on core 0)
2026-07-17 13:54:46.254 7 WARNING neutron.scheduler.dhcp_agent_scheduler [None req-f476bf86-b415-432a-b4f9-fc51be543993 af2adb1b4432485c828ff3205839c7cb 6314850f258c446492dc7b2639cc0100 - - default default] No more DHCP agents
2026-07-17 13:54:46.257 7 WARNING neutron.api.rpc.agentnotifiers.dhcp_rpc_agent_api [None req-f476bf86-b415-432a-b4f9-fc51be543993 af2adb1b4432485c828ff3205839c7cb 6314850f258c446492dc7b2639cc0100 - - default default] Unable to schedule network c3875189-dc87-482b-a07e-d52409360899: no agents available; will retry on subsequent port and subnet creation events.
2026-07-17 13:54:46.337 8 INFO neutron.plugins.ml2.drivers.ovn.mech_driver.mech_driver [None req-86dc8607-b885-4846-82b7-49c895cd192a - - - - - -] OVN reports status down for port: f9de5345-b3ba-4bbc-9c93-34b04b77cfd2
2026-07-17 13:54:46.356 7 INFO neutron.db.ovn_revision_numbers_db [None req-f476bf86-b415-432a-b4f9-fc51be543993 af2adb1b4432485c828ff3205839c7cb 6314850f258c446492dc7b2639cc0100 - - default default] Successfully bumped revision number for resource f9de5345-b3ba-4bbc-9c93-34b04b77cfd2 (type: ports) to 1 [pid: 7|app: 0|req: 835/1714] 10.0.0.162 () {34 vars in 669 bytes} [Fri Jul 17 13:54:45 2026] POST /v2.0/networks => generated 691 bytes in 666 msecs (HTTP/1.1 201) 4 headers in 162 bytes (1 switches on core 0)
2026-07-17 13:54:46.493 7 INFO neutron.db.segments_db [None req-a8c14c2a-0ed8-4f8b-8943-896b42a44b54 af2adb1b4432485c828ff3205839c7cb 6314850f258c446492dc7b2639cc0100 - - default default] Added segment 71a0fb5f-afff-458c-af2c-70c0bc8f845b of type geneve for network 446430c4-ec49-417f-baa8-65bd75c8c3bd [pid: 8|app: 0|req: 880/1715] 10.0.0.162 () {32 vars in 739 bytes} [Fri Jul 17 13:54:46 2026] DELETE /v2.0/security-groups/0cde2017-1a7f-481b-bbc9-6df86eee2c99 => generated 0 bytes in 346 msecs (HTTP/1.1 204) 2 headers in 112 bytes (1 switches on core 0)
2026-07-17 13:54:46.635 7 INFO neutron.db.ovn_revision_numbers_db [None req-a8c14c2a-0ed8-4f8b-8943-896b42a44b54 af2adb1b4432485c828ff3205839c7cb 6314850f258c446492dc7b2639cc0100 - - default default] Successfully bumped revision number for resource 446430c4-ec49-417f-baa8-65bd75c8c3bd (type: networks) to 1
2026-07-17 13:54:46.781 7 WARNING neutron.scheduler.dhcp_agent_scheduler [None req-a8c14c2a-0ed8-4f8b-8943-896b42a44b54 af2adb1b4432485c828ff3205839c7cb 6314850f258c446492dc7b2639cc0100 - - default default] No more DHCP agents
2026-07-17 13:54:46.782 7 WARNING neutron.api.rpc.agentnotifiers.dhcp_rpc_agent_api [None req-a8c14c2a-0ed8-4f8b-8943-896b42a44b54 af2adb1b4432485c828ff3205839c7cb 6314850f258c446492dc7b2639cc0100 - - default default] Unable to schedule network 446430c4-ec49-417f-baa8-65bd75c8c3bd: no agents available; will retry on subsequent port and subnet creation events.
2026-07-17 13:54:46.857 8 INFO neutron.plugins.ml2.drivers.ovn.mech_driver.mech_driver [None req-86dc8607-b885-4846-82b7-49c895cd192a - - - - - -] OVN reports status down for port: 5aa9d1be-02fa-4672-b4af-466161e02298
2026-07-17 13:54:46.863 7 INFO neutron.db.ovn_revision_numbers_db [None req-a8c14c2a-0ed8-4f8b-8943-896b42a44b54 af2adb1b4432485c828ff3205839c7cb 6314850f258c446492dc7b2639cc0100 - - default default] Successfully bumped revision number for resource 5aa9d1be-02fa-4672-b4af-466161e02298 (type: ports) to 1 [pid: 7|app: 0|req: 836/1716] 10.0.0.162 () {34 vars in 669 bytes} [Fri Jul 17 13:54:46 2026] POST /v2.0/networks => generated 692 bytes in 488 msecs (HTTP/1.1 201) 4 headers in 162 bytes (1 switches on core 0) [pid: 7|app: 0|req: 837/1717] 10.0.0.234 () {34 vars in 989 bytes} [Fri Jul 17 13:54:47 2026] GET /v2.0/ports?device_id=22434f28-539d-44b3-b5df-64dfd4ec9718 => generated 975 bytes in 131 msecs (HTTP/1.1 200) 4 headers in 157 bytes (1 switches on core 0)
2026-07-17 13:54:47.222 7 INFO neutron.services.segments.plugin [-] Segment 1c2db46a-65d7-4a93-b893-ee0992ed983e resource provider aggregate not found
2026-07-17 13:54:47.222 7 INFO neutron.services.segments.plugin [-] Segment 1c2db46a-65d7-4a93-b893-ee0992ed983e resource provider aggregate not found
2026-07-17 13:54:47.245 7 INFO neutron.services.segments.plugin [-] Client error retrieving segment 1c2db46a-65d7-4a93-b893-ee0992ed983e resource provider; error: Placement Client Error (4xx): {"errors": [{"status": 404, "title": "Not Found", "detail": "The resource could not be found.\n\n No resource provider with uuid 1c2db46a-65d7-4a93-b893-ee0992ed983e found for delete ", "request_id": "req-44759509-c253-47a7-a165-6a339a38999d"}]}
2026-07-17 13:54:47.251 7 INFO neutron.services.segments.plugin [-] Client error retrieving segment 1c2db46a-65d7-4a93-b893-ee0992ed983e resource provider; error: Placement Client Error (4xx): {"errors": [{"status": 404, "title": "Not Found", "detail": "The resource could not be found.\n\n No resource provider with uuid 1c2db46a-65d7-4a93-b893-ee0992ed983e found for delete ", "request_id": "req-940e0599-2727-4979-bb4b-0b4b01621131"}]} [pid: 7|app: 0|req: 838/1718] 10.0.0.162 () {32 vars in 716 bytes} [Fri Jul 17 13:54:47 2026] GET /v2.0/ports/7f6cbf93-4bd0-4091-ac9d-2f4269cb8077 => generated 945 bytes in 98 msecs (HTTP/1.1 200) 4 headers in 157 bytes (1 switches on core 0) [pid: 7|app: 0|req: 839/1719] 10.0.0.234 () {34 vars in 1039 bytes} [Fri Jul 17 13:54:47 2026] GET /v2.0/security-groups?id=1d357554-b6b0-480d-b7bc-0a71ca81452b&fields=id&fields=name => generated 114 bytes in 28 msecs (HTTP/1.1 200) 4 headers in 157 bytes (1 switches on core 0) [pid: 7|app: 0|req: 840/1720] 10.0.0.234 () {34 vars in 989 bytes} [Fri Jul 17 13:54:47 2026] GET /v2.0/ports?device_id=22434f28-539d-44b3-b5df-64dfd4ec9718 => generated 975 bytes in 47 msecs (HTTP/1.1 200) 4 headers in 157 bytes (1 switches on core 0)
2026-07-17 13:54:47.482 8 INFO neutron.notifiers.nova [-] Nova event matching ['req-58ac312e-d6d3-43d1-baba-7c7b6b6330be'] response: {'server_uuid': '22434f28-539d-44b3-b5df-64dfd4ec9718', 'name': 'network-vif-plugged', 'status': 'completed', 'tag': '4f60a9f3-c6a2-47c1-9d5c-74abd7979d60', 'code': 200}
2026-07-17 13:54:47.487 8 WARNING neutron.scheduler.dhcp_agent_scheduler [None req-a5b494e0-edf9-4201-bd17-84738eebabd9 af2adb1b4432485c828ff3205839c7cb 6314850f258c446492dc7b2639cc0100 - - default default] No more DHCP agents
2026-07-17 13:54:47.489 8 WARNING neutron.api.rpc.agentnotifiers.dhcp_rpc_agent_api [None req-a5b494e0-edf9-4201-bd17-84738eebabd9 af2adb1b4432485c828ff3205839c7cb 6314850f258c446492dc7b2639cc0100 - - default default] Unable to schedule network c3875189-dc87-482b-a07e-d52409360899: no agents available; will retry on subsequent port and subnet creation events. [pid: 7|app: 0|req: 841/1721] 10.0.0.234 () {34 vars in 1039 bytes} [Fri Jul 17 13:54:47 2026] GET /v2.0/security-groups?id=1d357554-b6b0-480d-b7bc-0a71ca81452b&fields=id&fields=name => generated 114 bytes in 82 msecs (HTTP/1.1 200) 4 headers in 157 bytes (1 switches on core 0)
2026-07-17 13:54:47.618 8 INFO neutron.plugins.ml2.drivers.ovn.mech_driver.mech_driver [None req-86dc8607-b885-4846-82b7-49c895cd192a - - - - - -] OVN reports status down for port: 58dc8a4c-f33b-4141-8243-f0f6e0b5c0fc [pid: 7|app: 0|req: 842/1722] 10.0.0.162 () {32 vars in 735 bytes} [Fri Jul 17 13:54:47 2026] GET /v2.0/ports?device_id=22434f28-539d-44b3-b5df-64dfd4ec9718 => generated 1213 bytes in 136 msecs (HTTP/1.1 200) 4 headers in 158 bytes (1 switches on core 0)
2026-07-17 13:54:47.659 8 INFO neutron.db.ovn_revision_numbers_db [None req-a5b494e0-edf9-4201-bd17-84738eebabd9 af2adb1b4432485c828ff3205839c7cb 6314850f258c446492dc7b2639cc0100 - - default default] Successfully bumped revision number for resource 58dc8a4c-f33b-4141-8243-f0f6e0b5c0fc (type: ports) to 1
2026-07-17 13:54:47.742 8 WARNING neutron.scheduler.dhcp_agent_scheduler [None req-a5b494e0-edf9-4201-bd17-84738eebabd9 af2adb1b4432485c828ff3205839c7cb 6314850f258c446492dc7b2639cc0100 - - default default] No more DHCP agents
2026-07-17 13:54:47.745 8 WARNING neutron.api.rpc.agentnotifiers.dhcp_rpc_agent_api [None req-a5b494e0-edf9-4201-bd17-84738eebabd9 af2adb1b4432485c828ff3205839c7cb 6314850f258c446492dc7b2639cc0100 - - default default] Unable to schedule network 446430c4-ec49-417f-baa8-65bd75c8c3bd: no agents available; will retry on subsequent port and subnet creation events.
2026-07-17 13:54:47.835 8 INFO neutron.db.ovn_revision_numbers_db [None req-a5b494e0-edf9-4201-bd17-84738eebabd9 af2adb1b4432485c828ff3205839c7cb 6314850f258c446492dc7b2639cc0100 - - default default] Successfully bumped revision number for resource 98f1e5eb-bbd2-4081-9b28-a69855a4e42d (type: ports) to 1 [pid: 8|app: 0|req: 881/1723] 10.0.0.162 () {34 vars in 664 bytes} [Fri Jul 17 13:54:46 2026] POST /v2.0/ports => generated 1506 bytes in 1046 msecs (HTTP/1.1 201) 4 headers in 163 bytes (1 switches on core 0) /var/lib/openstack/lib/python3.12/site-packages/pycadf/identifier.py:70: UserWarning: Invalid uuid: neutron. To ensure interoperability, identifiers should be a valid uuid. warnings.warn(('Invalid uuid: %s. To ensure interoperability, '
2026-07-17 13:54:47.988 7 WARNING neutron.scheduler.dhcp_agent_scheduler [None req-c361f161-261c-4924-8729-1373271d27d9 8b6c33894c7b49c0990ba37372c045b7 72805cb5b3d74f76a64f61ed8ce863ca - - default default] No more DHCP agents
2026-07-17 13:54:47.990 7 WARNING neutron.api.rpc.agentnotifiers.dhcp_rpc_agent_api [None req-c361f161-261c-4924-8729-1373271d27d9 8b6c33894c7b49c0990ba37372c045b7 72805cb5b3d74f76a64f61ed8ce863ca - - default default] Unable to schedule network f9e46c24-2e3d-4209-ba33-87e7412532be: no agents available; will retry on subsequent port and subnet creation events. [pid: 8|app: 0|req: 882/1724] 10.0.0.162 () {32 vars in 642 bytes} [Fri Jul 17 13:54:47 2026] GET /v2.0/ports => generated 3018 bytes in 59 msecs (HTTP/1.1 200) 4 headers in 158 bytes (1 switches on core 0)
2026-07-17 13:54:48.143 8 INFO neutron_taas.services.taas.taas_plugin [None req-3470d0d0-3d8d-45a9-ae94-aa0d2ccb6ffc af2adb1b4432485c828ff3205839c7cb 6314850f258c446492dc7b2639cc0100 - - default default] TaaS: Handle Delete Port: 58dc8a4c-f33b-4141-8243-f0f6e0b5c0fc
2026-07-17 13:54:48.147 8 INFO neutron_taas.services.taas.tap_mirror_plugin [None req-3470d0d0-3d8d-45a9-ae94-aa0d2ccb6ffc af2adb1b4432485c828ff3205839c7cb 6314850f258c446492dc7b2639cc0100 - - default default] Tap Mirror: Handle Delete Port: 58dc8a4c-f33b-4141-8243-f0f6e0b5c0fc [pid: 8|app: 0|req: 883/1725] 10.0.0.162 () {32 vars in 719 bytes} [Fri Jul 17 13:54:48 2026] DELETE /v2.0/ports/58dc8a4c-f33b-4141-8243-f0f6e0b5c0fc => generated 0 bytes in 305 msecs (HTTP/1.1 204) 3 headers in 131 bytes (1 switches on core 0) [pid: 8|app: 0|req: 884/1726] 10.0.0.162 () {32 vars in 716 bytes} [Fri Jul 17 13:54:48 2026] GET /v2.0/ports/7f6cbf93-4bd0-4091-ac9d-2f4269cb8077 => generated 945 bytes in 100 msecs (HTTP/1.1 200) 4 headers in 157 bytes (1 switches on core 0)
2026-07-17 13:54:48.523 8 INFO neutron_taas.services.taas.taas_plugin [None req-49e99599-5922-4cd4-81e7-1114118a61de af2adb1b4432485c828ff3205839c7cb 6314850f258c446492dc7b2639cc0100 - - default default] TaaS: Handle Delete Port: 98f1e5eb-bbd2-4081-9b28-a69855a4e42d
2026-07-17 13:54:48.525 8 INFO neutron_taas.services.taas.tap_mirror_plugin [None req-49e99599-5922-4cd4-81e7-1114118a61de af2adb1b4432485c828ff3205839c7cb 6314850f258c446492dc7b2639cc0100 - - default default] Tap Mirror: Handle Delete Port: 98f1e5eb-bbd2-4081-9b28-a69855a4e42d [pid: 8|app: 0|req: 885/1727] 10.0.0.162 () {32 vars in 719 bytes} [Fri Jul 17 13:54:48 2026] DELETE /v2.0/ports/98f1e5eb-bbd2-4081-9b28-a69855a4e42d => generated 0 bytes in 241 msecs (HTTP/1.1 204) 3 headers in 131 bytes (1 switches on core 0) [pid: 8|app: 0|req: 886/1728] 10.0.0.162 () {32 vars in 642 bytes} [Fri Jul 17 13:54:48 2026] GET /v2.0/ports => generated 1523 bytes in 43 msecs (HTTP/1.1 200) 4 headers in 158 bytes (1 switches on core 0)
2026-07-17 13:54:48.977 7 WARNING neutron.plugins.ml2.drivers.ovn.mech_driver.ovsdb.ovn_client [None req-df5ef424-f192-4a62-a6fb-90e22f7ad263 - - - - - -] No port found with ID 9c90f6ed-9bdc-4d8c-9355-19e90846a6da: RuntimeError: No port found with ID 9c90f6ed-9bdc-4d8c-9355-19e90846a6da
2026-07-17 13:54:48.978 7 INFO neutron.plugins.ml2.drivers.ovn.mech_driver.mech_driver [None req-df5ef424-f192-4a62-a6fb-90e22f7ad263 - - - - - -] OVN reports status down for port: 0ee809dc-0c88-44ac-b275-f5366db60aee
2026-07-17 13:54:48.992 8 INFO neutron.db.ovn_revision_numbers_db [None req-ad48b248-0e5c-4339-97d7-988fbc7fa5a0 97164b32d5a64f199c98c427460f119e cc0b24804c8b4a52ad89cea694de7dd4 - - default default] Successfully bumped revision number for resource 2bf1af24-76a1-4216-bb52-9946027207c4 (type: security_groups) to 1
2026-07-17 13:54:49.014 8 INFO neutron.db.ovn_revision_numbers_db [None req-ad48b248-0e5c-4339-97d7-988fbc7fa5a0 97164b32d5a64f199c98c427460f119e cc0b24804c8b4a52ad89cea694de7dd4 - - default default] Successfully bumped revision number for resource 5a16cbd0-a90b-4b40-8ff9-59e69af21c2f (type: security_group_rules) to 0
2026-07-17 13:54:49.029 8 INFO neutron.db.ovn_revision_numbers_db [None req-ad48b248-0e5c-4339-97d7-988fbc7fa5a0 97164b32d5a64f199c98c427460f119e cc0b24804c8b4a52ad89cea694de7dd4 - - default default] Successfully bumped revision number for resource 6501af14-d329-4f6b-a7eb-9d49b48df9af (type: security_group_rules) to 0
2026-07-17 13:54:49.040 8 INFO neutron.db.ovn_revision_numbers_db [None req-ad48b248-0e5c-4339-97d7-988fbc7fa5a0 97164b32d5a64f199c98c427460f119e cc0b24804c8b4a52ad89cea694de7dd4 - - default default] Successfully bumped revision number for resource 72518e1b-af6f-4700-a3d7-593cea5ebf48 (type: security_group_rules) to 0
2026-07-17 13:54:49.055 8 INFO neutron.db.ovn_revision_numbers_db [None req-ad48b248-0e5c-4339-97d7-988fbc7fa5a0 97164b32d5a64f199c98c427460f119e cc0b24804c8b4a52ad89cea694de7dd4 - - default default] Successfully bumped revision number for resource 8edabe0c-6b53-4989-85b3-0b780d10a77c (type: security_group_rules) to 0
2026-07-17 13:54:49.105 7 INFO neutron.db.ovn_revision_numbers_db [None req-c361f161-261c-4924-8729-1373271d27d9 8b6c33894c7b49c0990ba37372c045b7 72805cb5b3d74f76a64f61ed8ce863ca - - default default] Successfully bumped revision number for resource f65985df-fb6c-4e34-9737-4d6030521e5b (type: floatingips) to 1
2026-07-17 13:54:49.105 7 INFO neutron.db.l3_db [None req-c361f161-261c-4924-8729-1373271d27d9 8b6c33894c7b49c0990ba37372c045b7 72805cb5b3d74f76a64f61ed8ce863ca - - default default] Floating IP f65985df-fb6c-4e34-9737-4d6030521e5b associated. External IP: 10.96.250.211, port: 4f60a9f3-c6a2-47c1-9d5c-74abd7979d60.
2026-07-17 13:54:49.134 7 INFO neutron.plugins.ml2.drivers.ovn.mech_driver.mech_driver [None req-df5ef424-f192-4a62-a6fb-90e22f7ad263 - - - - - -] OVN reports status down for port: 7f6cbf93-4bd0-4091-ac9d-2f4269cb8077
2026-07-17 13:54:49.213 8 INFO neutron.db.ovn_revision_numbers_db [None req-ad48b248-0e5c-4339-97d7-988fbc7fa5a0 97164b32d5a64f199c98c427460f119e cc0b24804c8b4a52ad89cea694de7dd4 - - default default] Successfully bumped revision number for resource 36e723e6-ca41-4096-9a75-6faed6b5a3c4 (type: security_groups) to 1 [pid: 7|app: 0|req: 843/1729] 10.0.0.162 () {34 vars in 676 bytes} [Fri Jul 17 13:54:47 2026] POST /v2.0/floatingips => generated 856 bytes in 1565 msecs (HTTP/1.1 201) 4 headers in 162 bytes (1 switches on core 0)
2026-07-17 13:54:49.231 8 INFO neutron.db.ovn_revision_numbers_db [None req-ad48b248-0e5c-4339-97d7-988fbc7fa5a0 97164b32d5a64f199c98c427460f119e cc0b24804c8b4a52ad89cea694de7dd4 - - default default] Successfully bumped revision number for resource 1584c6d7-cbc7-47b0-a7ba-5e6071d19dce (type: security_group_rules) to 0
2026-07-17 13:54:49.243 8 INFO neutron.db.ovn_revision_numbers_db [None req-ad48b248-0e5c-4339-97d7-988fbc7fa5a0 97164b32d5a64f199c98c427460f119e cc0b24804c8b4a52ad89cea694de7dd4 - - default default] Successfully bumped revision number for resource a7db841c-47d8-4ab1-bce4-da74e5b63d4f (type: security_group_rules) to 0
2026-07-17 13:54:49.288 7 INFO neutron.notifiers.nova [-] Nova event matching ['req-a5b4b465-d698-4f4b-9f54-ef8bc2606d14'] response: {'name': 'network-changed', 'server_uuid': '22434f28-539d-44b3-b5df-64dfd4ec9718', 'tag': '4f60a9f3-c6a2-47c1-9d5c-74abd7979d60', 'status': 'completed', 'code': 200} [pid: 8|app: 0|req: 887/1730] 10.0.0.162 () {34 vars in 683 bytes} [Fri Jul 17 13:54:48 2026] POST /v2.0/security-groups => generated 1625 bytes in 592 msecs (HTTP/1.1 201) 4 headers in 163 bytes (1 switches on core 0)
2026-07-17 13:54:49.300 7 WARNING neutron.plugins.ml2.drivers.ovn.mech_driver.ovsdb.ovn_client [None req-df5ef424-f192-4a62-a6fb-90e22f7ad263 - - - - - -] Logical_Switch_Port 7f6cbf93-4bd0-4091-ac9d-2f4269cb8077 host information not removed, the port state is up
2026-07-17 13:54:49.300 7 INFO neutron.plugins.ml2.drivers.ovn.mech_driver.mech_driver [None req-df5ef424-f192-4a62-a6fb-90e22f7ad263 - - - - - -] OVN reports status up for port: 7f6cbf93-4bd0-4091-ac9d-2f4269cb8077
2026-07-17 13:54:49.319 7 INFO neutron.plugins.ml2.plugin [None req-df5ef424-f192-4a62-a6fb-90e22f7ad263 - - - - - -] Attempt 1 to provision port 7f6cbf93-4bd0-4091-ac9d-2f4269cb8077 [pid: 8|app: 0|req: 888/1731] 10.0.0.162 () {32 vars in 728 bytes} [Fri Jul 17 13:54:49 2026] GET /v2.0/floatingips/f65985df-fb6c-4e34-9737-4d6030521e5b => generated 858 bytes in 38 msecs (HTTP/1.1 200) 4 headers in 157 bytes (1 switches on core 0)
2026-07-17 13:54:49.378 7 INFO neutron.db.segments_db [None req-4895bfda-3fa5-447d-aaba-3a3a8bd1349d af2adb1b4432485c828ff3205839c7cb 6314850f258c446492dc7b2639cc0100 - - default default] Added segment bff0364f-3caa-4e9b-9912-b1529f9cb60a of type geneve for network 0a1f243c-cf85-4df4-a301-c62f0d3b5cce [pid: 8|app: 0|req: 889/1732] 10.0.0.162 () {32 vars in 662 bytes} [Fri Jul 17 13:54:49 2026] GET /v2.0/security-groups => generated 4530 bytes in 51 msecs (HTTP/1.1 200) 4 headers in 158 bytes (1 switches on core 0)
2026-07-17 13:54:49.464 8 INFO neutron.db.ovn_revision_numbers_db [None req-9bdb8122-a139-463b-9692-5d0aa195b480 97164b32d5a64f199c98c427460f119e cc0b24804c8b4a52ad89cea694de7dd4 - - default default] Successfully bumped revision number for resource 36e723e6-ca41-4096-9a75-6faed6b5a3c4 (type: security_groups) to 2 [pid: 8|app: 0|req: 890/1733] 10.0.0.162 () {34 vars in 757 bytes} [Fri Jul 17 13:54:49 2026] PUT /v2.0/security-groups/36e723e6-ca41-4096-9a75-6faed6b5a3c4 => generated 1664 bytes in 94 msecs (HTTP/1.1 200) 4 headers in 158 bytes (1 switches on core 0) [pid: 8|app: 0|req: 891/1734] 10.0.0.162 () {32 vars in 716 bytes} [Fri Jul 17 13:54:49 2026] GET /v2.0/ports/7f6cbf93-4bd0-4091-ac9d-2f4269cb8077 => generated 945 bytes in 29 msecs (HTTP/1.1 200) 4 headers in 157 bytes (1 switches on core 0) [pid: 8|app: 0|req: 892/1735] 10.0.0.162 () {32 vars in 736 bytes} [Fri Jul 17 13:54:49 2026] GET /v2.0/security-groups/36e723e6-ca41-4096-9a75-6faed6b5a3c4 => generated 1664 bytes in 20 msecs (HTTP/1.1 200) 4 headers in 158 bytes (1 switches on core 0)
