2026-07-17 13:54:21.787 7 INFO neutron.db.ovn_revision_numbers_db [None req-9d5865ad-feb7-4752-9d11-67755d0c8c46 ed3e97af1b704792b1ac3de856873f7b 7de33ca4ce6f4899a96265cad6d88b22 - - default default] Successfully bumped revision number for resource 2037b7f3-b67b-4522-a005-144240cd1d31 (type: security_groups) to 1 [pid: 8|app: 0|req: 777/1539] 10.0.0.162 () {34 vars in 668 bytes} [Fri Jul 17 13:54:20 2026] POST /v2.0/routers => generated 955 bytes in 1633 msecs (HTTP/1.1 201) 4 headers in 162 bytes (1 switches on core 0)
2026-07-17 13:54:21.817 7 INFO neutron.db.ovn_revision_numbers_db [None req-9d5865ad-feb7-4752-9d11-67755d0c8c46 ed3e97af1b704792b1ac3de856873f7b 7de33ca4ce6f4899a96265cad6d88b22 - - default default] Successfully bumped revision number for resource 01f7747c-4581-455e-a52a-1e230a0f4964 (type: security_group_rules) to 0
2026-07-17 13:54:21.841 7 INFO neutron.db.ovn_revision_numbers_db [None req-9d5865ad-feb7-4752-9d11-67755d0c8c46 ed3e97af1b704792b1ac3de856873f7b 7de33ca4ce6f4899a96265cad6d88b22 - - default default] Successfully bumped revision number for resource 156d98d7-f398-4a74-8e57-e861b4aacc83 (type: security_group_rules) to 0
2026-07-17 13:54:21.863 7 INFO neutron.db.ovn_revision_numbers_db [None req-9d5865ad-feb7-4752-9d11-67755d0c8c46 ed3e97af1b704792b1ac3de856873f7b 7de33ca4ce6f4899a96265cad6d88b22 - - default default] Successfully bumped revision number for resource 331e8c6b-a5d5-4a8e-b49b-267ec0f9a368 (type: security_group_rules) to 0
2026-07-17 13:54:21.879 8 INFO neutron.db.segments_db [None req-ae095eea-aec4-4058-9e5d-8189c425ca7e 9019ab8256bf4c149eaad9e32e95115e 9c885b3f75894041a217b513f93b1169 - - default default] Added segment d1959142-6ec4-443d-a47d-d469a092e296 of type geneve for network 99092121-32de-463b-b420-09a7ee86426a
2026-07-17 13:54:21.884 7 INFO neutron.db.ovn_revision_numbers_db [None req-9d5865ad-feb7-4752-9d11-67755d0c8c46 ed3e97af1b704792b1ac3de856873f7b 7de33ca4ce6f4899a96265cad6d88b22 - - default default] Successfully bumped revision number for resource c77e6bfe-7ade-42c6-8598-10110dac5894 (type: security_group_rules) to 0 [pid: 7|app: 0|req: 763/1540] 10.0.0.162 () {32 vars in 773 bytes} [Fri Jul 17 13:54:21 2026] GET /v2.0/security-groups?tenant_id=eecde00505b9461b9b3ea52f653482c1&name=default => generated 2925 bytes in 502 msecs (HTTP/1.1 200) 4 headers in 158 bytes (1 switches on core 0)
2026-07-17 13:54:22.010 8 INFO neutron.db.ovn_revision_numbers_db [None req-ae095eea-aec4-4058-9e5d-8189c425ca7e 9019ab8256bf4c149eaad9e32e95115e 9c885b3f75894041a217b513f93b1169 - - default default] Successfully bumped revision number for resource 99092121-32de-463b-b420-09a7ee86426a (type: networks) to 1 [pid: 7|app: 0|req: 764/1541] 10.0.0.162 () {32 vars in 735 bytes} [Fri Jul 17 13:54:21 2026] GET /v2.0/ports?device_id=62840090-ed6b-4a9a-a136-9f7fab8b0bac => generated 12 bytes in 59 msecs (HTTP/1.1 200) 4 headers in 156 bytes (1 switches on core 0) [pid: 7|app: 0|req: 765/1542] 10.0.0.162 () {32 vars in 775 bytes} [Fri Jul 17 13:54:22 2026] GET /v2.0/subnets?project_id=72805cb5b3d74f76a64f61ed8ce863ca&cidr=10.100.0.0%2F28 => generated 14 bytes in 136 msecs (HTTP/1.1 200) 4 headers in 156 bytes (1 switches on core 0)
2026-07-17 13:54:22.197 8 WARNING neutron.scheduler.dhcp_agent_scheduler [None req-ae095eea-aec4-4058-9e5d-8189c425ca7e 9019ab8256bf4c149eaad9e32e95115e 9c885b3f75894041a217b513f93b1169 - - default default] No more DHCP agents
2026-07-17 13:54:22.198 8 WARNING neutron.api.rpc.agentnotifiers.dhcp_rpc_agent_api [None req-ae095eea-aec4-4058-9e5d-8189c425ca7e 9019ab8256bf4c149eaad9e32e95115e 9c885b3f75894041a217b513f93b1169 - - default default] Unable to schedule network 99092121-32de-463b-b420-09a7ee86426a: no agents available; will retry on subsequent port and subnet creation events.
2026-07-17 13:54:22.285 8 INFO neutron.db.ovn_revision_numbers_db [None req-ae095eea-aec4-4058-9e5d-8189c425ca7e 9019ab8256bf4c149eaad9e32e95115e 9c885b3f75894041a217b513f93b1169 - - default default] Successfully bumped revision number for resource 93f08da3-6681-407e-9447-5fe2dd33be85 (type: ports) to 1 [pid: 8|app: 0|req: 778/1543] 10.0.0.162 () {34 vars in 669 bytes} [Fri Jul 17 13:54:21 2026] POST /v2.0/networks => generated 671 bytes in 511 msecs (HTTP/1.1 201) 4 headers in 162 bytes (1 switches on core 0) [pid: 8|app: 0|req: 779/1544] 10.0.0.162 () {32 vars in 723 bytes} [Fri Jul 17 13:54:22 2026] DELETE /v2.0/routers/62840090-ed6b-4a9a-a136-9f7fab8b0bac => generated 0 bytes in 250 msecs (HTTP/1.1 204) 2 headers in 112 bytes (1 switches on core 0) [pid: 8|app: 0|req: 780/1545] 10.0.0.162 () {32 vars in 693 bytes} [Fri Jul 17 13:54:22 2026] GET /v2.0/networks?router%3Aexternal=True => generated 791 bytes in 60 msecs (HTTP/1.1 200) 4 headers in 157 bytes (1 switches on core 0) [pid: 7|app: 0|req: 766/1546] 10.0.0.162 () {32 vars in 739 bytes} [Fri Jul 17 13:54:22 2026] DELETE /v2.0/security-groups/2037b7f3-b67b-4522-a005-144240cd1d31 => generated 0 bytes in 488 msecs (HTTP/1.1 204) 2 headers in 112 bytes (1 switches on core 0)
2026-07-17 13:54:22.825 8 WARNING neutron.scheduler.dhcp_agent_scheduler [None req-396f7a66-0467-4957-8829-a87dd527a08a 9019ab8256bf4c149eaad9e32e95115e 9c885b3f75894041a217b513f93b1169 - - default default] No more DHCP agents
2026-07-17 13:54:22.828 8 WARNING neutron.api.rpc.agentnotifiers.dhcp_rpc_agent_api [None req-396f7a66-0467-4957-8829-a87dd527a08a 9019ab8256bf4c149eaad9e32e95115e 9c885b3f75894041a217b513f93b1169 - - default default] Unable to schedule network d1883fac-eba9-41a2-9423-35a68c4983ea: no agents available; will retry on subsequent port and subnet creation events.
2026-07-17 13:54:22.857 8 INFO neutron.db.ovn_revision_numbers_db [None req-396f7a66-0467-4957-8829-a87dd527a08a 9019ab8256bf4c149eaad9e32e95115e 9c885b3f75894041a217b513f93b1169 - - default default] Successfully bumped revision number for resource d3f15343-9eb5-4cba-a63c-68d67f31cad5 (type: subnets) to 0 [pid: 8|app: 0|req: 781/1547] 10.0.0.162 () {34 vars in 668 bytes} [Fri Jul 17 13:54:22 2026] POST /v2.0/subnets => generated 646 bytes in 249 msecs (HTTP/1.1 201) 4 headers in 162 bytes (1 switches on core 0) [pid: 8|app: 0|req: 782/1548] 10.0.0.162 () {32 vars in 783 bytes} [Fri Jul 17 13:54:22 2026] GET /v2.0/subnets?network_id=f9e46c24-2e3d-4209-ba33-87e7412532be&cidr=10.100.0.0%2F28 => generated 14 bytes in 26 msecs (HTTP/1.1 200) 4 headers in 156 bytes (1 switches on core 0) [pid: 7|app: 0|req: 767/1549] 10.0.0.162 () {32 vars in 723 bytes} [Fri Jul 17 13:54:22 2026] DELETE /v2.0/subnets/3eceb550-905b-4e67-aabf-27e84c1fc655 => generated 0 bytes in 308 msecs (HTTP/1.1 204) 3 headers in 131 bytes (1 switches on core 0)
2026-07-17 13:54:23.054 7 INFO neutron.db.ovn_revision_numbers_db [None req-fff9f434-32aa-45e2-98c4-6c34ef8e2af8 - - - - - -] Successfully bumped revision number for resource 5349c9d3-4bae-4bd4-a85f-a7c092b493f7 (type: ports) to 4
2026-07-17 13:54:23.119 8 WARNING neutron.scheduler.dhcp_agent_scheduler [None req-a645ce96-e0d2-4c58-824d-1f81ee082347 9019ab8256bf4c149eaad9e32e95115e 9c885b3f75894041a217b513f93b1169 - - default default] No more DHCP agents
2026-07-17 13:54:23.120 8 WARNING neutron.api.rpc.agentnotifiers.dhcp_rpc_agent_api [None req-a645ce96-e0d2-4c58-824d-1f81ee082347 9019ab8256bf4c149eaad9e32e95115e 9c885b3f75894041a217b513f93b1169 - - default default] Unable to schedule network 99092121-32de-463b-b420-09a7ee86426a: no agents available; will retry on subsequent port and subnet creation events.
2026-07-17 13:54:23.154 8 INFO neutron.db.ovn_revision_numbers_db [None req-a645ce96-e0d2-4c58-824d-1f81ee082347 9019ab8256bf4c149eaad9e32e95115e 9c885b3f75894041a217b513f93b1169 - - default default] Successfully bumped revision number for resource 4900aa6a-c8f8-41d8-a660-eed9fb90de8b (type: subnets) to 0 [pid: 8|app: 0|req: 783/1550] 10.0.0.162 () {34 vars in 668 bytes} [Fri Jul 17 13:54:22 2026] POST /v2.0/subnets => generated 655 bytes in 280 msecs (HTTP/1.1 201) 4 headers in 162 bytes (1 switches on core 0) [pid: 8|app: 0|req: 784/1551] 10.0.0.162 () {32 vars in 723 bytes} [Fri Jul 17 13:54:23 2026] DELETE /v2.0/subnets/a939b2e1-35ae-4224-8f4e-cd235aa8876f => generated 0 bytes in 195 msecs (HTTP/1.1 204) 3 headers in 131 bytes (1 switches on core 0)
2026-07-17 13:54:23.398 7 WARNING neutron.scheduler.dhcp_agent_scheduler [None req-de159a9f-334f-488e-b970-bae35a48fe66 8b6c33894c7b49c0990ba37372c045b7 72805cb5b3d74f76a64f61ed8ce863ca - - default default] No more DHCP agents
2026-07-17 13:54:23.400 7 WARNING neutron.api.rpc.agentnotifiers.dhcp_rpc_agent_api [None req-de159a9f-334f-488e-b970-bae35a48fe66 8b6c33894c7b49c0990ba37372c045b7 72805cb5b3d74f76a64f61ed8ce863ca - - default default] Unable to schedule network 285515a9-4fc1-43e0-a804-a5f6348fefc5: no agents available; will retry on subsequent port and subnet creation events.
2026-07-17 13:54:23.493 8 INFO neutron.db.ovn_revision_numbers_db [None req-1753b3bd-1a31-4d80-a7f2-e2748931cec0 9019ab8256bf4c149eaad9e32e95115e 9c885b3f75894041a217b513f93b1169 - - default default] Successfully bumped revision number for resource 7f5487f8-a888-4c1d-a4f2-2583e07375e2 (type: routers) to 1 [pid: 8|app: 0|req: 785/1552] 10.0.0.162 () {34 vars in 668 bytes} [Fri Jul 17 13:54:23 2026] POST /v2.0/routers => generated 607 bytes in 139 msecs (HTTP/1.1 201) 4 headers in 162 bytes (1 switches on core 0)
2026-07-17 13:54:23.646 8 INFO neutron_taas.services.taas.taas_plugin [None req-3777ee7b-b6ff-4e52-8027-01a29fb979e9 49ed585be95c48b8a66304cbfa90ce46 0ccb0cd66af0470c8066d388ff187b19 - - default default] TaaS: Handle Delete Port: a58055d3-99af-4a11-a881-6ca7fde18c2a
2026-07-17 13:54:23.650 8 INFO neutron_taas.services.taas.tap_mirror_plugin [None req-3777ee7b-b6ff-4e52-8027-01a29fb979e9 49ed585be95c48b8a66304cbfa90ce46 0ccb0cd66af0470c8066d388ff187b19 - - default default] Tap Mirror: Handle Delete Port: a58055d3-99af-4a11-a881-6ca7fde18c2a
2026-07-17 13:54:23.728 7 INFO neutron.db.ovn_revision_numbers_db [None req-fff9f434-32aa-45e2-98c4-6c34ef8e2af8 - - - - - -] Successfully bumped revision number for resource 5349c9d3-4bae-4bd4-a85f-a7c092b493f7 (type: ports) to 5
2026-07-17 13:54:23.829 8 INFO neutron.services.segments.plugin [-] Segment 28837d67-0216-4866-96eb-99a35b1f1b86 resource provider aggregate not found
2026-07-17 13:54:23.847 8 INFO neutron.services.segments.plugin [-] Segment 28837d67-0216-4866-96eb-99a35b1f1b86 resource provider aggregate not found
2026-07-17 13:54:23.851 8 INFO neutron.services.segments.plugin [-] Client error retrieving segment 28837d67-0216-4866-96eb-99a35b1f1b86 resource provider; error: Placement Client Error (4xx): {"errors": [{"status": 404, "title": "Not Found", "detail": "The resource could not be found.\n\n No resource provider with uuid 28837d67-0216-4866-96eb-99a35b1f1b86 found for delete ", "request_id": "req-9f779160-fc96-4406-8b58-f42cfaf78c33"}]}
2026-07-17 13:54:23.865 8 INFO neutron.services.segments.plugin [-] Client error retrieving segment 28837d67-0216-4866-96eb-99a35b1f1b86 resource provider; error: Placement Client Error (4xx): {"errors": [{"status": 404, "title": "Not Found", "detail": "The resource could not be found.\n\n No resource provider with uuid 28837d67-0216-4866-96eb-99a35b1f1b86 found for delete ", "request_id": "req-29e12967-49fc-46e8-bd35-19a6e1abe270"}]} [pid: 8|app: 0|req: 786/1553] 10.0.0.162 () {32 vars in 725 bytes} [Fri Jul 17 13:54:23 2026] DELETE /v2.0/networks/44c01d24-8455-4668-b2d4-d2d3b07a9e10 => generated 0 bytes in 363 msecs (HTTP/1.1 204) 3 headers in 131 bytes (1 switches on core 0)
2026-07-17 13:54:24.151 7 INFO neutron.db.ovn_revision_numbers_db [None req-b10b314a-f262-4b50-a4f8-7198cf61a84d - - - - - -] Successfully bumped revision number for resource 3b84c37e-a268-4e58-9cb6-68ef99c1f171 (type: ports) to 2
2026-07-17 13:54:24.180 7 INFO neutron.db.ovn_revision_numbers_db [None req-b10b314a-f262-4b50-a4f8-7198cf61a84d - - - - - -] Successfully bumped revision number for resource e5bb6697-1bc0-47bb-8de6-8e11f1a50bd7 (type: subnets) to 0 [pid: 7|app: 0|req: 768/1554] 10.0.0.162 () {34 vars in 668 bytes} [Fri Jul 17 13:54:22 2026] POST /v2.0/subnets => generated 657 bytes in 1230 msecs (HTTP/1.1 201) 4 headers in 162 bytes (1 switches on core 0)
2026-07-17 13:54:24.287 7 INFO neutron_taas.services.taas.taas_plugin [None req-28a98876-b701-449c-8b66-321bf70df828 49ed585be95c48b8a66304cbfa90ce46 0ccb0cd66af0470c8066d388ff187b19 - - default default] TaaS: Handle Delete Port: ff41aff7-620a-407a-9f36-6f3aa93667e6
2026-07-17 13:54:24.289 7 INFO neutron_taas.services.taas.tap_mirror_plugin [None req-28a98876-b701-449c-8b66-321bf70df828 49ed585be95c48b8a66304cbfa90ce46 0ccb0cd66af0470c8066d388ff187b19 - - default default] Tap Mirror: Handle Delete Port: ff41aff7-620a-407a-9f36-6f3aa93667e6
2026-07-17 13:54:24.330 8 WARNING neutron.scheduler.dhcp_agent_scheduler [None req-6eaa46c4-340f-460a-bdd1-881bc2584b32 9019ab8256bf4c149eaad9e32e95115e 9c885b3f75894041a217b513f93b1169 - - default default] No more DHCP agents
2026-07-17 13:54:24.331 8 WARNING neutron.api.rpc.agentnotifiers.dhcp_rpc_agent_api [None req-6eaa46c4-340f-460a-bdd1-881bc2584b32 9019ab8256bf4c149eaad9e32e95115e 9c885b3f75894041a217b513f93b1169 - - default default] Unable to schedule network d1883fac-eba9-41a2-9423-35a68c4983ea: no agents available; will retry on subsequent port and subnet creation events.
2026-07-17 13:54:24.426 7 WARNING neutron.plugins.ml2.drivers.ovn.mech_driver.ovsdb.ovn_client [None req-07ea13f4-9103-489d-ac81-10544bbd4968 - - - - - -] No port found with ID 4488e877-2087-45ab-89f9-1e9a011a87b4: RuntimeError: No port found with ID 4488e877-2087-45ab-89f9-1e9a011a87b4
2026-07-17 13:54:24.451 8 INFO neutron.db.ovn_revision_numbers_db [None req-6eaa46c4-340f-460a-bdd1-881bc2584b32 9019ab8256bf4c149eaad9e32e95115e 9c885b3f75894041a217b513f93b1169 - - default default] Successfully bumped revision number for resource 7217ff06-e516-4819-8d38-f11da9b42304 (type: ports) to 1
2026-07-17 13:54:24.455 7 INFO neutron.plugins.ml2.drivers.ovn.mech_driver.mech_driver [None req-07ea13f4-9103-489d-ac81-10544bbd4968 - - - - - -] OVN reports status down for port: 3b84c37e-a268-4e58-9cb6-68ef99c1f171
2026-07-17 13:54:24.550 7 INFO neutron.services.segments.plugin [-] Segment f37b2570-0466-4a43-ac7d-d69770c1ac35 resource provider aggregate not found
2026-07-17 13:54:24.556 7 INFO neutron.services.segments.plugin [-] Segment f37b2570-0466-4a43-ac7d-d69770c1ac35 resource provider aggregate not found
2026-07-17 13:54:24.571 7 INFO neutron.services.segments.plugin [-] Client error retrieving segment f37b2570-0466-4a43-ac7d-d69770c1ac35 resource provider; error: Placement Client Error (4xx): {"errors": [{"status": 404, "title": "Not Found", "detail": "The resource could not be found.\n\n No resource provider with uuid f37b2570-0466-4a43-ac7d-d69770c1ac35 found for delete ", "request_id": "req-3c963232-68bd-4d91-87e6-13cfd6ade9d4"}]}
2026-07-17 13:54:24.585 7 INFO neutron.services.segments.plugin [-] Client error retrieving segment f37b2570-0466-4a43-ac7d-d69770c1ac35 resource provider; error: Placement Client Error (4xx): {"errors": [{"status": 404, "title": "Not Found", "detail": "The resource could not be found.\n\n No resource provider with uuid f37b2570-0466-4a43-ac7d-d69770c1ac35 found for delete ", "request_id": "req-eb6f5409-0c20-42fa-8183-a40df5d4e3ba"}]}
2026-07-17 13:54:24.644 7 INFO neutron.plugins.ml2.drivers.ovn.mech_driver.mech_driver [None req-07ea13f4-9103-489d-ac81-10544bbd4968 - - - - - -] OVN reports status down for port: ce466c8e-ea81-4720-abe2-33aa9fdf4f37 [pid: 7|app: 0|req: 769/1555] 10.0.0.162 () {32 vars in 725 bytes} [Fri Jul 17 13:54:24 2026] DELETE /v2.0/networks/1be72b11-601f-457d-8c5a-0a7c04bb57d7 => generated 0 bytes in 492 msecs (HTTP/1.1 204) 3 headers in 131 bytes (1 switches on core 0)
2026-07-17 13:54:24.756 7 INFO neutron.plugins.ml2.drivers.ovn.mech_driver.mech_driver [None req-07ea13f4-9103-489d-ac81-10544bbd4968 - - - - - -] OVN reports status down for port: 93f08da3-6681-407e-9447-5fe2dd33be85
2026-07-17 13:54:24.885 7 INFO neutron.plugins.ml2.drivers.ovn.mech_driver.mech_driver [None req-07ea13f4-9103-489d-ac81-10544bbd4968 - - - - - -] OVN reports status down for port: 7217ff06-e516-4819-8d38-f11da9b42304
2026-07-17 13:54:25.031 7 WARNING neutron.plugins.ml2.drivers.ovn.mech_driver.ovsdb.ovn_client [None req-07ea13f4-9103-489d-ac81-10544bbd4968 - - - - - -] Logical_Switch_Port 7217ff06-e516-4819-8d38-f11da9b42304 host information not removed, the port state is up
2026-07-17 13:54:25.032 7 INFO neutron.plugins.ml2.drivers.ovn.mech_driver.mech_driver [None req-07ea13f4-9103-489d-ac81-10544bbd4968 - - - - - -] OVN reports status up for port: 7217ff06-e516-4819-8d38-f11da9b42304
2026-07-17 13:54:25.062 7 INFO neutron.plugins.ml2.plugin [None req-07ea13f4-9103-489d-ac81-10544bbd4968 - - - - - -] Attempt 1 to provision port 7217ff06-e516-4819-8d38-f11da9b42304
2026-07-17 13:54:25.089 8 WARNING neutron.scheduler.dhcp_agent_scheduler [None req-6eaa46c4-340f-460a-bdd1-881bc2584b32 9019ab8256bf4c149eaad9e32e95115e 9c885b3f75894041a217b513f93b1169 - - default default] No more DHCP agents
2026-07-17 13:54:25.091 8 WARNING neutron.api.rpc.agentnotifiers.dhcp_rpc_agent_api [None req-6eaa46c4-340f-460a-bdd1-881bc2584b32 9019ab8256bf4c149eaad9e32e95115e 9c885b3f75894041a217b513f93b1169 - - default default] Unable to schedule network d1883fac-eba9-41a2-9423-35a68c4983ea: no agents available; will retry on subsequent port and subnet creation events.
2026-07-17 13:54:25.315 8 INFO neutron.db.ovn_revision_numbers_db [None req-6eaa46c4-340f-460a-bdd1-881bc2584b32 9019ab8256bf4c149eaad9e32e95115e 9c885b3f75894041a217b513f93b1169 - - default default] Successfully bumped revision number for resource 7217ff06-e516-4819-8d38-f11da9b42304 (type: router_ports) to 1 [pid: 8|app: 0|req: 787/1556] 10.0.0.162 () {34 vars in 782 bytes} [Fri Jul 17 13:54:23 2026] PUT /v2.0/routers/7f5487f8-a888-4c1d-a4f2-2583e07375e2/add_router_interface => generated 309 bytes in 1444 msecs (HTTP/1.1 200) 4 headers in 157 bytes (1 switches on core 0)
2026-07-17 13:54:25.416 8 INFO neutron.db.segments_db [None req-8f799573-a05e-4d5a-ba76-0044978835e8 49ed585be95c48b8a66304cbfa90ce46 0ccb0cd66af0470c8066d388ff187b19 - - default default] Added segment cd1ad7d9-ffa8-47b3-894a-bf4891096be5 of type geneve for network ee82c87c-fc34-4f13-ad9c-5368c466edae
2026-07-17 13:54:25.542 8 INFO neutron.db.ovn_revision_numbers_db [None req-8f799573-a05e-4d5a-ba76-0044978835e8 49ed585be95c48b8a66304cbfa90ce46 0ccb0cd66af0470c8066d388ff187b19 - - default default] Successfully bumped revision number for resource ee82c87c-fc34-4f13-ad9c-5368c466edae (type: networks) to 1
2026-07-17 13:54:25.709 8 WARNING neutron.scheduler.dhcp_agent_scheduler [None req-8f799573-a05e-4d5a-ba76-0044978835e8 49ed585be95c48b8a66304cbfa90ce46 0ccb0cd66af0470c8066d388ff187b19 - - default default] No more DHCP agents
2026-07-17 13:54:25.711 8 WARNING neutron.api.rpc.agentnotifiers.dhcp_rpc_agent_api [None req-8f799573-a05e-4d5a-ba76-0044978835e8 49ed585be95c48b8a66304cbfa90ce46 0ccb0cd66af0470c8066d388ff187b19 - - default default] Unable to schedule network ee82c87c-fc34-4f13-ad9c-5368c466edae: no agents available; will retry on subsequent port and subnet creation events.
2026-07-17 13:54:25.811 8 INFO neutron.db.ovn_revision_numbers_db [None req-8f799573-a05e-4d5a-ba76-0044978835e8 49ed585be95c48b8a66304cbfa90ce46 0ccb0cd66af0470c8066d388ff187b19 - - default default] Successfully bumped revision number for resource 4a7a3b87-3d83-4271-bf25-784b83b97943 (type: ports) to 1 [pid: 8|app: 0|req: 788/1557] 10.0.0.162 () {34 vars in 669 bytes} [Fri Jul 17 13:54:25 2026] POST /v2.0/networks => generated 667 bytes in 517 msecs (HTTP/1.1 201) 4 headers in 162 bytes (1 switches on core 0)
2026-07-17 13:54:25.853 7 WARNING neutron.scheduler.dhcp_agent_scheduler [None req-80a1325c-b5ec-40cb-b240-775730e30cec 8b6c33894c7b49c0990ba37372c045b7 72805cb5b3d74f76a64f61ed8ce863ca - - default default] No more DHCP agents
2026-07-17 13:54:25.858 7 WARNING neutron.api.rpc.agentnotifiers.dhcp_rpc_agent_api [None req-80a1325c-b5ec-40cb-b240-775730e30cec 8b6c33894c7b49c0990ba37372c045b7 72805cb5b3d74f76a64f61ed8ce863ca - - default default] Unable to schedule network 285515a9-4fc1-43e0-a804-a5f6348fefc5: no agents available; will retry on subsequent port and subnet creation events. [pid: 8|app: 0|req: 789/1558] 10.0.0.162 () {32 vars in 716 bytes} [Fri Jul 17 13:54:25 2026] GET /v2.0/ports/7217ff06-e516-4819-8d38-f11da9b42304 => generated 947 bytes in 37 msecs (HTTP/1.1 200) 4 headers in 157 bytes (1 switches on core 0)
2026-07-17 13:54:25.934 7 INFO neutron.db.ovn_revision_numbers_db [None req-07ea13f4-9103-489d-ac81-10544bbd4968 - - - - - -] Successfully bumped revision number for resource 7217ff06-e516-4819-8d38-f11da9b42304 (type: ports) to 2
2026-07-17 13:54:26.102 8 INFO neutron.plugins.ml2.drivers.ovn.mech_driver.mech_driver [None req-02770ec4-0cb3-4ed9-bf13-bafcaf1410fc - - - - - -] OVN reports status down for port: 43cdea28-5d4d-492e-8958-7621bfeae226
2026-07-17 13:54:26.113 7 INFO neutron.db.ovn_revision_numbers_db [None req-80a1325c-b5ec-40cb-b240-775730e30cec 8b6c33894c7b49c0990ba37372c045b7 72805cb5b3d74f76a64f61ed8ce863ca - - default default] Successfully bumped revision number for resource 43cdea28-5d4d-492e-8958-7621bfeae226 (type: ports) to 1
2026-07-17 13:54:26.143 8 WARNING neutron.scheduler.dhcp_agent_scheduler [None req-064cc7e8-b584-4c14-95de-15b445e2b372 49ed585be95c48b8a66304cbfa90ce46 0ccb0cd66af0470c8066d388ff187b19 - - default default] No more DHCP agents
2026-07-17 13:54:26.145 8 WARNING neutron.api.rpc.agentnotifiers.dhcp_rpc_agent_api [None req-064cc7e8-b584-4c14-95de-15b445e2b372 49ed585be95c48b8a66304cbfa90ce46 0ccb0cd66af0470c8066d388ff187b19 - - default default] Unable to schedule network ee82c87c-fc34-4f13-ad9c-5368c466edae: no agents available; will retry on subsequent port and subnet creation events.
2026-07-17 13:54:26.618 8 INFO neutron.db.ovn_revision_numbers_db [None req-da3fb3df-bf0c-4809-9f14-d495a5287364 - - - - - -] Successfully bumped revision number for resource 4a7a3b87-3d83-4271-bf25-784b83b97943 (type: ports) to 2
2026-07-17 13:54:26.641 8 INFO neutron.db.ovn_revision_numbers_db [None req-da3fb3df-bf0c-4809-9f14-d495a5287364 - - - - - -] Successfully bumped revision number for resource 9b5d3e48-5950-41eb-9448-e61b051d3435 (type: subnets) to 0 [pid: 8|app: 0|req: 790/1559] 10.0.0.162 () {34 vars in 668 bytes} [Fri Jul 17 13:54:25 2026] POST /v2.0/subnets => generated 626 bytes in 775 msecs (HTTP/1.1 201) 4 headers in 162 bytes (1 switches on core 0)
2026-07-17 13:54:26.804 8 INFO neutron.plugins.ml2.drivers.ovn.mech_driver.mech_driver [None req-02770ec4-0cb3-4ed9-bf13-bafcaf1410fc - - - - - -] OVN reports status up for port: 43cdea28-5d4d-492e-8958-7621bfeae226
2026-07-17 13:54:26.819 8 INFO neutron.plugins.ml2.plugin [None req-02770ec4-0cb3-4ed9-bf13-bafcaf1410fc - - - - - -] Attempt 1 to provision port 43cdea28-5d4d-492e-8958-7621bfeae226
2026-07-17 13:54:26.854 7 WARNING neutron.scheduler.dhcp_agent_scheduler [None req-80a1325c-b5ec-40cb-b240-775730e30cec 8b6c33894c7b49c0990ba37372c045b7 72805cb5b3d74f76a64f61ed8ce863ca - - default default] No more DHCP agents
2026-07-17 13:54:26.856 7 WARNING neutron.api.rpc.agentnotifiers.dhcp_rpc_agent_api [None req-80a1325c-b5ec-40cb-b240-775730e30cec 8b6c33894c7b49c0990ba37372c045b7 72805cb5b3d74f76a64f61ed8ce863ca - - default default] Unable to schedule network 285515a9-4fc1-43e0-a804-a5f6348fefc5: no agents available; will retry on subsequent port and subnet creation events.
2026-07-17 13:54:27.219 7 INFO neutron.db.ovn_revision_numbers_db [None req-80a1325c-b5ec-40cb-b240-775730e30cec 8b6c33894c7b49c0990ba37372c045b7 72805cb5b3d74f76a64f61ed8ce863ca - - default default] Successfully bumped revision number for resource 43cdea28-5d4d-492e-8958-7621bfeae226 (type: router_ports) to 1 [pid: 7|app: 0|req: 770/1560] 10.0.0.162 () {34 vars in 782 bytes} [Fri Jul 17 13:54:24 2026] PUT /v2.0/routers/faa766b0-d710-45bf-9d04-881724c8b1a4/add_router_interface => generated 309 bytes in 2536 msecs (HTTP/1.1 200) 4 headers in 157 bytes (1 switches on core 0)
2026-07-17 13:54:27.342 7 INFO neutron.db.ovn_revision_numbers_db [None req-8adce555-a723-4b13-a032-a1e6b1307f9d 49ed585be95c48b8a66304cbfa90ce46 0ccb0cd66af0470c8066d388ff187b19 - - default default] Successfully bumped revision number for resource 0735ae81-7196-49e3-a68d-b4baa452c60b (type: routers) to 1 [pid: 7|app: 0|req: 771/1561] 10.0.0.162 () {34 vars in 668 bytes} [Fri Jul 17 13:54:27 2026] POST /v2.0/routers => generated 602 bytes in 134 msecs (HTTP/1.1 201) 4 headers in 162 bytes (1 switches on core 0)
2026-07-17 13:54:27.468 8 WARNING neutron.scheduler.dhcp_agent_scheduler [None req-efbb4e4a-c84f-44d0-b3de-fb35990936df 9019ab8256bf4c149eaad9e32e95115e 9c885b3f75894041a217b513f93b1169 - - default default] No more DHCP agents
2026-07-17 13:54:27.470 8 WARNING neutron.api.rpc.agentnotifiers.dhcp_rpc_agent_api [None req-efbb4e4a-c84f-44d0-b3de-fb35990936df 9019ab8256bf4c149eaad9e32e95115e 9c885b3f75894041a217b513f93b1169 - - default default] Unable to schedule network 99092121-32de-463b-b420-09a7ee86426a: no agents available; will retry on subsequent port and subnet creation events.
2026-07-17 13:54:27.663 7 INFO neutron.db.ovn_revision_numbers_db [None req-22c068d3-5ad7-4021-bb3e-e1378ed3551a ed3e97af1b704792b1ac3de856873f7b 7de33ca4ce6f4899a96265cad6d88b22 - - default default] Successfully bumped revision number for resource 58ff231d-654b-474d-9ae3-eabca4743033 (type: security_groups) to 1
2026-07-17 13:54:27.679 7 INFO neutron.db.ovn_revision_numbers_db [None req-22c068d3-5ad7-4021-bb3e-e1378ed3551a ed3e97af1b704792b1ac3de856873f7b 7de33ca4ce6f4899a96265cad6d88b22 - - default default] Successfully bumped revision number for resource 35f79ee1-f79a-4833-b6ed-e9b8339ffbf0 (type: security_group_rules) to 0
2026-07-17 13:54:27.691 7 INFO neutron.db.ovn_revision_numbers_db [None req-22c068d3-5ad7-4021-bb3e-e1378ed3551a ed3e97af1b704792b1ac3de856873f7b 7de33ca4ce6f4899a96265cad6d88b22 - - default default] Successfully bumped revision number for resource 97613f54-d664-4723-8be4-eaa31f08042f (type: security_group_rules) to 0
2026-07-17 13:54:27.713 7 INFO neutron.db.ovn_revision_numbers_db [None req-22c068d3-5ad7-4021-bb3e-e1378ed3551a ed3e97af1b704792b1ac3de856873f7b 7de33ca4ce6f4899a96265cad6d88b22 - - default default] Successfully bumped revision number for resource b8a9c229-c2a8-4231-9233-6879ff4e763c (type: security_group_rules) to 0
2026-07-17 13:54:27.725 7 INFO neutron.db.ovn_revision_numbers_db [None req-22c068d3-5ad7-4021-bb3e-e1378ed3551a ed3e97af1b704792b1ac3de856873f7b 7de33ca4ce6f4899a96265cad6d88b22 - - default default] Successfully bumped revision number for resource bdb5c3a0-d681-4166-8e78-6846fa668ef4 (type: security_group_rules) to 0
2026-07-17 13:54:27.731 8 INFO neutron.db.ovn_revision_numbers_db [None req-efbb4e4a-c84f-44d0-b3de-fb35990936df 9019ab8256bf4c149eaad9e32e95115e 9c885b3f75894041a217b513f93b1169 - - default default] Successfully bumped revision number for resource 47e62041-a122-4c12-b677-63b14efb9b53 (type: ports) to 1 [pid: 7|app: 0|req: 772/1562] 10.0.0.162 () {32 vars in 773 bytes} [Fri Jul 17 13:54:27 2026] GET /v2.0/security-groups?tenant_id=5688152c472d4e3684763a094c32d4d1&name=default => generated 2925 bytes in 404 msecs (HTTP/1.1 200) 4 headers in 158 bytes (1 switches on core 0) [pid: 7|app: 0|req: 773/1563] 10.0.0.9 () {28 vars in 580 bytes} [Fri Jul 17 13:54:27 2026] GET /v2.0/subnets => generated 3924 bytes in 72 msecs (HTTP/1.1 200) 4 headers in 158 bytes (1 switches on core 0) [pid: 7|app: 0|req: 774/1564] 10.0.0.162 () {32 vars in 648 bytes} [Fri Jul 17 13:54:27 2026] GET /v2.0/networks => generated 5420 bytes in 64 msecs (HTTP/1.1 200) 4 headers in 158 bytes (1 switches on core 0)
2026-07-17 13:54:27.940 8 INFO neutron.db.ovn_revision_numbers_db [None req-02770ec4-0cb3-4ed9-bf13-bafcaf1410fc - - - - - -] Successfully bumped revision number for resource 43cdea28-5d4d-492e-8958-7621bfeae226 (type: ports) to 2
2026-07-17 13:54:28.235 7 WARNING neutron.scheduler.dhcp_agent_scheduler [None req-934bc0f1-b92f-4d8d-97c1-2321e3edd3e3 49ed585be95c48b8a66304cbfa90ce46 0ccb0cd66af0470c8066d388ff187b19 - - default default] No more DHCP agents
2026-07-17 13:54:28.236 7 WARNING neutron.api.rpc.agentnotifiers.dhcp_rpc_agent_api [None req-934bc0f1-b92f-4d8d-97c1-2321e3edd3e3 49ed585be95c48b8a66304cbfa90ce46 0ccb0cd66af0470c8066d388ff187b19 - - default default] Unable to schedule network ee82c87c-fc34-4f13-ad9c-5368c466edae: no agents available; will retry on subsequent port and subnet creation events.
2026-07-17 13:54:28.432 7 INFO neutron.db.ovn_revision_numbers_db [None req-934bc0f1-b92f-4d8d-97c1-2321e3edd3e3 49ed585be95c48b8a66304cbfa90ce46 0ccb0cd66af0470c8066d388ff187b19 - - default default] Successfully bumped revision number for resource fffb8f3f-475a-4a17-bfde-ef82cc229532 (type: ports) to 1 [pid: 7|app: 0|req: 775/1565] 10.0.0.162 () {34 vars in 664 bytes} [Fri Jul 17 13:54:27 2026] POST /v2.0/ports => generated 952 bytes in 591 msecs (HTTP/1.1 201) 4 headers in 162 bytes (1 switches on core 0) /var/lib/openstack/lib/python3.12/site-packages/pycadf/identifier.py:70: UserWarning: Invalid uuid: neutron. To ensure interoperability, identifiers should be a valid uuid. warnings.warn(('Invalid uuid: %s. To ensure interoperability, '
2026-07-17 13:54:28.615 8 WARNING neutron.scheduler.dhcp_agent_scheduler [None req-efbb4e4a-c84f-44d0-b3de-fb35990936df 9019ab8256bf4c149eaad9e32e95115e 9c885b3f75894041a217b513f93b1169 - - default default] No more DHCP agents
2026-07-17 13:54:28.617 8 WARNING neutron.api.rpc.agentnotifiers.dhcp_rpc_agent_api [None req-efbb4e4a-c84f-44d0-b3de-fb35990936df 9019ab8256bf4c149eaad9e32e95115e 9c885b3f75894041a217b513f93b1169 - - default default] Unable to schedule network 99092121-32de-463b-b420-09a7ee86426a: no agents available; will retry on subsequent port and subnet creation events. [pid: 7|app: 0|req: 776/1566] 10.0.0.162 () {32 vars in 739 bytes} [Fri Jul 17 13:54:28 2026] DELETE /v2.0/security-groups/58ff231d-654b-474d-9ae3-eabca4743033 => generated 0 bytes in 215 msecs (HTTP/1.1 204) 2 headers in 112 bytes (1 switches on core 0) [pid: 7|app: 0|req: 777/1567] 10.0.0.9 () {28 vars in 588 bytes} [Fri Jul 17 13:54:28 2026] GET /v2.0/subnetpools => generated 19 bytes in 10 msecs (HTTP/1.1 200) 4 headers in 156 bytes (1 switches on core 0) [pid: 7|app: 0|req: 778/1568] 10.0.0.162 () {32 vars in 646 bytes} [Fri Jul 17 13:54:28 2026] GET /v2.0/subnets => generated 3924 bytes in 41 msecs (HTTP/1.1 200) 4 headers in 158 bytes (1 switches on core 0)
2026-07-17 13:54:28.826 8 INFO neutron.db.ovn_revision_numbers_db [None req-efbb4e4a-c84f-44d0-b3de-fb35990936df 9019ab8256bf4c149eaad9e32e95115e 9c885b3f75894041a217b513f93b1169 - - default default] Successfully bumped revision number for resource 47e62041-a122-4c12-b677-63b14efb9b53 (type: router_ports) to 1 [pid: 8|app: 0|req: 791/1571] 10.0.0.162 () {34 vars in 782 bytes} [Fri Jul 17 13:54:26 2026] PUT /v2.0/routers/7f5487f8-a888-4c1d-a4f2-2583e07375e2/add_router_interface => generated 309 bytes in 2178 msecs (HTTP/1.1 200) 4 headers in 157 bytes (1 switches on core 0) [pid: 8|app: 0|req: 792/1572] 10.0.0.9 () {28 vars in 588 bytes} [Fri Jul 17 13:54:28 2026] GET /v2.0/floatingips => generated 19 bytes in 22 msecs (HTTP/1.1 200) 4 headers in 156 bytes (1 switches on core 0) [pid: 8|app: 0|req: 793/1573] 10.0.0.162 () {32 vars in 646 bytes} [Fri Jul 17 13:54:28 2026] GET /v2.0/routers => generated 2201 bytes in 84 msecs (HTTP/1.1 200) 4 headers in 158 bytes (1 switches on core 0)
2026-07-17 13:54:29.107 8 INFO neutron.db.ovn_revision_numbers_db [None req-33384fe5-a343-4427-94a6-bf9edf2edbb5 ed3e97af1b704792b1ac3de856873f7b 7de33ca4ce6f4899a96265cad6d88b22 - - default default] Successfully bumped revision number for resource 860f6bbf-9f11-46a3-bc1f-7e439379dfc8 (type: security_groups) to 1
2026-07-17 13:54:29.118 8 INFO neutron.db.ovn_revision_numbers_db [None req-33384fe5-a343-4427-94a6-bf9edf2edbb5 ed3e97af1b704792b1ac3de856873f7b 7de33ca4ce6f4899a96265cad6d88b22 - - default default] Successfully bumped revision number for resource 083dda1f-3838-4980-a5ed-dad9a2c489e7 (type: security_group_rules) to 0
2026-07-17 13:54:29.131 8 INFO neutron.db.ovn_revision_numbers_db [None req-33384fe5-a343-4427-94a6-bf9edf2edbb5 ed3e97af1b704792b1ac3de856873f7b 7de33ca4ce6f4899a96265cad6d88b22 - - default default] Successfully bumped revision number for resource 38e1f8b6-ac01-4670-961a-936109b8eb8f (type: security_group_rules) to 0
2026-07-17 13:54:29.143 8 INFO neutron.db.ovn_revision_numbers_db [None req-33384fe5-a343-4427-94a6-bf9edf2edbb5 ed3e97af1b704792b1ac3de856873f7b 7de33ca4ce6f4899a96265cad6d88b22 - - default default] Successfully bumped revision number for resource 4c53d6f7-7d54-48b6-a869-440a69e8e137 (type: security_group_rules) to 0
2026-07-17 13:54:29.155 8 INFO neutron.db.ovn_revision_numbers_db [None req-33384fe5-a343-4427-94a6-bf9edf2edbb5 ed3e97af1b704792b1ac3de856873f7b 7de33ca4ce6f4899a96265cad6d88b22 - - default default] Successfully bumped revision number for resource e0f566b7-f9f0-4c7a-b22e-a2c542f35294 (type: security_group_rules) to 0 [pid: 8|app: 0|req: 794/1574] 10.0.0.162 () {32 vars in 773 bytes} [Fri Jul 17 13:54:28 2026] GET /v2.0/security-groups?tenant_id=ff3452201020457ab5328948d44e90ce&name=default => generated 2925 bytes in 252 msecs (HTTP/1.1 200) 4 headers in 158 bytes (1 switches on core 0) [pid: 8|app: 0|req: 795/1575] 10.0.0.162 () {32 vars in 716 bytes} [Fri Jul 17 13:54:29 2026] GET /v2.0/ports/47e62041-a122-4c12-b677-63b14efb9b53 => generated 953 bytes in 73 msecs (HTTP/1.1 200) 4 headers in 157 bytes (1 switches on core 0) [pid: 8|app: 0|req: 796/1576] 10.0.0.9 () {28 vars in 596 bytes} [Fri Jul 17 13:54:29 2026] GET /v2.0/security-groups => generated 29013 bytes in 51 msecs (HTTP/1.1 200) 4 headers in 159 bytes (1 switches on core 0)
2026-07-17 13:54:29.343 7 INFO neutron.db.ovn_revision_numbers_db [None req-cf115780-a7d8-4c72-a4c8-d2ee4fed9932 49ed585be95c48b8a66304cbfa90ce46 0ccb0cd66af0470c8066d388ff187b19 - - default default] Successfully bumped revision number for resource fffb8f3f-475a-4a17-bfde-ef82cc229532 (type: ports) to 2
2026-07-17 13:54:29.432 8 INFO neutron.db.ovn_revision_numbers_db [None req-0f8904c2-9d9c-4c81-8cec-ed9183bdbd6b 8b6c33894c7b49c0990ba37372c045b7 72805cb5b3d74f76a64f61ed8ce863ca - - default default] Successfully bumped revision number for resource 1d357554-b6b0-480d-b7bc-0a71ca81452b (type: security_groups) to 1
2026-07-17 13:54:29.443 8 INFO neutron.db.ovn_revision_numbers_db [None req-0f8904c2-9d9c-4c81-8cec-ed9183bdbd6b 8b6c33894c7b49c0990ba37372c045b7 72805cb5b3d74f76a64f61ed8ce863ca - - default default] Successfully bumped revision number for resource 83cbcaf8-8e11-4e98-96c6-3c3d9c9de652 (type: security_group_rules) to 0
2026-07-17 13:54:29.457 8 INFO neutron.db.ovn_revision_numbers_db [None req-0f8904c2-9d9c-4c81-8cec-ed9183bdbd6b 8b6c33894c7b49c0990ba37372c045b7 72805cb5b3d74f76a64f61ed8ce863ca - - default default] Successfully bumped revision number for resource b65aff83-7ef4-4f77-be12-7a2303b4f638 (type: security_group_rules) to 0 [pid: 8|app: 0|req: 797/1577] 10.0.0.162 () {34 vars in 684 bytes} [Fri Jul 17 13:54:29 2026] POST /v2.0/security-groups => generated 1675 bytes in 177 msecs (HTTP/1.1 201) 4 headers in 163 bytes (1 switches on core 0) [pid: 8|app: 0|req: 798/1578] 10.0.0.162 () {32 vars in 739 bytes} [Fri Jul 17 13:54:29 2026] DELETE /v2.0/security-groups/860f6bbf-9f11-46a3-bc1f-7e439379dfc8 => generated 0 bytes in 214 msecs (HTTP/1.1 204) 2 headers in 112 bytes (1 switches on core 0) [pid: 8|app: 0|req: 799/1579] 10.0.0.162 () {32 vars in 716 bytes} [Fri Jul 17 13:54:29 2026] GET /v2.0/ports/47e62041-a122-4c12-b677-63b14efb9b53 => generated 953 bytes in 39 msecs (HTTP/1.1 200) 4 headers in 157 bytes (1 switches on core 0) [pid: 8|app: 0|req: 800/1580] 10.0.0.9 () {28 vars in 580 bytes} [Fri Jul 17 13:54:29 2026] GET /v2.0/subnets => generated 3924 bytes in 43 msecs (HTTP/1.1 200) 4 headers in 158 bytes (1 switches on core 0)
2026-07-17 13:54:29.931 7 WARNING neutron.scheduler.dhcp_agent_scheduler [None req-cf115780-a7d8-4c72-a4c8-d2ee4fed9932 49ed585be95c48b8a66304cbfa90ce46 0ccb0cd66af0470c8066d388ff187b19 - - default default] No more DHCP agents
2026-07-17 13:54:29.935 7 WARNING neutron.api.rpc.agentnotifiers.dhcp_rpc_agent_api [None req-cf115780-a7d8-4c72-a4c8-d2ee4fed9932 49ed585be95c48b8a66304cbfa90ce46 0ccb0cd66af0470c8066d388ff187b19 - - default default] Unable to schedule network ee82c87c-fc34-4f13-ad9c-5368c466edae: no agents available; will retry on subsequent port and subnet creation events.
2026-07-17 13:54:29.948 8 INFO neutron.db.ovn_revision_numbers_db [None req-8bf1101d-1221-4301-a31b-b5048f6d5e0f 8b6c33894c7b49c0990ba37372c045b7 72805cb5b3d74f76a64f61ed8ce863ca - - default default] Successfully bumped revision number for resource 46423d27-3493-4b7f-8ec4-d827e049c9ba (type: security_group_rules) to 0 [pid: 8|app: 0|req: 801/1581] 10.0.0.162 () {34 vars in 694 bytes} [Fri Jul 17 13:54:29 2026] POST /v2.0/security-group-rules => generated 597 bytes in 199 msecs (HTTP/1.1 201) 4 headers in 162 bytes (1 switches on core 0) [pid: 8|app: 0|req: 802/1582] 10.0.0.9 () {28 vars in 576 bytes} [Fri Jul 17 13:54:29 2026] GET /v2.0/ports => generated 14447 bytes in 103 msecs (HTTP/1.1 200) 4 headers in 159 bytes (1 switches on core 0)
2026-07-17 13:54:30.190 7 INFO neutron.db.ovn_revision_numbers_db [None req-cf115780-a7d8-4c72-a4c8-d2ee4fed9932 49ed585be95c48b8a66304cbfa90ce46 0ccb0cd66af0470c8066d388ff187b19 - - default default] Successfully bumped revision number for resource fffb8f3f-475a-4a17-bfde-ef82cc229532 (type: router_ports) to 2 [pid: 7|app: 0|req: 781/1583] 10.0.0.162 () {34 vars in 782 bytes} [Fri Jul 17 13:54:28 2026] PUT /v2.0/routers/0735ae81-7196-49e3-a68d-b4baa452c60b/add_router_interface => generated 309 bytes in 1433 msecs (HTTP/1.1 200) 4 headers in 157 bytes (1 switches on core 0) /var/lib/openstack/lib/python3.12/site-packages/pycadf/identifier.py:70: UserWarning: Invalid uuid: neutron. To ensure interoperability, identifiers should be a valid uuid. warnings.warn(('Invalid uuid: %s. To ensure interoperability, '
2026-07-17 13:54:30.202 8 INFO neutron.db.ovn_revision_numbers_db [None req-27b82f88-4d6e-4964-9ce6-29f944d9000b 8b6c33894c7b49c0990ba37372c045b7 72805cb5b3d74f76a64f61ed8ce863ca - - default default] Successfully bumped revision number for resource 2bfa9d7e-dc72-4109-8c8b-60a42678be7f (type: security_group_rules) to 0 [pid: 8|app: 0|req: 803/1584] 10.0.0.162 () {34 vars in 694 bytes} [Fri Jul 17 13:54:30 2026] POST /v2.0/security-group-rules => generated 596 bytes in 137 msecs (HTTP/1.1 201) 4 headers in 162 bytes (1 switches on core 0) [pid: 7|app: 0|req: 782/1585] 10.0.0.9 () {28 vars in 580 bytes} [Fri Jul 17 13:54:30 2026] GET /v2.0/routers => generated 2201 bytes in 69 msecs (HTTP/1.1 200) 4 headers in 158 bytes (1 switches on core 0) [pid: 8|app: 0|req: 804/1586] 10.0.0.162 () {32 vars in 716 bytes} [Fri Jul 17 13:54:30 2026] GET /v2.0/ports/fffb8f3f-475a-4a17-bfde-ef82cc229532 => generated 1012 bytes in 42 msecs (HTTP/1.1 200) 4 headers in 158 bytes (1 switches on core 0) [pid: 8|app: 0|req: 805/1587] 10.0.0.9 () {28 vars in 621 bytes} [Fri Jul 17 13:54:30 2026] GET /v2.0/agents?binary=ovn-controller => generated 416 bytes in 9 msecs (HTTP/1.1 200) 4 headers in 157 bytes (1 switches on core 0)
2026-07-17 13:54:30.424 7 INFO neutron.db.ovn_revision_numbers_db [None req-d5e44f3e-f8ea-455c-ba4b-dd79b51717d9 8b6c33894c7b49c0990ba37372c045b7 72805cb5b3d74f76a64f61ed8ce863ca - - default default] Successfully bumped revision number for resource a526d546-8510-46ab-acab-1fba32140b7e (type: security_group_rules) to 0 [pid: 7|app: 0|req: 783/1588] 10.0.0.162 () {34 vars in 694 bytes} [Fri Jul 17 13:54:30 2026] POST /v2.0/security-group-rules => generated 602 bytes in 187 msecs (HTTP/1.1 201) 4 headers in 162 bytes (1 switches on core 0) [pid: 7|app: 0|req: 784/1589] 10.0.0.9 () {28 vars in 582 bytes} [Fri Jul 17 13:54:30 2026] GET /v2.0/networks => generated 5420 bytes in 66 msecs (HTTP/1.1 200) 4 headers in 158 bytes (1 switches on core 0)
2026-07-17 13:54:30.540 8 INFO neutron_taas.services.taas.taas_plugin [None req-39558bf6-a6a5-4075-9f16-1dae11f53a64 49ed585be95c48b8a66304cbfa90ce46 0ccb0cd66af0470c8066d388ff187b19 - - default default] TaaS: Handle Delete Port: fffb8f3f-475a-4a17-bfde-ef82cc229532
2026-07-17 13:54:30.542 8 INFO neutron_taas.services.taas.tap_mirror_plugin [None req-39558bf6-a6a5-4075-9f16-1dae11f53a64 49ed585be95c48b8a66304cbfa90ce46 0ccb0cd66af0470c8066d388ff187b19 - - default default] Tap Mirror: Handle Delete Port: fffb8f3f-475a-4a17-bfde-ef82cc229532
2026-07-17 13:54:30.664 7 INFO neutron.db.ovn_revision_numbers_db [None req-4766a24b-59fa-40ab-b6fc-d8d19b3d4b37 8b6c33894c7b49c0990ba37372c045b7 72805cb5b3d74f76a64f61ed8ce863ca - - default default] Successfully bumped revision number for resource a7f5da28-61a1-45ed-bb95-59691e533c83 (type: security_group_rules) to 0 [pid: 7|app: 0|req: 785/1590] 10.0.0.162 () {34 vars in 694 bytes} [Fri Jul 17 13:54:30 2026] POST /v2.0/security-group-rules => generated 601 bytes in 180 msecs (HTTP/1.1 201) 4 headers in 162 bytes (1 switches on core 0) [pid: 7|app: 0|req: 786/1591] 10.0.0.9 () {28 vars in 578 bytes} [Fri Jul 17 13:54:30 2026] GET /v2.0/agents => generated 1214 bytes in 14 msecs (HTTP/1.1 200) 4 headers in 158 bytes (1 switches on core 0)
2026-07-17 13:54:30.774 7 INFO neutron.db.securitygroups_db [None req-9d170207-c64b-47e4-b58a-d1fa48596bfb 8b6c33894c7b49c0990ba37372c045b7 72805cb5b3d74f76a64f61ed8ce863ca - - default default] Project 72805cb5b3d74f76a64f61ed8ce863ca added a security group rule with legacy IPv6 ICMP protocol name icmp, ipv6-icmp should be used instead. It was automatically converted. [pid: 8|app: 0|req: 806/1592] 10.0.0.162 () {34 vars in 788 bytes} [Fri Jul 17 13:54:30 2026] PUT /v2.0/routers/0735ae81-7196-49e3-a68d-b4baa452c60b/remove_router_interface => generated 309 bytes in 553 msecs (HTTP/1.1 200) 4 headers in 157 bytes (1 switches on core 0) /var/lib/openstack/lib/python3.12/site-packages/pycadf/identifier.py:70: UserWarning: Invalid uuid: neutron. To ensure interoperability, identifiers should be a valid uuid. warnings.warn(('Invalid uuid: %s. To ensure interoperability, ' [pid: 8|app: 0|req: 807/1593] 10.0.0.9 () {28 vars in 616 bytes} [Fri Jul 17 13:54:30 2026] GET /v2.0/network-ip-availabilities => generated 2869 bytes in 44 msecs (HTTP/1.1 200) 4 headers in 158 bytes (1 switches on core 0)
2026-07-17 13:54:30.919 7 INFO neutron.db.ovn_revision_numbers_db [None req-9d170207-c64b-47e4-b58a-d1fa48596bfb 8b6c33894c7b49c0990ba37372c045b7 72805cb5b3d74f76a64f61ed8ce863ca - - default default] Successfully bumped revision number for resource d0af43f7-111c-46e5-8512-551584a5bd1a (type: security_group_rules) to 0 [pid: 8|app: 0|req: 808/1594] 10.0.0.162 () {32 vars in 716 bytes} [Fri Jul 17 13:54:30 2026] GET /v2.0/ports/47e62041-a122-4c12-b677-63b14efb9b53 => generated 953 bytes in 59 msecs (HTTP/1.1 200) 4 headers in 157 bytes (1 switches on core 0) [pid: 7|app: 0|req: 787/1595] 10.0.0.162 () {34 vars in 694 bytes} [Fri Jul 17 13:54:30 2026] POST /v2.0/security-group-rules => generated 607 bytes in 265 msecs (HTTP/1.1 201) 4 headers in 162 bytes (1 switches on core 0)
2026-07-17 13:54:31.033 7 INFO neutron.db.securitygroups_db [None req-1c5a5329-0765-4888-9ef7-9208c09180a1 8b6c33894c7b49c0990ba37372c045b7 72805cb5b3d74f76a64f61ed8ce863ca - - default default] Project 72805cb5b3d74f76a64f61ed8ce863ca added a security group rule with legacy IPv6 ICMP protocol name icmp, ipv6-icmp should be used instead. It was automatically converted.
2026-07-17 13:54:31.036 8 INFO neutron.api.v2.resource [None req-8dbc606b-480f-47a7-8070-a624341be570 49ed585be95c48b8a66304cbfa90ce46 0ccb0cd66af0470c8066d388ff187b19 - - default default] remove_router_interface failed (client error): The resource could not be found. [pid: 8|app: 0|req: 809/1596] 10.0.0.162 () {34 vars in 788 bytes} [Fri Jul 17 13:54:30 2026] PUT /v2.0/routers/0735ae81-7196-49e3-a68d-b4baa452c60b/remove_router_interface => generated 197 bytes in 91 msecs (HTTP/1.1 404) 4 headers in 164 bytes (1 switches on core 0) [pid: 8|app: 0|req: 810/1597] 10.0.0.162 () {32 vars in 735 bytes} [Fri Jul 17 13:54:31 2026] GET /v2.0/ports?device_id=0735ae81-7196-49e3-a68d-b4baa452c60b => generated 12 bytes in 20 msecs (HTTP/1.1 200) 4 headers in 156 bytes (1 switches on core 0)
2026-07-17 13:54:31.177 7 INFO neutron.db.ovn_revision_numbers_db [None req-1c5a5329-0765-4888-9ef7-9208c09180a1 8b6c33894c7b49c0990ba37372c045b7 72805cb5b3d74f76a64f61ed8ce863ca - - default default] Successfully bumped revision number for resource e34d22d8-b88a-4fa1-a83d-2baed3dc715b (type: security_group_rules) to 0
2026-07-17 13:54:31.178 7 WARNING neutron.plugins.ml2.drivers.ovn.mech_driver.ovsdb.ovn_client [None req-3c14d8d5-7f88-4da0-9bc3-78156bdfeb16 - - - - - -] No hosting information found for port 7217ff06-e516-4819-8d38-f11da9b42304: RuntimeError: No hosting information found for port 7217ff06-e516-4819-8d38-f11da9b42304 [pid: 7|app: 0|req: 788/1598] 10.0.0.162 () {34 vars in 694 bytes} [Fri Jul 17 13:54:30 2026] POST /v2.0/security-group-rules => generated 606 bytes in 245 msecs (HTTP/1.1 201) 4 headers in 162 bytes (1 switches on core 0)
2026-07-17 13:54:31.280 7 INFO neutron.db.ovn_revision_numbers_db [None req-3c14d8d5-7f88-4da0-9bc3-78156bdfeb16 - - - - - -] Successfully bumped revision number for resource 7217ff06-e516-4819-8d38-f11da9b42304 (type: router_ports) to 2 [pid: 8|app: 0|req: 811/1599] 10.0.0.162 () {32 vars in 723 bytes} [Fri Jul 17 13:54:31 2026] DELETE /v2.0/routers/0735ae81-7196-49e3-a68d-b4baa452c60b => generated 0 bytes in 221 msecs (HTTP/1.1 204) 2 headers in 112 bytes (1 switches on core 0)
2026-07-17 13:54:31.353 7 INFO neutron.plugins.ml2.drivers.ovn.mech_driver.mech_driver [None req-3c14d8d5-7f88-4da0-9bc3-78156bdfeb16 - - - - - -] OVN reports status down for port: 4a7a3b87-3d83-4271-bf25-784b83b97943
2026-07-17 13:54:31.459 7 INFO neutron.plugins.ml2.drivers.ovn.mech_driver.mech_driver [None req-3c14d8d5-7f88-4da0-9bc3-78156bdfeb16 - - - - - -] OVN reports status down for port: 47e62041-a122-4c12-b677-63b14efb9b53
2026-07-17 13:54:31.562 7 WARNING neutron.plugins.ml2.drivers.ovn.mech_driver.ovsdb.ovn_client [None req-3c14d8d5-7f88-4da0-9bc3-78156bdfeb16 - - - - - -] Logical_Switch_Port 47e62041-a122-4c12-b677-63b14efb9b53 host information not removed, the port state is up
2026-07-17 13:54:31.564 7 INFO neutron.plugins.ml2.drivers.ovn.mech_driver.mech_driver [None req-3c14d8d5-7f88-4da0-9bc3-78156bdfeb16 - - - - - -] OVN reports status down for port: fffb8f3f-475a-4a17-bfde-ef82cc229532
2026-07-17 13:54:31.577 7 INFO neutron.plugins.ml2.drivers.ovn.mech_driver.mech_driver [None req-3c14d8d5-7f88-4da0-9bc3-78156bdfeb16 - - - - - -] OVN reports status up for port: 47e62041-a122-4c12-b677-63b14efb9b53
