2026-07-17 13:57:01.378 8 INFO neutron.plugins.ml2.drivers.ovn.mech_driver.ovsdb.commands [None req-507c8778-714e-47fe-a2e8-ce5def025d64 - - - - - -] Schedule LRP lrp-0080e464-c311-43cc-8bf1-365241e96304 on gateway 6164d361-60dc-4f72-83bd-6f5343b17d92 with priority 1
2026-07-17 13:57:01.437 7 INFO neutron.plugins.ml2.drivers.ovn.mech_driver.mech_driver [None req-92843510-34b4-457f-8ff1-77d23d2abbb8 - - - - - -] OVN reports status up for port: 0080e464-c311-43cc-8bf1-365241e96304
2026-07-17 13:57:01.440 8 INFO neutron.db.ovn_revision_numbers_db [None req-7f5daa0b-37aa-4a0a-97ba-d2f8a44aac0c ed927859d0ac42aa8e6132a8506bcce0 120082bb0797481b84bc1412e85613eb - - default default] Successfully bumped revision number for resource 0080e464-c311-43cc-8bf1-365241e96304 (type: router_ports) to 1
2026-07-17 13:57:01.454 7 INFO neutron.plugins.ml2.plugin [None req-92843510-34b4-457f-8ff1-77d23d2abbb8 - - - - - -] Attempt 1 to provision port 0080e464-c311-43cc-8bf1-365241e96304
2026-07-17 13:57:01.523 8 INFO neutron.db.ovn_revision_numbers_db [None req-7f5daa0b-37aa-4a0a-97ba-d2f8a44aac0c ed927859d0ac42aa8e6132a8506bcce0 120082bb0797481b84bc1412e85613eb - - default default] Successfully bumped revision number for resource 885f2787-b5fa-4c53-a502-904b1fc214e7 (type: routers) to 2 [pid: 8|app: 0|req: 1418/2707] 10.0.0.162 () {34 vars in 668 bytes} [Fri Jul 17 13:57:00 2026] POST /v2.0/routers => generated 937 bytes in 1441 msecs (HTTP/1.1 201) 4 headers in 162 bytes (1 switches on core 0)
2026-07-17 13:57:01.595 7 INFO neutron_taas.services.taas.taas_plugin [None req-a64afed4-8dcc-4172-8430-93f1a30c7c8c 24b190fcd65d4d8fbb63afe0c7751886 b02deb05ddcb40778b57bb8d4d61699e - - default default] TaaS: Handle Delete Port: 9304a99b-fb6f-42ac-bad8-53cde37db5e8
2026-07-17 13:57:01.600 7 INFO neutron_taas.services.taas.tap_mirror_plugin [None req-a64afed4-8dcc-4172-8430-93f1a30c7c8c 24b190fcd65d4d8fbb63afe0c7751886 b02deb05ddcb40778b57bb8d4d61699e - - default default] Tap Mirror: Handle Delete Port: 9304a99b-fb6f-42ac-bad8-53cde37db5e8 [pid: 7|app: 0|req: 1290/2708] 10.0.0.162 () {32 vars in 719 bytes} [Fri Jul 17 13:57:01 2026] DELETE /v2.0/ports/9304a99b-fb6f-42ac-bad8-53cde37db5e8 => generated 0 bytes in 351 msecs (HTTP/1.1 204) 3 headers in 131 bytes (1 switches on core 0)
2026-07-17 13:57:01.856 8 INFO neutron.db.ovn_revision_numbers_db [None req-7bb1778e-67b6-4241-b2d5-3fe45c39755b 8007ca8bd0b646638d24f803310a6efb e3afcea363ee4f519fa33b51c16feaf2 - - default default] Successfully bumped revision number for resource e102cf70-93eb-4c12-b99f-fd344824f915 (type: security_groups) to 1
2026-07-17 13:57:01.868 8 INFO neutron.db.ovn_revision_numbers_db [None req-7bb1778e-67b6-4241-b2d5-3fe45c39755b 8007ca8bd0b646638d24f803310a6efb e3afcea363ee4f519fa33b51c16feaf2 - - default default] Successfully bumped revision number for resource 2df3e013-7ed6-4102-9a1a-a41c977bc69b (type: security_group_rules) to 0
2026-07-17 13:57:01.881 8 INFO neutron.db.ovn_revision_numbers_db [None req-7bb1778e-67b6-4241-b2d5-3fe45c39755b 8007ca8bd0b646638d24f803310a6efb e3afcea363ee4f519fa33b51c16feaf2 - - default default] Successfully bumped revision number for resource 8437a4f6-d4e9-4fec-9ac0-105b3c3a8f51 (type: security_group_rules) to 0
2026-07-17 13:57:01.896 8 INFO neutron.db.ovn_revision_numbers_db [None req-7bb1778e-67b6-4241-b2d5-3fe45c39755b 8007ca8bd0b646638d24f803310a6efb e3afcea363ee4f519fa33b51c16feaf2 - - default default] Successfully bumped revision number for resource c452b9bc-49a2-4bc1-96a7-41b889d56e7a (type: security_group_rules) to 0
2026-07-17 13:57:01.913 8 INFO neutron.db.ovn_revision_numbers_db [None req-7bb1778e-67b6-4241-b2d5-3fe45c39755b 8007ca8bd0b646638d24f803310a6efb e3afcea363ee4f519fa33b51c16feaf2 - - default default] Successfully bumped revision number for resource ee80511f-a1eb-4ff6-a36f-87d2a88d7e3b (type: security_group_rules) to 0
2026-07-17 13:57:01.991 8 INFO neutron.db.segments_db [None req-7bb1778e-67b6-4241-b2d5-3fe45c39755b 8007ca8bd0b646638d24f803310a6efb e3afcea363ee4f519fa33b51c16feaf2 - - default default] Added segment ef050e44-d606-460d-8bc6-6b4db0f84ccf of type geneve for network c2d2f31b-ac99-48c3-8ae1-0a3fb628367a
2026-07-17 13:57:02.122 8 INFO neutron.db.ovn_revision_numbers_db [None req-7bb1778e-67b6-4241-b2d5-3fe45c39755b 8007ca8bd0b646638d24f803310a6efb e3afcea363ee4f519fa33b51c16feaf2 - - default default] Successfully bumped revision number for resource c2d2f31b-ac99-48c3-8ae1-0a3fb628367a (type: networks) to 1
2026-07-17 13:57:02.291 7 WARNING neutron.scheduler.dhcp_agent_scheduler [None req-f17ff912-22d2-4d14-aa8c-b333a777839e ed927859d0ac42aa8e6132a8506bcce0 120082bb0797481b84bc1412e85613eb - - default default] No more DHCP agents
2026-07-17 13:57:02.292 7 WARNING neutron.api.rpc.agentnotifiers.dhcp_rpc_agent_api [None req-f17ff912-22d2-4d14-aa8c-b333a777839e ed927859d0ac42aa8e6132a8506bcce0 120082bb0797481b84bc1412e85613eb - - default default] Unable to schedule network 523a9eb9-27a0-4102-bdb0-f0f02c5a17fb: no agents available; will retry on subsequent port and subnet creation events.
2026-07-17 13:57:02.296 8 WARNING neutron.scheduler.dhcp_agent_scheduler [None req-7bb1778e-67b6-4241-b2d5-3fe45c39755b 8007ca8bd0b646638d24f803310a6efb e3afcea363ee4f519fa33b51c16feaf2 - - default default] No more DHCP agents
2026-07-17 13:57:02.297 8 WARNING neutron.api.rpc.agentnotifiers.dhcp_rpc_agent_api [None req-7bb1778e-67b6-4241-b2d5-3fe45c39755b 8007ca8bd0b646638d24f803310a6efb e3afcea363ee4f519fa33b51c16feaf2 - - default default] Unable to schedule network c2d2f31b-ac99-48c3-8ae1-0a3fb628367a: no agents available; will retry on subsequent port and subnet creation events.
2026-07-17 13:57:02.383 8 INFO neutron.db.ovn_revision_numbers_db [None req-7bb1778e-67b6-4241-b2d5-3fe45c39755b 8007ca8bd0b646638d24f803310a6efb e3afcea363ee4f519fa33b51c16feaf2 - - default default] Successfully bumped revision number for resource 6cc55d72-c217-4f33-acca-35045e22f419 (type: ports) to 1 [pid: 8|app: 0|req: 1419/2709] 10.0.0.162 () {34 vars in 669 bytes} [Fri Jul 17 13:57:01 2026] POST /v2.0/networks => generated 677 bytes in 864 msecs (HTTP/1.1 201) 4 headers in 162 bytes (1 switches on core 0)
2026-07-17 13:57:02.456 8 INFO neutron.plugins.ml2.drivers.ovn.mech_driver.mech_driver [None req-f38b63dc-a98e-4a76-b5dd-81024d76428b - - - - - -] OVN reports status down for port: 29e8b26a-610a-42b9-a12d-07ecbabd5ead
2026-07-17 13:57:02.496 7 INFO neutron.db.ovn_revision_numbers_db [None req-f17ff912-22d2-4d14-aa8c-b333a777839e ed927859d0ac42aa8e6132a8506bcce0 120082bb0797481b84bc1412e85613eb - - default default] Successfully bumped revision number for resource 29e8b26a-610a-42b9-a12d-07ecbabd5ead (type: ports) to 1
2026-07-17 13:57:02.615 8 INFO neutron_taas.services.taas.taas_plugin [None req-1470c1b6-adf4-49b6-a65d-f440594342b8 24b190fcd65d4d8fbb63afe0c7751886 b02deb05ddcb40778b57bb8d4d61699e - - default default] TaaS: Handle Delete Port: d711016a-1f21-4da0-99ef-579beb250786
2026-07-17 13:57:02.619 8 INFO neutron_taas.services.taas.tap_mirror_plugin [None req-1470c1b6-adf4-49b6-a65d-f440594342b8 24b190fcd65d4d8fbb63afe0c7751886 b02deb05ddcb40778b57bb8d4d61699e - - default default] Tap Mirror: Handle Delete Port: d711016a-1f21-4da0-99ef-579beb250786 [pid: 8|app: 0|req: 1420/2710] 10.0.0.162 () {32 vars in 719 bytes} [Fri Jul 17 13:57:02 2026] DELETE /v2.0/ports/d711016a-1f21-4da0-99ef-579beb250786 => generated 0 bytes in 328 msecs (HTTP/1.1 204) 3 headers in 131 bytes (1 switches on core 0)
2026-07-17 13:57:02.942 8 WARNING neutron.scheduler.dhcp_agent_scheduler [None req-50ccffaf-f605-42fd-9dff-ac1f4b4972d8 8007ca8bd0b646638d24f803310a6efb e3afcea363ee4f519fa33b51c16feaf2 - - default default] No more DHCP agents
2026-07-17 13:57:02.943 8 WARNING neutron.api.rpc.agentnotifiers.dhcp_rpc_agent_api [None req-50ccffaf-f605-42fd-9dff-ac1f4b4972d8 8007ca8bd0b646638d24f803310a6efb e3afcea363ee4f519fa33b51c16feaf2 - - default default] Unable to schedule network c2d2f31b-ac99-48c3-8ae1-0a3fb628367a: no agents available; will retry on subsequent port and subnet creation events.
2026-07-17 13:57:03.181 8 INFO neutron.plugins.ml2.drivers.ovn.mech_driver.mech_driver [None req-f38b63dc-a98e-4a76-b5dd-81024d76428b - - - - - -] OVN reports status up for port: 29e8b26a-610a-42b9-a12d-07ecbabd5ead
2026-07-17 13:57:03.215 8 INFO neutron.plugins.ml2.plugin [None req-f38b63dc-a98e-4a76-b5dd-81024d76428b - - - - - -] Attempt 1 to provision port 29e8b26a-610a-42b9-a12d-07ecbabd5ead
2026-07-17 13:57:03.240 7 WARNING neutron.scheduler.dhcp_agent_scheduler [None req-f17ff912-22d2-4d14-aa8c-b333a777839e ed927859d0ac42aa8e6132a8506bcce0 120082bb0797481b84bc1412e85613eb - - default default] No more DHCP agents
2026-07-17 13:57:03.242 7 WARNING neutron.api.rpc.agentnotifiers.dhcp_rpc_agent_api [None req-f17ff912-22d2-4d14-aa8c-b333a777839e ed927859d0ac42aa8e6132a8506bcce0 120082bb0797481b84bc1412e85613eb - - default default] Unable to schedule network 523a9eb9-27a0-4102-bdb0-f0f02c5a17fb: no agents available; will retry on subsequent port and subnet creation events.
2026-07-17 13:57:03.565 7 INFO neutron.db.ovn_revision_numbers_db [None req-f17ff912-22d2-4d14-aa8c-b333a777839e ed927859d0ac42aa8e6132a8506bcce0 120082bb0797481b84bc1412e85613eb - - default default] Successfully bumped revision number for resource 29e8b26a-610a-42b9-a12d-07ecbabd5ead (type: router_ports) to 1 [pid: 7|app: 0|req: 1291/2711] 10.0.0.162 () {34 vars in 782 bytes} [Fri Jul 17 13:57:01 2026] PUT /v2.0/routers/885f2787-b5fa-4c53-a502-904b1fc214e7/add_router_interface => generated 309 bytes in 1851 msecs (HTTP/1.1 200) 4 headers in 157 bytes (1 switches on core 0)
2026-07-17 13:57:03.732 8 INFO neutron.db.ovn_revision_numbers_db [None req-bebed06e-6c0b-4bba-aa71-2a6e0d1ebbd3 - - - - - -] Successfully bumped revision number for resource 6cc55d72-c217-4f33-acca-35045e22f419 (type: ports) to 2
2026-07-17 13:57:03.758 7 INFO neutron_taas.services.taas.taas_plugin [None req-c2f5524b-cf05-454c-9b5b-09ab96f266f3 24b190fcd65d4d8fbb63afe0c7751886 b02deb05ddcb40778b57bb8d4d61699e - - default default] TaaS: Handle Delete Port: 2ee61302-319e-488f-b202-eeae8cbf916c
2026-07-17 13:57:03.762 7 INFO neutron_taas.services.taas.tap_mirror_plugin [None req-c2f5524b-cf05-454c-9b5b-09ab96f266f3 24b190fcd65d4d8fbb63afe0c7751886 b02deb05ddcb40778b57bb8d4d61699e - - default default] Tap Mirror: Handle Delete Port: 2ee61302-319e-488f-b202-eeae8cbf916c
2026-07-17 13:57:03.813 8 INFO neutron.db.ovn_revision_numbers_db [None req-bebed06e-6c0b-4bba-aa71-2a6e0d1ebbd3 - - - - - -] Successfully bumped revision number for resource 48e9b8d4-dbe0-4f64-b5b1-b907d60ed1e9 (type: subnets) to 0 [pid: 8|app: 0|req: 1421/2712] 10.0.0.162 () {34 vars in 668 bytes} [Fri Jul 17 13:57:02 2026] POST /v2.0/subnets => generated 657 bytes in 1135 msecs (HTTP/1.1 201) 4 headers in 162 bytes (1 switches on core 0) [pid: 7|app: 0|req: 1292/2713] 10.0.0.162 () {32 vars in 719 bytes} [Fri Jul 17 13:57:03 2026] DELETE /v2.0/ports/2ee61302-319e-488f-b202-eeae8cbf916c => generated 0 bytes in 335 msecs (HTTP/1.1 204) 3 headers in 131 bytes (1 switches on core 0) [pid: 7|app: 0|req: 1293/2714] 10.0.0.162 () {32 vars in 721 bytes} [Fri Jul 17 13:57:03 2026] GET /v2.0/subnetpools?name=shared-default-subnetpool-v6 => generated 19 bytes in 68 msecs (HTTP/1.1 200) 4 headers in 156 bytes (1 switches on core 0)
2026-07-17 13:57:04.141 7 INFO neutron_taas.services.taas.taas_plugin [None req-8accadb2-5d71-48ac-8ecf-4834da67db53 24b190fcd65d4d8fbb63afe0c7751886 b02deb05ddcb40778b57bb8d4d61699e - - default default] TaaS: Handle Delete Port: da5490bb-c4e1-4ef1-a995-b85a5f8ed776
2026-07-17 13:57:04.144 7 INFO neutron_taas.services.taas.tap_mirror_plugin [None req-8accadb2-5d71-48ac-8ecf-4834da67db53 24b190fcd65d4d8fbb63afe0c7751886 b02deb05ddcb40778b57bb8d4d61699e - - default default] Tap Mirror: Handle Delete Port: da5490bb-c4e1-4ef1-a995-b85a5f8ed776
2026-07-17 13:57:04.196 8 INFO neutron.db.ovn_revision_numbers_db [None req-f38b63dc-a98e-4a76-b5dd-81024d76428b - - - - - -] Successfully bumped revision number for resource 29e8b26a-610a-42b9-a12d-07ecbabd5ead (type: ports) to 2 [pid: 7|app: 0|req: 1294/2715] 10.0.0.162 () {32 vars in 719 bytes} [Fri Jul 17 13:57:03 2026] DELETE /v2.0/ports/da5490bb-c4e1-4ef1-a995-b85a5f8ed776 => generated 0 bytes in 290 msecs (HTTP/1.1 204) 3 headers in 131 bytes (1 switches on core 0)
2026-07-17 13:57:04.526 7 WARNING neutron.scheduler.dhcp_agent_scheduler [None req-a59f5c14-87c3-4e5b-b10c-f5c688bbcf74 8007ca8bd0b646638d24f803310a6efb e3afcea363ee4f519fa33b51c16feaf2 - - default default] No more DHCP agents
2026-07-17 13:57:04.527 7 WARNING neutron.api.rpc.agentnotifiers.dhcp_rpc_agent_api [None req-a59f5c14-87c3-4e5b-b10c-f5c688bbcf74 8007ca8bd0b646638d24f803310a6efb e3afcea363ee4f519fa33b51c16feaf2 - - default default] Unable to schedule network c2d2f31b-ac99-48c3-8ae1-0a3fb628367a: no agents available; will retry on subsequent port and subnet creation events.
2026-07-17 13:57:04.566 7 INFO neutron.db.ovn_revision_numbers_db [None req-a59f5c14-87c3-4e5b-b10c-f5c688bbcf74 8007ca8bd0b646638d24f803310a6efb e3afcea363ee4f519fa33b51c16feaf2 - - default default] Successfully bumped revision number for resource 7dcb8322-a14e-4af6-bef2-1dfc938284b9 (type: subnets) to 0 [pid: 7|app: 0|req: 1295/2716] 10.0.0.162 () {34 vars in 668 bytes} [Fri Jul 17 13:57:04 2026] POST /v2.0/subnets => generated 732 bytes in 313 msecs (HTTP/1.1 201) 4 headers in 162 bytes (1 switches on core 0)
2026-07-17 13:57:04.695 8 WARNING neutron.scheduler.dhcp_agent_scheduler [None req-9357fd93-5414-4578-84e2-88eac61cb659 - - - - - -] No more DHCP agents
2026-07-17 13:57:04.696 8 WARNING neutron.api.rpc.agentnotifiers.dhcp_rpc_agent_api [None req-9357fd93-5414-4578-84e2-88eac61cb659 - - - - - -] Unable to schedule network f9e46c24-2e3d-4209-ba33-87e7412532be: no agents available; will retry on subsequent port and subnet creation events.
2026-07-17 13:57:04.702 7 INFO neutron_taas.services.taas.taas_plugin [None req-9b02f3d0-8cbe-4c10-8878-4917f4726d91 24b190fcd65d4d8fbb63afe0c7751886 b02deb05ddcb40778b57bb8d4d61699e - - default default] TaaS: Handle Delete Port: 328c73c6-8906-4294-b64b-f90fd8eaca65
2026-07-17 13:57:04.705 7 INFO neutron_taas.services.taas.tap_mirror_plugin [None req-9b02f3d0-8cbe-4c10-8878-4917f4726d91 24b190fcd65d4d8fbb63afe0c7751886 b02deb05ddcb40778b57bb8d4d61699e - - default default] Tap Mirror: Handle Delete Port: 328c73c6-8906-4294-b64b-f90fd8eaca65
2026-07-17 13:57:04.863 8 INFO neutron.db.ovn_revision_numbers_db [None req-9357fd93-5414-4578-84e2-88eac61cb659 - - - - - -] Successfully bumped revision number for resource e0139039-35da-42d1-b55e-a3c8f6ee84b4 (type: ports) to 1
2026-07-17 13:57:04.923 7 INFO neutron.services.segments.plugin [-] Segment 75000189-953e-4f29-a18b-588371c1083d resource provider aggregate not found
2026-07-17 13:57:04.927 7 INFO neutron.services.segments.plugin [-] Segment 75000189-953e-4f29-a18b-588371c1083d resource provider aggregate not found
2026-07-17 13:57:04.949 7 INFO neutron.services.segments.plugin [-] Client error retrieving segment 75000189-953e-4f29-a18b-588371c1083d resource provider; error: Placement Client Error (4xx): {"errors": [{"status": 404, "title": "Not Found", "detail": "The resource could not be found.\n\n No resource provider with uuid 75000189-953e-4f29-a18b-588371c1083d found for delete ", "request_id": "req-e4492e9a-24c6-44ef-a345-853431c1715f"}]}
2026-07-17 13:57:04.951 7 INFO neutron.services.segments.plugin [-] Client error retrieving segment 75000189-953e-4f29-a18b-588371c1083d resource provider; error: Placement Client Error (4xx): {"errors": [{"status": 404, "title": "Not Found", "detail": "The resource could not be found.\n\n No resource provider with uuid 75000189-953e-4f29-a18b-588371c1083d found for delete ", "request_id": "req-90e1aa15-664c-4b64-a2f4-b441aebb046b"}]} [pid: 7|app: 0|req: 1296/2717] 10.0.0.162 () {32 vars in 725 bytes} [Fri Jul 17 13:57:04 2026] DELETE /v2.0/networks/b50240c1-bd2b-4c49-b991-02b62f903f3d => generated 0 bytes in 394 msecs (HTTP/1.1 204) 3 headers in 131 bytes (1 switches on core 0)
2026-07-17 13:57:05.088 7 INFO neutron.db.segments_db [None req-388dcfb4-5975-4856-84b8-d75710260f5b 8007ca8bd0b646638d24f803310a6efb e3afcea363ee4f519fa33b51c16feaf2 - - default default] Added segment a9ea2f92-c79a-4a31-8f45-65e2ec679368 of type geneve for network f47631a9-3b24-44ca-a496-9b0b13a812f7
2026-07-17 13:57:05.153 8 INFO neutron.db.ovn_revision_numbers_db [None req-9357fd93-5414-4578-84e2-88eac61cb659 - - - - - -] Successfully bumped revision number for resource e0139039-35da-42d1-b55e-a3c8f6ee84b4 (type: ports) to 3
2026-07-17 13:57:05.213 8 INFO neutron.db.segments_db [None req-9357fd93-5414-4578-84e2-88eac61cb659 - - - - - -] Added segment bb1c6976-a8fb-4d18-bf00-eed6e613fe63 of type geneve for network 6413cae1-9212-49e6-a213-b3f58f7bf664
2026-07-17 13:57:05.228 7 INFO neutron.db.ovn_revision_numbers_db [None req-388dcfb4-5975-4856-84b8-d75710260f5b 8007ca8bd0b646638d24f803310a6efb e3afcea363ee4f519fa33b51c16feaf2 - - default default] Successfully bumped revision number for resource f47631a9-3b24-44ca-a496-9b0b13a812f7 (type: networks) to 1
2026-07-17 13:57:05.317 8 INFO neutron.db.ovn_revision_numbers_db [None req-7495208c-7135-44cb-b408-ac9f294e3154 - - - - - -] Successfully bumped revision number for resource 6413cae1-9212-49e6-a213-b3f58f7bf664 (type: networks) to 1
2026-07-17 13:57:05.407 7 WARNING neutron.scheduler.dhcp_agent_scheduler [None req-388dcfb4-5975-4856-84b8-d75710260f5b 8007ca8bd0b646638d24f803310a6efb e3afcea363ee4f519fa33b51c16feaf2 - - default default] No more DHCP agents
2026-07-17 13:57:05.408 7 WARNING neutron.api.rpc.agentnotifiers.dhcp_rpc_agent_api [None req-388dcfb4-5975-4856-84b8-d75710260f5b 8007ca8bd0b646638d24f803310a6efb e3afcea363ee4f519fa33b51c16feaf2 - - default default] Unable to schedule network f47631a9-3b24-44ca-a496-9b0b13a812f7: no agents available; will retry on subsequent port and subnet creation events.
2026-07-17 13:57:05.468 8 WARNING neutron.scheduler.dhcp_agent_scheduler [None req-7495208c-7135-44cb-b408-ac9f294e3154 - - - - - -] No more DHCP agents
2026-07-17 13:57:05.470 8 WARNING neutron.api.rpc.agentnotifiers.dhcp_rpc_agent_api [None req-7495208c-7135-44cb-b408-ac9f294e3154 - - - - - -] Unable to schedule network 6413cae1-9212-49e6-a213-b3f58f7bf664: no agents available; will retry on subsequent port and subnet creation events.
2026-07-17 13:57:05.496 7 INFO neutron.db.ovn_revision_numbers_db [None req-388dcfb4-5975-4856-84b8-d75710260f5b 8007ca8bd0b646638d24f803310a6efb e3afcea363ee4f519fa33b51c16feaf2 - - default default] Successfully bumped revision number for resource 68bcd907-d232-44e6-b002-0e4073e572a7 (type: ports) to 1 [pid: 7|app: 0|req: 1297/2718] 10.0.0.162 () {34 vars in 669 bytes} [Fri Jul 17 13:57:04 2026] POST /v2.0/networks => generated 676 bytes in 565 msecs (HTTP/1.1 201) 4 headers in 162 bytes (1 switches on core 0)
2026-07-17 13:57:05.562 8 INFO neutron.db.ovn_revision_numbers_db [None req-7495208c-7135-44cb-b408-ac9f294e3154 - - - - - -] Successfully bumped revision number for resource 2623f073-9ece-484c-b872-f79d757c6b35 (type: ports) to 1
2026-07-17 13:57:05.666 7 INFO neutron_taas.services.taas.taas_plugin [None req-d5163a63-3df9-465e-b185-1098ab33671a 24b190fcd65d4d8fbb63afe0c7751886 b02deb05ddcb40778b57bb8d4d61699e - - default default] TaaS: Handle Delete Port: 09de6a41-f66e-4906-8a7b-a77e470dc342
2026-07-17 13:57:05.669 7 INFO neutron_taas.services.taas.tap_mirror_plugin [None req-d5163a63-3df9-465e-b185-1098ab33671a 24b190fcd65d4d8fbb63afe0c7751886 b02deb05ddcb40778b57bb8d4d61699e - - default default] Tap Mirror: Handle Delete Port: 09de6a41-f66e-4906-8a7b-a77e470dc342
2026-07-17 13:57:05.700 8 WARNING neutron.scheduler.dhcp_agent_scheduler [None req-7495208c-7135-44cb-b408-ac9f294e3154 - - - - - -] No more DHCP agents
2026-07-17 13:57:05.701 8 WARNING neutron.api.rpc.agentnotifiers.dhcp_rpc_agent_api [None req-7495208c-7135-44cb-b408-ac9f294e3154 - - - - - -] Unable to schedule network 6413cae1-9212-49e6-a213-b3f58f7bf664: no agents available; will retry on subsequent port and subnet creation events.
2026-07-17 13:57:05.722 8 INFO neutron.db.ovn_revision_numbers_db [None req-7495208c-7135-44cb-b408-ac9f294e3154 - - - - - -] Successfully bumped revision number for resource b65ad5fa-1ae6-4d84-b601-2b3794453306 (type: subnets) to 0 [pid: 7|app: 0|req: 1298/2719] 10.0.0.162 () {32 vars in 725 bytes} [Fri Jul 17 13:57:05 2026] DELETE /v2.0/networks/f5f15476-f4cb-4a8f-a9dd-4e3120a973ef => generated 0 bytes in 333 msecs (HTTP/1.1 204) 3 headers in 131 bytes (1 switches on core 0)
2026-07-17 13:57:06.094 7 WARNING neutron.scheduler.dhcp_agent_scheduler [None req-66a6c440-ce62-4dbe-a8d3-f3f4c1bc7971 8007ca8bd0b646638d24f803310a6efb e3afcea363ee4f519fa33b51c16feaf2 - - default default] No more DHCP agents
2026-07-17 13:57:06.096 7 WARNING neutron.api.rpc.agentnotifiers.dhcp_rpc_agent_api [None req-66a6c440-ce62-4dbe-a8d3-f3f4c1bc7971 8007ca8bd0b646638d24f803310a6efb e3afcea363ee4f519fa33b51c16feaf2 - - default default] Unable to schedule network f47631a9-3b24-44ca-a496-9b0b13a812f7: no agents available; will retry on subsequent port and subnet creation events.
2026-07-17 13:57:06.148 8 WARNING neutron.scheduler.dhcp_agent_scheduler [None req-7495208c-7135-44cb-b408-ac9f294e3154 - - - - - -] No more DHCP agents
2026-07-17 13:57:06.150 8 WARNING neutron.api.rpc.agentnotifiers.dhcp_rpc_agent_api [None req-7495208c-7135-44cb-b408-ac9f294e3154 - - - - - -] Unable to schedule network 6413cae1-9212-49e6-a213-b3f58f7bf664: no agents available; will retry on subsequent port and subnet creation events.
2026-07-17 13:57:06.303 8 INFO neutron.db.ovn_revision_numbers_db [None req-7495208c-7135-44cb-b408-ac9f294e3154 - - - - - -] Successfully bumped revision number for resource 3258143c-1fcd-424a-9241-69346beb2b24 (type: ports) to 1
2026-07-17 13:57:06.533 7 INFO neutron.db.ovn_revision_numbers_db [None req-40946dc7-4f4e-46f8-b33b-a37d73eead05 - - - - - -] Successfully bumped revision number for resource 68bcd907-d232-44e6-b002-0e4073e572a7 (type: ports) to 2
2026-07-17 13:57:06.561 7 INFO neutron.db.ovn_revision_numbers_db [None req-40946dc7-4f4e-46f8-b33b-a37d73eead05 - - - - - -] Successfully bumped revision number for resource 7163ae72-6bf5-49c4-9c48-c9f0060fd9c1 (type: subnets) to 0 [pid: 7|app: 0|req: 1299/2720] 10.0.0.162 () {34 vars in 668 bytes} [Fri Jul 17 13:57:05 2026] POST /v2.0/subnets => generated 655 bytes in 701 msecs (HTTP/1.1 201) 4 headers in 162 bytes (1 switches on core 0)
2026-07-17 13:57:06.686 7 INFO neutron_taas.services.taas.taas_plugin [None req-b8f6f20d-c4cf-424b-8b2c-9bdb77abfd34 24b190fcd65d4d8fbb63afe0c7751886 b02deb05ddcb40778b57bb8d4d61699e - - default default] TaaS: Handle Delete Port: 2413e771-0321-4b3b-9a41-6c71ccd63175
2026-07-17 13:57:06.690 7 INFO neutron_taas.services.taas.tap_mirror_plugin [None req-b8f6f20d-c4cf-424b-8b2c-9bdb77abfd34 24b190fcd65d4d8fbb63afe0c7751886 b02deb05ddcb40778b57bb8d4d61699e - - default default] Tap Mirror: Handle Delete Port: 2413e771-0321-4b3b-9a41-6c71ccd63175
2026-07-17 13:57:06.819 7 WARNING neutron.plugins.ml2.drivers.ovn.mech_driver.ovsdb.ovn_client [None req-92843510-34b4-457f-8ff1-77d23d2abbb8 - - - - - -] No hosting information found for port 0080e464-c311-43cc-8bf1-365241e96304: RuntimeError: No hosting information found for port 0080e464-c311-43cc-8bf1-365241e96304
2026-07-17 13:57:06.819 7 INFO neutron.plugins.ml2.drivers.ovn.mech_driver.mech_driver [None req-92843510-34b4-457f-8ff1-77d23d2abbb8 - - - - - -] OVN reports status down for port: 6cc55d72-c217-4f33-acca-35045e22f419
2026-07-17 13:57:06.943 7 INFO neutron.plugins.ml2.drivers.ovn.mech_driver.mech_driver [None req-92843510-34b4-457f-8ff1-77d23d2abbb8 - - - - - -] OVN reports status down for port: e0139039-35da-42d1-b55e-a3c8f6ee84b4
2026-07-17 13:57:06.977 8 WARNING neutron.scheduler.dhcp_agent_scheduler [None req-7495208c-7135-44cb-b408-ac9f294e3154 - - - - - -] No more DHCP agents
2026-07-17 13:57:06.978 8 WARNING neutron.api.rpc.agentnotifiers.dhcp_rpc_agent_api [None req-7495208c-7135-44cb-b408-ac9f294e3154 - - - - - -] Unable to schedule network 6413cae1-9212-49e6-a213-b3f58f7bf664: no agents available; will retry on subsequent port and subnet creation events.
2026-07-17 13:57:06.984 7 INFO neutron.services.segments.plugin [-] Segment 80fe687b-829e-4baa-b40b-dfd23b64b348 resource provider aggregate not found
2026-07-17 13:57:06.986 7 INFO neutron.services.segments.plugin [-] Segment 80fe687b-829e-4baa-b40b-dfd23b64b348 resource provider aggregate not found
2026-07-17 13:57:07.017 7 INFO neutron.services.segments.plugin [-] Client error retrieving segment 80fe687b-829e-4baa-b40b-dfd23b64b348 resource provider; error: Placement Client Error (4xx): {"errors": [{"status": 404, "title": "Not Found", "detail": "The resource could not be found.\n\n No resource provider with uuid 80fe687b-829e-4baa-b40b-dfd23b64b348 found for delete ", "request_id": "req-3eb92f48-6a4d-45b0-964b-f3d4e5b21bd1"}]}
2026-07-17 13:57:07.024 7 INFO neutron.services.segments.plugin [-] Client error retrieving segment 80fe687b-829e-4baa-b40b-dfd23b64b348 resource provider; error: Placement Client Error (4xx): {"errors": [{"status": 404, "title": "Not Found", "detail": "The resource could not be found.\n\n No resource provider with uuid 80fe687b-829e-4baa-b40b-dfd23b64b348 found for delete ", "request_id": "req-6f7a61bd-989f-4a4a-b359-c77d738907d9"}]} [pid: 7|app: 0|req: 1300/2721] 10.0.0.162 () {32 vars in 725 bytes} [Fri Jul 17 13:57:06 2026] DELETE /v2.0/networks/c1cdadee-3fb1-4f68-9f67-c8d841113e7e => generated 0 bytes in 518 msecs (HTTP/1.1 204) 3 headers in 131 bytes (1 switches on core 0)
2026-07-17 13:57:07.104 7 INFO neutron.plugins.ml2.drivers.ovn.mech_driver.mech_driver [None req-92843510-34b4-457f-8ff1-77d23d2abbb8 - - - - - -] OVN reports status down for port: 68bcd907-d232-44e6-b002-0e4073e572a7
2026-07-17 13:57:07.379 7 WARNING neutron.scheduler.dhcp_agent_scheduler [None req-75282f30-f37e-4155-b281-fe04fdcc5074 8007ca8bd0b646638d24f803310a6efb e3afcea363ee4f519fa33b51c16feaf2 - - default default] No more DHCP agents
2026-07-17 13:57:07.381 7 WARNING neutron.api.rpc.agentnotifiers.dhcp_rpc_agent_api [None req-75282f30-f37e-4155-b281-fe04fdcc5074 8007ca8bd0b646638d24f803310a6efb e3afcea363ee4f519fa33b51c16feaf2 - - default default] Unable to schedule network f47631a9-3b24-44ca-a496-9b0b13a812f7: no agents available; will retry on subsequent port and subnet creation events.
2026-07-17 13:57:07.433 7 INFO neutron.db.ovn_revision_numbers_db [None req-75282f30-f37e-4155-b281-fe04fdcc5074 8007ca8bd0b646638d24f803310a6efb e3afcea363ee4f519fa33b51c16feaf2 - - default default] Successfully bumped revision number for resource 5a8ca8c6-ea65-4992-a7db-1ef88133fd87 (type: subnets) to 0 [pid: 7|app: 0|req: 1301/2722] 10.0.0.162 () {34 vars in 668 bytes} [Fri Jul 17 13:57:07 2026] POST /v2.0/subnets => generated 726 bytes in 377 msecs (HTTP/1.1 201) 4 headers in 162 bytes (1 switches on core 0)
2026-07-17 13:57:07.540 8 INFO neutron.db.ovn_revision_numbers_db [None req-7495208c-7135-44cb-b408-ac9f294e3154 - - - - - -] Successfully bumped revision number for resource 3258143c-1fcd-424a-9241-69346beb2b24 (type: router_ports) to 1
2026-07-17 13:57:07.607 7 INFO neutron_taas.services.taas.taas_plugin [None req-ba915c15-5046-4c21-85c6-d2b8701991d4 24b190fcd65d4d8fbb63afe0c7751886 b02deb05ddcb40778b57bb8d4d61699e - - default default] TaaS: Handle Delete Port: ee3dde02-bbc6-4b95-8cb6-ae07d2af296b
2026-07-17 13:57:07.611 7 INFO neutron_taas.services.taas.tap_mirror_plugin [None req-ba915c15-5046-4c21-85c6-d2b8701991d4 24b190fcd65d4d8fbb63afe0c7751886 b02deb05ddcb40778b57bb8d4d61699e - - default default] Tap Mirror: Handle Delete Port: ee3dde02-bbc6-4b95-8cb6-ae07d2af296b
2026-07-17 13:57:07.772 8 WARNING neutron.scheduler.dhcp_agent_scheduler [None req-7495208c-7135-44cb-b408-ac9f294e3154 - - - - - -] No more DHCP agents
2026-07-17 13:57:07.773 8 WARNING neutron.api.rpc.agentnotifiers.dhcp_rpc_agent_api [None req-7495208c-7135-44cb-b408-ac9f294e3154 - - - - - -] Unable to schedule network 6413cae1-9212-49e6-a213-b3f58f7bf664: no agents available; will retry on subsequent port and subnet creation events. [pid: 7|app: 0|req: 1302/2723] 10.0.0.162 () {32 vars in 725 bytes} [Fri Jul 17 13:57:07 2026] DELETE /v2.0/networks/40eda5b4-2f96-4bbe-ae21-52de2b476e3b => generated 0 bytes in 363 msecs (HTTP/1.1 204) 3 headers in 131 bytes (1 switches on core 0)
2026-07-17 13:57:07.917 7 INFO neutron.plugins.ml2.drivers.ovn.mech_driver.mech_driver [None req-92843510-34b4-457f-8ff1-77d23d2abbb8 - - - - - -] OVN reports status down for port: 78b518b4-f231-4a13-81f6-3d3c463a1d4b
2026-07-17 13:57:07.935 8 INFO neutron.db.ovn_revision_numbers_db [None req-7495208c-7135-44cb-b408-ac9f294e3154 - - - - - -] Successfully bumped revision number for resource 78b518b4-f231-4a13-81f6-3d3c463a1d4b (type: ports) to 1
2026-07-17 13:57:07.955 7 INFO neutron.db.segments_db [None req-3e236f0a-d576-45c5-bb35-21c5f33a528a 8007ca8bd0b646638d24f803310a6efb e3afcea363ee4f519fa33b51c16feaf2 - - default default] Added segment e092e5b3-59c7-4358-b62d-c36debcc1fa7 of type geneve for network e367b11e-1b00-46d0-a423-1736931bf73b
2026-07-17 13:57:08.101 7 INFO neutron.db.ovn_revision_numbers_db [None req-3e236f0a-d576-45c5-bb35-21c5f33a528a 8007ca8bd0b646638d24f803310a6efb e3afcea363ee4f519fa33b51c16feaf2 - - default default] Successfully bumped revision number for resource e367b11e-1b00-46d0-a423-1736931bf73b (type: networks) to 1
2026-07-17 13:57:08.218 8 INFO neutron.db.ovn_revision_numbers_db [None req-7495208c-7135-44cb-b408-ac9f294e3154 - - - - - -] Successfully bumped revision number for resource 78b518b4-f231-4a13-81f6-3d3c463a1d4b (type: ports) to 3
2026-07-17 13:57:08.299 7 WARNING neutron.scheduler.dhcp_agent_scheduler [None req-3e236f0a-d576-45c5-bb35-21c5f33a528a 8007ca8bd0b646638d24f803310a6efb e3afcea363ee4f519fa33b51c16feaf2 - - default default] No more DHCP agents
2026-07-17 13:57:08.300 7 WARNING neutron.api.rpc.agentnotifiers.dhcp_rpc_agent_api [None req-3e236f0a-d576-45c5-bb35-21c5f33a528a 8007ca8bd0b646638d24f803310a6efb e3afcea363ee4f519fa33b51c16feaf2 - - default default] Unable to schedule network e367b11e-1b00-46d0-a423-1736931bf73b: no agents available; will retry on subsequent port and subnet creation events.
2026-07-17 13:57:08.371 7 INFO neutron.db.ovn_revision_numbers_db [None req-3e236f0a-d576-45c5-bb35-21c5f33a528a 8007ca8bd0b646638d24f803310a6efb e3afcea363ee4f519fa33b51c16feaf2 - - default default] Successfully bumped revision number for resource 1ef1a228-8daa-497f-a5b4-deffe1ddda1a (type: ports) to 1 [pid: 7|app: 0|req: 1303/2724] 10.0.0.162 () {34 vars in 669 bytes} [Fri Jul 17 13:57:07 2026] POST /v2.0/networks => generated 675 bytes in 553 msecs (HTTP/1.1 201) 4 headers in 162 bytes (1 switches on core 0) [pid: 8|app: 0|req: 1422/2725] 10.0.0.162 () {34 vars in 684 bytes} [Fri Jul 17 13:57:03 2026] POST /v2.0/vpn/vpnservices => generated 459 bytes in 4570 msecs (HTTP/1.1 201) 4 headers in 162 bytes (1 switches on core 0)
2026-07-17 13:57:08.510 7 INFO neutron_taas.services.taas.taas_plugin [None req-123652e2-b4ba-4219-858e-bb7746eb141c 24b190fcd65d4d8fbb63afe0c7751886 b02deb05ddcb40778b57bb8d4d61699e - - default default] TaaS: Handle Delete Port: 47e3d799-2a00-4a04-8707-d1eaeb29478d
2026-07-17 13:57:08.513 7 INFO neutron_taas.services.taas.tap_mirror_plugin [None req-123652e2-b4ba-4219-858e-bb7746eb141c 24b190fcd65d4d8fbb63afe0c7751886 b02deb05ddcb40778b57bb8d4d61699e - - default default] Tap Mirror: Handle Delete Port: 47e3d799-2a00-4a04-8707-d1eaeb29478d
2026-07-17 13:57:08.624 8 WARNING neutron.scheduler.dhcp_agent_scheduler [None req-6bc65482-cc19-4978-8a26-d9ab11b55946 8007ca8bd0b646638d24f803310a6efb e3afcea363ee4f519fa33b51c16feaf2 - - default default] No more DHCP agents
2026-07-17 13:57:08.625 8 WARNING neutron.api.rpc.agentnotifiers.dhcp_rpc_agent_api [None req-6bc65482-cc19-4978-8a26-d9ab11b55946 8007ca8bd0b646638d24f803310a6efb e3afcea363ee4f519fa33b51c16feaf2 - - default default] Unable to schedule network e367b11e-1b00-46d0-a423-1736931bf73b: no agents available; will retry on subsequent port and subnet creation events. [pid: 7|app: 0|req: 1304/2726] 10.0.0.162 () {32 vars in 725 bytes} [Fri Jul 17 13:57:08 2026] DELETE /v2.0/networks/c086ca28-c582-423d-bada-065827b3e9c7 => generated 0 bytes in 349 msecs (HTTP/1.1 204) 3 headers in 131 bytes (1 switches on core 0) [pid: 7|app: 0|req: 1305/2727] 10.0.0.162 () {32 vars in 662 bytes} [Fri Jul 17 13:57:08 2026] GET /v2.0/vpn/vpnservices => generated 1316 bytes in 11 msecs (HTTP/1.1 200) 4 headers in 158 bytes (1 switches on core 0)
2026-07-17 13:57:09.039 7 INFO neutron.services.segments.plugin [-] Segment b7e61f1e-5ef1-4292-9a86-cedc1a191754 resource provider aggregate not found
2026-07-17 13:57:09.052 7 INFO neutron.services.segments.plugin [-] Segment b7e61f1e-5ef1-4292-9a86-cedc1a191754 resource provider aggregate not found
2026-07-17 13:57:09.062 7 INFO neutron.services.segments.plugin [-] Client error retrieving segment b7e61f1e-5ef1-4292-9a86-cedc1a191754 resource provider; error: Placement Client Error (4xx): {"errors": [{"status": 404, "title": "Not Found", "detail": "The resource could not be found.\n\n No resource provider with uuid b7e61f1e-5ef1-4292-9a86-cedc1a191754 found for delete ", "request_id": "req-89c370c3-1022-4f7e-a715-65a42d42d852"}]}
2026-07-17 13:57:09.080 7 INFO neutron.services.segments.plugin [-] Client error retrieving segment b7e61f1e-5ef1-4292-9a86-cedc1a191754 resource provider; error: Placement Client Error (4xx): {"errors": [{"status": 404, "title": "Not Found", "detail": "The resource could not be found.\n\n No resource provider with uuid b7e61f1e-5ef1-4292-9a86-cedc1a191754 found for delete ", "request_id": "req-b6d107b5-4544-4d1a-9637-7a6d8b501879"}]}
2026-07-17 13:57:09.087 7 INFO neutron.services.segments.plugin [-] Segment 4fcba09f-a5c7-4c35-998a-45b04b674339 resource provider aggregate not found
2026-07-17 13:57:09.100 7 INFO neutron.services.segments.plugin [-] Segment 4fcba09f-a5c7-4c35-998a-45b04b674339 resource provider aggregate not found
2026-07-17 13:57:09.105 7 INFO neutron_taas.services.taas.taas_plugin [None req-a10d972b-6bb7-485d-b41b-883021c28830 ed927859d0ac42aa8e6132a8506bcce0 120082bb0797481b84bc1412e85613eb - - default default] TaaS: Handle Delete Port: e0139039-35da-42d1-b55e-a3c8f6ee84b4
2026-07-17 13:57:09.108 7 INFO neutron.services.segments.plugin [-] Client error retrieving segment 4fcba09f-a5c7-4c35-998a-45b04b674339 resource provider; error: Placement Client Error (4xx): {"errors": [{"status": 404, "title": "Not Found", "detail": "The resource could not be found.\n\n No resource provider with uuid 4fcba09f-a5c7-4c35-998a-45b04b674339 found for delete ", "request_id": "req-887afd7a-4408-46a2-aa4e-bc04d3968f55"}]}
2026-07-17 13:57:09.113 7 INFO neutron_taas.services.taas.tap_mirror_plugin [None req-a10d972b-6bb7-485d-b41b-883021c28830 ed927859d0ac42aa8e6132a8506bcce0 120082bb0797481b84bc1412e85613eb - - default default] Tap Mirror: Handle Delete Port: e0139039-35da-42d1-b55e-a3c8f6ee84b4
2026-07-17 13:57:09.127 7 INFO neutron.services.segments.plugin [-] Client error retrieving segment 4fcba09f-a5c7-4c35-998a-45b04b674339 resource provider; error: Placement Client Error (4xx): {"errors": [{"status": 404, "title": "Not Found", "detail": "The resource could not be found.\n\n No resource provider with uuid 4fcba09f-a5c7-4c35-998a-45b04b674339 found for delete ", "request_id": "req-91804261-c055-4141-8386-95d0eac0e591"}]}
2026-07-17 13:57:09.135 7 INFO neutron.services.segments.plugin [-] Segment de98bb25-892d-4162-bcba-65efba7b9a02 resource provider aggregate not found
2026-07-17 13:57:09.153 7 INFO neutron.services.segments.plugin [-] Segment de98bb25-892d-4162-bcba-65efba7b9a02 resource provider aggregate not found
2026-07-17 13:57:09.166 7 INFO neutron.services.segments.plugin [-] Client error retrieving segment de98bb25-892d-4162-bcba-65efba7b9a02 resource provider; error: Placement Client Error (4xx): {"errors": [{"status": 404, "title": "Not Found", "detail": "The resource could not be found.\n\n No resource provider with uuid de98bb25-892d-4162-bcba-65efba7b9a02 found for delete ", "request_id": "req-1c57c16e-fe33-4dd5-844f-7b0e6f88627a"}]}
2026-07-17 13:57:09.170 7 INFO neutron.services.segments.plugin [-] Client error retrieving segment de98bb25-892d-4162-bcba-65efba7b9a02 resource provider; error: Placement Client Error (4xx): {"errors": [{"status": 404, "title": "Not Found", "detail": "The resource could not be found.\n\n No resource provider with uuid de98bb25-892d-4162-bcba-65efba7b9a02 found for delete ", "request_id": "req-3c9f5456-d3dd-4529-802e-711a1e124372"}]}
2026-07-17 13:57:09.409 7 INFO neutron_taas.services.taas.taas_plugin [None req-0bed95df-8ed5-490c-b9b5-540f1c75f5ce - - - - - -] TaaS: Handle Delete Port: 78b518b4-f231-4a13-81f6-3d3c463a1d4b
2026-07-17 13:57:09.412 7 INFO neutron_taas.services.taas.tap_mirror_plugin [None req-0bed95df-8ed5-490c-b9b5-540f1c75f5ce - - - - - -] Tap Mirror: Handle Delete Port: 78b518b4-f231-4a13-81f6-3d3c463a1d4b
2026-07-17 13:57:09.663 8 WARNING neutron.plugins.ml2.drivers.ovn.mech_driver.ovsdb.ovn_client [None req-56535392-e80d-4d5f-83fe-e3f8d2dbdf42 - - - - - -] No hosting information found for port 29e8b26a-610a-42b9-a12d-07ecbabd5ead: RuntimeError: No hosting information found for port 29e8b26a-610a-42b9-a12d-07ecbabd5ead
2026-07-17 13:57:09.796 7 INFO neutron_taas.services.taas.taas_plugin [None req-2df27919-a60d-4808-87da-27f243aca334 - - - - - -] TaaS: Handle Delete Port: 3258143c-1fcd-424a-9241-69346beb2b24
2026-07-17 13:57:09.800 7 INFO neutron_taas.services.taas.tap_mirror_plugin [None req-2df27919-a60d-4808-87da-27f243aca334 - - - - - -] Tap Mirror: Handle Delete Port: 3258143c-1fcd-424a-9241-69346beb2b24
2026-07-17 13:57:09.808 8 INFO neutron.db.ovn_revision_numbers_db [None req-56535392-e80d-4d5f-83fe-e3f8d2dbdf42 - - - - - -] Successfully bumped revision number for resource 29e8b26a-610a-42b9-a12d-07ecbabd5ead (type: router_ports) to 2
2026-07-17 13:57:09.889 8 INFO neutron.plugins.ml2.drivers.ovn.mech_driver.mech_driver [None req-56535392-e80d-4d5f-83fe-e3f8d2dbdf42 - - - - - -] OVN reports status down for port: 2623f073-9ece-484c-b872-f79d757c6b35
2026-07-17 13:57:10.053 8 INFO neutron.plugins.ml2.drivers.ovn.mech_driver.mech_driver [None req-56535392-e80d-4d5f-83fe-e3f8d2dbdf42 - - - - - -] OVN reports status down for port: 3258143c-1fcd-424a-9241-69346beb2b24
2026-07-17 13:57:10.085 8 INFO neutron.plugins.ml2.drivers.ovn.mech_driver.mech_driver [None req-56535392-e80d-4d5f-83fe-e3f8d2dbdf42 - - - - - -] OVN reports status up for port: 3258143c-1fcd-424a-9241-69346beb2b24
2026-07-17 13:57:10.125 8 INFO neutron.plugins.ml2.drivers.ovn.mech_driver.mech_driver [None req-56535392-e80d-4d5f-83fe-e3f8d2dbdf42 - - - - - -] OVN reports status down for port: 1ef1a228-8daa-497f-a5b4-deffe1ddda1a
2026-07-17 13:57:10.212 8 INFO neutron.db.ovn_revision_numbers_db [None req-e5975d15-3750-4c89-8758-0079fd27b1b3 - - - - - -] Successfully bumped revision number for resource 1ef1a228-8daa-497f-a5b4-deffe1ddda1a (type: ports) to 2
2026-07-17 13:57:10.268 8 INFO neutron.db.ovn_revision_numbers_db [None req-e5975d15-3750-4c89-8758-0079fd27b1b3 - - - - - -] Successfully bumped revision number for resource d7d719a8-136b-43d0-835e-d60d0a4d0b3a (type: subnets) to 0 [pid: 8|app: 0|req: 1423/2728] 10.0.0.162 () {34 vars in 668 bytes} [Fri Jul 17 13:57:08 2026] POST /v2.0/subnets => generated 656 bytes in 1843 msecs (HTTP/1.1 201) 4 headers in 162 bytes (1 switches on core 0)
2026-07-17 13:57:10.562 8 INFO neutron.db.ovn_revision_numbers_db [None req-0cbc206b-dcff-4fea-a957-d1e62c8f6bed ed3e97af1b704792b1ac3de856873f7b 7de33ca4ce6f4899a96265cad6d88b22 - - default default] Successfully bumped revision number for resource c142b8bf-81c3-4d53-a84e-304597648e4f (type: security_groups) to 1
2026-07-17 13:57:10.573 8 INFO neutron.db.ovn_revision_numbers_db [None req-0cbc206b-dcff-4fea-a957-d1e62c8f6bed ed3e97af1b704792b1ac3de856873f7b 7de33ca4ce6f4899a96265cad6d88b22 - - default default] Successfully bumped revision number for resource 23f25479-ab9b-476d-8b53-636e4ca594b2 (type: security_group_rules) to 0
2026-07-17 13:57:10.584 8 INFO neutron.db.ovn_revision_numbers_db [None req-0cbc206b-dcff-4fea-a957-d1e62c8f6bed ed3e97af1b704792b1ac3de856873f7b 7de33ca4ce6f4899a96265cad6d88b22 - - default default] Successfully bumped revision number for resource 3a0e310f-0c0f-452b-b494-96b0932d170b (type: security_group_rules) to 0
2026-07-17 13:57:10.596 8 INFO neutron.db.ovn_revision_numbers_db [None req-0cbc206b-dcff-4fea-a957-d1e62c8f6bed ed3e97af1b704792b1ac3de856873f7b 7de33ca4ce6f4899a96265cad6d88b22 - - default default] Successfully bumped revision number for resource 5b2808cd-4ff7-45ec-a1fc-3d76c69a63b1 (type: security_group_rules) to 0
2026-07-17 13:57:10.608 8 INFO neutron.db.ovn_revision_numbers_db [None req-0cbc206b-dcff-4fea-a957-d1e62c8f6bed ed3e97af1b704792b1ac3de856873f7b 7de33ca4ce6f4899a96265cad6d88b22 - - default default] Successfully bumped revision number for resource 6617650b-58fa-4e18-bf75-fb52805599a4 (type: security_group_rules) to 0 [pid: 8|app: 0|req: 1424/2729] 10.0.0.162 () {32 vars in 773 bytes} [Fri Jul 17 13:57:10 2026] GET /v2.0/security-groups?tenant_id=1ca0ce85784b47a9bd6d27d9c938c54c&name=default => generated 2929 bytes in 360 msecs (HTTP/1.1 200) 4 headers in 158 bytes (1 switches on core 0)
2026-07-17 13:57:10.748 7 INFO neutron_taas.services.taas.taas_plugin [None req-2df27919-a60d-4808-87da-27f243aca334 - - - - - -] TaaS: Handle Delete Port: 2623f073-9ece-484c-b872-f79d757c6b35
2026-07-17 13:57:10.751 7 INFO neutron_taas.services.taas.tap_mirror_plugin [None req-2df27919-a60d-4808-87da-27f243aca334 - - - - - -] Tap Mirror: Handle Delete Port: 2623f073-9ece-484c-b872-f79d757c6b35
2026-07-17 13:57:10.849 8 WARNING neutron.scheduler.dhcp_agent_scheduler [None req-6ffb610b-953d-4a1c-ba2c-3d1ac7aa4991 8007ca8bd0b646638d24f803310a6efb e3afcea363ee4f519fa33b51c16feaf2 - - default default] No more DHCP agents
2026-07-17 13:57:10.851 8 WARNING neutron.api.rpc.agentnotifiers.dhcp_rpc_agent_api [None req-6ffb610b-953d-4a1c-ba2c-3d1ac7aa4991 8007ca8bd0b646638d24f803310a6efb e3afcea363ee4f519fa33b51c16feaf2 - - default default] Unable to schedule network e367b11e-1b00-46d0-a423-1736931bf73b: no agents available; will retry on subsequent port and subnet creation events.
2026-07-17 13:57:10.896 8 INFO neutron.db.ovn_revision_numbers_db [None req-6ffb610b-953d-4a1c-ba2c-3d1ac7aa4991 8007ca8bd0b646638d24f803310a6efb e3afcea363ee4f519fa33b51c16feaf2 - - default default] Successfully bumped revision number for resource 914688c6-aa86-45f1-b158-88088362ab5e (type: subnets) to 0 [pid: 8|app: 0|req: 1425/2730] 10.0.0.162 () {34 vars in 668 bytes} [Fri Jul 17 13:57:10 2026] POST /v2.0/subnets => generated 730 bytes in 270 msecs (HTTP/1.1 201) 4 headers in 162 bytes (1 switches on core 0) [pid: 7|app: 0|req: 1306/2731] 10.0.0.162 () {32 vars in 739 bytes} [Fri Jul 17 13:57:08 2026] DELETE /v2.0/vpn/vpnservices/d460268a-37e6-4de1-89b4-0dafea182caf => generated 0 bytes in 2254 msecs (HTTP/1.1 204) 2 headers in 112 bytes (1 switches on core 0) /var/lib/openstack/lib/python3.12/site-packages/pycadf/identifier.py:70: UserWarning: Invalid uuid: neutron. To ensure interoperability, identifiers should be a valid uuid. warnings.warn(('Invalid uuid: %s. To ensure interoperability, ' [pid: 8|app: 0|req: 1426/2732] 10.0.0.162 () {32 vars in 739 bytes} [Fri Jul 17 13:57:10 2026] DELETE /v2.0/security-groups/c142b8bf-81c3-4d53-a84e-304597648e4f => generated 0 bytes in 235 msecs (HTTP/1.1 204) 2 headers in 112 bytes (1 switches on core 0) [pid: 8|app: 0|req: 1427/2733] 10.0.0.162 () {32 vars in 662 bytes} [Fri Jul 17 13:57:11 2026] GET /v2.0/vpn/vpnservices => generated 871 bytes in 10 msecs (HTTP/1.1 200) 4 headers in 157 bytes (1 switches on core 0)
2026-07-17 13:57:11.190 7 INFO neutron.services.segments.plugin [-] Segment bb1c6976-a8fb-4d18-bf00-eed6e613fe63 resource provider aggregate not found
2026-07-17 13:57:11.195 7 INFO neutron.services.segments.plugin [-] Segment bb1c6976-a8fb-4d18-bf00-eed6e613fe63 resource provider aggregate not found
2026-07-17 13:57:11.216 7 INFO neutron.services.segments.plugin [-] Client error retrieving segment bb1c6976-a8fb-4d18-bf00-eed6e613fe63 resource provider; error: Placement Client Error (4xx): {"errors": [{"status": 404, "title": "Not Found", "detail": "The resource could not be found.\n\n No resource provider with uuid bb1c6976-a8fb-4d18-bf00-eed6e613fe63 found for delete ", "request_id": "req-f59d6653-92d0-40fb-83ce-1a7da337d3f8"}]}
2026-07-17 13:57:11.219 7 INFO neutron.services.segments.plugin [-] Client error retrieving segment bb1c6976-a8fb-4d18-bf00-eed6e613fe63 resource provider; error: Placement Client Error (4xx): {"errors": [{"status": 404, "title": "Not Found", "detail": "The resource could not be found.\n\n No resource provider with uuid bb1c6976-a8fb-4d18-bf00-eed6e613fe63 found for delete ", "request_id": "req-b9cef76f-e73a-4cdb-97f1-31534a686d64"}]}
2026-07-17 13:57:11.232 8 INFO neutron.api.v2.resource [None req-be8928d2-4c3a-47da-8ce6-7dc67cb80e49 ed927859d0ac42aa8e6132a8506bcce0 120082bb0797481b84bc1412e85613eb - - default default] create failed (client error): The server could not comply with the request since it is either malformed or otherwise incorrect. [pid: 8|app: 0|req: 1428/2734] 10.0.0.162 () {34 vars in 706 bytes} [Fri Jul 17 13:57:11 2026] POST /v2.0/vpn/ipsec-site-connections => generated 127 bytes in 62 msecs (HTTP/1.1 400) 4 headers in 166 bytes (1 switches on core 0)
2026-07-17 13:57:11.288 8 INFO neutron.api.v2.resource [None req-ebc99837-0747-458e-a4d7-33ccd1d1a74b ed927859d0ac42aa8e6132a8506bcce0 120082bb0797481b84bc1412e85613eb - - default default] create failed (client error): The server could not comply with the request since it is either malformed or otherwise incorrect. [pid: 8|app: 0|req: 1429/2735] 10.0.0.162 () {34 vars in 706 bytes} [Fri Jul 17 13:57:11 2026] POST /v2.0/vpn/ipsec-site-connections => generated 136 bytes in 51 msecs (HTTP/1.1 400) 4 headers in 166 bytes (1 switches on core 0)
2026-07-17 13:57:11.412 8 INFO neutron.db.ovn_revision_numbers_db [None req-08642be8-c853-4f21-9632-d261b770925d ed3e97af1b704792b1ac3de856873f7b 7de33ca4ce6f4899a96265cad6d88b22 - - default default] Successfully bumped revision number for resource c320e9d1-e8cb-4bd1-93a8-414013004474 (type: security_groups) to 1
2026-07-17 13:57:11.428 8 INFO neutron.db.ovn_revision_numbers_db [None req-08642be8-c853-4f21-9632-d261b770925d ed3e97af1b704792b1ac3de856873f7b 7de33ca4ce6f4899a96265cad6d88b22 - - default default] Successfully bumped revision number for resource 009f6cb4-d34e-4254-806e-9c21b363232a (type: security_group_rules) to 0
2026-07-17 13:57:11.440 8 INFO neutron.db.ovn_revision_numbers_db [None req-08642be8-c853-4f21-9632-d261b770925d ed3e97af1b704792b1ac3de856873f7b 7de33ca4ce6f4899a96265cad6d88b22 - - default default] Successfully bumped revision number for resource 4cfe05c4-93e1-4038-9007-fe4c72df874e (type: security_group_rules) to 0
2026-07-17 13:57:11.451 8 INFO neutron.db.ovn_revision_numbers_db [None req-08642be8-c853-4f21-9632-d261b770925d ed3e97af1b704792b1ac3de856873f7b 7de33ca4ce6f4899a96265cad6d88b22 - - default default] Successfully bumped revision number for resource 81a165ce-ef48-4c45-b661-36aa563b2d89 (type: security_group_rules) to 0
2026-07-17 13:57:11.463 8 INFO neutron.db.ovn_revision_numbers_db [None req-08642be8-c853-4f21-9632-d261b770925d ed3e97af1b704792b1ac3de856873f7b 7de33ca4ce6f4899a96265cad6d88b22 - - default default] Successfully bumped revision number for resource fcb220db-e1e6-430c-bfb5-bcaa8c8cd0e1 (type: security_group_rules) to 0
2026-07-17 13:57:11.487 7 WARNING neutron.scheduler.dhcp_agent_scheduler [None req-0a2dd29d-d832-487f-bf60-97e878dc3db5 8007ca8bd0b646638d24f803310a6efb e3afcea363ee4f519fa33b51c16feaf2 - - default default] No more DHCP agents
2026-07-17 13:57:11.491 7 WARNING neutron.api.rpc.agentnotifiers.dhcp_rpc_agent_api [None req-0a2dd29d-d832-487f-bf60-97e878dc3db5 8007ca8bd0b646638d24f803310a6efb e3afcea363ee4f519fa33b51c16feaf2 - - default default] Unable to schedule network f9e46c24-2e3d-4209-ba33-87e7412532be: no agents available; will retry on subsequent port and subnet creation events. [pid: 8|app: 0|req: 1430/2736] 10.0.0.162 () {32 vars in 773 bytes} [Fri Jul 17 13:57:11 2026] GET /v2.0/security-groups?tenant_id=b659c5797ac24ddaaf0e9b09c2a9c52c&name=default => generated 2929 bytes in 209 msecs (HTTP/1.1 200) 4 headers in 158 bytes (1 switches on core 0)
2026-07-17 13:57:11.505 8 WARNING neutron.api.v2.base [None req-b4419ad4-6db4-44d8-81fc-72b1fc09bc29 ed927859d0ac42aa8e6132a8506bcce0 120082bb0797481b84bc1412e85613eb - - default default] An exception happened while processing the request body. The exception message is [Invalid input for dpd. Reason: '59' is not a dictionary.].: webob.exc.HTTPBadRequest: Invalid input for dpd. Reason: '59' is not a dictionary.
2026-07-17 13:57:11.505 8 INFO neutron.api.v2.resource [None req-b4419ad4-6db4-44d8-81fc-72b1fc09bc29 ed927859d0ac42aa8e6132a8506bcce0 120082bb0797481b84bc1412e85613eb - - default default] create failed (client error): Invalid input for dpd. Reason: '59' is not a dictionary. [pid: 8|app: 0|req: 1431/2737] 10.0.0.162 () {34 vars in 706 bytes} [Fri Jul 17 13:57:11 2026] POST /v2.0/vpn/ipsec-site-connections => generated 129 bytes in 6 msecs (HTTP/1.1 400) 4 headers in 166 bytes (1 switches on core 0)
