+ COMMAND=start + start + for KEYSTONE_WSGI_SCRIPT in keystone-wsgi-public ++ type -p keystone-wsgi-public + cp -a /var/lib/openstack/bin/keystone-wsgi-public /var/www/cgi-bin/keystone/ + '[' -f /etc/apache2/envvars ']' + source /etc/apache2/envvars ++ unset HOME ++ '[' '' '!=' '' ']' ++ SUFFIX= ++ export APACHE_RUN_USER=www-data ++ APACHE_RUN_USER=www-data ++ export APACHE_RUN_GROUP=www-data ++ APACHE_RUN_GROUP=www-data ++ export APACHE_PID_FILE=/var/run/apache2/apache2.pid ++ APACHE_PID_FILE=/var/run/apache2/apache2.pid ++ export APACHE_RUN_DIR=/var/run/apache2 ++ APACHE_RUN_DIR=/var/run/apache2 ++ export APACHE_LOCK_DIR=/var/lock/apache2 ++ APACHE_LOCK_DIR=/var/lock/apache2 ++ export APACHE_LOG_DIR=/var/log/apache2 ++ APACHE_LOG_DIR=/var/log/apache2 ++ export LANG=C ++ LANG=C ++ export LANG + '[' -f /var/run/apache2/apache2.pid ']' + exec apache2 -DFOREGROUND AH00558: apache2: Could not reliably determine the server's fully qualified domain name, using 10.0.0.182. Set the 'ServerName' directive globally to suppress this message AH00558: apache2: Could not reliably determine the server's fully qualified domain name, using 10.0.0.182. Set the 'ServerName' directive globally to suppress this message
[Thu Jul 23 23:59:03.265479 2026] [mpm_event:notice] [pid 1:tid 140479117432704] AH00489: Apache/2.4.58 (Ubuntu) mod_wsgi/5.0.0 Python/3.12 configured -- resuming normal operations
[Thu Jul 23 23:59:03.265656 2026] [core:notice] [pid 1:tid 140479117432704] AH00094: Command line: 'apache2 -D FOREGROUND'
[Fri Jul 24 00:00:02.503601 2026] [wsgi:error] [pid 9:tid 140478479611584] /var/lib/openstack/lib/python3.12/site-packages/oslo_utils/importutils.py:77: EventletDeprecationWarning:
[Fri Jul 24 00:00:02.503644 2026] [wsgi:error] [pid 9:tid 140478479611584] Eventlet is deprecated. It is currently being maintained in bugfix mode, and
[Fri Jul 24 00:00:02.503646 2026] [wsgi:error] [pid 9:tid 140478479611584] we strongly recommend against using it for new projects.
[Fri Jul 24 00:00:02.503647 2026] [wsgi:error] [pid 9:tid 140478479611584]
[Fri Jul 24 00:00:02.503648 2026] [wsgi:error] [pid 9:tid 140478479611584] If you are already using Eventlet, we recommend migrating to a different
[Fri Jul 24 00:00:02.503649 2026] [wsgi:error] [pid 9:tid 140478479611584] framework. For more detail see
[Fri Jul 24 00:00:02.503651 2026] [wsgi:error] [pid 9:tid 140478479611584] https://eventlet.readthedocs.io/en/latest/asyncio/migration.html
[Fri Jul 24 00:00:02.503652 2026] [wsgi:error] [pid 9:tid 140478479611584]
[Fri Jul 24 00:00:02.503653 2026] [wsgi:error] [pid 9:tid 140478479611584] __import__(import_str)
[Fri Jul 24 00:00:02.507171 2026] [wsgi:error] [pid 11:tid 140478479611584] /var/lib/openstack/lib/python3.12/site-packages/oslo_utils/importutils.py:77: EventletDeprecationWarning:
[Fri Jul 24 00:00:02.507215 2026] [wsgi:error] [pid 11:tid 140478479611584] Eventlet is deprecated. It is currently being maintained in bugfix mode, and
[Fri Jul 24 00:00:02.507217 2026] [wsgi:error] [pid 11:tid 140478479611584] we strongly recommend against using it for new projects.
[Fri Jul 24 00:00:02.507218 2026] [wsgi:error] [pid 11:tid 140478479611584]
[Fri Jul 24 00:00:02.507219 2026] [wsgi:error] [pid 11:tid 140478479611584] If you are already using Eventlet, we recommend migrating to a different
[Fri Jul 24 00:00:02.507220 2026] [wsgi:error] [pid 11:tid 140478479611584] framework. For more detail see
[Fri Jul 24 00:00:02.507222 2026] [wsgi:error] [pid 11:tid 140478479611584] https://eventlet.readthedocs.io/en/latest/asyncio/migration.html
[Fri Jul 24 00:00:02.507223 2026] [wsgi:error] [pid 11:tid 140478479611584]
[Fri Jul 24 00:00:02.507224 2026] [wsgi:error] [pid 11:tid 140478479611584] __import__(import_str) 10.0.0.201 - - [24/Jul/2026:00:00:01 +0000] "GET /v3/ HTTP/1.1" 200 250 10.0.0.201 - - [24/Jul/2026:00:00:01 +0000] "GET /v3/ HTTP/1.1" 200 250
[Fri Jul 24 00:00:07.876358 2026] [wsgi:error] [pid 10:tid 140478479611584] /var/lib/openstack/lib/python3.12/site-packages/oslo_utils/importutils.py:77: EventletDeprecationWarning:
[Fri Jul 24 00:00:07.876401 2026] [wsgi:error] [pid 10:tid 140478479611584] Eventlet is deprecated. It is currently being maintained in bugfix mode, and
[Fri Jul 24 00:00:07.876404 2026] [wsgi:error] [pid 10:tid 140478479611584] we strongly recommend against using it for new projects.
[Fri Jul 24 00:00:07.876405 2026] [wsgi:error] [pid 10:tid 140478479611584]
[Fri Jul 24 00:00:07.876406 2026] [wsgi:error] [pid 10:tid 140478479611584] If you are already using Eventlet, we recommend migrating to a different
[Fri Jul 24 00:00:07.876407 2026] [wsgi:error] [pid 10:tid 140478479611584] framework. For more detail see
[Fri Jul 24 00:00:07.876408 2026] [wsgi:error] [pid 10:tid 140478479611584] https://eventlet.readthedocs.io/en/latest/asyncio/migration.html
[Fri Jul 24 00:00:07.876410 2026] [wsgi:error] [pid 10:tid 140478479611584]
[Fri Jul 24 00:00:07.876411 2026] [wsgi:error] [pid 10:tid 140478479611584] __import__(import_str) 10.0.0.201 - - [24/Jul/2026:00:00:07 +0000] "GET /v3/ HTTP/1.1" 200 250
[Fri Jul 24 00:00:15.148621 2026] [wsgi:error] [pid 12:tid 140478479611584] /var/lib/openstack/lib/python3.12/site-packages/oslo_utils/importutils.py:77: EventletDeprecationWarning:
[Fri Jul 24 00:00:15.148655 2026] [wsgi:error] [pid 12:tid 140478479611584] Eventlet is deprecated. It is currently being maintained in bugfix mode, and
[Fri Jul 24 00:00:15.148657 2026] [wsgi:error] [pid 12:tid 140478479611584] we strongly recommend against using it for new projects.
[Fri Jul 24 00:00:15.148659 2026] [wsgi:error] [pid 12:tid 140478479611584]
[Fri Jul 24 00:00:15.148660 2026] [wsgi:error] [pid 12:tid 140478479611584] If you are already using Eventlet, we recommend migrating to a different
[Fri Jul 24 00:00:15.148661 2026] [wsgi:error] [pid 12:tid 140478479611584] framework. For more detail see
[Fri Jul 24 00:00:15.148662 2026] [wsgi:error] [pid 12:tid 140478479611584] https://eventlet.readthedocs.io/en/latest/asyncio/migration.html
[Fri Jul 24 00:00:15.148663 2026] [wsgi:error] [pid 12:tid 140478479611584]
[Fri Jul 24 00:00:15.148664 2026] [wsgi:error] [pid 12:tid 140478479611584] __import__(import_str) 10.0.0.230 - - [24/Jul/2026:00:00:14 +0000] "GET / HTTP/1.1" 300 295
[Fri Jul 24 00:00:19.709829 2026] [wsgi:error] [pid 11:tid 140478479611584] [remote 10.0.0.230:43560] 2026-07-24 00:00:19.705 11 WARNING keystone.identity.core [None req-3fc61fcb-09fa-4d0b-a4d0-4f677b8ad7ed - - - - - -] Invalid domain name (atmosphere) found in config file name: keystone.exception.DomainNotFound: Could not find domain: atmosphere.
[Fri Jul 24 00:00:19.784465 2026] [wsgi:error] [pid 11:tid 140478479611584] [remote 10.0.0.230:43560] 2026-07-24 00:00:19.783 11 WARNING keystone.common.password_hashing [None req-3fc61fcb-09fa-4d0b-a4d0-4f677b8ad7ed - - - - - -] Truncating password to algorithm specific maximum length 72 characters.
[Fri Jul 24 00:00:20.071203 2026] [wsgi:error] [pid 11:tid 140478479611584] [remote 10.0.0.230:43560] 2026-07-24 00:00:20.071 11 WARNING keystone.common.fernet_utils [None req-3fc61fcb-09fa-4d0b-a4d0-4f677b8ad7ed - - - - - -] key_repository is world readable: /etc/keystone/fernet-keys/ 10.0.0.230 - - [24/Jul/2026:00:00:19 +0000] "POST /v3/auth/tokens HTTP/1.1" 201 1360
[Fri Jul 24 00:00:20.433603 2026] [wsgi:error] [pid 9:tid 140478479611584] [remote 10.0.0.230:43560] 2026-07-24 00:00:20.431 9 WARNING keystone.identity.core [None req-c38ee635-e0aa-4221-a35f-c8c5ef878067 - - - - - -] Invalid domain name (atmosphere) found in config file name: keystone.exception.DomainNotFound: Could not find domain: atmosphere. 10.0.0.230 - - [24/Jul/2026:00:00:20 +0000] "POST /v3/domains HTTP/1.1" 201 261 10.0.0.112 - - [24/Jul/2026:00:00:32 +0000] "GET / HTTP/1.1" 300 295
[Fri Jul 24 00:00:32.940997 2026] [wsgi:error] [pid 12:tid 140478479611584] [remote 10.0.0.112:42098] 2026-07-24 00:00:32.940 12 WARNING keystone.common.password_hashing [None req-f76b0eb4-f4b9-4c17-873e-7bcf9481b621 - - - - - -] Truncating password to algorithm specific maximum length 72 characters.
[Fri Jul 24 00:00:33.216979 2026] [wsgi:error] [pid 12:tid 140478479611584] [remote 10.0.0.112:42098] 2026-07-24 00:00:33.216 12 WARNING keystone.common.fernet_utils [None req-f76b0eb4-f4b9-4c17-873e-7bcf9481b621 - - - - - -] key_repository is world readable: /etc/keystone/fernet-keys/ 10.0.0.112 - - [24/Jul/2026:00:00:32 +0000] "POST /v3/auth/tokens HTTP/1.1" 201 1360 10.0.0.112 - - [24/Jul/2026:00:00:33 +0000] "GET /v3/roles/admin HTTP/1.1" 404 83
[Fri Jul 24 00:00:33.465531 2026] [wsgi:error] [pid 9:tid 140478479611584] [remote 10.0.0.112:42098] 2026-07-24 00:00:33.465 9 WARNING keystone.common.rbac_enforcer.enforcer [None req-bd1eff13-9d77-4074-a29e-6480f06b8131 6c07d7250bd34e8597803a674eb79215 4c2e712904c24ef8ae9ef117831ae413 - - default default] Deprecated policy rules found. Use oslopolicy-policy-generator and oslopolicy-policy-upgrade to detect and resolve deprecated policies in your configuration. 10.0.0.112 - - [24/Jul/2026:00:00:33 +0000] "GET /v3/roles?name=admin HTTP/1.1" 200 389
[Fri Jul 24 00:00:33.937806 2026] [wsgi:error] [pid 10:tid 140478479611584] [remote 10.0.0.112:42098] 2026-07-24 00:00:33.937 10 WARNING keystone.common.rbac_enforcer.enforcer [None req-7b4a5300-ec68-4bb6-9d3a-8a9310e6960b 6c07d7250bd34e8597803a674eb79215 4c2e712904c24ef8ae9ef117831ae413 - - default default] Deprecated policy rules found. Use oslopolicy-policy-generator and oslopolicy-policy-upgrade to detect and resolve deprecated policies in your configuration. 10.0.0.112 - - [24/Jul/2026:00:00:33 +0000] "GET /v3/users/admin-RegionOne HTTP/1.1" 404 93
[Fri Jul 24 00:00:34.075364 2026] [wsgi:error] [pid 12:tid 140478479611584] [remote 10.0.0.112:42098] 2026-07-24 00:00:34.075 12 WARNING keystone.common.rbac_enforcer.enforcer [None req-af90260d-893f-407c-bddd-f77f78cdb08c 6c07d7250bd34e8597803a674eb79215 4c2e712904c24ef8ae9ef117831ae413 - - default default] Deprecated policy rules found. Use oslopolicy-policy-generator and oslopolicy-policy-upgrade to detect and resolve deprecated policies in your configuration. 10.0.0.112 - - [24/Jul/2026:00:00:33 +0000] "GET /v3/users?name=admin-RegionOne HTTP/1.1" 200 422
[Fri Jul 24 00:00:34.237597 2026] [wsgi:error] [pid 11:tid 140478479611584] [remote 10.0.0.112:42098] 2026-07-24 00:00:34.237 11 WARNING keystone.common.rbac_enforcer.enforcer [None req-3e375539-c5ac-4c22-85f1-81192aa1a9f7 6c07d7250bd34e8597803a674eb79215 4c2e712904c24ef8ae9ef117831ae413 - - default default] Deprecated policy rules found. Use oslopolicy-policy-generator and oslopolicy-policy-upgrade to detect and resolve deprecated policies in your configuration. 10.0.0.112 - - [24/Jul/2026:00:00:34 +0000] "GET /v3/domains/default HTTP/1.1" 200 224 10.0.0.112 - - [24/Jul/2026:00:00:34 +0000] "PUT /v3/domains/default/users/6c07d7250bd34e8597803a674eb79215/roles/b20c26c489d14872b4c3889b503ed0dc HTTP/1.1" 204 - 10.0.0.201 - - [24/Jul/2026:00:00:44 +0000] "GET / HTTP/1.1" 300 281 10.0.0.201 - - [24/Jul/2026:00:00:45 +0000] "GET /v3 HTTP/1.1" 200 266
[Fri Jul 24 00:00:45.867994 2026] [wsgi:error] [pid 11:tid 140478479611584] [remote 10.0.0.201:49716] 2026-07-24 00:00:45.867 11 WARNING keystone.common.password_hashing [None req-3a65d2a0-6d07-46cc-8092-a8582692bbcd - - - - - -] Truncating password to algorithm specific maximum length 72 characters.
[Fri Jul 24 00:00:46.141345 2026] [wsgi:error] [pid 11:tid 140478479611584] [remote 10.0.0.201:49716] 2026-07-24 00:00:46.141 11 WARNING keystone.common.fernet_utils [None req-3a65d2a0-6d07-46cc-8092-a8582692bbcd - - - - - -] key_repository is world readable: /etc/keystone/fernet-keys/ 10.0.0.201 - - [24/Jul/2026:00:00:45 +0000] "POST /v3/auth/tokens HTTP/1.1" 201 1360 10.0.0.201 - - [24/Jul/2026:00:00:46 +0000] "GET / HTTP/1.1" 300 281 10.0.0.201 - - [24/Jul/2026:00:00:46 +0000] "GET /v3/domains/atmosphere HTTP/1.1" 404 90 10.0.0.201 - - [24/Jul/2026:00:00:46 +0000] "GET /v3/domains?name=atmosphere HTTP/1.1" 200 370 10.0.0.201 - - [24/Jul/2026:00:00:46 +0000] "GET /v3/domains/ece452a610a4438f8c276c1d61251837 HTTP/1.1" 200 247 10.0.0.201 - - [24/Jul/2026:00:00:47 +0000] "GET /v3 HTTP/1.1" 200 266
[Fri Jul 24 00:00:47.223875 2026] [wsgi:error] [pid 10:tid 140478479611584] [remote 10.0.0.201:49716] 2026-07-24 00:00:47.223 10 WARNING keystone.common.password_hashing [None req-900bc31c-7b06-4146-bb5c-e365513dfac5 - - - - - -] Truncating password to algorithm specific maximum length 72 characters.
[Fri Jul 24 00:00:47.518044 2026] [wsgi:error] [pid 10:tid 140478479611584] [remote 10.0.0.201:49716] 2026-07-24 00:00:47.517 10 WARNING keystone.common.fernet_utils [None req-900bc31c-7b06-4146-bb5c-e365513dfac5 - - - - - -] key_repository is world readable: /etc/keystone/fernet-keys/ 10.0.0.201 - - [24/Jul/2026:00:00:47 +0000] "POST /v3/auth/tokens HTTP/1.1" 201 1360 10.0.0.201 - - [24/Jul/2026:00:00:47 +0000] "GET / HTTP/1.1" 300 281 10.0.0.201 - - [24/Jul/2026:00:00:47 +0000] "GET /v3/OS-FEDERATION/identity_providers/atmosphere HTTP/1.1" 404 101 10.0.0.201 - - [24/Jul/2026:00:00:47 +0000] "GET /v3/OS-FEDERATION/identity_providers HTTP/1.1" 200 156 10.0.0.201 - - [24/Jul/2026:00:00:47 +0000] "PUT /v3/OS-FEDERATION/identity_providers/atmosphere HTTP/1.1" 201 342 10.0.0.201 - - [24/Jul/2026:00:00:48 +0000] "GET /v3 HTTP/1.1" 200 266
[Fri Jul 24 00:00:48.323689 2026] [wsgi:error] [pid 11:tid 140478479611584] [remote 10.0.0.201:49716] 2026-07-24 00:00:48.323 11 WARNING keystone.common.password_hashing [None req-efa40f04-1a09-4c9d-be71-90ff413a9f1d - - - - - -] Truncating password to algorithm specific maximum length 72 characters.
[Fri Jul 24 00:00:48.598561 2026] [wsgi:error] [pid 11:tid 140478479611584] [remote 10.0.0.201:49716] 2026-07-24 00:00:48.598 11 WARNING keystone.common.fernet_utils [None req-efa40f04-1a09-4c9d-be71-90ff413a9f1d - - - - - -] key_repository is world readable: /etc/keystone/fernet-keys/ 10.0.0.201 - - [24/Jul/2026:00:00:48 +0000] "POST /v3/auth/tokens HTTP/1.1" 201 1360 10.0.0.201 - - [24/Jul/2026:00:00:48 +0000] "GET / HTTP/1.1" 300 281 10.0.0.201 - - [24/Jul/2026:00:00:48 +0000] "GET /v3/OS-FEDERATION/mappings/atmosphere-openid HTTP/1.1" 404 98 10.0.0.201 - - [24/Jul/2026:00:00:48 +0000] "GET /v3/OS-FEDERATION/mappings HTTP/1.1" 200 136 10.0.0.201 - - [24/Jul/2026:00:00:48 +0000] "PUT /v3/OS-FEDERATION/mappings/atmosphere-openid HTTP/1.1" 201 357 10.0.0.201 - - [24/Jul/2026:00:00:49 +0000] "GET /v3 HTTP/1.1" 200 266
[Fri Jul 24 00:00:49.370211 2026] [wsgi:error] [pid 10:tid 140478479611584] [remote 10.0.0.201:49716] 2026-07-24 00:00:49.369 10 WARNING keystone.common.password_hashing [None req-8efb6a8d-997d-469d-8421-2e61d652a5c4 - - - - - -] Truncating password to algorithm specific maximum length 72 characters.
[Fri Jul 24 00:00:49.641459 2026] [wsgi:error] [pid 10:tid 140478479611584] [remote 10.0.0.201:49716] 2026-07-24 00:00:49.641 10 WARNING keystone.common.fernet_utils [None req-8efb6a8d-997d-469d-8421-2e61d652a5c4 - - - - - -] key_repository is world readable: /etc/keystone/fernet-keys/ 10.0.0.201 - - [24/Jul/2026:00:00:49 +0000] "POST /v3/auth/tokens HTTP/1.1" 201 1360 10.0.0.201 - - [24/Jul/2026:00:00:49 +0000] "GET / HTTP/1.1" 300 281 10.0.0.201 - - [24/Jul/2026:00:00:49 +0000] "GET /v3/OS-FEDERATION/identity_providers/atmosphere/protocols/openid?idp_id=atmosphere HTTP/1.1" 404 131 10.0.0.201 - - [24/Jul/2026:00:00:49 +0000] "GET /v3/OS-FEDERATION/identity_providers/atmosphere/protocols HTTP/1.1" 200 168 10.0.0.201 - - [24/Jul/2026:00:00:49 +0000] "PUT /v3/OS-FEDERATION/identity_providers/atmosphere/protocols/openid HTTP/1.1" 201 224 10.0.0.201 - - [24/Jul/2026:00:01:01 +0000] "GET /v3/ HTTP/1.1" 200 250 10.0.0.201 - - [24/Jul/2026:00:01:01 +0000] "GET /v3/ HTTP/1.1" 200 250 10.0.0.201 - - [24/Jul/2026:00:02:01 +0000] "GET /v3/ HTTP/1.1" 200 250 10.0.0.201 - - [24/Jul/2026:00:02:01 +0000] "GET /v3/ HTTP/1.1" 200 250 10.0.0.195 - - [24/Jul/2026:00:02:11 +0000] "GET / HTTP/1.1" 300 295
[Fri Jul 24 00:02:11.376424 2026] [wsgi:error] [pid 11:tid 140478479611584] [remote 10.0.0.195:42208] 2026-07-24 00:02:11.376 11 WARNING keystone.common.password_hashing [None req-5d75b8bb-7cae-4dff-b683-2f0c7ffc9b36 - - - - - -] Truncating password to algorithm specific maximum length 72 characters.
[Fri Jul 24 00:02:11.652632 2026] [wsgi:error] [pid 11:tid 140478479611584] [remote 10.0.0.195:42208] 2026-07-24 00:02:11.652 11 WARNING keystone.common.fernet_utils [None req-5d75b8bb-7cae-4dff-b683-2f0c7ffc9b36 - - - - - -] key_repository is world readable: /etc/keystone/fernet-keys/ 10.0.0.195 - - [24/Jul/2026:00:02:11 +0000] "POST /v3/auth/tokens HTTP/1.1" 201 1360 10.0.0.195 - - [24/Jul/2026:00:02:11 +0000] "GET /v3/services HTTP/1.1" 200 355 10.0.0.195 - - [24/Jul/2026:00:02:15 +0000] "GET / HTTP/1.1" 300 295
[Fri Jul 24 00:02:15.221664 2026] [wsgi:error] [pid 12:tid 140478479611584] [remote 10.0.0.195:42210] 2026-07-24 00:02:15.221 12 WARNING keystone.common.password_hashing [None req-eabc74eb-1aa3-4c3e-9ffe-ddde929274ce - - - - - -] Truncating password to algorithm specific maximum length 72 characters.
[Fri Jul 24 00:02:15.521198 2026] [wsgi:error] [pid 12:tid 140478479611584] [remote 10.0.0.195:42210] 2026-07-24 00:02:15.521 12 WARNING keystone.common.fernet_utils [None req-eabc74eb-1aa3-4c3e-9ffe-ddde929274ce - - - - - -] key_repository is world readable: /etc/keystone/fernet-keys/ 10.0.0.195 - - [24/Jul/2026:00:02:15 +0000] "POST /v3/auth/tokens HTTP/1.1" 201 1360 10.0.0.195 - - [24/Jul/2026:00:02:15 +0000] "GET /v3/services HTTP/1.1" 200 355 10.0.0.195 - - [24/Jul/2026:00:02:19 +0000] "GET / HTTP/1.1" 300 295
[Fri Jul 24 00:02:19.128593 2026] [wsgi:error] [pid 10:tid 140478479611584] [remote 10.0.0.195:50150] 2026-07-24 00:02:19.128 10 WARNING keystone.common.password_hashing [None req-62f9b81b-4079-4c92-bf3a-b515f4af81b8 - - - - - -] Truncating password to algorithm specific maximum length 72 characters.
[Fri Jul 24 00:02:19.425336 2026] [wsgi:error] [pid 10:tid 140478479611584] [remote 10.0.0.195:50150] 2026-07-24 00:02:19.425 10 WARNING keystone.common.fernet_utils [None req-62f9b81b-4079-4c92-bf3a-b515f4af81b8 - - - - - -] key_repository is world readable: /etc/keystone/fernet-keys/ 10.0.0.195 - - [24/Jul/2026:00:02:19 +0000] "POST /v3/auth/tokens HTTP/1.1" 201 1360 10.0.0.195 - - [24/Jul/2026:00:02:19 +0000] "GET /v3/services HTTP/1.1" 200 355 10.0.0.195 - - [24/Jul/2026:00:02:23 +0000] "GET / HTTP/1.1" 300 295
[Fri Jul 24 00:02:23.047634 2026] [wsgi:error] [pid 9:tid 140478479611584] [remote 10.0.0.195:50166] 2026-07-24 00:02:23.047 9 WARNING keystone.common.password_hashing [None req-a004054a-f9da-4721-bd7c-75763a589bf4 - - - - - -] Truncating password to algorithm specific maximum length 72 characters.
[Fri Jul 24 00:02:23.327596 2026] [wsgi:error] [pid 9:tid 140478479611584] [remote 10.0.0.195:50166] 2026-07-24 00:02:23.327 9 WARNING keystone.common.fernet_utils [None req-a004054a-f9da-4721-bd7c-75763a589bf4 - - - - - -] key_repository is world readable: /etc/keystone/fernet-keys/ 10.0.0.195 - - [24/Jul/2026:00:02:23 +0000] "POST /v3/auth/tokens HTTP/1.1" 201 1360 10.0.0.195 - - [24/Jul/2026:00:02:23 +0000] "POST /v3/services HTTP/1.1" 201 296 10.0.0.116 - - [24/Jul/2026:00:02:34 +0000] "GET / HTTP/1.1" 300 295
[Fri Jul 24 00:02:34.626005 2026] [wsgi:error] [pid 11:tid 140478479611584] [remote 10.0.0.116:34346] 2026-07-24 00:02:34.625 11 WARNING keystone.common.password_hashing [None req-0d56db0f-d4a0-4848-851c-08d17aa374cc - - - - - -] Truncating password to algorithm specific maximum length 72 characters. 10.0.0.116 - - [24/Jul/2026:00:02:34 +0000] "GET / HTTP/1.1" 300 295
[Fri Jul 24 00:02:34.888441 2026] [wsgi:error] [pid 10:tid 140478479611584] [remote 10.0.0.116:34354] 2026-07-24 00:02:34.888 10 WARNING keystone.common.password_hashing [None req-b84eb717-3bcd-4a9a-9da8-f4d24f85685f - - - - - -] Truncating password to algorithm specific maximum length 72 characters.
[Fri Jul 24 00:02:34.897033 2026] [wsgi:error] [pid 11:tid 140478479611584] [remote 10.0.0.116:34346] 2026-07-24 00:02:34.896 11 WARNING keystone.common.fernet_utils [None req-0d56db0f-d4a0-4848-851c-08d17aa374cc - - - - - -] key_repository is world readable: /etc/keystone/fernet-keys/ 10.0.0.116 - - [24/Jul/2026:00:02:34 +0000] "POST /v3/auth/tokens HTTP/1.1" 201 1464 10.0.0.116 - - [24/Jul/2026:00:02:34 +0000] "GET / HTTP/1.1" 300 295
[Fri Jul 24 00:02:34.956335 2026] [wsgi:error] [pid 9:tid 140478479611584] [remote 10.0.0.116:34370] 2026-07-24 00:02:34.956 9 WARNING keystone.common.password_hashing [None req-3f2af3f1-0215-4922-b930-da444a948a7f - - - - - -] Truncating password to algorithm specific maximum length 72 characters. 10.0.0.116 - - [24/Jul/2026:00:02:35 +0000] "GET /v3/services HTTP/1.1" 200 639
[Fri Jul 24 00:02:35.163821 2026] [wsgi:error] [pid 10:tid 140478479611584] [remote 10.0.0.116:34354] 2026-07-24 00:02:35.163 10 WARNING keystone.common.fernet_utils [None req-b84eb717-3bcd-4a9a-9da8-f4d24f85685f - - - - - -] key_repository is world readable: /etc/keystone/fernet-keys/ 10.0.0.116 - - [24/Jul/2026:00:02:34 +0000] "POST /v3/auth/tokens HTTP/1.1" 201 1464
[Fri Jul 24 00:02:35.226371 2026] [wsgi:error] [pid 9:tid 140478479611584] [remote 10.0.0.116:34370] 2026-07-24 00:02:35.226 9 WARNING keystone.common.fernet_utils [None req-3f2af3f1-0215-4922-b930-da444a948a7f - - - - - -] key_repository is world readable: /etc/keystone/fernet-keys/ 10.0.0.116 - - [24/Jul/2026:00:02:34 +0000] "POST /v3/auth/tokens HTTP/1.1" 201 1464 10.0.0.116 - - [24/Jul/2026:00:02:35 +0000] "GET /v3/services HTTP/1.1" 200 639 10.0.0.116 - - [24/Jul/2026:00:02:35 +0000] "GET /v3/services HTTP/1.1" 200 639 10.0.0.116 - - [24/Jul/2026:00:02:36 +0000] "GET / HTTP/1.1" 300 295
[Fri Jul 24 00:02:36.562669 2026] [wsgi:error] [pid 9:tid 140478479611584] [remote 10.0.0.116:34374] 2026-07-24 00:02:36.562 9 WARNING keystone.common.password_hashing [None req-ab9154e2-357c-4754-903d-75c69d70760e - - - - - -] Truncating password to algorithm specific maximum length 72 characters. 10.0.0.116 - - [24/Jul/2026:00:02:36 +0000] "GET / HTTP/1.1" 300 295
[Fri Jul 24 00:02:36.824951 2026] [wsgi:error] [pid 11:tid 140478479611584] [remote 10.0.0.116:34386] 2026-07-24 00:02:36.824 11 WARNING keystone.common.password_hashing [None req-f116ad49-c8b2-4e64-af77-af4c6a436dcf - - - - - -] Truncating password to algorithm specific maximum length 72 characters. 10.0.0.116 - - [24/Jul/2026:00:02:36 +0000] "GET / HTTP/1.1" 300 295
[Fri Jul 24 00:02:36.851996 2026] [wsgi:error] [pid 12:tid 140478479611584] [remote 10.0.0.116:34402] 2026-07-24 00:02:36.851 12 WARNING keystone.common.password_hashing [None req-ac6809d8-dbc8-430e-b6b9-53f4bfc3b7d9 - - - - - -] Truncating password to algorithm specific maximum length 72 characters.
[Fri Jul 24 00:02:36.858197 2026] [wsgi:error] [pid 9:tid 140478479611584] [remote 10.0.0.116:34374] 2026-07-24 00:02:36.857 9 WARNING keystone.common.fernet_utils [None req-ab9154e2-357c-4754-903d-75c69d70760e - - - - - -] key_repository is world readable: /etc/keystone/fernet-keys/ 10.0.0.116 - - [24/Jul/2026:00:02:36 +0000] "POST /v3/auth/tokens HTTP/1.1" 201 1464 10.0.0.116 - - [24/Jul/2026:00:02:36 +0000] "GET /v3/endpoints HTTP/1.1" 200 1227 10.0.0.116 - - [24/Jul/2026:00:02:37 +0000] "GET /v3/services/fde8721c2f594865813c56c99131cca1 HTTP/1.1" 200 233 10.0.0.116 - - [24/Jul/2026:00:02:37 +0000] "GET /v3/services/fde8721c2f594865813c56c99131cca1 HTTP/1.1" 200 233 10.0.0.116 - - [24/Jul/2026:00:02:37 +0000] "GET /v3/services/fde8721c2f594865813c56c99131cca1 HTTP/1.1" 200 233
[Fri Jul 24 00:02:37.097114 2026] [wsgi:error] [pid 11:tid 140478479611584] [remote 10.0.0.116:34386] 2026-07-24 00:02:37.096 11 WARNING keystone.common.fernet_utils [None req-f116ad49-c8b2-4e64-af77-af4c6a436dcf - - - - - -] key_repository is world readable: /etc/keystone/fernet-keys/ 10.0.0.116 - - [24/Jul/2026:00:02:36 +0000] "POST /v3/auth/tokens HTTP/1.1" 201 1464
[Fri Jul 24 00:02:37.118795 2026] [wsgi:error] [pid 12:tid 140478479611584] [remote 10.0.0.116:34402] 2026-07-24 00:02:37.118 12 WARNING keystone.common.fernet_utils [None req-ac6809d8-dbc8-430e-b6b9-53f4bfc3b7d9 - - - - - -] key_repository is world readable: /etc/keystone/fernet-keys/ 10.0.0.116 - - [24/Jul/2026:00:02:36 +0000] "POST /v3/auth/tokens HTTP/1.1" 201 1464 10.0.0.116 - - [24/Jul/2026:00:02:37 +0000] "GET /v3/endpoints HTTP/1.1" 200 1227 10.0.0.116 - - [24/Jul/2026:00:02:37 +0000] "GET /v3/endpoints HTTP/1.1" 200 1227 10.0.0.116 - - [24/Jul/2026:00:02:37 +0000] "GET /v3/services/fde8721c2f594865813c56c99131cca1 HTTP/1.1" 200 233 10.0.0.116 - - [24/Jul/2026:00:02:37 +0000] "GET /v3/services/fde8721c2f594865813c56c99131cca1 HTTP/1.1" 200 233 10.0.0.116 - - [24/Jul/2026:00:02:37 +0000] "GET /v3/services/fde8721c2f594865813c56c99131cca1 HTTP/1.1" 200 233 10.0.0.116 - - [24/Jul/2026:00:02:37 +0000] "GET /v3/services/fde8721c2f594865813c56c99131cca1 HTTP/1.1" 200 233 10.0.0.116 - - [24/Jul/2026:00:02:37 +0000] "GET /v3/services/fde8721c2f594865813c56c99131cca1 HTTP/1.1" 200 233 10.0.0.116 - - [24/Jul/2026:00:02:37 +0000] "GET /v3/services/fde8721c2f594865813c56c99131cca1 HTTP/1.1" 200 233 10.0.0.116 - - [24/Jul/2026:00:02:38 +0000] "GET / HTTP/1.1" 300 295 10.0.0.116 - - [24/Jul/2026:00:02:38 +0000] "GET / HTTP/1.1" 300 295
[Fri Jul 24 00:02:38.746287 2026] [wsgi:error] [pid 10:tid 140478479611584] [remote 10.0.0.116:34408] 2026-07-24 00:02:38.745 10 WARNING keystone.common.password_hashing [None req-eb346ac0-545e-4967-a9b4-56652d8be0a8 - - - - - -] Truncating password to algorithm specific maximum length 72 characters.
[Fri Jul 24 00:02:38.757383 2026] [wsgi:error] [pid 12:tid 140478479611584] [remote 10.0.0.116:34414] 2026-07-24 00:02:38.757 12 WARNING keystone.common.password_hashing [None req-0908224c-9463-400b-bd93-08ea7395c4ba - - - - - -] Truncating password to algorithm specific maximum length 72 characters. 10.0.0.116 - - [24/Jul/2026:00:02:38 +0000] "GET / HTTP/1.1" 300 295
[Fri Jul 24 00:02:38.785852 2026] [wsgi:error] [pid 9:tid 140478479611584] [remote 10.0.0.116:34426] 2026-07-24 00:02:38.785 9 WARNING keystone.common.password_hashing [None req-955195be-d6bc-4e77-a345-1225de80185e - - - - - -] Truncating password to algorithm specific maximum length 72 characters.
[Fri Jul 24 00:02:39.018939 2026] [wsgi:error] [pid 10:tid 140478479611584] [remote 10.0.0.116:34408] 2026-07-24 00:02:39.018 10 WARNING keystone.common.fernet_utils [None req-eb346ac0-545e-4967-a9b4-56652d8be0a8 - - - - - -] key_repository is world readable: /etc/keystone/fernet-keys/ 10.0.0.116 - - [24/Jul/2026:00:02:38 +0000] "POST /v3/auth/tokens HTTP/1.1" 201 1464
[Fri Jul 24 00:02:39.025772 2026] [wsgi:error] [pid 12:tid 140478479611584] [remote 10.0.0.116:34414] 2026-07-24 00:02:39.025 12 WARNING keystone.common.fernet_utils [None req-0908224c-9463-400b-bd93-08ea7395c4ba - - - - - -] key_repository is world readable: /etc/keystone/fernet-keys/ 10.0.0.116 - - [24/Jul/2026:00:02:38 +0000] "POST /v3/auth/tokens HTTP/1.1" 201 1464
[Fri Jul 24 00:02:39.052800 2026] [wsgi:error] [pid 9:tid 140478479611584] [remote 10.0.0.116:34426] 2026-07-24 00:02:39.052 9 WARNING keystone.common.fernet_utils [None req-955195be-d6bc-4e77-a345-1225de80185e - - - - - -] key_repository is world readable: /etc/keystone/fernet-keys/ 10.0.0.116 - - [24/Jul/2026:00:02:38 +0000] "POST /v3/auth/tokens HTTP/1.1" 201 1464 10.0.0.116 - - [24/Jul/2026:00:02:39 +0000] "GET /v3/services/bf091b43f2db416e96fd7edf22469cd7 HTTP/1.1" 200 296 10.0.0.116 - - [24/Jul/2026:00:02:39 +0000] "GET /v3/services/bf091b43f2db416e96fd7edf22469cd7 HTTP/1.1" 200 296 10.0.0.116 - - [24/Jul/2026:00:02:39 +0000] "GET /v3/regions/RegionOne HTTP/1.1" 200 173 10.0.0.116 - - [24/Jul/2026:00:02:39 +0000] "GET /v3/regions/RegionOne HTTP/1.1" 200 173 10.0.0.116 - - [24/Jul/2026:00:02:39 +0000] "GET /v3/services/bf091b43f2db416e96fd7edf22469cd7 HTTP/1.1" 200 296 10.0.0.116 - - [24/Jul/2026:00:02:39 +0000] "POST /v3/endpoints HTTP/1.1" 201 370 10.0.0.116 - - [24/Jul/2026:00:02:39 +0000] "POST /v3/endpoints HTTP/1.1" 201 383 10.0.0.116 - - [24/Jul/2026:00:02:39 +0000] "GET /v3/regions/RegionOne HTTP/1.1" 200 173 10.0.0.116 - - [24/Jul/2026:00:02:39 +0000] "POST /v3/endpoints HTTP/1.1" 201 380 10.0.0.116 - - [24/Jul/2026:00:02:40 +0000] "GET / HTTP/1.1" 300 295
[Fri Jul 24 00:02:40.651620 2026] [wsgi:error] [pid 9:tid 140478479611584] [remote 10.0.0.116:56488] 2026-07-24 00:02:40.651 9 WARNING keystone.common.password_hashing [None req-3aa67ad0-7cd5-45d5-aa75-743a26899567 - - - - - -] Truncating password to algorithm specific maximum length 72 characters. 10.0.0.116 - - [24/Jul/2026:00:02:40 +0000] "GET / HTTP/1.1" 300 295
[Fri Jul 24 00:02:40.692860 2026] [wsgi:error] [pid 11:tid 140478479611584] [remote 10.0.0.116:56490] 2026-07-24 00:02:40.692 11 WARNING keystone.common.password_hashing [None req-52606153-4dbe-4eb2-aaaa-17377ff30679 - - - - - -] Truncating password to algorithm specific maximum length 72 characters.
[Fri Jul 24 00:02:40.924928 2026] [wsgi:error] [pid 9:tid 140478479611584] [remote 10.0.0.116:56488] 2026-07-24 00:02:40.924 9 WARNING keystone.common.fernet_utils [None req-3aa67ad0-7cd5-45d5-aa75-743a26899567 - - - - - -] key_repository is world readable: /etc/keystone/fernet-keys/ 10.0.0.116 - - [24/Jul/2026:00:02:40 +0000] "POST /v3/auth/tokens HTTP/1.1" 201 1992 10.0.0.116 - - [24/Jul/2026:00:02:40 +0000] "GET / HTTP/1.1" 300 295
[Fri Jul 24 00:02:40.966204 2026] [wsgi:error] [pid 11:tid 140478479611584] [remote 10.0.0.116:56490] 2026-07-24 00:02:40.966 11 WARNING keystone.common.fernet_utils [None req-52606153-4dbe-4eb2-aaaa-17377ff30679 - - - - - -] key_repository is world readable: /etc/keystone/fernet-keys/ 10.0.0.116 - - [24/Jul/2026:00:02:40 +0000] "POST /v3/auth/tokens HTTP/1.1" 201 1992
[Fri Jul 24 00:02:40.981270 2026] [wsgi:error] [pid 12:tid 140478479611584] [remote 10.0.0.116:56498] 2026-07-24 00:02:40.981 12 WARNING keystone.common.password_hashing [None req-83068178-b067-422f-bc28-ebcce2fb2472 - - - - - -] Truncating password to algorithm specific maximum length 72 characters. 10.0.0.116 - - [24/Jul/2026:00:02:41 +0000] "GET /v3/endpoints/a2339ec2420d405fa473c1d6f2ea0e14 HTTP/1.1" 200 370 10.0.0.116 - - [24/Jul/2026:00:02:41 +0000] "GET /v3/services/bf091b43f2db416e96fd7edf22469cd7 HTTP/1.1" 200 296 10.0.0.116 - - [24/Jul/2026:00:02:41 +0000] "GET /v3/endpoints/fe800ac6a2e44ad6ab2724122747122c HTTP/1.1" 200 383 10.0.0.116 - - [24/Jul/2026:00:02:41 +0000] "GET /v3/services/bf091b43f2db416e96fd7edf22469cd7 HTTP/1.1" 200 296
[Fri Jul 24 00:02:41.253675 2026] [wsgi:error] [pid 12:tid 140478479611584] [remote 10.0.0.116:56498] 2026-07-24 00:02:41.253 12 WARNING keystone.common.fernet_utils [None req-83068178-b067-422f-bc28-ebcce2fb2472 - - - - - -] key_repository is world readable: /etc/keystone/fernet-keys/ 10.0.0.116 - - [24/Jul/2026:00:02:40 +0000] "POST /v3/auth/tokens HTTP/1.1" 201 1992 10.0.0.116 - - [24/Jul/2026:00:02:41 +0000] "GET /v3/endpoints/574f4379c577468f864ecaeb8723c031 HTTP/1.1" 200 380 10.0.0.116 - - [24/Jul/2026:00:02:41 +0000] "GET /v3/services/bf091b43f2db416e96fd7edf22469cd7 HTTP/1.1" 200 296 10.0.0.15 - - [24/Jul/2026:00:02:52 +0000] "GET / HTTP/1.1" 300 295
[Fri Jul 24 00:02:52.745012 2026] [wsgi:error] [pid 12:tid 140478479611584] [remote 10.0.0.15:41658] 2026-07-24 00:02:52.744 12 WARNING keystone.common.password_hashing [None req-4c424407-7ca6-4ab5-9ab6-a1abbb29f5cf - - - - - -] Truncating password to algorithm specific maximum length 72 characters.
[Fri Jul 24 00:02:53.018628 2026] [wsgi:error] [pid 12:tid 140478479611584] [remote 10.0.0.15:41658] 2026-07-24 00:02:53.018 12 WARNING keystone.common.fernet_utils [None req-4c424407-7ca6-4ab5-9ab6-a1abbb29f5cf - - - - - -] key_repository is world readable: /etc/keystone/fernet-keys/ 10.0.0.15 - - [24/Jul/2026:00:02:52 +0000] "POST /v3/auth/tokens HTTP/1.1" 201 1992 10.0.0.15 - - [24/Jul/2026:00:02:53 +0000] "POST /v3/domains HTTP/1.1" 201 284 10.0.0.15 - - [24/Jul/2026:00:02:54 +0000] "GET / HTTP/1.1" 300 295
[Fri Jul 24 00:02:54.685161 2026] [wsgi:error] [pid 9:tid 140478479611584] [remote 10.0.0.15:41672] 2026-07-24 00:02:54.684 9 WARNING keystone.common.password_hashing [None req-78cff62d-f45a-422b-833f-b8f0cdb7b7d5 - - - - - -] Truncating password to algorithm specific maximum length 72 characters.
[Fri Jul 24 00:02:54.964511 2026] [wsgi:error] [pid 9:tid 140478479611584] [remote 10.0.0.15:41672] 2026-07-24 00:02:54.964 9 WARNING keystone.common.fernet_utils [None req-78cff62d-f45a-422b-833f-b8f0cdb7b7d5 - - - - - -] key_repository is world readable: /etc/keystone/fernet-keys/ 10.0.0.15 - - [24/Jul/2026:00:02:54 +0000] "POST /v3/auth/tokens HTTP/1.1" 201 1992
[Fri Jul 24 00:02:55.130405 2026] [wsgi:error] [pid 12:tid 140478479611584] [remote 10.0.0.15:41672] 2026-07-24 00:02:55.117 12 ERROR keystone.server.flask.application [None req-c0ac39f6-8fcd-4bbf-8a23-12f207a75e4b 6c07d7250bd34e8597803a674eb79215 4c2e712904c24ef8ae9ef117831ae413 - - default default] Conflict occurred attempting to store project - it is not permitted to have two projects acting as domains with the same name: service.: keystone.exception.Conflict: Conflict occurred attempting to store project - it is not permitted to have two projects acting as domains with the same name: service.
[Fri Jul 24 00:02:55.130426 2026] [wsgi:error] [pid 12:tid 140478479611584] [remote 10.0.0.15:41672] 2026-07-24 00:02:55.117 12 ERROR keystone.server.flask.application
Traceback (most recent call last):
[Fri Jul 24 00:02:55.130428 2026] [wsgi:error] [pid 12:tid 140478479611584] [remote 10.0.0.15:41672] 2026-07-24 00:02:55.117 12 ERROR keystone.server.flask.application
File "/var/lib/openstack/lib/python3.12/site-packages/sqlalchemy/engine/base.py", line 1969, in _exec_single_context
[Fri Jul 24 00:02:55.130430 2026] [wsgi:error] [pid 12:tid 140478479611584] [remote 10.0.0.15:41672] 2026-07-24 00:02:55.117 12 ERROR keystone.server.flask.application self.dialect.do_execute(
[Fri Jul 24 00:02:55.130431 2026] [wsgi:error] [pid 12:tid 140478479611584] [remote 10.0.0.15:41672] 2026-07-24 00:02:55.117 12 ERROR keystone.server.flask.application
File "/var/lib/openstack/lib/python3.12/site-packages/sqlalchemy/engine/default.py", line 952, in do_execute
[Fri Jul 24 00:02:55.130433 2026] [wsgi:error] [pid 12:tid 140478479611584] [remote 10.0.0.15:41672] 2026-07-24 00:02:55.117 12 ERROR keystone.server.flask.application cursor.execute(statement, parameters)
[Fri Jul 24 00:02:55.130435 2026] [wsgi:error] [pid 12:tid 140478479611584] [remote 10.0.0.15:41672] 2026-07-24 00:02:55.117 12 ERROR keystone.server.flask.application
File "/var/lib/openstack/lib/python3.12/site-packages/pymysql/cursors.py", line 159, in execute
[Fri Jul 24 00:02:55.130436 2026] [wsgi:error] [pid 12:tid 140478479611584] [remote 10.0.0.15:41672] 2026-07-24 00:02:55.117 12 ERROR keystone.server.flask.application result = self._query(query)
[Fri Jul 24 00:02:55.130437 2026] [wsgi:error] [pid 12:tid 140478479611584] [remote 10.0.0.15:41672] 2026-07-24 00:02:55.117 12 ERROR keystone.server.flask.application ^^^^^^^^^^^^^^^^^^
[Fri Jul 24 00:02:55.130439 2026] [wsgi:error] [pid 12:tid 140478479611584] [remote 10.0.0.15:41672] 2026-07-24 00:02:55.117 12 ERROR keystone.server.flask.application
File "/var/lib/openstack/lib/python3.12/site-packages/pymysql/cursors.py", line 330, in _query
[Fri Jul 24 00:02:55.130440 2026] [wsgi:error] [pid 12:tid 140478479611584] [remote 10.0.0.15:41672] 2026-07-24 00:02:55.117 12 ERROR keystone.server.flask.application conn.query(q)
[Fri Jul 24 00:02:55.130442 2026] [wsgi:error] [pid 12:tid 140478479611584] [remote 10.0.0.15:41672] 2026-07-24 00:02:55.117 12 ERROR keystone.server.flask.application
File "/var/lib/openstack/lib/python3.12/site-packages/pymysql/connections.py", line 582, in query
[Fri Jul 24 00:02:55.130443 2026] [wsgi:error] [pid 12:tid 140478479611584] [remote 10.0.0.15:41672] 2026-07-24 00:02:55.117 12 ERROR keystone.server.flask.application self._affected_rows = self._read_query_result(unbuffered=unbuffered)
[Fri Jul 24 00:02:55.130445 2026] [wsgi:error] [pid 12:tid 140478479611584] [remote 10.0.0.15:41672] 2026-07-24 00:02:55.117 12 ERROR keystone.server.flask.application ^^^^^^^^^^^^^^^^^^^^^^^^^^^^^^^^^^^^^^^^^^^^^^
[Fri Jul 24 00:02:55.130446 2026] [wsgi:error] [pid 12:tid 140478479611584] [remote 10.0.0.15:41672] 2026-07-24 00:02:55.117 12 ERROR keystone.server.flask.application
File "/var/lib/openstack/lib/python3.12/site-packages/pymysql/connections.py", line 847, in _read_query_result
[Fri Jul 24 00:02:55.130447 2026] [wsgi:error] [pid 12:tid 140478479611584] [remote 10.0.0.15:41672] 2026-07-24 00:02:55.117 12 ERROR keystone.server.flask.application result.read()
[Fri Jul 24 00:02:55.130451 2026] [wsgi:error] [pid 12:tid 140478479611584] [remote 10.0.0.15:41672] 2026-07-24 00:02:55.117 12 ERROR keystone.server.flask.application
File "/var/lib/openstack/lib/python3.12/site-packages/pymysql/connections.py", line 1245, in read
[Fri Jul 24 00:02:55.130453 2026] [wsgi:error] [pid 12:tid 140478479611584] [remote 10.0.0.15:41672] 2026-07-24 00:02:55.117 12 ERROR keystone.server.flask.application first_packet = self.connection._read_packet()
[Fri Jul 24 00:02:55.130454 2026] [wsgi:error] [pid 12:tid 140478479611584] [remote 10.0.0.15:41672] 2026-07-24 00:02:55.117 12 ERROR keystone.server.flask.application ^^^^^^^^^^^^^^^^^^^^^^^^^^^^^^
[Fri Jul 24 00:02:55.130455 2026] [wsgi:error] [pid 12:tid 140478479611584] [remote 10.0.0.15:41672] 2026-07-24 00:02:55.117 12 ERROR keystone.server.flask.application
File "/var/lib/openstack/lib/python3.12/site-packages/pymysql/connections.py", line 803, in _read_packet
[Fri Jul 24 00:02:55.130457 2026] [wsgi:error] [pid 12:tid 140478479611584] [remote 10.0.0.15:41672] 2026-07-24 00:02:55.117 12 ERROR keystone.server.flask.application packet.raise_for_error()
[Fri Jul 24 00:02:55.130458 2026] [wsgi:error] [pid 12:tid 140478479611584] [remote 10.0.0.15:41672] 2026-07-24 00:02:55.117 12 ERROR keystone.server.flask.application
File "/var/lib/openstack/lib/python3.12/site-packages/pymysql/protocol.py", line 219, in raise_for_error
[Fri Jul 24 00:02:55.130459 2026] [wsgi:error] [pid 12:tid 140478479611584] [remote 10.0.0.15:41672] 2026-07-24 00:02:55.117 12 ERROR keystone.server.flask.application err.raise_mysql_exception(self._data)
[Fri Jul 24 00:02:55.130461 2026] [wsgi:error] [pid 12:tid 140478479611584] [remote 10.0.0.15:41672] 2026-07-24 00:02:55.117 12 ERROR keystone.server.flask.application
File "/var/lib/openstack/lib/python3.12/site-packages/pymysql/err.py", line 154, in raise_mysql_exception
[Fri Jul 24 00:02:55.130462 2026] [wsgi:error] [pid 12:tid 140478479611584] [remote 10.0.0.15:41672] 2026-07-24 00:02:55.117 12 ERROR keystone.server.flask.application raise errorclass(errno, errval, sqlstate=sqlstate)
[Fri Jul 24 00:02:55.130464 2026] [wsgi:error] [pid 12:tid 140478479611584] [remote 10.0.0.15:41672] 2026-07-24 00:02:55.117 12 ERROR keystone.server.flask.application pymysql.err.IntegrityError: (1062, "Duplicate entry '<>-service' for key 'project.ixu_project_name_domain_id'")
[Fri Jul 24 00:02:55.130465 2026] [wsgi:error] [pid 12:tid 140478479611584] [remote 10.0.0.15:41672] 2026-07-24 00:02:55.117 12 ERROR keystone.server.flask.application
[Fri Jul 24 00:02:55.130467 2026] [wsgi:error] [pid 12:tid 140478479611584] [remote 10.0.0.15:41672] 2026-07-24 00:02:55.117 12 ERROR keystone.server.flask.application The above exception was the direct cause of the following exception:
[Fri Jul 24 00:02:55.130468 2026] [wsgi:error] [pid 12:tid 140478479611584] [remote 10.0.0.15:41672] 2026-07-24 00:02:55.117 12 ERROR keystone.server.flask.application
[Fri Jul 24 00:02:55.130469 2026] [wsgi:error] [pid 12:tid 140478479611584] [remote 10.0.0.15:41672] 2026-07-24 00:02:55.117 12 ERROR keystone.server.flask.application
Traceback (most recent call last):
[Fri Jul 24 00:02:55.130470 2026] [wsgi:error] [pid 12:tid 140478479611584] [remote 10.0.0.15:41672] 2026-07-24 00:02:55.117 12 ERROR keystone.server.flask.application
File "/var/lib/openstack/lib/python3.12/site-packages/keystone/common/sql/core.py", line 575, in wrapper
[Fri Jul 24 00:02:55.130476 2026] [wsgi:error] [pid 12:tid 140478479611584] [remote 10.0.0.15:41672] 2026-07-24 00:02:55.117 12 ERROR keystone.server.flask.application return method(*args, **kwargs)
[Fri Jul 24 00:02:55.130478 2026] [wsgi:error] [pid 12:tid 140478479611584] [remote 10.0.0.15:41672] 2026-07-24 00:02:55.117 12 ERROR keystone.server.flask.application ^^^^^^^^^^^^^^^^^^^^^^^
[Fri Jul 24 00:02:55.130479 2026] [wsgi:error] [pid 12:tid 140478479611584] [remote 10.0.0.15:41672] 2026-07-24 00:02:55.117 12 ERROR keystone.server.flask.application
File "/var/lib/openstack/lib/python3.12/site-packages/keystone/resource/backends/sql.py", line 278, in create_project
[Fri Jul 24 00:02:55.130480 2026] [wsgi:error] [pid 12:tid 140478479611584] [remote 10.0.0.15:41672] 2026-07-24 00:02:55.117 12 ERROR keystone.server.flask.application with sql.session_for_write() as session:
[Fri Jul 24 00:02:55.130482 2026] [wsgi:error] [pid 12:tid 140478479611584] [remote 10.0.0.15:41672] 2026-07-24 00:02:55.117 12 ERROR keystone.server.flask.application
File "/usr/lib/python3.12/contextlib.py", line 144, in __exit__
[Fri Jul 24 00:02:55.130483 2026] [wsgi:error] [pid 12:tid 140478479611584] [remote 10.0.0.15:41672] 2026-07-24 00:02:55.117 12 ERROR keystone.server.flask.application next(self.gen)
[Fri Jul 24 00:02:55.130484 2026] [wsgi:error] [pid 12:tid 140478479611584] [remote 10.0.0.15:41672] 2026-07-24 00:02:55.117 12 ERROR keystone.server.flask.application
File "/var/lib/openstack/lib/python3.12/site-packages/oslo_db/sqlalchemy/enginefacade.py", line 1175, in _transaction_scope
[Fri Jul 24 00:02:55.130486 2026] [wsgi:error] [pid 12:tid 140478479611584] [remote 10.0.0.15:41672] 2026-07-24 00:02:55.117 12 ERROR keystone.server.flask.application with current._produce_block(
[Fri Jul 24 00:02:55.130487 2026] [wsgi:error] [pid 12:tid 140478479611584] [remote 10.0.0.15:41672] 2026-07-24 00:02:55.117 12 ERROR keystone.server.flask.application
File "/usr/lib/python3.12/contextlib.py", line 144, in __exit__
[Fri Jul 24 00:02:55.130489 2026] [wsgi:error] [pid 12:tid 140478479611584] [remote 10.0.0.15:41672] 2026-07-24 00:02:55.117 12 ERROR keystone.server.flask.application next(self.gen)
[Fri Jul 24 00:02:55.130490 2026] [wsgi:error] [pid 12:tid 140478479611584] [remote 10.0.0.15:41672] 2026-07-24 00:02:55.117 12 ERROR keystone.server.flask.application
File "/var/lib/openstack/lib/python3.12/site-packages/oslo_db/sqlalchemy/enginefacade.py", line 837, in _session
[Fri Jul 24 00:02:55.130491 2026] [wsgi:error] [pid 12:tid 140478479611584] [remote 10.0.0.15:41672] 2026-07-24 00:02:55.117 12 ERROR keystone.server.flask.application with excutils.save_and_reraise_exception():
[Fri Jul 24 00:02:55.130493 2026] [wsgi:error] [pid 12:tid 140478479611584] [remote 10.0.0.15:41672] 2026-07-24 00:02:55.117 12 ERROR keystone.server.flask.application
File "/var/lib/openstack/lib/python3.12/site-packages/oslo_utils/excutils.py", line 266, in __exit__
[Fri Jul 24 00:02:55.130494 2026] [wsgi:error] [pid 12:tid 140478479611584] [remote 10.0.0.15:41672] 2026-07-24 00:02:55.117 12 ERROR keystone.server.flask.application self.force_reraise()
[Fri Jul 24 00:02:55.130495 2026] [wsgi:error] [pid 12:tid 140478479611584] [remote 10.0.0.15:41672] 2026-07-24 00:02:55.117 12 ERROR keystone.server.flask.application
File "/var/lib/openstack/lib/python3.12/site-packages/oslo_utils/excutils.py", line 232, in force_reraise
[Fri Jul 24 00:02:55.130497 2026] [wsgi:error] [pid 12:tid 140478479611584] [remote 10.0.0.15:41672] 2026-07-24 00:02:55.117 12 ERROR keystone.server.flask.application raise self.value
[Fri Jul 24 00:02:55.130498 2026] [wsgi:error] [pid 12:tid 140478479611584] [remote 10.0.0.15:41672] 2026-07-24 00:02:55.117 12 ERROR keystone.server.flask.application
File "/var/lib/openstack/lib/python3.12/site-packages/oslo_db/sqlalchemy/enginefacade.py", line 835, in _session
[Fri Jul 24 00:02:55.130509 2026] [wsgi:error] [pid 12:tid 140478479611584] [remote 10.0.0.15:41672] 2026-07-24 00:02:55.117 12 ERROR keystone.server.flask.application self._end_session_transaction(self.session)
[Fri Jul 24 00:02:55.130512 2026] [wsgi:error] [pid 12:tid 140478479611584] [remote 10.0.0.15:41672] 2026-07-24 00:02:55.117 12 ERROR keystone.server.flask.application
File "/var/lib/openstack/lib/python3.12/site-packages/oslo_db/sqlalchemy/enginefacade.py", line 748, in _end_session_transaction
[Fri Jul 24 00:02:55.130513 2026] [wsgi:error] [pid 12:tid 140478479611584] [remote 10.0.0.15:41672] 2026-07-24 00:02:55.117 12 ERROR keystone.server.flask.application session.commit()
[Fri Jul 24 00:02:55.130514 2026] [wsgi:error] [pid 12:tid 140478479611584] [remote 10.0.0.15:41672] 2026-07-24 00:02:55.117 12 ERROR keystone.server.flask.application
File "/var/lib/openstack/lib/python3.12/site-packages/sqlalchemy/orm/session.py", line 2034, in commit
[Fri Jul 24 00:02:55.130516 2026] [wsgi:error] [pid 12:tid 140478479611584] [remote 10.0.0.15:41672] 2026-07-24 00:02:55.117 12 ERROR keystone.server.flask.application trans.commit(_to_root=True)
[Fri Jul 24 00:02:55.130517 2026] [wsgi:error] [pid 12:tid 140478479611584] [remote 10.0.0.15:41672] 2026-07-24 00:02:55.117 12 ERROR keystone.server.flask.application File "", line 2, in commit
[Fri Jul 24 00:02:55.130519 2026] [wsgi:error] [pid 12:tid 140478479611584] [remote 10.0.0.15:41672] 2026-07-24 00:02:55.117 12 ERROR keystone.server.flask.application
File "/var/lib/openstack/lib/python3.12/site-packages/sqlalchemy/orm/state_changes.py", line 137, in _go
[Fri Jul 24 00:02:55.130520 2026] [wsgi:error] [pid 12:tid 140478479611584] [remote 10.0.0.15:41672] 2026-07-24 00:02:55.117 12 ERROR keystone.server.flask.application ret_value = fn(self, *arg, **kw)
[Fri Jul 24 00:02:55.130522 2026] [wsgi:error] [pid 12:tid 140478479611584] [remote 10.0.0.15:41672] 2026-07-24 00:02:55.117 12 ERROR keystone.server.flask.application ^^^^^^^^^^^^^^^^^^^^
[Fri Jul 24 00:02:55.130523 2026] [wsgi:error] [pid 12:tid 140478479611584] [remote 10.0.0.15:41672] 2026-07-24 00:02:55.117 12 ERROR keystone.server.flask.application
File "/var/lib/openstack/lib/python3.12/site-packages/sqlalchemy/orm/session.py", line 1315, in commit
[Fri Jul 24 00:02:55.130525 2026] [wsgi:error] [pid 12:tid 140478479611584] [remote 10.0.0.15:41672] 2026-07-24 00:02:55.117 12 ERROR keystone.server.flask.application self._prepare_impl()
[Fri Jul 24 00:02:55.130526 2026] [wsgi:error] [pid 12:tid 140478479611584] [remote 10.0.0.15:41672] 2026-07-24 00:02:55.117 12 ERROR keystone.server.flask.application File "", line 2, in _prepare_impl
[Fri Jul 24 00:02:55.130527 2026] [wsgi:error] [pid 12:tid 140478479611584] [remote 10.0.0.15:41672] 2026-07-24 00:02:55.117 12 ERROR keystone.server.flask.application
File "/var/lib/openstack/lib/python3.12/site-packages/sqlalchemy/orm/state_changes.py", line 137, in _go
[Fri Jul 24 00:02:55.130529 2026] [wsgi:error] [pid 12:tid 140478479611584] [remote 10.0.0.15:41672] 2026-07-24 00:02:55.117 12 ERROR keystone.server.flask.application ret_value = fn(self, *arg, **kw)
[Fri Jul 24 00:02:55.130530 2026] [wsgi:error] [pid 12:tid 140478479611584] [remote 10.0.0.15:41672] 2026-07-24 00:02:55.117 12 ERROR keystone.server.flask.application ^^^^^^^^^^^^^^^^^^^^
[Fri Jul 24 00:02:55.130531 2026] [wsgi:error] [pid 12:tid 140478479611584] [remote 10.0.0.15:41672] 2026-07-24 00:02:55.117 12 ERROR keystone.server.flask.application
File "/var/lib/openstack/lib/python3.12/site-packages/sqlalchemy/orm/session.py", line 1290, in _prepare_impl
[Fri Jul 24 00:02:55.130533 2026] [wsgi:error] [pid 12:tid 140478479611584] [remote 10.0.0.15:41672] 2026-07-24 00:02:55.117 12 ERROR keystone.server.flask.application self.session.flush()
[Fri Jul 24 00:02:55.130534 2026] [wsgi:error] [pid 12:tid 140478479611584] [remote 10.0.0.15:41672] 2026-07-24 00:02:55.117 12 ERROR keystone.server.flask.application
File "/var/lib/openstack/lib/python3.12/site-packages/sqlalchemy/orm/session.py", line 4352, in flush
[Fri Jul 24 00:02:55.130536 2026] [wsgi:error] [pid 12:tid 140478479611584] [remote 10.0.0.15:41672] 2026-07-24 00:02:55.117 12 ERROR keystone.server.flask.application self._flush(objects)
[Fri Jul 24 00:02:55.130538 2026] [wsgi:error] [pid 12:tid 140478479611584] [remote 10.0.0.15:41672] 2026-07-24 00:02:55.117 12 ERROR keystone.server.flask.application
File "/var/lib/openstack/lib/python3.12/site-packages/sqlalchemy/orm/session.py", line 4487, in _flush
[Fri Jul 24 00:02:55.130539 2026] [wsgi:error] [pid 12:tid 140478479611584] [remote 10.0.0.15:41672] 2026-07-24 00:02:55.117 12 ERROR keystone.server.flask.application with util.safe_reraise():
[Fri Jul 24 00:02:55.130540 2026] [wsgi:error] [pid 12:tid 140478479611584] [remote 10.0.0.15:41672] 2026-07-24 00:02:55.117 12 ERROR keystone.server.flask.application
File "/var/lib/openstack/lib/python3.12/site-packages/sqlalchemy/util/langhelpers.py", line 122, in __exit__
[Fri Jul 24 00:02:55.130542 2026] [wsgi:error] [pid 12:tid 140478479611584] [remote 10.0.0.15:41672] 2026-07-24 00:02:55.117 12 ERROR keystone.server.flask.application raise exc_value.with_traceback(exc_tb)
[Fri Jul 24 00:02:55.130543 2026] [wsgi:error] [pid 12:tid 140478479611584] [remote 10.0.0.15:41672] 2026-07-24 00:02:55.117 12 ERROR keystone.server.flask.application
File "/var/lib/openstack/lib/python3.12/site-packages/sqlalchemy/orm/session.py", line 4448, in _flush
[Fri Jul 24 00:02:55.130545 2026] [wsgi:error] [pid 12:tid 140478479611584] [remote 10.0.0.15:41672] 2026-07-24 00:02:55.117 12 ERROR keystone.server.flask.application flush_context.execute()
[Fri Jul 24 00:02:55.130546 2026] [wsgi:error] [pid 12:tid 140478479611584] [remote 10.0.0.15:41672] 2026-07-24 00:02:55.117 12 ERROR keystone.server.flask.application
