2026-07-17 14:02:12.825 7 INFO cinder.api.openstack.wsgi [None req-0648a758-545a-4c44-8ffa-ee35d24f7f98 66bac187a04744e1b3fb96f4a9fd8ec1 0c21b1ebd5674aeb907617475de3ba85 - - default default] GET http://cinder-api.openstack.svc.cluster.local:8776/v3/0c21b1ebd5674aeb907617475de3ba85/volumes/5580f30f-87c0-41b0-9b2a-5ce6dc5a6202
2026-07-17 14:02:12.835 7 INFO cinder.api.openstack.wsgi [None req-0648a758-545a-4c44-8ffa-ee35d24f7f98 66bac187a04744e1b3fb96f4a9fd8ec1 0c21b1ebd5674aeb907617475de3ba85 - - default default] http://cinder-api.openstack.svc.cluster.local:8776/v3/0c21b1ebd5674aeb907617475de3ba85/volumes/5580f30f-87c0-41b0-9b2a-5ce6dc5a6202 returned with HTTP 404 [pid: 7|app: 0|req: 442/883] 10.0.0.99 () {32 vars in 774 bytes} [Fri Jul 17 14:02:12 2026] GET /v3/0c21b1ebd5674aeb907617475de3ba85/volumes/5580f30f-87c0-41b0-9b2a-5ce6dc5a6202 => generated 109 bytes in 19 msecs (HTTP/1.1 404) 7 headers in 292 bytes (1 switches on core 0) /var/lib/openstack/lib/python3.12/site-packages/pycadf/identifier.py:70: UserWarning: Invalid uuid: cinderv3. To ensure interoperability, identifiers should be a valid uuid. warnings.warn(('Invalid uuid: %s. To ensure interoperability, '
2026-07-17 14:02:12.849 8 INFO cinder.api.openstack.wsgi [None req-1992ed44-1359-48af-94a4-9aca93d86788 66bac187a04744e1b3fb96f4a9fd8ec1 0c21b1ebd5674aeb907617475de3ba85 - - default default] GET http://cinder-api.openstack.svc.cluster.local:8776/v3/0c21b1ebd5674aeb907617475de3ba85/volumes/c981be67-b560-4cd7-9f2e-a4d6d980f36b /var/lib/openstack/lib/python3.12/site-packages/oslo_context/context.py:101: DeprecationWarning: Policy enforcement is depending on the value of is_admin. This key is deprecated. Please update your policy file to use the standard policy values. warnings.warn(
2026-07-17 14:02:12.872 8 INFO cinder.volume.api [None req-1992ed44-1359-48af-94a4-9aca93d86788 66bac187a04744e1b3fb96f4a9fd8ec1 0c21b1ebd5674aeb907617475de3ba85 - - default default] Volume info retrieved successfully.
2026-07-17 14:02:12.879 8 INFO cinder.api.openstack.wsgi [None req-1992ed44-1359-48af-94a4-9aca93d86788 66bac187a04744e1b3fb96f4a9fd8ec1 0c21b1ebd5674aeb907617475de3ba85 - - default default] http://cinder-api.openstack.svc.cluster.local:8776/v3/0c21b1ebd5674aeb907617475de3ba85/volumes/c981be67-b560-4cd7-9f2e-a4d6d980f36b returned with HTTP 200 [pid: 8|app: 0|req: 442/884] 10.0.0.99 () {32 vars in 774 bytes} [Fri Jul 17 14:02:12 2026] GET /v3/0c21b1ebd5674aeb907617475de3ba85/volumes/c981be67-b560-4cd7-9f2e-a4d6d980f36b => generated 1528 bytes in 37 msecs (HTTP/1.1 200) 7 headers in 286 bytes (1 switches on core 0)
2026-07-17 14:02:12.896 7 INFO cinder.api.openstack.wsgi [None req-737ae1ba-a01b-4412-9d3e-43cf7451bb08 66bac187a04744e1b3fb96f4a9fd8ec1 0c21b1ebd5674aeb907617475de3ba85 - - default default] DELETE http://cinder-api.openstack.svc.cluster.local:8776/v3/0c21b1ebd5674aeb907617475de3ba85/volumes/c981be67-b560-4cd7-9f2e-a4d6d980f36b
2026-07-17 14:02:12.897 7 INFO cinder.api.v3.volumes [None req-737ae1ba-a01b-4412-9d3e-43cf7451bb08 66bac187a04744e1b3fb96f4a9fd8ec1 0c21b1ebd5674aeb907617475de3ba85 - - default default] Delete volume with id: c981be67-b560-4cd7-9f2e-a4d6d980f36b /var/lib/openstack/lib/python3.12/site-packages/oslo_context/context.py:101: DeprecationWarning: Policy enforcement is depending on the value of is_admin. This key is deprecated. Please update your policy file to use the standard policy values. warnings.warn(
2026-07-17 14:02:12.906 7 INFO cinder.volume.api [None req-737ae1ba-a01b-4412-9d3e-43cf7451bb08 66bac187a04744e1b3fb96f4a9fd8ec1 0c21b1ebd5674aeb907617475de3ba85 - - default default] Volume info retrieved successfully.
2026-07-17 14:02:12.933 7 INFO cinder.volume.api [None req-737ae1ba-a01b-4412-9d3e-43cf7451bb08 66bac187a04744e1b3fb96f4a9fd8ec1 0c21b1ebd5674aeb907617475de3ba85 - - default default] Delete volume request issued successfully.
2026-07-17 14:02:12.933 7 INFO cinder.api.openstack.wsgi [None req-737ae1ba-a01b-4412-9d3e-43cf7451bb08 66bac187a04744e1b3fb96f4a9fd8ec1 0c21b1ebd5674aeb907617475de3ba85 - - default default] http://cinder-api.openstack.svc.cluster.local:8776/v3/0c21b1ebd5674aeb907617475de3ba85/volumes/c981be67-b560-4cd7-9f2e-a4d6d980f36b returned with HTTP 202 [pid: 7|app: 0|req: 443/885] 10.0.0.99 () {32 vars in 777 bytes} [Fri Jul 17 14:02:12 2026] DELETE /v3/0c21b1ebd5674aeb907617475de3ba85/volumes/c981be67-b560-4cd7-9f2e-a4d6d980f36b => generated 0 bytes in 41 msecs (HTTP/1.1 202) 6 headers in 233 bytes (1 switches on core 0) /var/lib/openstack/lib/python3.12/site-packages/pycadf/identifier.py:70: UserWarning: Invalid uuid: cinderv3. To ensure interoperability, identifiers should be a valid uuid. warnings.warn(('Invalid uuid: %s. To ensure interoperability, '
2026-07-17 14:02:12.946 8 INFO cinder.api.openstack.wsgi [None req-e5efd218-5bb4-43b1-9dc9-e2c7805677fc 66bac187a04744e1b3fb96f4a9fd8ec1 0c21b1ebd5674aeb907617475de3ba85 - - default default] GET http://cinder-api.openstack.svc.cluster.local:8776/v3/0c21b1ebd5674aeb907617475de3ba85/volumes/c981be67-b560-4cd7-9f2e-a4d6d980f36b /var/lib/openstack/lib/python3.12/site-packages/oslo_context/context.py:101: DeprecationWarning: Policy enforcement is depending on the value of is_admin. This key is deprecated. Please update your policy file to use the standard policy values. warnings.warn(
2026-07-17 14:02:12.962 8 INFO cinder.volume.api [None req-e5efd218-5bb4-43b1-9dc9-e2c7805677fc 66bac187a04744e1b3fb96f4a9fd8ec1 0c21b1ebd5674aeb907617475de3ba85 - - default default] Volume info retrieved successfully.
2026-07-17 14:02:12.967 8 INFO cinder.api.openstack.wsgi [None req-e5efd218-5bb4-43b1-9dc9-e2c7805677fc 66bac187a04744e1b3fb96f4a9fd8ec1 0c21b1ebd5674aeb907617475de3ba85 - - default default] http://cinder-api.openstack.svc.cluster.local:8776/v3/0c21b1ebd5674aeb907617475de3ba85/volumes/c981be67-b560-4cd7-9f2e-a4d6d980f36b returned with HTTP 200 [pid: 8|app: 0|req: 443/886] 10.0.0.99 () {32 vars in 774 bytes} [Fri Jul 17 14:02:12 2026] GET /v3/0c21b1ebd5674aeb907617475de3ba85/volumes/c981be67-b560-4cd7-9f2e-a4d6d980f36b => generated 1527 bytes in 29 msecs (HTTP/1.1 200) 7 headers in 286 bytes (1 switches on core 0) /var/lib/openstack/lib/python3.12/site-packages/pycadf/identifier.py:70: UserWarning: Invalid uuid: cinderv3. To ensure interoperability, identifiers should be a valid uuid. warnings.warn(('Invalid uuid: %s. To ensure interoperability, '
2026-07-17 14:02:13.988 7 INFO cinder.api.openstack.wsgi [None req-b72d7991-f487-4de9-b530-f6f2bbdb6e5f 66bac187a04744e1b3fb96f4a9fd8ec1 0c21b1ebd5674aeb907617475de3ba85 - - default default] GET http://cinder-api.openstack.svc.cluster.local:8776/v3/0c21b1ebd5674aeb907617475de3ba85/volumes/c981be67-b560-4cd7-9f2e-a4d6d980f36b
2026-07-17 14:02:14.001 7 INFO cinder.api.openstack.wsgi [None req-b72d7991-f487-4de9-b530-f6f2bbdb6e5f 66bac187a04744e1b3fb96f4a9fd8ec1 0c21b1ebd5674aeb907617475de3ba85 - - default default] http://cinder-api.openstack.svc.cluster.local:8776/v3/0c21b1ebd5674aeb907617475de3ba85/volumes/c981be67-b560-4cd7-9f2e-a4d6d980f36b returned with HTTP 404 [pid: 7|app: 0|req: 444/887] 10.0.0.99 () {32 vars in 774 bytes} [Fri Jul 17 14:02:13 2026] GET /v3/0c21b1ebd5674aeb907617475de3ba85/volumes/c981be67-b560-4cd7-9f2e-a4d6d980f36b => generated 109 bytes in 21 msecs (HTTP/1.1 404) 7 headers in 292 bytes (1 switches on core 0)
2026-07-17 14:02:15.546 7 INFO cinder.api.openstack.wsgi [None req-b72d7991-f487-4de9-b530-f6f2bbdb6e5f 66bac187a04744e1b3fb96f4a9fd8ec1 0c21b1ebd5674aeb907617475de3ba85 - - default default] GET http://10.0.0.241:8776/
2026-07-17 14:02:15.546 8 INFO cinder.api.openstack.wsgi [None req-e5efd218-5bb4-43b1-9dc9-e2c7805677fc 66bac187a04744e1b3fb96f4a9fd8ec1 0c21b1ebd5674aeb907617475de3ba85 - - default default] GET http://10.0.0.241:8776/
2026-07-17 14:02:15.547 7 INFO cinder.api.openstack.wsgi [None req-b72d7991-f487-4de9-b530-f6f2bbdb6e5f 66bac187a04744e1b3fb96f4a9fd8ec1 0c21b1ebd5674aeb907617475de3ba85 - - default default] http://10.0.0.241:8776/ returned with HTTP 300
2026-07-17 14:02:15.549 8 INFO cinder.api.openstack.wsgi [None req-e5efd218-5bb4-43b1-9dc9-e2c7805677fc 66bac187a04744e1b3fb96f4a9fd8ec1 0c21b1ebd5674aeb907617475de3ba85 - - default default] http://10.0.0.241:8776/ returned with HTTP 300
2026-07-17 14:02:19.249 7 INFO cinder.api.openstack.wsgi [None req-b72d7991-f487-4de9-b530-f6f2bbdb6e5f 66bac187a04744e1b3fb96f4a9fd8ec1 0c21b1ebd5674aeb907617475de3ba85 - - default default] GET http://cinder-api.openstack.svc.cluster.local:8776/
2026-07-17 14:02:19.250 7 INFO cinder.api.openstack.wsgi [None req-b72d7991-f487-4de9-b530-f6f2bbdb6e5f 66bac187a04744e1b3fb96f4a9fd8ec1 0c21b1ebd5674aeb907617475de3ba85 - - default default] http://cinder-api.openstack.svc.cluster.local:8776/ returned with HTTP 300 [pid: 7|app: 0|req: 446/890] 10.0.0.200 () {28 vars in 376 bytes} [Fri Jul 17 14:02:19 2026] GET / => generated 411 bytes in 3 msecs (HTTP/1.1 300) 5 headers in 169 bytes (1 switches on core 0) /var/lib/openstack/lib/python3.12/site-packages/pycadf/identifier.py:70: UserWarning: Invalid uuid: cinderv3. To ensure interoperability, identifiers should be a valid uuid. warnings.warn(('Invalid uuid: %s. To ensure interoperability, '
2026-07-17 14:02:19.268 8 INFO cinder.api.openstack.wsgi [None req-c4b5358a-ecb7-4f89-a4b6-02f5bc5b2e19 55a8109f59c644c7be01bc9664156f06 22af1d0e6484403483bdd75ef82d34b3 - - default default] GET http://cinder-api.openstack.svc.cluster.local:8776/v3/22af1d0e6484403483bdd75ef82d34b3/limits?tenant_id=22af1d0e6484403483bdd75ef82d34b3
2026-07-17 14:02:19.311 8 INFO cinder.api.openstack.wsgi [None req-c4b5358a-ecb7-4f89-a4b6-02f5bc5b2e19 55a8109f59c644c7be01bc9664156f06 22af1d0e6484403483bdd75ef82d34b3 - - default default] http://cinder-api.openstack.svc.cluster.local:8776/v3/22af1d0e6484403483bdd75ef82d34b3/limits?tenant_id=22af1d0e6484403483bdd75ef82d34b3 returned with HTTP 200 [pid: 8|app: 0|req: 445/891] 10.0.0.200 () {34 vars in 879 bytes} [Fri Jul 17 14:02:19 2026] GET /v3/22af1d0e6484403483bdd75ef82d34b3/limits?tenant_id=22af1d0e6484403483bdd75ef82d34b3 => generated 302 bytes in 54 msecs (HTTP/1.1 200) 7 headers in 286 bytes (1 switches on core 0)
2026-07-17 14:02:22.009 7 INFO cinder.api.openstack.wsgi [None req-b72d7991-f487-4de9-b530-f6f2bbdb6e5f 66bac187a04744e1b3fb96f4a9fd8ec1 0c21b1ebd5674aeb907617475de3ba85 - - default default] GET http://cinder-api.openstack.svc.cluster.local:8776/
2026-07-17 14:02:22.010 7 INFO cinder.api.openstack.wsgi [None req-b72d7991-f487-4de9-b530-f6f2bbdb6e5f 66bac187a04744e1b3fb96f4a9fd8ec1 0c21b1ebd5674aeb907617475de3ba85 - - default default] http://cinder-api.openstack.svc.cluster.local:8776/ returned with HTTP 300 [pid: 7|app: 0|req: 447/892] 10.0.0.200 () {28 vars in 376 bytes} [Fri Jul 17 14:02:22 2026] GET / => generated 411 bytes in 2 msecs (HTTP/1.1 300) 5 headers in 169 bytes (1 switches on core 0)
2026-07-17 14:02:22.016 8 INFO cinder.api.openstack.wsgi [None req-c4b5358a-ecb7-4f89-a4b6-02f5bc5b2e19 55a8109f59c644c7be01bc9664156f06 22af1d0e6484403483bdd75ef82d34b3 - - default default] GET http://cinder-api.openstack.svc.cluster.local:8776/
2026-07-17 14:02:22.018 8 INFO cinder.api.openstack.wsgi [None req-c4b5358a-ecb7-4f89-a4b6-02f5bc5b2e19 55a8109f59c644c7be01bc9664156f06 22af1d0e6484403483bdd75ef82d34b3 - - default default] http://cinder-api.openstack.svc.cluster.local:8776/ returned with HTTP 300 [pid: 8|app: 0|req: 446/893] 10.0.0.200 () {28 vars in 376 bytes} [Fri Jul 17 14:02:22 2026] GET / => generated 411 bytes in 3 msecs (HTTP/1.1 300) 5 headers in 169 bytes (1 switches on core 0)
2026-07-17 14:02:23.157 7 INFO cinder.api.openstack.wsgi [None req-b72d7991-f487-4de9-b530-f6f2bbdb6e5f 66bac187a04744e1b3fb96f4a9fd8ec1 0c21b1ebd5674aeb907617475de3ba85 - - default default] GET http://cinder-api.openstack.svc.cluster.local:8776/
2026-07-17 14:02:23.159 7 INFO cinder.api.openstack.wsgi [None req-b72d7991-f487-4de9-b530-f6f2bbdb6e5f 66bac187a04744e1b3fb96f4a9fd8ec1 0c21b1ebd5674aeb907617475de3ba85 - - default default] http://cinder-api.openstack.svc.cluster.local:8776/ returned with HTTP 300 [pid: 7|app: 0|req: 448/894] 10.0.0.200 () {28 vars in 376 bytes} [Fri Jul 17 14:02:23 2026] GET / => generated 411 bytes in 3 msecs (HTTP/1.1 300) 5 headers in 169 bytes (1 switches on core 0)
2026-07-17 14:02:23.179 8 INFO cinder.api.openstack.wsgi [None req-ef87ac71-2890-4503-b58b-6498fdb132ca 55a8109f59c644c7be01bc9664156f06 22af1d0e6484403483bdd75ef82d34b3 - - default default] GET http://cinder-api.openstack.svc.cluster.local:8776/v3/22af1d0e6484403483bdd75ef82d34b3/limits?tenant_id=22af1d0e6484403483bdd75ef82d34b3
2026-07-17 14:02:23.201 8 INFO cinder.api.openstack.wsgi [None req-ef87ac71-2890-4503-b58b-6498fdb132ca 55a8109f59c644c7be01bc9664156f06 22af1d0e6484403483bdd75ef82d34b3 - - default default] http://cinder-api.openstack.svc.cluster.local:8776/v3/22af1d0e6484403483bdd75ef82d34b3/limits?tenant_id=22af1d0e6484403483bdd75ef82d34b3 returned with HTTP 200 [pid: 8|app: 0|req: 447/895] 10.0.0.200 () {34 vars in 879 bytes} [Fri Jul 17 14:02:23 2026] GET /v3/22af1d0e6484403483bdd75ef82d34b3/limits?tenant_id=22af1d0e6484403483bdd75ef82d34b3 => generated 302 bytes in 27 msecs (HTTP/1.1 200) 7 headers in 286 bytes (1 switches on core 0)
2026-07-17 14:02:25.547 7 INFO cinder.api.openstack.wsgi [None req-b72d7991-f487-4de9-b530-f6f2bbdb6e5f 66bac187a04744e1b3fb96f4a9fd8ec1 0c21b1ebd5674aeb907617475de3ba85 - - default default] GET http://10.0.0.241:8776/
2026-07-17 14:02:25.548 7 INFO cinder.api.openstack.wsgi [None req-b72d7991-f487-4de9-b530-f6f2bbdb6e5f 66bac187a04744e1b3fb96f4a9fd8ec1 0c21b1ebd5674aeb907617475de3ba85 - - default default] http://10.0.0.241:8776/ returned with HTTP 300
2026-07-17 14:02:25.548 8 INFO cinder.api.openstack.wsgi [None req-ef87ac71-2890-4503-b58b-6498fdb132ca 55a8109f59c644c7be01bc9664156f06 22af1d0e6484403483bdd75ef82d34b3 - - default default] GET http://10.0.0.241:8776/
2026-07-17 14:02:25.549 8 INFO cinder.api.openstack.wsgi [None req-ef87ac71-2890-4503-b58b-6498fdb132ca 55a8109f59c644c7be01bc9664156f06 22af1d0e6484403483bdd75ef82d34b3 - - default default] http://10.0.0.241:8776/ returned with HTTP 300
2026-07-17 14:02:26.360 7 INFO cinder.api.openstack.wsgi [None req-b72d7991-f487-4de9-b530-f6f2bbdb6e5f 66bac187a04744e1b3fb96f4a9fd8ec1 0c21b1ebd5674aeb907617475de3ba85 - - default default] GET http://cinder-api.openstack.svc.cluster.local:8776/
2026-07-17 14:02:26.361 7 INFO cinder.api.openstack.wsgi [None req-b72d7991-f487-4de9-b530-f6f2bbdb6e5f 66bac187a04744e1b3fb96f4a9fd8ec1 0c21b1ebd5674aeb907617475de3ba85 - - default default] http://cinder-api.openstack.svc.cluster.local:8776/ returned with HTTP 300 [pid: 7|app: 0|req: 450/898] 10.0.0.200 () {28 vars in 376 bytes} [Fri Jul 17 14:02:26 2026] GET / => generated 411 bytes in 2 msecs (HTTP/1.1 300) 5 headers in 169 bytes (1 switches on core 0)
2026-07-17 14:02:26.370 8 INFO cinder.api.openstack.wsgi [None req-ef87ac71-2890-4503-b58b-6498fdb132ca 55a8109f59c644c7be01bc9664156f06 22af1d0e6484403483bdd75ef82d34b3 - - default default] GET http://cinder-api.openstack.svc.cluster.local:8776/
2026-07-17 14:02:26.371 8 INFO cinder.api.openstack.wsgi [None req-ef87ac71-2890-4503-b58b-6498fdb132ca 55a8109f59c644c7be01bc9664156f06 22af1d0e6484403483bdd75ef82d34b3 - - default default] http://cinder-api.openstack.svc.cluster.local:8776/ returned with HTTP 300 [pid: 8|app: 0|req: 449/899] 10.0.0.200 () {28 vars in 376 bytes} [Fri Jul 17 14:02:26 2026] GET / => generated 411 bytes in 3 msecs (HTTP/1.1 300) 5 headers in 169 bytes (1 switches on core 0)
2026-07-17 14:02:35.548 7 INFO cinder.api.openstack.wsgi [None req-b72d7991-f487-4de9-b530-f6f2bbdb6e5f 66bac187a04744e1b3fb96f4a9fd8ec1 0c21b1ebd5674aeb907617475de3ba85 - - default default] GET http://10.0.0.241:8776/
2026-07-17 14:02:35.548 8 INFO cinder.api.openstack.wsgi [None req-ef87ac71-2890-4503-b58b-6498fdb132ca 55a8109f59c644c7be01bc9664156f06 22af1d0e6484403483bdd75ef82d34b3 - - default default] GET http://10.0.0.241:8776/
2026-07-17 14:02:35.549 7 INFO cinder.api.openstack.wsgi [None req-b72d7991-f487-4de9-b530-f6f2bbdb6e5f 66bac187a04744e1b3fb96f4a9fd8ec1 0c21b1ebd5674aeb907617475de3ba85 - - default default] http://10.0.0.241:8776/ returned with HTTP 300
2026-07-17 14:02:35.550 8 INFO cinder.api.openstack.wsgi [None req-ef87ac71-2890-4503-b58b-6498fdb132ca 55a8109f59c644c7be01bc9664156f06 22af1d0e6484403483bdd75ef82d34b3 - - default default] http://10.0.0.241:8776/ returned with HTTP 300
2026-07-17 14:02:45.547 8 INFO cinder.api.openstack.wsgi [None req-ef87ac71-2890-4503-b58b-6498fdb132ca 55a8109f59c644c7be01bc9664156f06 22af1d0e6484403483bdd75ef82d34b3 - - default default] GET http://10.0.0.241:8776/
2026-07-17 14:02:45.547 7 INFO cinder.api.openstack.wsgi [None req-b72d7991-f487-4de9-b530-f6f2bbdb6e5f 66bac187a04744e1b3fb96f4a9fd8ec1 0c21b1ebd5674aeb907617475de3ba85 - - default default] GET http://10.0.0.241:8776/
2026-07-17 14:02:45.548 8 INFO cinder.api.openstack.wsgi [None req-ef87ac71-2890-4503-b58b-6498fdb132ca 55a8109f59c644c7be01bc9664156f06 22af1d0e6484403483bdd75ef82d34b3 - - default default] http://10.0.0.241:8776/ returned with HTTP 300
2026-07-17 14:02:45.548 7 INFO cinder.api.openstack.wsgi [None req-b72d7991-f487-4de9-b530-f6f2bbdb6e5f 66bac187a04744e1b3fb96f4a9fd8ec1 0c21b1ebd5674aeb907617475de3ba85 - - default default] http://10.0.0.241:8776/ returned with HTTP 300
2026-07-17 14:02:47.051 7 INFO cinder.api.openstack.wsgi [None req-bf1c7b4d-18bd-4d39-b697-340d0f240144 48060a6498d444039af4940b7c193e14 d82ef12cab894017953bb6b1fc22ad6e - - default default] GET http://cinder-api.openstack.svc.cluster.local:8776/v3/d82ef12cab894017953bb6b1fc22ad6e/volumes
2026-07-17 14:02:47.082 7 INFO cinder.volume.api [None req-bf1c7b4d-18bd-4d39-b697-340d0f240144 48060a6498d444039af4940b7c193e14 d82ef12cab894017953bb6b1fc22ad6e - - default default] Get all volumes completed successfully.
2026-07-17 14:02:47.083 7 INFO cinder.api.openstack.wsgi [None req-bf1c7b4d-18bd-4d39-b697-340d0f240144 48060a6498d444039af4940b7c193e14 d82ef12cab894017953bb6b1fc22ad6e - - default default] http://cinder-api.openstack.svc.cluster.local:8776/v3/d82ef12cab894017953bb6b1fc22ad6e/volumes returned with HTTP 200 [pid: 7|app: 0|req: 453/904] 10.0.0.99 () {32 vars in 700 bytes} [Fri Jul 17 14:02:46 2026] GET /v3/d82ef12cab894017953bb6b1fc22ad6e/volumes => generated 15 bytes in 303 msecs (HTTP/1.1 200) 7 headers in 284 bytes (1 switches on core 0)
2026-07-17 14:02:47.099 8 INFO cinder.api.openstack.wsgi [None req-16448df9-edbb-4dba-86b4-43a09881361f 48060a6498d444039af4940b7c193e14 d82ef12cab894017953bb6b1fc22ad6e - - default default] POST http://cinder-api.openstack.svc.cluster.local:8776/v3/d82ef12cab894017953bb6b1fc22ad6e/volumes
2026-07-17 14:02:47.102 8 INFO cinder.api.v3.volumes [None req-16448df9-edbb-4dba-86b4-43a09881361f 48060a6498d444039af4940b7c193e14 d82ef12cab894017953bb6b1fc22ad6e - - default default] Create volume of 1 GB
2026-07-17 14:02:47.107 8 INFO cinder.volume.api [None req-16448df9-edbb-4dba-86b4-43a09881361f 48060a6498d444039af4940b7c193e14 d82ef12cab894017953bb6b1fc22ad6e - - default default] Availability Zones retrieved successfully.
2026-07-17 14:02:47.263 8 INFO cinder.volume.api [None req-16448df9-edbb-4dba-86b4-43a09881361f 48060a6498d444039af4940b7c193e14 d82ef12cab894017953bb6b1fc22ad6e - - default default] Create volume request issued successfully.
2026-07-17 14:02:47.264 8 INFO cinder.api.openstack.wsgi [None req-16448df9-edbb-4dba-86b4-43a09881361f 48060a6498d444039af4940b7c193e14 d82ef12cab894017953bb6b1fc22ad6e - - default default] http://cinder-api.openstack.svc.cluster.local:8776/v3/d82ef12cab894017953bb6b1fc22ad6e/volumes returned with HTTP 202 [pid: 8|app: 0|req: 452/905] 10.0.0.99 () {34 vars in 722 bytes} [Fri Jul 17 14:02:47 2026] POST /v3/d82ef12cab894017953bb6b1fc22ad6e/volumes => generated 875 bytes in 171 msecs (HTTP/1.1 202) 7 headers in 291 bytes (1 switches on core 0)
2026-07-17 14:02:47.289 7 INFO cinder.api.openstack.wsgi [None req-4af8fcde-49b3-41fa-84cb-23adee8eadd3 48060a6498d444039af4940b7c193e14 d82ef12cab894017953bb6b1fc22ad6e - - default default] GET http://cinder-api.openstack.svc.cluster.local:8776/v3/d82ef12cab894017953bb6b1fc22ad6e/volumes/842b505b-2cdc-4efc-9e4c-b227a8f6cb7b /var/lib/openstack/lib/python3.12/site-packages/oslo_context/context.py:101: DeprecationWarning: Policy enforcement is depending on the value of is_admin. This key is deprecated. Please update your policy file to use the standard policy values. warnings.warn(
2026-07-17 14:02:47.487 7 INFO cinder.volume.api [None req-4af8fcde-49b3-41fa-84cb-23adee8eadd3 48060a6498d444039af4940b7c193e14 d82ef12cab894017953bb6b1fc22ad6e - - default default] Volume info retrieved successfully.
2026-07-17 14:02:47.492 7 INFO cinder.api.openstack.wsgi [None req-4af8fcde-49b3-41fa-84cb-23adee8eadd3 48060a6498d444039af4940b7c193e14 d82ef12cab894017953bb6b1fc22ad6e - - default default] http://cinder-api.openstack.svc.cluster.local:8776/v3/d82ef12cab894017953bb6b1fc22ad6e/volumes/842b505b-2cdc-4efc-9e4c-b227a8f6cb7b returned with HTTP 200 [pid: 7|app: 0|req: 454/906] 10.0.0.99 () {32 vars in 774 bytes} [Fri Jul 17 14:02:47 2026] GET /v3/d82ef12cab894017953bb6b1fc22ad6e/volumes/842b505b-2cdc-4efc-9e4c-b227a8f6cb7b => generated 943 bytes in 211 msecs (HTTP/1.1 200) 7 headers in 285 bytes (1 switches on core 0) /var/lib/openstack/lib/python3.12/site-packages/pycadf/identifier.py:70: UserWarning: Invalid uuid: cinderv3. To ensure interoperability, identifiers should be a valid uuid. warnings.warn(('Invalid uuid: %s. To ensure interoperability, '
2026-07-17 14:02:48.517 8 INFO cinder.api.openstack.wsgi [None req-1a1c1798-8465-4250-bc93-7d95aa00b309 48060a6498d444039af4940b7c193e14 d82ef12cab894017953bb6b1fc22ad6e - - default default] GET http://cinder-api.openstack.svc.cluster.local:8776/v3/d82ef12cab894017953bb6b1fc22ad6e/volumes/842b505b-2cdc-4efc-9e4c-b227a8f6cb7b /var/lib/openstack/lib/python3.12/site-packages/oslo_context/context.py:101: DeprecationWarning: Policy enforcement is depending on the value of is_admin. This key is deprecated. Please update your policy file to use the standard policy values. warnings.warn(
2026-07-17 14:02:48.532 8 INFO cinder.volume.api [None req-1a1c1798-8465-4250-bc93-7d95aa00b309 48060a6498d444039af4940b7c193e14 d82ef12cab894017953bb6b1fc22ad6e - - default default] Volume info retrieved successfully.
2026-07-17 14:02:48.537 8 INFO cinder.api.openstack.wsgi [None req-1a1c1798-8465-4250-bc93-7d95aa00b309 48060a6498d444039af4940b7c193e14 d82ef12cab894017953bb6b1fc22ad6e - - default default] http://cinder-api.openstack.svc.cluster.local:8776/v3/d82ef12cab894017953bb6b1fc22ad6e/volumes/842b505b-2cdc-4efc-9e4c-b227a8f6cb7b returned with HTTP 200 [pid: 8|app: 0|req: 453/907] 10.0.0.99 () {32 vars in 774 bytes} [Fri Jul 17 14:02:48 2026] GET /v3/d82ef12cab894017953bb6b1fc22ad6e/volumes/842b505b-2cdc-4efc-9e4c-b227a8f6cb7b => generated 968 bytes in 27 msecs (HTTP/1.1 200) 7 headers in 285 bytes (1 switches on core 0) /var/lib/openstack/lib/python3.12/site-packages/pycadf/identifier.py:70: UserWarning: Invalid uuid: cinderv3. To ensure interoperability, identifiers should be a valid uuid. warnings.warn(('Invalid uuid: %s. To ensure interoperability, '
2026-07-17 14:02:48.561 7 INFO cinder.api.openstack.wsgi [None req-e21ca9f4-ae23-42e3-89aa-9271c046f523 48060a6498d444039af4940b7c193e14 d82ef12cab894017953bb6b1fc22ad6e - - default default] GET http://cinder-api.openstack.svc.cluster.local:8776/v3/d82ef12cab894017953bb6b1fc22ad6e/volumes/842b505b-2cdc-4efc-9e4c-b227a8f6cb7b /var/lib/openstack/lib/python3.12/site-packages/oslo_context/context.py:101: DeprecationWarning: Policy enforcement is depending on the value of is_admin. This key is deprecated. Please update your policy file to use the standard policy values. warnings.warn(
2026-07-17 14:02:48.574 7 INFO cinder.volume.api [None req-e21ca9f4-ae23-42e3-89aa-9271c046f523 48060a6498d444039af4940b7c193e14 d82ef12cab894017953bb6b1fc22ad6e - - default default] Volume info retrieved successfully.
2026-07-17 14:02:48.579 7 INFO cinder.api.openstack.wsgi [None req-e21ca9f4-ae23-42e3-89aa-9271c046f523 48060a6498d444039af4940b7c193e14 d82ef12cab894017953bb6b1fc22ad6e - - default default] http://cinder-api.openstack.svc.cluster.local:8776/v3/d82ef12cab894017953bb6b1fc22ad6e/volumes/842b505b-2cdc-4efc-9e4c-b227a8f6cb7b returned with HTTP 200 [pid: 7|app: 0|req: 455/908] 10.0.0.99 () {32 vars in 774 bytes} [Fri Jul 17 14:02:48 2026] GET /v3/d82ef12cab894017953bb6b1fc22ad6e/volumes/842b505b-2cdc-4efc-9e4c-b227a8f6cb7b => generated 968 bytes in 26 msecs (HTTP/1.1 200) 7 headers in 285 bytes (1 switches on core 0) /var/lib/openstack/lib/python3.12/site-packages/pycadf/identifier.py:70: UserWarning: Invalid uuid: cinderv3. To ensure interoperability, identifiers should be a valid uuid. warnings.warn(('Invalid uuid: %s. To ensure interoperability, '
2026-07-17 14:02:48.599 8 INFO cinder.api.openstack.wsgi [None req-90b3c9af-f41a-4a55-ab21-35cb412cef4c 48060a6498d444039af4940b7c193e14 d82ef12cab894017953bb6b1fc22ad6e - - default default] POST http://cinder-api.openstack.svc.cluster.local:8776/v3/d82ef12cab894017953bb6b1fc22ad6e/volumes
2026-07-17 14:02:48.607 8 INFO cinder.api.v3.volumes [None req-90b3c9af-f41a-4a55-ab21-35cb412cef4c 48060a6498d444039af4940b7c193e14 d82ef12cab894017953bb6b1fc22ad6e - - default default] Create volume of 1 GB
2026-07-17 14:02:48.627 8 INFO cinder.volume.api [None req-90b3c9af-f41a-4a55-ab21-35cb412cef4c 48060a6498d444039af4940b7c193e14 d82ef12cab894017953bb6b1fc22ad6e - - default default] Availability Zones retrieved successfully.
2026-07-17 14:02:48.777 8 INFO cinder.volume.api [None req-90b3c9af-f41a-4a55-ab21-35cb412cef4c 48060a6498d444039af4940b7c193e14 d82ef12cab894017953bb6b1fc22ad6e - - default default] Create volume request issued successfully.
2026-07-17 14:02:48.778 8 INFO cinder.api.openstack.wsgi [None req-90b3c9af-f41a-4a55-ab21-35cb412cef4c 48060a6498d444039af4940b7c193e14 d82ef12cab894017953bb6b1fc22ad6e - - default default] http://cinder-api.openstack.svc.cluster.local:8776/v3/d82ef12cab894017953bb6b1fc22ad6e/volumes returned with HTTP 202 [pid: 8|app: 0|req: 454/909] 10.0.0.99 () {34 vars in 722 bytes} [Fri Jul 17 14:02:48 2026] POST /v3/d82ef12cab894017953bb6b1fc22ad6e/volumes => generated 876 bytes in 186 msecs (HTTP/1.1 202) 7 headers in 291 bytes (1 switches on core 0) /var/lib/openstack/lib/python3.12/site-packages/pycadf/identifier.py:70: UserWarning: Invalid uuid: cinderv3. To ensure interoperability, identifiers should be a valid uuid. warnings.warn(('Invalid uuid: %s. To ensure interoperability, '
2026-07-17 14:02:48.799 7 INFO cinder.api.openstack.wsgi [None req-1a91dc8b-9f2c-428c-a4a7-e74def32a720 48060a6498d444039af4940b7c193e14 d82ef12cab894017953bb6b1fc22ad6e - - default default] GET http://cinder-api.openstack.svc.cluster.local:8776/v3/d82ef12cab894017953bb6b1fc22ad6e/volumes/f1330757-7678-4699-9220-c3fcf9af79b7 /var/lib/openstack/lib/python3.12/site-packages/oslo_context/context.py:101: DeprecationWarning: Policy enforcement is depending on the value of is_admin. This key is deprecated. Please update your policy file to use the standard policy values. warnings.warn(
2026-07-17 14:02:48.815 7 INFO cinder.volume.api [None req-1a91dc8b-9f2c-428c-a4a7-e74def32a720 48060a6498d444039af4940b7c193e14 d82ef12cab894017953bb6b1fc22ad6e - - default default] Volume info retrieved successfully.
2026-07-17 14:02:48.822 7 INFO cinder.api.openstack.wsgi [None req-1a91dc8b-9f2c-428c-a4a7-e74def32a720 48060a6498d444039af4940b7c193e14 d82ef12cab894017953bb6b1fc22ad6e - - default default] http://cinder-api.openstack.svc.cluster.local:8776/v3/d82ef12cab894017953bb6b1fc22ad6e/volumes/f1330757-7678-4699-9220-c3fcf9af79b7 returned with HTTP 200 [pid: 7|app: 0|req: 456/910] 10.0.0.99 () {32 vars in 774 bytes} [Fri Jul 17 14:02:48 2026] GET /v3/d82ef12cab894017953bb6b1fc22ad6e/volumes/f1330757-7678-4699-9220-c3fcf9af79b7 => generated 944 bytes in 27 msecs (HTTP/1.1 200) 7 headers in 285 bytes (1 switches on core 0) /var/lib/openstack/lib/python3.12/site-packages/pycadf/identifier.py:70: UserWarning: Invalid uuid: cinderv3. To ensure interoperability, identifiers should be a valid uuid. warnings.warn(('Invalid uuid: %s. To ensure interoperability, '
2026-07-17 14:02:49.851 8 INFO cinder.api.openstack.wsgi [None req-26655f2c-658c-4e29-b94b-89af87a7698c 48060a6498d444039af4940b7c193e14 d82ef12cab894017953bb6b1fc22ad6e - - default default] GET http://cinder-api.openstack.svc.cluster.local:8776/v3/d82ef12cab894017953bb6b1fc22ad6e/volumes/f1330757-7678-4699-9220-c3fcf9af79b7 /var/lib/openstack/lib/python3.12/site-packages/oslo_context/context.py:101: DeprecationWarning: Policy enforcement is depending on the value of is_admin. This key is deprecated. Please update your policy file to use the standard policy values. warnings.warn(
2026-07-17 14:02:49.870 8 INFO cinder.volume.api [None req-26655f2c-658c-4e29-b94b-89af87a7698c 48060a6498d444039af4940b7c193e14 d82ef12cab894017953bb6b1fc22ad6e - - default default] Volume info retrieved successfully.
2026-07-17 14:02:49.878 8 INFO cinder.api.openstack.wsgi [None req-26655f2c-658c-4e29-b94b-89af87a7698c 48060a6498d444039af4940b7c193e14 d82ef12cab894017953bb6b1fc22ad6e - - default default] http://cinder-api.openstack.svc.cluster.local:8776/v3/d82ef12cab894017953bb6b1fc22ad6e/volumes/f1330757-7678-4699-9220-c3fcf9af79b7 returned with HTTP 200 [pid: 8|app: 0|req: 455/911] 10.0.0.99 () {32 vars in 774 bytes} [Fri Jul 17 14:02:49 2026] GET /v3/d82ef12cab894017953bb6b1fc22ad6e/volumes/f1330757-7678-4699-9220-c3fcf9af79b7 => generated 969 bytes in 41 msecs (HTTP/1.1 200) 7 headers in 285 bytes (1 switches on core 0) /var/lib/openstack/lib/python3.12/site-packages/pycadf/identifier.py:70: UserWarning: Invalid uuid: cinderv3. To ensure interoperability, identifiers should be a valid uuid. warnings.warn(('Invalid uuid: %s. To ensure interoperability, '
2026-07-17 14:02:49.902 7 INFO cinder.api.openstack.wsgi [None req-e678f9bb-b578-45cb-9d14-dff1d1ad7130 48060a6498d444039af4940b7c193e14 d82ef12cab894017953bb6b1fc22ad6e - - default default] GET http://cinder-api.openstack.svc.cluster.local:8776/v3/d82ef12cab894017953bb6b1fc22ad6e/volumes/f1330757-7678-4699-9220-c3fcf9af79b7 /var/lib/openstack/lib/python3.12/site-packages/oslo_context/context.py:101: DeprecationWarning: Policy enforcement is depending on the value of is_admin. This key is deprecated. Please update your policy file to use the standard policy values. warnings.warn(
2026-07-17 14:02:49.927 7 INFO cinder.volume.api [None req-e678f9bb-b578-45cb-9d14-dff1d1ad7130 48060a6498d444039af4940b7c193e14 d82ef12cab894017953bb6b1fc22ad6e - - default default] Volume info retrieved successfully.
2026-07-17 14:02:49.949 7 INFO cinder.api.openstack.wsgi [None req-e678f9bb-b578-45cb-9d14-dff1d1ad7130 48060a6498d444039af4940b7c193e14 d82ef12cab894017953bb6b1fc22ad6e - - default default] http://cinder-api.openstack.svc.cluster.local:8776/v3/d82ef12cab894017953bb6b1fc22ad6e/volumes/f1330757-7678-4699-9220-c3fcf9af79b7 returned with HTTP 200 [pid: 7|app: 0|req: 457/912] 10.0.0.99 () {32 vars in 774 bytes} [Fri Jul 17 14:02:49 2026] GET /v3/d82ef12cab894017953bb6b1fc22ad6e/volumes/f1330757-7678-4699-9220-c3fcf9af79b7 => generated 969 bytes in 56 msecs (HTTP/1.1 200) 7 headers in 285 bytes (1 switches on core 0) /var/lib/openstack/lib/python3.12/site-packages/pycadf/identifier.py:70: UserWarning: Invalid uuid: cinderv3. To ensure interoperability, identifiers should be a valid uuid. warnings.warn(('Invalid uuid: %s. To ensure interoperability, '
2026-07-17 14:02:49.988 8 INFO cinder.api.openstack.wsgi [None req-4b51d8dc-280a-443b-a815-4c734633cd53 48060a6498d444039af4940b7c193e14 d82ef12cab894017953bb6b1fc22ad6e - - default default] POST http://cinder-api.openstack.svc.cluster.local:8776/v3/d82ef12cab894017953bb6b1fc22ad6e/volumes
2026-07-17 14:02:49.990 8 INFO cinder.api.v3.volumes [None req-4b51d8dc-280a-443b-a815-4c734633cd53 48060a6498d444039af4940b7c193e14 d82ef12cab894017953bb6b1fc22ad6e - - default default] Create volume of 1 GB
2026-07-17 14:02:49.998 8 INFO cinder.volume.api [None req-4b51d8dc-280a-443b-a815-4c734633cd53 48060a6498d444039af4940b7c193e14 d82ef12cab894017953bb6b1fc22ad6e - - default default] Availability Zones retrieved successfully.
2026-07-17 14:02:50.169 8 INFO cinder.volume.api [None req-4b51d8dc-280a-443b-a815-4c734633cd53 48060a6498d444039af4940b7c193e14 d82ef12cab894017953bb6b1fc22ad6e - - default default] Create volume request issued successfully.
2026-07-17 14:02:50.170 8 INFO cinder.api.openstack.wsgi [None req-4b51d8dc-280a-443b-a815-4c734633cd53 48060a6498d444039af4940b7c193e14 d82ef12cab894017953bb6b1fc22ad6e - - default default] http://cinder-api.openstack.svc.cluster.local:8776/v3/d82ef12cab894017953bb6b1fc22ad6e/volumes returned with HTTP 202 [pid: 8|app: 0|req: 456/913] 10.0.0.99 () {34 vars in 722 bytes} [Fri Jul 17 14:02:49 2026] POST /v3/d82ef12cab894017953bb6b1fc22ad6e/volumes => generated 876 bytes in 189 msecs (HTTP/1.1 202) 7 headers in 291 bytes (1 switches on core 0) /var/lib/openstack/lib/python3.12/site-packages/pycadf/identifier.py:70: UserWarning: Invalid uuid: cinderv3. To ensure interoperability, identifiers should be a valid uuid. warnings.warn(('Invalid uuid: %s. To ensure interoperability, '
2026-07-17 14:02:50.196 7 INFO cinder.api.openstack.wsgi [None req-1c6d6e67-b120-41b9-bbdf-25ac008ee67e 48060a6498d444039af4940b7c193e14 d82ef12cab894017953bb6b1fc22ad6e - - default default] GET http://cinder-api.openstack.svc.cluster.local:8776/v3/d82ef12cab894017953bb6b1fc22ad6e/volumes/b9ba1953-f160-45e3-b5f9-146b7f89feb4 /var/lib/openstack/lib/python3.12/site-packages/oslo_context/context.py:101: DeprecationWarning: Policy enforcement is depending on the value of is_admin. This key is deprecated. Please update your policy file to use the standard policy values. warnings.warn(
2026-07-17 14:02:50.213 7 INFO cinder.volume.api [None req-1c6d6e67-b120-41b9-bbdf-25ac008ee67e 48060a6498d444039af4940b7c193e14 d82ef12cab894017953bb6b1fc22ad6e - - default default] Volume info retrieved successfully.
2026-07-17 14:02:50.218 7 INFO cinder.api.openstack.wsgi [None req-1c6d6e67-b120-41b9-bbdf-25ac008ee67e 48060a6498d444039af4940b7c193e14 d82ef12cab894017953bb6b1fc22ad6e - - default default] http://cinder-api.openstack.svc.cluster.local:8776/v3/d82ef12cab894017953bb6b1fc22ad6e/volumes/b9ba1953-f160-45e3-b5f9-146b7f89feb4 returned with HTTP 200 [pid: 7|app: 0|req: 458/914] 10.0.0.99 () {32 vars in 774 bytes} [Fri Jul 17 14:02:50 2026] GET /v3/d82ef12cab894017953bb6b1fc22ad6e/volumes/b9ba1953-f160-45e3-b5f9-146b7f89feb4 => generated 944 bytes in 32 msecs (HTTP/1.1 200) 7 headers in 285 bytes (1 switches on core 0) /var/lib/openstack/lib/python3.12/site-packages/pycadf/identifier.py:70: UserWarning: Invalid uuid: cinderv3. To ensure interoperability, identifiers should be a valid uuid. warnings.warn(('Invalid uuid: %s. To ensure interoperability, '
2026-07-17 14:02:51.244 8 INFO cinder.api.openstack.wsgi [None req-fbd6d136-23e2-45ed-8c66-f80fbc87e3c7 48060a6498d444039af4940b7c193e14 d82ef12cab894017953bb6b1fc22ad6e - - default default] GET http://cinder-api.openstack.svc.cluster.local:8776/v3/d82ef12cab894017953bb6b1fc22ad6e/volumes/b9ba1953-f160-45e3-b5f9-146b7f89feb4 /var/lib/openstack/lib/python3.12/site-packages/oslo_context/context.py:101: DeprecationWarning: Policy enforcement is depending on the value of is_admin. This key is deprecated. Please update your policy file to use the standard policy values. warnings.warn(
2026-07-17 14:02:51.271 8 INFO cinder.volume.api [None req-fbd6d136-23e2-45ed-8c66-f80fbc87e3c7 48060a6498d444039af4940b7c193e14 d82ef12cab894017953bb6b1fc22ad6e - - default default] Volume info retrieved successfully.
2026-07-17 14:02:51.280 8 INFO cinder.api.openstack.wsgi [None req-fbd6d136-23e2-45ed-8c66-f80fbc87e3c7 48060a6498d444039af4940b7c193e14 d82ef12cab894017953bb6b1fc22ad6e - - default default] http://cinder-api.openstack.svc.cluster.local:8776/v3/d82ef12cab894017953bb6b1fc22ad6e/volumes/b9ba1953-f160-45e3-b5f9-146b7f89feb4 returned with HTTP 200 [pid: 8|app: 0|req: 457/915] 10.0.0.99 () {32 vars in 774 bytes} [Fri Jul 17 14:02:51 2026] GET /v3/d82ef12cab894017953bb6b1fc22ad6e/volumes/b9ba1953-f160-45e3-b5f9-146b7f89feb4 => generated 969 bytes in 46 msecs (HTTP/1.1 200) 7 headers in 285 bytes (1 switches on core 0) /var/lib/openstack/lib/python3.12/site-packages/pycadf/identifier.py:70: UserWarning: Invalid uuid: cinderv3. To ensure interoperability, identifiers should be a valid uuid. warnings.warn(('Invalid uuid: %s. To ensure interoperability, '
2026-07-17 14:02:51.305 7 INFO cinder.api.openstack.wsgi [None req-6c0a1d86-a110-4018-bbad-e9fd3aa486d5 48060a6498d444039af4940b7c193e14 d82ef12cab894017953bb6b1fc22ad6e - - default default] GET http://cinder-api.openstack.svc.cluster.local:8776/v3/d82ef12cab894017953bb6b1fc22ad6e/volumes/b9ba1953-f160-45e3-b5f9-146b7f89feb4 /var/lib/openstack/lib/python3.12/site-packages/oslo_context/context.py:101: DeprecationWarning: Policy enforcement is depending on the value of is_admin. This key is deprecated. Please update your policy file to use the standard policy values. warnings.warn(
2026-07-17 14:02:51.326 7 INFO cinder.volume.api [None req-6c0a1d86-a110-4018-bbad-e9fd3aa486d5 48060a6498d444039af4940b7c193e14 d82ef12cab894017953bb6b1fc22ad6e - - default default] Volume info retrieved successfully.
2026-07-17 14:02:51.333 7 INFO cinder.api.openstack.wsgi [None req-6c0a1d86-a110-4018-bbad-e9fd3aa486d5 48060a6498d444039af4940b7c193e14 d82ef12cab894017953bb6b1fc22ad6e - - default default] http://cinder-api.openstack.svc.cluster.local:8776/v3/d82ef12cab894017953bb6b1fc22ad6e/volumes/b9ba1953-f160-45e3-b5f9-146b7f89feb4 returned with HTTP 200 [pid: 7|app: 0|req: 459/916] 10.0.0.99 () {32 vars in 774 bytes} [Fri Jul 17 14:02:51 2026] GET /v3/d82ef12cab894017953bb6b1fc22ad6e/volumes/b9ba1953-f160-45e3-b5f9-146b7f89feb4 => generated 969 bytes in 37 msecs (HTTP/1.1 200) 7 headers in 285 bytes (1 switches on core 0) /var/lib/openstack/lib/python3.12/site-packages/pycadf/identifier.py:70: UserWarning: Invalid uuid: cinderv3. To ensure interoperability, identifiers should be a valid uuid. warnings.warn(('Invalid uuid: %s. To ensure interoperability, '
2026-07-17 14:02:51.365 8 INFO cinder.api.openstack.wsgi [None req-81587cce-cecf-4363-9778-4910baf2c393 48060a6498d444039af4940b7c193e14 d82ef12cab894017953bb6b1fc22ad6e - - default default] GET http://cinder-api.openstack.svc.cluster.local:8776/v3/d82ef12cab894017953bb6b1fc22ad6e/volumes
2026-07-17 14:02:51.405 8 INFO cinder.volume.api [None req-81587cce-cecf-4363-9778-4910baf2c393 48060a6498d444039af4940b7c193e14 d82ef12cab894017953bb6b1fc22ad6e - - default default] Get all volumes completed successfully.
2026-07-17 14:02:51.406 8 INFO cinder.api.openstack.wsgi [None req-81587cce-cecf-4363-9778-4910baf2c393 48060a6498d444039af4940b7c193e14 d82ef12cab894017953bb6b1fc22ad6e - - default default] http://cinder-api.openstack.svc.cluster.local:8776/v3/d82ef12cab894017953bb6b1fc22ad6e/volumes returned with HTTP 200 [pid: 8|app: 0|req: 458/917] 10.0.0.99 () {32 vars in 700 bytes} [Fri Jul 17 14:02:51 2026] GET /v3/d82ef12cab894017953bb6b1fc22ad6e/volumes => generated 1323 bytes in 52 msecs (HTTP/1.1 200) 7 headers in 286 bytes (1 switches on core 0) /var/lib/openstack/lib/python3.12/site-packages/pycadf/identifier.py:70: UserWarning: Invalid uuid: cinderv3. To ensure interoperability, identifiers should be a valid uuid. warnings.warn(('Invalid uuid: %s. To ensure interoperability, '
2026-07-17 14:02:51.429 7 INFO cinder.api.openstack.wsgi [None req-421c7f97-c6df-4802-9c7d-a2bd96e74cec 48060a6498d444039af4940b7c193e14 d82ef12cab894017953bb6b1fc22ad6e - - default default] GET http://cinder-api.openstack.svc.cluster.local:8776/v3/d82ef12cab894017953bb6b1fc22ad6e/volumes/b9ba1953-f160-45e3-b5f9-146b7f89feb4 /var/lib/openstack/lib/python3.12/site-packages/oslo_context/context.py:101: DeprecationWarning: Policy enforcement is depending on the value of is_admin. This key is deprecated. Please update your policy file to use the standard policy values. warnings.warn(
2026-07-17 14:02:51.456 7 INFO cinder.volume.api [None req-421c7f97-c6df-4802-9c7d-a2bd96e74cec 48060a6498d444039af4940b7c193e14 d82ef12cab894017953bb6b1fc22ad6e - - default default] Volume info retrieved successfully.
2026-07-17 14:02:51.464 7 INFO cinder.api.openstack.wsgi [None req-421c7f97-c6df-4802-9c7d-a2bd96e74cec 48060a6498d444039af4940b7c193e14 d82ef12cab894017953bb6b1fc22ad6e - - default default] http://cinder-api.openstack.svc.cluster.local:8776/v3/d82ef12cab894017953bb6b1fc22ad6e/volumes/b9ba1953-f160-45e3-b5f9-146b7f89feb4 returned with HTTP 200 [pid: 7|app: 0|req: 460/918] 10.0.0.99 () {32 vars in 774 bytes} [Fri Jul 17 14:02:51 2026] GET /v3/d82ef12cab894017953bb6b1fc22ad6e/volumes/b9ba1953-f160-45e3-b5f9-146b7f89feb4 => generated 969 bytes in 47 msecs (HTTP/1.1 200) 7 headers in 285 bytes (1 switches on core 0) /var/lib/openstack/lib/python3.12/site-packages/pycadf/identifier.py:70: UserWarning: Invalid uuid: cinderv3. To ensure interoperability, identifiers should be a valid uuid. warnings.warn(('Invalid uuid: %s. To ensure interoperability, '
2026-07-17 14:02:51.486 8 INFO cinder.api.openstack.wsgi [None req-a86b27ef-19b4-49ee-b8d3-625401ffc004 48060a6498d444039af4940b7c193e14 d82ef12cab894017953bb6b1fc22ad6e - - default default] DELETE http://cinder-api.openstack.svc.cluster.local:8776/v3/d82ef12cab894017953bb6b1fc22ad6e/volumes/b9ba1953-f160-45e3-b5f9-146b7f89feb4
2026-07-17 14:02:51.488 8 INFO cinder.api.v3.volumes [None req-a86b27ef-19b4-49ee-b8d3-625401ffc004 48060a6498d444039af4940b7c193e14 d82ef12cab894017953bb6b1fc22ad6e - - default default] Delete volume with id: b9ba1953-f160-45e3-b5f9-146b7f89feb4 /var/lib/openstack/lib/python3.12/site-packages/oslo_context/context.py:101: DeprecationWarning: Policy enforcement is depending on the value of is_admin. This key is deprecated. Please update your policy file to use the standard policy values. warnings.warn(
2026-07-17 14:02:51.499 8 INFO cinder.volume.api [None req-a86b27ef-19b4-49ee-b8d3-625401ffc004 48060a6498d444039af4940b7c193e14 d82ef12cab894017953bb6b1fc22ad6e - - default default] Volume info retrieved successfully.
2026-07-17 14:02:51.525 8 INFO cinder.volume.api [None req-a86b27ef-19b4-49ee-b8d3-625401ffc004 48060a6498d444039af4940b7c193e14 d82ef12cab894017953bb6b1fc22ad6e - - default default] Delete volume request issued successfully.
2026-07-17 14:02:51.526 8 INFO cinder.api.openstack.wsgi [None req-a86b27ef-19b4-49ee-b8d3-625401ffc004 48060a6498d444039af4940b7c193e14 d82ef12cab894017953bb6b1fc22ad6e - - default default] http://cinder-api.openstack.svc.cluster.local:8776/v3/d82ef12cab894017953bb6b1fc22ad6e/volumes/b9ba1953-f160-45e3-b5f9-146b7f89feb4 returned with HTTP 202 [pid: 8|app: 0|req: 459/919] 10.0.0.99 () {32 vars in 777 bytes} [Fri Jul 17 14:02:51 2026] DELETE /v3/d82ef12cab894017953bb6b1fc22ad6e/volumes/b9ba1953-f160-45e3-b5f9-146b7f89feb4 => generated 0 bytes in 49 msecs (HTTP/1.1 202) 6 headers in 233 bytes (1 switches on core 0) /var/lib/openstack/lib/python3.12/site-packages/pycadf/identifier.py:70: UserWarning: Invalid uuid: cinderv3. To ensure interoperability, identifiers should be a valid uuid. warnings.warn(('Invalid uuid: %s. To ensure interoperability, '
2026-07-17 14:02:51.539 7 INFO cinder.api.openstack.wsgi [None req-66df70a6-b58a-4c2a-b37f-b5f20edbaefd 48060a6498d444039af4940b7c193e14 d82ef12cab894017953bb6b1fc22ad6e - - default default] GET http://cinder-api.openstack.svc.cluster.local:8776/v3/d82ef12cab894017953bb6b1fc22ad6e/volumes/b9ba1953-f160-45e3-b5f9-146b7f89feb4 /var/lib/openstack/lib/python3.12/site-packages/oslo_context/context.py:101: DeprecationWarning: Policy enforcement is depending on the value of is_admin. This key is deprecated. Please update your policy file to use the standard policy values. warnings.warn(
2026-07-17 14:02:51.564 7 INFO cinder.volume.api [None req-66df70a6-b58a-4c2a-b37f-b5f20edbaefd 48060a6498d444039af4940b7c193e14 d82ef12cab894017953bb6b1fc22ad6e - - default default] Volume info retrieved successfully.
2026-07-17 14:02:51.569 7 INFO cinder.api.openstack.wsgi [None req-66df70a6-b58a-4c2a-b37f-b5f20edbaefd 48060a6498d444039af4940b7c193e14 d82ef12cab894017953bb6b1fc22ad6e - - default default] http://cinder-api.openstack.svc.cluster.local:8776/v3/d82ef12cab894017953bb6b1fc22ad6e/volumes/b9ba1953-f160-45e3-b5f9-146b7f89feb4 returned with HTTP 200 [pid: 7|app: 0|req: 461/920] 10.0.0.99 () {32 vars in 774 bytes} [Fri Jul 17 14:02:51 2026] GET /v3/d82ef12cab894017953bb6b1fc22ad6e/volumes/b9ba1953-f160-45e3-b5f9-146b7f89feb4 => generated 968 bytes in 38 msecs (HTTP/1.1 200) 7 headers in 285 bytes (1 switches on core 0) /var/lib/openstack/lib/python3.12/site-packages/pycadf/identifier.py:70: UserWarning: Invalid uuid: cinderv3. To ensure interoperability, identifiers should be a valid uuid. warnings.warn(('Invalid uuid: %s. To ensure interoperability, '
2026-07-17 14:02:52.593 8 INFO cinder.api.openstack.wsgi [None req-1c82456d-98c7-43d5-b0aa-b0f3f7333612 48060a6498d444039af4940b7c193e14 d82ef12cab894017953bb6b1fc22ad6e - - default default] GET http://cinder-api.openstack.svc.cluster.local:8776/v3/d82ef12cab894017953bb6b1fc22ad6e/volumes/b9ba1953-f160-45e3-b5f9-146b7f89feb4
2026-07-17 14:02:52.603 8 INFO cinder.api.openstack.wsgi [None req-1c82456d-98c7-43d5-b0aa-b0f3f7333612 48060a6498d444039af4940b7c193e14 d82ef12cab894017953bb6b1fc22ad6e - - default default] http://cinder-api.openstack.svc.cluster.local:8776/v3/d82ef12cab894017953bb6b1fc22ad6e/volumes/b9ba1953-f160-45e3-b5f9-146b7f89feb4 returned with HTTP 404 [pid: 8|app: 0|req: 460/921] 10.0.0.99 () {32 vars in 774 bytes} [Fri Jul 17 14:02:52 2026] GET /v3/d82ef12cab894017953bb6b1fc22ad6e/volumes/b9ba1953-f160-45e3-b5f9-146b7f89feb4 => generated 109 bytes in 18 msecs (HTTP/1.1 404) 7 headers in 292 bytes (1 switches on core 0) /var/lib/openstack/lib/python3.12/site-packages/pycadf/identifier.py:70: UserWarning: Invalid uuid: cinderv3. To ensure interoperability, identifiers should be a valid uuid. warnings.warn(('Invalid uuid: %s. To ensure interoperability, '
2026-07-17 14:02:52.617 7 INFO cinder.api.openstack.wsgi [None req-0e72c9f3-6234-424a-a8f8-8890ee8a20ef 48060a6498d444039af4940b7c193e14 d82ef12cab894017953bb6b1fc22ad6e - - default default] GET http://cinder-api.openstack.svc.cluster.local:8776/v3/d82ef12cab894017953bb6b1fc22ad6e/volumes/f1330757-7678-4699-9220-c3fcf9af79b7 /var/lib/openstack/lib/python3.12/site-packages/oslo_context/context.py:101: DeprecationWarning: Policy enforcement is depending on the value of is_admin. This key is deprecated. Please update your policy file to use the standard policy values. warnings.warn(
2026-07-17 14:02:52.640 7 INFO cinder.volume.api [None req-0e72c9f3-6234-424a-a8f8-8890ee8a20ef 48060a6498d444039af4940b7c193e14 d82ef12cab894017953bb6b1fc22ad6e - - default default] Volume info retrieved successfully.
2026-07-17 14:02:52.646 7 INFO cinder.api.openstack.wsgi [None req-0e72c9f3-6234-424a-a8f8-8890ee8a20ef 48060a6498d444039af4940b7c193e14 d82ef12cab894017953bb6b1fc22ad6e - - default default] http://cinder-api.openstack.svc.cluster.local:8776/v3/d82ef12cab894017953bb6b1fc22ad6e/volumes/f1330757-7678-4699-9220-c3fcf9af79b7 returned with HTTP 200 [pid: 7|app: 0|req: 462/922] 10.0.0.99 () {32 vars in 774 bytes} [Fri Jul 17 14:02:52 2026] GET /v3/d82ef12cab894017953bb6b1fc22ad6e/volumes/f1330757-7678-4699-9220-c3fcf9af79b7 => generated 969 bytes in 36 msecs (HTTP/1.1 200) 7 headers in 285 bytes (1 switches on core 0)
2026-07-17 14:02:52.679 8 INFO cinder.api.openstack.wsgi [None req-dcc8f3c2-bbe0-403f-8b8e-4fa326639751 48060a6498d444039af4940b7c193e14 d82ef12cab894017953bb6b1fc22ad6e - - default default] DELETE http://cinder-api.openstack.svc.cluster.local:8776/v3/d82ef12cab894017953bb6b1fc22ad6e/volumes/f1330757-7678-4699-9220-c3fcf9af79b7
2026-07-17 14:02:52.680 8 INFO cinder.api.v3.volumes [None req-dcc8f3c2-bbe0-403f-8b8e-4fa326639751 48060a6498d444039af4940b7c193e14 d82ef12cab894017953bb6b1fc22ad6e - - default default] Delete volume with id: f1330757-7678-4699-9220-c3fcf9af79b7 /var/lib/openstack/lib/python3.12/site-packages/oslo_context/context.py:101: DeprecationWarning: Policy enforcement is depending on the value of is_admin. This key is deprecated. Please update your policy file to use the standard policy values. warnings.warn(
2026-07-17 14:02:52.692 8 INFO cinder.volume.api [None req-dcc8f3c2-bbe0-403f-8b8e-4fa326639751 48060a6498d444039af4940b7c193e14 d82ef12cab894017953bb6b1fc22ad6e - - default default] Volume info retrieved successfully.
2026-07-17 14:02:52.719 8 INFO cinder.volume.api [None req-dcc8f3c2-bbe0-403f-8b8e-4fa326639751 48060a6498d444039af4940b7c193e14 d82ef12cab894017953bb6b1fc22ad6e - - default default] Delete volume request issued successfully.
2026-07-17 14:02:52.719 8 INFO cinder.api.openstack.wsgi [None req-dcc8f3c2-bbe0-403f-8b8e-4fa326639751 48060a6498d444039af4940b7c193e14 d82ef12cab894017953bb6b1fc22ad6e - - default default] http://cinder-api.openstack.svc.cluster.local:8776/v3/d82ef12cab894017953bb6b1fc22ad6e/volumes/f1330757-7678-4699-9220-c3fcf9af79b7 returned with HTTP 202 [pid: 8|app: 0|req: 461/923] 10.0.0.99 () {32 vars in 777 bytes} [Fri Jul 17 14:02:52 2026] DELETE /v3/d82ef12cab894017953bb6b1fc22ad6e/volumes/f1330757-7678-4699-9220-c3fcf9af79b7 => generated 0 bytes in 46 msecs (HTTP/1.1 202) 6 headers in 233 bytes (1 switches on core 0) /var/lib/openstack/lib/python3.12/site-packages/pycadf/identifier.py:70: UserWarning: Invalid uuid: cinderv3. To ensure interoperability, identifiers should be a valid uuid. warnings.warn(('Invalid uuid: %s. To ensure interoperability, '
