2026-07-17 14:02:19.810 7 INFO placement.requestlog [None req-c87ef279-414c-42a5-8de6-4dcee390a6ac c82cd7c8d68b4e71b61baccf9069dc0e 690ab4b69df54fe9919eb7402fd7e5fb - - 676096f7a97f4034b277d9157cc7cfb1 676096f7a97f4034b277d9157cc7cfb1] 10.0.0.60 "DELETE /resource_providers/6b9f43e8-4be0-46f1-aaa5-2483c0e7d305" status: 404 len: 246 microversion: 1.1 [pid: 7|app: 0|req: 489/973] 10.0.0.60 () {34 vars in 815 bytes} [Fri Jul 17 14:02:19 2026] DELETE /resource_providers/6b9f43e8-4be0-46f1-aaa5-2483c0e7d305 => generated 246 bytes in 17 msecs (HTTP/1.1 404) 6 headers in 231 bytes (1 switches on core 0)
2026-07-17 14:02:19.832 7 INFO placement.requestlog [None req-c8d984fb-677c-4952-aba2-4718546cf4d8 c82cd7c8d68b4e71b61baccf9069dc0e 690ab4b69df54fe9919eb7402fd7e5fb - - 676096f7a97f4034b277d9157cc7cfb1 676096f7a97f4034b277d9157cc7cfb1] 10.0.0.60 "GET /resource_providers/3f84d861-23c3-4a91-a75a-f3f238466b8e/aggregates" status: 404 len: 235 microversion: 1.1
2026-07-17 14:02:19.832 8 INFO placement.requestlog [None req-c3d7b589-cd61-45ea-bb4d-8da6edb13754 c82cd7c8d68b4e71b61baccf9069dc0e 690ab4b69df54fe9919eb7402fd7e5fb - - 676096f7a97f4034b277d9157cc7cfb1 676096f7a97f4034b277d9157cc7cfb1] 10.0.0.60 "DELETE /resource_providers/6b9f43e8-4be0-46f1-aaa5-2483c0e7d305" status: 404 len: 246 microversion: 1.1 [pid: 7|app: 0|req: 490/974] 10.0.0.60 () {32 vars in 815 bytes} [Fri Jul 17 14:02:19 2026] GET /resource_providers/3f84d861-23c3-4a91-a75a-f3f238466b8e/aggregates => generated 235 bytes in 11 msecs (HTTP/1.1 404) 5 headers in 202 bytes (1 switches on core 0) [pid: 8|app: 0|req: 485/975] 10.0.0.60 () {34 vars in 815 bytes} [Fri Jul 17 14:02:19 2026] DELETE /resource_providers/6b9f43e8-4be0-46f1-aaa5-2483c0e7d305 => generated 246 bytes in 13 msecs (HTTP/1.1 404) 6 headers in 231 bytes (1 switches on core 0)
2026-07-17 14:02:19.860 7 INFO placement.requestlog [None req-a63bb508-eda9-4698-873a-173c6c21e3a1 c82cd7c8d68b4e71b61baccf9069dc0e 690ab4b69df54fe9919eb7402fd7e5fb - - 676096f7a97f4034b277d9157cc7cfb1 676096f7a97f4034b277d9157cc7cfb1] 10.0.0.60 "GET /resource_providers/3f84d861-23c3-4a91-a75a-f3f238466b8e/aggregates" status: 404 len: 235 microversion: 1.1 [pid: 7|app: 0|req: 491/976] 10.0.0.60 () {32 vars in 815 bytes} [Fri Jul 17 14:02:19 2026] GET /resource_providers/3f84d861-23c3-4a91-a75a-f3f238466b8e/aggregates => generated 235 bytes in 14 msecs (HTTP/1.1 404) 5 headers in 202 bytes (1 switches on core 0)
2026-07-17 14:02:19.862 8 INFO placement.requestlog [None req-a0d63fb9-c9ec-45e9-84bd-12f48526d6c9 c82cd7c8d68b4e71b61baccf9069dc0e 690ab4b69df54fe9919eb7402fd7e5fb - - 676096f7a97f4034b277d9157cc7cfb1 676096f7a97f4034b277d9157cc7cfb1] 10.0.0.60 "DELETE /resource_providers/3f84d861-23c3-4a91-a75a-f3f238466b8e" status: 404 len: 246 microversion: 1.1 [pid: 8|app: 0|req: 486/977] 10.0.0.60 () {34 vars in 815 bytes} [Fri Jul 17 14:02:19 2026] DELETE /resource_providers/3f84d861-23c3-4a91-a75a-f3f238466b8e => generated 246 bytes in 13 msecs (HTTP/1.1 404) 6 headers in 231 bytes (1 switches on core 0)
2026-07-17 14:02:19.883 7 INFO placement.requestlog [None req-11cb1c54-db36-4144-aa2f-a7e9aeaef2c6 c82cd7c8d68b4e71b61baccf9069dc0e 690ab4b69df54fe9919eb7402fd7e5fb - - 676096f7a97f4034b277d9157cc7cfb1 676096f7a97f4034b277d9157cc7cfb1] 10.0.0.60 "DELETE /resource_providers/3f84d861-23c3-4a91-a75a-f3f238466b8e" status: 404 len: 246 microversion: 1.1 [pid: 7|app: 0|req: 492/978] 10.0.0.60 () {34 vars in 815 bytes} [Fri Jul 17 14:02:19 2026] DELETE /resource_providers/3f84d861-23c3-4a91-a75a-f3f238466b8e => generated 246 bytes in 13 msecs (HTTP/1.1 404) 6 headers in 231 bytes (1 switches on core 0)
2026-07-17 14:02:21.887 8 INFO placement.requestlog [None req-a7ac426a-7cce-4f96-9e03-1e956fcd659b c82cd7c8d68b4e71b61baccf9069dc0e 690ab4b69df54fe9919eb7402fd7e5fb - - 676096f7a97f4034b277d9157cc7cfb1 676096f7a97f4034b277d9157cc7cfb1] 10.0.0.60 "GET /resource_providers/b5796542-214f-4824-947c-cca451140a44/aggregates" status: 404 len: 235 microversion: 1.1 [pid: 8|app: 0|req: 487/979] 10.0.0.60 () {32 vars in 815 bytes} [Fri Jul 17 14:02:21 2026] GET /resource_providers/b5796542-214f-4824-947c-cca451140a44/aggregates => generated 235 bytes in 11 msecs (HTTP/1.1 404) 5 headers in 202 bytes (1 switches on core 0)
2026-07-17 14:02:21.921 8 INFO placement.requestlog [None req-4dcc325c-c871-4e1d-96df-ed40fe067425 c82cd7c8d68b4e71b61baccf9069dc0e 690ab4b69df54fe9919eb7402fd7e5fb - - 676096f7a97f4034b277d9157cc7cfb1 676096f7a97f4034b277d9157cc7cfb1] 10.0.0.60 "GET /resource_providers/b5796542-214f-4824-947c-cca451140a44/aggregates" status: 404 len: 235 microversion: 1.1 [pid: 8|app: 0|req: 488/980] 10.0.0.60 () {32 vars in 815 bytes} [Fri Jul 17 14:02:21 2026] GET /resource_providers/b5796542-214f-4824-947c-cca451140a44/aggregates => generated 235 bytes in 9 msecs (HTTP/1.1 404) 5 headers in 202 bytes (1 switches on core 0)
2026-07-17 14:02:21.923 7 INFO placement.requestlog [None req-b1eaeedc-83c6-44a8-b4eb-081f02166023 c82cd7c8d68b4e71b61baccf9069dc0e 690ab4b69df54fe9919eb7402fd7e5fb - - 676096f7a97f4034b277d9157cc7cfb1 676096f7a97f4034b277d9157cc7cfb1] 10.0.0.60 "DELETE /resource_providers/b5796542-214f-4824-947c-cca451140a44" status: 404 len: 246 microversion: 1.1 [pid: 7|app: 0|req: 493/981] 10.0.0.60 () {34 vars in 815 bytes} [Fri Jul 17 14:02:21 2026] DELETE /resource_providers/b5796542-214f-4824-947c-cca451140a44 => generated 246 bytes in 22 msecs (HTTP/1.1 404) 6 headers in 231 bytes (1 switches on core 0)
2026-07-17 14:02:21.946 8 INFO placement.requestlog [None req-ad448ce1-fafa-4d60-905e-8788e802266f c82cd7c8d68b4e71b61baccf9069dc0e 690ab4b69df54fe9919eb7402fd7e5fb - - 676096f7a97f4034b277d9157cc7cfb1 676096f7a97f4034b277d9157cc7cfb1] 10.0.0.60 "DELETE /resource_providers/b5796542-214f-4824-947c-cca451140a44" status: 404 len: 246 microversion: 1.1 [pid: 8|app: 0|req: 489/982] 10.0.0.60 () {34 vars in 815 bytes} [Fri Jul 17 14:02:21 2026] DELETE /resource_providers/b5796542-214f-4824-947c-cca451140a44 => generated 246 bytes in 9 msecs (HTTP/1.1 404) 6 headers in 231 bytes (1 switches on core 0)
2026-07-17 14:02:21.967 8 INFO placement.requestlog [None req-1d031efd-db64-4ae2-9534-fde232a74154 c82cd7c8d68b4e71b61baccf9069dc0e 690ab4b69df54fe9919eb7402fd7e5fb - - 676096f7a97f4034b277d9157cc7cfb1 676096f7a97f4034b277d9157cc7cfb1] 10.0.0.60 "GET /resource_providers/aeca5649-f010-4802-a7a7-f4e44e35c09c/aggregates" status: 404 len: 235 microversion: 1.1 [pid: 8|app: 0|req: 490/983] 10.0.0.60 () {32 vars in 815 bytes} [Fri Jul 17 14:02:21 2026] GET /resource_providers/aeca5649-f010-4802-a7a7-f4e44e35c09c/aggregates => generated 235 bytes in 11 msecs (HTTP/1.1 404) 5 headers in 202 bytes (1 switches on core 0)
2026-07-17 14:02:21.969 7 INFO placement.requestlog [None req-032fc608-e8e8-42ac-95cf-44157ea598a7 c82cd7c8d68b4e71b61baccf9069dc0e 690ab4b69df54fe9919eb7402fd7e5fb - - 676096f7a97f4034b277d9157cc7cfb1 676096f7a97f4034b277d9157cc7cfb1] 10.0.0.60 "GET /resource_providers/aeca5649-f010-4802-a7a7-f4e44e35c09c/aggregates" status: 404 len: 235 microversion: 1.1 [pid: 7|app: 0|req: 494/984] 10.0.0.60 () {32 vars in 815 bytes} [Fri Jul 17 14:02:21 2026] GET /resource_providers/aeca5649-f010-4802-a7a7-f4e44e35c09c/aggregates => generated 235 bytes in 23 msecs (HTTP/1.1 404) 5 headers in 202 bytes (1 switches on core 0)
2026-07-17 14:02:21.999 8 INFO placement.requestlog [None req-f822fab6-5174-43bf-868c-2aaab541a7fb c82cd7c8d68b4e71b61baccf9069dc0e 690ab4b69df54fe9919eb7402fd7e5fb - - 676096f7a97f4034b277d9157cc7cfb1 676096f7a97f4034b277d9157cc7cfb1] 10.0.0.60 "DELETE /resource_providers/aeca5649-f010-4802-a7a7-f4e44e35c09c" status: 404 len: 246 microversion: 1.1 [pid: 8|app: 0|req: 491/985] 10.0.0.60 () {34 vars in 815 bytes} [Fri Jul 17 14:02:21 2026] DELETE /resource_providers/aeca5649-f010-4802-a7a7-f4e44e35c09c => generated 246 bytes in 11 msecs (HTTP/1.1 404) 6 headers in 231 bytes (1 switches on core 0)
2026-07-17 14:02:22.002 7 INFO placement.requestlog [None req-10a84a61-eddc-4aed-b424-fdaba51693d6 c82cd7c8d68b4e71b61baccf9069dc0e 690ab4b69df54fe9919eb7402fd7e5fb - - 676096f7a97f4034b277d9157cc7cfb1 676096f7a97f4034b277d9157cc7cfb1] 10.0.0.60 "DELETE /resource_providers/aeca5649-f010-4802-a7a7-f4e44e35c09c" status: 404 len: 246 microversion: 1.1 [pid: 7|app: 0|req: 495/986] 10.0.0.60 () {34 vars in 815 bytes} [Fri Jul 17 14:02:21 2026] DELETE /resource_providers/aeca5649-f010-4802-a7a7-f4e44e35c09c => generated 246 bytes in 13 msecs (HTTP/1.1 404) 6 headers in 231 bytes (1 switches on core 0)
2026-07-17 14:02:22.026 8 INFO placement.requestlog [None req-1ff6e6e6-659e-4d62-8e8e-1708c8e1952d c82cd7c8d68b4e71b61baccf9069dc0e 690ab4b69df54fe9919eb7402fd7e5fb - - 676096f7a97f4034b277d9157cc7cfb1 676096f7a97f4034b277d9157cc7cfb1] 10.0.0.60 "GET /resource_providers/3a839d07-0e4b-4350-af2d-9dbbb1150578/aggregates" status: 404 len: 235 microversion: 1.1 [pid: 8|app: 0|req: 492/987] 10.0.0.60 () {32 vars in 815 bytes} [Fri Jul 17 14:02:22 2026] GET /resource_providers/3a839d07-0e4b-4350-af2d-9dbbb1150578/aggregates => generated 235 bytes in 10 msecs (HTTP/1.1 404) 5 headers in 202 bytes (1 switches on core 0)
2026-07-17 14:02:22.031 7 INFO placement.requestlog [None req-e5156021-cc87-45e2-b574-698b072c8cad c82cd7c8d68b4e71b61baccf9069dc0e 690ab4b69df54fe9919eb7402fd7e5fb - - 676096f7a97f4034b277d9157cc7cfb1 676096f7a97f4034b277d9157cc7cfb1] 10.0.0.60 "GET /resource_providers/3a839d07-0e4b-4350-af2d-9dbbb1150578/aggregates" status: 404 len: 235 microversion: 1.1 [pid: 7|app: 0|req: 496/988] 10.0.0.60 () {32 vars in 815 bytes} [Fri Jul 17 14:02:22 2026] GET /resource_providers/3a839d07-0e4b-4350-af2d-9dbbb1150578/aggregates => generated 235 bytes in 10 msecs (HTTP/1.1 404) 5 headers in 202 bytes (1 switches on core 0)
2026-07-17 14:02:22.057 8 INFO placement.requestlog [None req-c480a9fa-8f3c-495f-802a-1cb2312e40b8 c82cd7c8d68b4e71b61baccf9069dc0e 690ab4b69df54fe9919eb7402fd7e5fb - - 676096f7a97f4034b277d9157cc7cfb1 676096f7a97f4034b277d9157cc7cfb1] 10.0.0.60 "DELETE /resource_providers/3a839d07-0e4b-4350-af2d-9dbbb1150578" status: 404 len: 246 microversion: 1.1 [pid: 8|app: 0|req: 493/989] 10.0.0.60 () {34 vars in 815 bytes} [Fri Jul 17 14:02:22 2026] DELETE /resource_providers/3a839d07-0e4b-4350-af2d-9dbbb1150578 => generated 246 bytes in 14 msecs (HTTP/1.1 404) 6 headers in 231 bytes (1 switches on core 0)
2026-07-17 14:02:22.058 7 INFO placement.requestlog [None req-5ae7eed1-2a62-482d-9040-892dd4f6479f c82cd7c8d68b4e71b61baccf9069dc0e 690ab4b69df54fe9919eb7402fd7e5fb - - 676096f7a97f4034b277d9157cc7cfb1 676096f7a97f4034b277d9157cc7cfb1] 10.0.0.60 "DELETE /resource_providers/3a839d07-0e4b-4350-af2d-9dbbb1150578" status: 404 len: 246 microversion: 1.1 [pid: 7|app: 0|req: 497/990] 10.0.0.60 () {34 vars in 815 bytes} [Fri Jul 17 14:02:22 2026] DELETE /resource_providers/3a839d07-0e4b-4350-af2d-9dbbb1150578 => generated 246 bytes in 13 msecs (HTTP/1.1 404) 6 headers in 231 bytes (1 switches on core 0)
2026-07-17 14:02:24.789 8 INFO placement.requestlog [None req-3f39f125-4db1-4b98-a153-aa56eeeb2299 c82cd7c8d68b4e71b61baccf9069dc0e 690ab4b69df54fe9919eb7402fd7e5fb - - 676096f7a97f4034b277d9157cc7cfb1 676096f7a97f4034b277d9157cc7cfb1] 10.0.0.60 "GET /resource_providers/2fa9cf45-cfe7-41d5-bdc7-eb224b38aa6e/aggregates" status: 404 len: 235 microversion: 1.1 [pid: 8|app: 0|req: 494/991] 10.0.0.60 () {32 vars in 815 bytes} [Fri Jul 17 14:02:24 2026] GET /resource_providers/2fa9cf45-cfe7-41d5-bdc7-eb224b38aa6e/aggregates => generated 235 bytes in 10 msecs (HTTP/1.1 404) 5 headers in 202 bytes (1 switches on core 0)
2026-07-17 14:02:24.790 7 INFO placement.requestlog [None req-b4776ded-1f17-4239-9990-c58175dcf9e1 c82cd7c8d68b4e71b61baccf9069dc0e 690ab4b69df54fe9919eb7402fd7e5fb - - 676096f7a97f4034b277d9157cc7cfb1 676096f7a97f4034b277d9157cc7cfb1] 10.0.0.60 "GET /resource_providers/2fa9cf45-cfe7-41d5-bdc7-eb224b38aa6e/aggregates" status: 404 len: 235 microversion: 1.1 [pid: 7|app: 0|req: 498/992] 10.0.0.60 () {32 vars in 815 bytes} [Fri Jul 17 14:02:24 2026] GET /resource_providers/2fa9cf45-cfe7-41d5-bdc7-eb224b38aa6e/aggregates => generated 235 bytes in 11 msecs (HTTP/1.1 404) 5 headers in 202 bytes (1 switches on core 0)
2026-07-17 14:02:24.812 8 INFO placement.requestlog [None req-0e817cd6-f3fe-49b6-b3c5-2993b813a78b c82cd7c8d68b4e71b61baccf9069dc0e 690ab4b69df54fe9919eb7402fd7e5fb - - 676096f7a97f4034b277d9157cc7cfb1 676096f7a97f4034b277d9157cc7cfb1] 10.0.0.60 "DELETE /resource_providers/2fa9cf45-cfe7-41d5-bdc7-eb224b38aa6e" status: 404 len: 246 microversion: 1.1 [pid: 8|app: 0|req: 495/993] 10.0.0.60 () {34 vars in 815 bytes} [Fri Jul 17 14:02:24 2026] DELETE /resource_providers/2fa9cf45-cfe7-41d5-bdc7-eb224b38aa6e => generated 246 bytes in 10 msecs (HTTP/1.1 404) 6 headers in 231 bytes (1 switches on core 0)
2026-07-17 14:02:24.816 7 INFO placement.requestlog [None req-7f2d8f7b-e894-4214-adc7-2c31705c57a2 c82cd7c8d68b4e71b61baccf9069dc0e 690ab4b69df54fe9919eb7402fd7e5fb - - 676096f7a97f4034b277d9157cc7cfb1 676096f7a97f4034b277d9157cc7cfb1] 10.0.0.60 "DELETE /resource_providers/2fa9cf45-cfe7-41d5-bdc7-eb224b38aa6e" status: 404 len: 246 microversion: 1.1 [pid: 7|app: 0|req: 499/994] 10.0.0.60 () {34 vars in 815 bytes} [Fri Jul 17 14:02:24 2026] DELETE /resource_providers/2fa9cf45-cfe7-41d5-bdc7-eb224b38aa6e => generated 246 bytes in 11 msecs (HTTP/1.1 404) 6 headers in 231 bytes (1 switches on core 0)
2026-07-17 14:02:26.477 7 INFO placement.requestlog [None req-20050292-892f-4a74-bbba-777b919e8888 - - - - - -] 10.0.0.109 "GET /" status: 200 len: 136 microversion: 1.0
2026-07-17 14:02:26.477 8 INFO placement.requestlog [None req-98462961-4261-4f89-8626-8ba62c9f5d79 - - - - - -] 10.0.0.109 "GET /" status: 200 len: 136 microversion: 1.0
2026-07-17 14:02:26.855 7 INFO placement.requestlog [None req-a4a264a4-0b48-4f63-9060-32e348df0136 c82cd7c8d68b4e71b61baccf9069dc0e 690ab4b69df54fe9919eb7402fd7e5fb - - 676096f7a97f4034b277d9157cc7cfb1 676096f7a97f4034b277d9157cc7cfb1] 10.0.0.60 "GET /resource_providers/c8b0e49f-6db7-4c37-a394-26aa4d86b85d/aggregates" status: 404 len: 235 microversion: 1.1
2026-07-17 14:02:26.855 8 INFO placement.requestlog [None req-27aa0db2-cbb5-4720-8747-04b747f18496 c82cd7c8d68b4e71b61baccf9069dc0e 690ab4b69df54fe9919eb7402fd7e5fb - - 676096f7a97f4034b277d9157cc7cfb1 676096f7a97f4034b277d9157cc7cfb1] 10.0.0.60 "GET /resource_providers/c8b0e49f-6db7-4c37-a394-26aa4d86b85d/aggregates" status: 404 len: 235 microversion: 1.1 [pid: 8|app: 0|req: 497/997] 10.0.0.60 () {32 vars in 815 bytes} [Fri Jul 17 14:02:26 2026] GET /resource_providers/c8b0e49f-6db7-4c37-a394-26aa4d86b85d/aggregates => generated 235 bytes in 20 msecs (HTTP/1.1 404) 5 headers in 202 bytes (1 switches on core 0) [pid: 7|app: 0|req: 501/998] 10.0.0.60 () {32 vars in 815 bytes} [Fri Jul 17 14:02:26 2026] GET /resource_providers/c8b0e49f-6db7-4c37-a394-26aa4d86b85d/aggregates => generated 235 bytes in 23 msecs (HTTP/1.1 404) 5 headers in 202 bytes (1 switches on core 0)
2026-07-17 14:02:26.890 8 INFO placement.requestlog [None req-616661f0-8b23-4b92-a29f-f38c7602be32 c82cd7c8d68b4e71b61baccf9069dc0e 690ab4b69df54fe9919eb7402fd7e5fb - - 676096f7a97f4034b277d9157cc7cfb1 676096f7a97f4034b277d9157cc7cfb1] 10.0.0.60 "DELETE /resource_providers/c8b0e49f-6db7-4c37-a394-26aa4d86b85d" status: 404 len: 246 microversion: 1.1 [pid: 8|app: 0|req: 498/999] 10.0.0.60 () {34 vars in 815 bytes} [Fri Jul 17 14:02:26 2026] DELETE /resource_providers/c8b0e49f-6db7-4c37-a394-26aa4d86b85d => generated 246 bytes in 11 msecs (HTTP/1.1 404) 6 headers in 231 bytes (1 switches on core 0)
2026-07-17 14:02:26.893 7 INFO placement.requestlog [None req-9e4b739b-1655-489f-80cc-6a9c34fec5dc c82cd7c8d68b4e71b61baccf9069dc0e 690ab4b69df54fe9919eb7402fd7e5fb - - 676096f7a97f4034b277d9157cc7cfb1 676096f7a97f4034b277d9157cc7cfb1] 10.0.0.60 "DELETE /resource_providers/c8b0e49f-6db7-4c37-a394-26aa4d86b85d" status: 404 len: 246 microversion: 1.1 [pid: 7|app: 0|req: 502/1000] 10.0.0.60 () {34 vars in 815 bytes} [Fri Jul 17 14:02:26 2026] DELETE /resource_providers/c8b0e49f-6db7-4c37-a394-26aa4d86b85d => generated 246 bytes in 13 msecs (HTTP/1.1 404) 6 headers in 231 bytes (1 switches on core 0)
2026-07-17 14:02:27.159 8 INFO placement.requestlog [None req-f579f354-6c68-4133-80c2-4df710fef56d c82cd7c8d68b4e71b61baccf9069dc0e 690ab4b69df54fe9919eb7402fd7e5fb - - 676096f7a97f4034b277d9157cc7cfb1 676096f7a97f4034b277d9157cc7cfb1] 10.0.0.60 "GET /resource_providers/d93852af-0cee-4f91-a54d-dc01cf3a21a1/aggregates" status: 404 len: 235 microversion: 1.1 [pid: 8|app: 0|req: 499/1001] 10.0.0.60 () {32 vars in 815 bytes} [Fri Jul 17 14:02:27 2026] GET /resource_providers/d93852af-0cee-4f91-a54d-dc01cf3a21a1/aggregates => generated 235 bytes in 11 msecs (HTTP/1.1 404) 5 headers in 202 bytes (1 switches on core 0)
2026-07-17 14:02:27.173 7 INFO placement.requestlog [None req-afc09c34-78a8-4c2c-b9db-c2a96d37e67a c82cd7c8d68b4e71b61baccf9069dc0e 690ab4b69df54fe9919eb7402fd7e5fb - - 676096f7a97f4034b277d9157cc7cfb1 676096f7a97f4034b277d9157cc7cfb1] 10.0.0.60 "GET /resource_providers/d93852af-0cee-4f91-a54d-dc01cf3a21a1/aggregates" status: 404 len: 235 microversion: 1.1 [pid: 7|app: 0|req: 503/1002] 10.0.0.60 () {32 vars in 815 bytes} [Fri Jul 17 14:02:27 2026] GET /resource_providers/d93852af-0cee-4f91-a54d-dc01cf3a21a1/aggregates => generated 235 bytes in 24 msecs (HTTP/1.1 404) 5 headers in 202 bytes (1 switches on core 0)
2026-07-17 14:02:27.196 8 INFO placement.requestlog [None req-7ec7c137-f469-4c53-a6a2-1676338d8666 c82cd7c8d68b4e71b61baccf9069dc0e 690ab4b69df54fe9919eb7402fd7e5fb - - 676096f7a97f4034b277d9157cc7cfb1 676096f7a97f4034b277d9157cc7cfb1] 10.0.0.60 "DELETE /resource_providers/d93852af-0cee-4f91-a54d-dc01cf3a21a1" status: 404 len: 246 microversion: 1.1 [pid: 8|app: 0|req: 500/1003] 10.0.0.60 () {34 vars in 815 bytes} [Fri Jul 17 14:02:27 2026] DELETE /resource_providers/d93852af-0cee-4f91-a54d-dc01cf3a21a1 => generated 246 bytes in 20 msecs (HTTP/1.1 404) 6 headers in 231 bytes (1 switches on core 0)
2026-07-17 14:02:27.199 7 INFO placement.requestlog [None req-3fd4779f-97a0-4d0e-adf5-339657adbd70 c82cd7c8d68b4e71b61baccf9069dc0e 690ab4b69df54fe9919eb7402fd7e5fb - - 676096f7a97f4034b277d9157cc7cfb1 676096f7a97f4034b277d9157cc7cfb1] 10.0.0.60 "DELETE /resource_providers/d93852af-0cee-4f91-a54d-dc01cf3a21a1" status: 404 len: 246 microversion: 1.1 [pid: 7|app: 0|req: 504/1004] 10.0.0.60 () {34 vars in 815 bytes} [Fri Jul 17 14:02:27 2026] DELETE /resource_providers/d93852af-0cee-4f91-a54d-dc01cf3a21a1 => generated 246 bytes in 14 msecs (HTTP/1.1 404) 6 headers in 231 bytes (1 switches on core 0)
2026-07-17 14:02:28.926 7 INFO placement.requestlog [None req-621cf43a-d663-4af3-97aa-c929952b8e10 c82cd7c8d68b4e71b61baccf9069dc0e 690ab4b69df54fe9919eb7402fd7e5fb - - 676096f7a97f4034b277d9157cc7cfb1 676096f7a97f4034b277d9157cc7cfb1] 10.0.0.60 "GET /resource_providers/cb8bd224-ac81-4d93-b96e-8a371f681501/aggregates" status: 404 len: 235 microversion: 1.1 [pid: 7|app: 0|req: 505/1005] 10.0.0.60 () {32 vars in 815 bytes} [Fri Jul 17 14:02:28 2026] GET /resource_providers/cb8bd224-ac81-4d93-b96e-8a371f681501/aggregates => generated 235 bytes in 11 msecs (HTTP/1.1 404) 5 headers in 202 bytes (1 switches on core 0)
2026-07-17 14:02:28.927 8 INFO placement.requestlog [None req-a620adfb-ed19-4c41-87ad-d5101a3890ee c82cd7c8d68b4e71b61baccf9069dc0e 690ab4b69df54fe9919eb7402fd7e5fb - - 676096f7a97f4034b277d9157cc7cfb1 676096f7a97f4034b277d9157cc7cfb1] 10.0.0.60 "GET /resource_providers/cb8bd224-ac81-4d93-b96e-8a371f681501/aggregates" status: 404 len: 235 microversion: 1.1 [pid: 8|app: 0|req: 501/1006] 10.0.0.60 () {32 vars in 815 bytes} [Fri Jul 17 14:02:28 2026] GET /resource_providers/cb8bd224-ac81-4d93-b96e-8a371f681501/aggregates => generated 235 bytes in 13 msecs (HTTP/1.1 404) 5 headers in 202 bytes (1 switches on core 0)
2026-07-17 14:02:28.950 7 INFO placement.requestlog [None req-c759f6a3-5ad4-4e45-8dad-ad8d2870abd2 c82cd7c8d68b4e71b61baccf9069dc0e 690ab4b69df54fe9919eb7402fd7e5fb - - 676096f7a97f4034b277d9157cc7cfb1 676096f7a97f4034b277d9157cc7cfb1] 10.0.0.60 "DELETE /resource_providers/cb8bd224-ac81-4d93-b96e-8a371f681501" status: 404 len: 246 microversion: 1.1 [pid: 7|app: 0|req: 506/1007] 10.0.0.60 () {34 vars in 815 bytes} [Fri Jul 17 14:02:28 2026] DELETE /resource_providers/cb8bd224-ac81-4d93-b96e-8a371f681501 => generated 246 bytes in 9 msecs (HTTP/1.1 404) 6 headers in 231 bytes (1 switches on core 0)
2026-07-17 14:02:28.961 8 INFO placement.requestlog [None req-66761fe8-927b-4dee-aae4-c71182293062 c82cd7c8d68b4e71b61baccf9069dc0e 690ab4b69df54fe9919eb7402fd7e5fb - - 676096f7a97f4034b277d9157cc7cfb1 676096f7a97f4034b277d9157cc7cfb1] 10.0.0.60 "DELETE /resource_providers/cb8bd224-ac81-4d93-b96e-8a371f681501" status: 404 len: 246 microversion: 1.1 [pid: 8|app: 0|req: 502/1008] 10.0.0.60 () {34 vars in 815 bytes} [Fri Jul 17 14:02:28 2026] DELETE /resource_providers/cb8bd224-ac81-4d93-b96e-8a371f681501 => generated 246 bytes in 18 msecs (HTTP/1.1 404) 6 headers in 231 bytes (1 switches on core 0)
2026-07-17 14:02:31.449 7 INFO placement.requestlog [None req-3ba7a846-aeef-4d03-ac5e-41ef21758e80 c82cd7c8d68b4e71b61baccf9069dc0e 690ab4b69df54fe9919eb7402fd7e5fb - - 676096f7a97f4034b277d9157cc7cfb1 676096f7a97f4034b277d9157cc7cfb1] 10.0.0.60 "GET /resource_providers/40a3f0ca-384e-4ef7-a56f-b4193bf8d4e7/aggregates" status: 404 len: 235 microversion: 1.1 [pid: 7|app: 0|req: 507/1009] 10.0.0.60 () {32 vars in 815 bytes} [Fri Jul 17 14:02:31 2026] GET /resource_providers/40a3f0ca-384e-4ef7-a56f-b4193bf8d4e7/aggregates => generated 235 bytes in 19 msecs (HTTP/1.1 404) 5 headers in 202 bytes (1 switches on core 0)
2026-07-17 14:02:31.456 8 INFO placement.requestlog [None req-1f27310c-6a21-4a76-9917-fafa8d9fd0bf c82cd7c8d68b4e71b61baccf9069dc0e 690ab4b69df54fe9919eb7402fd7e5fb - - 676096f7a97f4034b277d9157cc7cfb1 676096f7a97f4034b277d9157cc7cfb1] 10.0.0.60 "GET /resource_providers/40a3f0ca-384e-4ef7-a56f-b4193bf8d4e7/aggregates" status: 404 len: 235 microversion: 1.1 [pid: 8|app: 0|req: 503/1010] 10.0.0.60 () {32 vars in 815 bytes} [Fri Jul 17 14:02:31 2026] GET /resource_providers/40a3f0ca-384e-4ef7-a56f-b4193bf8d4e7/aggregates => generated 235 bytes in 14 msecs (HTTP/1.1 404) 5 headers in 202 bytes (1 switches on core 0)
2026-07-17 14:02:31.481 7 INFO placement.requestlog [None req-b92923b9-4cd0-471e-9973-8a046f998b11 c82cd7c8d68b4e71b61baccf9069dc0e 690ab4b69df54fe9919eb7402fd7e5fb - - 676096f7a97f4034b277d9157cc7cfb1 676096f7a97f4034b277d9157cc7cfb1] 10.0.0.60 "DELETE /resource_providers/40a3f0ca-384e-4ef7-a56f-b4193bf8d4e7" status: 404 len: 246 microversion: 1.1 [pid: 7|app: 0|req: 508/1011] 10.0.0.60 () {34 vars in 815 bytes} [Fri Jul 17 14:02:31 2026] DELETE /resource_providers/40a3f0ca-384e-4ef7-a56f-b4193bf8d4e7 => generated 246 bytes in 21 msecs (HTTP/1.1 404) 6 headers in 231 bytes (1 switches on core 0)
2026-07-17 14:02:31.483 8 INFO placement.requestlog [None req-46995ef7-8166-455f-8cfe-e98059db2107 c82cd7c8d68b4e71b61baccf9069dc0e 690ab4b69df54fe9919eb7402fd7e5fb - - 676096f7a97f4034b277d9157cc7cfb1 676096f7a97f4034b277d9157cc7cfb1] 10.0.0.60 "DELETE /resource_providers/40a3f0ca-384e-4ef7-a56f-b4193bf8d4e7" status: 404 len: 246 microversion: 1.1 [pid: 8|app: 0|req: 504/1012] 10.0.0.60 () {34 vars in 815 bytes} [Fri Jul 17 14:02:31 2026] DELETE /resource_providers/40a3f0ca-384e-4ef7-a56f-b4193bf8d4e7 => generated 246 bytes in 10 msecs (HTTP/1.1 404) 6 headers in 231 bytes (1 switches on core 0)
2026-07-17 14:02:33.873 7 INFO placement.requestlog [None req-86b5136f-ed18-455e-9949-430d4215c079 c82cd7c8d68b4e71b61baccf9069dc0e 690ab4b69df54fe9919eb7402fd7e5fb - - 676096f7a97f4034b277d9157cc7cfb1 676096f7a97f4034b277d9157cc7cfb1] 10.0.0.60 "GET /resource_providers/fe1d2c1f-faba-4676-8262-1f5113bf844b/aggregates" status: 404 len: 235 microversion: 1.1 [pid: 7|app: 0|req: 509/1013] 10.0.0.60 () {32 vars in 815 bytes} [Fri Jul 17 14:02:33 2026] GET /resource_providers/fe1d2c1f-faba-4676-8262-1f5113bf844b/aggregates => generated 235 bytes in 11 msecs (HTTP/1.1 404) 5 headers in 202 bytes (1 switches on core 0)
2026-07-17 14:02:33.874 8 INFO placement.requestlog [None req-35ad4769-1bad-491d-bb91-1c7200bd09ed c82cd7c8d68b4e71b61baccf9069dc0e 690ab4b69df54fe9919eb7402fd7e5fb - - 676096f7a97f4034b277d9157cc7cfb1 676096f7a97f4034b277d9157cc7cfb1] 10.0.0.60 "GET /resource_providers/fe1d2c1f-faba-4676-8262-1f5113bf844b/aggregates" status: 404 len: 235 microversion: 1.1 [pid: 8|app: 0|req: 505/1014] 10.0.0.60 () {32 vars in 815 bytes} [Fri Jul 17 14:02:33 2026] GET /resource_providers/fe1d2c1f-faba-4676-8262-1f5113bf844b/aggregates => generated 235 bytes in 12 msecs (HTTP/1.1 404) 5 headers in 202 bytes (1 switches on core 0)
2026-07-17 14:02:33.902 8 INFO placement.requestlog [None req-719d2f76-8dc4-4125-bca0-e2e848a538dc c82cd7c8d68b4e71b61baccf9069dc0e 690ab4b69df54fe9919eb7402fd7e5fb - - 676096f7a97f4034b277d9157cc7cfb1 676096f7a97f4034b277d9157cc7cfb1] 10.0.0.60 "DELETE /resource_providers/fe1d2c1f-faba-4676-8262-1f5113bf844b" status: 404 len: 246 microversion: 1.1
2026-07-17 14:02:33.903 7 INFO placement.requestlog [None req-ad2bab52-564d-4bd6-9c25-e169790f4a29 c82cd7c8d68b4e71b61baccf9069dc0e 690ab4b69df54fe9919eb7402fd7e5fb - - 676096f7a97f4034b277d9157cc7cfb1 676096f7a97f4034b277d9157cc7cfb1] 10.0.0.60 "DELETE /resource_providers/fe1d2c1f-faba-4676-8262-1f5113bf844b" status: 404 len: 246 microversion: 1.1 [pid: 8|app: 0|req: 506/1016] 10.0.0.60 () {34 vars in 815 bytes} [Fri Jul 17 14:02:33 2026] DELETE /resource_providers/fe1d2c1f-faba-4676-8262-1f5113bf844b => generated 246 bytes in 11 msecs (HTTP/1.1 404) 6 headers in 231 bytes (1 switches on core 0) [pid: 7|app: 0|req: 510/1016] 10.0.0.60 () {34 vars in 815 bytes} [Fri Jul 17 14:02:33 2026] DELETE /resource_providers/fe1d2c1f-faba-4676-8262-1f5113bf844b => generated 246 bytes in 12 msecs (HTTP/1.1 404) 6 headers in 231 bytes (1 switches on core 0)
2026-07-17 14:02:34.396 7 INFO placement.requestlog [None req-eddee5d1-ae0f-430e-a1d5-1b0c6ef7117f c82cd7c8d68b4e71b61baccf9069dc0e 690ab4b69df54fe9919eb7402fd7e5fb - - 676096f7a97f4034b277d9157cc7cfb1 676096f7a97f4034b277d9157cc7cfb1] 10.0.0.60 "GET /resource_providers/02160464-85cf-4acc-9ca4-c05fb85039cb/aggregates" status: 404 len: 235 microversion: 1.1 [pid: 7|app: 0|req: 511/1017] 10.0.0.60 () {32 vars in 815 bytes} [Fri Jul 17 14:02:34 2026] GET /resource_providers/02160464-85cf-4acc-9ca4-c05fb85039cb/aggregates => generated 235 bytes in 18 msecs (HTTP/1.1 404) 5 headers in 202 bytes (1 switches on core 0)
2026-07-17 14:02:34.401 8 INFO placement.requestlog [None req-a9bebf0c-d6fe-4d39-9d9e-10be59ea5ede c82cd7c8d68b4e71b61baccf9069dc0e 690ab4b69df54fe9919eb7402fd7e5fb - - 676096f7a97f4034b277d9157cc7cfb1 676096f7a97f4034b277d9157cc7cfb1] 10.0.0.60 "GET /resource_providers/02160464-85cf-4acc-9ca4-c05fb85039cb/aggregates" status: 404 len: 235 microversion: 1.1 [pid: 8|app: 0|req: 507/1018] 10.0.0.60 () {32 vars in 815 bytes} [Fri Jul 17 14:02:34 2026] GET /resource_providers/02160464-85cf-4acc-9ca4-c05fb85039cb/aggregates => generated 235 bytes in 23 msecs (HTTP/1.1 404) 5 headers in 202 bytes (1 switches on core 0)
2026-07-17 14:02:34.417 7 INFO placement.requestlog [None req-69cfc8ce-1fd1-4144-9d22-fee78ffd2867 c82cd7c8d68b4e71b61baccf9069dc0e 690ab4b69df54fe9919eb7402fd7e5fb - - 676096f7a97f4034b277d9157cc7cfb1 676096f7a97f4034b277d9157cc7cfb1] 10.0.0.60 "DELETE /resource_providers/02160464-85cf-4acc-9ca4-c05fb85039cb" status: 404 len: 246 microversion: 1.1 [pid: 7|app: 0|req: 512/1019] 10.0.0.60 () {34 vars in 815 bytes} [Fri Jul 17 14:02:34 2026] DELETE /resource_providers/02160464-85cf-4acc-9ca4-c05fb85039cb => generated 246 bytes in 8 msecs (HTTP/1.1 404) 6 headers in 231 bytes (1 switches on core 0)
2026-07-17 14:02:34.426 8 INFO placement.requestlog [None req-7596b5d2-203a-4ed5-8992-fcace45a0931 c82cd7c8d68b4e71b61baccf9069dc0e 690ab4b69df54fe9919eb7402fd7e5fb - - 676096f7a97f4034b277d9157cc7cfb1 676096f7a97f4034b277d9157cc7cfb1] 10.0.0.60 "DELETE /resource_providers/02160464-85cf-4acc-9ca4-c05fb85039cb" status: 404 len: 246 microversion: 1.1 [pid: 8|app: 0|req: 508/1020] 10.0.0.60 () {34 vars in 815 bytes} [Fri Jul 17 14:02:34 2026] DELETE /resource_providers/02160464-85cf-4acc-9ca4-c05fb85039cb => generated 246 bytes in 15 msecs (HTTP/1.1 404) 6 headers in 231 bytes (1 switches on core 0)
2026-07-17 14:02:36.477 8 INFO placement.requestlog [None req-1e15eaf9-ff55-45d0-b7c4-98ea09c98ab5 - - - - - -] 10.0.0.109 "GET /" status: 200 len: 136 microversion: 1.0
2026-07-17 14:02:36.477 7 INFO placement.requestlog [None req-72f64389-50c2-4945-82a7-55d6166df94a - - - - - -] 10.0.0.109 "GET /" status: 200 len: 136 microversion: 1.0
2026-07-17 14:02:37.531 8 INFO placement.requestlog [req-4f241be4-fc28-496e-9f08-d3756cfc2770 req-984457b4-26e1-4961-aa7e-c0b94827ea9b c1ed4b9b839b475f9d6eb1a0cc3fc459 690ab4b69df54fe9919eb7402fd7e5fb - - 676096f7a97f4034b277d9157cc7cfb1 676096f7a97f4034b277d9157cc7cfb1] 199.19.213.181 "GET /resource_providers/148c1e3b-a1c5-4491-99d8-4bcdb8bff070/allocations" status: 200 len: 54 microversion: 1.0 [pid: 8|app: 0|req: 510/1023] 199.19.213.181 () {32 vars in 857 bytes} [Fri Jul 17 14:02:37 2026] GET /resource_providers/148c1e3b-a1c5-4491-99d8-4bcdb8bff070/allocations => generated 54 bytes in 27 msecs (HTTP/1.1 200) 6 headers in 223 bytes (1 switches on core 0)
2026-07-17 14:02:37.560 7 INFO placement.requestlog [req-4f241be4-fc28-496e-9f08-d3756cfc2770 req-cc933e5c-a8ce-43fd-99d1-5410cfd126c0 c1ed4b9b839b475f9d6eb1a0cc3fc459 690ab4b69df54fe9919eb7402fd7e5fb - - 676096f7a97f4034b277d9157cc7cfb1 676096f7a97f4034b277d9157cc7cfb1] 199.19.213.181 "GET /resource_providers/148c1e3b-a1c5-4491-99d8-4bcdb8bff070/allocations" status: 200 len: 54 microversion: 1.0 [pid: 7|app: 0|req: 514/1024] 199.19.213.181 () {32 vars in 857 bytes} [Fri Jul 17 14:02:37 2026] GET /resource_providers/148c1e3b-a1c5-4491-99d8-4bcdb8bff070/allocations => generated 54 bytes in 22 msecs (HTTP/1.1 200) 6 headers in 223 bytes (1 switches on core 0)
2026-07-17 14:02:37.591 8 INFO placement.requestlog [None req-9dfb435c-8c13-43e7-a540-d04a1e8df435 c82cd7c8d68b4e71b61baccf9069dc0e 690ab4b69df54fe9919eb7402fd7e5fb - - 676096f7a97f4034b277d9157cc7cfb1 676096f7a97f4034b277d9157cc7cfb1] 10.0.0.60 "GET /resource_providers/b4fcb69c-8def-4d94-98db-d30ca44cee74/aggregates" status: 404 len: 235 microversion: 1.1 [pid: 8|app: 0|req: 511/1025] 10.0.0.60 () {32 vars in 815 bytes} [Fri Jul 17 14:02:37 2026] GET /resource_providers/b4fcb69c-8def-4d94-98db-d30ca44cee74/aggregates => generated 235 bytes in 11 msecs (HTTP/1.1 404) 5 headers in 202 bytes (1 switches on core 0)
2026-07-17 14:02:37.595 7 INFO placement.requestlog [None req-cd4a62a2-4ebf-464b-9a04-a8989cf28022 c82cd7c8d68b4e71b61baccf9069dc0e 690ab4b69df54fe9919eb7402fd7e5fb - - 676096f7a97f4034b277d9157cc7cfb1 676096f7a97f4034b277d9157cc7cfb1] 10.0.0.60 "GET /resource_providers/b4fcb69c-8def-4d94-98db-d30ca44cee74/aggregates" status: 404 len: 235 microversion: 1.1 [pid: 7|app: 0|req: 515/1026] 10.0.0.60 () {32 vars in 815 bytes} [Fri Jul 17 14:02:37 2026] GET /resource_providers/b4fcb69c-8def-4d94-98db-d30ca44cee74/aggregates => generated 235 bytes in 10 msecs (HTTP/1.1 404) 5 headers in 202 bytes (1 switches on core 0)
2026-07-17 14:02:37.616 8 INFO placement.requestlog [None req-b62e13bb-9aa2-4d56-b58f-23c655a8ec7a c82cd7c8d68b4e71b61baccf9069dc0e 690ab4b69df54fe9919eb7402fd7e5fb - - 676096f7a97f4034b277d9157cc7cfb1 676096f7a97f4034b277d9157cc7cfb1] 10.0.0.60 "DELETE /resource_providers/b4fcb69c-8def-4d94-98db-d30ca44cee74" status: 404 len: 246 microversion: 1.1 [pid: 8|app: 0|req: 512/1027] 10.0.0.60 () {34 vars in 815 bytes} [Fri Jul 17 14:02:37 2026] DELETE /resource_providers/b4fcb69c-8def-4d94-98db-d30ca44cee74 => generated 246 bytes in 11 msecs (HTTP/1.1 404) 6 headers in 231 bytes (1 switches on core 0)
2026-07-17 14:02:37.621 7 INFO placement.requestlog [None req-97d310f8-e929-4256-b7a2-d3a6fa1ca39e c82cd7c8d68b4e71b61baccf9069dc0e 690ab4b69df54fe9919eb7402fd7e5fb - - 676096f7a97f4034b277d9157cc7cfb1 676096f7a97f4034b277d9157cc7cfb1] 10.0.0.60 "DELETE /resource_providers/b4fcb69c-8def-4d94-98db-d30ca44cee74" status: 404 len: 246 microversion: 1.1 [pid: 7|app: 0|req: 516/1028] 10.0.0.60 () {34 vars in 815 bytes} [Fri Jul 17 14:02:37 2026] DELETE /resource_providers/b4fcb69c-8def-4d94-98db-d30ca44cee74 => generated 246 bytes in 12 msecs (HTTP/1.1 404) 6 headers in 231 bytes (1 switches on core 0)
2026-07-17 14:02:39.724 8 INFO placement.requestlog [None req-8f464230-a7a7-437d-ae10-02d579728871 c82cd7c8d68b4e71b61baccf9069dc0e 690ab4b69df54fe9919eb7402fd7e5fb - - 676096f7a97f4034b277d9157cc7cfb1 676096f7a97f4034b277d9157cc7cfb1] 10.0.0.60 "GET /resource_providers/c39dcacc-6d79-44e8-8e42-63308944483c/aggregates" status: 404 len: 235 microversion: 1.1
2026-07-17 14:02:39.724 7 INFO placement.requestlog [None req-c5ca5cf4-710f-4166-ad8f-5f817271a879 c82cd7c8d68b4e71b61baccf9069dc0e 690ab4b69df54fe9919eb7402fd7e5fb - - 676096f7a97f4034b277d9157cc7cfb1 676096f7a97f4034b277d9157cc7cfb1] 10.0.0.60 "GET /resource_providers/c39dcacc-6d79-44e8-8e42-63308944483c/aggregates" status: 404 len: 235 microversion: 1.1 [pid: 7|app: 0|req: 517/1030] 10.0.0.60 () {32 vars in 815 bytes} [Fri Jul 17 14:02:39 2026] GET /resource_providers/c39dcacc-6d79-44e8-8e42-63308944483c/aggregates => generated 235 bytes in 13 msecs (HTTP/1.1 404) 5 headers in 202 bytes (1 switches on core 0) [pid: 8|app: 0|req: 513/1030] 10.0.0.60 () {32 vars in 815 bytes} [Fri Jul 17 14:02:39 2026] GET /resource_providers/c39dcacc-6d79-44e8-8e42-63308944483c/aggregates => generated 235 bytes in 13 msecs (HTTP/1.1 404) 5 headers in 202 bytes (1 switches on core 0)
2026-07-17 14:02:39.755 7 INFO placement.requestlog [None req-63990d16-6705-4037-a9a8-9fd361ca3b40 c82cd7c8d68b4e71b61baccf9069dc0e 690ab4b69df54fe9919eb7402fd7e5fb - - 676096f7a97f4034b277d9157cc7cfb1 676096f7a97f4034b277d9157cc7cfb1] 10.0.0.60 "DELETE /resource_providers/c39dcacc-6d79-44e8-8e42-63308944483c" status: 404 len: 246 microversion: 1.1 [pid: 7|app: 0|req: 518/1031] 10.0.0.60 () {34 vars in 815 bytes} [Fri Jul 17 14:02:39 2026] DELETE /resource_providers/c39dcacc-6d79-44e8-8e42-63308944483c => generated 246 bytes in 11 msecs (HTTP/1.1 404) 6 headers in 231 bytes (1 switches on core 0)
2026-07-17 14:02:39.759 8 INFO placement.requestlog [None req-939103cd-93fc-4b0d-b966-6fd4ab3099b6 c82cd7c8d68b4e71b61baccf9069dc0e 690ab4b69df54fe9919eb7402fd7e5fb - - 676096f7a97f4034b277d9157cc7cfb1 676096f7a97f4034b277d9157cc7cfb1] 10.0.0.60 "DELETE /resource_providers/c39dcacc-6d79-44e8-8e42-63308944483c" status: 404 len: 246 microversion: 1.1 [pid: 8|app: 0|req: 514/1032] 10.0.0.60 () {34 vars in 815 bytes} [Fri Jul 17 14:02:39 2026] DELETE /resource_providers/c39dcacc-6d79-44e8-8e42-63308944483c => generated 246 bytes in 13 msecs (HTTP/1.1 404) 6 headers in 231 bytes (1 switches on core 0)
2026-07-17 14:02:41.305 7 INFO placement.requestlog [req-90f12825-5f20-4766-80f4-7ab9ecb0c39d req-91726826-739c-4b8e-8fc6-957a533a88a2 c1ed4b9b839b475f9d6eb1a0cc3fc459 690ab4b69df54fe9919eb7402fd7e5fb - - 676096f7a97f4034b277d9157cc7cfb1 676096f7a97f4034b277d9157cc7cfb1] 10.0.0.232 "GET /allocation_candidates?limit=1000&resources=DISK_GB%3A1%2CMEMORY_MB%3A512%2CVCPU%3A1&root_required=%21COMPUTE_STATUS_DISABLED" status: 200 len: 2640 microversion: 1.36 [pid: 7|app: 0|req: 519/1033] 10.0.0.232 () {34 vars in 1012 bytes} [Fri Jul 17 14:02:41 2026] GET /allocation_candidates?limit=1000&resources=DISK_GB%3A1%2CMEMORY_MB%3A512%2CVCPU%3A1&root_required=%21COMPUTE_STATUS_DISABLED => generated 2640 bytes in 38 msecs (HTTP/1.1 200) 8 headers in 297 bytes (1 switches on core 0)
2026-07-17 14:02:41.341 8 INFO placement.requestlog [req-90f12825-5f20-4766-80f4-7ab9ecb0c39d req-b63a38ef-18b5-4707-ab1d-a8d96d68e900 c1ed4b9b839b475f9d6eb1a0cc3fc459 690ab4b69df54fe9919eb7402fd7e5fb - - 676096f7a97f4034b277d9157cc7cfb1 676096f7a97f4034b277d9157cc7cfb1] 10.0.0.232 "GET /allocations/be6c2ea7-ee7b-4f8f-b795-5d69604c53a5" status: 200 len: 19 microversion: 1.28 [pid: 8|app: 0|req: 515/1034] 10.0.0.232 () {34 vars in 861 bytes} [Fri Jul 17 14:02:41 2026] GET /allocations/be6c2ea7-ee7b-4f8f-b795-5d69604c53a5 => generated 19 bytes in 15 msecs (HTTP/1.1 200) 8 headers in 295 bytes (1 switches on core 0)
2026-07-17 14:02:41.413 7 INFO placement.requestlog [req-90f12825-5f20-4766-80f4-7ab9ecb0c39d req-38765752-35ea-40b7-a720-77a9e3cca21b c1ed4b9b839b475f9d6eb1a0cc3fc459 690ab4b69df54fe9919eb7402fd7e5fb - - 676096f7a97f4034b277d9157cc7cfb1 676096f7a97f4034b277d9157cc7cfb1] 10.0.0.232 "PUT /allocations/be6c2ea7-ee7b-4f8f-b795-5d69604c53a5" status: 204 len: 0 microversion: 1.36 [pid: 7|app: 0|req: 520/1035] 10.0.0.232 () {38 vars in 914 bytes} [Fri Jul 17 14:02:41 2026] PUT /allocations/be6c2ea7-ee7b-4f8f-b795-5d69604c53a5 => generated 0 bytes in 61 msecs (HTTP/1.1 204) 5 headers in 199 bytes (1 switches on core 0)
2026-07-17 14:02:42.094 8 INFO placement.requestlog [None req-ab2b0e9f-e124-4037-96c5-01674177a6b0 c82cd7c8d68b4e71b61baccf9069dc0e 690ab4b69df54fe9919eb7402fd7e5fb - - 676096f7a97f4034b277d9157cc7cfb1 676096f7a97f4034b277d9157cc7cfb1] 10.0.0.60 "GET /resource_providers/ccea2751-2047-43eb-810f-762a96eb2c3d/aggregates" status: 404 len: 235 microversion: 1.1 [pid: 8|app: 0|req: 516/1036] 10.0.0.60 () {32 vars in 815 bytes} [Fri Jul 17 14:02:42 2026] GET /resource_providers/ccea2751-2047-43eb-810f-762a96eb2c3d/aggregates => generated 235 bytes in 12 msecs (HTTP/1.1 404) 5 headers in 202 bytes (1 switches on core 0)
2026-07-17 14:02:42.097 7 INFO placement.requestlog [None req-2f8a86d0-d2e5-4723-92d9-dd16a47ebb4d c82cd7c8d68b4e71b61baccf9069dc0e 690ab4b69df54fe9919eb7402fd7e5fb - - 676096f7a97f4034b277d9157cc7cfb1 676096f7a97f4034b277d9157cc7cfb1] 10.0.0.60 "GET /resource_providers/ccea2751-2047-43eb-810f-762a96eb2c3d/aggregates" status: 404 len: 235 microversion: 1.1 [pid: 7|app: 0|req: 521/1037] 10.0.0.60 () {32 vars in 815 bytes} [Fri Jul 17 14:02:42 2026] GET /resource_providers/ccea2751-2047-43eb-810f-762a96eb2c3d/aggregates => generated 235 bytes in 14 msecs (HTTP/1.1 404) 5 headers in 202 bytes (1 switches on core 0)
2026-07-17 14:02:42.124 8 INFO placement.requestlog [None req-9cfdc92a-cd64-4f58-acf3-edf0a6c9f5b3 c82cd7c8d68b4e71b61baccf9069dc0e 690ab4b69df54fe9919eb7402fd7e5fb - - 676096f7a97f4034b277d9157cc7cfb1 676096f7a97f4034b277d9157cc7cfb1] 10.0.0.60 "DELETE /resource_providers/ccea2751-2047-43eb-810f-762a96eb2c3d" status: 404 len: 246 microversion: 1.1 [pid: 8|app: 0|req: 517/1038] 10.0.0.60 () {34 vars in 815 bytes} [Fri Jul 17 14:02:42 2026] DELETE /resource_providers/ccea2751-2047-43eb-810f-762a96eb2c3d => generated 246 bytes in 19 msecs (HTTP/1.1 404) 6 headers in 231 bytes (1 switches on core 0)
2026-07-17 14:02:42.128 7 INFO placement.requestlog [None req-71e2a57a-56f4-45b1-8888-f3d09266dcee c82cd7c8d68b4e71b61baccf9069dc0e 690ab4b69df54fe9919eb7402fd7e5fb - - 676096f7a97f4034b277d9157cc7cfb1 676096f7a97f4034b277d9157cc7cfb1] 10.0.0.60 "DELETE /resource_providers/ccea2751-2047-43eb-810f-762a96eb2c3d" status: 404 len: 246 microversion: 1.1 [pid: 7|app: 0|req: 522/1039] 10.0.0.60 () {34 vars in 815 bytes} [Fri Jul 17 14:02:42 2026] DELETE /resource_providers/ccea2751-2047-43eb-810f-762a96eb2c3d => generated 246 bytes in 11 msecs (HTTP/1.1 404) 6 headers in 231 bytes (1 switches on core 0)
2026-07-17 14:02:42.272 8 INFO placement.requestlog [None req-f954369d-a807-40d9-a3be-14fd7ac59228 c82cd7c8d68b4e71b61baccf9069dc0e 690ab4b69df54fe9919eb7402fd7e5fb - - 676096f7a97f4034b277d9157cc7cfb1 676096f7a97f4034b277d9157cc7cfb1] 10.0.0.60 "GET /resource_providers/10d810a6-2489-46c6-8287-34d25a232a59/aggregates" status: 404 len: 235 microversion: 1.1 [pid: 8|app: 0|req: 518/1040] 10.0.0.60 () {32 vars in 815 bytes} [Fri Jul 17 14:02:42 2026] GET /resource_providers/10d810a6-2489-46c6-8287-34d25a232a59/aggregates => generated 235 bytes in 16 msecs (HTTP/1.1 404) 5 headers in 202 bytes (1 switches on core 0)
2026-07-17 14:02:42.277 7 INFO placement.requestlog [None req-0f0e70c9-1c06-475e-9377-68952ae2d4e0 c82cd7c8d68b4e71b61baccf9069dc0e 690ab4b69df54fe9919eb7402fd7e5fb - - 676096f7a97f4034b277d9157cc7cfb1 676096f7a97f4034b277d9157cc7cfb1] 10.0.0.60 "GET /resource_providers/10d810a6-2489-46c6-8287-34d25a232a59/aggregates" status: 404 len: 235 microversion: 1.1 [pid: 7|app: 0|req: 523/1041] 10.0.0.60 () {32 vars in 815 bytes} [Fri Jul 17 14:02:42 2026] GET /resource_providers/10d810a6-2489-46c6-8287-34d25a232a59/aggregates => generated 235 bytes in 10 msecs (HTTP/1.1 404) 5 headers in 202 bytes (1 switches on core 0)
2026-07-17 14:02:42.300 7 INFO placement.requestlog [None req-59567c6d-8baf-47b6-8db6-a5e3c69b57d3 c82cd7c8d68b4e71b61baccf9069dc0e 690ab4b69df54fe9919eb7402fd7e5fb - - 676096f7a97f4034b277d9157cc7cfb1 676096f7a97f4034b277d9157cc7cfb1] 10.0.0.60 "DELETE /resource_providers/10d810a6-2489-46c6-8287-34d25a232a59" status: 404 len: 246 microversion: 1.1 [pid: 7|app: 0|req: 524/1042] 10.0.0.60 () {34 vars in 815 bytes} [Fri Jul 17 14:02:42 2026] DELETE /resource_providers/10d810a6-2489-46c6-8287-34d25a232a59 => generated 246 bytes in 8 msecs (HTTP/1.1 404) 6 headers in 231 bytes (1 switches on core 0)
2026-07-17 14:02:42.309 8 INFO placement.requestlog [None req-48db20d2-de37-44fb-a632-04da5b0dc84f c82cd7c8d68b4e71b61baccf9069dc0e 690ab4b69df54fe9919eb7402fd7e5fb - - 676096f7a97f4034b277d9157cc7cfb1 676096f7a97f4034b277d9157cc7cfb1] 10.0.0.60 "DELETE /resource_providers/10d810a6-2489-46c6-8287-34d25a232a59" status: 404 len: 246 microversion: 1.1 [pid: 8|app: 0|req: 519/1043] 10.0.0.60 () {34 vars in 815 bytes} [Fri Jul 17 14:02:42 2026] DELETE /resource_providers/10d810a6-2489-46c6-8287-34d25a232a59 => generated 246 bytes in 19 msecs (HTTP/1.1 404) 6 headers in 231 bytes (1 switches on core 0)
2026-07-17 14:02:42.980 7 INFO placement.requestlog [req-90f12825-5f20-4766-80f4-7ab9ecb0c39d req-38051338-a750-46fb-bddd-4a5e8d261f44 c1ed4b9b839b475f9d6eb1a0cc3fc459 690ab4b69df54fe9919eb7402fd7e5fb - - 676096f7a97f4034b277d9157cc7cfb1 676096f7a97f4034b277d9157cc7cfb1] 199.19.213.181 "GET /allocations/be6c2ea7-ee7b-4f8f-b795-5d69604c53a5" status: 200 len: 258 microversion: 1.28 [pid: 7|app: 0|req: 525/1044] 199.19.213.181 () {34 vars in 863 bytes} [Fri Jul 17 14:02:42 2026] GET /allocations/be6c2ea7-ee7b-4f8f-b795-5d69604c53a5 => generated 258 bytes in 18 msecs (HTTP/1.1 200) 8 headers in 296 bytes (1 switches on core 0)
2026-07-17 14:02:44.023 8 INFO placement.requestlog [req-90f12825-5f20-4766-80f4-7ab9ecb0c39d req-c1abca97-3bcc-4c5e-bab9-957251aec399 c1ed4b9b839b475f9d6eb1a0cc3fc459 690ab4b69df54fe9919eb7402fd7e5fb - - 676096f7a97f4034b277d9157cc7cfb1 676096f7a97f4034b277d9157cc7cfb1] 199.19.213.181 "GET /resource_providers/148c1e3b-a1c5-4491-99d8-4bcdb8bff070/allocations" status: 200 len: 153 microversion: 1.0 [pid: 8|app: 0|req: 520/1045] 199.19.213.181 () {32 vars in 857 bytes} [Fri Jul 17 14:02:44 2026] GET /resource_providers/148c1e3b-a1c5-4491-99d8-4bcdb8bff070/allocations => generated 153 bytes in 14 msecs (HTTP/1.1 200) 6 headers in 224 bytes (1 switches on core 0)
2026-07-17 14:02:44.050 7 INFO placement.requestlog [req-90f12825-5f20-4766-80f4-7ab9ecb0c39d req-33561637-efa8-4a7d-b674-d920484b1be8 c1ed4b9b839b475f9d6eb1a0cc3fc459 690ab4b69df54fe9919eb7402fd7e5fb - - 676096f7a97f4034b277d9157cc7cfb1 676096f7a97f4034b277d9157cc7cfb1] 199.19.213.181 "GET /allocations/be6c2ea7-ee7b-4f8f-b795-5d69604c53a5" status: 200 len: 258 microversion: 1.28 [pid: 7|app: 0|req: 526/1046] 199.19.213.181 () {34 vars in 863 bytes} [Fri Jul 17 14:02:44 2026] GET /allocations/be6c2ea7-ee7b-4f8f-b795-5d69604c53a5 => generated 258 bytes in 20 msecs (HTTP/1.1 200) 8 headers in 296 bytes (1 switches on core 0)
2026-07-17 14:02:44.163 8 INFO placement.requestlog [None req-bb40c883-de38-4b78-87d9-8a9b29f5e9d4 c82cd7c8d68b4e71b61baccf9069dc0e 690ab4b69df54fe9919eb7402fd7e5fb - - 676096f7a97f4034b277d9157cc7cfb1 676096f7a97f4034b277d9157cc7cfb1] 10.0.0.60 "GET /resource_providers/ffc127b9-3352-4c6c-b393-1ac6e7ac5946/aggregates" status: 404 len: 235 microversion: 1.1 [pid: 8|app: 0|req: 521/1047] 10.0.0.60 () {32 vars in 815 bytes} [Fri Jul 17 14:02:44 2026] GET /resource_providers/ffc127b9-3352-4c6c-b393-1ac6e7ac5946/aggregates => generated 235 bytes in 21 msecs (HTTP/1.1 404) 5 headers in 202 bytes (1 switches on core 0)
2026-07-17 14:02:44.179 7 INFO placement.requestlog [None req-b4bc1901-93cd-4c54-b109-5cb47778621a c82cd7c8d68b4e71b61baccf9069dc0e 690ab4b69df54fe9919eb7402fd7e5fb - - 676096f7a97f4034b277d9157cc7cfb1 676096f7a97f4034b277d9157cc7cfb1] 10.0.0.60 "GET /resource_providers/ffc127b9-3352-4c6c-b393-1ac6e7ac5946/aggregates" status: 404 len: 235 microversion: 1.1 [pid: 7|app: 0|req: 527/1048] 10.0.0.60 () {32 vars in 815 bytes} [Fri Jul 17 14:02:44 2026] GET /resource_providers/ffc127b9-3352-4c6c-b393-1ac6e7ac5946/aggregates => generated 235 bytes in 36 msecs (HTTP/1.1 404) 5 headers in 202 bytes (1 switches on core 0)
2026-07-17 14:02:44.191 8 INFO placement.requestlog [None req-2f9f7b35-93de-41e8-9e95-c164ad962fa0 c82cd7c8d68b4e71b61baccf9069dc0e 690ab4b69df54fe9919eb7402fd7e5fb - - 676096f7a97f4034b277d9157cc7cfb1 676096f7a97f4034b277d9157cc7cfb1] 10.0.0.60 "DELETE /resource_providers/ffc127b9-3352-4c6c-b393-1ac6e7ac5946" status: 404 len: 246 microversion: 1.1 [pid: 8|app: 0|req: 522/1049] 10.0.0.60 () {34 vars in 815 bytes} [Fri Jul 17 14:02:44 2026] DELETE /resource_providers/ffc127b9-3352-4c6c-b393-1ac6e7ac5946 => generated 246 bytes in 20 msecs (HTTP/1.1 404) 6 headers in 231 bytes (1 switches on core 0)
2026-07-17 14:02:44.207 7 INFO placement.requestlog [None req-cd7f10e8-801e-4284-9366-01fa45444b54 c82cd7c8d68b4e71b61baccf9069dc0e 690ab4b69df54fe9919eb7402fd7e5fb - - 676096f7a97f4034b277d9157cc7cfb1 676096f7a97f4034b277d9157cc7cfb1] 10.0.0.60 "DELETE /resource_providers/ffc127b9-3352-4c6c-b393-1ac6e7ac5946" status: 404 len: 246 microversion: 1.1 [pid: 7|app: 0|req: 528/1050] 10.0.0.60 () {34 vars in 815 bytes} [Fri Jul 17 14:02:44 2026] DELETE /resource_providers/ffc127b9-3352-4c6c-b393-1ac6e7ac5946 => generated 246 bytes in 16 msecs (HTTP/1.1 404) 6 headers in 231 bytes (1 switches on core 0)
2026-07-17 14:02:44.213 8 INFO placement.requestlog [None req-24991704-deee-48e4-b608-a8e910de3673 c82cd7c8d68b4e71b61baccf9069dc0e 690ab4b69df54fe9919eb7402fd7e5fb - - 676096f7a97f4034b277d9157cc7cfb1 676096f7a97f4034b277d9157cc7cfb1] 10.0.0.60 "GET /resource_providers/77590476-ac74-49b6-827e-e325185a650e/aggregates" status: 404 len: 235 microversion: 1.1 [pid: 8|app: 0|req: 523/1051] 10.0.0.60 () {32 vars in 815 bytes} [Fri Jul 17 14:02:44 2026] GET /resource_providers/77590476-ac74-49b6-827e-e325185a650e/aggregates => generated 235 bytes in 15 msecs (HTTP/1.1 404) 5 headers in 202 bytes (1 switches on core 0)
2026-07-17 14:02:44.234 8 INFO placement.requestlog [None req-7fc92dc7-7cbf-40c9-8c52-06e0034fda1d c82cd7c8d68b4e71b61baccf9069dc0e 690ab4b69df54fe9919eb7402fd7e5fb - - 676096f7a97f4034b277d9157cc7cfb1 676096f7a97f4034b277d9157cc7cfb1] 10.0.0.60 "DELETE /resource_providers/77590476-ac74-49b6-827e-e325185a650e" status: 404 len: 246 microversion: 1.1 [pid: 8|app: 0|req: 524/1052] 10.0.0.60 () {34 vars in 815 bytes} [Fri Jul 17 14:02:44 2026] DELETE /resource_providers/77590476-ac74-49b6-827e-e325185a650e => generated 246 bytes in 11 msecs (HTTP/1.1 404) 6 headers in 231 bytes (1 switches on core 0)
2026-07-17 14:02:44.246 7 INFO placement.requestlog [None req-d88e1fc9-b2a3-4fa7-8a32-7b8115b76551 c82cd7c8d68b4e71b61baccf9069dc0e 690ab4b69df54fe9919eb7402fd7e5fb - - 676096f7a97f4034b277d9157cc7cfb1 676096f7a97f4034b277d9157cc7cfb1] 10.0.0.60 "GET /resource_providers/77590476-ac74-49b6-827e-e325185a650e/aggregates" status: 404 len: 235 microversion: 1.1 [pid: 7|app: 0|req: 529/1053] 10.0.0.60 () {32 vars in 815 bytes} [Fri Jul 17 14:02:44 2026] GET /resource_providers/77590476-ac74-49b6-827e-e325185a650e/aggregates => generated 235 bytes in 26 msecs (HTTP/1.1 404) 5 headers in 202 bytes (1 switches on core 0)
2026-07-17 14:02:44.263 8 INFO placement.requestlog [None req-48da90e9-e192-4bae-8c4b-5b7b77421c7e c82cd7c8d68b4e71b61baccf9069dc0e 690ab4b69df54fe9919eb7402fd7e5fb - - 676096f7a97f4034b277d9157cc7cfb1 676096f7a97f4034b277d9157cc7cfb1] 10.0.0.60 "DELETE /resource_providers/77590476-ac74-49b6-827e-e325185a650e" status: 404 len: 246 microversion: 1.1 [pid: 8|app: 0|req: 525/1054] 10.0.0.60 () {34 vars in 815 bytes} [Fri Jul 17 14:02:44 2026] DELETE /resource_providers/77590476-ac74-49b6-827e-e325185a650e => generated 246 bytes in 9 msecs (HTTP/1.1 404) 6 headers in 231 bytes (1 switches on core 0)
2026-07-17 14:02:44.333 7 INFO placement.requestlog [None req-8520e5b0-c8f5-45e4-8ba1-85beb7ea5b2a c82cd7c8d68b4e71b61baccf9069dc0e 690ab4b69df54fe9919eb7402fd7e5fb - - 676096f7a97f4034b277d9157cc7cfb1 676096f7a97f4034b277d9157cc7cfb1] 10.0.0.60 "GET /resource_providers/671e6af9-0f32-4412-909c-a7ba4d32aed7/aggregates" status: 404 len: 235 microversion: 1.1 [pid: 7|app: 0|req: 530/1055] 10.0.0.60 () {32 vars in 815 bytes} [Fri Jul 17 14:02:44 2026] GET /resource_providers/671e6af9-0f32-4412-909c-a7ba4d32aed7/aggregates => generated 235 bytes in 19 msecs (HTTP/1.1 404) 5 headers in 202 bytes (1 switches on core 0)
2026-07-17 14:02:44.339 8 INFO placement.requestlog [None req-b94d1b22-969a-451e-aace-f75d212e9488 c82cd7c8d68b4e71b61baccf9069dc0e 690ab4b69df54fe9919eb7402fd7e5fb - - 676096f7a97f4034b277d9157cc7cfb1 676096f7a97f4034b277d9157cc7cfb1] 10.0.0.60 "GET /resource_providers/671e6af9-0f32-4412-909c-a7ba4d32aed7/aggregates" status: 404 len: 235 microversion: 1.1 [pid: 8|app: 0|req: 526/1056] 10.0.0.60 () {32 vars in 815 bytes} [Fri Jul 17 14:02:44 2026] GET /resource_providers/671e6af9-0f32-4412-909c-a7ba4d32aed7/aggregates => generated 235 bytes in 16 msecs (HTTP/1.1 404) 5 headers in 202 bytes (1 switches on core 0)
